2026-03-06 23:00:21.784 7 INFO placement.requestlog [None req-2fa08aae-4fd2-442d-80a8-822dd08491cc 9d4e1685ace348409c5a0a9b64e17fbd 12ba9ce4a3fe4928869e4bc69d203edc - - default default] 10.0.0.84 "GET /resource_providers/a1ff10be-fdc7-42c1-8ea1-ecf8ea8223e0/usages" status: 200 len: 88 microversion: 1.0 [pid: 7|app: 0|req: 275/542] 10.0.0.84 () {28 vars in 680 bytes} [Fri Mar 6 23:00:21 2026] GET /resource_providers/a1ff10be-fdc7-42c1-8ea1-ecf8ea8223e0/usages => generated 88 bytes in 15 msecs (HTTP/1.1 200) 6 headers in 223 bytes (1 switches on core 0)
2026-03-06 23:00:28.317 7 INFO placement.requestlog [None req-2bdd6023-4750-4ba4-b4b4-0aa4b0937a98 - - - - - -] 10.0.0.159 "GET /" status: 200 len: 136 microversion: 1.0
2026-03-06 23:00:28.318 8 INFO placement.requestlog [None req-5ec1a3e5-41d7-4e1e-b2fe-36ae7b599d44 - - - - - -] 10.0.0.159 "GET /" status: 200 len: 136 microversion: 1.0
2026-03-06 23:00:38.318 7 INFO placement.requestlog [None req-60239e68-b6ef-44b4-8242-0401bc85e839 - - - - - -] 10.0.0.159 "GET /" status: 200 len: 136 microversion: 1.0
2026-03-06 23:00:38.318 8 INFO placement.requestlog [None req-1ef6a56d-4f72-49a1-8a50-07ce6df29610 - - - - - -] 10.0.0.159 "GET /" status: 200 len: 136 microversion: 1.0
2026-03-06 23:00:48.317 7 INFO placement.requestlog [None req-39685a93-3718-47f2-a2f4-100e4973c4bf - - - - - -] 10.0.0.159 "GET /" status: 200 len: 136 microversion: 1.0
2026-03-06 23:00:48.318 8 INFO placement.requestlog [None req-e514d34f-6e98-4341-b60e-9cedf6c5e04f - - - - - -] 10.0.0.159 "GET /" status: 200 len: 136 microversion: 1.0
2026-03-06 23:00:58.318 7 INFO placement.requestlog [None req-d0a19bf0-51b5-48c0-ad50-f04d180d40cd - - - - - -] 10.0.0.159 "GET /" status: 200 len: 136 microversion: 1.0
2026-03-06 23:00:58.318 8 INFO placement.requestlog [None req-72381442-9ba8-44ff-bca5-935cd0b7cae5 - - - - - -] 10.0.0.159 "GET /" status: 200 len: 136 microversion: 1.0
2026-03-06 23:01:08.318 7 INFO placement.requestlog [None req-7810df45-37b0-45c9-9d37-d0721b1c001a - - - - - -] 10.0.0.159 "GET /" status: 200 len: 136 microversion: 1.0
2026-03-06 23:01:08.319 8 INFO placement.requestlog [None req-ce128178-d379-4cdc-9c89-dd344132a143 - - - - - -] 10.0.0.159 "GET /" status: 200 len: 136 microversion: 1.0
2026-03-06 23:01:17.389 7 INFO placement.requestlog [req-cc23d440-a5e2-4963-991f-cb09074b77e9 req-231da330-4977-4fec-9e21-02b01b307f33 5b04faf204904d3d9d067845efda115e 41a0830e70e94eb79fc5fcbbee8afdb4 - - d9c0f2e043244ef2a65c69424f90f3d0 d9c0f2e043244ef2a65c69424f90f3d0] 162.253.55.74 "GET /resource_providers/a1ff10be-fdc7-42c1-8ea1-ecf8ea8223e0/allocations" status: 200 len: 54 microversion: 1.0 [pid: 7|app: 0|req: 281/553] 162.253.55.74 () {32 vars in 856 bytes} [Fri Mar 6 23:01:17 2026] GET /resource_providers/a1ff10be-fdc7-42c1-8ea1-ecf8ea8223e0/allocations => generated 54 bytes in 16 msecs (HTTP/1.1 200) 6 headers in 223 bytes (1 switches on core 0)
2026-03-06 23:01:17.417 8 INFO placement.requestlog [req-cc23d440-a5e2-4963-991f-cb09074b77e9 req-94933b86-d25f-4232-80c3-1dcfb32c7828 5b04faf204904d3d9d067845efda115e 41a0830e70e94eb79fc5fcbbee8afdb4 - - d9c0f2e043244ef2a65c69424f90f3d0 d9c0f2e043244ef2a65c69424f90f3d0] 162.253.55.74 "GET /resource_providers/a1ff10be-fdc7-42c1-8ea1-ecf8ea8223e0/allocations" status: 200 len: 54 microversion: 1.0 [pid: 8|app: 0|req: 273/554] 162.253.55.74 () {32 vars in 856 bytes} [Fri Mar 6 23:01:17 2026] GET /resource_providers/a1ff10be-fdc7-42c1-8ea1-ecf8ea8223e0/allocations => generated 54 bytes in 19 msecs (HTTP/1.1 200) 6 headers in 223 bytes (1 switches on core 0)
2026-03-06 23:01:18.319 8 INFO placement.requestlog [None req-b4b9d5a0-1401-40c2-81b1-191e2cdb6161 - - - - - -] 10.0.0.159 "GET /" status: 200 len: 136 microversion: 1.0
2026-03-06 23:01:18.321 7 INFO placement.requestlog [None req-676a05ec-cbc1-4572-aeb7-7e76af9af420 - - - - - -] 10.0.0.159 "GET /" status: 200 len: 136 microversion: 1.0
2026-03-06 23:01:21.776 8 INFO placement.requestlog [None req-f8d69bc9-5c99-4908-aac5-2640109dd101 9d4e1685ace348409c5a0a9b64e17fbd 12ba9ce4a3fe4928869e4bc69d203edc - - default default] 10.0.0.84 "GET /resource_providers" status: 200 len: 405 microversion: 1.0 [pid: 8|app: 0|req: 275/557] 10.0.0.84 () {28 vars in 592 bytes} [Fri Mar 6 23:01:21 2026] GET /resource_providers => generated 405 bytes in 98 msecs (HTTP/1.1 200) 6 headers in 224 bytes (1 switches on core 0)
2026-03-06 23:01:21.794 7 INFO placement.requestlog [None req-a0e4ca41-917a-4ec0-a4f2-eb8e4a9f12ef 9d4e1685ace348409c5a0a9b64e17fbd 12ba9ce4a3fe4928869e4bc69d203edc - - default default] 10.0.0.84 "GET /resource_providers/a1ff10be-fdc7-42c1-8ea1-ecf8ea8223e0/inventories" status: 200 len: 400 microversion: 1.0 [pid: 7|app: 0|req: 283/558] 10.0.0.84 () {28 vars in 690 bytes} [Fri Mar 6 23:01:21 2026] GET /resource_providers/a1ff10be-fdc7-42c1-8ea1-ecf8ea8223e0/inventories => generated 400 bytes in 14 msecs (HTTP/1.1 200) 6 headers in 224 bytes (1 switches on core 0)
2026-03-06 23:01:21.812 8 INFO placement.requestlog [None req-be304eb4-5797-4e7e-b970-94f73845446a 9d4e1685ace348409c5a0a9b64e17fbd 12ba9ce4a3fe4928869e4bc69d203edc - - default default] 10.0.0.84 "GET /resource_providers/a1ff10be-fdc7-42c1-8ea1-ecf8ea8223e0/usages" status: 200 len: 88 microversion: 1.0 [pid: 8|app: 0|req: 276/559] 10.0.0.84 () {28 vars in 680 bytes} [Fri Mar 6 23:01:21 2026] GET /resource_providers/a1ff10be-fdc7-42c1-8ea1-ecf8ea8223e0/usages => generated 88 bytes in 14 msecs (HTTP/1.1 200) 6 headers in 223 bytes (1 switches on core 0)
2026-03-06 23:01:28.318 7 INFO placement.requestlog [None req-73875985-02bd-47dc-9624-0c44c0832c5f - - - - - -] 10.0.0.159 "GET /" status: 200 len: 136 microversion: 1.0
2026-03-06 23:01:28.319 8 INFO placement.requestlog [None req-7393737b-2513-4bb6-a602-64123fe919c2 - - - - - -] 10.0.0.159 "GET /" status: 200 len: 136 microversion: 1.0
2026-03-06 23:01:38.318 7 INFO placement.requestlog [None req-f22b81d6-f9b9-4928-b5a7-708eac50cf85 - - - - - -] 10.0.0.159 "GET /" status: 200 len: 136 microversion: 1.0
2026-03-06 23:01:38.318 8 INFO placement.requestlog [None req-17938609-4a89-44b4-b463-94083e6fa6ad - - - - - -] 10.0.0.159 "GET /" status: 200 len: 136 microversion: 1.0
2026-03-06 23:01:48.318 8 INFO placement.requestlog [None req-6df72e0a-0db8-4563-a6b2-6982441f446b - - - - - -] 10.0.0.159 "GET /" status: 200 len: 136 microversion: 1.0
2026-03-06 23:01:48.318 7 INFO placement.requestlog [None req-16652fca-62bc-4153-af7f-4190d07493e4 - - - - - -] 10.0.0.159 "GET /" status: 200 len: 136 microversion: 1.0
2026-03-06 23:01:58.318 8 INFO placement.requestlog [None req-3d498f39-b52e-49d8-a4a8-f5aa6ba79d61 - - - - - -] 10.0.0.159 "GET /" status: 200 len: 136 microversion: 1.0
2026-03-06 23:01:58.318 7 INFO placement.requestlog [None req-300a3d93-fdca-44ca-b373-cdeab67de78c - - - - - -] 10.0.0.159 "GET /" status: 200 len: 136 microversion: 1.0
2026-03-06 23:02:08.318 7 INFO placement.requestlog [None req-4a912d27-1825-4442-bfaf-95330d3b0c29 - - - - - -] 10.0.0.159 "GET /" status: 200 len: 136 microversion: 1.0
2026-03-06 23:02:08.319 8 INFO placement.requestlog [None req-3d2326c7-5103-4731-a8f6-d44948dc5edd - - - - - -] 10.0.0.159 "GET /" status: 200 len: 136 microversion: 1.0
2026-03-06 23:02:17.348 7 INFO placement.requestlog [req-f20fc5ef-a48e-4e57-b019-9677228962e5 req-49b5c5c8-5a39-4d39-a3c3-0345d97b0670 5b04faf204904d3d9d067845efda115e 41a0830e70e94eb79fc5fcbbee8afdb4 - - d9c0f2e043244ef2a65c69424f90f3d0 d9c0f2e043244ef2a65c69424f90f3d0] 162.253.55.74 "GET /resource_providers/a1ff10be-fdc7-42c1-8ea1-ecf8ea8223e0/allocations" status: 200 len: 54 microversion: 1.0 [pid: 7|app: 0|req: 289/570] 162.253.55.74 () {32 vars in 856 bytes} [Fri Mar 6 23:02:17 2026] GET /resource_providers/a1ff10be-fdc7-42c1-8ea1-ecf8ea8223e0/allocations => generated 54 bytes in 15 msecs (HTTP/1.1 200) 6 headers in 223 bytes (1 switches on core 0)
2026-03-06 23:02:17.372 8 INFO placement.requestlog [req-f20fc5ef-a48e-4e57-b019-9677228962e5 req-0ec87427-79da-4c75-8ab3-6b6eb23e6a9a 5b04faf204904d3d9d067845efda115e 41a0830e70e94eb79fc5fcbbee8afdb4 - - d9c0f2e043244ef2a65c69424f90f3d0 d9c0f2e043244ef2a65c69424f90f3d0] 162.253.55.74 "GET /resource_providers/a1ff10be-fdc7-42c1-8ea1-ecf8ea8223e0/allocations" status: 200 len: 54 microversion: 1.0 [pid: 8|app: 0|req: 282/571] 162.253.55.74 () {32 vars in 856 bytes} [Fri Mar 6 23:02:17 2026] GET /resource_providers/a1ff10be-fdc7-42c1-8ea1-ecf8ea8223e0/allocations => generated 54 bytes in 17 msecs (HTTP/1.1 200) 6 headers in 223 bytes (1 switches on core 0)
2026-03-06 23:02:18.317 7 INFO placement.requestlog [None req-7d5f1a16-64a5-42c8-909e-4f8c3fbe6a68 - - - - - -] 10.0.0.159 "GET /" status: 200 len: 136 microversion: 1.0
2026-03-06 23:02:18.318 8 INFO placement.requestlog [None req-18ddc479-c58c-41b7-bf5b-d613c74e5ec2 - - - - - -] 10.0.0.159 "GET /" status: 200 len: 136 microversion: 1.0
2026-03-06 23:02:21.850 7 INFO placement.requestlog [None req-b6c96048-8353-4bcd-8cda-8b92206b08fe 9d4e1685ace348409c5a0a9b64e17fbd 12ba9ce4a3fe4928869e4bc69d203edc - - default default] 10.0.0.84 "GET /resource_providers" status: 200 len: 405 microversion: 1.0 [pid: 7|app: 0|req: 291/574] 10.0.0.84 () {28 vars in 592 bytes} [Fri Mar 6 23:02:21 2026] GET /resource_providers => generated 405 bytes in 171 msecs (HTTP/1.1 200) 6 headers in 224 bytes (1 switches on core 0)
2026-03-06 23:02:21.891 8 INFO placement.requestlog [None req-3510b144-eee5-4830-8404-c05a2472496b 9d4e1685ace348409c5a0a9b64e17fbd 12ba9ce4a3fe4928869e4bc69d203edc - - default default] 10.0.0.84 "GET /resource_providers/a1ff10be-fdc7-42c1-8ea1-ecf8ea8223e0/inventories" status: 200 len: 400 microversion: 1.0 [pid: 8|app: 0|req: 284/575] 10.0.0.84 () {28 vars in 690 bytes} [Fri Mar 6 23:02:21 2026] GET /resource_providers/a1ff10be-fdc7-42c1-8ea1-ecf8ea8223e0/inventories => generated 400 bytes in 36 msecs (HTTP/1.1 200) 6 headers in 224 bytes (1 switches on core 0)
2026-03-06 23:02:21.911 7 INFO placement.requestlog [None req-230ea950-399d-4693-a9f4-1f1991e9dc6e 9d4e1685ace348409c5a0a9b64e17fbd 12ba9ce4a3fe4928869e4bc69d203edc - - default default] 10.0.0.84 "GET /resource_providers/a1ff10be-fdc7-42c1-8ea1-ecf8ea8223e0/usages" status: 200 len: 88 microversion: 1.0 [pid: 7|app: 0|req: 292/576] 10.0.0.84 () {28 vars in 680 bytes} [Fri Mar 6 23:02:21 2026] GET /resource_providers/a1ff10be-fdc7-42c1-8ea1-ecf8ea8223e0/usages => generated 88 bytes in 16 msecs (HTTP/1.1 200) 6 headers in 223 bytes (1 switches on core 0)
2026-03-06 23:02:28.318 8 INFO placement.requestlog [None req-207ddee2-266e-489f-8849-98a35b4be809 - - - - - -] 10.0.0.159 "GET /" status: 200 len: 136 microversion: 1.0
2026-03-06 23:02:28.318 7 INFO placement.requestlog [None req-590a4ba2-9e05-41f6-992b-e31cf474589e - - - - - -] 10.0.0.159 "GET /" status: 200 len: 136 microversion: 1.0
2026-03-06 23:02:38.318 8 INFO placement.requestlog [None req-423f6ba9-ebd4-4a92-828d-e5a3c87ed717 - - - - - -] 10.0.0.159 "GET /" status: 200 len: 136 microversion: 1.0
2026-03-06 23:02:38.318 7 INFO placement.requestlog [None req-1dad632d-c759-4154-ad55-4377e08932cf - - - - - -] 10.0.0.159 "GET /" status: 200 len: 136 microversion: 1.0
2026-03-06 23:02:48.318 8 INFO placement.requestlog [None req-2e2d445b-d511-482f-8608-3fc43db95133 - - - - - -] 10.0.0.159 "GET /" status: 200 len: 136 microversion: 1.0
2026-03-06 23:02:48.318 7 INFO placement.requestlog [None req-8656dae2-d2bc-40b4-b65b-09a55959ac7f - - - - - -] 10.0.0.159 "GET /" status: 200 len: 136 microversion: 1.0
2026-03-06 23:02:58.318 8 INFO placement.requestlog [None req-ab6be2f9-3721-453f-b933-3d2ee0c19e47 - - - - - -] 10.0.0.159 "GET /" status: 200 len: 136 microversion: 1.0
2026-03-06 23:02:58.318 7 INFO placement.requestlog [None req-72f0a60d-5b53-4a41-963f-5e2f60f6479b - - - - - -] 10.0.0.159 "GET /" status: 200 len: 136 microversion: 1.0
2026-03-06 23:03:08.319 7 INFO placement.requestlog [None req-6d796f6c-2c5b-4633-8315-80840d26eba6 - - - - - -] 10.0.0.159 "GET /" status: 200 len: 136 microversion: 1.0
2026-03-06 23:03:08.319 8 INFO placement.requestlog [None req-782ee2b0-c536-4520-8207-3f7199de4dbb - - - - - -] 10.0.0.159 "GET /" status: 200 len: 136 microversion: 1.0
2026-03-06 23:03:18.294 7 INFO placement.requestlog [req-beb34ba6-c420-4f38-bc99-3defadf5a6ac req-6203902f-c92f-4a6a-b0fa-f91f56257ecc 5b04faf204904d3d9d067845efda115e 41a0830e70e94eb79fc5fcbbee8afdb4 - - d9c0f2e043244ef2a65c69424f90f3d0 d9c0f2e043244ef2a65c69424f90f3d0] 162.253.55.74 "GET /resource_providers/a1ff10be-fdc7-42c1-8ea1-ecf8ea8223e0/allocations" status: 200 len: 54 microversion: 1.0 [pid: 7|app: 0|req: 298/587] 162.253.55.74 () {32 vars in 856 bytes} [Fri Mar 6 23:03:18 2026] GET /resource_providers/a1ff10be-fdc7-42c1-8ea1-ecf8ea8223e0/allocations => generated 54 bytes in 13 msecs (HTTP/1.1 200) 6 headers in 223 bytes (1 switches on core 0)
2026-03-06 23:03:18.317 7 INFO placement.requestlog [None req-8e4da500-0608-41c8-86db-b290661f8e56 - - - - - -] 10.0.0.159 "GET /" status: 200 len: 136 microversion: 1.0
2026-03-06 23:03:18.318 7 INFO placement.requestlog [None req-ba2aaa87-a154-47a4-9060-2cb48a2b69a1 - - - - - -] 10.0.0.159 "GET /" status: 200 len: 136 microversion: 1.0
2026-03-06 23:03:18.321 8 INFO placement.requestlog [req-beb34ba6-c420-4f38-bc99-3defadf5a6ac req-6977d6d8-9668-43fe-a01d-5d9273392fdb 5b04faf204904d3d9d067845efda115e 41a0830e70e94eb79fc5fcbbee8afdb4 - - d9c0f2e043244ef2a65c69424f90f3d0 d9c0f2e043244ef2a65c69424f90f3d0] 162.253.55.74 "GET /resource_providers/a1ff10be-fdc7-42c1-8ea1-ecf8ea8223e0/allocations" status: 200 len: 54 microversion: 1.0 [pid: 8|app: 0|req: 290/590] 162.253.55.74 () {32 vars in 856 bytes} [Fri Mar 6 23:03:18 2026] GET /resource_providers/a1ff10be-fdc7-42c1-8ea1-ecf8ea8223e0/allocations => generated 54 bytes in 18 msecs (HTTP/1.1 200) 6 headers in 223 bytes (1 switches on core 0)
2026-03-06 23:03:21.655 7 INFO placement.requestlog [None req-6a8bdbdf-7792-474f-b781-4199a20a7997 9d4e1685ace348409c5a0a9b64e17fbd 12ba9ce4a3fe4928869e4bc69d203edc - - default default] 10.0.0.84 "GET /resource_providers" status: 200 len: 405 microversion: 1.0 [pid: 7|app: 0|req: 301/591] 10.0.0.84 () {28 vars in 592 bytes} [Fri Mar 6 23:03:21 2026] GET /resource_providers => generated 405 bytes in 59 msecs (HTTP/1.1 200) 6 headers in 224 bytes (1 switches on core 0)
2026-03-06 23:03:21.684 8 INFO placement.requestlog [None req-ef8212c2-f426-4e46-99da-8e0e65ed01ea 9d4e1685ace348409c5a0a9b64e17fbd 12ba9ce4a3fe4928869e4bc69d203edc - - default default] 10.0.0.84 "GET /resource_providers/a1ff10be-fdc7-42c1-8ea1-ecf8ea8223e0/inventories" status: 200 len: 400 microversion: 1.0 [pid: 8|app: 0|req: 291/592] 10.0.0.84 () {28 vars in 690 bytes} [Fri Mar 6 23:03:21 2026] GET /resource_providers/a1ff10be-fdc7-42c1-8ea1-ecf8ea8223e0/inventories => generated 400 bytes in 24 msecs (HTTP/1.1 200) 6 headers in 224 bytes (1 switches on core 0)
2026-03-06 23:03:21.707 7 INFO placement.requestlog [None req-2ad6e7c6-6df8-4fd0-8743-293a1d80264f 9d4e1685ace348409c5a0a9b64e17fbd 12ba9ce4a3fe4928869e4bc69d203edc - - default default] 10.0.0.84 "GET /resource_providers/a1ff10be-fdc7-42c1-8ea1-ecf8ea8223e0/usages" status: 200 len: 88 microversion: 1.0 [pid: 7|app: 0|req: 302/593] 10.0.0.84 () {28 vars in 680 bytes} [Fri Mar 6 23:03:21 2026] GET /resource_providers/a1ff10be-fdc7-42c1-8ea1-ecf8ea8223e0/usages => generated 88 bytes in 16 msecs (HTTP/1.1 200) 6 headers in 223 bytes (1 switches on core 0)
2026-03-06 23:03:28.318 7 INFO placement.requestlog [None req-060c88cf-406e-4418-ac77-8e60b5d83436 - - - - - -] 10.0.0.159 "GET /" status: 200 len: 136 microversion: 1.0
2026-03-06 23:03:28.318 8 INFO placement.requestlog [None req-5c531811-9696-4f2a-9349-1bf6e57c3f50 - - - - - -] 10.0.0.159 "GET /" status: 200 len: 136 microversion: 1.0
2026-03-06 23:03:38.318 7 INFO placement.requestlog [None req-0a68db23-6ea3-4cad-a6a0-409f87bd1fad - - - - - -] 10.0.0.159 "GET /" status: 200 len: 136 microversion: 1.0
2026-03-06 23:03:38.318 8 INFO placement.requestlog [None req-0aa29a88-6c32-478f-a8dd-a0248a6a09b5 - - - - - -] 10.0.0.159 "GET /" status: 200 len: 136 microversion: 1.0
2026-03-06 23:03:48.317 8 INFO placement.requestlog [None req-965f7638-bd7c-4714-88fa-8225cecf6257 - - - - - -] 10.0.0.159 "GET /" status: 200 len: 136 microversion: 1.0
2026-03-06 23:03:48.318 7 INFO placement.requestlog [None req-f4bbd7f3-bf3a-4426-8a9d-a6427279d2d6 - - - - - -] 10.0.0.159 "GET /" status: 200 len: 136 microversion: 1.0
2026-03-06 23:03:58.317 8 INFO placement.requestlog [None req-e4fe9feb-ae7b-4930-bf73-fa2c92a25114 - - - - - -] 10.0.0.159 "GET /" status: 200 len: 136 microversion: 1.0
2026-03-06 23:03:58.317 7 INFO placement.requestlog [None req-0dde4a6d-bbb9-48ae-943d-f2eb6ee7cc0b - - - - - -] 10.0.0.159 "GET /" status: 200 len: 136 microversion: 1.0
2026-03-06 23:04:08.318 8 INFO placement.requestlog [None req-cde6c456-a5c8-465e-9eef-045d4f47c18d - - - - - -] 10.0.0.159 "GET /" status: 200 len: 136 microversion: 1.0
2026-03-06 23:04:08.318 7 INFO placement.requestlog [None req-6b880cef-29ea-448a-8255-8b0544669781 - - - - - -] 10.0.0.159 "GET /" status: 200 len: 136 microversion: 1.0
2026-03-06 23:04:18.317 8 INFO placement.requestlog [None req-afb3727e-3c2d-4afe-8a04-5d0a17066673 - - - - - -] 10.0.0.159 "GET /" status: 200 len: 136 microversion: 1.0
2026-03-06 23:04:18.317 7 INFO placement.requestlog [None req-6a3f81e3-70a9-4709-9f8c-cc61cde89bcd - - - - - -] 10.0.0.159 "GET /" status: 200 len: 136 microversion: 1.0
2026-03-06 23:04:19.351 7 INFO placement.requestlog [req-04df4737-ddba-47ad-96b8-cb6e5e57c0f6 req-2c8a8ef2-19d4-4e5b-923b-2208a5e52ce3 5b04faf204904d3d9d067845efda115e 41a0830e70e94eb79fc5fcbbee8afdb4 - - d9c0f2e043244ef2a65c69424f90f3d0 d9c0f2e043244ef2a65c69424f90f3d0] 162.253.55.74 "GET /resource_providers/a1ff10be-fdc7-42c1-8ea1-ecf8ea8223e0/allocations" status: 200 len: 54 microversion: 1.0 [pid: 7|app: 0|req: 309/606] 162.253.55.74 () {32 vars in 856 bytes} [Fri Mar 6 23:04:19 2026] GET /resource_providers/a1ff10be-fdc7-42c1-8ea1-ecf8ea8223e0/allocations => generated 54 bytes in 14 msecs (HTTP/1.1 200) 6 headers in 223 bytes (1 switches on core 0)
2026-03-06 23:04:19.377 8 INFO placement.requestlog [req-04df4737-ddba-47ad-96b8-cb6e5e57c0f6 req-42670b74-25ae-4b90-b05b-e268721f0f7d 5b04faf204904d3d9d067845efda115e 41a0830e70e94eb79fc5fcbbee8afdb4 - - d9c0f2e043244ef2a65c69424f90f3d0 d9c0f2e043244ef2a65c69424f90f3d0] 162.253.55.74 "GET /resource_providers/a1ff10be-fdc7-42c1-8ea1-ecf8ea8223e0/allocations" status: 200 len: 54 microversion: 1.0 [pid: 8|app: 0|req: 298/607] 162.253.55.74 () {32 vars in 856 bytes} [Fri Mar 6 23:04:19 2026] GET /resource_providers/a1ff10be-fdc7-42c1-8ea1-ecf8ea8223e0/allocations => generated 54 bytes in 18 msecs (HTTP/1.1 200) 6 headers in 223 bytes (1 switches on core 0)
2026-03-06 23:04:21.651 7 INFO placement.requestlog [None req-17f61298-ddc4-479e-af18-95fe9041292e 9d4e1685ace348409c5a0a9b64e17fbd 12ba9ce4a3fe4928869e4bc69d203edc - - default default] 10.0.0.84 "GET /resource_providers" status: 200 len: 405 microversion: 1.0 [pid: 7|app: 0|req: 310/608] 10.0.0.84 () {28 vars in 592 bytes} [Fri Mar 6 23:04:21 2026] GET /resource_providers => generated 405 bytes in 84 msecs (HTTP/1.1 200) 6 headers in 224 bytes (1 switches on core 0)
2026-03-06 23:04:21.697 8 INFO placement.requestlog [None req-1cad763f-4974-4d91-850f-e65a95a2d56a 9d4e1685ace348409c5a0a9b64e17fbd 12ba9ce4a3fe4928869e4bc69d203edc - - default default] 10.0.0.84 "GET /resource_providers/a1ff10be-fdc7-42c1-8ea1-ecf8ea8223e0/inventories" status: 200 len: 400 microversion: 1.0 [pid: 8|app: 0|req: 299/609] 10.0.0.84 () {28 vars in 690 bytes} [Fri Mar 6 23:04:21 2026] GET /resource_providers/a1ff10be-fdc7-42c1-8ea1-ecf8ea8223e0/inventories => generated 400 bytes in 40 msecs (HTTP/1.1 200) 6 headers in 224 bytes (1 switches on core 0)
2026-03-06 23:04:21.721 7 INFO placement.requestlog [None req-5263d942-19d1-41e8-891c-24fad105d4f1 9d4e1685ace348409c5a0a9b64e17fbd 12ba9ce4a3fe4928869e4bc69d203edc - - default default] 10.0.0.84 "GET /resource_providers/a1ff10be-fdc7-42c1-8ea1-ecf8ea8223e0/usages" status: 200 len: 88 microversion: 1.0 [pid: 7|app: 0|req: 311/610] 10.0.0.84 () {28 vars in 680 bytes} [Fri Mar 6 23:04:21 2026] GET /resource_providers/a1ff10be-fdc7-42c1-8ea1-ecf8ea8223e0/usages => generated 88 bytes in 20 msecs (HTTP/1.1 200) 6 headers in 223 bytes (1 switches on core 0)
2026-03-06 23:04:28.318 7 INFO placement.requestlog [None req-40e50ec5-cab7-41b6-9cbb-546aa565898c - - - - - -] 10.0.0.159 "GET /" status: 200 len: 136 microversion: 1.0
2026-03-06 23:04:28.318 8 INFO placement.requestlog [None req-c5d4e842-781c-42da-bbd5-d4ca28184e64 - - - - - -] 10.0.0.159 "GET /" status: 200 len: 136 microversion: 1.0
2026-03-06 23:04:38.317 8 INFO placement.requestlog [None req-b7bee92b-f77d-4360-bd85-dc16b11ffa50 - - - - - -] 10.0.0.159 "GET /" status: 200 len: 136 microversion: 1.0
2026-03-06 23:04:38.318 7 INFO placement.requestlog [None req-c7b0d0b9-b8bc-4c38-9970-3f0d6e601f35 - - - - - -] 10.0.0.159 "GET /" status: 200 len: 136 microversion: 1.0
2026-03-06 23:04:48.317 8 INFO placement.requestlog [None req-5bf65c14-d586-41d4-80d5-484dc46cb002 - - - - - -] 10.0.0.159 "GET /" status: 200 len: 136 microversion: 1.0
2026-03-06 23:04:48.317 7 INFO placement.requestlog [None req-378d2e38-7e0c-4368-b5dc-72fe81ecc2dd - - - - - -] 10.0.0.159 "GET /" status: 200 len: 136 microversion: 1.0
2026-03-06 23:04:58.318 8 INFO placement.requestlog [None req-bcc5cf13-1055-49e4-a980-2e2215f54d47 - - - - - -] 10.0.0.159 "GET /" status: 200 len: 136 microversion: 1.0
2026-03-06 23:04:58.318 7 INFO placement.requestlog [None req-c09b8ee6-5f0e-4f2c-847d-16b3de053d7e - - - - - -] 10.0.0.159 "GET /" status: 200 len: 136 microversion: 1.0
2026-03-06 23:05:08.317 8 INFO placement.requestlog [None req-3a9a46f3-509f-410b-9849-37c179ab42af - - - - - -] 10.0.0.159 "GET /" status: 200 len: 136 microversion: 1.0
2026-03-06 23:05:08.318 7 INFO placement.requestlog [None req-24a84cd5-b531-4ef6-8437-7254e5621715 - - - - - -] 10.0.0.159 "GET /" status: 200 len: 136 microversion: 1.0
2026-03-06 23:05:18.319 8 INFO placement.requestlog [None req-559f29e7-a22b-491b-8469-7962d468beb9 - - - - - -] 10.0.0.159 "GET /" status: 200 len: 136 microversion: 1.0
2026-03-06 23:05:18.319 7 INFO placement.requestlog [None req-15ef3085-16d5-45df-a2ec-9787d79d882b - - - - - -] 10.0.0.159 "GET /" status: 200 len: 136 microversion: 1.0
2026-03-06 23:05:20.675 8 INFO placement.requestlog [req-df7393e4-f006-463a-8423-78463f9f7812 req-4ebc3ef9-934b-469c-9db4-da1559404e21 5b04faf204904d3d9d067845efda115e 41a0830e70e94eb79fc5fcbbee8afdb4 - - d9c0f2e043244ef2a65c69424f90f3d0 d9c0f2e043244ef2a65c69424f90f3d0] 162.253.55.74 "GET /resource_providers/a1ff10be-fdc7-42c1-8ea1-ecf8ea8223e0/allocations" status: 200 len: 54 microversion: 1.0 [pid: 8|app: 0|req: 306/623] 162.253.55.74 () {32 vars in 856 bytes} [Fri Mar 6 23:05:20 2026] GET /resource_providers/a1ff10be-fdc7-42c1-8ea1-ecf8ea8223e0/allocations => generated 54 bytes in 129 msecs (HTTP/1.1 200) 6 headers in 223 bytes (1 switches on core 0)
2026-03-06 23:05:20.695 7 INFO placement.requestlog [req-df7393e4-f006-463a-8423-78463f9f7812 req-6b77e0ce-5458-4a0c-9214-d8cddd1e8121 5b04faf204904d3d9d067845efda115e 41a0830e70e94eb79fc5fcbbee8afdb4 - - d9c0f2e043244ef2a65c69424f90f3d0 d9c0f2e043244ef2a65c69424f90f3d0] 162.253.55.74 "GET /resource_providers?in_tree=a1ff10be-fdc7-42c1-8ea1-ecf8ea8223e0" status: 200 len: 797 microversion: 1.14 [pid: 7|app: 0|req: 318/624] 162.253.55.74 () {34 vars in 891 bytes} [Fri Mar 6 23:05:20 2026] GET /resource_providers?in_tree=a1ff10be-fdc7-42c1-8ea1-ecf8ea8223e0 => generated 797 bytes in 14 msecs (HTTP/1.1 200) 6 headers in 225 bytes (1 switches on core 0)
2026-03-06 23:05:20.716 8 INFO placement.requestlog [req-df7393e4-f006-463a-8423-78463f9f7812 req-2b5fcea7-735b-4cfe-bda7-2eecca20257f 5b04faf204904d3d9d067845efda115e 41a0830e70e94eb79fc5fcbbee8afdb4 - - d9c0f2e043244ef2a65c69424f90f3d0 d9c0f2e043244ef2a65c69424f90f3d0] 162.253.55.74 "GET /resource_providers/a1ff10be-fdc7-42c1-8ea1-ecf8ea8223e0/inventories" status: 200 len: 400 microversion: 1.0 [pid: 8|app: 0|req: 307/625] 162.253.55.74 () {32 vars in 856 bytes} [Fri Mar 6 23:05:20 2026] GET /resource_providers/a1ff10be-fdc7-42c1-8ea1-ecf8ea8223e0/inventories => generated 400 bytes in 17 msecs (HTTP/1.1 200) 6 headers in 224 bytes (1 switches on core 0)
2026-03-06 23:05:20.726 7 INFO placement.requestlog [req-df7393e4-f006-463a-8423-78463f9f7812 req-511b0ff3-dbb2-4787-9bfc-13ee8d18c7fa 5b04faf204904d3d9d067845efda115e 41a0830e70e94eb79fc5fcbbee8afdb4 - - d9c0f2e043244ef2a65c69424f90f3d0 d9c0f2e043244ef2a65c69424f90f3d0] 162.253.55.74 "GET /resource_providers/a1ff10be-fdc7-42c1-8ea1-ecf8ea8223e0/aggregates" status: 200 len: 53 microversion: 1.19 [pid: 7|app: 0|req: 319/626] 162.253.55.74 () {34 vars in 898 bytes} [Fri Mar 6 23:05:20 2026] GET /resource_providers/a1ff10be-fdc7-42c1-8ea1-ecf8ea8223e0/aggregates => generated 53 bytes in 6 msecs (HTTP/1.1 200) 8 headers in 295 bytes (1 switches on core 0)
2026-03-06 23:05:20.751 8 INFO placement.requestlog [req-df7393e4-f006-463a-8423-78463f9f7812 req-ea6e9373-031c-4991-8681-b95426bcefd5 5b04faf204904d3d9d067845efda115e 41a0830e70e94eb79fc5fcbbee8afdb4 - - d9c0f2e043244ef2a65c69424f90f3d0 d9c0f2e043244ef2a65c69424f90f3d0] 162.253.55.74 "GET /resource_providers/a1ff10be-fdc7-42c1-8ea1-ecf8ea8223e0/traits" status: 200 len: 2316 microversion: 1.6 [pid: 8|app: 0|req: 308/627] 162.253.55.74 () {34 vars in 889 bytes} [Fri Mar 6 23:05:20 2026] GET /resource_providers/a1ff10be-fdc7-42c1-8ea1-ecf8ea8223e0/traits => generated 2316 bytes in 22 msecs (HTTP/1.1 200) 6 headers in 225 bytes (1 switches on core 0)
2026-03-06 23:05:20.762 7 INFO placement.requestlog [req-df7393e4-f006-463a-8423-78463f9f7812 req-b15b4765-e38f-4663-b2df-de9083a99e2d 5b04faf204904d3d9d067845efda115e 41a0830e70e94eb79fc5fcbbee8afdb4 - - d9c0f2e043244ef2a65c69424f90f3d0 d9c0f2e043244ef2a65c69424f90f3d0] 162.253.55.74 "GET /resource_providers/a1ff10be-fdc7-42c1-8ea1-ecf8ea8223e0/allocations" status: 200 len: 54 microversion: 1.0 [pid: 7|app: 0|req: 320/628] 162.253.55.74 () {32 vars in 856 bytes} [Fri Mar 6 23:05:20 2026] GET /resource_providers/a1ff10be-fdc7-42c1-8ea1-ecf8ea8223e0/allocations => generated 54 bytes in 7 msecs (HTTP/1.1 200) 6 headers in 223 bytes (1 switches on core 0)
2026-03-06 23:05:21.656 8 INFO placement.requestlog [None req-b2297f43-d0c8-4815-b6e2-40a63ce1a5ad 9d4e1685ace348409c5a0a9b64e17fbd 12ba9ce4a3fe4928869e4bc69d203edc - - default default] 10.0.0.84 "GET /resource_providers" status: 200 len: 405 microversion: 1.0 [pid: 8|app: 0|req: 309/629] 10.0.0.84 () {28 vars in 592 bytes} [Fri Mar 6 23:05:21 2026] GET /resource_providers => generated 405 bytes in 64 msecs (HTTP/1.1 200) 6 headers in 224 bytes (1 switches on core 0)
2026-03-06 23:05:21.682 7 INFO placement.requestlog [None req-879a6056-4746-4fea-ad39-75871a335953 9d4e1685ace348409c5a0a9b64e17fbd 12ba9ce4a3fe4928869e4bc69d203edc - - default default] 10.0.0.84 "GET /resource_providers/a1ff10be-fdc7-42c1-8ea1-ecf8ea8223e0/inventories" status: 200 len: 400 microversion: 1.0 [pid: 7|app: 0|req: 321/630] 10.0.0.84 () {28 vars in 690 bytes} [Fri Mar 6 23:05:21 2026] GET /resource_providers/a1ff10be-fdc7-42c1-8ea1-ecf8ea8223e0/inventories => generated 400 bytes in 16 msecs (HTTP/1.1 200) 6 headers in 224 bytes (1 switches on core 0)
2026-03-06 23:05:21.721 8 INFO placement.requestlog [None req-32de8474-63e0-4638-baf9-1f22970edffb 9d4e1685ace348409c5a0a9b64e17fbd 12ba9ce4a3fe4928869e4bc69d203edc - - default default] 10.0.0.84 "GET /resource_providers/a1ff10be-fdc7-42c1-8ea1-ecf8ea8223e0/usages" status: 200 len: 88 microversion: 1.0 [pid: 8|app: 0|req: 310/631] 10.0.0.84 () {28 vars in 680 bytes} [Fri Mar 6 23:05:21 2026] GET /resource_providers/a1ff10be-fdc7-42c1-8ea1-ecf8ea8223e0/usages => generated 88 bytes in 36 msecs (HTTP/1.1 200) 6 headers in 223 bytes (1 switches on core 0)
2026-03-06 23:05:28.317 7 INFO placement.requestlog [None req-8039653d-ec54-4bb6-af7b-1148a2414aaa - - - - - -] 10.0.0.159 "GET /" status: 200 len: 136 microversion: 1.0
2026-03-06 23:05:28.318 8 INFO placement.requestlog [None req-52db2949-dce6-44f3-bbbc-8ffc1f32f7b6 - - - - - -] 10.0.0.159 "GET /" status: 200 len: 136 microversion: 1.0
2026-03-06 23:05:38.319 8 INFO placement.requestlog [None req-c5b324e0-23ad-46ea-8266-74009c947276 - - - - - -] 10.0.0.159 "GET /" status: 200 len: 136 microversion: 1.0
2026-03-06 23:05:38.319 7 INFO placement.requestlog [None req-d2adc637-887e-4f05-8919-2f5f9dba66c7 - - - - - -] 10.0.0.159 "GET /" status: 200 len: 136 microversion: 1.0
2026-03-06 23:05:48.318 8 INFO placement.requestlog [None req-28bcc4ae-032d-46c6-8d6d-beff19b6c606 - - - - - -] 10.0.0.159 "GET /" status: 200 len: 136 microversion: 1.0
2026-03-06 23:05:48.318 7 INFO placement.requestlog [None req-1685f18d-cfae-4f6b-93a8-49215d5f1cac - - - - - -] 10.0.0.159 "GET /" status: 200 len: 136 microversion: 1.0
2026-03-06 23:05:57.460 8 INFO placement.requestlog [req-1b6ca0ac-8814-41a5-9ef8-11601fe59b45 req-cb9a02c1-f630-4051-b6d5-bdb05c1ad15a 5b04faf204904d3d9d067845efda115e 41a0830e70e94eb79fc5fcbbee8afdb4 - - d9c0f2e043244ef2a65c69424f90f3d0 d9c0f2e043244ef2a65c69424f90f3d0] 10.0.0.166 "GET /allocation_candidates?limit=1000&resources=DISK_GB%3A1%2CMEMORY_MB%3A512%2CVCPU%3A1&root_required=%21COMPUTE_STATUS_DISABLED" status: 200 len: 2781 microversion: 1.36 [pid: 8|app: 0|req: 314/638] 10.0.0.166 () {34 vars in 1012 bytes} [Fri Mar 6 23:05:57 2026] GET /allocation_candidates?limit=1000&resources=DISK_GB%3A1%2CMEMORY_MB%3A512%2CVCPU%3A1&root_required=%21COMPUTE_STATUS_DISABLED => generated 2781 bytes in 200 msecs (HTTP/1.1 200) 8 headers in 297 bytes (1 switches on core 0)
2026-03-06 23:05:57.510 7 INFO placement.requestlog [req-1b6ca0ac-8814-41a5-9ef8-11601fe59b45 req-d751dc38-a45a-46f2-ab6b-6503d8e6bde2 5b04faf204904d3d9d067845efda115e 41a0830e70e94eb79fc5fcbbee8afdb4 - - d9c0f2e043244ef2a65c69424f90f3d0 d9c0f2e043244ef2a65c69424f90f3d0] 10.0.0.166 "GET /allocations/948ec83d-39ee-428c-b672-0a973b585a31" status: 200 len: 19 microversion: 1.28 [pid: 7|app: 0|req: 325/639] 10.0.0.166 () {34 vars in 861 bytes} [Fri Mar 6 23:05:57 2026] GET /allocations/948ec83d-39ee-428c-b672-0a973b585a31 => generated 19 bytes in 16 msecs (HTTP/1.1 200) 8 headers in 295 bytes (1 switches on core 0)
2026-03-06 23:05:57.590 8 INFO placement.requestlog [req-1b6ca0ac-8814-41a5-9ef8-11601fe59b45 req-7c63f023-39ae-48be-8f21-d1a2ed257de4 5b04faf204904d3d9d067845efda115e 41a0830e70e94eb79fc5fcbbee8afdb4 - - d9c0f2e043244ef2a65c69424f90f3d0 d9c0f2e043244ef2a65c69424f90f3d0] 10.0.0.166 "PUT /allocations/948ec83d-39ee-428c-b672-0a973b585a31" status: 204 len: 0 microversion: 1.36 [pid: 8|app: 0|req: 315/640] 10.0.0.166 () {38 vars in 914 bytes} [Fri Mar 6 23:05:57 2026] PUT /allocations/948ec83d-39ee-428c-b672-0a973b585a31 => generated 0 bytes in 73 msecs (HTTP/1.1 204) 5 headers in 199 bytes (1 switches on core 0)
2026-03-06 23:05:58.317 7 INFO placement.requestlog [None req-ddd7beb6-481c-49c2-8353-75c054ca1caa - - - - - -] 10.0.0.159 "GET /" status: 200 len: 136 microversion: 1.0
2026-03-06 23:05:58.317 8 INFO placement.requestlog [None req-14ab504d-917e-4f9f-a6a9-e07c1f735550 - - - - - -] 10.0.0.159 "GET /" status: 200 len: 136 microversion: 1.0
2026-03-06 23:05:59.076 7 INFO placement.requestlog [req-1b6ca0ac-8814-41a5-9ef8-11601fe59b45 req-66fef1e2-4652-44ef-b53d-a2e71102883c 5b04faf204904d3d9d067845efda115e 41a0830e70e94eb79fc5fcbbee8afdb4 - - d9c0f2e043244ef2a65c69424f90f3d0 d9c0f2e043244ef2a65c69424f90f3d0] 162.253.55.74 "GET /allocations/948ec83d-39ee-428c-b672-0a973b585a31" status: 200 len: 257 microversion: 1.28 [pid: 7|app: 0|req: 327/643] 162.253.55.74 () {34 vars in 862 bytes} [Fri Mar 6 23:05:59 2026] GET /allocations/948ec83d-39ee-428c-b672-0a973b585a31 => generated 257 bytes in 16 msecs (HTTP/1.1 200) 8 headers in 296 bytes (1 switches on core 0)
2026-03-06 23:06:00.116 8 INFO placement.requestlog [req-1b6ca0ac-8814-41a5-9ef8-11601fe59b45 req-77615039-e207-4765-ad86-2f66cedc4586 5b04faf204904d3d9d067845efda115e 41a0830e70e94eb79fc5fcbbee8afdb4 - - d9c0f2e043244ef2a65c69424f90f3d0 d9c0f2e043244ef2a65c69424f90f3d0] 162.253.55.74 "GET /resource_providers/a1ff10be-fdc7-42c1-8ea1-ecf8ea8223e0/allocations" status: 200 len: 152 microversion: 1.0 [pid: 8|app: 0|req: 317/644] 162.253.55.74 () {32 vars in 856 bytes} [Fri Mar 6 23:06:00 2026] GET /resource_providers/a1ff10be-fdc7-42c1-8ea1-ecf8ea8223e0/allocations => generated 152 bytes in 16 msecs (HTTP/1.1 200) 6 headers in 224 bytes (1 switches on core 0)
2026-03-06 23:06:00.135 7 INFO placement.requestlog [req-1b6ca0ac-8814-41a5-9ef8-11601fe59b45 req-d482d069-f428-47cd-8f8f-52fdb2f23b58 5b04faf204904d3d9d067845efda115e 41a0830e70e94eb79fc5fcbbee8afdb4 - - d9c0f2e043244ef2a65c69424f90f3d0 d9c0f2e043244ef2a65c69424f90f3d0] 162.253.55.74 "GET /allocations/948ec83d-39ee-428c-b672-0a973b585a31" status: 200 len: 257 microversion: 1.28 [pid: 7|app: 0|req: 328/645] 162.253.55.74 () {34 vars in 862 bytes} [Fri Mar 6 23:06:00 2026] GET /allocations/948ec83d-39ee-428c-b672-0a973b585a31 => generated 257 bytes in 13 msecs (HTTP/1.1 200) 8 headers in 296 bytes (1 switches on core 0)
2026-03-06 23:06:00.544 8 INFO placement.requestlog [None req-ed99cbf3-884d-4e5e-b2f0-d4d72a734f85 26b40105b33e4d84a670fa4427ece2b3 41a0830e70e94eb79fc5fcbbee8afdb4 - - d9c0f2e043244ef2a65c69424f90f3d0 d9c0f2e043244ef2a65c69424f90f3d0] 10.0.0.91 "GET /resource_providers/1fd6228c-8538-4dd1-80e9-c7ca37df8dbc/aggregates" status: 404 len: 235 microversion: 1.1 [pid: 8|app: 0|req: 318/646] 10.0.0.91 () {32 vars in 815 bytes} [Fri Mar 6 23:06:00 2026] GET /resource_providers/1fd6228c-8538-4dd1-80e9-c7ca37df8dbc/aggregates => generated 235 bytes in 92 msecs (HTTP/1.1 404) 5 headers in 202 bytes (1 switches on core 0)
2026-03-06 23:06:00.552 7 INFO placement.requestlog [None req-7461301a-02d9-42c2-baac-b7ebb91e23bc 26b40105b33e4d84a670fa4427ece2b3 41a0830e70e94eb79fc5fcbbee8afdb4 - - d9c0f2e043244ef2a65c69424f90f3d0 d9c0f2e043244ef2a65c69424f90f3d0] 10.0.0.91 "GET /resource_providers/1fd6228c-8538-4dd1-80e9-c7ca37df8dbc/aggregates" status: 404 len: 235 microversion: 1.1 [pid: 7|app: 0|req: 329/647] 10.0.0.91 () {32 vars in 815 bytes} [Fri Mar 6 23:06:00 2026] GET /resource_providers/1fd6228c-8538-4dd1-80e9-c7ca37df8dbc/aggregates => generated 235 bytes in 99 msecs (HTTP/1.1 404) 5 headers in 202 bytes (1 switches on core 0)
2026-03-06 23:06:00.567 8 INFO placement.requestlog [None req-8b434078-c36c-4a42-acf5-06e1eb93830a 26b40105b33e4d84a670fa4427ece2b3 41a0830e70e94eb79fc5fcbbee8afdb4 - - d9c0f2e043244ef2a65c69424f90f3d0 d9c0f2e043244ef2a65c69424f90f3d0] 10.0.0.91 "DELETE /resource_providers/1fd6228c-8538-4dd1-80e9-c7ca37df8dbc" status: 404 len: 246 microversion: 1.1
2026-03-06 23:06:00.567 7 INFO placement.requestlog [None req-4067bac5-308f-4c75-bea1-dce12734319a 26b40105b33e4d84a670fa4427ece2b3 41a0830e70e94eb79fc5fcbbee8afdb4 - - d9c0f2e043244ef2a65c69424f90f3d0 d9c0f2e043244ef2a65c69424f90f3d0] 10.0.0.91 "DELETE /resource_providers/1fd6228c-8538-4dd1-80e9-c7ca37df8dbc" status: 404 len: 246 microversion: 1.1 [pid: 8|app: 0|req: 319/649] 10.0.0.91 () {34 vars in 815 bytes} [Fri Mar 6 23:06:00 2026] DELETE /resource_providers/1fd6228c-8538-4dd1-80e9-c7ca37df8dbc => generated 246 bytes in 11 msecs (HTTP/1.1 404) 6 headers in 231 bytes (1 switches on core 0) [pid: 7|app: 0|req: 330/649] 10.0.0.91 () {34 vars in 815 bytes} [Fri Mar 6 23:06:00 2026] DELETE /resource_providers/1fd6228c-8538-4dd1-80e9-c7ca37df8dbc => generated 246 bytes in 10 msecs (HTTP/1.1 404) 6 headers in 231 bytes (1 switches on core 0)
2026-03-06 23:06:07.299 8 INFO placement.requestlog [req-d97cdf34-b8c5-48e3-8481-215baaeb918c req-6f843b43-79f5-4369-90ab-b01922401c38 5b04faf204904d3d9d067845efda115e 41a0830e70e94eb79fc5fcbbee8afdb4 - - d9c0f2e043244ef2a65c69424f90f3d0 d9c0f2e043244ef2a65c69424f90f3d0] 10.0.0.166 "GET /allocation_candidates?limit=1000&resources=MEMORY_MB%3A512%2CVCPU%3A1&root_required=%21COMPUTE_STATUS_DISABLED" status: 200 len: 2769 microversion: 1.36 [pid: 8|app: 0|req: 320/650] 10.0.0.166 () {34 vars in 984 bytes} [Fri Mar 6 23:06:07 2026] GET /allocation_candidates?limit=1000&resources=MEMORY_MB%3A512%2CVCPU%3A1&root_required=%21COMPUTE_STATUS_DISABLED => generated 2769 bytes in 32 msecs (HTTP/1.1 200) 8 headers in 297 bytes (1 switches on core 0)
2026-03-06 23:06:07.340 7 INFO placement.requestlog [req-d97cdf34-b8c5-48e3-8481-215baaeb918c req-cfaa0b1d-15f5-4be8-bee3-731632fd98ef 5b04faf204904d3d9d067845efda115e 41a0830e70e94eb79fc5fcbbee8afdb4 - - d9c0f2e043244ef2a65c69424f90f3d0 d9c0f2e043244ef2a65c69424f90f3d0] 10.0.0.166 "GET /allocations/e9588b2b-55aa-4426-89f1-a90b8fba296e" status: 200 len: 19 microversion: 1.28 [pid: 7|app: 0|req: 331/651] 10.0.0.166 () {34 vars in 861 bytes} [Fri Mar 6 23:06:07 2026] GET /allocations/e9588b2b-55aa-4426-89f1-a90b8fba296e => generated 19 bytes in 11 msecs (HTTP/1.1 200) 8 headers in 295 bytes (1 switches on core 0)
2026-03-06 23:06:07.418 8 INFO placement.requestlog [req-d97cdf34-b8c5-48e3-8481-215baaeb918c req-34126aa8-3a51-437f-a4eb-42f8b923654a 5b04faf204904d3d9d067845efda115e 41a0830e70e94eb79fc5fcbbee8afdb4 - - d9c0f2e043244ef2a65c69424f90f3d0 d9c0f2e043244ef2a65c69424f90f3d0] 10.0.0.166 "PUT /allocations/e9588b2b-55aa-4426-89f1-a90b8fba296e" status: 204 len: 0 microversion: 1.36 [pid: 8|app: 0|req: 321/652] 10.0.0.166 () {38 vars in 914 bytes} [Fri Mar 6 23:06:07 2026] PUT /allocations/e9588b2b-55aa-4426-89f1-a90b8fba296e => generated 0 bytes in 72 msecs (HTTP/1.1 204) 5 headers in 199 bytes (1 switches on core 0)
2026-03-06 23:06:08.319 7 INFO placement.requestlog [None req-95614229-c00d-4840-82c3-a2a8d86c4239 - - - - - -] 10.0.0.159 "GET /" status: 200 len: 136 microversion: 1.0
2026-03-06 23:06:08.320 8 INFO placement.requestlog [None req-81ee3686-a3f8-4763-96b2-16449f1c74a0 - - - - - -] 10.0.0.159 "GET /" status: 200 len: 136 microversion: 1.0
2026-03-06 23:06:08.896 7 INFO placement.requestlog [req-d97cdf34-b8c5-48e3-8481-215baaeb918c req-ff7b59fb-c53f-481a-88e0-d766358a4c0a 5b04faf204904d3d9d067845efda115e 41a0830e70e94eb79fc5fcbbee8afdb4 - - d9c0f2e043244ef2a65c69424f90f3d0 d9c0f2e043244ef2a65c69424f90f3d0] 162.253.55.74 "GET /allocations/e9588b2b-55aa-4426-89f1-a90b8fba296e" status: 200 len: 243 microversion: 1.28 [pid: 7|app: 0|req: 333/655] 162.253.55.74 () {34 vars in 862 bytes} [Fri Mar 6 23:06:08 2026] GET /allocations/e9588b2b-55aa-4426-89f1-a90b8fba296e => generated 243 bytes in 16 msecs (HTTP/1.1 200) 8 headers in 296 bytes (1 switches on core 0)
2026-03-06 23:06:09.976 8 INFO placement.requestlog [req-d97cdf34-b8c5-48e3-8481-215baaeb918c req-d037f527-32d1-4e68-8523-d039eed0592e 5b04faf204904d3d9d067845efda115e 41a0830e70e94eb79fc5fcbbee8afdb4 - - d9c0f2e043244ef2a65c69424f90f3d0 d9c0f2e043244ef2a65c69424f90f3d0] 162.253.55.74 "GET /resource_providers/a1ff10be-fdc7-42c1-8ea1-ecf8ea8223e0/allocations" status: 200 len: 238 microversion: 1.0 [pid: 8|app: 0|req: 323/656] 162.253.55.74 () {32 vars in 856 bytes} [Fri Mar 6 23:06:09 2026] GET /resource_providers/a1ff10be-fdc7-42c1-8ea1-ecf8ea8223e0/allocations => generated 238 bytes in 45 msecs (HTTP/1.1 200) 6 headers in 224 bytes (1 switches on core 0)
2026-03-06 23:06:09.996 7 INFO placement.requestlog [req-d97cdf34-b8c5-48e3-8481-215baaeb918c req-8df5bf8c-af0e-4657-abf0-a1b05792cafc 5b04faf204904d3d9d067845efda115e 41a0830e70e94eb79fc5fcbbee8afdb4 - - d9c0f2e043244ef2a65c69424f90f3d0 d9c0f2e043244ef2a65c69424f90f3d0] 162.253.55.74 "GET /allocations/e9588b2b-55aa-4426-89f1-a90b8fba296e" status: 200 len: 243 microversion: 1.28 [pid: 7|app: 0|req: 334/657] 162.253.55.74 () {34 vars in 862 bytes} [Fri Mar 6 23:06:09 2026] GET /allocations/e9588b2b-55aa-4426-89f1-a90b8fba296e => generated 243 bytes in 14 msecs (HTTP/1.1 200) 8 headers in 296 bytes (1 switches on core 0)
2026-03-06 23:06:10.020 8 INFO placement.requestlog [req-d97cdf34-b8c5-48e3-8481-215baaeb918c req-6703cf33-8d89-4d5f-a75c-79b7dbd4d72e 5b04faf204904d3d9d067845efda115e 41a0830e70e94eb79fc5fcbbee8afdb4 - - d9c0f2e043244ef2a65c69424f90f3d0 d9c0f2e043244ef2a65c69424f90f3d0] 162.253.55.74 "GET /allocations/948ec83d-39ee-428c-b672-0a973b585a31" status: 200 len: 257 microversion: 1.28 [pid: 8|app: 0|req: 324/658] 162.253.55.74 () {34 vars in 862 bytes} [Fri Mar 6 23:06:10 2026] GET /allocations/948ec83d-39ee-428c-b672-0a973b585a31 => generated 257 bytes in 15 msecs (HTTP/1.1 200) 8 headers in 296 bytes (1 switches on core 0)
2026-03-06 23:06:17.622 8 INFO placement.requestlog [None req-68b371d9-509b-4b3e-81fc-602c19e24a29 26b40105b33e4d84a670fa4427ece2b3 41a0830e70e94eb79fc5fcbbee8afdb4 - - d9c0f2e043244ef2a65c69424f90f3d0 d9c0f2e043244ef2a65c69424f90f3d0] 10.0.0.91 "GET /resource_providers/58b73aed-d63a-49d9-ae74-970950060772/aggregates" status: 404 len: 235 microversion: 1.1 [pid: 8|app: 0|req: 325/659] 10.0.0.91 () {32 vars in 815 bytes} [Fri Mar 6 23:06:17 2026] GET /resource_providers/58b73aed-d63a-49d9-ae74-970950060772/aggregates => generated 235 bytes in 129 msecs (HTTP/1.1 404) 5 headers in 202 bytes (1 switches on core 0)
2026-03-06 23:06:17.632 7 INFO placement.requestlog [None req-5ef19edd-51de-455d-ba0a-a5bd9e920e41 26b40105b33e4d84a670fa4427ece2b3 41a0830e70e94eb79fc5fcbbee8afdb4 - - d9c0f2e043244ef2a65c69424f90f3d0 d9c0f2e043244ef2a65c69424f90f3d0] 10.0.0.91 "GET /resource_providers/58b73aed-d63a-49d9-ae74-970950060772/aggregates" status: 404 len: 235 microversion: 1.1 [pid: 7|app: 0|req: 335/660] 10.0.0.91 () {32 vars in 815 bytes} [Fri Mar 6 23:06:17 2026] GET /resource_providers/58b73aed-d63a-49d9-ae74-970950060772/aggregates => generated 235 bytes in 142 msecs (HTTP/1.1 404) 5 headers in 202 bytes (1 switches on core 0)
2026-03-06 23:06:17.657 8 INFO placement.requestlog [None req-d41bf3bf-1903-42b4-90bb-833c4d48101a 26b40105b33e4d84a670fa4427ece2b3 41a0830e70e94eb79fc5fcbbee8afdb4 - - d9c0f2e043244ef2a65c69424f90f3d0 d9c0f2e043244ef2a65c69424f90f3d0] 10.0.0.91 "DELETE /resource_providers/58b73aed-d63a-49d9-ae74-970950060772" status: 404 len: 246 microversion: 1.1 [pid: 8|app: 0|req: 326/661] 10.0.0.91 () {34 vars in 815 bytes} [Fri Mar 6 23:06:17 2026] DELETE /resource_providers/58b73aed-d63a-49d9-ae74-970950060772 => generated 246 bytes in 9 msecs (HTTP/1.1 404) 6 headers in 231 bytes (1 switches on core 0)
2026-03-06 23:06:17.673 7 INFO placement.requestlog [None req-fccd767b-6987-4f53-b17e-33ab8247e10c 26b40105b33e4d84a670fa4427ece2b3 41a0830e70e94eb79fc5fcbbee8afdb4 - - d9c0f2e043244ef2a65c69424f90f3d0 d9c0f2e043244ef2a65c69424f90f3d0] 10.0.0.91 "DELETE /resource_providers/58b73aed-d63a-49d9-ae74-970950060772" status: 404 len: 246 microversion: 1.1 [pid: 7|app: 0|req: 336/662] 10.0.0.91 () {34 vars in 815 bytes} [Fri Mar 6 23:06:17 2026] DELETE /resource_providers/58b73aed-d63a-49d9-ae74-970950060772 => generated 246 bytes in 8 msecs (HTTP/1.1 404) 6 headers in 231 bytes (1 switches on core 0)
2026-03-06 23:06:18.318 7 INFO placement.requestlog [None req-ac8f7dcd-c3c0-44b4-9b26-517a3fbc1e77 - - - - - -] 10.0.0.159 "GET /" status: 200 len: 136 microversion: 1.0
2026-03-06 23:06:18.318 8 INFO placement.requestlog [None req-be4d0c93-dd9f-4e72-90c8-3033d10a99f0 - - - - - -] 10.0.0.159 "GET /" status: 200 len: 136 microversion: 1.0
2026-03-06 23:06:22.161 7 INFO placement.requestlog [None req-d1ca3b2d-754d-4391-887b-5d85f4820ca4 9d4e1685ace348409c5a0a9b64e17fbd 12ba9ce4a3fe4928869e4bc69d203edc - - default default] 10.0.0.84 "GET /resource_providers" status: 200 len: 405 microversion: 1.0 [pid: 7|app: 0|req: 338/665] 10.0.0.84 () {28 vars in 592 bytes} [Fri Mar 6 23:06:21 2026] GET /resource_providers => generated 405 bytes in 179 msecs (HTTP/1.1 200) 6 headers in 224 bytes (1 switches on core 0)
2026-03-06 23:06:22.186 8 INFO placement.requestlog [None req-3ea66bb2-161b-4ae9-9098-9ff1d6f67a79 9d4e1685ace348409c5a0a9b64e17fbd 12ba9ce4a3fe4928869e4bc69d203edc - - default default] 10.0.0.84 "GET /resource_providers/a1ff10be-fdc7-42c1-8ea1-ecf8ea8223e0/inventories" status: 200 len: 400 microversion: 1.0 [pid: 8|app: 0|req: 328/666] 10.0.0.84 () {28 vars in 690 bytes} [Fri Mar 6 23:06:22 2026] GET /resource_providers/a1ff10be-fdc7-42c1-8ea1-ecf8ea8223e0/inventories => generated 400 bytes in 21 msecs (HTTP/1.1 200) 6 headers in 224 bytes (1 switches on core 0)
2026-03-06 23:06:22.206 7 INFO placement.requestlog [None req-a3ea9678-3361-4f7a-9863-54908523997a 9d4e1685ace348409c5a0a9b64e17fbd 12ba9ce4a3fe4928869e4bc69d203edc - - default default] 10.0.0.84 "GET /resource_providers/a1ff10be-fdc7-42c1-8ea1-ecf8ea8223e0/usages" status: 200 len: 91 microversion: 1.0 [pid: 7|app: 0|req: 339/667] 10.0.0.84 () {28 vars in 680 bytes} [Fri Mar 6 23:06:22 2026] GET /resource_providers/a1ff10be-fdc7-42c1-8ea1-ecf8ea8223e0/usages => generated 91 bytes in 16 msecs (HTTP/1.1 200) 6 headers in 223 bytes (1 switches on core 0)
2026-03-06 23:06:24.007 8 INFO placement.requestlog [req-d834725e-88e3-4c7f-aa1a-d23eed80cb82 req-4e87ed69-0cdb-4864-bdc6-facfd367de40 5b04faf204904d3d9d067845efda115e 41a0830e70e94eb79fc5fcbbee8afdb4 - - d9c0f2e043244ef2a65c69424f90f3d0 d9c0f2e043244ef2a65c69424f90f3d0] 162.253.55.74 "GET /resource_providers/a1ff10be-fdc7-42c1-8ea1-ecf8ea8223e0/allocations" status: 200 len: 238 microversion: 1.0 [pid: 8|app: 0|req: 329/668] 162.253.55.74 () {32 vars in 856 bytes} [Fri Mar 6 23:06:23 2026] GET /resource_providers/a1ff10be-fdc7-42c1-8ea1-ecf8ea8223e0/allocations => generated 238 bytes in 14 msecs (HTTP/1.1 200) 6 headers in 224 bytes (1 switches on core 0)
2026-03-06 23:06:24.032 7 INFO placement.requestlog [req-d834725e-88e3-4c7f-aa1a-d23eed80cb82 req-db3dc338-7166-42e3-9bf4-c3ea78903cdc 5b04faf204904d3d9d067845efda115e 41a0830e70e94eb79fc5fcbbee8afdb4 - - d9c0f2e043244ef2a65c69424f90f3d0 d9c0f2e043244ef2a65c69424f90f3d0] 162.253.55.74 "GET /resource_providers/a1ff10be-fdc7-42c1-8ea1-ecf8ea8223e0/allocations" status: 200 len: 238 microversion: 1.0 [pid: 7|app: 0|req: 340/669] 162.253.55.74 () {32 vars in 856 bytes} [Fri Mar 6 23:06:24 2026] GET /resource_providers/a1ff10be-fdc7-42c1-8ea1-ecf8ea8223e0/allocations => generated 238 bytes in 20 msecs (HTTP/1.1 200) 6 headers in 224 bytes (1 switches on core 0)
2026-03-06 23:06:24.052 8 INFO placement.requestlog [req-d834725e-88e3-4c7f-aa1a-d23eed80cb82 req-69513283-f4dc-4222-8d6b-2ad6cd6ae8f3 5b04faf204904d3d9d067845efda115e 41a0830e70e94eb79fc5fcbbee8afdb4 - - d9c0f2e043244ef2a65c69424f90f3d0 d9c0f2e043244ef2a65c69424f90f3d0] 162.253.55.74 "GET /allocations/e9588b2b-55aa-4426-89f1-a90b8fba296e" status: 200 len: 243 microversion: 1.28 [pid: 8|app: 0|req: 330/670] 162.253.55.74 () {34 vars in 862 bytes} [Fri Mar 6 23:06:24 2026] GET /allocations/e9588b2b-55aa-4426-89f1-a90b8fba296e => generated 243 bytes in 16 msecs (HTTP/1.1 200) 8 headers in 296 bytes (1 switches on core 0)
2026-03-06 23:06:24.080 7 INFO placement.requestlog [req-d834725e-88e3-4c7f-aa1a-d23eed80cb82 req-9402655a-6cc3-4a91-b8c1-c75c40abdf18 5b04faf204904d3d9d067845efda115e 41a0830e70e94eb79fc5fcbbee8afdb4 - - d9c0f2e043244ef2a65c69424f90f3d0 d9c0f2e043244ef2a65c69424f90f3d0] 162.253.55.74 "GET /allocations/948ec83d-39ee-428c-b672-0a973b585a31" status: 200 len: 257 microversion: 1.28 [pid: 7|app: 0|req: 341/671] 162.253.55.74 () {34 vars in 862 bytes} [Fri Mar 6 23:06:24 2026] GET /allocations/948ec83d-39ee-428c-b672-0a973b585a31 => generated 257 bytes in 14 msecs (HTTP/1.1 200) 8 headers in 296 bytes (1 switches on core 0)
2026-03-06 23:06:28.317 8 INFO placement.requestlog [None req-a49330ab-dc6d-4070-afda-f1ff96d5885a - - - - - -] 10.0.0.159 "GET /" status: 200 len: 136 microversion: 1.0
2026-03-06 23:06:28.318 7 INFO placement.requestlog [None req-7b64ae79-24b6-40ee-aaa4-f508cc3cc6c1 - - - - - -] 10.0.0.159 "GET /" status: 200 len: 136 microversion: 1.0
2026-03-06 23:06:32.648 8 INFO placement.requestlog [req-40ff4a26-2520-4089-98fc-0a222b510181 req-c1da1ce5-59d9-4335-bd92-4df5aef087dd 5b04faf204904d3d9d067845efda115e 41a0830e70e94eb79fc5fcbbee8afdb4 - - d9c0f2e043244ef2a65c69424f90f3d0 d9c0f2e043244ef2a65c69424f90f3d0] 10.0.0.166 "GET /allocation_candidates?limit=1000&resources=DISK_GB%3A1%2CMEMORY_MB%3A512%2CVCPU%3A1&root_required=%21COMPUTE_STATUS_DISABLED" status: 200 len: 2784 microversion: 1.36 [pid: 8|app: 0|req: 332/674] 10.0.0.166 () {34 vars in 1012 bytes} [Fri Mar 6 23:06:32 2026] GET /allocation_candidates?limit=1000&resources=DISK_GB%3A1%2CMEMORY_MB%3A512%2CVCPU%3A1&root_required=%21COMPUTE_STATUS_DISABLED => generated 2784 bytes in 39 msecs (HTTP/1.1 200) 8 headers in 297 bytes (1 switches on core 0)
2026-03-06 23:06:32.675 7 INFO placement.requestlog [req-40ff4a26-2520-4089-98fc-0a222b510181 req-45d06217-f794-4e1f-9b17-2749f774ee61 5b04faf204904d3d9d067845efda115e 41a0830e70e94eb79fc5fcbbee8afdb4 - - d9c0f2e043244ef2a65c69424f90f3d0 d9c0f2e043244ef2a65c69424f90f3d0] 10.0.0.166 "GET /allocations/f837b16d-a8fb-4f00-8b1f-56d95c9d860c" status: 200 len: 19 microversion: 1.28 [pid: 7|app: 0|req: 343/675] 10.0.0.166 () {34 vars in 861 bytes} [Fri Mar 6 23:06:32 2026] GET /allocations/f837b16d-a8fb-4f00-8b1f-56d95c9d860c => generated 19 bytes in 10 msecs (HTTP/1.1 200) 8 headers in 295 bytes (1 switches on core 0)
2026-03-06 23:06:32.743 8 INFO placement.requestlog [req-40ff4a26-2520-4089-98fc-0a222b510181 req-a5f0571c-ebc4-4ced-8fea-e376d8963316 5b04faf204904d3d9d067845efda115e 41a0830e70e94eb79fc5fcbbee8afdb4 - - d9c0f2e043244ef2a65c69424f90f3d0 d9c0f2e043244ef2a65c69424f90f3d0] 10.0.0.166 "PUT /allocations/f837b16d-a8fb-4f00-8b1f-56d95c9d860c" status: 204 len: 0 microversion: 1.36 [pid: 8|app: 0|req: 333/676] 10.0.0.166 () {38 vars in 914 bytes} [Fri Mar 6 23:06:32 2026] PUT /allocations/f837b16d-a8fb-4f00-8b1f-56d95c9d860c => generated 0 bytes in 63 msecs (HTTP/1.1 204) 5 headers in 199 bytes (1 switches on core 0)
