2026-03-06 23:16:00.081 7 INFO neutron.notifiers.nova [-] Nova event matching ['req-797be719-eeea-47b0-ba6b-302b2060aa42'] response: {'name': 'network-changed', 'server_uuid': '478704df-0ae8-45aa-b342-555c63c59ec6', 'tag': 'c6073142-d84d-45e1-aea0-56c0513d0b1e', 'status': 'completed', 'code': 200} /var/lib/openstack/lib/python3.12/site-packages/pycadf/identifier.py:70: UserWarning: Invalid uuid: neutron. To ensure interoperability, identifiers should be a valid uuid. warnings.warn(('Invalid uuid: %s. To ensure interoperability, ' [pid: 7|app: 0|req: 1832/3673] 10.0.0.95 () {34 vars in 989 bytes} [Fri Mar 6 23:16:00 2026] GET /v2.0/ports?device_id=478704df-0ae8-45aa-b342-555c63c59ec6 => generated 1200 bytes in 87 msecs (HTTP/1.1 200) 4 headers in 158 bytes (1 switches on core 0) [pid: 8|app: 0|req: 1842/3674] 10.0.0.95 () {34 vars in 1039 bytes} [Fri Mar 6 23:16:00 2026] GET /v2.0/security-groups?id=9782b369-6e63-431d-aa86-8537e959c2eb&fields=id&fields=name => generated 111 bytes in 33 msecs (HTTP/1.1 200) 4 headers in 157 bytes (1 switches on core 0) [pid: 7|app: 0|req: 1833/3675] 162.253.55.74 () {34 vars in 1079 bytes} [Fri Mar 6 23:16:00 2026] GET /v2.0/ports?tenant_id=18d4a3a265484370a22d0292b2533f04&device_id=478704df-0ae8-45aa-b342-555c63c59ec6 => generated 1438 bytes in 38 msecs (HTTP/1.1 200) 4 headers in 158 bytes (1 switches on core 0) [pid: 8|app: 0|req: 1843/3676] 162.253.55.74 () {34 vars in 985 bytes} [Fri Mar 6 23:16:00 2026] GET /v2.0/networks?id=7e3ad77e-643a-40fd-8189-97e72fe6a8b6 => generated 840 bytes in 35 msecs (HTTP/1.1 200) 4 headers in 157 bytes (1 switches on core 0) [pid: 7|app: 0|req: 1834/3677] 162.253.55.74 () {34 vars in 1057 bytes} [Fri Mar 6 23:16:00 2026] GET /v2.0/floatingips?fixed_ip_address=10.2.1.157&port_id=c6073142-d84d-45e1-aea0-56c0513d0b1e => generated 19 bytes in 20 msecs (HTTP/1.1 200) 4 headers in 156 bytes (1 switches on core 0) [pid: 8|app: 0|req: 1844/3678] 162.253.55.74 () {34 vars in 1103 bytes} [Fri Mar 6 23:16:00 2026] GET /v2.0/floatingips?fixed_ip_address=fd7b%3Af9f7%3Afff%3A4eca%3A%3A2fc&port_id=c6073142-d84d-45e1-aea0-56c0513d0b1e => generated 19 bytes in 13 msecs (HTTP/1.1 200) 4 headers in 156 bytes (1 switches on core 0) [pid: 7|app: 0|req: 1835/3679] 162.253.55.74 () {34 vars in 1063 bytes} [Fri Mar 6 23:16:00 2026] GET /v2.0/subnets?id=25431c42-e37d-4d4c-8362-64103755850c&id=3e724fb3-c184-4801-b942-bf1551cdc28f => generated 1410 bytes in 29 msecs (HTTP/1.1 200) 4 headers in 158 bytes (1 switches on core 0) [pid: 8|app: 0|req: 1845/3680] 162.253.55.74 () {34 vars in 1051 bytes} [Fri Mar 6 23:16:00 2026] GET /v2.0/ports?network_id=7e3ad77e-643a-40fd-8189-97e72fe6a8b6&device_owner=network%3Adhcp => generated 12 bytes in 14 msecs (HTTP/1.1 200) 4 headers in 156 bytes (1 switches on core 0) [pid: 7|app: 0|req: 1836/3681] 162.253.55.74 () {34 vars in 1051 bytes} [Fri Mar 6 23:16:00 2026] GET /v2.0/ports?network_id=7e3ad77e-643a-40fd-8189-97e72fe6a8b6&device_owner=network%3Adhcp => generated 12 bytes in 17 msecs (HTTP/1.1 200) 4 headers in 156 bytes (1 switches on core 0) [pid: 8|app: 0|req: 1846/3682] 162.253.55.74 () {34 vars in 1011 bytes} [Fri Mar 6 23:16:00 2026] GET /v2.0/networks/7e3ad77e-643a-40fd-8189-97e72fe6a8b6?fields=segments => generated 14 bytes in 35 msecs (HTTP/1.1 200) 4 headers in 156 bytes (1 switches on core 0) [pid: 7|app: 0|req: 1837/3683] 162.253.55.74 () {34 vars in 1111 bytes} [Fri Mar 6 23:16:00 2026] GET /v2.0/networks/7e3ad77e-643a-40fd-8189-97e72fe6a8b6?fields=provider%3Aphysical_network&fields=provider%3Anetwork_type => generated 79 bytes in 40 msecs (HTTP/1.1 200) 4 headers in 156 bytes (1 switches on core 0)
2026-03-06 23:16:01.302 7 INFO neutron.plugins.ml2.drivers.ovn.mech_driver.mech_driver [None req-3cb29e63-4307-4948-841f-c3cb73e7c603 - - - - - -] OVN reports status down for port: c6073142-d84d-45e1-aea0-56c0513d0b1e
2026-03-06 23:16:01.550 7 INFO neutron.db.ovn_revision_numbers_db [None req-3cb29e63-4307-4948-841f-c3cb73e7c603 - - - - - -] Successfully bumped revision number for resource c6073142-d84d-45e1-aea0-56c0513d0b1e (type: ports) to 6
2026-03-06 23:16:02.120 7 INFO neutron.notifiers.nova [-] Nova event matching ['req-5fbde7df-28a7-4ec7-b5f5-9d0396b902ae'] response: {'server_uuid': '478704df-0ae8-45aa-b342-555c63c59ec6', 'name': 'network-vif-unplugged', 'status': 'completed', 'tag': 'c6073142-d84d-45e1-aea0-56c0513d0b1e', 'code': 200}
2026-03-06 23:16:02.120 7 INFO neutron.notifiers.nova [-] Nova event matching ['req-5fbde7df-28a7-4ec7-b5f5-9d0396b902ae'] response: {'server_uuid': '478704df-0ae8-45aa-b342-555c63c59ec6', 'name': 'network-vif-unplugged', 'status': 'completed', 'tag': 'c6073142-d84d-45e1-aea0-56c0513d0b1e', 'code': 200} [pid: 8|app: 0|req: 1847/3684] 162.253.55.74 () {34 vars in 993 bytes} [Fri Mar 6 23:16:02 2026] GET /v2.0/ports?device_id=478704df-0ae8-45aa-b342-555c63c59ec6 => generated 1198 bytes in 63 msecs (HTTP/1.1 200) 4 headers in 158 bytes (1 switches on core 0) /var/lib/openstack/lib/python3.12/site-packages/pycadf/identifier.py:70: UserWarning: Invalid uuid: neutron. To ensure interoperability, identifiers should be a valid uuid. warnings.warn(('Invalid uuid: %s. To ensure interoperability, '
2026-03-06 23:16:02.663 7 INFO neutron_taas.services.taas.taas_plugin [req-ceda12a8-6e7d-4775-9494-a9489a373c3d req-4a868d22-16be-4c80-b01d-ce076fdce469 2d0d2e7aa79b45af83b337644f9dc7b6 18d4a3a265484370a22d0292b2533f04 - - default default] TaaS: Handle Delete Port: c6073142-d84d-45e1-aea0-56c0513d0b1e
2026-03-06 23:16:02.666 7 INFO neutron_taas.services.taas.tap_mirror_plugin [req-ceda12a8-6e7d-4775-9494-a9489a373c3d req-4a868d22-16be-4c80-b01d-ce076fdce469 2d0d2e7aa79b45af83b337644f9dc7b6 18d4a3a265484370a22d0292b2533f04 - - default default] Tap Mirror: Handle Delete Port: c6073142-d84d-45e1-aea0-56c0513d0b1e [pid: 7|app: 0|req: 1838/3685] 162.253.55.74 () {36 vars in 996 bytes} [Fri Mar 6 23:16:02 2026] DELETE /v2.0/ports/c6073142-d84d-45e1-aea0-56c0513d0b1e => generated 0 bytes in 307 msecs (HTTP/1.1 204) 3 headers in 131 bytes (1 switches on core 0)
2026-03-06 23:16:04.163 7 INFO neutron.notifiers.nova [-] Nova event matching ['req-8755b555-50a4-416f-b423-17664143ca7f'] response: {'server_uuid': '478704df-0ae8-45aa-b342-555c63c59ec6', 'name': 'network-vif-deleted', 'tag': 'c6073142-d84d-45e1-aea0-56c0513d0b1e', 'status': 'completed', 'code': 200} [pid: 8|app: 0|req: 1848/3686] 10.0.0.95 () {34 vars in 989 bytes} [Fri Mar 6 23:16:05 2026] GET /v2.0/ports?device_id=478704df-0ae8-45aa-b342-555c63c59ec6 => generated 12 bytes in 24 msecs (HTTP/1.1 200) 4 headers in 156 bytes (1 switches on core 0) [pid: 7|app: 0|req: 1840/3689] 10.0.0.211 () {32 vars in 750 bytes} [Fri Mar 6 23:16:10 2026] DELETE /v2.0/security-group-rules/1d78fb91-56f6-4da7-8883-c1b679bb5c01 => generated 0 bytes in 179 msecs (HTTP/1.1 204) 2 headers in 112 bytes (1 switches on core 0)
2026-03-06 23:16:10.712 8 INFO neutron.api.v2.resource [None req-9791d721-d5eb-4c7a-afc7-7b9ab95096fc 2d0d2e7aa79b45af83b337644f9dc7b6 18d4a3a265484370a22d0292b2533f04 - - default default] show failed (client error): The resource could not be found. [pid: 8|app: 0|req: 1850/3690] 10.0.0.211 () {32 vars in 747 bytes} [Fri Mar 6 23:16:10 2026] GET /v2.0/security-group-rules/1d78fb91-56f6-4da7-8883-c1b679bb5c01 => generated 155 bytes in 10 msecs (HTTP/1.1 404) 4 headers in 164 bytes (1 switches on core 0) [pid: 7|app: 0|req: 1841/3691] 10.0.0.211 () {32 vars in 750 bytes} [Fri Mar 6 23:16:10 2026] DELETE /v2.0/security-group-rules/2e07b9e1-1b7c-49a5-a9c4-aaef972520a3 => generated 0 bytes in 148 msecs (HTTP/1.1 204) 2 headers in 112 bytes (1 switches on core 0)
2026-03-06 23:16:10.897 8 INFO neutron.api.v2.resource [None req-7d121011-7d9c-464a-9460-324c2e7f83e0 2d0d2e7aa79b45af83b337644f9dc7b6 18d4a3a265484370a22d0292b2533f04 - - default default] show failed (client error): The resource could not be found. [pid: 8|app: 0|req: 1851/3692] 10.0.0.211 () {32 vars in 747 bytes} [Fri Mar 6 23:16:10 2026] GET /v2.0/security-group-rules/2e07b9e1-1b7c-49a5-a9c4-aaef972520a3 => generated 155 bytes in 13 msecs (HTTP/1.1 404) 4 headers in 164 bytes (1 switches on core 0) [pid: 7|app: 0|req: 1842/3693] 10.0.0.211 () {32 vars in 750 bytes} [Fri Mar 6 23:16:10 2026] DELETE /v2.0/security-group-rules/2056f5b2-b5f2-4f71-b5b8-e5fc13270b77 => generated 0 bytes in 137 msecs (HTTP/1.1 204) 2 headers in 112 bytes (1 switches on core 0)
2026-03-06 23:16:11.061 8 INFO neutron.api.v2.resource [None req-9f8c76b5-6210-4cfa-acdd-b9f9aeec7e83 2d0d2e7aa79b45af83b337644f9dc7b6 18d4a3a265484370a22d0292b2533f04 - - default default] show failed (client error): The resource could not be found. [pid: 8|app: 0|req: 1852/3694] 10.0.0.211 () {32 vars in 747 bytes} [Fri Mar 6 23:16:11 2026] GET /v2.0/security-group-rules/2056f5b2-b5f2-4f71-b5b8-e5fc13270b77 => generated 155 bytes in 15 msecs (HTTP/1.1 404) 4 headers in 164 bytes (1 switches on core 0) [pid: 7|app: 0|req: 1843/3695] 10.0.0.211 () {32 vars in 750 bytes} [Fri Mar 6 23:16:11 2026] DELETE /v2.0/security-group-rules/50c5f737-01a7-494b-9ab7-fa0097dff4f9 => generated 0 bytes in 137 msecs (HTTP/1.1 204) 2 headers in 112 bytes (1 switches on core 0)
2026-03-06 23:16:11.222 8 INFO neutron.api.v2.resource [None req-5082cf29-1dd1-46f2-9217-33135ffdd180 2d0d2e7aa79b45af83b337644f9dc7b6 18d4a3a265484370a22d0292b2533f04 - - default default] show failed (client error): The resource could not be found. [pid: 8|app: 0|req: 1853/3696] 10.0.0.211 () {32 vars in 747 bytes} [Fri Mar 6 23:16:11 2026] GET /v2.0/security-group-rules/50c5f737-01a7-494b-9ab7-fa0097dff4f9 => generated 155 bytes in 15 msecs (HTTP/1.1 404) 4 headers in 164 bytes (1 switches on core 0) [pid: 7|app: 0|req: 1844/3697] 10.0.0.211 () {32 vars in 750 bytes} [Fri Mar 6 23:16:11 2026] DELETE /v2.0/security-group-rules/d861f2bb-db98-4fc3-8a8c-078ed115c2ea => generated 0 bytes in 144 msecs (HTTP/1.1 204) 2 headers in 112 bytes (1 switches on core 0)
2026-03-06 23:16:11.387 8 INFO neutron.api.v2.resource [None req-7f5799ec-8b0c-4881-8871-89d9ae36077d 2d0d2e7aa79b45af83b337644f9dc7b6 18d4a3a265484370a22d0292b2533f04 - - default default] show failed (client error): The resource could not be found. [pid: 8|app: 0|req: 1854/3698] 10.0.0.211 () {32 vars in 747 bytes} [Fri Mar 6 23:16:11 2026] GET /v2.0/security-group-rules/d861f2bb-db98-4fc3-8a8c-078ed115c2ea => generated 155 bytes in 12 msecs (HTTP/1.1 404) 4 headers in 164 bytes (1 switches on core 0) [pid: 7|app: 0|req: 1845/3699] 10.0.0.211 () {32 vars in 750 bytes} [Fri Mar 6 23:16:11 2026] DELETE /v2.0/security-group-rules/0688de69-3ee9-475d-afb6-2e73c6e01ca8 => generated 0 bytes in 128 msecs (HTTP/1.1 204) 2 headers in 112 bytes (1 switches on core 0)
2026-03-06 23:16:11.534 8 INFO neutron.api.v2.resource [None req-48accc07-85da-428e-ad7c-c09ee1528f42 2d0d2e7aa79b45af83b337644f9dc7b6 18d4a3a265484370a22d0292b2533f04 - - default default] show failed (client error): The resource could not be found. [pid: 8|app: 0|req: 1855/3700] 10.0.0.211 () {32 vars in 747 bytes} [Fri Mar 6 23:16:11 2026] GET /v2.0/security-group-rules/0688de69-3ee9-475d-afb6-2e73c6e01ca8 => generated 155 bytes in 11 msecs (HTTP/1.1 404) 4 headers in 164 bytes (1 switches on core 0) [pid: 7|app: 0|req: 1846/3701] 10.0.0.211 () {32 vars in 750 bytes} [Fri Mar 6 23:16:11 2026] DELETE /v2.0/security-group-rules/949e370a-68cd-40d6-9e49-0fc9c00379ca => generated 0 bytes in 198 msecs (HTTP/1.1 204) 2 headers in 112 bytes (1 switches on core 0)
2026-03-06 23:16:11.752 8 INFO neutron.api.v2.resource [None req-f30f59f6-77fb-48b5-b489-09a3edf71a0d 2d0d2e7aa79b45af83b337644f9dc7b6 18d4a3a265484370a22d0292b2533f04 - - default default] show failed (client error): The resource could not be found. [pid: 8|app: 0|req: 1856/3702] 10.0.0.211 () {32 vars in 747 bytes} [Fri Mar 6 23:16:11 2026] GET /v2.0/security-group-rules/949e370a-68cd-40d6-9e49-0fc9c00379ca => generated 155 bytes in 10 msecs (HTTP/1.1 404) 4 headers in 164 bytes (1 switches on core 0) [pid: 7|app: 0|req: 1847/3703] 10.0.0.211 () {32 vars in 750 bytes} [Fri Mar 6 23:16:11 2026] DELETE /v2.0/security-group-rules/46d27878-46f1-4a52-8feb-2069eead1a49 => generated 0 bytes in 132 msecs (HTTP/1.1 204) 2 headers in 112 bytes (1 switches on core 0)
2026-03-06 23:16:11.904 8 INFO neutron.api.v2.resource [None req-79901c74-ebf8-4ef4-ad9d-e56873408ec6 2d0d2e7aa79b45af83b337644f9dc7b6 18d4a3a265484370a22d0292b2533f04 - - default default] show failed (client error): The resource could not be found. [pid: 8|app: 0|req: 1857/3704] 10.0.0.211 () {32 vars in 747 bytes} [Fri Mar 6 23:16:11 2026] GET /v2.0/security-group-rules/46d27878-46f1-4a52-8feb-2069eead1a49 => generated 155 bytes in 12 msecs (HTTP/1.1 404) 4 headers in 164 bytes (1 switches on core 0) [pid: 7|app: 0|req: 1848/3705] 10.0.0.211 () {32 vars in 750 bytes} [Fri Mar 6 23:16:11 2026] DELETE /v2.0/security-group-rules/eaf58da9-907d-486a-9a24-09d8b92ab132 => generated 0 bytes in 139 msecs (HTTP/1.1 204) 2 headers in 112 bytes (1 switches on core 0)
2026-03-06 23:16:12.065 8 INFO neutron.api.v2.resource [None req-321366e8-9ae2-4919-b0a9-08349809b0a2 2d0d2e7aa79b45af83b337644f9dc7b6 18d4a3a265484370a22d0292b2533f04 - - default default] show failed (client error): The resource could not be found. [pid: 8|app: 0|req: 1858/3706] 10.0.0.211 () {32 vars in 747 bytes} [Fri Mar 6 23:16:12 2026] GET /v2.0/security-group-rules/eaf58da9-907d-486a-9a24-09d8b92ab132 => generated 155 bytes in 14 msecs (HTTP/1.1 404) 4 headers in 164 bytes (1 switches on core 0) [pid: 7|app: 0|req: 1849/3707] 10.0.0.211 () {32 vars in 750 bytes} [Fri Mar 6 23:16:12 2026] DELETE /v2.0/security-group-rules/446838f2-be79-4cba-b028-597d0f77e9fb => generated 0 bytes in 136 msecs (HTTP/1.1 204) 2 headers in 112 bytes (1 switches on core 0)
2026-03-06 23:16:12.224 8 INFO neutron.api.v2.resource [None req-6eec6bbc-d7a3-4624-9d1c-62f5da00f1ae 2d0d2e7aa79b45af83b337644f9dc7b6 18d4a3a265484370a22d0292b2533f04 - - default default] show failed (client error): The resource could not be found. [pid: 8|app: 0|req: 1859/3708] 10.0.0.211 () {32 vars in 747 bytes} [Fri Mar 6 23:16:12 2026] GET /v2.0/security-group-rules/446838f2-be79-4cba-b028-597d0f77e9fb => generated 155 bytes in 13 msecs (HTTP/1.1 404) 4 headers in 164 bytes (1 switches on core 0) [pid: 7|app: 0|req: 1850/3709] 10.0.0.211 () {32 vars in 750 bytes} [Fri Mar 6 23:16:12 2026] DELETE /v2.0/security-group-rules/dc7af542-4bd2-49c7-8c54-461231359b18 => generated 0 bytes in 126 msecs (HTTP/1.1 204) 2 headers in 112 bytes (1 switches on core 0)
2026-03-06 23:16:12.374 8 INFO neutron.api.v2.resource [None req-b988ec23-518e-475b-90fc-ebc77199f77d 2d0d2e7aa79b45af83b337644f9dc7b6 18d4a3a265484370a22d0292b2533f04 - - default default] show failed (client error): The resource could not be found. [pid: 8|app: 0|req: 1860/3710] 10.0.0.211 () {32 vars in 747 bytes} [Fri Mar 6 23:16:12 2026] GET /v2.0/security-group-rules/dc7af542-4bd2-49c7-8c54-461231359b18 => generated 155 bytes in 14 msecs (HTTP/1.1 404) 4 headers in 164 bytes (1 switches on core 0) [pid: 7|app: 0|req: 1851/3711] 10.0.0.211 () {32 vars in 740 bytes} [Fri Mar 6 23:16:12 2026] DELETE /v2.0/security-groups/9782b369-6e63-431d-aa86-8537e959c2eb => generated 0 bytes in 129 msecs (HTTP/1.1 204) 2 headers in 112 bytes (1 switches on core 0)
2026-03-06 23:16:12.528 8 INFO neutron.api.v2.resource [None req-f881828e-f9e0-4205-9e64-ae86b6ef2e8e 2d0d2e7aa79b45af83b337644f9dc7b6 18d4a3a265484370a22d0292b2533f04 - - default default] show failed (client error): The resource could not be found. [pid: 8|app: 0|req: 1861/3712] 10.0.0.211 () {32 vars in 737 bytes} [Fri Mar 6 23:16:12 2026] GET /v2.0/security-groups/9782b369-6e63-431d-aa86-8537e959c2eb => generated 146 bytes in 16 msecs (HTTP/1.1 404) 4 headers in 164 bytes (1 switches on core 0)
2026-03-06 23:16:12.874 7 INFO neutron_taas.services.taas.taas_plugin [None req-bcb7063e-94a6-4835-bfde-86d9ae3c3d35 2d0d2e7aa79b45af83b337644f9dc7b6 18d4a3a265484370a22d0292b2533f04 - - default default] TaaS: Handle Delete Port: 576648b7-3cbc-4781-ab80-02cc113c44bf
2026-03-06 23:16:12.877 7 INFO neutron_taas.services.taas.tap_mirror_plugin [None req-bcb7063e-94a6-4835-bfde-86d9ae3c3d35 2d0d2e7aa79b45af83b337644f9dc7b6 18d4a3a265484370a22d0292b2533f04 - - default default] Tap Mirror: Handle Delete Port: 576648b7-3cbc-4781-ab80-02cc113c44bf [pid: 7|app: 0|req: 1852/3713] 10.0.0.211 () {34 vars in 789 bytes} [Fri Mar 6 23:16:12 2026] PUT /v2.0/routers/8b12c8ff-76d3-4670-8acd-085e0b73b12d/remove_router_interface => generated 309 bytes in 893 msecs (HTTP/1.1 200) 4 headers in 157 bytes (1 switches on core 0)
2026-03-06 23:16:13.576 8 INFO neutron.api.v2.resource [None req-742a0514-fc12-4d67-924c-1ada351391d5 2d0d2e7aa79b45af83b337644f9dc7b6 18d4a3a265484370a22d0292b2533f04 - - default default] remove_router_interface failed (client error): The resource could not be found. [pid: 8|app: 0|req: 1862/3714] 10.0.0.211 () {34 vars in 789 bytes} [Fri Mar 6 23:16:13 2026] PUT /v2.0/routers/8b12c8ff-76d3-4670-8acd-085e0b73b12d/remove_router_interface => generated 198 bytes in 98 msecs (HTTP/1.1 404) 4 headers in 164 bytes (1 switches on core 0) /var/lib/openstack/lib/python3.12/site-packages/pycadf/identifier.py:70: UserWarning: Invalid uuid: neutron. To ensure interoperability, identifiers should be a valid uuid. warnings.warn(('Invalid uuid: %s. To ensure interoperability, '
2026-03-06 23:16:13.870 7 INFO neutron_taas.services.taas.taas_plugin [None req-9396b54b-f84e-4db9-be8c-418469f9f9bb 2d0d2e7aa79b45af83b337644f9dc7b6 18d4a3a265484370a22d0292b2533f04 - - default default] TaaS: Handle Delete Port: 568deb45-be66-4a4b-b3bb-c75ca82096d2
2026-03-06 23:16:13.874 7 INFO neutron_taas.services.taas.tap_mirror_plugin [None req-9396b54b-f84e-4db9-be8c-418469f9f9bb 2d0d2e7aa79b45af83b337644f9dc7b6 18d4a3a265484370a22d0292b2533f04 - - default default] Tap Mirror: Handle Delete Port: 568deb45-be66-4a4b-b3bb-c75ca82096d2 [pid: 7|app: 0|req: 1853/3715] 10.0.0.211 () {34 vars in 789 bytes} [Fri Mar 6 23:16:13 2026] PUT /v2.0/routers/8b12c8ff-76d3-4670-8acd-085e0b73b12d/remove_router_interface => generated 309 bytes in 846 msecs (HTTP/1.1 200) 4 headers in 157 bytes (1 switches on core 0)
2026-03-06 23:16:14.607 8 INFO neutron.api.v2.resource [None req-8d558353-a4fe-45d6-b037-98159b598569 2d0d2e7aa79b45af83b337644f9dc7b6 18d4a3a265484370a22d0292b2533f04 - - default default] remove_router_interface failed (client error): The resource could not be found. [pid: 8|app: 0|req: 1863/3716] 10.0.0.211 () {34 vars in 789 bytes} [Fri Mar 6 23:16:14 2026] PUT /v2.0/routers/8b12c8ff-76d3-4670-8acd-085e0b73b12d/remove_router_interface => generated 198 bytes in 177 msecs (HTTP/1.1 404) 4 headers in 164 bytes (1 switches on core 0) /var/lib/openstack/lib/python3.12/site-packages/pycadf/identifier.py:70: UserWarning: Invalid uuid: neutron. To ensure interoperability, identifiers should be a valid uuid. warnings.warn(('Invalid uuid: %s. To ensure interoperability, '
2026-03-06 23:16:14.876 7 INFO neutron_taas.services.taas.taas_plugin [None req-9e5d2d00-5468-4965-b644-9162d2aa4a64 2d0d2e7aa79b45af83b337644f9dc7b6 18d4a3a265484370a22d0292b2533f04 - - default default] TaaS: Handle Delete Port: 99753f75-1409-433b-b056-441ae066e935
2026-03-06 23:16:14.880 7 INFO neutron_taas.services.taas.tap_mirror_plugin [None req-9e5d2d00-5468-4965-b644-9162d2aa4a64 2d0d2e7aa79b45af83b337644f9dc7b6 18d4a3a265484370a22d0292b2533f04 - - default default] Tap Mirror: Handle Delete Port: 99753f75-1409-433b-b056-441ae066e935 [pid: 7|app: 0|req: 1854/3717] 10.0.0.211 () {34 vars in 789 bytes} [Fri Mar 6 23:16:14 2026] PUT /v2.0/routers/8b12c8ff-76d3-4670-8acd-085e0b73b12d/remove_router_interface => generated 309 bytes in 832 msecs (HTTP/1.1 200) 4 headers in 157 bytes (1 switches on core 0)
2026-03-06 23:16:15.564 8 INFO neutron.api.v2.resource [None req-56f2e485-bec3-4854-a928-a29d735b5732 2d0d2e7aa79b45af83b337644f9dc7b6 18d4a3a265484370a22d0292b2533f04 - - default default] remove_router_interface failed (client error): The resource could not be found. [pid: 8|app: 0|req: 1864/3718] 10.0.0.211 () {34 vars in 789 bytes} [Fri Mar 6 23:16:15 2026] PUT /v2.0/routers/8b12c8ff-76d3-4670-8acd-085e0b73b12d/remove_router_interface => generated 198 bytes in 114 msecs (HTTP/1.1 404) 4 headers in 164 bytes (1 switches on core 0) /var/lib/openstack/lib/python3.12/site-packages/pycadf/identifier.py:70: UserWarning: Invalid uuid: neutron. To ensure interoperability, identifiers should be a valid uuid. warnings.warn(('Invalid uuid: %s. To ensure interoperability, '
2026-03-06 23:16:15.839 7 INFO neutron_taas.services.taas.taas_plugin [None req-6f651dc9-f47e-41c4-96b2-c008229d8443 2d0d2e7aa79b45af83b337644f9dc7b6 18d4a3a265484370a22d0292b2533f04 - - default default] TaaS: Handle Delete Port: 665e7e97-3603-4b33-a822-6fa691c253d8
2026-03-06 23:16:15.842 7 INFO neutron_taas.services.taas.tap_mirror_plugin [None req-6f651dc9-f47e-41c4-96b2-c008229d8443 2d0d2e7aa79b45af83b337644f9dc7b6 18d4a3a265484370a22d0292b2533f04 - - default default] Tap Mirror: Handle Delete Port: 665e7e97-3603-4b33-a822-6fa691c253d8 [pid: 7|app: 0|req: 1855/3719] 10.0.0.211 () {32 vars in 724 bytes} [Fri Mar 6 23:16:15 2026] DELETE /v2.0/routers/8b12c8ff-76d3-4670-8acd-085e0b73b12d => generated 0 bytes in 760 msecs (HTTP/1.1 204) 2 headers in 112 bytes (1 switches on core 0)
2026-03-06 23:16:16.358 8 INFO neutron.api.v2.resource [None req-f7e6de09-5056-4428-ac92-be93727bcf7f 2d0d2e7aa79b45af83b337644f9dc7b6 18d4a3a265484370a22d0292b2533f04 - - default default] show failed (client error): The resource could not be found. [pid: 8|app: 0|req: 1865/3720] 10.0.0.211 () {32 vars in 721 bytes} [Fri Mar 6 23:16:16 2026] GET /v2.0/routers/8b12c8ff-76d3-4670-8acd-085e0b73b12d => generated 135 bytes in 25 msecs (HTTP/1.1 404) 4 headers in 164 bytes (1 switches on core 0) [pid: 7|app: 0|req: 1856/3721] 10.0.0.211 () {32 vars in 724 bytes} [Fri Mar 6 23:16:16 2026] DELETE /v2.0/subnets/3e27cb6b-6388-4fc4-8b92-75b9f7e0e652 => generated 0 bytes in 146 msecs (HTTP/1.1 204) 3 headers in 131 bytes (1 switches on core 0)
2026-03-06 23:16:16.529 8 INFO neutron.pecan_wsgi.hooks.translation [None req-d371aa07-c1e9-465c-bee8-750b4c0caf10 2d0d2e7aa79b45af83b337644f9dc7b6 18d4a3a265484370a22d0292b2533f04 - - default default] GET failed (client error): The resource could not be found. [pid: 8|app: 0|req: 1866/3722] 10.0.0.211 () {32 vars in 721 bytes} [Fri Mar 6 23:16:16 2026] GET /v2.0/subnets/3e27cb6b-6388-4fc4-8b92-75b9f7e0e652 => generated 136 bytes in 16 msecs (HTTP/1.1 404) 4 headers in 164 bytes (1 switches on core 0) [pid: 7|app: 0|req: 1857/3723] 10.0.0.211 () {32 vars in 724 bytes} [Fri Mar 6 23:16:16 2026] DELETE /v2.0/subnets/0e6de56f-63e0-4c72-a28b-17930fb3d32c => generated 0 bytes in 183 msecs (HTTP/1.1 204) 3 headers in 131 bytes (1 switches on core 0)
2026-03-06 23:16:16.733 8 INFO neutron.pecan_wsgi.hooks.translation [None req-88415833-2232-493e-a8bb-565feca5c840 2d0d2e7aa79b45af83b337644f9dc7b6 18d4a3a265484370a22d0292b2533f04 - - default default] GET failed (client error): The resource could not be found. [pid: 8|app: 0|req: 1867/3724] 10.0.0.211 () {32 vars in 721 bytes} [Fri Mar 6 23:16:16 2026] GET /v2.0/subnets/0e6de56f-63e0-4c72-a28b-17930fb3d32c => generated 136 bytes in 12 msecs (HTTP/1.1 404) 4 headers in 164 bytes (1 switches on core 0)
2026-03-06 23:16:16.854 7 INFO neutron_taas.services.taas.taas_plugin [None req-88d6b91e-668e-4d60-8be4-0cf505f1f6a9 2d0d2e7aa79b45af83b337644f9dc7b6 18d4a3a265484370a22d0292b2533f04 - - default default] TaaS: Handle Delete Port: f2da07d6-02ed-4d88-af50-3f2e86cef9e8
2026-03-06 23:16:16.857 7 INFO neutron_taas.services.taas.tap_mirror_plugin [None req-88d6b91e-668e-4d60-8be4-0cf505f1f6a9 2d0d2e7aa79b45af83b337644f9dc7b6 18d4a3a265484370a22d0292b2533f04 - - default default] Tap Mirror: Handle Delete Port: f2da07d6-02ed-4d88-af50-3f2e86cef9e8
2026-03-06 23:16:17.073 7 INFO neutron.services.segments.plugin [-] Segment 04d9a231-fb17-4e9c-b781-9a5aacca19f1 resource provider aggregate not found
2026-03-06 23:16:17.081 7 INFO neutron.services.segments.plugin [-] Segment 04d9a231-fb17-4e9c-b781-9a5aacca19f1 resource provider aggregate not found
2026-03-06 23:16:17.089 7 INFO neutron.services.segments.plugin [-] Segment 04d9a231-fb17-4e9c-b781-9a5aacca19f1 resource provider not found; error: Placement Client Error (4xx): {"errors": [{"status": 404, "title": "Not Found", "detail": "The resource could not be found.\n\n No resource provider with uuid 04d9a231-fb17-4e9c-b781-9a5aacca19f1 found for delete ", "request_id": "req-1e80da37-d0d3-4293-8427-97d5cdd13d24"}]}
2026-03-06 23:16:17.099 7 INFO neutron.services.segments.plugin [-] Segment 04d9a231-fb17-4e9c-b781-9a5aacca19f1 resource provider not found; error: Placement Client Error (4xx): {"errors": [{"status": 404, "title": "Not Found", "detail": "The resource could not be found.\n\n No resource provider with uuid 04d9a231-fb17-4e9c-b781-9a5aacca19f1 found for delete ", "request_id": "req-8ccbd6b9-bc8e-40a5-a199-e0efaa5840ad"}]} [pid: 7|app: 0|req: 1858/3725] 10.0.0.211 () {32 vars in 726 bytes} [Fri Mar 6 23:16:16 2026] DELETE /v2.0/networks/16d44cb1-8826-4324-977e-739134d71d8d => generated 0 bytes in 404 msecs (HTTP/1.1 204) 3 headers in 131 bytes (1 switches on core 0)
2026-03-06 23:16:17.172 8 INFO neutron.pecan_wsgi.hooks.translation [None req-7d5d4690-1e0a-47db-8ab3-214b72bce1c9 2d0d2e7aa79b45af83b337644f9dc7b6 18d4a3a265484370a22d0292b2533f04 - - default default] GET failed (client error): The resource could not be found. [pid: 8|app: 0|req: 1868/3726] 10.0.0.211 () {32 vars in 723 bytes} [Fri Mar 6 23:16:17 2026] GET /v2.0/networks/16d44cb1-8826-4324-977e-739134d71d8d => generated 138 bytes in 19 msecs (HTTP/1.1 404) 4 headers in 164 bytes (1 switches on core 0) [pid: 7|app: 0|req: 1859/3727] 10.0.0.211 () {32 vars in 724 bytes} [Fri Mar 6 23:16:17 2026] DELETE /v2.0/subnets/25431c42-e37d-4d4c-8362-64103755850c => generated 0 bytes in 151 msecs (HTTP/1.1 204) 3 headers in 131 bytes (1 switches on core 0)
2026-03-06 23:16:17.352 8 INFO neutron.pecan_wsgi.hooks.translation [None req-a2e086b8-3760-4595-beb1-dde813346552 2d0d2e7aa79b45af83b337644f9dc7b6 18d4a3a265484370a22d0292b2533f04 - - default default] GET failed (client error): The resource could not be found. [pid: 8|app: 0|req: 1869/3728] 10.0.0.211 () {32 vars in 721 bytes} [Fri Mar 6 23:16:17 2026] GET /v2.0/subnets/25431c42-e37d-4d4c-8362-64103755850c => generated 136 bytes in 16 msecs (HTTP/1.1 404) 4 headers in 164 bytes (1 switches on core 0) [pid: 7|app: 0|req: 1860/3729] 10.0.0.211 () {32 vars in 724 bytes} [Fri Mar 6 23:16:17 2026] DELETE /v2.0/subnets/3e724fb3-c184-4801-b942-bf1551cdc28f => generated 0 bytes in 164 msecs (HTTP/1.1 204) 3 headers in 131 bytes (1 switches on core 0)
2026-03-06 23:16:17.541 8 INFO neutron.pecan_wsgi.hooks.translation [None req-72ba21ff-705a-4c78-80d3-8064ae37365e 2d0d2e7aa79b45af83b337644f9dc7b6 18d4a3a265484370a22d0292b2533f04 - - default default] GET failed (client error): The resource could not be found. [pid: 8|app: 0|req: 1870/3730] 10.0.0.211 () {32 vars in 721 bytes} [Fri Mar 6 23:16:17 2026] GET /v2.0/subnets/3e724fb3-c184-4801-b942-bf1551cdc28f => generated 136 bytes in 17 msecs (HTTP/1.1 404) 4 headers in 164 bytes (1 switches on core 0)
2026-03-06 23:16:17.671 7 INFO neutron_taas.services.taas.taas_plugin [None req-5d427e88-a27b-4f73-9514-25df22017d2b 2d0d2e7aa79b45af83b337644f9dc7b6 18d4a3a265484370a22d0292b2533f04 - - default default] TaaS: Handle Delete Port: 0a2d4a74-fe60-404d-a0c9-dc57c1b0287f
2026-03-06 23:16:17.674 7 INFO neutron_taas.services.taas.tap_mirror_plugin [None req-5d427e88-a27b-4f73-9514-25df22017d2b 2d0d2e7aa79b45af83b337644f9dc7b6 18d4a3a265484370a22d0292b2533f04 - - default default] Tap Mirror: Handle Delete Port: 0a2d4a74-fe60-404d-a0c9-dc57c1b0287f [pid: 7|app: 0|req: 1861/3731] 10.0.0.211 () {32 vars in 726 bytes} [Fri Mar 6 23:16:17 2026] DELETE /v2.0/networks/7e3ad77e-643a-40fd-8189-97e72fe6a8b6 => generated 0 bytes in 465 msecs (HTTP/1.1 204) 3 headers in 131 bytes (1 switches on core 0)
2026-03-06 23:16:18.042 8 INFO neutron.pecan_wsgi.hooks.translation [None req-ffdab1c7-19aa-45e1-ba78-fbe382d051db 2d0d2e7aa79b45af83b337644f9dc7b6 18d4a3a265484370a22d0292b2533f04 - - default default] GET failed (client error): The resource could not be found. [pid: 8|app: 0|req: 1871/3732] 10.0.0.211 () {32 vars in 723 bytes} [Fri Mar 6 23:16:18 2026] GET /v2.0/networks/7e3ad77e-643a-40fd-8189-97e72fe6a8b6 => generated 138 bytes in 16 msecs (HTTP/1.1 404) 4 headers in 164 bytes (1 switches on core 0) [pid: 7|app: 0|req: 1862/3733] 10.0.0.211 () {32 vars in 724 bytes} [Fri Mar 6 23:16:18 2026] DELETE /v2.0/subnets/8d01ef74-78a2-4850-86bf-6a5872ccd429 => generated 0 bytes in 140 msecs (HTTP/1.1 204) 3 headers in 131 bytes (1 switches on core 0)
2026-03-06 23:16:18.210 8 INFO neutron.pecan_wsgi.hooks.translation [None req-5437a3dc-f350-4b66-a6a1-3394b443979b 2d0d2e7aa79b45af83b337644f9dc7b6 18d4a3a265484370a22d0292b2533f04 - - default default] GET failed (client error): The resource could not be found. [pid: 8|app: 0|req: 1872/3734] 10.0.0.211 () {32 vars in 721 bytes} [Fri Mar 6 23:16:18 2026] GET /v2.0/subnets/8d01ef74-78a2-4850-86bf-6a5872ccd429 => generated 136 bytes in 18 msecs (HTTP/1.1 404) 4 headers in 164 bytes (1 switches on core 0) [pid: 7|app: 0|req: 1863/3735] 10.0.0.211 () {32 vars in 724 bytes} [Fri Mar 6 23:16:18 2026] DELETE /v2.0/subnets/944d20f4-a7ac-4927-b85c-b32fc9f4eb0c => generated 0 bytes in 211 msecs (HTTP/1.1 204) 3 headers in 131 bytes (1 switches on core 0)
2026-03-06 23:16:18.449 8 INFO neutron.pecan_wsgi.hooks.translation [None req-17821a21-ecee-498e-b723-f2099a925650 2d0d2e7aa79b45af83b337644f9dc7b6 18d4a3a265484370a22d0292b2533f04 - - default default] GET failed (client error): The resource could not be found. [pid: 8|app: 0|req: 1873/3736] 10.0.0.211 () {32 vars in 721 bytes} [Fri Mar 6 23:16:18 2026] GET /v2.0/subnets/944d20f4-a7ac-4927-b85c-b32fc9f4eb0c => generated 136 bytes in 20 msecs (HTTP/1.1 404) 4 headers in 164 bytes (1 switches on core 0)
2026-03-06 23:16:18.580 7 INFO neutron_taas.services.taas.taas_plugin [None req-508456cd-43dc-4285-8b40-4e9fa251f563 2d0d2e7aa79b45af83b337644f9dc7b6 18d4a3a265484370a22d0292b2533f04 - - default default] TaaS: Handle Delete Port: af250e62-7a7c-4770-be06-d74173f4d905
2026-03-06 23:16:18.583 7 INFO neutron_taas.services.taas.tap_mirror_plugin [None req-508456cd-43dc-4285-8b40-4e9fa251f563 2d0d2e7aa79b45af83b337644f9dc7b6 18d4a3a265484370a22d0292b2533f04 - - default default] Tap Mirror: Handle Delete Port: af250e62-7a7c-4770-be06-d74173f4d905 [pid: 7|app: 0|req: 1864/3737] 10.0.0.211 () {32 vars in 726 bytes} [Fri Mar 6 23:16:18 2026] DELETE /v2.0/networks/96befa6e-fc1b-4f78-8306-c5d7d712f1c1 => generated 0 bytes in 393 msecs (HTTP/1.1 204) 3 headers in 131 bytes (1 switches on core 0)
2026-03-06 23:16:18.877 8 INFO neutron.pecan_wsgi.hooks.translation [None req-154bc662-3b64-4d6e-9231-749df209ee8d 2d0d2e7aa79b45af83b337644f9dc7b6 18d4a3a265484370a22d0292b2533f04 - - default default] GET failed (client error): The resource could not be found. [pid: 8|app: 0|req: 1874/3738] 10.0.0.211 () {32 vars in 723 bytes} [Fri Mar 6 23:16:18 2026] GET /v2.0/networks/96befa6e-fc1b-4f78-8306-c5d7d712f1c1 => generated 138 bytes in 19 msecs (HTTP/1.1 404) 4 headers in 164 bytes (1 switches on core 0)
2026-03-06 23:16:19.114 7 INFO neutron.services.segments.plugin [-] Segment a191fa71-2830-445d-861b-ddac54d15d50 resource provider aggregate not found
2026-03-06 23:16:19.125 7 INFO neutron.services.segments.plugin [-] Segment a191fa71-2830-445d-861b-ddac54d15d50 resource provider aggregate not found
2026-03-06 23:16:19.131 7 INFO neutron.services.segments.plugin [-] Segment a191fa71-2830-445d-861b-ddac54d15d50 resource provider not found; error: Placement Client Error (4xx): {"errors": [{"status": 404, "title": "Not Found", "detail": "The resource could not be found.\n\n No resource provider with uuid a191fa71-2830-445d-861b-ddac54d15d50 found for delete ", "request_id": "req-4a34e3f8-5feb-4465-947c-efccf4568689"}]}
2026-03-06 23:16:19.147 7 INFO neutron.services.segments.plugin [-] Segment a191fa71-2830-445d-861b-ddac54d15d50 resource provider not found; error: Placement Client Error (4xx): {"errors": [{"status": 404, "title": "Not Found", "detail": "The resource could not be found.\n\n No resource provider with uuid a191fa71-2830-445d-861b-ddac54d15d50 found for delete ", "request_id": "req-23eb1440-7d25-4e66-8fa9-0391ce92e945"}]}
2026-03-06 23:16:19.151 7 INFO neutron.services.segments.plugin [-] Segment 76360d4a-fe0c-48db-88c2-fccc3f380f87 resource provider aggregate not found
2026-03-06 23:16:19.166 7 INFO neutron.services.segments.plugin [-] Segment 76360d4a-fe0c-48db-88c2-fccc3f380f87 resource provider aggregate not found
2026-03-06 23:16:19.178 7 INFO neutron.services.segments.plugin [-] Segment 76360d4a-fe0c-48db-88c2-fccc3f380f87 resource provider not found; error: Placement Client Error (4xx): {"errors": [{"status": 404, "title": "Not Found", "detail": "The resource could not be found.\n\n No resource provider with uuid 76360d4a-fe0c-48db-88c2-fccc3f380f87 found for delete ", "request_id": "req-7d347eb4-9fe3-415f-b4bd-b2015efa6b0a"}]}
2026-03-06 23:16:19.194 7 INFO neutron.services.segments.plugin [-] Segment 76360d4a-fe0c-48db-88c2-fccc3f380f87 resource provider not found; error: Placement Client Error (4xx): {"errors": [{"status": 404, "title": "Not Found", "detail": "The resource could not be found.\n\n No resource provider with uuid 76360d4a-fe0c-48db-88c2-fccc3f380f87 found for delete ", "request_id": "req-871199e8-2073-40d6-b07d-99c03887a8c0"}]}
2026-03-06 23:16:21.017 7 INFO neutron.db.ovn_revision_numbers_db [None req-59fda8be-3744-49b3-8d9a-abdab47b7107 9d4e1685ace348409c5a0a9b64e17fbd 12ba9ce4a3fe4928869e4bc69d203edc - - default default] Successfully bumped revision number for resource 5174f256-006c-4804-9bdf-10ea55fc1278 (type: security_groups) to 1
2026-03-06 23:16:21.028 7 INFO neutron.db.ovn_revision_numbers_db [None req-59fda8be-3744-49b3-8d9a-abdab47b7107 9d4e1685ace348409c5a0a9b64e17fbd 12ba9ce4a3fe4928869e4bc69d203edc - - default default] Successfully bumped revision number for resource 2d09f258-86c6-4a58-9f16-2722d2fd7bb9 (type: security_group_rules) to 0
2026-03-06 23:16:21.040 7 INFO neutron.db.ovn_revision_numbers_db [None req-59fda8be-3744-49b3-8d9a-abdab47b7107 9d4e1685ace348409c5a0a9b64e17fbd 12ba9ce4a3fe4928869e4bc69d203edc - - default default] Successfully bumped revision number for resource 5ce73f4b-acf7-4621-bbd6-d09fc4996ed4 (type: security_group_rules) to 0
2026-03-06 23:16:21.051 7 INFO neutron.db.ovn_revision_numbers_db [None req-59fda8be-3744-49b3-8d9a-abdab47b7107 9d4e1685ace348409c5a0a9b64e17fbd 12ba9ce4a3fe4928869e4bc69d203edc - - default default] Successfully bumped revision number for resource 7e6c521b-4d69-4b12-8cbd-c9afc296768e (type: security_group_rules) to 0
2026-03-06 23:16:21.063 7 INFO neutron.db.ovn_revision_numbers_db [None req-59fda8be-3744-49b3-8d9a-abdab47b7107 9d4e1685ace348409c5a0a9b64e17fbd 12ba9ce4a3fe4928869e4bc69d203edc - - default default] Successfully bumped revision number for resource f90fc420-87cb-442b-a8fd-ec97c498cd5c (type: security_group_rules) to 0 [pid: 7|app: 0|req: 1865/3739] 10.0.0.211 () {32 vars in 774 bytes} [Fri Mar 6 23:16:20 2026] GET /v2.0/security-groups?tenant_id=901ed5b3f5694f0ab60fdb997e0c23a4&name=default => generated 2929 bytes in 347 msecs (HTTP/1.1 200) 4 headers in 158 bytes (1 switches on core 0) [pid: 8|app: 0|req: 1875/3740] 10.0.0.211 () {32 vars in 740 bytes} [Fri Mar 6 23:16:21 2026] DELETE /v2.0/security-groups/5174f256-006c-4804-9bdf-10ea55fc1278 => generated 0 bytes in 302 msecs (HTTP/1.1 204) 2 headers in 112 bytes (1 switches on core 0)
2026-03-06 23:16:21.724 7 INFO neutron.db.ovn_revision_numbers_db [None req-1c7ee5ef-46d4-413e-ba36-725c7a2afaf8 9d4e1685ace348409c5a0a9b64e17fbd 12ba9ce4a3fe4928869e4bc69d203edc - - default default] Successfully bumped revision number for resource 88c242d9-e5fc-4439-91ea-e10edb9ec369 (type: security_groups) to 1
2026-03-06 23:16:21.735 7 INFO neutron.db.ovn_revision_numbers_db [None req-1c7ee5ef-46d4-413e-ba36-725c7a2afaf8 9d4e1685ace348409c5a0a9b64e17fbd 12ba9ce4a3fe4928869e4bc69d203edc - - default default] Successfully bumped revision number for resource 02aeebb1-47e6-4841-831d-5d48aeb8647c (type: security_group_rules) to 0
2026-03-06 23:16:21.749 7 INFO neutron.db.ovn_revision_numbers_db [None req-1c7ee5ef-46d4-413e-ba36-725c7a2afaf8 9d4e1685ace348409c5a0a9b64e17fbd 12ba9ce4a3fe4928869e4bc69d203edc - - default default] Successfully bumped revision number for resource 39b588dc-5df4-44f7-99f1-75a174fd008e (type: security_group_rules) to 0
2026-03-06 23:16:21.766 7 INFO neutron.db.ovn_revision_numbers_db [None req-1c7ee5ef-46d4-413e-ba36-725c7a2afaf8 9d4e1685ace348409c5a0a9b64e17fbd 12ba9ce4a3fe4928869e4bc69d203edc - - default default] Successfully bumped revision number for resource 5952eeb5-3986-439b-8621-901c710f80fa (type: security_group_rules) to 0
2026-03-06 23:16:21.780 7 INFO neutron.db.ovn_revision_numbers_db [None req-1c7ee5ef-46d4-413e-ba36-725c7a2afaf8 9d4e1685ace348409c5a0a9b64e17fbd 12ba9ce4a3fe4928869e4bc69d203edc - - default default] Successfully bumped revision number for resource 9a15cd5a-72ae-426d-8a98-8fe07940904b (type: security_group_rules) to 0 [pid: 7|app: 0|req: 1866/3741] 10.0.0.211 () {32 vars in 774 bytes} [Fri Mar 6 23:16:21 2026] GET /v2.0/security-groups?tenant_id=863f1954bb914f06847eea3b9efeba49&name=default => generated 2929 bytes in 295 msecs (HTTP/1.1 200) 4 headers in 158 bytes (1 switches on core 0) [pid: 8|app: 0|req: 1876/3742] 10.0.0.84 () {28 vars in 590 bytes} [Fri Mar 6 23:16:21 2026] GET /v2.0/floatingips => generated 19 bytes in 143 msecs (HTTP/1.1 200) 4 headers in 156 bytes (1 switches on core 0) [pid: 8|app: 0|req: 1877/3743] 10.0.0.84 () {28 vars in 584 bytes} [Fri Mar 6 23:16:21 2026] GET /v2.0/networks => generated 2288 bytes in 48 msecs (HTTP/1.1 200) 4 headers in 158 bytes (1 switches on core 0) [pid: 8|app: 0|req: 1878/3744] 10.0.0.84 () {28 vars in 582 bytes} [Fri Mar 6 23:16:21 2026] GET /v2.0/subnets => generated 1308 bytes in 30 msecs (HTTP/1.1 200) 4 headers in 158 bytes (1 switches on core 0) [pid: 8|app: 0|req: 1879/3745] 10.0.0.84 () {28 vars in 582 bytes} [Fri Mar 6 23:16:21 2026] GET /v2.0/routers => generated 15 bytes in 20 msecs (HTTP/1.1 200) 4 headers in 156 bytes (1 switches on core 0) [pid: 8|app: 0|req: 1880/3746] 10.0.0.84 () {28 vars in 623 bytes} [Fri Mar 6 23:16:21 2026] GET /v2.0/agents?binary=ovn-controller => generated 416 bytes in 44 msecs (HTTP/1.1 200) 4 headers in 157 bytes (1 switches on core 0) [pid: 8|app: 0|req: 1881/3747] 10.0.0.84 () {28 vars in 582 bytes} [Fri Mar 6 23:16:22 2026] GET /v2.0/subnets => generated 1308 bytes in 47 msecs (HTTP/1.1 200) 4 headers in 158 bytes (1 switches on core 0) [pid: 8|app: 0|req: 1882/3748] 10.0.0.84 () {28 vars in 590 bytes} [Fri Mar 6 23:16:22 2026] GET /v2.0/subnetpools => generated 19 bytes in 17 msecs (HTTP/1.1 200) 4 headers in 156 bytes (1 switches on core 0) [pid: 8|app: 0|req: 1883/3749] 10.0.0.84 () {28 vars in 580 bytes} [Fri Mar 6 23:16:22 2026] GET /v2.0/agents => generated 1214 bytes in 45 msecs (HTTP/1.1 200) 4 headers in 158 bytes (1 switches on core 0) [pid: 7|app: 0|req: 1867/3750] 10.0.0.211 () {32 vars in 740 bytes} [Fri Mar 6 23:16:21 2026] DELETE /v2.0/security-groups/88c242d9-e5fc-4439-91ea-e10edb9ec369 => generated 0 bytes in 295 msecs (HTTP/1.1 204) 2 headers in 112 bytes (1 switches on core 0) [pid: 8|app: 0|req: 1884/3751] 10.0.0.84 () {28 vars in 618 bytes} [Fri Mar 6 23:16:22 2026] GET /v2.0/network-ip-availabilities => generated 1104 bytes in 22 msecs (HTTP/1.1 200) 4 headers in 158 bytes (1 switches on core 0) [pid: 7|app: 0|req: 1868/3752] 10.0.0.84 () {28 vars in 578 bytes} [Fri Mar 6 23:16:22 2026] GET /v2.0/ports => generated 5171 bytes in 49 msecs (HTTP/1.1 200) 4 headers in 158 bytes (1 switches on core 0) [pid: 8|app: 0|req: 1885/3753] 10.0.0.84 () {28 vars in 598 bytes} [Fri Mar 6 23:16:22 2026] GET /v2.0/security-groups => generated 20305 bytes in 35 msecs (HTTP/1.1 200) 4 headers in 159 bytes (1 switches on core 0)
2026-03-06 23:16:22.399 7 INFO neutron.db.ovn_revision_numbers_db [None req-8acd0f71-1a89-469f-91b7-c05f4571bb2f 9d4e1685ace348409c5a0a9b64e17fbd 12ba9ce4a3fe4928869e4bc69d203edc - - default default] Successfully bumped revision number for resource 98178303-b8c2-4dcc-a561-2eb88861cd9b (type: security_groups) to 1
2026-03-06 23:16:22.410 7 INFO neutron.db.ovn_revision_numbers_db [None req-8acd0f71-1a89-469f-91b7-c05f4571bb2f 9d4e1685ace348409c5a0a9b64e17fbd 12ba9ce4a3fe4928869e4bc69d203edc - - default default] Successfully bumped revision number for resource 068f9820-e8a6-45d2-a5be-35c407316f05 (type: security_group_rules) to 0
2026-03-06 23:16:22.422 7 INFO neutron.db.ovn_revision_numbers_db [None req-8acd0f71-1a89-469f-91b7-c05f4571bb2f 9d4e1685ace348409c5a0a9b64e17fbd 12ba9ce4a3fe4928869e4bc69d203edc - - default default] Successfully bumped revision number for resource 6a94e9a1-13a8-4cb0-b959-a679fb1d9a31 (type: security_group_rules) to 0
2026-03-06 23:16:22.432 7 INFO neutron.db.ovn_revision_numbers_db [None req-8acd0f71-1a89-469f-91b7-c05f4571bb2f 9d4e1685ace348409c5a0a9b64e17fbd 12ba9ce4a3fe4928869e4bc69d203edc - - default default] Successfully bumped revision number for resource 7e1f2283-bba4-46b3-8aa2-ba7f87ad71ff (type: security_group_rules) to 0
2026-03-06 23:16:22.444 7 INFO neutron.db.ovn_revision_numbers_db [None req-8acd0f71-1a89-469f-91b7-c05f4571bb2f 9d4e1685ace348409c5a0a9b64e17fbd 12ba9ce4a3fe4928869e4bc69d203edc - - default default] Successfully bumped revision number for resource b46dbdc3-059e-42b5-8ad0-563dae634b44 (type: security_group_rules) to 0 [pid: 7|app: 0|req: 1869/3754] 10.0.0.211 () {32 vars in 774 bytes} [Fri Mar 6 23:16:22 2026] GET /v2.0/security-groups?tenant_id=39c7a568815541bf90a57e5a55572bb2&name=default => generated 2929 bytes in 253 msecs (HTTP/1.1 200) 4 headers in 158 bytes (1 switches on core 0) [pid: 8|app: 0|req: 1886/3755] 10.0.0.211 () {32 vars in 740 bytes} [Fri Mar 6 23:16:22 2026] DELETE /v2.0/security-groups/98178303-b8c2-4dcc-a561-2eb88861cd9b => generated 0 bytes in 280 msecs (HTTP/1.1 204) 2 headers in 112 bytes (1 switches on core 0)
2026-03-06 23:16:23.074 7 INFO neutron.db.ovn_revision_numbers_db [None req-071895ca-e0aa-4c30-a482-ac6c9e527606 9d4e1685ace348409c5a0a9b64e17fbd 12ba9ce4a3fe4928869e4bc69d203edc - - default default] Successfully bumped revision number for resource eb65e9ed-8a3a-4ae4-bb2a-cf5c0ce63e97 (type: security_groups) to 1
2026-03-06 23:16:23.088 7 INFO neutron.db.ovn_revision_numbers_db [None req-071895ca-e0aa-4c30-a482-ac6c9e527606 9d4e1685ace348409c5a0a9b64e17fbd 12ba9ce4a3f