2026-03-06 23:06:43.854 8 WARNING neutron.api.rpc.agentnotifiers.dhcp_rpc_agent_api [None req-ef5508a1-f070-4bb8-a5c1-798216ca0a7e 9d4e1685ace348409c5a0a9b64e17fbd 12ba9ce4a3fe4928869e4bc69d203edc - - default default] Unable to schedule network ec37c62b-76e9-45bd-9ed6-671036f5a364: no agents available; will retry on subsequent port and subnet creation events. [pid: 7|app: 0|req: 441/936] 10.0.0.211 () {32 vars in 742 bytes} [Fri Mar 6 23:06:43 2026] GET /v2.0/subnets?network_id=b003820d-e0b2-4780-bc6f-396f592d9f30 => generated 649 bytes in 34 msecs (HTTP/1.1 200) 4 headers in 157 bytes (1 switches on core 0) [pid: 7|app: 0|req: 442/937] 10.0.0.95 () {34 vars in 989 bytes} [Fri Mar 6 23:06:43 2026] GET /v2.0/ports?device_id=f837b16d-a8fb-4f00-8b1f-56d95c9d860c => generated 973 bytes in 32 msecs (HTTP/1.1 200) 4 headers in 157 bytes (1 switches on core 0)
2026-03-06 23:06:44.011 7 INFO neutron_taas.services.taas.taas_plugin [None req-6e26aa78-14e2-464d-ab87-3f565f43d00c 9d4e1685ace348409c5a0a9b64e17fbd 12ba9ce4a3fe4928869e4bc69d203edc - - default default] TaaS: Handle Delete Port: ec5a2f52-a906-44bc-a02d-df938713f8b7
2026-03-06 23:06:44.014 7 INFO neutron_taas.services.taas.tap_mirror_plugin [None req-6e26aa78-14e2-464d-ab87-3f565f43d00c 9d4e1685ace348409c5a0a9b64e17fbd 12ba9ce4a3fe4928869e4bc69d203edc - - default default] Tap Mirror: Handle Delete Port: ec5a2f52-a906-44bc-a02d-df938713f8b7
2026-03-06 23:06:44.220 7 INFO neutron.services.segments.plugin [-] Segment 2b576a1b-c8c9-40e4-80ca-189fe71fefa4 resource provider aggregate not found
2026-03-06 23:06:44.227 7 INFO neutron.services.segments.plugin [-] Segment 2b576a1b-c8c9-40e4-80ca-189fe71fefa4 resource provider aggregate not found
2026-03-06 23:06:44.236 7 INFO neutron.services.segments.plugin [-] Segment 2b576a1b-c8c9-40e4-80ca-189fe71fefa4 resource provider not found; error: Placement Client Error (4xx): {"errors": [{"status": 404, "title": "Not Found", "detail": "The resource could not be found.\n\n No resource provider with uuid 2b576a1b-c8c9-40e4-80ca-189fe71fefa4 found for delete ", "request_id": "req-33622248-9f25-4ebb-bedc-0e01834df081"}]}
2026-03-06 23:06:44.244 7 INFO neutron.services.segments.plugin [-] Segment 2b576a1b-c8c9-40e4-80ca-189fe71fefa4 resource provider not found; error: Placement Client Error (4xx): {"errors": [{"status": 404, "title": "Not Found", "detail": "The resource could not be found.\n\n No resource provider with uuid 2b576a1b-c8c9-40e4-80ca-189fe71fefa4 found for delete ", "request_id": "req-494a040f-f71a-4cf1-8399-fa09fb12bcd5"}]} [pid: 7|app: 0|req: 443/938] 10.0.0.211 () {32 vars in 726 bytes} [Fri Mar 6 23:06:43 2026] DELETE /v2.0/networks/6e886211-09f9-4b77-8e52-2f395bb410bd => generated 0 bytes in 409 msecs (HTTP/1.1 204) 3 headers in 131 bytes (1 switches on core 0)
2026-03-06 23:06:44.324 8 INFO neutron.db.ovn_revision_numbers_db [None req-9e889c4d-66bb-4294-969b-03dc5efa4512 - - - - - -] Successfully bumped revision number for resource a26616bb-479e-408d-8c6d-4d19df4ed92a (type: ports) to 2 [pid: 7|app: 0|req: 444/939] 162.253.55.74 () {34 vars in 1051 bytes} [Fri Mar 6 23:06:44 2026] GET /v2.0/ports?network_id=89fdbd26-1b64-4da1-838a-56cdd1288b81&device_owner=network%3Adhcp => generated 12 bytes in 26 msecs (HTTP/1.1 200) 4 headers in 156 bytes (1 switches on core 0) [pid: 7|app: 0|req: 445/940] 10.0.0.211 () {32 vars in 653 bytes} [Fri Mar 6 23:06:44 2026] GET /v2.0/extensions => generated 20541 bytes in 6 msecs (HTTP/1.1 200) 4 headers in 159 bytes (1 switches on core 0)
2026-03-06 23:06:44.359 8 INFO neutron.db.ovn_revision_numbers_db [None req-9e889c4d-66bb-4294-969b-03dc5efa4512 - - - - - -] Successfully bumped revision number for resource 67b123a0-6b2e-453f-9d28-c9f1ab9ce721 (type: subnets) to 0 [pid: 8|app: 0|req: 496/941] 10.0.0.211 () {34 vars in 669 bytes} [Fri Mar 6 23:06:43 2026] POST /v2.0/subnets => generated 692 bytes in 656 msecs (HTTP/1.1 201) 4 headers in 162 bytes (1 switches on core 0) [pid: 7|app: 0|req: 446/942] 10.0.0.95 () {34 vars in 1039 bytes} [Fri Mar 6 23:06:44 2026] GET /v2.0/security-groups?id=faf1083c-0dc3-4502-ac5f-ccbb0d884dfa&fields=id&fields=name => generated 114 bytes in 36 msecs (HTTP/1.1 200) 4 headers in 157 bytes (1 switches on core 0) [pid: 8|app: 0|req: 497/943] 162.253.55.74 () {34 vars in 1011 bytes} [Fri Mar 6 23:06:44 2026] GET /v2.0/networks/89fdbd26-1b64-4da1-838a-56cdd1288b81?fields=segments => generated 14 bytes in 36 msecs (HTTP/1.1 200) 4 headers in 156 bytes (1 switches on core 0) [pid: 7|app: 0|req: 447/944] 10.0.0.211 () {32 vars in 649 bytes} [Fri Mar 6 23:06:44 2026] GET /v2.0/networks => generated 1388 bytes in 61 msecs (HTTP/1.1 200) 4 headers in 158 bytes (1 switches on core 0) [pid: 7|app: 0|req: 448/945] 10.0.0.211 () {32 vars in 774 bytes} [Fri Mar 6 23:06:44 2026] GET /v2.0/security-groups?tenant_id=7b13a626a0fd4c9e97e0a46ab05a9785&name=default => generated 2921 bytes in 32 msecs (HTTP/1.1 200) 4 headers in 158 bytes (1 switches on core 0) [pid: 7|app: 0|req: 449/946] 162.253.55.74 () {34 vars in 1111 bytes} [Fri Mar 6 23:06:44 2026] GET /v2.0/networks/89fdbd26-1b64-4da1-838a-56cdd1288b81?fields=provider%3Aphysical_network&fields=provider%3Anetwork_type => generated 79 bytes in 38 msecs (HTTP/1.1 200) 4 headers in 156 bytes (1 switches on core 0) [pid: 7|app: 0|req: 450/947] 10.0.0.211 () {32 vars in 647 bytes} [Fri Mar 6 23:06:44 2026] GET /v2.0/subnets => generated 1312 bytes in 38 msecs (HTTP/1.1 200) 4 headers in 158 bytes (1 switches on core 0) [pid: 7|app: 0|req: 451/948] 10.0.0.211 () {32 vars in 740 bytes} [Fri Mar 6 23:06:44 2026] DELETE /v2.0/security-groups/131bff3c-56e4-40dd-a75a-30e0b01acb92 => generated 0 bytes in 274 msecs (HTTP/1.1 204) 2 headers in 112 bytes (1 switches on core 0)
2026-03-06 23:06:44.826 8 WARNING neutron.scheduler.dhcp_agent_scheduler [None req-066170e4-999d-4d68-bb76-0e92a076efd6 9d4e1685ace348409c5a0a9b64e17fbd 12ba9ce4a3fe4928869e4bc69d203edc - - default default] No more DHCP agents
2026-03-06 23:06:44.828 8 WARNING neutron.api.rpc.agentnotifiers.dhcp_rpc_agent_api [None req-066170e4-999d-4d68-bb76-0e92a076efd6 9d4e1685ace348409c5a0a9b64e17fbd 12ba9ce4a3fe4928869e4bc69d203edc - - default default] Unable to schedule network b003820d-e0b2-4780-bc6f-396f592d9f30: no agents available; will retry on subsequent port and subnet creation events. [pid: 7|app: 0|req: 452/949] 10.0.0.211 () {32 vars in 723 bytes} [Fri Mar 6 23:06:44 2026] GET /v2.0/networks/8c949190-06cc-4589-8ff8-e0ff8ac34961 => generated 710 bytes in 50 msecs (HTTP/1.1 200) 4 headers in 157 bytes (1 switches on core 0) [pid: 7|app: 0|req: 453/950] 10.0.0.211 () {32 vars in 721 bytes} [Fri Mar 6 23:06:44 2026] GET /v2.0/subnets/ef5bdb13-490a-408e-9ee5-1f9dc1f68859 => generated 673 bytes in 32 msecs (HTTP/1.1 200) 4 headers in 157 bytes (1 switches on core 0)
2026-03-06 23:06:44.954 7 INFO neutron.pecan_wsgi.hooks.translation [None req-8df88701-ddf0-46c5-929f-98bb4dee44d3 ce1d3c182cbf47d9b99fb03f45d43087 61c1976b46a04769893bdcf8a1fbfc18 - - default default] DELETE failed (client error): The resource could not be found. [pid: 7|app: 0|req: 454/951] 10.0.0.211 () {32 vars in 724 bytes} [Fri Mar 6 23:06:44 2026] DELETE /v2.0/subnets/f1e5ef92-b04d-4963-99a1-7820ed352af5 => generated 136 bytes in 38 msecs (HTTP/1.1 404) 4 headers in 164 bytes (1 switches on core 0)
2026-03-06 23:06:44.984 7 INFO neutron.pecan_wsgi.hooks.translation [None req-1bd5921a-1ee5-4441-a510-e673393236e9 ce1d3c182cbf47d9b99fb03f45d43087 61c1976b46a04769893bdcf8a1fbfc18 - - default default] DELETE failed (client error): The resource could not be found. [pid: 7|app: 0|req: 455/952] 10.0.0.211 () {32 vars in 726 bytes} [Fri Mar 6 23:06:44 2026] DELETE /v2.0/networks/8181c39c-0528-4223-914f-2e50a9cac1f9 => generated 138 bytes in 26 msecs (HTTP/1.1 404) 4 headers in 164 bytes (1 switches on core 0)
2026-03-06 23:06:44.995 7 INFO neutron.plugins.ml2.drivers.ovn.mech_driver.mech_driver [None req-2c7f28e3-eac4-470f-af02-27343edb2ec4 - - - - - -] OVN reports status down for port: d1692aa2-1cd6-4252-be07-def0b2329c79
2026-03-06 23:06:44.997 8 INFO neutron.db.ovn_revision_numbers_db [None req-066170e4-999d-4d68-bb76-0e92a076efd6 9d4e1685ace348409c5a0a9b64e17fbd 12ba9ce4a3fe4928869e4bc69d203edc - - default default] Successfully bumped revision number for resource d1692aa2-1cd6-4252-be07-def0b2329c79 (type: ports) to 1 [pid: 7|app: 0|req: 456/953] 10.0.0.211 () {32 vars in 724 bytes} [Fri Mar 6 23:06:44 2026] DELETE /v2.0/subnets/ef5bdb13-490a-408e-9ee5-1f9dc1f68859 => generated 0 bytes in 222 msecs (HTTP/1.1 204) 3 headers in 131 bytes (1 switches on core 0)
2026-03-06 23:06:45.364 7 INFO neutron_taas.services.taas.taas_plugin [None req-4b83182a-ca5e-4288-a38d-b2a3f27a1d47 ce1d3c182cbf47d9b99fb03f45d43087 61c1976b46a04769893bdcf8a1fbfc18 - - default default] TaaS: Handle Delete Port: bf24f7c8-a90d-47d2-b183-4d3b7eb8648d
2026-03-06 23:06:45.367 7 INFO neutron_taas.services.taas.tap_mirror_plugin [None req-4b83182a-ca5e-4288-a38d-b2a3f27a1d47 ce1d3c182cbf47d9b99fb03f45d43087 61c1976b46a04769893bdcf8a1fbfc18 - - default default] Tap Mirror: Handle Delete Port: bf24f7c8-a90d-47d2-b183-4d3b7eb8648d [pid: 7|app: 0|req: 457/954] 10.0.0.211 () {32 vars in 726 bytes} [Fri Mar 6 23:06:45 2026] DELETE /v2.0/networks/8c949190-06cc-4589-8ff8-e0ff8ac34961 => generated 0 bytes in 403 msecs (HTTP/1.1 204) 3 headers in 131 bytes (1 switches on core 0)
2026-03-06 23:06:45.643 8 INFO neutron.plugins.ml2.drivers.ovn.mech_driver.ovsdb.commands [-] Schedule LRP lrp-d1692aa2-1cd6-4252-be07-def0b2329c79 on gateway 14830c50-7ad4-434e-8eb6-8648f4bd55da with priority 1
2026-03-06 23:06:45.786 8 INFO neutron.db.ovn_revision_numbers_db [None req-066170e4-999d-4d68-bb76-0e92a076efd6 9d4e1685ace348409c5a0a9b64e17fbd 12ba9ce4a3fe4928869e4bc69d203edc - - default default] Successfully bumped revision number for resource d1692aa2-1cd6-4252-be07-def0b2329c79 (type: router_ports) to 1
2026-03-06 23:06:45.821 7 INFO neutron.plugins.ml2.drivers.ovn.mech_driver.ovsdb.ovsdb_monitor [None req-139b3b1c-4bd6-4989-9612-fb9e4c5ac861 - - - - - -] Router 07d38a3b-1018-486e-89c4-bf0a2001cd57 is bound to host instance
2026-03-06 23:06:45.854 8 INFO neutron.db.ovn_revision_numbers_db [None req-066170e4-999d-4d68-bb76-0e92a076efd6 9d4e1685ace348409c5a0a9b64e17fbd 12ba9ce4a3fe4928869e4bc69d203edc - - default default] Successfully bumped revision number for resource 07d38a3b-1018-486e-89c4-bf0a2001cd57 (type: routers) to 2
2026-03-06 23:06:45.864 7 INFO neutron.plugins.ml2.drivers.ovn.mech_driver.mech_driver [None req-2c7f28e3-eac4-470f-af02-27343edb2ec4 - - - - - -] OVN reports status up for port: d1692aa2-1cd6-4252-be07-def0b2329c79 [pid: 8|app: 0|req: 498/955] 10.0.0.211 () {34 vars in 669 bytes} [Fri Mar 6 23:06:44 2026] POST /v2.0/routers => generated 970 bytes in 1468 msecs (HTTP/1.1 201) 4 headers in 162 bytes (1 switches on core 0) [pid: 7|app: 0|req: 458/956] 10.0.0.95 () {34 vars in 989 bytes} [Fri Mar 6 23:06:45 2026] GET /v2.0/ports?device_id=f837b16d-a8fb-4f00-8b1f-56d95c9d860c => generated 973 bytes in 279 msecs (HTTP/1.1 200) 4 headers in 157 bytes (1 switches on core 0)
2026-03-06 23:06:45.913 7 INFO neutron.plugins.ml2.plugin [None req-2c7f28e3-eac4-470f-af02-27343edb2ec4 - - - - - -] Attempt 1 to provision port d1692aa2-1cd6-4252-be07-def0b2329c79 [pid: 7|app: 0|req: 459/957] 10.0.0.95 () {34 vars in 1039 bytes} [Fri Mar 6 23:06:45 2026] GET /v2.0/security-groups?id=faf1083c-0dc3-4502-ac5f-ccbb0d884dfa&fields=id&fields=name => generated 114 bytes in 93 msecs (HTTP/1.1 200) 4 headers in 157 bytes (1 switches on core 0)
2026-03-06 23:06:46.258 7 INFO neutron.services.segments.plugin [-] Segment 5fcd4ae8-5e94-44f4-89c5-8ba25487a485 resource provider aggregate not found
2026-03-06 23:06:46.264 7 INFO neutron.services.segments.plugin [-] Segment 5fcd4ae8-5e94-44f4-89c5-8ba25487a485 resource provider aggregate not found
2026-03-06 23:06:46.282 7 INFO neutron.services.segments.plugin [-] Segment 5fcd4ae8-5e94-44f4-89c5-8ba25487a485 resource provider not found; error: Placement Client Error (4xx): {"errors": [{"status": 404, "title": "Not Found", "detail": "The resource could not be found.\n\n No resource provider with uuid 5fcd4ae8-5e94-44f4-89c5-8ba25487a485 found for delete ", "request_id": "req-1f5bc827-94a1-4cc8-9d9f-e99865580d3f"}]}
2026-03-06 23:06:46.283 7 INFO neutron.services.segments.plugin [-] Segment 5fcd4ae8-5e94-44f4-89c5-8ba25487a485 resource provider not found; error: Placement Client Error (4xx): {"errors": [{"status": 404, "title": "Not Found", "detail": "The resource could not be found.\n\n No resource provider with uuid 5fcd4ae8-5e94-44f4-89c5-8ba25487a485 found for delete ", "request_id": "req-54fa90a2-6a00-4053-8c18-105bb61437ef"}]} [pid: 7|app: 0|req: 460/958] 10.0.0.211 () {32 vars in 774 bytes} [Fri Mar 6 23:06:46 2026] GET /v2.0/security-groups?tenant_id=61c1976b46a04769893bdcf8a1fbfc18&name=default => generated 2925 bytes in 261 msecs (HTTP/1.1 200) 4 headers in 158 bytes (1 switches on core 0)
2026-03-06 23:06:46.311 8 WARNING neutron.scheduler.dhcp_agent_scheduler [None req-b6358142-aa4a-40e8-a041-0618d2bce601 9d4e1685ace348409c5a0a9b64e17fbd 12ba9ce4a3fe4928869e4bc69d203edc - - default default] No more DHCP agents
2026-03-06 23:06:46.313 8 WARNING neutron.api.rpc.agentnotifiers.dhcp_rpc_agent_api [None req-b6358142-aa4a-40e8-a041-0618d2bce601 9d4e1685ace348409c5a0a9b64e17fbd 12ba9ce4a3fe4928869e4bc69d203edc - - default default] Unable to schedule network ec37c62b-76e9-45bd-9ed6-671036f5a364: no agents available; will retry on subsequent port and subnet creation events.
2026-03-06 23:06:46.451 8 INFO neutron.db.ovn_revision_numbers_db [None req-b6358142-aa4a-40e8-a041-0618d2bce601 9d4e1685ace348409c5a0a9b64e17fbd 12ba9ce4a3fe4928869e4bc69d203edc - - default default] Successfully bumped revision number for resource 7c071e6f-5ae7-42e3-b5a0-3c79faa63d70 (type: ports) to 1 [pid: 7|app: 0|req: 461/959] 10.0.0.211 () {32 vars in 740 bytes} [Fri Mar 6 23:06:46 2026] DELETE /v2.0/security-groups/c68da9a0-cc30-41ed-8f40-de7c9051c3e1 => generated 0 bytes in 561 msecs (HTTP/1.1 204) 2 headers in 112 bytes (1 switches on core 0)
2026-03-06 23:06:47.261 7 INFO neutron.db.ovn_revision_numbers_db [None req-4eb62177-d67d-4882-b239-0a149937bf25 - - - - - -] Successfully bumped revision number for resource d1692aa2-1cd6-4252-be07-def0b2329c79 (type: ports) to 4
2026-03-06 23:06:47.342 8 WARNING neutron.scheduler.dhcp_agent_scheduler [None req-b6358142-aa4a-40e8-a041-0618d2bce601 9d4e1685ace348409c5a0a9b64e17fbd 12ba9ce4a3fe4928869e4bc69d203edc - - default default] No more DHCP agents
2026-03-06 23:06:47.349 8 WARNING neutron.api.rpc.agentnotifiers.dhcp_rpc_agent_api [None req-b6358142-aa4a-40e8-a041-0618d2bce601 9d4e1685ace348409c5a0a9b64e17fbd 12ba9ce4a3fe4928869e4bc69d203edc - - default default] Unable to schedule network ec37c62b-76e9-45bd-9ed6-671036f5a364: no agents available; will retry on subsequent port and subnet creation events.
2026-03-06 23:06:47.350 7 INFO neutron.db.ovn_revision_numbers_db [None req-ddbb7e49-5f27-4631-a949-4dfa0c003b58 9d4e1685ace348409c5a0a9b64e17fbd 12ba9ce4a3fe4928869e4bc69d203edc - - default default] Successfully bumped revision number for resource adca1803-3260-4906-8c6d-d16a3bebd714 (type: security_groups) to 1
2026-03-06 23:06:47.376 7 INFO neutron.db.ovn_revision_numbers_db [None req-ddbb7e49-5f27-4631-a949-4dfa0c003b58 9d4e1685ace348409c5a0a9b64e17fbd 12ba9ce4a3fe4928869e4bc69d203edc - - default default] Successfully bumped revision number for resource 2f1b9b1d-eaaa-446f-9c3b-fdf9d40f47ea (type: security_group_rules) to 0
2026-03-06 23:06:47.397 7 INFO neutron.db.ovn_revision_numbers_db [None req-ddbb7e49-5f27-4631-a949-4dfa0c003b58 9d4e1685ace348409c5a0a9b64e17fbd 12ba9ce4a3fe4928869e4bc69d203edc - - default default] Successfully bumped revision number for resource 88f49628-7085-4878-a8b2-a3adc85b27f0 (type: security_group_rules) to 0
2026-03-06 23:06:47.428 7 INFO neutron.db.ovn_revision_numbers_db [None req-ddbb7e49-5f27-4631-a949-4dfa0c003b58 9d4e1685ace348409c5a0a9b64e17fbd 12ba9ce4a3fe4928869e4bc69d203edc - - default default] Successfully bumped revision number for resource b107f7a9-cc85-4bae-bc1d-7744b26b1901 (type: security_group_rules) to 0
2026-03-06 23:06:47.478 7 INFO neutron.db.ovn_revision_numbers_db [None req-ddbb7e49-5f27-4631-a949-4dfa0c003b58 9d4e1685ace348409c5a0a9b64e17fbd 12ba9ce4a3fe4928869e4bc69d203edc - - default default] Successfully bumped revision number for resource eb3738b9-d040-4d47-9e21-d1bfec702c28 (type: security_group_rules) to 0
2026-03-06 23:06:47.577 7 INFO neutron.db.segments_db [None req-ddbb7e49-5f27-4631-a949-4dfa0c003b58 9d4e1685ace348409c5a0a9b64e17fbd 12ba9ce4a3fe4928869e4bc69d203edc - - default default] Added segment ff0f4ff2-3c31-4f36-bfbf-65245b349164 of type geneve for network 9923be94-9658-44ca-b971-4f7586c3ca11
2026-03-06 23:06:47.834 7 INFO neutron.db.ovn_revision_numbers_db [None req-ddbb7e49-5f27-4631-a949-4dfa0c003b58 9d4e1685ace348409c5a0a9b64e17fbd 12ba9ce4a3fe4928869e4bc69d203edc - - default default] Successfully bumped revision number for resource 9923be94-9658-44ca-b971-4f7586c3ca11 (type: networks) to 1
2026-03-06 23:06:47.895 8 INFO neutron.db.ovn_revision_numbers_db [None req-b6358142-aa4a-40e8-a041-0618d2bce601 9d4e1685ace348409c5a0a9b64e17fbd 12ba9ce4a3fe4928869e4bc69d203edc - - default default] Successfully bumped revision number for resource 7c071e6f-5ae7-42e3-b5a0-3c79faa63d70 (type: router_ports) to 1 [pid: 8|app: 0|req: 499/960] 10.0.0.211 () {34 vars in 783 bytes} [Fri Mar 6 23:06:45 2026] PUT /v2.0/routers/07d38a3b-1018-486e-89c4-bf0a2001cd57/add_router_interface => generated 309 bytes in 2017 msecs (HTTP/1.1 200) 4 headers in 157 bytes (1 switches on core 0) [pid: 8|app: 0|req: 500/961] 10.0.0.95 () {34 vars in 989 bytes} [Fri Mar 6 23:06:47 2026] GET /v2.0/ports?device_id=f837b16d-a8fb-4f00-8b1f-56d95c9d860c => generated 973 bytes in 73 msecs (HTTP/1.1 200) 4 headers in 157 bytes (1 switches on core 0) [pid: 8|app: 0|req: 501/962] 10.0.0.95 () {34 vars in 1039 bytes} [Fri Mar 6 23:06:47 2026] GET /v2.0/security-groups?id=faf1083c-0dc3-4502-ac5f-ccbb0d884dfa&fields=id&fields=name => generated 114 bytes in 67 msecs (HTTP/1.1 200) 4 headers in 157 bytes (1 switches on core 0)
2026-03-06 23:06:48.130 7 INFO neutron.db.ovn_revision_numbers_db [None req-4eb62177-d67d-4882-b239-0a149937bf25 - - - - - -] Successfully bumped revision number for resource d1692aa2-1cd6-4252-be07-def0b2329c79 (type: ports) to 5
2026-03-06 23:06:48.190 7 WARNING neutron.scheduler.dhcp_agent_scheduler [None req-ddbb7e49-5f27-4631-a949-4dfa0c003b58 9d4e1685ace348409c5a0a9b64e17fbd 12ba9ce4a3fe4928869e4bc69d203edc - - default default] No more DHCP agents
2026-03-06 23:06:48.200 7 WARNING neutron.api.rpc.agentnotifiers.dhcp_rpc_agent_api [None req-ddbb7e49-5f27-4631-a949-4dfa0c003b58 9d4e1685ace348409c5a0a9b64e17fbd 12ba9ce4a3fe4928869e4bc69d203edc - - default default] Unable to schedule network 9923be94-9658-44ca-b971-4f7586c3ca11: no agents available; will retry on subsequent port and subnet creation events.
2026-03-06 23:06:48.338 7 INFO neutron.db.ovn_revision_numbers_db [None req-ddbb7e49-5f27-4631-a949-4dfa0c003b58 9d4e1685ace348409c5a0a9b64e17fbd 12ba9ce4a3fe4928869e4bc69d203edc - - default default] Successfully bumped revision number for resource 22cd1a9d-6d9e-499d-bb28-9719f8263fd5 (type: ports) to 1 [pid: 7|app: 0|req: 462/963] 10.0.0.211 () {34 vars in 671 bytes} [Fri Mar 6 23:06:46 2026] POST /v2.0/networks => generated 766 bytes in 1497 msecs (HTTP/1.1 201) 4 headers in 162 bytes (1 switches on core 0)
2026-03-06 23:06:48.489 8 WARNING neutron.scheduler.dhcp_agent_scheduler [None req-47a16fed-7d0c-4622-81a5-cf5ae6f6a674 9d4e1685ace348409c5a0a9b64e17fbd 12ba9ce4a3fe4928869e4bc69d203edc - - default default] No more DHCP agents
2026-03-06 23:06:48.491 8 WARNING neutron.api.rpc.agentnotifiers.dhcp_rpc_agent_api [None req-47a16fed-7d0c-4622-81a5-cf5ae6f6a674 9d4e1685ace348409c5a0a9b64e17fbd 12ba9ce4a3fe4928869e4bc69d203edc - - default default] Unable to schedule network 9923be94-9658-44ca-b971-4f7586c3ca11: no agents available; will retry on subsequent port and subnet creation events.
2026-03-06 23:06:48.883 7 INFO neutron.db.ovn_revision_numbers_db [None req-65e3cb9c-2a57-4eba-a9cf-635666ef4145 e3e91ecd399341098547ca21f0b1489e 5f5b96453fa14341b28156c9c4488514 - - default default] Successfully bumped revision number for resource 39b193d3-086e-4e93-8184-bbb745111f5c (type: security_groups) to 1
2026-03-06 23:06:48.907 7 INFO neutron.db.ovn_revision_numbers_db [None req-65e3cb9c-2a57-4eba-a9cf-635666ef4145 e3e91ecd399341098547ca21f0b1489e 5f5b96453fa14341b28156c9c4488514 - - default default] Successfully bumped revision number for resource 126cc188-af08-4b0a-b6bc-d5d939a658f4 (type: security_group_rules) to 0
2026-03-06 23:06:48.930 7 INFO neutron.db.ovn_revision_numbers_db [None req-65e3cb9c-2a57-4eba-a9cf-635666ef4145 e3e91ecd399341098547ca21f0b1489e 5f5b96453fa14341b28156c9c4488514 - - default default] Successfully bumped revision number for resource 703fdedb-7812-49b3-89d9-5cd9c062ecc4 (type: security_group_rules) to 0
2026-03-06 23:06:48.949 8 INFO neutron.db.ovn_revision_numbers_db [None req-ad243b92-cb99-4893-9f77-5e9aa9b1fd4f - - - - - -] Successfully bumped revision number for resource 22cd1a9d-6d9e-499d-bb28-9719f8263fd5 (type: ports) to 2
2026-03-06 23:06:48.965 7 INFO neutron.db.ovn_revision_numbers_db [None req-65e3cb9c-2a57-4eba-a9cf-635666ef4145 e3e91ecd399341098547ca21f0b1489e 5f5b96453fa14341b28156c9c4488514 - - default default] Successfully bumped revision number for resource a471d23d-3837-4a83-a0a9-56c7d6f93097 (type: security_group_rules) to 0
2026-03-06 23:06:48.976 8 INFO neutron.db.ovn_revision_numbers_db [None req-ad243b92-cb99-4893-9f77-5e9aa9b1fd4f - - - - - -] Successfully bumped revision number for resource 4fcbd1c5-b53e-4403-8a3f-04af349b1ca7 (type: subnets) to 0
2026-03-06 23:06:48.979 7 INFO neutron.plugins.ml2.drivers.ovn.mech_driver.mech_driver [None req-2c7f28e3-eac4-470f-af02-27343edb2ec4 - - - - - -] OVN reports status down for port: 7c071e6f-5ae7-42e3-b5a0-3c79faa63d70
2026-03-06 23:06:48.984 7 INFO neutron.db.ovn_revision_numbers_db [None req-65e3cb9c-2a57-4eba-a9cf-635666ef4145 e3e91ecd399341098547ca21f0b1489e 5f5b96453fa14341b28156c9c4488514 - - default default] Successfully bumped revision number for resource e2fbb92b-5ae3-4417-b208-f02eb122237d (type: security_group_rules) to 0 [pid: 8|app: 0|req: 502/964] 10.0.0.211 () {34 vars in 669 bytes} [Fri Mar 6 23:06:48 2026] POST /v2.0/subnets => generated 691 bytes in 627 msecs (HTTP/1.1 201) 4 headers in 162 bytes (1 switches on core 0) [pid: 8|app: 0|req: 503/965] 10.0.0.95 () {34 vars in 981 bytes} [Fri Mar 6 23:06:48 2026] GET /v2.0/networks?id=ec37c62b-76e9-45bd-9ed6-671036f5a364 => generated 715 bytes in 55 msecs (HTTP/1.1 200) 4 headers in 157 bytes (1 switches on core 0)
2026-03-06 23:06:49.097 7 WARNING neutron.plugins.ml2.drivers.ovn.mech_driver.ovsdb.ovn_client [None req-2c7f28e3-eac4-470f-af02-27343edb2ec4 - - - - - -] Logical_Switch_Port %s host information not removed, the port state is up
2026-03-06 23:06:49.098 7 INFO neutron.plugins.ml2.drivers.ovn.mech_driver.mech_driver [None req-2c7f28e3-eac4-470f-af02-27343edb2ec4 - - - - - -] OVN reports status up for port: 7c071e6f-5ae7-42e3-b5a0-3c79faa63d70
2026-03-06 23:06:49.116 7 INFO neutron.db.segments_db [None req-65e3cb9c-2a57-4eba-a9cf-635666ef4145 e3e91ecd399341098547ca21f0b1489e 5f5b96453fa14341b28156c9c4488514 - - default default] Added segment e0142924-04ef-4adc-8cc4-9af810017ec0 of type geneve for network c989dcdd-3e9b-437e-96f4-938f932abc0a
2026-03-06 23:06:49.142 7 INFO neutron.plugins.ml2.plugin [None req-2c7f28e3-eac4-470f-af02-27343edb2ec4 - - - - - -] Attempt 1 to provision port 7c071e6f-5ae7-42e3-b5a0-3c79faa63d70
2026-03-06 23:06:49.344 7 INFO neutron.db.ovn_revision_numbers_db [None req-65e3cb9c-2a57-4eba-a9cf-635666ef4145 e3e91ecd399341098547ca21f0b1489e 5f5b96453fa14341b28156c9c4488514 - - default default] Successfully bumped revision number for resource c989dcdd-3e9b-437e-96f4-938f932abc0a (type: networks) to 1
2026-03-06 23:06:49.504 8 WARNING neutron.scheduler.dhcp_agent_scheduler [None req-757f958b-597a-46e9-bbda-e259506d08c5 9d4e1685ace348409c5a0a9b64e17fbd 12ba9ce4a3fe4928869e4bc69d203edc - - default default] No more DHCP agents
2026-03-06 23:06:49.506 8 WARNING neutron.api.rpc.agentnotifiers.dhcp_rpc_agent_api [None req-757f958b-597a-46e9-bbda-e259506d08c5 9d4e1685ace348409c5a0a9b64e17fbd 12ba9ce4a3fe4928869e4bc69d203edc - - default default] Unable to schedule network b003820d-e0b2-4780-bc6f-396f592d9f30: no agents available; will retry on subsequent port and subnet creation events.
2026-03-06 23:06:49.648 7 WARNING neutron.scheduler.dhcp_agent_scheduler [None req-65e3cb9c-2a57-4eba-a9cf-635666ef4145 e3e91ecd399341098547ca21f0b1489e 5f5b96453fa14341b28156c9c4488514 - - default default] No more DHCP agents
2026-03-06 23:06:49.653 7 WARNING neutron.api.rpc.agentnotifiers.dhcp_rpc_agent_api [None req-65e3cb9c-2a57-4eba-a9cf-635666ef4145 e3e91ecd399341098547ca21f0b1489e 5f5b96453fa14341b28156c9c4488514 - - default default] Unable to schedule network c989dcdd-3e9b-437e-96f4-938f932abc0a: no agents available; will retry on subsequent port and subnet creation events.
2026-03-06 23:06:49.663 8 INFO neutron.db.ovn_revision_numbers_db [None req-757f958b-597a-46e9-bbda-e259506d08c5 9d4e1685ace348409c5a0a9b64e17fbd 12ba9ce4a3fe4928869e4bc69d203edc - - default default] Successfully bumped revision number for resource 374b76c0-c3e9-4275-84f1-3e7f241ede54 (type: ports) to 1
2026-03-06 23:06:49.888 7 INFO neutron.db.ovn_revision_numbers_db [None req-2c7f28e3-eac4-470f-af02-27343edb2ec4 - - - - - -] Successfully bumped revision number for resource 7c071e6f-5ae7-42e3-b5a0-3c79faa63d70 (type: ports) to 2
2026-03-06 23:06:49.969 7 INFO neutron.db.ovn_revision_numbers_db [None req-65e3cb9c-2a57-4eba-a9cf-635666ef4145 e3e91ecd399341098547ca21f0b1489e 5f5b96453fa14341b28156c9c4488514 - - default default] Successfully bumped revision number for resource a86cdfa6-2e2a-4a7f-8768-90a1d09b9f3f (type: ports) to 1 [pid: 7|app: 0|req: 463/966] 10.0.0.211 () {34 vars in 670 bytes} [Fri Mar 6 23:06:48 2026] POST /v2.0/networks => generated 668 bytes in 1401 msecs (HTTP/1.1 201) 4 headers in 162 bytes (1 switches on core 0) [pid: 7|app: 0|req: 464/967] 10.0.0.95 () {34 vars in 964 bytes} [Fri Mar 6 23:06:50 2026] GET /v2.0/quotas/ef3f967e4ba84fa0bed9a88a2144cc03 => generated 292 bytes in 30 msecs (HTTP/1.1 200) 4 headers in 157 bytes (1 switches on core 0) [pid: 7|app: 0|req: 465/968] 10.0.0.95 () {34 vars in 989 bytes} [Fri Mar 6 23:06:50 2026] GET /v2.0/ports?device_id=f837b16d-a8fb-4f00-8b1f-56d95c9d860c => generated 973 bytes in 46 msecs (HTTP/1.1 200) 4 headers in 157 bytes (1 switches on core 0)
2026-03-06 23:06:50.305 7 WARNING neutron.scheduler.dhcp_agent_scheduler [None req-2a47ed07-aaa8-44ad-9952-d18905bdebad e3e91ecd399341098547ca21f0b1489e 5f5b96453fa14341b28156c9c4488514 - - default default] No more DHCP agents
2026-03-06 23:06:50.306 7 WARNING neutron.api.rpc.agentnotifiers.dhcp_rpc_agent_api [None req-2a47ed07-aaa8-44ad-9952-d18905bdebad e3e91ecd399341098547ca21f0b1489e 5f5b96453fa14341b28156c9c4488514 - - default default] Unable to schedule network c989dcdd-3e9b-437e-96f4-938f932abc0a: no agents available; will retry on subsequent port and subnet creation events.
2026-03-06 23:06:50.323 8 INFO neutron.plugins.ml2.drivers.ovn.mech_driver.ovsdb.commands [-] Schedule LRP lrp-374b76c0-c3e9-4275-84f1-3e7f241ede54 on gateway 14830c50-7ad4-434e-8eb6-8648f4bd55da with priority 1
2026-03-06 23:06:50.428 7 INFO neutron.plugins.ml2.drivers.ovn.mech_driver.ovsdb.ovsdb_monitor [None req-4eb62177-d67d-4882-b239-0a149937bf25 - - - - - -] Router 1521b2c9-3e0e-46cd-896a-534136914abd is bound to host instance
2026-03-06 23:06:50.461 8 INFO neutron.db.ovn_revision_numbers_db [None req-757f958b-597a-46e9-bbda-e259506d08c5 9d4e1685ace348409c5a0a9b64e17fbd 12ba9ce4a3fe4928869e4bc69d203edc - - default default] Successfully bumped revision number for resource 374b76c0-c3e9-4275-84f1-3e7f241ede54 (type: router_ports) to 1
2026-03-06 23:06:50.563 8 INFO neutron.db.ovn_revision_numbers_db [None req-757f958b-597a-46e9-bbda-e259506d08c5 9d4e1685ace348409c5a0a9b64e17fbd 12ba9ce4a3fe4928869e4bc69d203edc - - default default] Successfully bumped revision number for resource 1521b2c9-3e0e-46cd-896a-534136914abd (type: routers) to 2 [pid: 8|app: 0|req: 504/969] 10.0.0.211 () {34 vars in 669 bytes} [Fri Mar 6 23:06:49 2026] POST /v2.0/routers => generated 969 bytes in 1536 msecs (HTTP/1.1 201) 4 headers in 162 bytes (1 switches on core 0) [pid: 8|app: 0|req: 505/970] 10.0.0.95 () {34 vars in 1001 bytes} [Fri Mar 6 23:06:50 2026] GET /v2.0/ports?tenant_id=ef3f967e4ba84fa0bed9a88a2144cc03&fields=id => generated 103 bytes in 84 msecs (HTTP/1.1 200) 4 headers in 157 bytes (1 switches on core 0) [pid: 8|app: 0|req: 506/971] 10.0.0.95 () {34 vars in 1039 bytes} [Fri Mar 6 23:06:50 2026] GET /v2.0/security-groups?id=faf1083c-0dc3-4502-ac5f-ccbb0d884dfa&fields=id&fields=name => generated 114 bytes in 24 msecs (HTTP/1.1 200) 4 headers in 157 bytes (1 switches on core 0)
2026-03-06 23:06:50.703 7 INFO neutron.db.ovn_revision_numbers_db [None req-2a47ed07-aaa8-44ad-9952-d18905bdebad e3e91ecd399341098547ca21f0b1489e 5f5b96453fa14341b28156c9c4488514 - - default default] Successfully bumped revision number for resource 205c6f46-0a25-4a9e-9afb-2c2851aa0364 (type: ports) to 1 [pid: 7|app: 0|req: 466/972] 10.0.0.211 () {34 vars in 665 bytes} [Fri Mar 6 23:06:50 2026] POST /v2.0/ports => generated 778 bytes in 737 msecs (HTTP/1.1 201) 4 headers in 162 bytes (1 switches on core 0) /var/lib/openstack/lib/python3.12/site-packages/pycadf/identifier.py:70: UserWarning: Invalid uuid: neutron. To ensure interoperability, identifiers should be a valid uuid. warnings.warn(('Invalid uuid: %s. To ensure interoperability, ' [pid: 7|app: 0|req: 467/973] 10.0.0.95 () {34 vars in 1007 bytes} [Fri Mar 6 23:06:50 2026] GET /v2.0/networks/ec37c62b-76e9-45bd-9ed6-671036f5a364?fields=segments => generated 14 bytes in 77 msecs (HTTP/1.1 200) 4 headers in 156 bytes (1 switches on core 0)
2026-03-06 23:06:51.040 7 INFO neutron.db.segments_db [None req-bccafc68-402c-4cc3-9900-779a717158f5 e3e91ecd399341098547ca21f0b1489e 5f5b96453fa14341b28156c9c4488514 - - default default] Added segment 8619ee1a-f019-4898-91cf-4464348906e4 of type geneve for network 9d0462cd-d134-4dbe-8397-7c0af17800cc
2026-03-06 23:06:51.264 7 INFO neutron.db.ovn_revision_numbers_db [None req-bccafc68-402c-4cc3-9900-779a717158f5 e3e91ecd399341098547ca21f0b1489e 5f5b96453fa14341b28156c9c4488514 - - default default] Successfully bumped revision number for resource 9d0462cd-d134-4dbe-8397-7c0af17800cc (type: networks) to 1
2026-03-06 23:06:51.610 7 WARNING neutron.scheduler.dhcp_agent_scheduler [None req-bccafc68-402c-4cc3-9900-779a717158f5 e3e91ecd399341098547ca21f0b1489e 5f5b96453fa14341b28156c9c4488514 - - default default] No more DHCP agents
2026-03-06 23:06:51.614 7 WARNING neutron.api.rpc.agentnotifiers.dhcp_rpc_agent_api [None req-bccafc68-402c-4cc3-9900-779a717158f5 e3e91ecd399341098547ca21f0b1489e 5f5b96453fa14341b28156c9c4488514 - - default default] Unable to schedule network 9d0462cd-d134-4dbe-8397-7c0af17800cc: no agents available; will retry on subsequent port and subnet creation events.
2026-03-06 23:06:51.799 7 INFO neutron.db.ovn_revision_numbers_db [None req-bccafc68-402c-4cc3-9900-779a717158f5 e3e91ecd399341098547ca21f0b1489e 5f5b96453fa14341b28156c9c4488514 - - default default] Successfully bumped revision number for resource d89ad4bf-9f48-4a65-a430-5d3f39939bf3 (type: ports) to 1 [pid: 7|app: 0|req: 468/974] 10.0.0.211 () {34 vars in 670 bytes} [Fri Mar 6 23:06:50 2026] POST /v2.0/networks => generated 655 bytes in 946 msecs (HTTP/1.1 201) 4 headers in 162 bytes (1 switches on core 0) [pid: 7|app: 0|req: 469/975] 10.0.0.95 () {34 vars in 1107 bytes} [Fri Mar 6 23:06:51 2026] GET /v2.0/networks/ec37c62b-76e9-45bd-9ed6-671036f5a364?fields=provider%3Aphysical_network&fields=provider%3Anetwork_type => generated 79 bytes in 105 msecs (HTTP/1.1 200) 4 headers in 156 bytes (1 switches on core 0)
2026-03-06 23:06:51.983 7 INFO neutron.db.ovn_revision_numbers_db [None req-994232d8-3612-445e-ad5e-442d8528d73a - - - - - -] Successfully bumped revision number for resource 374b76c0-c3e9-4275-84f1-3e7f241ede54 (type: ports) to 4 [pid: 7|app: 0|req: 470/976] 10.0.0.95 () {34 vars in 989 bytes} [Fri Mar 6 23:06:51 2026] GET /v2.0/ports?device_id=f837b16d-a8fb-4f00-8b1f-56d95c9d860c => generated 973 bytes in 158 msecs (HTTP/1.1 200) 4 headers in 157 bytes (1 switches on core 0)
2026-03-06 23:06:52.130 8 WARNING neutron.scheduler.dhcp_agent_scheduler [None req-d2c95600-93e9-4abb-b1c4-f60cabdcf99b 9d4e1685ace348409c5a0a9b64e17fbd 12ba9ce4a3fe4928869e4bc69d203edc - - default default] No more DHCP agents
2026-03-06 23:06:52.138 8 WARNING neutron.api.rpc.agentnotifiers.dhcp_rpc_agent_api [None req-d2c95600-93e9-4abb-b1c4-f60cabdcf99b 9d4e1685ace348409c5a0a9b64e17fbd 12ba9ce4a3fe4928869e4bc69d203edc - - default default] Unable to schedule network 9923be94-9658-44ca-b971-4f7586c3ca11: no agents available; will retry on subsequent port and subnet creation events.
2026-03-06 23:06:52.322 8 INFO neutron.db.ovn_revision_numbers_db [None req-d2c95600-93e9-4abb-b1c4-f60cabdcf99b 9d4e1685ace348409c5a0a9b64e17fbd 12ba9ce4a3fe4928869e4bc69d203edc - - default default] Successfully bumped revision number for resource 2f654a62-8719-48cc-bbc6-782cfd7710e3 (type: ports) to 1
2026-03-06 23:06:52.589 7 WARNING neutron.scheduler.dhcp_agent_scheduler [None req-84dc3dee-2e5f-4ae8-83ba-db622cc32322 e3e91ecd399341098547ca21f0b1489e 5f5b96453fa14341b28156c9c4488514 - - default default] No more DHCP agents
2026-03-06 23:06:52.592 7 WARNING neutron.api.rpc.agentnotifiers.dhcp_rpc_agent_api [None req-84dc3dee-2e5f-4ae8-83ba-db622cc32322 e3e91ecd399341098547ca21f0b1489e 5f5b96453fa14341b28156c9c4488514 - - default default] Unable to schedule network 9d0462cd-d134-4dbe-8397-7c0af17800cc: no agents available; will retry on subsequent port and subnet creation events.
2026-03-06 23:06:52.633 7 INFO neutron.db.ovn_revision_numbers_db [None req-994232d8-3612-445e-ad5e-442d8528d73a - - - - - -] Successfully bumped revision number for resource 374b76c0-c3e9-4275-84f1-3e7f241ede54 (type: ports) to 5
2026-03-06 23:06:52.676 7 INFO neutron.db.ovn_revision_numbers_db [None req-84dc3dee-2e5f-4ae8-83ba-db622cc32322 e3e91ecd399341098547ca21f0b1489e 5f5b96453fa14341b28156c9c4488514 - - default default] Successfully bumped revision number for resource 3b5d49a8-bf83-4141-b052-a2ee9e66123e (type: subnets) to 0 [pid: 7|app: 0|req: 471/977] 10.0.0.211 () {34 vars in 669 bytes} [Fri Mar 6 23:06:52 2026] POST /v2.0/subnets => generated 646 bytes in 586 msecs (HTTP/1.1 201) 4 headers in 162 bytes (1 switches on core 0) [pid: 7|app: 0|req: 472/978] 10.0.0.95 () {34 vars in 989 bytes} [Fri Mar 6 23:06:52 2026] GET /v2.0/ports?device_id=af789d47-836c-4ec1-b4bc-5b74a26d0ae2 => generated 12 bytes in 31 msecs (HTTP/1.1 200) 4 headers in 156 bytes (1 switches on core 0) [pid: 7|app: 0|req: 473/979] 10.0.0.95 () {34 vars in 1039 bytes} [Fri Mar 6 23:06:52 2026] GET /v2.0/security-groups?id=faf1083c-0dc3-4502-ac5f-ccbb0d884dfa&fields=id&fields=name => generated 114 bytes in 65 msecs (HTTP/1.1 200) 4 headers in 157 bytes (1 switches on core 0)
2026-03-06 23:06:53.030 8 WARNING neutron.scheduler.dhcp_agent_scheduler [None req-d2c95600-93e9-4abb-b1c4-f60cabdcf99b 9d4e1685ace348409c5a0a9b64e17fbd 12ba9ce4a3fe4928869e4bc69d203edc - - default default] No more DHCP agents
2026-03-06 23:06:53.031 8 WARNING neutron.api.rpc.agentnotifiers.dhcp_rpc_agent_api [None req-d2c95600-93e9-4abb-b1c4-f60cabdcf99b 9d4e1685ace348409c5a0a9b64e17fbd 12ba9ce4a3fe4928869e4bc69d203edc - - default default] Unable to schedule network 9923be94-9658-44ca-b971-4f7586c3ca11: no agents available; will retry on subsequent port and subnet creation events.
2026-03-06 23:06:53.124 7 WARNING neutron.scheduler.dhcp_agent_scheduler [None req-32e2887e-0b63-4676-81db-8f270d2c2b39 e3e91ecd399341098547ca21f0b1489e 5f5b96453fa14341b28156c9c4488514 - - default default] No more DHCP agents
2026-03-06 23:06:53.126 7 WARNING neutron.api.rpc.agentnotifiers.dhcp_rpc_agent_api [None req-32e2887e-0b63-4676-81db-8f270d2c2b39 e3e91ecd399341098547ca21f0b1489e 5f5b96453fa14341b28156c9c4488514 - - default default] Unable to schedule network 9d0462cd-d134-4dbe-8397-7c0af17800cc: no agents available; will retry on subsequent port and subnet creation events.
2026-03-06 23:06:53.320 7 INFO neutron.db.ovn_revision_numbers_db [None req-32e2887e-0b63-4676-81db-8f270d2c2b39 e3e91ecd399341098547ca21f0b1489e 5f5b96453fa14341b28156c9c4488514 - - default default] Successfully bumped revision number for resource e4ef8dcb-de29-40ac-80c1-6f4ed0f866d5 (type: ports) to 1 [pid: 7|app: 0|req: 474/980] 10.0.0.211 () {34 vars in 665 bytes} [Fri Mar 6 23:06:52 2026] POST /v2.0/ports => generated 965 bytes in 539 msecs (HTTP/1.1 201) 4 headers in 162 bytes (1 switches on core 0) /var/lib/openstack/lib/python3.12/site-packages/pycadf/identifier.py:70: UserWarning: Invalid uuid: neutron. To ensure interoperability, identifiers should be a valid uuid. warnings.warn(('Invalid uuid: %s. To ensure interoperability, '
2026-03-06 23:06:53.490 7 INFO neutron_taas.services.taas.taas_plugin [None req-8f113083-9d6b-49ee-b6ee-c156492970e1 e3e91ecd399341098547ca21f0b1489e 5f5b96453fa14341b28156c9c4488514 - - default default] TaaS: Handle Delete Port: e4ef8dcb-de29-40ac-80c1-6f4ed0f866d5
2026-03-06 23:06:53.494 7 INFO neutron_taas.services.taas.tap_mirror_plugin [None req-8f113083-9d6b-49ee-b6ee-c156492970e1 e3e91ecd399341098547ca21f0b1489e 5f5b96453fa14341b28156c9c4488514 - - default default] Tap Mirror: Handle Delete Port: e4ef8dcb-de29-40ac-80c1-6f4ed0f866d5
2026-03-06 23:06:53.620 8 INFO neutron.db.ovn_revision_numbers_db [None req-d2c95600-93e9-4abb-b1c4-f60cabdcf99b 9d4e1685ace348409c5a0a9b64e17fbd 12ba9ce4a3fe4928869e4bc69d203edc - - default default] Successfully bumped revision number for resource 2f654a62-8719-48cc-bbc6-782cfd7710e3 (type: router_ports) to 1 [pid: 8|app: 0|req: 507/981] 10.0.0.211 () {34 vars in 783 bytes} [Fri Mar 6 23:06:50 2026] PUT /v2.0/routers/1521b2c9-3e0e-46cd-896a-534136914abd/add_router_interface => generated 309 bytes in 2932 msecs (HTTP/1.1 200) 4 headers in 157 bytes (1 switches on core 0) [pid: 7|app: 0|req: 475/982] 10.0.0.211 () {32 vars in 720 bytes} [Fri Mar 6 23:06:53 2026] DELETE /v2.0/ports/e4ef8dcb-de29-40ac-80c1-6f4ed0f866d5 => generated 0 bytes in 458 msecs (HTTP/1.1 204) 3 headers in 131 bytes (1 switches on core 0)
2026-03-06 23:06:53.829 8 INFO neutron.pecan_wsgi.hooks.translation [None req-6da13fe1-c672-405e-a8f4-3d946b98cee6 e3e91ecd399341098547ca21f0b1489e 5f5b96453fa14341b28156c9c4488514 - - default default] DELETE failed (client error): The resource could not be found. [pid: 8|app: 0|req: 508/983] 10.0.0.211 () {32 vars in 720 bytes} [Fri Mar 6 23:06:53 2026] DELETE /v2.0/ports/e4ef8dcb-de29-40ac-80c1-6f4ed0f866d5 => generated 132 bytes in 19 msecs (HTTP/1.1 404) 4 headers in 164 bytes (1 switches on core 0) [pid: 7|app: 0|req: 476/984] 10.0.0.95 () {34 vars in 989 bytes} [Fri Mar 6 23:06:53 2026] GET /v2.0/ports?device_id=af789d47-836c-4ec1-b4bc-5b74a26d0ae2 => generated 12 bytes in 28 msecs (HTTP/1.1 200) 4 headers in 156 bytes (1 switches on core 0)
2026-03-06 23:06:53.849 8 INFO neutron.pecan_wsgi.hooks.translation [None req-8c6e711b-c355-4b5e-991e-1071f8199a64 e3e91ecd399341098547ca21f0b1489e 5f5b96453fa14341b28156c9c4488514 - - default default] GET failed (client error): The resource could not be found. [pid: 8|app: 0|req: 509/985] 10.0.0.211 () {32 vars in 717 bytes} [Fri Mar 6 23:06:53 2026] GET /v2.0/ports/e4ef8dcb-de29-40ac-80c1-6f4ed0f866d5 => generated 132 bytes in 15 msecs (HTTP/1.1 404) 4 headers in 164 bytes (1 switches on core 0) [pid: 8|app: 0|req: 510/986] 10.0.0.95 () {34 vars in 989 bytes} [Fri Mar 6 23:06:53 2026] GET /v2.0/ports?device_id=f837b16d-a8fb-4f00-8b1f-56d95c9d860c => generated 973 bytes in 77 msecs (HTTP/1.1 200) 4 headers in 157 bytes (1 switches on core 0) [pid: 8|app: 0|req: 513/989] 10.0.0.95 () {34 vars in 1039 bytes} [Fri Mar 6 23:06:53 2026] GET /v2.0/security-groups?id=faf1083c-0dc3-4502-ac5f-ccbb0d884dfa&fields=id&fields=name => generated 114 bytes in 37 msecs (HTTP/1.1 200) 4 headers in 157 bytes (1 switches on core 0) [pid: 7|app: 0|req: 477/990] 10.0.0.211 () {32 vars in 724 bytes} [Fri Mar 6 23:06:53 2026] DELETE /v2.0/subnets/3b5d49a8-bf83-4141-b052-a2ee9e66123e => generated 0 bytes in 167 msecs (HTTP/1.1 204) 3 headers in 131 bytes (1 switches on core 0)
2026-03-06 23:06:54.137 8 INFO neutron_taas.services.taas.taas_plugin [None req-becf71ec-58fa-4a9b-9a2d-089d885ac564 e3e91ecd399341098547ca21f0b1489e 5f5b96453fa14341b28156c9c4488514 - - default default] TaaS: Handle Delete Port: d89ad4bf-9f48-4a65-a430-5d3f39939bf3
2026-03-06 23:06:54.140 8 INFO neutron_taas.services.taas.tap_mirror_plugin [None req-becf71ec-58fa-4a9b-9a2d-089d885ac564 e3e91ecd399341098547ca21f0b1489e 5f5b96453fa14341b28156c9c4488514 - - default default] Tap Mirror: Handle Delete Port: d89ad4bf-9f48-4a65-a430-5d3f39939bf3
2026-03-06 23:06:54.223 7 INFO neutron.db.ovn_revision_numbers_db [None req-c7f7e5dc-b0c9-4d30-808f-3af29feb3fb7 aee6f5b60d584a10903f6304da52124c 010da7ec2b6a4ddeaede0c25056ea85d - - default default] Successfully bumped revision number for resource 306baa80-9be8-45d2-bea1-ede2a8c972b5 (type: security_groups) to 1
2026-03-06 23:06:54.235 7 INFO neutron.db.ovn_revision_numbers_db [None req-c7f7e5dc-b0c9-4d30-808f-3af29feb3fb7 aee6f5b60d584a10903f6304da52124c 010da7ec2b6a4ddeaede0c25056ea85d - - default default] Successfully bumped revision number for resource 3999c5d0-d201-4bbb-bf1d-07528885b05f (type: security_group_rules) to 0
2026-03-06 23:06:54.264 7 INFO neutron.db.ovn_revision_numbers_db [None req-c7f7e5dc-b0c9-4d30-808f-3af29feb3fb7 aee6f5b60d584a10903f6304da52124c 010da7ec2b6a4ddeaede0c25056ea85d - - default default] Successfully bumped revision number for resource 96463656-2b2a-406e-8748-b5994da5faeb (type: security_group_rules) to 0 [pid: 7|app: 0|req: 478/991] 10.0.0.211 () {34 vars in 685 bytes} [Fri Mar 6 23:06:54 2026] POST /v2.0/security-groups => generated 1660 bytes in 232 msecs (HTTP/1.1 201) 4 headers in 163 bytes (1 switches on core 0)
2026-03-06 23:06:54.356 8 INFO neutron.services.segments.plugin [-] Segment 8619ee1a-f019-4898-91cf-4464348906e4 resource provider aggregate not found
2026-03-06 23:06:54.360 8 INFO neutron.services.segments.plugin [-] Segment 8619ee1a-f019-4898-91cf-4464348906e4 resource provider aggregate not found
2026-03-06 23:06:54.380 8 INFO neutron.services.segments.plugin [-] Segment 8619ee1a-f019-4898-91cf-4464348906e4 resource provider not found; error: Placement Client Error (4xx): {"errors": [{"status": 404, "title": "Not Found", "detail": "The resource could not be found.\n\n No resource provider with uuid 8619ee1a-f019-4898-91cf-4464348906e4 found for delete ", "request_id": "req-20b38b8c-3171-4cc1-833b-58da6630386a"}]}
2026-03-06 23:06:54.381 8 INFO neutron.services.segments.plugin [-] Segment 8619ee1a-f019-4898-91cf-4464348906e4 resource provider not found; error: Placement Client Error (4xx): {"errors": [{"status": 404, "title": "Not Found", "detail": "The resource could not be found.\n\n No resource provider with uuid 8619ee1a-f019-4898-91cf-4464348906e4 found for delete ", "request_id": "req-8ef8db8c-fa50-4dca-b0b5-3dbe52dd86a5"}]} [pid: 8|app: 0|req: 514/992] 10.0.0.211 () {32 vars in 726 bytes} [Fri Mar 6 23:06:54 2026] DELETE /v2.0/networks/9d0462cd-d134-4dbe-8397-7c0af17800cc => generated 0 bytes in 389 msecs (HTTP/1.1 204) 3 headers in 131 bytes (1 switches on core 0)
2026-03-06 23:06:54.497 7 INFO neutron.db.ovn_revision_numbers_db [None req-1f211659-a090-44a0-bfb7-33512aacea6e aee6f5b60d584a10903f6304da52124c 010da7ec2b6a4ddeaede0c25056ea85d - - default default] Successfully bumped revision number for resource 3918d935-ad6a-4c6f-b19c-9be9adba30d2 (type: security_group_rules) to 0
2026-03-06 23:06:54.518 8 INFO neutron.db.segments_db [None req-dff7a782-cc24-4b1c-9c8e-c302318e3a85 e3e91ecd399341098547ca21f0b1489e 5f5b96453fa14341b28156c9c4488514 - - default default] Added segment 051852b1-cb27-4b19-8a38-f57c7c09325f of type geneve for network 51b507bf-0025-4f8b-a9af-0f40f9eb22b5 [pid: 7|app: 0|req: 479/993] 10.0.0.211 () {34 vars in 695 bytes} [Fri Mar 6 23:06:54 2026] POST /v2.0/security-group-rules => generated 597 bytes in 209 msecs (HTTP/1.1 201) 4 headers in 162 bytes (1 switches on core 0)
2026-03-06 23:06:54.681 8 INFO neutron.db.ovn_revision_numbers_db [None req-dff7a782-cc24-4b1c-9c8e-c302318e3a85 e3e91ecd399341098547ca21f0b1489e 5f5b96453fa14341b28156c9c4488514 - - default default] Successfully bumped revision number for resource 51b507bf-0025-4f8b-a9af-0f40f9eb22b5 (type: networks) to 1
2026-03-06 23:06:54.748 7 INFO neutron.db.ovn_revision_numbers_db [None req-f943c7d9-fcb6-473c-a2b8-a48e2b991cc0 aee6f5b60d584a10903f6304da52124c 010da7ec2b6a4ddeaede0c25056ea85d - - default default] Successfully bumped revision number for resource 9251a5dc-d993-4f90-820c-e4d99ba652b2 (type: security_group_rules) to 0 [pid: 7|app: 0|req: 480/994] 10.0.0.211 () {34 vars in 695 bytes} [Fri Mar 6 23:06:54 2026] POST /v2.0/security-group-rules => generated 602 bytes in 254 msecs (HTTP/1.1 201) 4 headers in 162 bytes (1 switches on core 0)
2026-03-06 23:06:54.861 8 WARNING neutron.scheduler.dhcp_agent_scheduler [None req-dff7a782-cc24-4b1c-9c8e-c302318e3a85 e3e91ecd399341098547ca21f0b1489e 5f5b96453fa14341b28156c9c4488514 - - default default] No more DHCP agents
2026-03-06 23:06:54.863 8 WARNING neutron.api.rpc.agentnotifiers.dhcp_rpc_agent_api [None req-dff7a782-cc24-4b1c-9c8e-c302318e3a85 e3e91ecd399341098547ca21f0b1489e 5f5b96453fa14341b28156c9c4488514 - - default default] Unable to schedule network 51b507bf-0025-4f8b-a9af-0f40f9eb22b5: no agents available; will retry on subsequent port and subnet creation events.
2026-03-06 23:06:54.982 8 INFO neutron.db.ovn_revision_numbers_db [None req-dff7a782-cc24-4b1c-9c8e-c302318e3a85 e3e91ecd399341098547ca21f0b1489e 5f5b96453fa14341b28156c9c4488514 - - default default] Successfully bumped revision number for resource 7d6188e1-9f44-46d3-b6dc-f9dabf237cce (type: ports) to 1 [pid: 8|app: 0|req: 515/995] 10.0.0.211 () {34 vars in 670 bytes} [Fri Mar 6 23:06:54 2026] POST /v2.0/networks => generated 655 bytes in 588 msecs (HTTP/1.1 201) 4 headers in 162 bytes (1 switches on core 0) [pid: 8|app: 0|req: 516/996] 10.0.0.95 () {34 vars in 989 bytes} [Fri Mar 6 23:06:55 2026] GET /v2.0/ports?device_id=af789d47-836c-4ec1-b4bc-5b74a26d0ae2 => generated 12 bytes in 18 msecs (HTTP/1.1 200) 4 headers in 156 bytes (1 switches on core 0)
2026-03-06 23:06:55.098 7 WARNING neutron.scheduler.dhcp_agent_scheduler [None req-db64bfa2-6d85-46b6-a401-78032c4fb490 aee6f5b60d584a10903f6304da52124c 010da7ec2b6a4ddeaede0c25056ea85d - - default default] No more DHCP agents
2026-03-06 23:06:55.099 7 WARNING neutron.api.rpc.agentnotifiers.dhcp_rpc_agent_api [None req-db64bfa2-6d85-46b6-a401-78032c4fb490 aee6f5b60d584a10903f6304da52124c 010da7ec2b6a4ddeaede0c25056ea85d - - default default] Unable to schedule network b003820d-e0b2-4780-bc6f-396f592d9f30: no agents available; will retry on subsequent port and subnet creation events.
2026-03-06 23:06:55.195 8 WARNING neutron.scheduler.dhcp_agent_scheduler [None req-91e8fd71-65b6-47a6-988b-b64e720e54dc e3e91ecd399341098547ca21f0b1489e 5f5b96453fa14341b28156c9c4488514 - - default default] No more DHCP agents
2026-03-06 23:06:55.196 8 WARNING neutron.api.rpc.agentnotifiers.dhcp_rpc_agent_api [None req-91e8fd71-65b6-47a6-988b-b64e720e54dc e3e91ecd399341098547ca21f0b1489e 5f5b96453fa14341b28156c9c4488514 - - default default] Unable to schedule network 51b507bf-0025-4f8b-a9af-0f40f9eb22b5: no agents available; will retry on subsequent port and subnet creation events.
2026-03-06 23:06:55.236 8 INFO neutron.db.ovn_revision_numbers_db [None req-91e8fd71-65b6-47a6-988b-b64e720e54dc e3e91ecd399341098547ca21f0b1489e 5f5b96453fa14341b28156c9c4488514 - - default default] Successfully bumped revision number for resource f883e377-afcb-457f-86fc-43714408ec87 (type: subnets) to 0 [pid: 8|app: 0|req: 517/997] 10.0.0.211 () {34 vars in 669 bytes} [Fri Mar 6 23:06:55 2026] POST /v2.0/subnets => generated 646 bytes in 224 msecs (HTTP/1.1 201) 4 headers in 162 bytes (1 switches on core 0)
2026-03-06 23:06:55.270 7 WARNING neutron.plugins.ml2.drivers.ovn.mech_driver.ovsdb.ovn_client [None req-0a907d14-813f-48d8-8ac5-c9fcde3b51a3 - - - - - -] No hosting information found for port 7c071e6f-5ae7-42e3-b5a0-3c79faa63d70: RuntimeError: No hosting information found for port 7c071e6f-5ae7-42e3-b5a0-3c79faa63d70
2026-03-06 23:06:55.272 7 INFO neutron.plugins.ml2.drivers.ovn.mech_driver.mech_driver [None req-0a907d14-813f-48d8-8ac5-c9fcde3b51a3 - - - - - -] OVN reports status up for port: e4b2dde3-a345-40d6-8833-387190772cb1 [pid: 8|app: 0|req: 518/998] 10.0.0.95 () {34 vars in 989 bytes} [Fri Mar 6 23:06:55 2026] GET /v2.0/ports?device_id=f837b16d-a8fb-4f00-8b1f-56d95c9d860c => generated 973 bytes in 39 msecs (HTTP/1.1 200) 4 headers in 157 bytes (1 switches on core 0)
2026-03-06 23:06:55.318 7 INFO neutron.plugins.ml2.plugin [None req-0a907d14-813f-48d8-8ac5-c9fcde3b51a3 - - - - - -] Attempt 1 to provision port e4b2dde3-a345-40d6-8833-387190772cb1
