2026-03-06 23:08:13.724 7 INFO neutron.services.segments.plugin [-] Segment aec25527-589a-47c5-96df-e76e27a5d9b8 resource provider not found; error: Placement Client Error (4xx): {"errors": [{"status": 404, "title": "Not Found", "detail": "The resource could not be found.\n\n No resource provider with uuid aec25527-589a-47c5-96df-e76e27a5d9b8 found for delete ", "request_id": "req-bbe5b413-2053-44e0-90d5-1395247054e9"}]}
2026-03-06 23:08:13.727 7 INFO neutron.services.segments.plugin [-] Segment aec25527-589a-47c5-96df-e76e27a5d9b8 resource provider not found; error: Placement Client Error (4xx): {"errors": [{"status": 404, "title": "Not Found", "detail": "The resource could not be found.\n\n No resource provider with uuid aec25527-589a-47c5-96df-e76e27a5d9b8 found for delete ", "request_id": "req-6efa8c0d-8405-4e63-b90b-aa7f0da4903c"}]} [pid: 7|app: 0|req: 781/1594] 10.0.0.211 () {32 vars in 726 bytes} [Fri Mar 6 23:08:13 2026] DELETE /v2.0/networks/d412a83a-621f-4f4b-a611-3cd627bb18f9 => generated 0 bytes in 623 msecs (HTTP/1.1 204) 3 headers in 131 bytes (1 switches on core 0)
2026-03-06 23:08:13.792 8 INFO neutron.pecan_wsgi.hooks.translation [None req-2e7447f6-6e69-407a-8a56-86c720a1a734 8932d508054044168d33a52df4d51027 4995c759103a4b2993193a77fff90132 - - default default] DELETE failed (client error): The resource could not be found. [pid: 8|app: 0|req: 814/1595] 10.0.0.211 () {32 vars in 726 bytes} [Fri Mar 6 23:08:13 2026] DELETE /v2.0/networks/d412a83a-621f-4f4b-a611-3cd627bb18f9 => generated 138 bytes in 16 msecs (HTTP/1.1 404) 4 headers in 164 bytes (1 switches on core 0) [pid: 7|app: 0|req: 782/1596] 10.0.0.211 () {32 vars in 694 bytes} [Fri Mar 6 23:08:13 2026] GET /v2.0/networks?router%3Aexternal=True => generated 689 bytes in 68 msecs (HTTP/1.1 200) 4 headers in 157 bytes (1 switches on core 0) [pid: 8|app: 0|req: 815/1597] 10.0.0.211 () {32 vars in 742 bytes} [Fri Mar 6 23:08:13 2026] GET /v2.0/subnets?network_id=b003820d-e0b2-4780-bc6f-396f592d9f30 => generated 649 bytes in 35 msecs (HTTP/1.1 200) 4 headers in 157 bytes (1 switches on core 0) [pid: 7|app: 0|req: 783/1598] 10.0.0.211 () {32 vars in 653 bytes} [Fri Mar 6 23:08:13 2026] GET /v2.0/extensions => generated 20541 bytes in 10 msecs (HTTP/1.1 200) 4 headers in 159 bytes (1 switches on core 0) [pid: 8|app: 0|req: 816/1599] 10.0.0.211 () {32 vars in 649 bytes} [Fri Mar 6 23:08:13 2026] GET /v2.0/networks => generated 1384 bytes in 37 msecs (HTTP/1.1 200) 4 headers in 158 bytes (1 switches on core 0) [pid: 7|app: 0|req: 784/1600] 10.0.0.211 () {32 vars in 647 bytes} [Fri Mar 6 23:08:13 2026] GET /v2.0/subnets => generated 1280 bytes in 33 msecs (HTTP/1.1 200) 4 headers in 158 bytes (1 switches on core 0) [pid: 8|app: 0|req: 817/1601] 10.0.0.211 () {32 vars in 723 bytes} [Fri Mar 6 23:08:14 2026] GET /v2.0/networks/050c5ef6-7d5c-4cc0-ac55-705fa42f3ae9 => generated 706 bytes in 61 msecs (HTTP/1.1 200) 4 headers in 157 bytes (1 switches on core 0) [pid: 7|app: 0|req: 785/1602] 10.0.0.211 () {32 vars in 721 bytes} [Fri Mar 6 23:08:14 2026] GET /v2.0/subnets/0510b7e8-9171-49f0-a458-8a5292314c6f => generated 641 bytes in 30 msecs (HTTP/1.1 200) 4 headers in 157 bytes (1 switches on core 0)
2026-03-06 23:08:14.157 7 INFO neutron.pecan_wsgi.hooks.translation [None req-540c196d-fec7-4c24-b2fd-17137ddaca50 8932d508054044168d33a52df4d51027 4995c759103a4b2993193a77fff90132 - - default default] DELETE failed (client error): The resource could not be found. [pid: 7|app: 0|req: 786/1603] 10.0.0.211 () {32 vars in 724 bytes} [Fri Mar 6 23:08:14 2026] DELETE /v2.0/subnets/3c3f51a3-6d76-42ca-9f9d-02137935b505 => generated 136 bytes in 19 msecs (HTTP/1.1 404) 4 headers in 164 bytes (1 switches on core 0) [pid: 8|app: 0|req: 818/1604] 10.0.0.18 () {34 vars in 989 bytes} [Fri Mar 6 23:08:14 2026] GET /v2.0/ports?device_id=fbbb92ec-9968-4ca7-a587-9f0b62fb75f3 => generated 1209 bytes in 49 msecs (HTTP/1.1 200) 4 headers in 158 bytes (1 switches on core 0)
2026-03-06 23:08:14.175 7 INFO neutron.pecan_wsgi.hooks.translation [None req-9b1e0a27-4660-44af-9dda-e6fb6e39e9de 8932d508054044168d33a52df4d51027 4995c759103a4b2993193a77fff90132 - - default default] DELETE failed (client error): The resource could not be found. [pid: 7|app: 0|req: 787/1605] 10.0.0.211 () {32 vars in 726 bytes} [Fri Mar 6 23:08:14 2026] DELETE /v2.0/networks/d412a83a-621f-4f4b-a611-3cd627bb18f9 => generated 138 bytes in 13 msecs (HTTP/1.1 404) 4 headers in 164 bytes (1 switches on core 0) [pid: 8|app: 0|req: 819/1606] 10.0.0.18 () {34 vars in 1039 bytes} [Fri Mar 6 23:08:14 2026] GET /v2.0/security-groups?id=7c29c131-4919-418c-a00c-95ad973d7e27&fields=id&fields=name => generated 113 bytes in 32 msecs (HTTP/1.1 200) 4 headers in 157 bytes (1 switches on core 0) [pid: 7|app: 0|req: 788/1607] 10.0.0.211 () {32 vars in 724 bytes} [Fri Mar 6 23:08:14 2026] DELETE /v2.0/subnets/0510b7e8-9171-49f0-a458-8a5292314c6f => generated 0 bytes in 190 msecs (HTTP/1.1 204) 3 headers in 131 bytes (1 switches on core 0)
2026-03-06 23:08:14.496 8 INFO neutron_taas.services.taas.taas_plugin [None req-8fcfe8f1-1d28-46ed-b9d2-cc7dc1269601 8932d508054044168d33a52df4d51027 4995c759103a4b2993193a77fff90132 - - default default] TaaS: Handle Delete Port: 943ec056-e09a-447f-9567-b76ddacbb29d
2026-03-06 23:08:14.499 8 INFO neutron_taas.services.taas.tap_mirror_plugin [None req-8fcfe8f1-1d28-46ed-b9d2-cc7dc1269601 8932d508054044168d33a52df4d51027 4995c759103a4b2993193a77fff90132 - - default default] Tap Mirror: Handle Delete Port: 943ec056-e09a-447f-9567-b76ddacbb29d
2026-03-06 23:08:14.692 8 INFO neutron.services.segments.plugin [-] Segment e494d062-c24f-4aa0-9002-d34b0dff936f resource provider aggregate not found
2026-03-06 23:08:14.693 8 INFO neutron.services.segments.plugin [-] Segment e494d062-c24f-4aa0-9002-d34b0dff936f resource provider aggregate not found
2026-03-06 23:08:14.708 8 INFO neutron.services.segments.plugin [-] Segment e494d062-c24f-4aa0-9002-d34b0dff936f resource provider not found; error: Placement Client Error (4xx): {"errors": [{"status": 404, "title": "Not Found", "detail": "The resource could not be found.\n\n No resource provider with uuid e494d062-c24f-4aa0-9002-d34b0dff936f found for delete ", "request_id": "req-f4b4c339-785a-4ca9-b671-35d2a6775f28"}]}
2026-03-06 23:08:14.712 8 INFO neutron.services.segments.plugin [-] Segment e494d062-c24f-4aa0-9002-d34b0dff936f resource provider not found; error: Placement Client Error (4xx): {"errors": [{"status": 404, "title": "Not Found", "detail": "The resource could not be found.\n\n No resource provider with uuid e494d062-c24f-4aa0-9002-d34b0dff936f found for delete ", "request_id": "req-5f4b719d-653e-4938-a565-b8326134f304"}]} [pid: 8|app: 0|req: 820/1608] 10.0.0.211 () {32 vars in 726 bytes} [Fri Mar 6 23:08:14 2026] DELETE /v2.0/networks/050c5ef6-7d5c-4cc0-ac55-705fa42f3ae9 => generated 0 bytes in 366 msecs (HTTP/1.1 204) 3 headers in 131 bytes (1 switches on core 0)
2026-03-06 23:08:15.071 7 INFO neutron.db.ovn_revision_numbers_db [None req-90c0be9c-8ff0-48b9-a352-2b1773ee6ef1 f925c706757c4d40888938eb3e058aee 249e9000107e4fed98751ea69ee9900f - - default default] Successfully bumped revision number for resource fbeb7d69-5264-4326-8132-afe4177e690e (type: security_groups) to 1
2026-03-06 23:08:15.086 7 INFO neutron.db.ovn_revision_numbers_db [None req-90c0be9c-8ff0-48b9-a352-2b1773ee6ef1 f925c706757c4d40888938eb3e058aee 249e9000107e4fed98751ea69ee9900f - - default default] Successfully bumped revision number for resource 169d61cd-0dd2-41a7-a85a-070a27ea8b36 (type: security_group_rules) to 0
2026-03-06 23:08:15.104 7 INFO neutron.db.ovn_revision_numbers_db [None req-90c0be9c-8ff0-48b9-a352-2b1773ee6ef1 f925c706757c4d40888938eb3e058aee 249e9000107e4fed98751ea69ee9900f - - default default] Successfully bumped revision number for resource 536a8292-3d8b-4e6f-8b15-8b5f7a793f45 (type: security_group_rules) to 0
2026-03-06 23:08:15.132 7 INFO neutron.db.ovn_revision_numbers_db [None req-90c0be9c-8ff0-48b9-a352-2b1773ee6ef1 f925c706757c4d40888938eb3e058aee 249e9000107e4fed98751ea69ee9900f - - default default] Successfully bumped revision number for resource a57fa865-dbb7-46a0-a422-538bad8f493a (type: security_group_rules) to 0
2026-03-06 23:08:15.147 7 INFO neutron.db.ovn_revision_numbers_db [None req-90c0be9c-8ff0-48b9-a352-2b1773ee6ef1 f925c706757c4d40888938eb3e058aee 249e9000107e4fed98751ea69ee9900f - - default default] Successfully bumped revision number for resource c9f590a2-caaf-41b3-8956-c9dcc58154a5 (type: security_group_rules) to 0
2026-03-06 23:08:15.226 7 INFO neutron.db.segments_db [None req-90c0be9c-8ff0-48b9-a352-2b1773ee6ef1 f925c706757c4d40888938eb3e058aee 249e9000107e4fed98751ea69ee9900f - - default default] Added segment 73c66d58-22ce-475a-b4e3-cf1f76e0b8da of type geneve for network 8d5a7d56-5517-4db6-948a-724ffc691833
2026-03-06 23:08:15.366 7 INFO neutron.db.ovn_revision_numbers_db [None req-90c0be9c-8ff0-48b9-a352-2b1773ee6ef1 f925c706757c4d40888938eb3e058aee 249e9000107e4fed98751ea69ee9900f - - default default] Successfully bumped revision number for resource 8d5a7d56-5517-4db6-948a-724ffc691833 (type: networks) to 1
2026-03-06 23:08:15.515 8 INFO neutron.db.ovn_revision_numbers_db [None req-0da78d7e-ac5c-4e3d-983b-26537bfcccc0 759a78dae59f4cf784a5689f4feafbd4 d0137439e4384e96bc2233d622b84572 - - default default] Successfully bumped revision number for resource 17c7e1b2-dabb-4208-891a-3edd8d30bb4a (type: security_groups) to 1
2026-03-06 23:08:15.526 8 INFO neutron.db.ovn_revision_numbers_db [None req-0da78d7e-ac5c-4e3d-983b-26537bfcccc0 759a78dae59f4cf784a5689f4feafbd4 d0137439e4384e96bc2233d622b84572 - - default default] Successfully bumped revision number for resource 0fb1ffa6-f20f-4069-9b0d-ba0d9378a603 (type: security_group_rules) to 0
2026-03-06 23:08:15.536 8 INFO neutron.db.ovn_revision_numbers_db [None req-0da78d7e-ac5c-4e3d-983b-26537bfcccc0 759a78dae59f4cf784a5689f4feafbd4 d0137439e4384e96bc2233d622b84572 - - default default] Successfully bumped revision number for resource 747b7ebb-7dba-4949-afcd-ca02f102ff83 (type: security_group_rules) to 0
2026-03-06 23:08:15.552 8 INFO neutron.db.ovn_revision_numbers_db [None req-0da78d7e-ac5c-4e3d-983b-26537bfcccc0 759a78dae59f4cf784a5689f4feafbd4 d0137439e4384e96bc2233d622b84572 - - default default] Successfully bumped revision number for resource b8f8f2ae-b6c1-41ba-9595-bbccfae77997 (type: security_group_rules) to 0
2026-03-06 23:08:15.554 7 WARNING neutron.scheduler.dhcp_agent_scheduler [None req-90c0be9c-8ff0-48b9-a352-2b1773ee6ef1 f925c706757c4d40888938eb3e058aee 249e9000107e4fed98751ea69ee9900f - - default default] No more DHCP agents
2026-03-06 23:08:15.557 7 WARNING neutron.api.rpc.agentnotifiers.dhcp_rpc_agent_api [None req-90c0be9c-8ff0-48b9-a352-2b1773ee6ef1 f925c706757c4d40888938eb3e058aee 249e9000107e4fed98751ea69ee9900f - - default default] Unable to schedule network 8d5a7d56-5517-4db6-948a-724ffc691833: no agents available; will retry on subsequent port and subnet creation events.
2026-03-06 23:08:15.567 8 INFO neutron.db.ovn_revision_numbers_db [None req-0da78d7e-ac5c-4e3d-983b-26537bfcccc0 759a78dae59f4cf784a5689f4feafbd4 d0137439e4384e96bc2233d622b84572 - - default default] Successfully bumped revision number for resource e6be5e77-10e9-45a0-86bd-9807b6786f1e (type: security_group_rules) to 0
2026-03-06 23:08:15.636 7 INFO neutron.plugins.ml2.drivers.ovn.mech_driver.mech_driver [None req-2298749f-a5ac-4b7c-a6f8-157856123b6f - - - - - -] OVN reports status down for port: e1fa75a2-e13f-4b3b-8e40-6407d750087f
2026-03-06 23:08:15.659 8 INFO neutron.db.segments_db [None req-0da78d7e-ac5c-4e3d-983b-26537bfcccc0 759a78dae59f4cf784a5689f4feafbd4 d0137439e4384e96bc2233d622b84572 - - default default] Added segment 73bf4d54-8ffb-4ae0-8c0c-30f3165ae0a2 of type geneve for network 211dc791-102b-4620-a66b-f37ae5bb87ca
2026-03-06 23:08:15.706 7 INFO neutron.db.ovn_revision_numbers_db [None req-90c0be9c-8ff0-48b9-a352-2b1773ee6ef1 f925c706757c4d40888938eb3e058aee 249e9000107e4fed98751ea69ee9900f - - default default] Successfully bumped revision number for resource e1fa75a2-e13f-4b3b-8e40-6407d750087f (type: ports) to 1
2026-03-06 23:08:15.759 8 INFO neutron.db.ovn_revision_numbers_db [None req-0da78d7e-ac5c-4e3d-983b-26537bfcccc0 759a78dae59f4cf784a5689f4feafbd4 d0137439e4384e96bc2233d622b84572 - - default default] Successfully bumped revision number for resource 211dc791-102b-4620-a66b-f37ae5bb87ca (type: networks) to 1 [pid: 7|app: 0|req: 789/1609] 10.0.0.211 () {34 vars in 671 bytes} [Fri Mar 6 23:08:14 2026] POST /v2.0/networks => generated 651 bytes in 1092 msecs (HTTP/1.1 201) 4 headers in 162 bytes (1 switches on core 0) [pid: 7|app: 0|req: 790/1610] 10.0.0.211 () {32 vars in 774 bytes} [Fri Mar 6 23:08:15 2026] GET /v2.0/security-groups?tenant_id=4995c759103a4b2993193a77fff90132&name=default => generated 2925 bytes in 85 msecs (HTTP/1.1 200) 4 headers in 158 bytes (1 switches on core 0)
2026-03-06 23:08:15.904 8 WARNING neutron.scheduler.dhcp_agent_scheduler [None req-0da78d7e-ac5c-4e3d-983b-26537bfcccc0 759a78dae59f4cf784a5689f4feafbd4 d0137439e4384e96bc2233d622b84572 - - default default] No more DHCP agents
2026-03-06 23:08:15.906 8 WARNING neutron.api.rpc.agentnotifiers.dhcp_rpc_agent_api [None req-0da78d7e-ac5c-4e3d-983b-26537bfcccc0 759a78dae59f4cf784a5689f4feafbd4 d0137439e4384e96bc2233d622b84572 - - default default] Unable to schedule network 211dc791-102b-4620-a66b-f37ae5bb87ca: no agents available; will retry on subsequent port and subnet creation events.
2026-03-06 23:08:16.028 8 INFO neutron.db.ovn_revision_numbers_db [None req-0da78d7e-ac5c-4e3d-983b-26537bfcccc0 759a78dae59f4cf784a5689f4feafbd4 d0137439e4384e96bc2233d622b84572 - - default default] Successfully bumped revision number for resource 2e91d541-2988-4158-9bbe-ac6d26b6ae6a (type: ports) to 1
2026-03-06 23:08:16.036 7 INFO neutron.plugins.ml2.drivers.ovn.mech_driver.mech_driver [None req-2298749f-a5ac-4b7c-a6f8-157856123b6f - - - - - -] OVN reports status down for port: 2e91d541-2988-4158-9bbe-ac6d26b6ae6a [pid: 8|app: 0|req: 821/1611] 10.0.0.211 () {34 vars in 670 bytes} [Fri Mar 6 23:08:15 2026] POST /v2.0/networks => generated 651 bytes in 805 msecs (HTTP/1.1 201) 4 headers in 162 bytes (1 switches on core 0) [pid: 8|app: 0|req: 822/1612] 10.0.0.211 () {32 vars in 740 bytes} [Fri Mar 6 23:08:16 2026] DELETE /v2.0/security-groups/a62134c1-e32f-49ae-a00e-3cf1f4fb9fe5 => generated 0 bytes in 258 msecs (HTTP/1.1 204) 2 headers in 112 bytes (1 switches on core 0)
2026-03-06 23:08:16.475 7 WARNING neutron.scheduler.dhcp_agent_scheduler [None req-591c2603-bbb5-407a-a403-9440f88966d9 f925c706757c4d40888938eb3e058aee 249e9000107e4fed98751ea69ee9900f - - default default] No more DHCP agents
2026-03-06 23:08:16.476 7 WARNING neutron.api.rpc.agentnotifiers.dhcp_rpc_agent_api [None req-591c2603-bbb5-407a-a403-9440f88966d9 f925c706757c4d40888938eb3e058aee 249e9000107e4fed98751ea69ee9900f - - default default] Unable to schedule network b003820d-e0b2-4780-bc6f-396f592d9f30: no agents available; will retry on subsequent port and subnet creation events.
2026-03-06 23:08:16.484 8 WARNING neutron.scheduler.dhcp_agent_scheduler [None req-7f30de5d-35b3-48ff-9b56-8473668ec0a0 759a78dae59f4cf784a5689f4feafbd4 d0137439e4384e96bc2233d622b84572 - - default default] No more DHCP agents
2026-03-06 23:08:16.486 8 WARNING neutron.api.rpc.agentnotifiers.dhcp_rpc_agent_api [None req-7f30de5d-35b3-48ff-9b56-8473668ec0a0 759a78dae59f4cf784a5689f4feafbd4 d0137439e4384e96bc2233d622b84572 - - default default] Unable to schedule network 211dc791-102b-4620-a66b-f37ae5bb87ca: no agents available; will retry on subsequent port and subnet creation events.
2026-03-06 23:08:16.604 7 INFO neutron.plugins.ml2.drivers.ovn.mech_driver.mech_driver [None req-2298749f-a5ac-4b7c-a6f8-157856123b6f - - - - - -] OVN reports status down for port: 67a2da7f-8808-4687-ac82-2f50990de965
2026-03-06 23:08:16.675 7 INFO neutron.db.ovn_revision_numbers_db [None req-591c2603-bbb5-407a-a403-9440f88966d9 f925c706757c4d40888938eb3e058aee 249e9000107e4fed98751ea69ee9900f - - default default] Successfully bumped revision number for resource 67a2da7f-8808-4687-ac82-2f50990de965 (type: ports) to 1
2026-03-06 23:08:16.901 8 INFO neutron.db.ovn_revision_numbers_db [None req-ee343c40-e641-46de-8a7d-cb3dc258ae8f - - - - - -] Successfully bumped revision number for resource 2e91d541-2988-4158-9bbe-ac6d26b6ae6a (type: ports) to 2
2026-03-06 23:08:16.935 8 INFO neutron.db.ovn_revision_numbers_db [None req-ee343c40-e641-46de-8a7d-cb3dc258ae8f - - - - - -] Successfully bumped revision number for resource ddd7f811-74d2-4634-b818-1b40a5c41f97 (type: subnets) to 0 [pid: 8|app: 0|req: 823/1613] 10.0.0.211 () {34 vars in 669 bytes} [Fri Mar 6 23:08:16 2026] POST /v2.0/subnets => generated 626 bytes in 639 msecs (HTTP/1.1 201) 4 headers in 162 bytes (1 switches on core 0) [pid: 8|app: 0|req: 824/1614] 10.0.0.95 () {34 vars in 989 bytes} [Fri Mar 6 23:08:16 2026] GET /v2.0/ports?device_id=fbbb92ec-9968-4ca7-a587-9f0b62fb75f3 => generated 971 bytes in 67 msecs (HTTP/1.1 200) 4 headers in 157 bytes (1 switches on core 0)
2026-03-06 23:08:17.110 8 INFO neutron.db.segments_db [None req-617f3975-0919-48ef-8b28-5b37992af1b3 759a78dae59f4cf784a5689f4feafbd4 d0137439e4384e96bc2233d622b84572 - - default default] Added segment 9d4ecee9-c070-4631-9756-7ee92d59216c of type geneve for network 9b76ef93-bba5-4c6d-a53b-dfefc5b9a33c
2026-03-06 23:08:17.244 8 INFO neutron.db.ovn_revision_numbers_db [None req-617f3975-0919-48ef-8b28-5b37992af1b3 759a78dae59f4cf784a5689f4feafbd4 d0137439e4384e96bc2233d622b84572 - - default default] Successfully bumped revision number for resource 9b76ef93-bba5-4c6d-a53b-dfefc5b9a33c (type: networks) to 1
2026-03-06 23:08:17.383 8 WARNING neutron.scheduler.dhcp_agent_scheduler [None req-617f3975-0919-48ef-8b28-5b37992af1b3 759a78dae59f4cf784a5689f4feafbd4 d0137439e4384e96bc2233d622b84572 - - default default] No more DHCP agents
2026-03-06 23:08:17.389 8 WARNING neutron.api.rpc.agentnotifiers.dhcp_rpc_agent_api [None req-617f3975-0919-48ef-8b28-5b37992af1b3 759a78dae59f4cf784a5689f4feafbd4 d0137439e4384e96bc2233d622b84572 - - default default] Unable to schedule network 9b76ef93-bba5-4c6d-a53b-dfefc5b9a33c: no agents available; will retry on subsequent port and subnet creation events.
2026-03-06 23:08:17.423 7 INFO neutron.plugins.ml2.drivers.ovn.mech_driver.ovsdb.commands [None req-aed0fe8f-3f9d-423c-b60c-81f21c8112f9 - - - - - -] Schedule LRP lrp-67a2da7f-8808-4687-ac82-2f50990de965 on gateway 14830c50-7ad4-434e-8eb6-8648f4bd55da with priority 1
2026-03-06 23:08:17.565 7 INFO neutron.plugins.ml2.drivers.ovn.mech_driver.ovsdb.ovsdb_monitor [None req-6fd919ac-127b-4991-b067-979fc24fff23 - - - - - -] Router 4ba6334a-4776-41e8-919f-155df1ee2fae is bound to host instance
2026-03-06 23:08:17.619 7 INFO neutron.plugins.ml2.drivers.ovn.mech_driver.mech_driver [None req-2298749f-a5ac-4b7c-a6f8-157856123b6f - - - - - -] OVN reports status up for port: 67a2da7f-8808-4687-ac82-2f50990de965
2026-03-06 23:08:17.682 8 INFO neutron.db.ovn_revision_numbers_db [None req-617f3975-0919-48ef-8b28-5b37992af1b3 759a78dae59f4cf784a5689f4feafbd4 d0137439e4384e96bc2233d622b84572 - - default default] Successfully bumped revision number for resource 5e6a6c45-6671-4938-adb3-ba035a9b34d8 (type: ports) to 1 [pid: 8|app: 0|req: 825/1615] 10.0.0.211 () {34 vars in 670 bytes} [Fri Mar 6 23:08:17 2026] POST /v2.0/networks => generated 650 bytes in 722 msecs (HTTP/1.1 201) 4 headers in 162 bytes (1 switches on core 0) [pid: 8|app: 0|req: 826/1616] 10.0.0.95 () {34 vars in 1039 bytes} [Fri Mar 6 23:08:17 2026] GET /v2.0/security-groups?id=7c29c131-4919-418c-a00c-95ad973d7e27&fields=id&fields=name => generated 113 bytes in 35 msecs (HTTP/1.1 200) 4 headers in 157 bytes (1 switches on core 0)
2026-03-06 23:08:17.806 7 INFO neutron.plugins.ml2.plugin [None req-2298749f-a5ac-4b7c-a6f8-157856123b6f - - - - - -] Attempt 1 to provision port 67a2da7f-8808-4687-ac82-2f50990de965
2026-03-06 23:08:17.931 7 INFO neutron.db.ovn_revision_numbers_db [None req-591c2603-bbb5-407a-a403-9440f88966d9 f925c706757c4d40888938eb3e058aee 249e9000107e4fed98751ea69ee9900f - - default default] Successfully bumped revision number for resource 67a2da7f-8808-4687-ac82-2f50990de965 (type: router_ports) to 1
2026-03-06 23:08:18.022 8 WARNING neutron.scheduler.dhcp_agent_scheduler [None req-a8cb57d5-6198-4195-8eac-d11309fb53c7 759a78dae59f4cf784a5689f4feafbd4 d0137439e4384e96bc2233d622b84572 - - default default] No more DHCP agents
2026-03-06 23:08:18.025 8 WARNING neutron.api.rpc.agentnotifiers.dhcp_rpc_agent_api [None req-a8cb57d5-6198-4195-8eac-d11309fb53c7 759a78dae59f4cf784a5689f4feafbd4 d0137439e4384e96bc2233d622b84572 - - default default] Unable to schedule network 9b76ef93-bba5-4c6d-a53b-dfefc5b9a33c: no agents available; will retry on subsequent port and subnet creation events.
2026-03-06 23:08:18.143 7 INFO neutron.db.ovn_revision_numbers_db [None req-591c2603-bbb5-407a-a403-9440f88966d9 f925c706757c4d40888938eb3e058aee 249e9000107e4fed98751ea69ee9900f - - default default] Successfully bumped revision number for resource 4ba6334a-4776-41e8-919f-155df1ee2fae (type: routers) to 2 [pid: 7|app: 0|req: 791/1617] 10.0.0.211 () {34 vars in 669 bytes} [Fri Mar 6 23:08:15 2026] POST /v2.0/routers => generated 955 bytes in 2308 msecs (HTTP/1.1 201) 4 headers in 162 bytes (1 switches on core 0) [pid: 7|app: 0|req: 792/1618] 10.0.0.95 () {34 vars in 989 bytes} [Fri Mar 6 23:08:18 2026] GET /v2.0/ports?device_id=fbbb92ec-9968-4ca7-a587-9f0b62fb75f3 => generated 971 bytes in 156 msecs (HTTP/1.1 200) 4 headers in 157 bytes (1 switches on core 0)
2026-03-06 23:08:18.534 8 INFO neutron.db.ovn_revision_numbers_db [None req-fafd09ec-3389-4e63-a2ab-e89f33cd2242 - - - - - -] Successfully bumped revision number for resource 5e6a6c45-6671-4938-adb3-ba035a9b34d8 (type: ports) to 2
2026-03-06 23:08:18.571 8 INFO neutron.db.ovn_revision_numbers_db [None req-fafd09ec-3389-4e63-a2ab-e89f33cd2242 - - - - - -] Successfully bumped revision number for resource 9702f10f-b5ab-4a00-8891-34290f8cc6ff (type: subnets) to 0 [pid: 8|app: 0|req: 827/1619] 10.0.0.211 () {34 vars in 669 bytes} [Fri Mar 6 23:08:17 2026] POST /v2.0/subnets => generated 629 bytes in 807 msecs (HTTP/1.1 201) 4 headers in 162 bytes (1 switches on core 0) [pid: 8|app: 0|req: 828/1620] 10.0.0.211 () {32 vars in 776 bytes} [Fri Mar 6 23:08:18 2026] GET /v2.0/subnets?project_id=249e9000107e4fed98751ea69ee9900f&cidr=10.100.0.0%2F28 => generated 14 bytes in 127 msecs (HTTP/1.1 200) 4 headers in 156 bytes (1 switches on core 0) [pid: 8|app: 0|req: 829/1621] 10.0.0.95 () {34 vars in 1039 bytes} [Fri Mar 6 23:08:18 2026] GET /v2.0/security-groups?id=7c29c131-4919-418c-a00c-95ad973d7e27&fields=id&fields=name => generated 113 bytes in 38 msecs (HTTP/1.1 200) 4 headers in 157 bytes (1 switches on core 0)
2026-03-06 23:08:18.859 7 INFO neutron.db.ovn_revision_numbers_db [None req-a515cb03-ff38-49ef-86e7-a8e7aa7c9c54 808115fc40a548008a20799a61ccca95 efe9fc59233142708893517a03583784 - - default default] Successfully bumped revision number for resource 17252ae7-7866-4aa5-ab78-92bd34eeba32 (type: security_groups) to 1
2026-03-06 23:08:18.872 8 INFO neutron.db.segments_db [None req-61b171e9-b100-4a4f-896a-fb824ac8cc6a 759a78dae59f4cf784a5689f4feafbd4 d0137439e4384e96bc2233d622b84572 - - default default] Added segment f840a1d6-4617-474d-a46c-0135176c01cd of type geneve for network 1cb7f91d-22f0-4483-9bd8-9d6d7f07c4b9
2026-03-06 23:08:18.888 7 INFO neutron.db.ovn_revision_numbers_db [None req-a515cb03-ff38-49ef-86e7-a8e7aa7c9c54 808115fc40a548008a20799a61ccca95 efe9fc59233142708893517a03583784 - - default default] Successfully bumped revision number for resource 26af0f93-c2d1-472c-a400-d718c2fb0f69 (type: security_group_rules) to 0
2026-03-06 23:08:18.927 7 INFO neutron.db.ovn_revision_numbers_db [None req-a515cb03-ff38-49ef-86e7-a8e7aa7c9c54 808115fc40a548008a20799a61ccca95 efe9fc59233142708893517a03583784 - - default default] Successfully bumped revision number for resource 3d001a8d-dcf9-43fb-bb94-237a70428a3c (type: security_group_rules) to 0
2026-03-06 23:08:18.963 7 INFO neutron.db.ovn_revision_numbers_db [None req-a515cb03-ff38-49ef-86e7-a8e7aa7c9c54 808115fc40a548008a20799a61ccca95 efe9fc59233142708893517a03583784 - - default default] Successfully bumped revision number for resource 67cdbb39-eb9f-46ee-a851-b2dad309411a (type: security_group_rules) to 0
2026-03-06 23:08:19.021 7 INFO neutron.db.ovn_revision_numbers_db [None req-a515cb03-ff38-49ef-86e7-a8e7aa7c9c54 808115fc40a548008a20799a61ccca95 efe9fc59233142708893517a03583784 - - default default] Successfully bumped revision number for resource c2e5d3cf-d5fb-4fc7-9249-50311a46d654 (type: security_group_rules) to 0
2026-03-06 23:08:19.055 8 INFO neutron.db.ovn_revision_numbers_db [None req-61b171e9-b100-4a4f-896a-fb824ac8cc6a 759a78dae59f4cf784a5689f4feafbd4 d0137439e4384e96bc2233d622b84572 - - default default] Successfully bumped revision number for resource 1cb7f91d-22f0-4483-9bd8-9d6d7f07c4b9 (type: networks) to 1
2026-03-06 23:08:19.109 7 INFO neutron.db.ovn_revision_numbers_db [None req-57a3fcdc-b168-4964-a107-a1178569ad54 - - - - - -] Successfully bumped revision number for resource 67a2da7f-8808-4687-ac82-2f50990de965 (type: ports) to 4
2026-03-06 23:08:19.163 7 INFO neutron.db.segments_db [None req-a515cb03-ff38-49ef-86e7-a8e7aa7c9c54 808115fc40a548008a20799a61ccca95 efe9fc59233142708893517a03583784 - - default default] Added segment 24870772-d4a8-4019-be75-e572d13c61fc of type geneve for network fbd8965e-58fe-4d7e-ba63-ff9d2ecc66d8
2026-03-06 23:08:19.272 8 WARNING neutron.scheduler.dhcp_agent_scheduler [None req-61b171e9-b100-4a4f-896a-fb824ac8cc6a 759a78dae59f4cf784a5689f4feafbd4 d0137439e4384e96bc2233d622b84572 - - default default] No more DHCP agents
2026-03-06 23:08:19.273 8 WARNING neutron.api.rpc.agentnotifiers.dhcp_rpc_agent_api [None req-61b171e9-b100-4a4f-896a-fb824ac8cc6a 759a78dae59f4cf784a5689f4feafbd4 d0137439e4384e96bc2233d622b84572 - - default default] Unable to schedule network 1cb7f91d-22f0-4483-9bd8-9d6d7f07c4b9: no agents available; will retry on subsequent port and subnet creation events.
2026-03-06 23:08:19.386 8 INFO neutron.db.ovn_revision_numbers_db [None req-61b171e9-b100-4a4f-896a-fb824ac8cc6a 759a78dae59f4cf784a5689f4feafbd4 d0137439e4384e96bc2233d622b84572 - - default default] Successfully bumped revision number for resource b16be37f-a7f2-406f-9d58-bf6c811d85b3 (type: ports) to 1 [pid: 8|app: 0|req: 830/1622] 10.0.0.211 () {34 vars in 670 bytes} [Fri Mar 6 23:08:18 2026] POST /v2.0/networks => generated 651 bytes in 677 msecs (HTTP/1.1 201) 4 headers in 162 bytes (1 switches on core 0)
2026-03-06 23:08:19.463 7 INFO neutron.db.ovn_revision_numbers_db [None req-a515cb03-ff38-49ef-86e7-a8e7aa7c9c54 808115fc40a548008a20799a61ccca95 efe9fc59233142708893517a03583784 - - default default] Successfully bumped revision number for resource fbd8965e-58fe-4d7e-ba63-ff9d2ecc66d8 (type: networks) to 1 [pid: 8|app: 0|req: 831/1623] 10.0.0.211 () {32 vars in 694 bytes} [Fri Mar 6 23:08:19 2026] GET /v2.0/networks?router%3Aexternal=True => generated 791 bytes in 59 msecs (HTTP/1.1 200) 4 headers in 157 bytes (1 switches on core 0) [pid: 8|app: 0|req: 832/1624] 10.0.0.95 () {34 vars in 989 bytes} [Fri Mar 6 23:08:19 2026] GET /v2.0/ports?device_id=fbbb92ec-9968-4ca7-a587-9f0b62fb75f3 => generated 971 bytes in 37 msecs (HTTP/1.1 200) 4 headers in 157 bytes (1 switches on core 0)
2026-03-06 23:08:19.726 8 WARNING neutron.scheduler.dhcp_agent_scheduler [None req-1f2a29b3-2faf-4dba-b3c0-066e9c967087 759a78dae59f4cf784a5689f4feafbd4 d0137439e4384e96bc2233d622b84572 - - default default] No more DHCP agents
2026-03-06 23:08:19.731 8 WARNING neutron.api.rpc.agentnotifiers.dhcp_rpc_agent_api [None req-1f2a29b3-2faf-4dba-b3c0-066e9c967087 759a78dae59f4cf784a5689f4feafbd4 d0137439e4384e96bc2233d622b84572 - - default default] Unable to schedule network 1cb7f91d-22f0-4483-9bd8-9d6d7f07c4b9: no agents available; will retry on subsequent port and subnet creation events.
2026-03-06 23:08:19.812 7 WARNING neutron.scheduler.dhcp_agent_scheduler [None req-a515cb03-ff38-49ef-86e7-a8e7aa7c9c54 808115fc40a548008a20799a61ccca95 efe9fc59233142708893517a03583784 - - default default] No more DHCP agents
2026-03-06 23:08:19.814 7 WARNING neutron.api.rpc.agentnotifiers.dhcp_rpc_agent_api [None req-a515cb03-ff38-49ef-86e7-a8e7aa7c9c54 808115fc40a548008a20799a61ccca95 efe9fc59233142708893517a03583784 - - default default] Unable to schedule network fbd8965e-58fe-4d7e-ba63-ff9d2ecc66d8: no agents available; will retry on subsequent port and subnet creation events.
2026-03-06 23:08:19.857 7 INFO neutron.db.ovn_revision_numbers_db [None req-57a3fcdc-b168-4964-a107-a1178569ad54 - - - - - -] Successfully bumped revision number for resource 67a2da7f-8808-4687-ac82-2f50990de965 (type: ports) to 5
2026-03-06 23:08:20.054 7 INFO neutron.db.ovn_revision_numbers_db [None req-a515cb03-ff38-49ef-86e7-a8e7aa7c9c54 808115fc40a548008a20799a61ccca95 efe9fc59233142708893517a03583784 - - default default] Successfully bumped revision number for resource 41d18305-f650-465b-aea6-87cc1a591101 (type: ports) to 1 [pid: 7|app: 0|req: 793/1625] 10.0.0.211 () {34 vars in 670 bytes} [Fri Mar 6 23:08:18 2026] POST /v2.0/networks => generated 652 bytes in 1739 msecs (HTTP/1.1 201) 4 headers in 162 bytes (1 switches on core 0) [pid: 7|app: 0|req: 794/1626] 10.0.0.211 () {32 vars in 784 bytes} [Fri Mar 6 23:08:20 2026] GET /v2.0/subnets?network_id=b003820d-e0b2-4780-bc6f-396f592d9f30&cidr=10.100.0.0%2F28 => generated 14 bytes in 25 msecs (HTTP/1.1 200) 4 headers in 156 bytes (1 switches on core 0) [pid: 7|app: 0|req: 795/1627] 10.0.0.95 () {34 vars in 1039 bytes} [Fri Mar 6 23:08:20 2026] GET /v2.0/security-groups?id=7c29c131-4919-418c-a00c-95ad973d7e27&fields=id&fields=name => generated 113 bytes in 44 msecs (HTTP/1.1 200) 4 headers in 157 bytes (1 switches on core 0)
2026-03-06 23:08:20.262 7 INFO neutron.db.segments_db [None req-60c5fff0-af14-4914-b542-0011508d6ed1 808115fc40a548008a20799a61ccca95 efe9fc59233142708893517a03583784 - - default default] Added segment c9dc427d-412a-47fb-8b3e-e0a6e204af63 of type geneve for network 5b3221a6-1ce0-406a-aa92-1d871dbd07db
2026-03-06 23:08:20.289 8 INFO neutron.db.ovn_revision_numbers_db [None req-61b77e1a-a33b-4fbd-9abc-06da6e803944 - - - - - -] Successfully bumped revision number for resource b16be37f-a7f2-406f-9d58-bf6c811d85b3 (type: ports) to 2
2026-03-06 23:08:20.316 8 INFO neutron.db.ovn_revision_numbers_db [None req-61b77e1a-a33b-4fbd-9abc-06da6e803944 - - - - - -] Successfully bumped revision number for resource fee8aa7a-6bdf-442c-90f6-bea01490fe7f (type: subnets) to 0 [pid: 8|app: 0|req: 833/1628] 10.0.0.211 () {34 vars in 669 bytes} [Fri Mar 6 23:08:19 2026] POST /v2.0/subnets => generated 629 bytes in 808 msecs (HTTP/1.1 201) 4 headers in 162 bytes (1 switches on core 0)
2026-03-06 23:08:20.425 7 INFO neutron.db.ovn_revision_numbers_db [None req-60c5fff0-af14-4914-b542-0011508d6ed1 808115fc40a548008a20799a61ccca95 efe9fc59233142708893517a03583784 - - default default] Successfully bumped revision number for resource 5b3221a6-1ce0-406a-aa92-1d871dbd07db (type: networks) to 1
2026-03-06 23:08:20.474 7 INFO neutron.plugins.ml2.drivers.ovn.mech_driver.mech_driver [None req-2298749f-a5ac-4b7c-a6f8-157856123b6f - - - - - -] OVN reports status down for port: 5e6a6c45-6671-4938-adb3-ba035a9b34d8
2026-03-06 23:08:20.550 8 WARNING neutron.scheduler.dhcp_agent_scheduler [None req-c229c8ab-082b-4ba8-9b02-f1508b95cb56 f925c706757c4d40888938eb3e058aee 249e9000107e4fed98751ea69ee9900f - - default default] No more DHCP agents
2026-03-06 23:08:20.553 8 WARNING neutron.api.rpc.agentnotifiers.dhcp_rpc_agent_api [None req-c229c8ab-082b-4ba8-9b02-f1508b95cb56 f925c706757c4d40888938eb3e058aee 249e9000107e4fed98751ea69ee9900f - - default default] Unable to schedule network 8d5a7d56-5517-4db6-948a-724ffc691833: no agents available; will retry on subsequent port and subnet creation events.
2026-03-06 23:08:20.593 7 INFO neutron.plugins.ml2.drivers.ovn.mech_driver.mech_driver [None req-2298749f-a5ac-4b7c-a6f8-157856123b6f - - - - - -] OVN reports status down for port: b16be37f-a7f2-406f-9d58-bf6c811d85b3
2026-03-06 23:08:20.694 7 WARNING neutron.scheduler.dhcp_agent_scheduler [None req-60c5fff0-af14-4914-b542-0011508d6ed1 808115fc40a548008a20799a61ccca95 efe9fc59233142708893517a03583784 - - default default] No more DHCP agents
2026-03-06 23:08:20.698 7 WARNING neutron.api.rpc.agentnotifiers.dhcp_rpc_agent_api [None req-60c5fff0-af14-4914-b542-0011508d6ed1 808115fc40a548008a20799a61ccca95 efe9fc59233142708893517a03583784 - - default default] Unable to schedule network 5b3221a6-1ce0-406a-aa92-1d871dbd07db: no agents available; will retry on subsequent port and subnet creation events.
2026-03-06 23:08:20.704 7 INFO neutron.plugins.ml2.drivers.ovn.mech_driver.mech_driver [None req-2298749f-a5ac-4b7c-a6f8-157856123b6f - - - - - -] OVN reports status down for port: 41d18305-f650-465b-aea6-87cc1a591101
2026-03-06 23:08:20.845 7 INFO neutron.plugins.ml2.drivers.ovn.mech_driver.mech_driver [None req-2298749f-a5ac-4b7c-a6f8-157856123b6f - - - - - -] OVN reports status down for port: 58932dbd-1da7-4ff7-b526-d51f9bb16f51
2026-03-06 23:08:20.901 7 INFO neutron.db.ovn_revision_numbers_db [None req-60c5fff0-af14-4914-b542-0011508d6ed1 808115fc40a548008a20799a61ccca95 efe9fc59233142708893517a03583784 - - default default] Successfully bumped revision number for resource 58932dbd-1da7-4ff7-b526-d51f9bb16f51 (type: ports) to 1 [pid: 7|app: 0|req: 796/1629] 10.0.0.211 () {34 vars in 670 bytes} [Fri Mar 6 23:08:20 2026] POST /v2.0/networks => generated 653 bytes in 788 msecs (HTTP/1.1 201) 4 headers in 162 bytes (1 switches on core 0)
2026-03-06 23:08:21.054 7 INFO neutron.db.segments_db [None req-724a3193-eac3-46f0-9ac2-68b4ef9fbfa8 759a78dae59f4cf784a5689f4feafbd4 d0137439e4384e96bc2233d622b84572 - - default default] Added segment f20d3f99-5160-4b8f-83b9-90c1df9f06ea of type geneve for network 6c0bb17f-14ae-4b68-b08d-830cb95d299b
2026-03-06 23:08:21.079 8 INFO neutron.db.ovn_revision_numbers_db [None req-cd63dfa0-0477-4d68-b9e4-180bad045205 - - - - - -] Successfully bumped revision number for resource e1fa75a2-e13f-4b3b-8e40-6407d750087f (type: ports) to 2
2026-03-06 23:08:21.112 8 INFO neutron.db.ovn_revision_numbers_db [None req-cd63dfa0-0477-4d68-b9e4-180bad045205 - - - - - -] Successfully bumped revision number for resource 32fc6aca-2d47-4965-903d-6e71d5db40f0 (type: subnets) to 0 [pid: 8|app: 0|req: 834/1630] 10.0.0.211 () {34 vars in 669 bytes} [Fri Mar 6 23:08:20 2026] POST /v2.0/subnets => generated 657 bytes in 802 msecs (HTTP/1.1 201) 4 headers in 162 bytes (1 switches on core 0) [pid: 8|app: 0|req: 835/1631] 162.253.55.74 () {34 vars in 1079 bytes} [Fri Mar 6 23:08:21 2026] GET /v2.0/ports?tenant_id=d52a4edfcdcc42c1b41546c52efd9152&device_id=fbbb92ec-9968-4ca7-a587-9f0b62fb75f3 => generated 1209 bytes in 52 msecs (HTTP/1.1 200) 4 headers in 158 bytes (1 switches on core 0)
2026-03-06 23:08:21.196 7 INFO neutron.db.ovn_revision_numbers_db [None req-724a3193-eac3-46f0-9ac2-68b4ef9fbfa8 759a78dae59f4cf784a5689f4feafbd4 d0137439e4384e96bc2233d622b84572 - - default default] Successfully bumped revision number for resource 6c0bb17f-14ae-4b68-b08d-830cb95d299b (type: networks) to 1
2026-03-06 23:08:21.389 7 WARNING neutron.scheduler.dhcp_agent_scheduler [None req-724a3193-eac3-46f0-9ac2-68b4ef9fbfa8 759a78dae59f4cf784a5689f4feafbd4 d0137439e4384e96bc2233d622b84572 - - default default] No more DHCP agents
2026-03-06 23:08:21.391 7 WARNING neutron.api.rpc.agentnotifiers.dhcp_rpc_agent_api [None req-724a3193-eac3-46f0-9ac2-68b4ef9fbfa8 759a78dae59f4cf784a5689f4feafbd4 d0137439e4384e96bc2233d622b84572 - - default default] Unable to schedule network 6c0bb17f-14ae-4b68-b08d-830cb95d299b: no agents available; will retry on subsequent port and subnet creation events.
2026-03-06 23:08:21.391 8 WARNING neutron.scheduler.dhcp_agent_scheduler [None req-f573cf01-8b2a-4629-9188-fd503420ffd0 808115fc40a548008a20799a61ccca95 efe9fc59233142708893517a03583784 - - default default] No more DHCP agents
2026-03-06 23:08:21.394 8 WARNING neutron.api.rpc.agentnotifiers.dhcp_rpc_agent_api [None req-f573cf01-8b2a-4629-9188-fd503420ffd0 808115fc40a548008a20799a61ccca95 efe9fc59233142708893517a03583784 - - default default] Unable to schedule network fbd8965e-58fe-4d7e-ba63-ff9d2ecc66d8: no agents available; will retry on subsequent port and subnet creation events.
2026-03-06 23:08:21.462 8 INFO neutron.db.ovn_revision_numbers_db [None req-f573cf01-8b2a-4629-9188-fd503420ffd0 808115fc40a548008a20799a61ccca95 efe9fc59233142708893517a03583784 - - default default] Successfully bumped revision number for resource 194f8326-3ed1-43cf-9d73-09f59f1bff3a (type: subnets) to 0 [pid: 8|app: 0|req: 836/1632] 10.0.0.211 () {34 vars in 669 bytes} [Fri Mar 6 23:08:21 2026] POST /v2.0/subnets => generated 646 bytes in 337 msecs (HTTP/1.1 201) 4 headers in 162 bytes (1 switches on core 0)
2026-03-06 23:08:21.542 7 INFO neutron.plugins.ml2.drivers.ovn.mech_driver.mech_driver [None req-2298749f-a5ac-4b7c-a6f8-157856123b6f - - - - - -] OVN reports status down for port: f890d0f1-c399-4733-b4a3-5e27ca2121e9
2026-03-06 23:08:21.647 7 INFO neutron.db.ovn_revision_numbers_db [None req-724a3193-eac3-46f0-9ac2-68b4ef9fbfa8 759a78dae59f4cf784a5689f4feafbd4 d0137439e4384e96bc2233d622b84572 - - default default] Successfully bumped revision number for resource f890d0f1-c399-4733-b4a3-5e27ca2121e9 (type: ports) to 1 [pid: 7|app: 0|req: 797/1633] 10.0.0.211 () {34 vars in 670 bytes} [Fri Mar 6 23:08:20 2026] POST /v2.0/networks => generated 651 bytes in 747 msecs (HTTP/1.1 201) 4 headers in 162 bytes (1 switches on core 0) [pid: 7|app: 0|req: 798/1634] 162.253.55.74 () {34 vars in 985 bytes} [Fri Mar 6 23:08:21 2026] GET /v2.0/networks?id=503a0ac0-0f58-472e-b37b-61a37084a978 => generated 811 bytes in 72 msecs (HTTP/1.1 200) 4 headers in 157 bytes (1 switches on core 0) [pid: 7|app: 0|req: 799/1635] 10.0.0.95 () {34 vars in 989 bytes} [Fri Mar 6 23:08:21 2026] GET /v2.0/ports?device_id=fbbb92ec-9968-4ca7-a587-9f0b62fb75f3 => generated 971 bytes in 36 msecs (HTTP/1.1 200) 4 headers in 157 bytes (1 switches on core 0)
2026-03-06 23:08:22.082 7 WARNING neutron.scheduler.dhcp_agent_scheduler [None req-e4fad739-830a-453f-b58f-3956d48d4c16 808115fc40a548008a20799a61ccca95 efe9fc59233142708893517a03583784 - - default default] No more DHCP agents
2026-03-06 23:08:22.084 7 WARNING neutron.api.rpc.agentnotifiers.dhcp_rpc_agent_api [None req-e4fad739-830a-453f-b58f-3956d48d4c16 808115fc40a548008a20799a61ccca95 efe9fc59233142708893517a03583784 - - default default] Unable to schedule network 5b3221a6-1ce0-406a-aa92-1d871dbd07db: no agents available; will retry on subsequent port and subnet creation events.
2026-03-06 23:08:22.129 7 INFO neutron.db.ovn_revision_numbers_db [None req-e4fad739-830a-453f-b58f-3956d48d4c16 808115fc40a548008a20799a61ccca95 efe9fc59233142708893517a03583784 - - default default] Successfully bumped revision number for resource 4d1f9232-29d3-4e9a-9aa4-0dbf1191330d (type: subnets) to 0 [pid: 7|app: 0|req: 800/1636] 10.0.0.211 () {34 vars in 669 bytes} [Fri Mar 6 23:08:21 2026] POST /v2.0/subnets => generated 655 bytes in 349 msecs (HTTP/1.1 201) 4 headers in 162 bytes (1 switches on core 0)
2026-03-06 23:08:22.229 8 WARNING neutron.scheduler.dhcp_agent_scheduler [None req-17aad484-fbc2-42ed-a5e3-111c6faf68ba f925c706757c4d40888938eb3e058aee 249e9000107e4fed98751ea69ee9900f - - default default] No more DHCP agents
2026-03-06 23:08:22.233 8 WARNING neutron.api.rpc.agentnotifiers.dhcp_rpc_agent_api [None req-17aad484-fbc2-42ed-a5e3-111c6faf68ba f925c706757c4d40888938eb3e058aee 249e9000107e4fed98751ea69ee9900f - - default default] Unable to schedule network 8d5a7d56-5517-4db6-948a-724ffc691833: no agents available; will retry on subsequent port and subnet creation events. [pid: 7|app: 0|req: 801/1637] 10.0.0.84 () {28 vars in 590 bytes} [Fri Mar 6 23:08:22 2026] GET /v2.0/floatingips => generated 860 bytes in 85 msecs (HTTP/1.1 200) 4 headers in 157 bytes (1 switches on core 0)
2026-03-06 23:08:22.407 7 INFO neutron.plugins.ml2.drivers.ovn.mech_driver.mech_driver [None req-2298749f-a5ac-4b7c-a6f8-157856123b6f - - - - - -] OVN reports status down for port: 2c8d3f12-acb6-4b67-9161-be7868db867b
2026-03-06 23:08:22.412 8 INFO neutron.db.ovn_revision_numbers_db [None req-17aad484-fbc2-42ed-a5e3-111c6faf68ba f925c706757c4d40888938eb3e058aee 249e9000107e4fed98751ea69ee9900f - - default default] Successfully bumped revision number for resource 2c8d3f12-acb6-4b67-9161-be7868db867b (type: ports) to 1
2026-03-06 23:08:22.535 7 WARNING neutron.scheduler.dhcp_agent_scheduler [None req-5dafbee7-baec-4c1a-a3d0-e1b6213b6f4a 759a78dae59f4cf784a5689f4feafbd4 d0137439e4384e96bc2233d622b84572 - - default default] No more DHCP agents
2026-03-06 23:08:22.540 7 WARNING neutron.api.rpc.agentnotifiers.dhcp_rpc_agent_api [None req-5dafbee7-baec-4c1a-a3d0-e1b6213b6f4a 759a78dae59f4cf784a5689f4feafbd4 d0137439e4384e96bc2233d622b84572 - - default default] Unable to schedule network 6c0bb17f-14ae-4b68-b08d-830cb95d299b: no agents available; will retry on subsequent port and subnet creation events.
2026-03-06 23:08:23.075 7 INFO neutron.db.ovn_revision_numbers_db [None req-4cf753a0-f18b-42be-967b-daf5315c8074 - - - - - -] Successfully bumped revision number for resource f890d0f1-c399-4733-b4a3-5e27ca2121e9 (type: ports) to 2
2026-03-06 23:08:23.119 7 INFO neutron.db.ovn_revision_numbers_db [None req-4cf753a0-f18b-42be-967b-daf5315c8074 - - - - - -] Successfully bumped revision number for resource 8b6a19f0-c8e8-4a50-a474-e2a1463dbcff (type: subnets) to 0 [pid: 7|app: 0|req: 802/1638] 10.0.0.211 () {34 vars in 669 bytes} [Fri Mar 6 23:08:22 2026] POST /v2.0/subnets => generated 629 bytes in 919 msecs (HTTP/1.1 201) 4 headers in 162 bytes (1 switches on core 0)
2026-03-06 23:08:23.246 7 INFO neutron.plugins.ml2.drivers.ovn.mech_driver.mech_driver [None req-2298749f-a5ac-4b7c-a6f8-157856123b6f - - - - - -] OVN reports status up for port: 2c8d3f12-acb6-4b67-9161-be7868db867b [pid: 7|app: 0|req: 803/1639] 162.253.55.74 () {34 vars in 1057 bytes} [Fri Mar 6 23:08:23 2026] GET /v2.0/floatingips?fixed_ip_address=10.100.0.3&port_id=96cfbd5c-1494-49f9-a2eb-3a7d612affac => generated 860 bytes in 119 msecs (HTTP/1.1 200) 4 headers in 157 bytes (1 switches on core 0)
2026-03-06 23:08:23.293 7 INFO neutron.plugins.ml2.plugin [None req-2298749f-a5ac-4b7c-a6f8-157856123b6f - - - - - -] Attempt 1 to provision port 2c8d3f12-acb6-4b67-9161-be7868db867b
2026-03-06 23:08:23.325 8 WARNING neutron.scheduler.dhcp_agent_scheduler [None req-17aad484-fbc2-42ed-a5e3-111c6faf68ba f925c706757c4d40888938eb3e058aee 249e9000107e4fed98751ea69ee9900f - - default default] No more DHCP agents
2026-03-06 23:08:23.328 8 WARNING neutron.api.rpc.agentnotifiers.dhcp_rpc_agent_api [None req-17aad484-fbc2-42ed-a5e3-111c6faf68ba f925c706757c4d40888938eb3e058aee 249e9000107e4fed98751ea69ee9900f - - default default] Unable to schedule network 8d5a7d56-5517-4db6-948a-724ffc691833: no agents available; will retry on subsequent port and subnet creation events. [pid: 7|app: 0|req: 804/1640] 10.0.0.95 () {34 vars in 1039 bytes} [Fri Mar 6 23:08:23 2026] GET /v2.0/security-groups?id=7c29c131-4919-418c-a00c-95ad973d7e27&fields=id&fields=name => generated 113 bytes in 71 msecs (HTTP/1.1 200) 4 headers in 157 bytes (1 switches on core 0) [pid: 7|app: 0|req: 805/1641] 10.0.0.95 () {34 vars in 989 bytes} [Fri Mar 6 23:08:23 2026] GET /v2.0/ports?device_id=fbbb92ec-9968-4ca7-a587-9f0b62fb75f3 => generated 1209 bytes in 67 msecs (HTTP/1.1 200) 4 headers in 158 bytes (1 switches on core 0)
2026-03-06 23:08:23.646 8 INFO neutron.db.ovn_revision_numbers_db [None req-17aad484-fbc2-42ed-a5e3-111c6faf68ba f925c706757c4d40888938eb3e058aee 249e9000107e4fed98751ea69ee9900f - - default default] Successfully bumped revision number for resource 2c8d3f12-acb6-4b67-9161-be7868db867b (type: router_ports) to 1 [pid: 8|app: 0|req: 837/1642] 10.0.0.211 () {34 vars in 783 bytes} [Fri Mar 6 23:08:21 2026] PUT /v2.0/routers/4ba6334a-4776-41e8-919f-155df1ee2fae/add_router_interface => generated 309 bytes in 2125 msecs (HTTP/1.1 200) 4 headers in 157 bytes (1 switches on core 0) [pid: 8|app: 0|req: 838/1643] 10.0.0.84 () {28 vars in 598 bytes} [Fri Mar 6 23:08:23 2026] GET /v2.0/security-groups => generated 31877 bytes in 39 msecs (HTTP/1.1 200) 4 headers in 159 bytes (1 switches on core 0)
2026-03-06 23:08:23.779 8 INFO neutron.db.segments_db [None req-e6e0b2fd-81ea-4a04-bf23-c8e1f46dcd22 759a78dae59f4cf784a5689f4feafbd4 d0137439e4384e96bc2233d622b84572 - - default default] Added segment 2455ae7c-4863-480d-892c-ee0109460fc5 of type geneve for network b44a8244-a642-4074-8911-d240ae419f18
2026-03-06 23:08:23.815 7 INFO neutron.db.ovn_revision_numbers_db [None req-2644ed1e-cb1a-4bc0-9242-0cfbdcd30f69 808115fc40a548008a20799a61ccca95 efe9fc59233142708893517a03583784 - - default default] Successfully bumped revision number for resource 7a5c0da9-9485-416a-af60-2eb6895f5296 (type: routers) to 1 [pid: 7|app: 0|req: 806/1644] 10.0.0.211 () {34 vars in 669 bytes} [Fri Mar 6 23:08:23 2026] POST /v2.0/routers => generated 607 bytes in 436 msecs (HTTP/1.1 201) 4 headers in 162 bytes (1 switches on core 0)
2026-03-06 23:08:23.902 8 INFO neutron.db.ovn_revision_numbers_db [None req-e6e0b2fd-81ea-4a04-bf23-c8e1f46dcd22 759a78dae59f4cf784a5689f4feafbd4 d0137439e4384e96bc2233d622b84572 - - default default] Successfully bumped revision number for resource b44a8244-a642-4074-8911-d240ae419f18 (type: networks) to 1 [pid: 7|app: 0|req: 807/1645] 162.253.55.74 () {34 vars in 983 bytes} [Fri Mar 6 23:08:23 2026] GET /v2.0/subnets?id=6e6b11fd-6c1b-4aa9-9e51-eb4dce90997a => generated 693 bytes in 103 msecs (HTTP/1.1 200) 4 headers in 157 bytes (1 switches on core 0) [pid: 7|app: 0|req: 808/1646] 10.0.0.95 () {34 vars in 1039 bytes} [Fri Mar 6 23:08:23 2026] GET /v2.0/security-groups?id=7c29c131-4919-418c-a00c-95ad973d7e27&fields=id&fields=name => generated 113 bytes in 66 msecs (HTTP/1.1 200) 4 headers in 157 bytes (1 switches on core 0)
2026-03-06 23:08:24.107 8 WARNING neutron.scheduler.dhcp_agent_scheduler [None req-e6e0b2fd-81ea-4a04-bf23-c8e1f46dcd22 759a78dae59f4cf784a5689f4feafbd4 d0137439e4384e96bc2233d622b84572 - - default default] No more DHCP agents
2026-03-06 23:08:24.108 8 WARNING neutron.api.rpc.agentnotifiers.dhcp_rpc_agent_api [None req-e6e0b2fd-81ea-4a04-bf23-c8e1f46dcd22 759a78dae59f4cf784a5689f4feafbd4 d0137439e4384e96bc2233d622b84572 - - default default] Unable to schedule network b44a8244-a642-4074-8911-d240ae419f18: no agents available; will retry on subsequent port and subnet creation events.
2026-03-06 23:08:24.216 8 INFO neutron.db.ovn_revision_numbers_db [None req-e6e0b2fd-81ea-4a04-bf23-c8e1f46dcd22 759a78dae59f4cf784a5689f4feafbd4 d0137439e4384e96bc2233d622b84572 - - default default] Successfully bumped revision number for resource 6cb7554c-c56c-4147-87fb-6903a4a9b519 (type: ports) to 1 [pid: 8|app: 0|req: 839/1647] 10.0.0.211 () {34 vars in 670 bytes} [Fri Mar 6 23:08:23 2026] POST /v2.0/networks => generated 650 bytes in 552 msecs (HTTP/1.1 201) 4 headers in 162 bytes (1 switches on core 0) [pid: 8|app: 0|req: 840/1648] 10.0.0.84 () {28 vars in 618 bytes} [Fri Mar 6 23:08:24 2026] GET /v2.0/network-ip-availabilities => generated 4862 bytes in 19 msecs (HTTP/1.1 200) 4 headers in 158 bytes (1 switches on core 0)
2026-03-06 23:08:24.279 7 INFO neutron.db.ovn_revision_numbers_db [None req-2298749f-a5ac-4b7c-a6f8-157856123b6f - - - - - -] Successfully bumped revision number for resource 2c8d3f12-acb6-4b67-9161-be7868db867b (type: ports) to 2 [pid: 7|app: 0|req: 809/1649] 10.0.0.211 () {32 vars in 649 bytes} [Fri Mar 6 23:08:24 2026] GET /v2.0/networks => generated 9310 bytes in 289 msecs (HTTP/1.1 200) 4 headers in 158 bytes (1 switches on core 0) [pid: 7|app: 0|req: 812/1652] 162.253.55.74 () {34 vars in 1051 bytes} [Fri Mar 6 23:08:24 2026] GET /v2.0/ports?network_id=503a0ac0-0f58-472e-b37b-61a37084a978&device_owner=network%3Adhcp => generated 12 bytes in 37 msecs (HTTP/1.1 200) 4 headers in 156 bytes (1 switches on core 0)
2026-03-06 23:08:24.617 7 WARNING neutron.scheduler.dhcp_agent_scheduler [None req-6c699e98-8872-4fe9-b43a-86a185944167 759a78dae59f4cf784a5689f4feafbd4 d0137439e4384e96bc2233d622b84572 - - default default] No more DHCP agents
2026-03-06 23:08:24.619 7 WARNING neutron.api.rpc.agentnotifiers.dhcp_rpc_agent_api [None req-6c699e98-8872-4fe9-b43a-86a185944167 759a78dae59f4cf784a5689f4feafbd4 d0137439e4384e96bc2233d622b84572 - - default default] Unable to schedule network b44a8244-a642-4074-8911-d240ae419f18: no agents available; will retry on subsequent port and subnet creation events.
2026-03-06 23:08:25.145 7 INFO neutron.db.ovn_revision_numbers_db [None req-b1959f65-a71e-46e1-889b-31fb254cbc6e - - - - - -] Successfully bumped revision number for resource 6cb7554c-c56c-4147-87fb-6903a4a9b519 (type: ports) to 2
