Apr 18 17:52:26.014846 np0000167464 neutron-periodic-workers[106043]: DEBUG cotyledon.oslo_config_glue [-] ml2.path_mtu = 0 {{(pid=106043) log_opt_values /opt/stack/data/venv/lib/python3.12/site-packages/oslo_config/cfg.py:3006}}
Apr 18 17:52:26.014920 np0000167464 neutron-periodic-workers[106043]: DEBUG cotyledon.oslo_config_glue [-] ml2.physical_network_mtus = {} {{(pid=106043) log_opt_values /opt/stack/data/venv/lib/python3.12/site-packages/oslo_config/cfg.py:3006}}
Apr 18 17:52:26.014998 np0000167464 neutron-periodic-workers[106043]: DEBUG cotyledon.oslo_config_glue [-] ml2.project_network_types = ['geneve'] {{(pid=106043) log_opt_values /opt/stack/data/venv/lib/python3.12/site-packages/oslo_config/cfg.py:3006}}
Apr 18 17:52:26.015099 np0000167464 neutron-periodic-workers[106043]: DEBUG cotyledon.oslo_config_glue [-] ml2.tunnelled_network_rp_name = rp_tunnelled {{(pid=106043) log_opt_values /opt/stack/data/venv/lib/python3.12/site-packages/oslo_config/cfg.py:3006}}
Apr 18 17:52:26.015154 np0000167464 neutron-periodic-workers[106043]: DEBUG cotyledon.oslo_config_glue [-] ml2.type_drivers = ['local', 'flat', 'vlan', 'geneve'] {{(pid=106043) log_opt_values /opt/stack/data/venv/lib/python3.12/site-packages/oslo_config/cfg.py:3006}}
Apr 18 17:52:26.015219 np0000167464 neutron-periodic-workers[106043]: DEBUG cotyledon.oslo_config_glue [-] ml2_type_flat.flat_networks = ['public'] {{(pid=106043) log_opt_values /opt/stack/data/venv/lib/python3.12/site-packages/oslo_config/cfg.py:3006}}
Apr 18 17:52:26.015276 np0000167464 neutron-periodic-workers[106043]: DEBUG cotyledon.oslo_config_glue [-] ml2_type_geneve.max_header_size = 38 {{(pid=106043) log_opt_values /opt/stack/data/venv/lib/python3.12/site-packages/oslo_config/cfg.py:3006}}
Apr 18 17:52:26.015329 np0000167464 neutron-periodic-workers[106043]: DEBUG cotyledon.oslo_config_glue [-] ml2_type_geneve.vni_ranges = ['1:65536'] {{(pid=106043) log_opt_values /opt/stack/data/venv/lib/python3.12/site-packages/oslo_config/cfg.py:3006}}
Apr 18 17:52:26.015384 np0000167464 neutron-periodic-workers[106043]: DEBUG cotyledon.oslo_config_glue [-] ml2_type_vlan.network_vlan_ranges = ['public'] {{(pid=106043) log_opt_values /opt/stack/data/venv/lib/python3.12/site-packages/oslo_config/cfg.py:3006}}
Apr 18 17:52:26.015457 np0000167464 neutron-periodic-workers[106043]: DEBUG cotyledon.oslo_config_glue [-] network_log.burst_limit = 25 {{(pid=106043) log_opt_values /opt/stack/data/venv/lib/python3.12/site-packages/oslo_config/cfg.py:3006}}
Apr 18 17:52:26.015510 np0000167464 neutron-periodic-workers[106043]: DEBUG cotyledon.oslo_config_glue [-] network_log.local_output_log_base = None {{(pid=106043) log_opt_values /opt/stack/data/venv/lib/python3.12/site-packages/oslo_config/cfg.py:3006}}
Apr 18 17:52:26.015542 np0000167464 neutron-periodic-workers[106043]: DEBUG cotyledon.oslo_config_glue [-] network_log.rate_limit = 100 {{(pid=106043) log_opt_values /opt/stack/data/venv/lib/python3.12/site-packages/oslo_config/cfg.py:3006}}
Apr 18 17:52:26.015609 np0000167464 neutron-periodic-workers[106043]: DEBUG cotyledon.oslo_config_glue [-] database.asyncio_connection = **** {{(pid=106043) log_opt_values /opt/stack/data/venv/lib/python3.12/site-packages/oslo_config/cfg.py:3006}}
Apr 18 17:52:26.015652 np0000167464 neutron-periodic-workers[106043]: DEBUG cotyledon.oslo_config_glue [-] database.asyncio_slave_connection = **** {{(pid=106043) log_opt_values /opt/stack/data/venv/lib/python3.12/site-packages/oslo_config/cfg.py:3006}}
Apr 18 17:52:26.015707 np0000167464 neutron-periodic-workers[106043]: DEBUG cotyledon.oslo_config_glue [-] database.backend = sqlalchemy {{(pid=106043) log_opt_values /opt/stack/data/venv/lib/python3.12/site-packages/oslo_config/cfg.py:3006}}
Apr 18 17:52:26.015750 np0000167464 neutron-periodic-workers[106043]: DEBUG cotyledon.oslo_config_glue [-] database.connection = **** {{(pid=106043) log_opt_values /opt/stack/data/venv/lib/python3.12/site-packages/oslo_config/cfg.py:3006}}
Apr 18 17:52:26.015797 np0000167464 neutron-periodic-workers[106043]: DEBUG cotyledon.oslo_config_glue [-] database.connection_debug = 0 {{(pid=106043) log_opt_values /opt/stack/data/venv/lib/python3.12/site-packages/oslo_config/cfg.py:3006}}
Apr 18 17:52:26.015839 np0000167464 neutron-periodic-workers[106043]: DEBUG cotyledon.oslo_config_glue [-] database.connection_parameters = {{(pid=106043) log_opt_values /opt/stack/data/venv/lib/python3.12/site-packages/oslo_config/cfg.py:3006}}
Apr 18 17:52:26.015888 np0000167464 neutron-periodic-workers[106043]: DEBUG cotyledon.oslo_config_glue [-] database.connection_recycle_time = 3600 {{(pid=106043) log_opt_values /opt/stack/data/venv/lib/python3.12/site-packages/oslo_config/cfg.py:3006}}
Apr 18 17:52:26.015922 np0000167464 neutron-periodic-workers[106043]: DEBUG cotyledon.oslo_config_glue [-] database.connection_trace = False {{(pid=106043) log_opt_values /opt/stack/data/venv/lib/python3.12/site-packages/oslo_config/cfg.py:3006}}
Apr 18 17:52:26.015973 np0000167464 neutron-periodic-workers[106043]: DEBUG cotyledon.oslo_config_glue [-] database.db_inc_retry_interval = True {{(pid=106043) log_opt_values /opt/stack/data/venv/lib/python3.12/site-packages/oslo_config/cfg.py:3006}}
Apr 18 17:52:26.016014 np0000167464 neutron-periodic-workers[106043]: DEBUG cotyledon.oslo_config_glue [-] database.db_max_retries = 20 {{(pid=106043) log_opt_values /opt/stack/data/venv/lib/python3.12/site-packages/oslo_config/cfg.py:3006}}
Apr 18 17:52:26.016051 np0000167464 neutron-periodic-workers[106043]: DEBUG cotyledon.oslo_config_glue [-] database.db_max_retry_interval = 10 {{(pid=106043) log_opt_values /opt/stack/data/venv/lib/python3.12/site-packages/oslo_config/cfg.py:3006}}
Apr 18 17:52:26.016095 np0000167464 neutron-periodic-workers[106043]: DEBUG cotyledon.oslo_config_glue [-] database.db_retry_interval = 1 {{(pid=106043) log_opt_values /opt/stack/data/venv/lib/python3.12/site-packages/oslo_config/cfg.py:3006}}
Apr 18 17:52:26.016137 np0000167464 neutron-periodic-workers[106043]: DEBUG cotyledon.oslo_config_glue [-] database.max_overflow = 50 {{(pid=106043) log_opt_values /opt/stack/data/venv/lib/python3.12/site-packages/oslo_config/cfg.py:3006}}
Apr 18 17:52:26.016173 np0000167464 neutron-periodic-workers[106043]: DEBUG cotyledon.oslo_config_glue [-] database.max_pool_size = 5 {{(pid=106043) log_opt_values /opt/stack/data/venv/lib/python3.12/site-packages/oslo_config/cfg.py:3006}}
Apr 18 17:52:26.016215 np0000167464 neutron-periodic-workers[106043]: DEBUG cotyledon.oslo_config_glue [-] database.max_retries = 10 {{(pid=106043) log_opt_values /opt/stack/data/venv/lib/python3.12/site-packages/oslo_config/cfg.py:3006}}
Apr 18 17:52:26.016265 np0000167464 neutron-periodic-workers[106043]: DEBUG cotyledon.oslo_config_glue [-] database.mysql_sql_mode = TRADITIONAL {{(pid=106043) log_opt_values /opt/stack/data/venv/lib/python3.12/site-packages/oslo_config/cfg.py:3006}}
Apr 18 17:52:26.016300 np0000167464 neutron-periodic-workers[106043]: DEBUG cotyledon.oslo_config_glue [-] database.mysql_wsrep_sync_wait = None {{(pid=106043) log_opt_values /opt/stack/data/venv/lib/python3.12/site-packages/oslo_config/cfg.py:3006}}
Apr 18 17:52:26.016344 np0000167464 neutron-periodic-workers[106043]: DEBUG cotyledon.oslo_config_glue [-] database.pool_timeout = None {{(pid=106043) log_opt_values /opt/stack/data/venv/lib/python3.12/site-packages/oslo_config/cfg.py:3006}}
Apr 18 17:52:26.016385 np0000167464 neutron-periodic-workers[106043]: DEBUG cotyledon.oslo_config_glue [-] database.retry_interval = 10 {{(pid=106043) log_opt_values /opt/stack/data/venv/lib/python3.12/site-packages/oslo_config/cfg.py:3006}}
Apr 18 17:52:26.016456 np0000167464 neutron-periodic-workers[106043]: DEBUG cotyledon.oslo_config_glue [-] database.slave_connection = **** {{(pid=106043) log_opt_values /opt/stack/data/venv/lib/python3.12/site-packages/oslo_config/cfg.py:3006}}
Apr 18 17:52:26.016487 np0000167464 neutron-periodic-workers[106043]: DEBUG cotyledon.oslo_config_glue [-] database.sqlite_synchronous = True {{(pid=106043) log_opt_values /opt/stack/data/venv/lib/python3.12/site-packages/oslo_config/cfg.py:3006}}
Apr 18 17:52:26.016537 np0000167464 neutron-periodic-workers[106043]: DEBUG cotyledon.oslo_config_glue [-] database.synchronous_reader = True {{(pid=106043) log_opt_values /opt/stack/data/venv/lib/python3.12/site-packages/oslo_config/cfg.py:3006}}
Apr 18 17:52:26.016578 np0000167464 neutron-periodic-workers[106043]: DEBUG cotyledon.oslo_config_glue [-] database.use_db_reconnect = False {{(pid=106043) log_opt_values /opt/stack/data/venv/lib/python3.12/site-packages/oslo_config/cfg.py:3006}}
Apr 18 17:52:26.016647 np0000167464 neutron-periodic-workers[106043]: DEBUG cotyledon.oslo_config_glue [-] ovn.bfd_min_rx = 1000 {{(pid=106043) log_opt_values /opt/stack/data/venv/lib/python3.12/site-packages/oslo_config/cfg.py:3006}}
Apr 18 17:52:26.016701 np0000167464 neutron-periodic-workers[106043]: DEBUG cotyledon.oslo_config_glue [-] ovn.bfd_min_tx = 100 {{(pid=106043) log_opt_values /opt/stack/data/venv/lib/python3.12/site-packages/oslo_config/cfg.py:3006}}
Apr 18 17:52:26.016743 np0000167464 neutron-periodic-workers[106043]: DEBUG cotyledon.oslo_config_glue [-] ovn.bfd_mult = 3 {{(pid=106043) log_opt_values /opt/stack/data/venv/lib/python3.12/site-packages/oslo_config/cfg.py:3006}}
Apr 18 17:52:26.016785 np0000167464 neutron-periodic-workers[106043]: DEBUG cotyledon.oslo_config_glue [-] ovn.broadcast_arps_to_all_routers = True {{(pid=106043) log_opt_values /opt/stack/data/venv/lib/python3.12/site-packages/oslo_config/cfg.py:3006}}
Apr 18 17:52:26.016827 np0000167464 neutron-periodic-workers[106043]: DEBUG cotyledon.oslo_config_glue [-] ovn.dhcp_default_lease_time = 43200 {{(pid=106043) log_opt_values /opt/stack/data/venv/lib/python3.12/site-packages/oslo_config/cfg.py:3006}}
Apr 18 17:52:26.016860 np0000167464 neutron-periodic-workers[106043]: DEBUG cotyledon.oslo_config_glue [-] ovn.disable_ovn_dhcp_for_baremetal_ports = False {{(pid=106043) log_opt_values /opt/stack/data/venv/lib/python3.12/site-packages/oslo_config/cfg.py:3006}}
Apr 18 17:52:26.017661 np0000167464 neutron-periodic-workers[106043]: DEBUG cotyledon.oslo_config_glue [-] ovn.dns_records_ovn_owned = False {{(pid=106043) log_opt_values /opt/stack/data/venv/lib/python3.12/site-packages/oslo_config/cfg.py:3006}}
Apr 18 17:52:26.017661 np0000167464 neutron-periodic-workers[106043]: DEBUG cotyledon.oslo_config_glue [-] ovn.dns_servers = [] {{(pid=106043) log_opt_values /opt/stack/data/venv/lib/python3.12/site-packages/oslo_config/cfg.py:3006}}
Apr 18 17:52:26.017661 np0000167464 neutron-periodic-workers[106043]: DEBUG cotyledon.oslo_config_glue [-] ovn.enable_distributed_floating_ip = False {{(pid=106043) log_opt_values /opt/stack/data/venv/lib/python3.12/site-packages/oslo_config/cfg.py:3006}}
Apr 18 17:52:26.017661 np0000167464 neutron-periodic-workers[106043]: DEBUG cotyledon.oslo_config_glue [-] ovn.fdb_age_threshold = 300 {{(pid=106043) log_opt_values /opt/stack/data/venv/lib/python3.12/site-packages/oslo_config/cfg.py:3006}}
Apr 18 17:52:26.017661 np0000167464 neutron-periodic-workers[106043]: DEBUG cotyledon.oslo_config_glue [-] ovn.ha_failover_strategy = normal {{(pid=106043) log_opt_values /opt/stack/data/venv/lib/python3.12/site-packages/oslo_config/cfg.py:3006}}
Apr 18 17:52:26.017661 np0000167464 neutron-periodic-workers[106043]: DEBUG cotyledon.oslo_config_glue [-] ovn.live_migration_activation_strategy = rarp {{(pid=106043) log_opt_values /opt/stack/data/venv/lib/python3.12/site-packages/oslo_config/cfg.py:3006}}
Apr 18 17:52:26.017661 np0000167464 neutron-periodic-workers[106043]: DEBUG cotyledon.oslo_config_glue [-] ovn.localnet_learn_fdb = False {{(pid=106043) log_opt_values /opt/stack/data/venv/lib/python3.12/site-packages/oslo_config/cfg.py:3006}}
Apr 18 17:52:26.017661 np0000167464 neutron-periodic-workers[106043]: DEBUG cotyledon.oslo_config_glue [-] ovn.mac_binding_age_threshold = 300 {{(pid=106043) log_opt_values /opt/stack/data/venv/lib/python3.12/site-packages/oslo_config/cfg.py:3006}}
Apr 18 17:52:26.017661 np0000167464 neutron-periodic-workers[106043]: DEBUG cotyledon.oslo_config_glue [-] ovn.neutron_sync_mode = log {{(pid=106043) log_opt_values /opt/stack/data/venv/lib/python3.12/site-packages/oslo_config/cfg.py:3006}}
Apr 18 17:52:26.018007 np0000167464 neutron-periodic-workers[106043]: DEBUG cotyledon.oslo_config_glue [-] ovn.ovn_dhcp4_global_options = {} {{(pid=106043) log_opt_values /opt/stack/data/venv/lib/python3.12/site-packages/oslo_config/cfg.py:3006}}
Apr 18 17:52:26.018007 np0000167464 neutron-periodic-workers[106043]: DEBUG cotyledon.oslo_config_glue [-] ovn.ovn_dhcp6_global_options = {} {{(pid=106043) log_opt_values /opt/stack/data/venv/lib/python3.12/site-packages/oslo_config/cfg.py:3006}}
Apr 18 17:52:26.018007 np0000167464 neutron-periodic-workers[106043]: DEBUG cotyledon.oslo_config_glue [-] ovn.ovn_l3_scheduler = leastloaded {{(pid=106043) log_opt_values /opt/stack/data/venv/lib/python3.12/site-packages/oslo_config/cfg.py:3006}}
Apr 18 17:52:26.018007 np0000167464 neutron-periodic-workers[106043]: DEBUG cotyledon.oslo_config_glue [-] ovn.ovn_metadata_enabled = True {{(pid=106043) log_opt_values /opt/stack/data/venv/lib/python3.12/site-packages/oslo_config/cfg.py:3006}}
Apr 18 17:52:26.018007 np0000167464 neutron-periodic-workers[106043]: DEBUG cotyledon.oslo_config_glue [-] ovn.ovn_nb_ca_cert = /opt/stack/data/CA/int-ca/ca-chain.pem {{(pid=106043) log_opt_values /opt/stack/data/venv/lib/python3.12/site-packages/oslo_config/cfg.py:3006}}
Apr 18 17:52:26.018007 np0000167464 neutron-periodic-workers[106043]: DEBUG cotyledon.oslo_config_glue [-] ovn.ovn_nb_certificate = /opt/stack/data/CA/int-ca/devstack-cert.crt {{(pid=106043) log_opt_values /opt/stack/data/venv/lib/python3.12/site-packages/oslo_config/cfg.py:3006}}
Apr 18 17:52:26.018007 np0000167464 neutron-periodic-workers[106043]: DEBUG cotyledon.oslo_config_glue [-] ovn.ovn_nb_connection = ['ssl:199.204.45.229:6641'] {{(pid=106043) log_opt_values /opt/stack/data/venv/lib/python3.12/site-packages/oslo_config/cfg.py:3006}}
Apr 18 17:52:26.018007 np0000167464 neutron-periodic-workers[106043]: DEBUG cotyledon.oslo_config_glue [-] ovn.ovn_nb_private_key = /opt/stack/data/CA/int-ca/private/devstack-cert.key {{(pid=106043) log_opt_values /opt/stack/data/venv/lib/python3.12/site-packages/oslo_config/cfg.py:3006}}
Apr 18 17:52:26.018203 np0000167464 neutron-periodic-workers[106043]: DEBUG cotyledon.oslo_config_glue [-] ovn.ovn_router_indirect_snat = False {{(pid=106043) log_opt_values /opt/stack/data/venv/lib/python3.12/site-packages/oslo_config/cfg.py:3006}}
Apr 18 17:52:26.018203 np0000167464 neutron-periodic-workers[106043]: DEBUG cotyledon.oslo_config_glue [-] ovn.ovn_sb_ca_cert = /opt/stack/data/CA/int-ca/ca-chain.pem {{(pid=106043) log_opt_values /opt/stack/data/venv/lib/python3.12/site-packages/oslo_config/cfg.py:3006}}
Apr 18 17:52:26.018203 np0000167464 neutron-periodic-workers[106043]: DEBUG cotyledon.oslo_config_glue [-] ovn.ovn_sb_certificate = /opt/stack/data/CA/int-ca/devstack-cert.crt {{(pid=106043) log_opt_values /opt/stack/data/venv/lib/python3.12/site-packages/oslo_config/cfg.py:3006}}
Apr 18 17:52:26.018203 np0000167464 neutron-periodic-workers[106043]: DEBUG cotyledon.oslo_config_glue [-] ovn.ovn_sb_connection = ['ssl:199.204.45.229:6642'] {{(pid=106043) log_opt_values /opt/stack/data/venv/lib/python3.12/site-packages/oslo_config/cfg.py:3006}}
Apr 18 17:52:26.018203 np0000167464 neutron-periodic-workers[106043]: DEBUG cotyledon.oslo_config_glue [-] ovn.ovn_sb_private_key = /opt/stack/data/CA/int-ca/private/devstack-cert.key {{(pid=106043) log_opt_values /opt/stack/data/venv/lib/python3.12/site-packages/oslo_config/cfg.py:3006}}
Apr 18 17:52:26.018203 np0000167464 neutron-periodic-workers[106043]: DEBUG cotyledon.oslo_config_glue [-] ovn.ovs_create_tap = False {{(pid=106043) log_opt_values /opt/stack/data/venv/lib/python3.12/site-packages/oslo_config/cfg.py:3006}}
Apr 18 17:52:26.018203 np0000167464 neutron-periodic-workers[106043]: DEBUG cotyledon.oslo_config_glue [-] ovn.ovsdb_connection_timeout = 180 {{(pid=106043) log_opt_values /opt/stack/data/venv/lib/python3.12/site-packages/oslo_config/cfg.py:3006}}
Apr 18 17:52:26.018203 np0000167464 neutron-periodic-workers[106043]: DEBUG cotyledon.oslo_config_glue [-] ovn.ovsdb_log_level = INFO {{(pid=106043) log_opt_values /opt/stack/data/venv/lib/python3.12/site-packages/oslo_config/cfg.py:3006}}
Apr 18 17:52:26.018420 np0000167464 neutron-periodic-workers[106043]: DEBUG cotyledon.oslo_config_glue [-] ovn.ovsdb_probe_interval = 60000 {{(pid=106043) log_opt_values /opt/stack/data/venv/lib/python3.12/site-packages/oslo_config/cfg.py:3006}}
Apr 18 17:52:26.018420 np0000167464 neutron-periodic-workers[106043]: DEBUG cotyledon.oslo_config_glue [-] ovn.ovsdb_retry_max_interval = 180 {{(pid=106043) log_opt_values /opt/stack/data/venv/lib/python3.12/site-packages/oslo_config/cfg.py:3006}}
Apr 18 17:52:26.018420 np0000167464 neutron-periodic-workers[106043]: DEBUG cotyledon.oslo_config_glue [-] ovn.stateless_nat_enabled = False {{(pid=106043) log_opt_values /opt/stack/data/venv/lib/python3.12/site-packages/oslo_config/cfg.py:3006}}
Apr 18 17:52:26.018420 np0000167464 neutron-periodic-workers[106043]: DEBUG cotyledon.oslo_config_glue [-] ovn.vhost_sock_dir = /var/run/openvswitch {{(pid=106043) log_opt_values /opt/stack/data/venv/lib/python3.12/site-packages/oslo_config/cfg.py:3006}}
Apr 18 17:52:26.018420 np0000167464 neutron-periodic-workers[106043]: DEBUG cotyledon.oslo_config_glue [-] OVS.bridge_mac_table_size = 50000 {{(pid=106043) log_opt_values /opt/stack/data/venv/lib/python3.12/site-packages/oslo_config/cfg.py:3006}}
Apr 18 17:52:26.018420 np0000167464 neutron-periodic-workers[106043]: DEBUG cotyledon.oslo_config_glue [-] OVS.igmp_flood = False {{(pid=106043) log_opt_values /opt/stack/data/venv/lib/python3.12/site-packages/oslo_config/cfg.py:3006}}
Apr 18 17:52:26.018420 np0000167464 neutron-periodic-workers[106043]: DEBUG cotyledon.oslo_config_glue [-] OVS.igmp_flood_reports = True {{(pid=106043) log_opt_values /opt/stack/data/venv/lib/python3.12/site-packages/oslo_config/cfg.py:3006}}
Apr 18 17:52:26.018420 np0000167464 neutron-periodic-workers[106043]: DEBUG cotyledon.oslo_config_glue [-] OVS.igmp_flood_unregistered = False {{(pid=106043) log_opt_values /opt/stack/data/venv/lib/python3.12/site-packages/oslo_config/cfg.py:3006}}
Apr 18 17:52:26.018420 np0000167464 neutron-periodic-workers[106043]: DEBUG cotyledon.oslo_config_glue [-] OVS.igmp_snooping_enable = False {{(pid=106043) log_opt_values /opt/stack/data/venv/lib/python3.12/site-packages/oslo_config/cfg.py:3006}}
Apr 18 17:52:26.018642 np0000167464 neutron-periodic-workers[106043]: DEBUG cotyledon.oslo_config_glue [-] OVS.ovsdb_timeout = 10 {{(pid=106043) log_opt_values /opt/stack/data/venv/lib/python3.12/site-packages/oslo_config/cfg.py:3006}}
Apr 18 17:52:26.018642 np0000167464 neutron-periodic-workers[106043]: DEBUG cotyledon.oslo_config_glue [-] ovn_nb_global.fdb_removal_limit = 0 {{(pid=106043) log_opt_values /opt/stack/data/venv/lib/python3.12/site-packages/oslo_config/cfg.py:3006}}
Apr 18 17:52:26.018642 np0000167464 neutron-periodic-workers[106043]: DEBUG cotyledon.oslo_config_glue [-] ovn_nb_global.ignore_lsp_down = False {{(pid=106043) log_opt_values /opt/stack/data/venv/lib/python3.12/site-packages/oslo_config/cfg.py:3006}}
Apr 18 17:52:26.018642 np0000167464 neutron-periodic-workers[106043]: DEBUG cotyledon.oslo_config_glue [-] ovn_nb_global.mac_binding_removal_limit = 0 {{(pid=106043) log_opt_values /opt/stack/data/venv/lib/python3.12/site-packages/oslo_config/cfg.py:3006}}
Apr 18 17:52:26.018642 np0000167464 neutron-periodic-workers[106043]: DEBUG cotyledon.oslo_config_glue [-] ******************************************************************************** {{(pid=106043) log_opt_values /opt/stack/data/venv/lib/python3.12/site-packages/oslo_config/cfg.py:3013}}
Apr 18 17:52:26.018642 np0000167464 neutron-periodic-workers[106043]: DEBUG cotyledon._service_worker [-] Run service ServiceWrapper(0) [106043] {{(pid=106043) wait_forever /opt/stack/data/venv/lib/python3.12/site-packages/cotyledon/_service_worker.py:218}}
Apr 18 17:52:35.646601 np0000167464 neutron-periodic-workers[105232]: DEBUG dbcounter [-] [105232] Writing DB stats neutron:SELECT=4 {{(pid=105232) stat_writer /opt/stack/data/venv/lib/python3.12/site-packages/dbcounter.py:115}}
Apr 18 17:53:05.005683 np0000167464 neutron-periodic-workers[106028]: DEBUG oslo_db.sqlalchemy.engines [None req-620f0dbf-800d-4d1e-9d81-45bbe62c6127 None None] Parent process 105232 forked (106028) with an open database connection, which is being discarded and recreated. {{(pid=106028) checkout /opt/stack/data/venv/lib/python3.12/site-packages/oslo_db/sqlalchemy/engines.py:402}}
Apr 18 17:53:05.014917 np0000167464 neutron-periodic-workers[106028]: DEBUG dbcounter [-] [106028] Writer thread running {{(pid=106028) stat_writer /opt/stack/data/venv/lib/python3.12/site-packages/dbcounter.py:102}}
Apr 18 17:53:05.018252 np0000167464 neutron-periodic-workers[106028]: DEBUG neutron.db.agents_db [None req-620f0dbf-800d-4d1e-9d81-45bbe62c6127 None None] Agent healthcheck: found 0 active agents {{(pid=106028) agent_health_check /opt/stack/neutron/neutron/db/agents_db.py:317}}
Apr 18 17:53:05.018415 np0000167464 neutron-periodic-workers[106028]: DEBUG oslo.service.backend._threading.loopingcall [None req-620f0dbf-800d-4d1e-9d81-45bbe62c6127 None None] Fixed interval looping call 'neutron.plugins.ml2.plugin.AgentDbMixin.agent_health_check' sleeping for 36.98 seconds {{(pid=106028) _run_loop /opt/stack/data/venv/lib/python3.12/site-packages/oslo_service/backend/_threading/loopingcall.py:125}}
Apr 18 17:53:15.015792 np0000167464 neutron-periodic-workers[106028]: DEBUG dbcounter [-] [106028] Writing DB stats neutron:SELECT=1 {{(pid=106028) stat_writer /opt/stack/data/venv/lib/python3.12/site-packages/dbcounter.py:115}}
Apr 18 17:53:24.987889 np0000167464 neutron-periodic-workers[106019]: DEBUG dbcounter [-] [106019] Writer thread running {{(pid=106019) stat_writer /opt/stack/data/venv/lib/python3.12/site-packages/dbcounter.py:102}}
Apr 18 17:53:24.998986 np0000167464 neutron-periodic-workers[106019]: DEBUG oslo.service.backend._threading.loopingcall [None req-61b222d6-4a15-435a-b36f-f05f18473f0f None None] Fixed interval looping call 'neutron.plugins.ml2.plugin.DhcpAgentSchedulerDbMixin.remove_networks_from_down_agents' sleeping for 36.97 seconds {{(pid=106019) _run_loop /opt/stack/data/venv/lib/python3.12/site-packages/oslo_service/backend/_threading/loopingcall.py:125}}
Apr 18 17:53:34.997107 np0000167464 neutron-periodic-workers[106019]: DEBUG dbcounter [-] [106019] Writing DB stats neutron:SELECT=3 {{(pid=106019) stat_writer /opt/stack/data/venv/lib/python3.12/site-packages/dbcounter.py:115}}
Apr 18 17:53:42.004365 np0000167464 neutron-periodic-workers[106028]: DEBUG neutron.db.agents_db [None req-620f0dbf-800d-4d1e-9d81-45bbe62c6127 None None] Agent healthcheck: found 0 active agents {{(pid=106028) agent_health_check /opt/stack/neutron/neutron/db/agents_db.py:317}}
Apr 18 17:53:42.004983 np0000167464 neutron-periodic-workers[106028]: DEBUG oslo.service.backend._threading.loopingcall [None req-620f0dbf-800d-4d1e-9d81-45bbe62c6127 None None] Fixed interval looping call 'neutron.plugins.ml2.plugin.AgentDbMixin.agent_health_check' sleeping for 36.99 seconds {{(pid=106028) _run_loop /opt/stack/data/venv/lib/python3.12/site-packages/oslo_service/backend/_threading/loopingcall.py:125}}
Apr 18 17:53:52.002798 np0000167464 neutron-periodic-workers[106028]: DEBUG dbcounter [-] [106028] Writing DB stats neutron:SELECT=1 {{(pid=106028) stat_writer /opt/stack/data/venv/lib/python3.12/site-packages/dbcounter.py:115}}
Apr 18 17:54:02.166180 np0000167464 neutron-periodic-workers[106019]: DEBUG oslo.service.backend._threading.loopingcall [None req-61b222d6-4a15-435a-b36f-f05f18473f0f None None] Fixed interval looping call 'neutron.plugins.ml2.plugin.DhcpAgentSchedulerDbMixin.remove_networks_from_down_agents' sleeping for 36.80 seconds {{(pid=106019) _run_loop /opt/stack/data/venv/lib/python3.12/site-packages/oslo_service/backend/_threading/loopingcall.py:125}}
Apr 18 17:54:12.090916 np0000167464 neutron-periodic-workers[106019]: DEBUG dbcounter [-] [106019] Writing DB stats neutron:SELECT=3 {{(pid=106019) stat_writer /opt/stack/data/venv/lib/python3.12/site-packages/dbcounter.py:115}}
Apr 18 17:54:19.000798 np0000167464 neutron-periodic-workers[106028]: DEBUG neutron.db.agents_db [None req-620f0dbf-800d-4d1e-9d81-45bbe62c6127 None None] Agent healthcheck: found 0 active agents {{(pid=106028) agent_health_check /opt/stack/neutron/neutron/db/agents_db.py:317}}
Apr 18 17:54:19.001814 np0000167464 neutron-periodic-workers[106028]: DEBUG oslo.service.backend._threading.loopingcall [None req-620f0dbf-800d-4d1e-9d81-45bbe62c6127 None None] Fixed interval looping call 'neutron.plugins.ml2.plugin.AgentDbMixin.agent_health_check' sleeping for 36.99 seconds {{(pid=106028) _run_loop /opt/stack/data/venv/lib/python3.12/site-packages/oslo_service/backend/_threading/loopingcall.py:125}}
Apr 18 17:54:26.020777 np0000167464 neutron-periodic-workers[106037]: DEBUG dbcounter [-] [106037] Writer thread running {{(pid=106037) stat_writer /opt/stack/data/venv/lib/python3.12/site-packages/dbcounter.py:102}}
Apr 18 17:54:26.022953 np0000167464 neutron-periodic-workers[106037]: DEBUG oslo.service.backend._threading.loopingcall [None req-ffb76772-f7e0-42fa-9a17-dbf4a4127f4d None None] Fixed interval looping call 'neutron.db.quota.driver_nolock.DbQuotaNoLockDriver._remove_expired_reservations' sleeping for 119.98 seconds {{(pid=106037) _run_loop /opt/stack/data/venv/lib/python3.12/site-packages/oslo_service/backend/_threading/loopingcall.py:125}}
Apr 18 17:54:28.998652 np0000167464 neutron-periodic-workers[106028]: DEBUG dbcounter [-] [106028] Writing DB stats neutron:SELECT=1 {{(pid=106028) stat_writer /opt/stack/data/venv/lib/python3.12/site-packages/dbcounter.py:115}}
Apr 18 17:54:36.023091 np0000167464 neutron-periodic-workers[106037]: DEBUG dbcounter [-] [106037] Writing DB stats neutron:DELETE=1 {{(pid=106037) stat_writer /opt/stack/data/venv/lib/python3.12/site-packages/dbcounter.py:115}}
Apr 18 17:54:38.977135 np0000167464 neutron-periodic-workers[106019]: DEBUG oslo.service.backend._threading.loopingcall [None req-61b222d6-4a15-435a-b36f-f05f18473f0f None None] Fixed interval looping call 'neutron.plugins.ml2.plugin.DhcpAgentSchedulerDbMixin.remove_networks_from_down_agents' sleeping for 36.99 seconds {{(pid=106019) _run_loop /opt/stack/data/venv/lib/python3.12/site-packages/oslo_service/backend/_threading/loopingcall.py:125}}
Apr 18 17:54:48.975972 np0000167464 neutron-periodic-workers[106019]: DEBUG dbcounter [-] [106019] Writing DB stats neutron:SELECT=3 {{(pid=106019) stat_writer /opt/stack/data/venv/lib/python3.12/site-packages/dbcounter.py:115}}
Apr 18 17:54:55.996603 np0000167464 neutron-periodic-workers[106028]: DEBUG neutron.db.agents_db [None req-620f0dbf-800d-4d1e-9d81-45bbe62c6127 None None] Agent healthcheck: found 0 active agents {{(pid=106028) agent_health_check /opt/stack/neutron/neutron/db/agents_db.py:317}}
Apr 18 17:54:55.997354 np0000167464 neutron-periodic-workers[106028]: DEBUG oslo.service.backend._threading.loopingcall [None req-620f0dbf-800d-4d1e-9d81-45bbe62c6127 None None] Fixed interval looping call 'neutron.plugins.ml2.plugin.AgentDbMixin.agent_health_check' sleeping for 36.99 seconds {{(pid=106028) _run_loop /opt/stack/data/venv/lib/python3.12/site-packages/oslo_service/backend/_threading/loopingcall.py:125}}
Apr 18 17:55:05.995281 np0000167464 neutron-periodic-workers[106028]: DEBUG dbcounter [-] [106028] Writing DB stats neutron:SELECT=1 {{(pid=106028) stat_writer /opt/stack/data/venv/lib/python3.12/site-packages/dbcounter.py:115}}
Apr 18 17:55:15.977262 np0000167464 neutron-periodic-workers[106019]: DEBUG oslo.service.backend._threading.loopingcall [None req-61b222d6-4a15-435a-b36f-f05f18473f0f None None] Fixed interval looping call 'neutron.plugins.ml2.plugin.DhcpAgentSchedulerDbMixin.remove_networks_from_down_agents' sleeping for 36.99 seconds {{(pid=106019) _run_loop /opt/stack/data/venv/lib/python3.12/site-packages/oslo_service/backend/_threading/loopingcall.py:125}}
Apr 18 17:55:25.976040 np0000167464 neutron-periodic-workers[106019]: DEBUG dbcounter [-] [106019] Writing DB stats neutron:SELECT=3 {{(pid=106019) stat_writer /opt/stack/data/venv/lib/python3.12/site-packages/dbcounter.py:115}}
Apr 18 17:55:32.993440 np0000167464 neutron-periodic-workers[106028]: DEBUG neutron.db.agents_db [None req-620f0dbf-800d-4d1e-9d81-45bbe62c6127 None None] Agent healthcheck: found 0 active agents {{(pid=106028) agent_health_check /opt/stack/neutron/neutron/db/agents_db.py:317}}
Apr 18 17:55:32.994129 np0000167464 neutron-periodic-workers[106028]: DEBUG oslo.service.backend._threading.loopingcall [None req-620f0dbf-800d-4d1e-9d81-45bbe62c6127 None None] Fixed interval looping call 'neutron.plugins.ml2.plugin.AgentDbMixin.agent_health_check' sleeping for 36.99 seconds {{(pid=106028) _run_loop /opt/stack/data/venv/lib/python3.12/site-packages/oslo_service/backend/_threading/loopingcall.py:125}}
Apr 18 17:55:42.991808 np0000167464 neutron-periodic-workers[106028]: DEBUG dbcounter [-] [106028] Writing DB stats neutron:SELECT=1 {{(pid=106028) stat_writer /opt/stack/data/venv/lib/python3.12/site-packages/dbcounter.py:115}}
Apr 18 17:55:52.976608 np0000167464 neutron-periodic-workers[106019]: DEBUG oslo.service.backend._threading.loopingcall [None req-61b222d6-4a15-435a-b36f-f05f18473f0f None None] Fixed interval looping call 'neutron.plugins.ml2.plugin.DhcpAgentSchedulerDbMixin.remove_networks_from_down_agents' sleeping for 36.99 seconds {{(pid=106019) _run_loop /opt/stack/data/venv/lib/python3.12/site-packages/oslo_service/backend/_threading/loopingcall.py:125}}
Apr 18 17:56:02.975439 np0000167464 neutron-periodic-workers[106019]: DEBUG dbcounter [-] [106019] Writing DB stats neutron:SELECT=3 {{(pid=106019) stat_writer /opt/stack/data/venv/lib/python3.12/site-packages/dbcounter.py:115}}
Apr 18 17:56:09.989929 np0000167464 neutron-periodic-workers[106028]: DEBUG neutron.db.agents_db [None req-620f0dbf-800d-4d1e-9d81-45bbe62c6127 None None] Agent healthcheck: found 0 active agents {{(pid=106028) agent_health_check /opt/stack/neutron/neutron/db/agents_db.py:317}}
Apr 18 17:56:09.990896 np0000167464 neutron-periodic-workers[106028]: DEBUG oslo.service.backend._threading.loopingcall [None req-620f0dbf-800d-4d1e-9d81-45bbe62c6127 None None] Fixed interval looping call 'neutron.plugins.ml2.plugin.AgentDbMixin.agent_health_check' sleeping for 36.99 seconds {{(pid=106028) _run_loop /opt/stack/data/venv/lib/python3.12/site-packages/oslo_service/backend/_threading/loopingcall.py:125}}
Apr 18 17:56:19.987992 np0000167464 neutron-periodic-workers[106028]: DEBUG dbcounter [-] [106028] Writing DB stats neutron:SELECT=1 {{(pid=106028) stat_writer /opt/stack/data/venv/lib/python3.12/site-packages/dbcounter.py:115}}
Apr 18 17:56:26.009031 np0000167464 neutron-periodic-workers[106037]: DEBUG oslo.service.backend._threading.loopingcall [None req-ffb76772-f7e0-42fa-9a17-dbf4a4127f4d None None] Fixed interval looping call 'neutron.db.quota.driver_nolock.DbQuotaNoLockDriver._remove_expired_reservations' sleeping for 119.99 seconds {{(pid=106037) _run_loop /opt/stack/data/venv/lib/python3.12/site-packages/oslo_service/backend/_threading/loopingcall.py:125}}
Apr 18 17:56:29.974725 np0000167464 neutron-periodic-workers[106019]: DEBUG oslo.service.backend._threading.loopingcall [None req-61b222d6-4a15-435a-b36f-f05f18473f0f None None] Fixed interval looping call 'neutron.plugins.ml2.plugin.DhcpAgentSchedulerDbMixin.remove_networks_from_down_agents' sleeping for 36.99 seconds {{(pid=106019) _run_loop /opt/stack/data/venv/lib/python3.12/site-packages/oslo_service/backend/_threading/loopingcall.py:125}}
Apr 18 17:56:36.007828 np0000167464 neutron-periodic-workers[106037]: DEBUG dbcounter [-] [106037] Writing DB stats neutron:DELETE=1 {{(pid=106037) stat_writer /opt/stack/data/venv/lib/python3.12/site-packages/dbcounter.py:115}}
Apr 18 17:56:37.051560 np0000167464 neutron-periodic-workers[106043]: DEBUG dbcounter [-] [106043] Writer thread running {{(pid=106043) stat_writer /opt/stack/data/venv/lib/python3.12/site-packages/dbcounter.py:102}}
Apr 18 17:56:37.062393 np0000167464 neutron-periodic-workers[106043]: DEBUG oslo.service.backend._threading.loopingcall [None req-44d04e10-fe45-45a4-b69e-c78588f0d14d None None] Fixed interval looping call 'neutron.services.ovn_l3.plugin.L3_NAT_dbonly_mixin._clean_garbage' sleeping for 299.96 seconds {{(pid=106043) _run_loop /opt/stack/data/venv/lib/python3.12/site-packages/oslo_service/backend/_threading/loopingcall.py:125}}
Apr 18 17:56:39.973613 np0000167464 neutron-periodic-workers[106019]: DEBUG dbcounter [-] [106019] Writing DB stats neutron:SELECT=3 {{(pid=106019) stat_writer /opt/stack/data/venv/lib/python3.12/site-packages/dbcounter.py:115}}
Apr 18 17:56:46.985798 np0000167464 neutron-periodic-workers[106028]: DEBUG neutron.db.agents_db [None req-620f0dbf-800d-4d1e-9d81-45bbe62c6127 None None] Agent healthcheck: found 0 active agents {{(pid=106028) agent_health_check /opt/stack/neutron/neutron/db/agents_db.py:317}}
Apr 18 17:56:46.986357 np0000167464 neutron-periodic-workers[106028]: DEBUG oslo.service.backend._threading.loopingcall [None req-620f0dbf-800d-4d1e-9d81-45bbe62c6127 None None] Fixed interval looping call 'neutron.plugins.ml2.plugin.AgentDbMixin.agent_health_check' sleeping for 37.00 seconds {{(pid=106028) _run_loop /opt/stack/data/venv/lib/python3.12/site-packages/oslo_service/backend/_threading/loopingcall.py:125}}
Apr 18 17:56:47.052235 np0000167464 neutron-periodic-workers[106043]: DEBUG dbcounter [-] [106043] Writing DB stats neutron:SELECT=1 {{(pid=106043) stat_writer /opt/stack/data/venv/lib/python3.12/site-packages/dbcounter.py:115}}
Apr 18 17:56:56.984752 np0000167464 neutron-periodic-workers[106028]: DEBUG dbcounter [-] [106028] Writing DB stats neutron:SELECT=1 {{(pid=106028) stat_writer /opt/stack/data/venv/lib/python3.12/site-packages/dbcounter.py:115}}
Apr 18 17:57:06.972870 np0000167464 neutron-periodic-workers[106019]: DEBUG oslo.service.backend._threading.loopingcall [None req-61b222d6-4a15-435a-b36f-f05f18473f0f None None] Fixed interval looping call 'neutron.plugins.ml2.plugin.DhcpAgentSchedulerDbMixin.remove_networks_from_down_agents' sleeping for 36.99 seconds {{(pid=106019) _run_loop /opt/stack/data/venv/lib/python3.12/site-packages/oslo_service/backend/_threading/loopingcall.py:125}}
Apr 18 17:57:16.971992 np0000167464 neutron-periodic-workers[106019]: DEBUG dbcounter [-] [106019] Writing DB stats neutron:SELECT=3 {{(pid=106019) stat_writer /opt/stack/data/venv/lib/python3.12/site-packages/dbcounter.py:115}}
Apr 18 17:57:23.992313 np0000167464 neutron-periodic-workers[106028]: DEBUG neutron.db.agents_db [None req-620f0dbf-800d-4d1e-9d81-45bbe62c6127 None None] Agent healthcheck: found 0 active agents {{(pid=106028) agent_health_check /opt/stack/neutron/neutron/db/agents_db.py:317}}
Apr 18 17:57:23.992917 np0000167464 neutron-periodic-workers[106028]: DEBUG oslo.service.backend._threading.loopingcall [None req-620f0dbf-800d-4d1e-9d81-45bbe62c6127 None None] Fixed interval looping call 'neutron.plugins.ml2.plugin.AgentDbMixin.agent_health_check' sleeping for 36.99 seconds {{(pid=106028) _run_loop /opt/stack/data/venv/lib/python3.12/site-packages/oslo_service/backend/_threading/loopingcall.py:125}}
Apr 18 17:57:33.990581 np0000167464 neutron-periodic-workers[106028]: DEBUG dbcounter [-] [106028] Writing DB stats neutron:SELECT=1 {{(pid=106028) stat_writer /opt/stack/data/venv/lib/python3.12/site-packages/dbcounter.py:115}}
Apr 18 17:57:43.972820 np0000167464 neutron-periodic-workers[106019]: DEBUG oslo.service.backend._threading.loopingcall [None req-61b222d6-4a15-435a-b36f-f05f18473f0f None None] Fixed interval looping call 'neutron.plugins.ml2.plugin.DhcpAgentSchedulerDbMixin.remove_networks_from_down_agents' sleeping for 36.99 seconds {{(pid=106019) _run_loop /opt/stack/data/venv/lib/python3.12/site-packages/oslo_service/backend/_threading/loopingcall.py:125}}
Apr 18 17:57:53.971075 np0000167464 neutron-periodic-workers[106019]: DEBUG dbcounter [-] [106019] Writing DB stats neutron:SELECT=3 {{(pid=106019) stat_writer /opt/stack/data/venv/lib/python3.12/site-packages/dbcounter.py:115}}
Apr 18 17:58:00.987575 np0000167464 neutron-periodic-workers[106028]: DEBUG neutron.db.agents_db [None req-620f0dbf-800d-4d1e-9d81-45bbe62c6127 None None] Agent healthcheck: found 0 active agents {{(pid=106028) agent_health_check /opt/stack/neutron/neutron/db/agents_db.py:317}}
Apr 18 17:58:00.988169 np0000167464 neutron-periodic-workers[106028]: DEBUG oslo.service.backend._threading.loopingcall [None req-620f0dbf-800d-4d1e-9d81-45bbe62c6127 None None] Fixed interval looping call 'neutron.plugins.ml2.plugin.AgentDbMixin.agent_health_check' sleeping for 37.00 seconds {{(pid=106028) _run_loop /opt/stack/data/venv/lib/python3.12/site-packages/oslo_service/backend/_threading/loopingcall.py:125}}
Apr 18 17:58:10.986957 np0000167464 neutron-periodic-workers[106028]: DEBUG dbcounter [-] [106028] Writing DB stats neutron:SELECT=1 {{(pid=106028) stat_writer /opt/stack/data/venv/lib/python3.12/site-packages/dbcounter.py:115}}
Apr 18 17:58:20.976637 np0000167464 neutron-periodic-workers[106019]: DEBUG oslo.service.backend._threading.loopingcall [None req-61b222d6-4a15-435a-b36f-f05f18473f0f None None] Fixed interval looping call 'neutron.plugins.ml2.plugin.DhcpAgentSchedulerDbMixin.remove_networks_from_down_agents' sleeping for 36.99 seconds {{(pid=106019) _run_loop /opt/stack/data/venv/lib/python3.12/site-packages/oslo_service/backend/_threading/loopingcall.py:125}}
Apr 18 17:58:26.003895 np0000167464 neutron-periodic-workers[106037]: DEBUG oslo.service.backend._threading.loopingcall [None req-ffb76772-f7e0-42fa-9a17-dbf4a4127f4d None None] Fixed interval looping call 'neutron.db.quota.driver_nolock.DbQuotaNoLockDriver._remove_expired_reservations' sleeping for 120.00 seconds {{(pid=106037) _run_loop /opt/stack/data/venv/lib/python3.12/site-packages/oslo_service/backend/_threading/loopingcall.py:125}}
Apr 18 17:58:30.974761 np0000167464 neutron-periodic-workers[106019]: DEBUG dbcounter [-] [106019] Writing DB stats neutron:SELECT=3 {{(pid=106019) stat_writer /opt/stack/data/venv/lib/python3.12/site-packages/dbcounter.py:115}}
Apr 18 17:58:36.002536 np0000167464 neutron-periodic-workers[106037]: DEBUG dbcounter [-] [106037] Writing DB stats neutron:DELETE=1 {{(pid=106037) stat_writer /opt/stack/data/venv/lib/python3.12/site-packages/dbcounter.py:115}}
Apr 18 17:58:37.992833 np0000167464 neutron-periodic-workers[106028]: DEBUG neutron.db.agents_db [None req-620f0dbf-800d-4d1e-9d81-45bbe62c6127 None None] Agent healthcheck: found 0 active agents {{(pid=106028) agent_health_check /opt/stack/neutron/neutron/db/agents_db.py:317}}
Apr 18 17:58:37.993879 np0000167464 neutron-periodic-workers[106028]: DEBUG oslo.service.backend._threading.loopingcall [None req-620f0dbf-800d-4d1e-9d81-45bbe62c6127 None None] Fixed interval looping call 'neutron.plugins.ml2.plugin.AgentDbMixin.agent_health_check' sleeping for 37.00 seconds {{(pid=106028) _run_loop /opt/stack/data/venv/lib/python3.12/site-packages/oslo_service/backend/_threading/loopingcall.py:125}}
Apr 18 17:58:47.990659 np0000167464 neutron-periodic-workers[106028]: DEBUG dbcounter [-] [106028] Writing DB stats neutron:SELECT=1 {{(pid=106028) stat_writer /opt/stack/data/venv/lib/python3.12/site-packages/dbcounter.py:115}}
Apr 18 17:58:57.976639 np0000167464 neutron-periodic-workers[106019]: DEBUG oslo.service.backend._threading.loopingcall [None req-61b222d6-4a15-435a-b36f-f05f18473f0f None None] Fixed interval looping call 'neutron.plugins.ml2.plugin.DhcpAgentSchedulerDbMixin.remove_networks_from_down_agents' sleeping for 36.99 seconds {{(pid=106019) _run_loop /opt/stack/data/venv/lib/python3.12/site-packages/oslo_service/backend/_threading/loopingcall.py:125}}
Apr 18 17:59:07.975281 np0000167464 neutron-periodic-workers[106019]: DEBUG dbcounter [-] [106019] Writing DB stats neutron:SELECT=3 {{(pid=106019) stat_writer /opt/stack/data/venv/lib/python3.12/site-packages/dbcounter.py:115}}
Apr 18 17:59:14.996719 np0000167464 neutron-periodic-workers[106028]: DEBUG neutron.db.agents_db [None req-620f0dbf-800d-4d1e-9d81-45bbe62c6127 None None] Agent healthcheck: found 0 active agents {{(pid=106028) agent_health_check /opt/stack/neutron/neutron/db/agents_db.py:317}}
Apr 18 17:59:14.997710 np0000167464 neutron-periodic-workers[106028]: DEBUG oslo.service.backend._threading.loopingcall [None req-620f0dbf-800d-4d1e-9d81-45bbe62c6127 None None] Fixed interval looping call 'neutron.plugins.ml2.plugin.AgentDbMixin.agent_health_check' sleeping for 37.00 seconds {{(pid=106028) _run_loop /opt/stack/data/venv/lib/python3.12/site-packages/oslo_service/backend/_threading/loopingcall.py:125}}
Apr 18 17:59:24.995660 np0000167464 neutron-periodic-workers[106028]: DEBUG dbcounter [-] [106028] Writing DB stats neutron:SELECT=1 {{(pid=106028) stat_writer /opt/stack/data/venv/lib/python3.12/site-packages/dbcounter.py:115}}
Apr 18 17:59:34.976987 np0000167464 neutron-periodic-workers[106019]: DEBUG oslo.service.backend._threading.loopingcall [None req-61b222d6-4a15-435a-b36f-f05f18473f0f None None] Fixed interval looping call 'neutron.plugins.ml2.plugin.DhcpAgentSchedulerDbMixin.remove_networks_from_down_agents' sleeping for 36.99 seconds {{(pid=106019) _run_loop /opt/stack/data/venv/lib/python3.12/site-packages/oslo_service/backend/_threading/loopingcall.py:125}}
Apr 18 17:59:44.975454 np0000167464 neutron-periodic-workers[106019]: DEBUG dbcounter [-] [106019] Writing DB stats neutron:SELECT=3 {{(pid=106019) stat_writer /opt/stack/data/venv/lib/python3.12/site-packages/dbcounter.py:115}}
Apr 18 17:59:52.004636 np0000167464 neutron-periodic-workers[106028]: DEBUG neutron.db.agents_db [None req-620f0dbf-800d-4d1e-9d81-45bbe62c6127 None None] Agent healthcheck: found 0 active agents {{(pid=106028) agent_health_check /opt/stack/neutron/neutron/db/agents_db.py:317}}
Apr 18 17:59:52.005651 np0000167464 neutron-periodic-workers[106028]: DEBUG oslo.service.backend._threading.loopingcall [None req-620f0dbf-800d-4d1e-9d81-45bbe62c6127 None None] Fixed interval looping call 'neutron.plugins.ml2.plugin.AgentDbMixin.agent_health_check' sleeping for 36.99 seconds {{(pid=106028) _run_loop /opt/stack/data/venv/lib/python3.12/site-packages/oslo_service/backend/_threading/loopingcall.py:125}}
Apr 18 18:00:02.000885 np0000167464 neutron-periodic-workers[106028]: DEBUG dbcounter [-] [106028] Writing DB stats neutron:SELECT=1 {{(pid=106028) stat_writer /opt/stack/data/venv/lib/python3.12/site-packages/dbcounter.py:115}}
Apr 18 18:00:11.977759 np0000167464 neutron-periodic-workers[106019]: DEBUG oslo.service.backend._threading.loopingcall [None req-61b222d6-4a15-435a-b36f-f05f18473f0f None None] Fixed interval looping call 'neutron.plugins.ml2.plugin.DhcpAgentSchedulerDbMixin.remove_networks_from_down_agents' sleeping for 36.99 seconds {{(pid=106019) _run_loop /opt/stack/data/venv/lib/python3.12/site-packages/oslo_service/backend/_threading/loopingcall.py:125}}
Apr 18 18:00:21.977301 np0000167464 neutron-periodic-workers[106019]: DEBUG dbcounter [-] [106019] Writing DB stats neutron:SELECT=3 {{(pid=106019) stat_writer /opt/stack/data/venv/lib/python3.12/site-packages/dbcounter.py:115}}
Apr 18 18:00:26.008233 np0000167464 neutron-periodic-workers[106037]: DEBUG oslo.service.backend._threading.loopingcall [None req-ffb76772-f7e0-42fa-9a17-dbf4a4127f4d None None] Fixed interval looping call 'neutron.db.quota.driver_nolock.DbQuotaNoLockDriver._remove_expired_reservations' sleeping for 120.00 seconds {{(pid=106037) _run_loop /opt/stack/data/venv/lib/python3.12/site-packages/oslo_service/backend/_threading/loopingcall.py:125}}
Apr 18 18:00:29.000889 np0000167464 neutron-periodic-workers[106028]: DEBUG neutron.db.agents_db [None req-620f0dbf-800d-4d1e-9d81-45bbe62c6127 None None] Agent healthcheck: found 0 active agents {{(pid=106028) agent_health_check /opt/stack/neutron/neutron/db/agents_db.py:317}}
Apr 18 18:00:29.001807 np0000167464 neutron-periodic-workers[106028]: DEBUG oslo.service.backend._threading.loopingcall [None req-620f0dbf-800d-4d1e-9d81-45bbe62c6127 None None] Fixed interval looping call 'neutron.plugins.ml2.plugin.AgentDbMixin.agent_health_check' sleeping for 36.99 seconds {{(pid=106028) _run_loop /opt/stack/data/venv/lib/python3.12/site-packages/oslo_service/backend/_threading/loopingcall.py:125}}
Apr 18 18:00:36.006944 np0000167464 neutron-periodic-workers[106037]: DEBUG dbcounter [-] [106037] Writing DB stats neutron:DELETE=1 {{(pid=106037) stat_writer /opt/stack/data/venv/lib/python3.12/site-packages/dbcounter.py:115}}
Apr 18 18:00:38.998798 np0000167464 neutron-periodic-workers[106028]: DEBUG dbcounter [-] [106028] Writing DB stats neutron:SELECT=1 {{(pid=106028) stat_writer /opt/stack/data/venv/lib/python3.12/site-packages/dbcounter.py:115}}
Apr 18 18:00:48.977316 np0000167464 neutron-periodic-workers[106019]: DEBUG oslo.service.backend._threading.loopingcall [None req-61b222d6-4a15-435a-b36f-f05f18473f0f None None] Fixed interval looping call 'neutron.plugins.ml2.plugin.DhcpAgentSchedulerDbMixin.remove_networks_from_down_agents' sleeping for 36.99 seconds {{(pid=106019) _run_loop /opt/stack/data/venv/lib/python3.12/site-packages/oslo_service/backend/_threading/loopingcall.py:125}}
Apr 18 18:00:58.976660 np0000167464 neutron-periodic-workers[106019]: DEBUG dbcounter [-] [106019] Writing DB stats neutron:SELECT=3 {{(pid=106019) stat_writer /opt/stack/data/venv/lib/python3.12/site-packages/dbcounter.py:115}}
Apr 18 18:01:05.996867 np0000167464 neutron-periodic-workers[106028]: DEBUG neutron.db.agents_db [None req-620f0dbf-800d-4d1e-9d81-45bbe62c6127 None None] Agent healthcheck: found 0 active agents {{(pid=106028) agent_health_check /opt/stack/neutron/neutron/db/agents_db.py:317}}
Apr 18 18:01:05.997621 np0000167464 neutron-periodic-workers[106028]: DEBUG oslo.service.backend._threading.loopingcall [None req-620f0dbf-800d-4d1e-9d81-45bbe62c6127 None None] Fixed interval looping call 'neutron.plugins.ml2.plugin.AgentDbMixin.agent_health_check' sleeping for 36.99 seconds {{(pid=106028) _run_loop /opt/stack/data/venv/lib/python3.12/site-packages/oslo_service/backend/_threading/loopingcall.py:125}}
Apr 18 18:01:15.994982 np0000167464 neutron-periodic-workers[106028]: DEBUG dbcounter [-] [106028] Writing DB stats neutron:SELECT=1 {{(pid=106028) stat_writer /opt/stack/data/venv/lib/python3.12/site-packages/dbcounter.py:115}}
Apr 18 18:01:25.976464 np0000167464 neutron-periodic-workers[106019]: DEBUG oslo.service.backend._threading.loopingcall [None req-61b222d6-4a15-435a-b36f-f05f18473f0f None None] Fixed interval looping call 'neutron.plugins.ml2.plugin.DhcpAgentSchedulerDbMixin.remove_networks_from_down_agents' sleeping for 36.99 seconds {{(pid=106019) _run_loop /opt/stack/data/venv/lib/python3.12/site-packages/oslo_service/backend/_threading/loopingcall.py:125}}
Apr 18 18:01:35.975127 np0000167464 neutron-periodic-workers[106019]: DEBUG dbcounter [-] [106019] Writing DB stats neutron:SELECT=3 {{(pid=106019) stat_writer /opt/stack/data/venv/lib/python3.12/site-packages/dbcounter.py:115}}
Apr 18 18:01:37.033239 np0000167464 neutron-periodic-workers[106043]: DEBUG oslo.service.backend._threading.loopingcall [None req-44d04e10-fe45-45a4-b69e-c78588f0d14d None None] Fixed interval looping call 'neutron.services.ovn_l3.plugin.L3_NAT_dbonly_mixin._clean_garbage' sleeping for 299.99 seconds {{(pid=106043) _run_loop /opt/stack/data/venv/lib/python3.12/site-packages/oslo_service/backend/_threading/loopingcall.py:125}}
Apr 18 18:01:42.991516 np0000167464 neutron-periodic-workers[106028]: DEBUG neutron.db.agents_db [None req-620f0dbf-800d-4d1e-9d81-45bbe62c6127 None None] Agent healthcheck: found 0 active agents {{(pid=106028) agent_health_check /opt/stack/neutron/neutron/db/agents_db.py:317}}
Apr 18 18:01:42.992154 np0000167464 neutron-periodic-workers[106028]: DEBUG oslo.service.backend._threading.loopingcall [None req-620f0dbf-800d-4d1e-9d81-45bbe62c6127 None None] Fixed interval looping call 'neutron.plugins.ml2.plugin.AgentDbMixin.agent_health_check' sleeping for 37.00 seconds {{(pid=106028) _run_loop /opt/stack/data/venv/lib/python3.12/site-packages/oslo_service/backend/_threading/loopingcall.py:125}}
Apr 18 18:01:47.026585 np0000167464 neutron-periodic-workers[106043]: DEBUG dbcounter [-] [106043] Writing DB stats neutron:SELECT=1 {{(pid=106043) stat_writer /opt/stack/data/venv/lib/python3.12/site-packages/dbcounter.py:115}}
Apr 18 18:01:52.990460 np0000167464 neutron-periodic-workers[106028]: DEBUG dbcounter [-] [106028] Writing DB stats neutron:SELECT=1 {{(pid=106028) stat_writer /opt/stack/data/venv/lib/python3.12/site-packages/dbcounter.py:115}}
Apr 18 18:02:02.975667 np0000167464 neutron-periodic-workers[106019]: DEBUG oslo.service.backend._threading.loopingcall [None req-61b222d6-4a15-435a-b36f-f05f18473f0f None None] Fixed interval looping call 'neutron.plugins.ml2.plugin.DhcpAgentSchedulerDbMixin.remove_networks_from_down_agents' sleeping for 36.99 seconds {{(pid=106019) _run_loop /opt/stack/data/venv/lib/python3.12/site-packages/oslo_service/backend/_threading/loopingcall.py:125}}
Apr 18 18:02:12.975925 np0000167464 neutron-periodic-workers[106019]: DEBUG dbcounter [-] [106019] Writing DB stats neutron:SELECT=3 {{(pid=106019) stat_writer /opt/stack/data/venv/lib/python3.12/site-packages/dbcounter.py:115}}
