Mar 26 01:01:51.274817 np0000160872 neutron-periodic-workers[104609]: DEBUG cotyledon.oslo_config_glue [-] ml2.project_network_types = ['geneve'] {{(pid=104609) log_opt_values /opt/stack/data/venv/lib/python3.12/site-packages/oslo_config/cfg.py:3006}}
Mar 26 01:01:51.274862 np0000160872 neutron-periodic-workers[104609]: DEBUG cotyledon.oslo_config_glue [-] ml2.tunnelled_network_rp_name = rp_tunnelled {{(pid=104609) log_opt_values /opt/stack/data/venv/lib/python3.12/site-packages/oslo_config/cfg.py:3006}}
Mar 26 01:01:51.274903 np0000160872 neutron-periodic-workers[104609]: DEBUG cotyledon.oslo_config_glue [-] ml2.type_drivers = ['local', 'flat', 'vlan', 'geneve'] {{(pid=104609) log_opt_values /opt/stack/data/venv/lib/python3.12/site-packages/oslo_config/cfg.py:3006}}
Mar 26 01:01:51.274977 np0000160872 neutron-periodic-workers[104609]: DEBUG cotyledon.oslo_config_glue [-] ml2_type_flat.flat_networks = ['public'] {{(pid=104609) log_opt_values /opt/stack/data/venv/lib/python3.12/site-packages/oslo_config/cfg.py:3006}}
Mar 26 01:01:51.275042 np0000160872 neutron-periodic-workers[104609]: DEBUG cotyledon.oslo_config_glue [-] ml2_type_geneve.max_header_size = 38 {{(pid=104609) log_opt_values /opt/stack/data/venv/lib/python3.12/site-packages/oslo_config/cfg.py:3006}}
Mar 26 01:01:51.275084 np0000160872 neutron-periodic-workers[104609]: DEBUG cotyledon.oslo_config_glue [-] ml2_type_geneve.vni_ranges = ['1:65536'] {{(pid=104609) log_opt_values /opt/stack/data/venv/lib/python3.12/site-packages/oslo_config/cfg.py:3006}}
Mar 26 01:01:51.275141 np0000160872 neutron-periodic-workers[104609]: DEBUG cotyledon.oslo_config_glue [-] ml2_type_vlan.network_vlan_ranges = ['public'] {{(pid=104609) log_opt_values /opt/stack/data/venv/lib/python3.12/site-packages/oslo_config/cfg.py:3006}}
Mar 26 01:01:51.275210 np0000160872 neutron-periodic-workers[104609]: DEBUG cotyledon.oslo_config_glue [-] network_log.burst_limit = 25 {{(pid=104609) log_opt_values /opt/stack/data/venv/lib/python3.12/site-packages/oslo_config/cfg.py:3006}}
Mar 26 01:01:51.275262 np0000160872 neutron-periodic-workers[104609]: DEBUG cotyledon.oslo_config_glue [-] network_log.local_output_log_base = None {{(pid=104609) log_opt_values /opt/stack/data/venv/lib/python3.12/site-packages/oslo_config/cfg.py:3006}}
Mar 26 01:01:51.275303 np0000160872 neutron-periodic-workers[104609]: DEBUG cotyledon.oslo_config_glue [-] network_log.rate_limit = 100 {{(pid=104609) log_opt_values /opt/stack/data/venv/lib/python3.12/site-packages/oslo_config/cfg.py:3006}}
Mar 26 01:01:51.275364 np0000160872 neutron-periodic-workers[104609]: DEBUG cotyledon.oslo_config_glue [-] database.asyncio_connection = **** {{(pid=104609) log_opt_values /opt/stack/data/venv/lib/python3.12/site-packages/oslo_config/cfg.py:3006}}
Mar 26 01:01:51.275409 np0000160872 neutron-periodic-workers[104609]: DEBUG cotyledon.oslo_config_glue [-] database.asyncio_slave_connection = **** {{(pid=104609) log_opt_values /opt/stack/data/venv/lib/python3.12/site-packages/oslo_config/cfg.py:3006}}
Mar 26 01:01:51.275614 np0000160872 neutron-periodic-workers[104609]: DEBUG cotyledon.oslo_config_glue [-] database.backend = sqlalchemy {{(pid=104609) log_opt_values /opt/stack/data/venv/lib/python3.12/site-packages/oslo_config/cfg.py:3006}}
Mar 26 01:01:51.275710 np0000160872 neutron-periodic-workers[104609]: DEBUG cotyledon.oslo_config_glue [-] database.connection = **** {{(pid=104609) log_opt_values /opt/stack/data/venv/lib/python3.12/site-packages/oslo_config/cfg.py:3006}}
Mar 26 01:01:51.275784 np0000160872 neutron-periodic-workers[104609]: DEBUG cotyledon.oslo_config_glue [-] database.connection_debug = 0 {{(pid=104609) log_opt_values /opt/stack/data/venv/lib/python3.12/site-packages/oslo_config/cfg.py:3006}}
Mar 26 01:01:51.275846 np0000160872 neutron-periodic-workers[104609]: DEBUG cotyledon.oslo_config_glue [-] database.connection_parameters = {{(pid=104609) log_opt_values /opt/stack/data/venv/lib/python3.12/site-packages/oslo_config/cfg.py:3006}}
Mar 26 01:01:51.275926 np0000160872 neutron-periodic-workers[104609]: DEBUG cotyledon.oslo_config_glue [-] database.connection_recycle_time = 3600 {{(pid=104609) log_opt_values /opt/stack/data/venv/lib/python3.12/site-packages/oslo_config/cfg.py:3006}}
Mar 26 01:01:51.275986 np0000160872 neutron-periodic-workers[104609]: DEBUG cotyledon.oslo_config_glue [-] database.connection_trace = False {{(pid=104609) log_opt_values /opt/stack/data/venv/lib/python3.12/site-packages/oslo_config/cfg.py:3006}}
Mar 26 01:01:51.276046 np0000160872 neutron-periodic-workers[104609]: DEBUG cotyledon.oslo_config_glue [-] database.db_inc_retry_interval = True {{(pid=104609) log_opt_values /opt/stack/data/venv/lib/python3.12/site-packages/oslo_config/cfg.py:3006}}
Mar 26 01:01:51.276112 np0000160872 neutron-periodic-workers[104609]: DEBUG cotyledon.oslo_config_glue [-] database.db_max_retries = 20 {{(pid=104609) log_opt_values /opt/stack/data/venv/lib/python3.12/site-packages/oslo_config/cfg.py:3006}}
Mar 26 01:01:51.276170 np0000160872 neutron-periodic-workers[104609]: DEBUG cotyledon.oslo_config_glue [-] database.db_max_retry_interval = 10 {{(pid=104609) log_opt_values /opt/stack/data/venv/lib/python3.12/site-packages/oslo_config/cfg.py:3006}}
Mar 26 01:01:51.276229 np0000160872 neutron-periodic-workers[104609]: DEBUG cotyledon.oslo_config_glue [-] database.db_retry_interval = 1 {{(pid=104609) log_opt_values /opt/stack/data/venv/lib/python3.12/site-packages/oslo_config/cfg.py:3006}}
Mar 26 01:01:51.276288 np0000160872 neutron-periodic-workers[104609]: DEBUG cotyledon.oslo_config_glue [-] database.max_overflow = 50 {{(pid=104609) log_opt_values /opt/stack/data/venv/lib/python3.12/site-packages/oslo_config/cfg.py:3006}}
Mar 26 01:01:51.276558 np0000160872 neutron-periodic-workers[104609]: DEBUG cotyledon.oslo_config_glue [-] database.max_pool_size = 5 {{(pid=104609) log_opt_values /opt/stack/data/venv/lib/python3.12/site-packages/oslo_config/cfg.py:3006}}
Mar 26 01:01:51.276558 np0000160872 neutron-periodic-workers[104609]: DEBUG cotyledon.oslo_config_glue [-] database.max_retries = 10 {{(pid=104609) log_opt_values /opt/stack/data/venv/lib/python3.12/site-packages/oslo_config/cfg.py:3006}}
Mar 26 01:01:51.276558 np0000160872 neutron-periodic-workers[104609]: DEBUG cotyledon.oslo_config_glue [-] database.mysql_sql_mode = TRADITIONAL {{(pid=104609) log_opt_values /opt/stack/data/venv/lib/python3.12/site-packages/oslo_config/cfg.py:3006}}
Mar 26 01:01:51.276558 np0000160872 neutron-periodic-workers[104609]: DEBUG cotyledon.oslo_config_glue [-] database.mysql_wsrep_sync_wait = None {{(pid=104609) log_opt_values /opt/stack/data/venv/lib/python3.12/site-packages/oslo_config/cfg.py:3006}}
Mar 26 01:01:51.276673 np0000160872 neutron-periodic-workers[104609]: DEBUG cotyledon.oslo_config_glue [-] database.pool_timeout = None {{(pid=104609) log_opt_values /opt/stack/data/venv/lib/python3.12/site-packages/oslo_config/cfg.py:3006}}
Mar 26 01:01:51.276673 np0000160872 neutron-periodic-workers[104609]: DEBUG cotyledon.oslo_config_glue [-] database.retry_interval = 10 {{(pid=104609) log_opt_values /opt/stack/data/venv/lib/python3.12/site-packages/oslo_config/cfg.py:3006}}
Mar 26 01:01:51.276719 np0000160872 neutron-periodic-workers[104609]: DEBUG cotyledon.oslo_config_glue [-] database.slave_connection = **** {{(pid=104609) log_opt_values /opt/stack/data/venv/lib/python3.12/site-packages/oslo_config/cfg.py:3006}}
Mar 26 01:01:51.276763 np0000160872 neutron-periodic-workers[104609]: DEBUG cotyledon.oslo_config_glue [-] database.sqlite_synchronous = True {{(pid=104609) log_opt_values /opt/stack/data/venv/lib/python3.12/site-packages/oslo_config/cfg.py:3006}}
Mar 26 01:01:51.276993 np0000160872 neutron-periodic-workers[104609]: DEBUG cotyledon.oslo_config_glue [-] database.synchronous_reader = True {{(pid=104609) log_opt_values /opt/stack/data/venv/lib/python3.12/site-packages/oslo_config/cfg.py:3006}}
Mar 26 01:01:51.276993 np0000160872 neutron-periodic-workers[104609]: DEBUG cotyledon.oslo_config_glue [-] database.use_db_reconnect = False {{(pid=104609) log_opt_values /opt/stack/data/venv/lib/python3.12/site-packages/oslo_config/cfg.py:3006}}
Mar 26 01:01:51.276993 np0000160872 neutron-periodic-workers[104609]: DEBUG cotyledon.oslo_config_glue [-] ovn.bfd_min_rx = 1000 {{(pid=104609) log_opt_values /opt/stack/data/venv/lib/python3.12/site-packages/oslo_config/cfg.py:3006}}
Mar 26 01:01:51.277066 np0000160872 neutron-periodic-workers[104609]: DEBUG cotyledon.oslo_config_glue [-] ovn.bfd_min_tx = 100 {{(pid=104609) log_opt_values /opt/stack/data/venv/lib/python3.12/site-packages/oslo_config/cfg.py:3006}}
Mar 26 01:01:51.277095 np0000160872 neutron-periodic-workers[104609]: DEBUG cotyledon.oslo_config_glue [-] ovn.bfd_mult = 3 {{(pid=104609) log_opt_values /opt/stack/data/venv/lib/python3.12/site-packages/oslo_config/cfg.py:3006}}
Mar 26 01:01:51.277140 np0000160872 neutron-periodic-workers[104609]: DEBUG cotyledon.oslo_config_glue [-] ovn.broadcast_arps_to_all_routers = True {{(pid=104609) log_opt_values /opt/stack/data/venv/lib/python3.12/site-packages/oslo_config/cfg.py:3006}}
Mar 26 01:01:51.277197 np0000160872 neutron-periodic-workers[104609]: DEBUG cotyledon.oslo_config_glue [-] ovn.dhcp_default_lease_time = 43200 {{(pid=104609) log_opt_values /opt/stack/data/venv/lib/python3.12/site-packages/oslo_config/cfg.py:3006}}
Mar 26 01:01:51.277257 np0000160872 neutron-periodic-workers[104609]: DEBUG cotyledon.oslo_config_glue [-] ovn.disable_ovn_dhcp_for_baremetal_ports = False {{(pid=104609) log_opt_values /opt/stack/data/venv/lib/python3.12/site-packages/oslo_config/cfg.py:3006}}
Mar 26 01:01:51.277315 np0000160872 neutron-periodic-workers[104609]: DEBUG cotyledon.oslo_config_glue [-] ovn.dns_records_ovn_owned = False {{(pid=104609) log_opt_values /opt/stack/data/venv/lib/python3.12/site-packages/oslo_config/cfg.py:3006}}
Mar 26 01:01:51.277374 np0000160872 neutron-periodic-workers[104609]: DEBUG cotyledon.oslo_config_glue [-] ovn.dns_servers = [] {{(pid=104609) log_opt_values /opt/stack/data/venv/lib/python3.12/site-packages/oslo_config/cfg.py:3006}}
Mar 26 01:01:51.277432 np0000160872 neutron-periodic-workers[104609]: DEBUG cotyledon.oslo_config_glue [-] ovn.enable_distributed_floating_ip = False {{(pid=104609) log_opt_values /opt/stack/data/venv/lib/python3.12/site-packages/oslo_config/cfg.py:3006}}
Mar 26 01:01:51.277508 np0000160872 neutron-periodic-workers[104609]: DEBUG cotyledon.oslo_config_glue [-] ovn.fdb_age_threshold = 300 {{(pid=104609) log_opt_values /opt/stack/data/venv/lib/python3.12/site-packages/oslo_config/cfg.py:3006}}
Mar 26 01:01:51.277571 np0000160872 neutron-periodic-workers[104609]: DEBUG cotyledon.oslo_config_glue [-] ovn.ha_failover_strategy = normal {{(pid=104609) log_opt_values /opt/stack/data/venv/lib/python3.12/site-packages/oslo_config/cfg.py:3006}}
Mar 26 01:01:51.277629 np0000160872 neutron-periodic-workers[104609]: DEBUG cotyledon.oslo_config_glue [-] ovn.live_migration_activation_strategy = rarp {{(pid=104609) log_opt_values /opt/stack/data/venv/lib/python3.12/site-packages/oslo_config/cfg.py:3006}}
Mar 26 01:01:51.277686 np0000160872 neutron-periodic-workers[104609]: DEBUG cotyledon.oslo_config_glue [-] ovn.localnet_learn_fdb = False {{(pid=104609) log_opt_values /opt/stack/data/venv/lib/python3.12/site-packages/oslo_config/cfg.py:3006}}
Mar 26 01:01:51.277743 np0000160872 neutron-periodic-workers[104609]: DEBUG cotyledon.oslo_config_glue [-] ovn.mac_binding_age_threshold = 300 {{(pid=104609) log_opt_values /opt/stack/data/venv/lib/python3.12/site-packages/oslo_config/cfg.py:3006}}
Mar 26 01:01:51.277819 np0000160872 neutron-periodic-workers[104609]: DEBUG cotyledon.oslo_config_glue [-] ovn.neutron_sync_mode = log {{(pid=104609) log_opt_values /opt/stack/data/venv/lib/python3.12/site-packages/oslo_config/cfg.py:3006}}
Mar 26 01:01:51.277878 np0000160872 neutron-periodic-workers[104609]: DEBUG cotyledon.oslo_config_glue [-] ovn.ovn_dhcp4_global_options = {} {{(pid=104609) log_opt_values /opt/stack/data/venv/lib/python3.12/site-packages/oslo_config/cfg.py:3006}}
Mar 26 01:01:51.277939 np0000160872 neutron-periodic-workers[104609]: DEBUG cotyledon.oslo_config_glue [-] ovn.ovn_dhcp6_global_options = {} {{(pid=104609) log_opt_values /opt/stack/data/venv/lib/python3.12/site-packages/oslo_config/cfg.py:3006}}
Mar 26 01:01:51.278005 np0000160872 neutron-periodic-workers[104609]: DEBUG cotyledon.oslo_config_glue [-] ovn.ovn_l3_scheduler = leastloaded {{(pid=104609) log_opt_values /opt/stack/data/venv/lib/python3.12/site-packages/oslo_config/cfg.py:3006}}
Mar 26 01:01:51.278064 np0000160872 neutron-periodic-workers[104609]: DEBUG cotyledon.oslo_config_glue [-] ovn.ovn_metadata_enabled = True {{(pid=104609) log_opt_values /opt/stack/data/venv/lib/python3.12/site-packages/oslo_config/cfg.py:3006}}
Mar 26 01:01:51.278137 np0000160872 neutron-periodic-workers[104609]: DEBUG cotyledon.oslo_config_glue [-] ovn.ovn_nb_ca_cert = /opt/stack/data/CA/int-ca/ca-chain.pem {{(pid=104609) log_opt_values /opt/stack/data/venv/lib/python3.12/site-packages/oslo_config/cfg.py:3006}}
Mar 26 01:01:51.278208 np0000160872 neutron-periodic-workers[104609]: DEBUG cotyledon.oslo_config_glue [-] ovn.ovn_nb_certificate = /opt/stack/data/CA/int-ca/devstack-cert.crt {{(pid=104609) log_opt_values /opt/stack/data/venv/lib/python3.12/site-packages/oslo_config/cfg.py:3006}}
Mar 26 01:01:51.278281 np0000160872 neutron-periodic-workers[104609]: DEBUG cotyledon.oslo_config_glue [-] ovn.ovn_nb_connection = ['ssl:199.204.45.140:6641'] {{(pid=104609) log_opt_values /opt/stack/data/venv/lib/python3.12/site-packages/oslo_config/cfg.py:3006}}
Mar 26 01:01:51.278347 np0000160872 neutron-periodic-workers[104609]: DEBUG cotyledon.oslo_config_glue [-] ovn.ovn_nb_private_key = /opt/stack/data/CA/int-ca/private/devstack-cert.key {{(pid=104609) log_opt_values /opt/stack/data/venv/lib/python3.12/site-packages/oslo_config/cfg.py:3006}}
Mar 26 01:01:51.278406 np0000160872 neutron-periodic-workers[104609]: DEBUG cotyledon.oslo_config_glue [-] ovn.ovn_router_indirect_snat = False {{(pid=104609) log_opt_values /opt/stack/data/venv/lib/python3.12/site-packages/oslo_config/cfg.py:3006}}
Mar 26 01:01:51.278480 np0000160872 neutron-periodic-workers[104609]: DEBUG cotyledon.oslo_config_glue [-] ovn.ovn_sb_ca_cert = /opt/stack/data/CA/int-ca/ca-chain.pem {{(pid=104609) log_opt_values /opt/stack/data/venv/lib/python3.12/site-packages/oslo_config/cfg.py:3006}}
Mar 26 01:01:51.278577 np0000160872 neutron-periodic-workers[104609]: DEBUG cotyledon.oslo_config_glue [-] ovn.ovn_sb_certificate = /opt/stack/data/CA/int-ca/devstack-cert.crt {{(pid=104609) log_opt_values /opt/stack/data/venv/lib/python3.12/site-packages/oslo_config/cfg.py:3006}}
Mar 26 01:01:51.278608 np0000160872 neutron-periodic-workers[104609]: DEBUG cotyledon.oslo_config_glue [-] ovn.ovn_sb_connection = ['ssl:199.204.45.140:6642'] {{(pid=104609) log_opt_values /opt/stack/data/venv/lib/python3.12/site-packages/oslo_config/cfg.py:3006}}
Mar 26 01:01:51.278656 np0000160872 neutron-periodic-workers[104609]: DEBUG cotyledon.oslo_config_glue [-] ovn.ovn_sb_private_key = /opt/stack/data/CA/int-ca/private/devstack-cert.key {{(pid=104609) log_opt_values /opt/stack/data/venv/lib/python3.12/site-packages/oslo_config/cfg.py:3006}}
Mar 26 01:01:51.278714 np0000160872 neutron-periodic-workers[104609]: DEBUG cotyledon.oslo_config_glue [-] ovn.ovs_create_tap = False {{(pid=104609) log_opt_values /opt/stack/data/venv/lib/python3.12/site-packages/oslo_config/cfg.py:3006}}
Mar 26 01:01:51.278773 np0000160872 neutron-periodic-workers[104609]: DEBUG cotyledon.oslo_config_glue [-] ovn.ovsdb_connection_timeout = 180 {{(pid=104609) log_opt_values /opt/stack/data/venv/lib/python3.12/site-packages/oslo_config/cfg.py:3006}}
Mar 26 01:01:51.278832 np0000160872 neutron-periodic-workers[104609]: DEBUG cotyledon.oslo_config_glue [-] ovn.ovsdb_log_level = INFO {{(pid=104609) log_opt_values /opt/stack/data/venv/lib/python3.12/site-packages/oslo_config/cfg.py:3006}}
Mar 26 01:01:51.278890 np0000160872 neutron-periodic-workers[104609]: DEBUG cotyledon.oslo_config_glue [-] ovn.ovsdb_probe_interval = 60000 {{(pid=104609) log_opt_values /opt/stack/data/venv/lib/python3.12/site-packages/oslo_config/cfg.py:3006}}
Mar 26 01:01:51.278947 np0000160872 neutron-periodic-workers[104609]: DEBUG cotyledon.oslo_config_glue [-] ovn.ovsdb_retry_max_interval = 180 {{(pid=104609) log_opt_values /opt/stack/data/venv/lib/python3.12/site-packages/oslo_config/cfg.py:3006}}
Mar 26 01:01:51.279006 np0000160872 neutron-periodic-workers[104609]: DEBUG cotyledon.oslo_config_glue [-] ovn.stateless_nat_enabled = False {{(pid=104609) log_opt_values /opt/stack/data/venv/lib/python3.12/site-packages/oslo_config/cfg.py:3006}}
Mar 26 01:01:51.279111 np0000160872 neutron-periodic-workers[104609]: DEBUG cotyledon.oslo_config_glue [-] ovn.vhost_sock_dir = /var/run/openvswitch {{(pid=104609) log_opt_values /opt/stack/data/venv/lib/python3.12/site-packages/oslo_config/cfg.py:3006}}
Mar 26 01:01:51.279146 np0000160872 neutron-periodic-workers[104609]: DEBUG cotyledon.oslo_config_glue [-] OVS.bridge_mac_table_size = 50000 {{(pid=104609) log_opt_values /opt/stack/data/venv/lib/python3.12/site-packages/oslo_config/cfg.py:3006}}
Mar 26 01:01:51.279197 np0000160872 neutron-periodic-workers[104609]: DEBUG cotyledon.oslo_config_glue [-] OVS.igmp_flood = False {{(pid=104609) log_opt_values /opt/stack/data/venv/lib/python3.12/site-packages/oslo_config/cfg.py:3006}}
Mar 26 01:01:51.279296 np0000160872 neutron-periodic-workers[104609]: DEBUG cotyledon.oslo_config_glue [-] OVS.igmp_flood_reports = True {{(pid=104609) log_opt_values /opt/stack/data/venv/lib/python3.12/site-packages/oslo_config/cfg.py:3006}}
Mar 26 01:01:51.279322 np0000160872 neutron-periodic-workers[104609]: DEBUG cotyledon.oslo_config_glue [-] OVS.igmp_flood_unregistered = False {{(pid=104609) log_opt_values /opt/stack/data/venv/lib/python3.12/site-packages/oslo_config/cfg.py:3006}}
Mar 26 01:01:51.279382 np0000160872 neutron-periodic-workers[104609]: DEBUG cotyledon.oslo_config_glue [-] OVS.igmp_snooping_enable = False {{(pid=104609) log_opt_values /opt/stack/data/venv/lib/python3.12/site-packages/oslo_config/cfg.py:3006}}
Mar 26 01:01:51.279494 np0000160872 neutron-periodic-workers[104609]: DEBUG cotyledon.oslo_config_glue [-] OVS.ovsdb_timeout = 10 {{(pid=104609) log_opt_values /opt/stack/data/venv/lib/python3.12/site-packages/oslo_config/cfg.py:3006}}
Mar 26 01:01:51.279579 np0000160872 neutron-periodic-workers[104609]: DEBUG cotyledon.oslo_config_glue [-] ovn_nb_global.fdb_removal_limit = 0 {{(pid=104609) log_opt_values /opt/stack/data/venv/lib/python3.12/site-packages/oslo_config/cfg.py:3006}}
Mar 26 01:01:51.279639 np0000160872 neutron-periodic-workers[104609]: DEBUG cotyledon.oslo_config_glue [-] ovn_nb_global.ignore_lsp_down = False {{(pid=104609) log_opt_values /opt/stack/data/venv/lib/python3.12/site-packages/oslo_config/cfg.py:3006}}
Mar 26 01:01:51.279698 np0000160872 neutron-periodic-workers[104609]: DEBUG cotyledon.oslo_config_glue [-] ovn_nb_global.mac_binding_removal_limit = 0 {{(pid=104609) log_opt_values /opt/stack/data/venv/lib/python3.12/site-packages/oslo_config/cfg.py:3006}}
Mar 26 01:01:51.279754 np0000160872 neutron-periodic-workers[104609]: DEBUG cotyledon.oslo_config_glue [-] ******************************************************************************** {{(pid=104609) log_opt_values /opt/stack/data/venv/lib/python3.12/site-packages/oslo_config/cfg.py:3013}}
Mar 26 01:01:51.279993 np0000160872 neutron-periodic-workers[104609]: DEBUG cotyledon._service_worker [-] Run service ServiceWrapper(0) [104609] {{(pid=104609) wait_forever /opt/stack/data/venv/lib/python3.12/site-packages/cotyledon/_service_worker.py:218}}
Mar 26 01:02:00.912159 np0000160872 neutron-periodic-workers[103817]: DEBUG dbcounter [-] [103817] Writing DB stats neutron:SELECT=4 {{(pid=103817) stat_writer /opt/stack/data/venv/lib/python3.12/site-packages/dbcounter.py:115}}
Mar 26 01:02:30.271971 np0000160872 neutron-periodic-workers[104600]: DEBUG oslo_db.sqlalchemy.engines [None req-6a68218e-c404-4ad6-922e-7510910827c7 None None] Parent process 103817 forked (104600) with an open database connection, which is being discarded and recreated. {{(pid=104600) checkout /opt/stack/data/venv/lib/python3.12/site-packages/oslo_db/sqlalchemy/engines.py:402}}
Mar 26 01:02:30.279067 np0000160872 neutron-periodic-workers[104600]: DEBUG dbcounter [-] [104600] Writer thread running {{(pid=104600) stat_writer /opt/stack/data/venv/lib/python3.12/site-packages/dbcounter.py:102}}
Mar 26 01:02:30.281909 np0000160872 neutron-periodic-workers[104600]: DEBUG neutron.db.agents_db [None req-6a68218e-c404-4ad6-922e-7510910827c7 None None] Agent healthcheck: found 0 active agents {{(pid=104600) agent_health_check /opt/stack/neutron/neutron/db/agents_db.py:317}}
Mar 26 01:02:30.282071 np0000160872 neutron-periodic-workers[104600]: DEBUG oslo.service.backend._threading.loopingcall [None req-6a68218e-c404-4ad6-922e-7510910827c7 None None] Fixed interval looping call 'neutron.plugins.ml2.plugin.AgentDbMixin.agent_health_check' sleeping for 36.98 seconds {{(pid=104600) _run_loop /opt/stack/data/venv/lib/python3.12/site-packages/oslo_service/backend/_threading/loopingcall.py:125}}
Mar 26 01:02:40.279723 np0000160872 neutron-periodic-workers[104600]: DEBUG dbcounter [-] [104600] Writing DB stats neutron:SELECT=1 {{(pid=104600) stat_writer /opt/stack/data/venv/lib/python3.12/site-packages/dbcounter.py:115}}
Mar 26 01:02:59.259185 np0000160872 neutron-periodic-workers[104587]: DEBUG dbcounter [-] [104587] Writer thread running {{(pid=104587) stat_writer /opt/stack/data/venv/lib/python3.12/site-packages/dbcounter.py:102}}
Mar 26 01:02:59.267532 np0000160872 neutron-periodic-workers[104587]: DEBUG oslo.service.backend._threading.loopingcall [None req-88d26185-6fda-457d-903f-c20a2f148223 None None] Fixed interval looping call 'neutron.plugins.ml2.plugin.DhcpAgentSchedulerDbMixin.remove_networks_from_down_agents' sleeping for 36.98 seconds {{(pid=104587) _run_loop /opt/stack/data/venv/lib/python3.12/site-packages/oslo_service/backend/_threading/loopingcall.py:125}}
Mar 26 01:03:07.267743 np0000160872 neutron-periodic-workers[104600]: DEBUG neutron.db.agents_db [None req-6a68218e-c404-4ad6-922e-7510910827c7 None None] Agent healthcheck: found 0 active agents {{(pid=104600) agent_health_check /opt/stack/neutron/neutron/db/agents_db.py:317}}
Mar 26 01:03:07.268221 np0000160872 neutron-periodic-workers[104600]: DEBUG oslo.service.backend._threading.loopingcall [None req-6a68218e-c404-4ad6-922e-7510910827c7 None None] Fixed interval looping call 'neutron.plugins.ml2.plugin.AgentDbMixin.agent_health_check' sleeping for 36.99 seconds {{(pid=104600) _run_loop /opt/stack/data/venv/lib/python3.12/site-packages/oslo_service/backend/_threading/loopingcall.py:125}}
Mar 26 01:03:09.266485 np0000160872 neutron-periodic-workers[104587]: DEBUG dbcounter [-] [104587] Writing DB stats neutron:SELECT=3 {{(pid=104587) stat_writer /opt/stack/data/venv/lib/python3.12/site-packages/dbcounter.py:115}}
Mar 26 01:03:17.265922 np0000160872 neutron-periodic-workers[104600]: DEBUG dbcounter [-] [104600] Writing DB stats neutron:SELECT=1 {{(pid=104600) stat_writer /opt/stack/data/venv/lib/python3.12/site-packages/dbcounter.py:115}}
Mar 26 01:03:36.259600 np0000160872 neutron-periodic-workers[104587]: DEBUG oslo.service.backend._threading.loopingcall [None req-88d26185-6fda-457d-903f-c20a2f148223 None None] Fixed interval looping call 'neutron.plugins.ml2.plugin.DhcpAgentSchedulerDbMixin.remove_networks_from_down_agents' sleeping for 36.99 seconds {{(pid=104587) _run_loop /opt/stack/data/venv/lib/python3.12/site-packages/oslo_service/backend/_threading/loopingcall.py:125}}
Mar 26 01:03:44.264169 np0000160872 neutron-periodic-workers[104600]: DEBUG neutron.db.agents_db [None req-6a68218e-c404-4ad6-922e-7510910827c7 None None] Agent healthcheck: found 0 active agents {{(pid=104600) agent_health_check /opt/stack/neutron/neutron/db/agents_db.py:317}}
Mar 26 01:03:44.265054 np0000160872 neutron-periodic-workers[104600]: DEBUG oslo.service.backend._threading.loopingcall [None req-6a68218e-c404-4ad6-922e-7510910827c7 None None] Fixed interval looping call 'neutron.plugins.ml2.plugin.AgentDbMixin.agent_health_check' sleeping for 36.99 seconds {{(pid=104600) _run_loop /opt/stack/data/venv/lib/python3.12/site-packages/oslo_service/backend/_threading/loopingcall.py:125}}
Mar 26 01:03:46.258713 np0000160872 neutron-periodic-workers[104587]: DEBUG dbcounter [-] [104587] Writing DB stats neutron:SELECT=3 {{(pid=104587) stat_writer /opt/stack/data/venv/lib/python3.12/site-packages/dbcounter.py:115}}
Mar 26 01:03:51.299398 np0000160872 neutron-periodic-workers[104609]: DEBUG dbcounter [-] [104609] Writer thread running {{(pid=104609) stat_writer /opt/stack/data/venv/lib/python3.12/site-packages/dbcounter.py:102}}
Mar 26 01:03:51.301691 np0000160872 neutron-periodic-workers[104609]: DEBUG oslo.service.backend._threading.loopingcall [None req-05f792e1-aec1-49d8-b068-3e3025873295 None None] Fixed interval looping call 'neutron.db.quota.driver_nolock.DbQuotaNoLockDriver._remove_expired_reservations' sleeping for 119.98 seconds {{(pid=104609) _run_loop /opt/stack/data/venv/lib/python3.12/site-packages/oslo_service/backend/_threading/loopingcall.py:125}}
Mar 26 01:03:54.263619 np0000160872 neutron-periodic-workers[104600]: DEBUG dbcounter [-] [104600] Writing DB stats neutron:SELECT=1 {{(pid=104600) stat_writer /opt/stack/data/venv/lib/python3.12/site-packages/dbcounter.py:115}}
Mar 26 01:04:01.300017 np0000160872 neutron-periodic-workers[104609]: DEBUG dbcounter [-] [104609] Writing DB stats neutron:DELETE=1 {{(pid=104609) stat_writer /opt/stack/data/venv/lib/python3.12/site-packages/dbcounter.py:115}}
Mar 26 01:04:13.258762 np0000160872 neutron-periodic-workers[104587]: DEBUG oslo.service.backend._threading.loopingcall [None req-88d26185-6fda-457d-903f-c20a2f148223 None None] Fixed interval looping call 'neutron.plugins.ml2.plugin.DhcpAgentSchedulerDbMixin.remove_networks_from_down_agents' sleeping for 36.99 seconds {{(pid=104587) _run_loop /opt/stack/data/venv/lib/python3.12/site-packages/oslo_service/backend/_threading/loopingcall.py:125}}
Mar 26 01:04:21.260571 np0000160872 neutron-periodic-workers[104600]: DEBUG neutron.db.agents_db [None req-6a68218e-c404-4ad6-922e-7510910827c7 None None] Agent healthcheck: found 0 active agents {{(pid=104600) agent_health_check /opt/stack/neutron/neutron/db/agents_db.py:317}}
Mar 26 01:04:21.261380 np0000160872 neutron-periodic-workers[104600]: DEBUG oslo.service.backend._threading.loopingcall [None req-6a68218e-c404-4ad6-922e-7510910827c7 None None] Fixed interval looping call 'neutron.plugins.ml2.plugin.AgentDbMixin.agent_health_check' sleeping for 36.99 seconds {{(pid=104600) _run_loop /opt/stack/data/venv/lib/python3.12/site-packages/oslo_service/backend/_threading/loopingcall.py:125}}
Mar 26 01:04:23.258359 np0000160872 neutron-periodic-workers[104587]: DEBUG dbcounter [-] [104587] Writing DB stats neutron:SELECT=3 {{(pid=104587) stat_writer /opt/stack/data/venv/lib/python3.12/site-packages/dbcounter.py:115}}
Mar 26 01:04:31.258653 np0000160872 neutron-periodic-workers[104600]: DEBUG dbcounter [-] [104600] Writing DB stats neutron:SELECT=1 {{(pid=104600) stat_writer /opt/stack/data/venv/lib/python3.12/site-packages/dbcounter.py:115}}
Mar 26 01:04:50.255455 np0000160872 neutron-periodic-workers[104587]: DEBUG oslo.service.backend._threading.loopingcall [None req-88d26185-6fda-457d-903f-c20a2f148223 None None] Fixed interval looping call 'neutron.plugins.ml2.plugin.DhcpAgentSchedulerDbMixin.remove_networks_from_down_agents' sleeping for 36.99 seconds {{(pid=104587) _run_loop /opt/stack/data/venv/lib/python3.12/site-packages/oslo_service/backend/_threading/loopingcall.py:125}}
Mar 26 01:04:58.254856 np0000160872 neutron-periodic-workers[104600]: DEBUG neutron.db.agents_db [None req-6a68218e-c404-4ad6-922e-7510910827c7 None None] Agent healthcheck: found 0 active agents {{(pid=104600) agent_health_check /opt/stack/neutron/neutron/db/agents_db.py:317}}
Mar 26 01:04:58.255552 np0000160872 neutron-periodic-workers[104600]: DEBUG oslo.service.backend._threading.loopingcall [None req-6a68218e-c404-4ad6-922e-7510910827c7 None None] Fixed interval looping call 'neutron.plugins.ml2.plugin.AgentDbMixin.agent_health_check' sleeping for 37.00 seconds {{(pid=104600) _run_loop /opt/stack/data/venv/lib/python3.12/site-packages/oslo_service/backend/_threading/loopingcall.py:125}}
Mar 26 01:05:00.254575 np0000160872 neutron-periodic-workers[104587]: DEBUG dbcounter [-] [104587] Writing DB stats neutron:SELECT=3 {{(pid=104587) stat_writer /opt/stack/data/venv/lib/python3.12/site-packages/dbcounter.py:115}}
Mar 26 01:05:08.253623 np0000160872 neutron-periodic-workers[104600]: DEBUG dbcounter [-] [104600] Writing DB stats neutron:SELECT=1 {{(pid=104600) stat_writer /opt/stack/data/venv/lib/python3.12/site-packages/dbcounter.py:115}}
Mar 26 01:05:27.255641 np0000160872 neutron-periodic-workers[104587]: DEBUG oslo.service.backend._threading.loopingcall [None req-88d26185-6fda-457d-903f-c20a2f148223 None None] Fixed interval looping call 'neutron.plugins.ml2.plugin.DhcpAgentSchedulerDbMixin.remove_networks_from_down_agents' sleeping for 36.99 seconds {{(pid=104587) _run_loop /opt/stack/data/venv/lib/python3.12/site-packages/oslo_service/backend/_threading/loopingcall.py:125}}
Mar 26 01:05:35.261437 np0000160872 neutron-periodic-workers[104600]: DEBUG neutron.db.agents_db [None req-6a68218e-c404-4ad6-922e-7510910827c7 None None] Agent healthcheck: found 0 active agents {{(pid=104600) agent_health_check /opt/stack/neutron/neutron/db/agents_db.py:317}}
Mar 26 01:05:35.261881 np0000160872 neutron-periodic-workers[104600]: DEBUG oslo.service.backend._threading.loopingcall [None req-6a68218e-c404-4ad6-922e-7510910827c7 None None] Fixed interval looping call 'neutron.plugins.ml2.plugin.AgentDbMixin.agent_health_check' sleeping for 36.99 seconds {{(pid=104600) _run_loop /opt/stack/data/venv/lib/python3.12/site-packages/oslo_service/backend/_threading/loopingcall.py:125}}
Mar 26 01:05:37.253598 np0000160872 neutron-periodic-workers[104587]: DEBUG dbcounter [-] [104587] Writing DB stats neutron:SELECT=3 {{(pid=104587) stat_writer /opt/stack/data/venv/lib/python3.12/site-packages/dbcounter.py:115}}
Mar 26 01:05:45.283054 np0000160872 neutron-periodic-workers[104600]: DEBUG dbcounter [-] [104600] Writing DB stats neutron:SELECT=1 {{(pid=104600) stat_writer /opt/stack/data/venv/lib/python3.12/site-packages/dbcounter.py:115}}
Mar 26 01:05:51.286838 np0000160872 neutron-periodic-workers[104609]: DEBUG oslo.service.backend._threading.loopingcall [None req-05f792e1-aec1-49d8-b068-3e3025873295 None None] Fixed interval looping call 'neutron.db.quota.driver_nolock.DbQuotaNoLockDriver._remove_expired_reservations' sleeping for 120.00 seconds {{(pid=104609) _run_loop /opt/stack/data/venv/lib/python3.12/site-packages/oslo_service/backend/_threading/loopingcall.py:125}}
Mar 26 01:06:01.250071 np0000160872 neutron-periodic-workers[104577]: DEBUG dbcounter [-] [104577] Writer thread running {{(pid=104577) stat_writer /opt/stack/data/venv/lib/python3.12/site-packages/dbcounter.py:102}}
Mar 26 01:06:01.259157 np0000160872 neutron-periodic-workers[104577]: DEBUG oslo.service.backend._threading.loopingcall [None req-ac08b52a-8b75-467a-a487-f116e9ab6de6 None None] Fixed interval looping call 'neutron.services.ovn_l3.plugin.L3_NAT_dbonly_mixin._clean_garbage' sleeping for 299.96 seconds {{(pid=104577) _run_loop /opt/stack/data/venv/lib/python3.12/site-packages/oslo_service/backend/_threading/loopingcall.py:125}}
Mar 26 01:06:01.295565 np0000160872 neutron-periodic-workers[104609]: DEBUG dbcounter [-] [104609] Writing DB stats neutron:DELETE=1 {{(pid=104609) stat_writer /opt/stack/data/venv/lib/python3.12/site-packages/dbcounter.py:115}}
Mar 26 01:06:04.255871 np0000160872 neutron-periodic-workers[104587]: DEBUG oslo.service.backend._threading.loopingcall [None req-88d26185-6fda-457d-903f-c20a2f148223 None None] Fixed interval looping call 'neutron.plugins.ml2.plugin.DhcpAgentSchedulerDbMixin.remove_networks_from_down_agents' sleeping for 36.99 seconds {{(pid=104587) _run_loop /opt/stack/data/venv/lib/python3.12/site-packages/oslo_service/backend/_threading/loopingcall.py:125}}
Mar 26 01:06:11.250679 np0000160872 neutron-periodic-workers[104577]: DEBUG dbcounter [-] [104577] Writing DB stats neutron:SELECT=1 {{(pid=104577) stat_writer /opt/stack/data/venv/lib/python3.12/site-packages/dbcounter.py:115}}
Mar 26 01:06:12.257071 np0000160872 neutron-periodic-workers[104600]: DEBUG neutron.db.agents_db [None req-6a68218e-c404-4ad6-922e-7510910827c7 None None] Agent healthcheck: found 0 active agents {{(pid=104600) agent_health_check /opt/stack/neutron/neutron/db/agents_db.py:317}}
Mar 26 01:06:12.257793 np0000160872 neutron-periodic-workers[104600]: DEBUG oslo.service.backend._threading.loopingcall [None req-6a68218e-c404-4ad6-922e-7510910827c7 None None] Fixed interval looping call 'neutron.plugins.ml2.plugin.AgentDbMixin.agent_health_check' sleeping for 36.99 seconds {{(pid=104600) _run_loop /opt/stack/data/venv/lib/python3.12/site-packages/oslo_service/backend/_threading/loopingcall.py:125}}
Mar 26 01:06:14.253713 np0000160872 neutron-periodic-workers[104587]: DEBUG dbcounter [-] [104587] Writing DB stats neutron:SELECT=3 {{(pid=104587) stat_writer /opt/stack/data/venv/lib/python3.12/site-packages/dbcounter.py:115}}
Mar 26 01:06:22.255708 np0000160872 neutron-periodic-workers[104600]: DEBUG dbcounter [-] [104600] Writing DB stats neutron:SELECT=1 {{(pid=104600) stat_writer /opt/stack/data/venv/lib/python3.12/site-packages/dbcounter.py:115}}
Mar 26 01:06:41.254729 np0000160872 neutron-periodic-workers[104587]: DEBUG oslo.service.backend._threading.loopingcall [None req-88d26185-6fda-457d-903f-c20a2f148223 None None] Fixed interval looping call 'neutron.plugins.ml2.plugin.DhcpAgentSchedulerDbMixin.remove_networks_from_down_agents' sleeping for 36.99 seconds {{(pid=104587) _run_loop /opt/stack/data/venv/lib/python3.12/site-packages/oslo_service/backend/_threading/loopingcall.py:125}}
Mar 26 01:06:49.253524 np0000160872 neutron-periodic-workers[104600]: DEBUG neutron.db.agents_db [None req-6a68218e-c404-4ad6-922e-7510910827c7 None None] Agent healthcheck: found 0 active agents {{(pid=104600) agent_health_check /opt/stack/neutron/neutron/db/agents_db.py:317}}
Mar 26 01:06:49.254563 np0000160872 neutron-periodic-workers[104600]: DEBUG oslo.service.backend._threading.loopingcall [None req-6a68218e-c404-4ad6-922e-7510910827c7 None None] Fixed interval looping call 'neutron.plugins.ml2.plugin.AgentDbMixin.agent_health_check' sleeping for 36.99 seconds {{(pid=104600) _run_loop /opt/stack/data/venv/lib/python3.12/site-packages/oslo_service/backend/_threading/loopingcall.py:125}}
Mar 26 01:06:51.254054 np0000160872 neutron-periodic-workers[104587]: DEBUG dbcounter [-] [104587] Writing DB stats neutron:SELECT=3 {{(pid=104587) stat_writer /opt/stack/data/venv/lib/python3.12/site-packages/dbcounter.py:115}}
Mar 26 01:06:59.251282 np0000160872 neutron-periodic-workers[104600]: DEBUG dbcounter [-] [104600] Writing DB stats neutron:SELECT=1 {{(pid=104600) stat_writer /opt/stack/data/venv/lib/python3.12/site-packages/dbcounter.py:115}}
Mar 26 01:07:18.251263 np0000160872 neutron-periodic-workers[104587]: DEBUG oslo.service.backend._threading.loopingcall [None req-88d26185-6fda-457d-903f-c20a2f148223 None None] Fixed interval looping call 'neutron.plugins.ml2.plugin.DhcpAgentSchedulerDbMixin.remove_networks_from_down_agents' sleeping for 36.99 seconds {{(pid=104587) _run_loop /opt/stack/data/venv/lib/python3.12/site-packages/oslo_service/backend/_threading/loopingcall.py:125}}
Mar 26 01:07:26.250425 np0000160872 neutron-periodic-workers[104600]: DEBUG neutron.db.agents_db [None req-6a68218e-c404-4ad6-922e-7510910827c7 None None] Agent healthcheck: found 0 active agents {{(pid=104600) agent_health_check /opt/stack/neutron/neutron/db/agents_db.py:317}}
Mar 26 01:07:26.251265 np0000160872 neutron-periodic-workers[104600]: DEBUG oslo.service.backend._threading.loopingcall [None req-6a68218e-c404-4ad6-922e-7510910827c7 None None] Fixed interval looping call 'neutron.plugins.ml2.plugin.AgentDbMixin.agent_health_check' sleeping for 36.99 seconds {{(pid=104600) _run_loop /opt/stack/data/venv/lib/python3.12/site-packages/oslo_service/backend/_threading/loopingcall.py:125}}
Mar 26 01:07:28.250506 np0000160872 neutron-periodic-workers[104587]: DEBUG dbcounter [-] [104587] Writing DB stats neutron:SELECT=3 {{(pid=104587) stat_writer /opt/stack/data/venv/lib/python3.12/site-packages/dbcounter.py:115}}
Mar 26 01:07:36.248641 np0000160872 neutron-periodic-workers[104600]: DEBUG dbcounter [-] [104600] Writing DB stats neutron:SELECT=1 {{(pid=104600) stat_writer /opt/stack/data/venv/lib/python3.12/site-packages/dbcounter.py:115}}
Mar 26 01:07:51.290427 np0000160872 neutron-periodic-workers[104609]: DEBUG oslo.service.backend._threading.loopingcall [None req-05f792e1-aec1-49d8-b068-3e3025873295 None None] Fixed interval looping call 'neutron.db.quota.driver_nolock.DbQuotaNoLockDriver._remove_expired_reservations' sleeping for 120.00 seconds {{(pid=104609) _run_loop /opt/stack/data/venv/lib/python3.12/site-packages/oslo_service/backend/_threading/loopingcall.py:125}}
Mar 26 01:07:55.250632 np0000160872 neutron-periodic-workers[104587]: DEBUG oslo.service.backend._threading.loopingcall [None req-88d26185-6fda-457d-903f-c20a2f148223 None None] Fixed interval looping call 'neutron.plugins.ml2.plugin.DhcpAgentSchedulerDbMixin.remove_networks_from_down_agents' sleeping for 36.99 seconds {{(pid=104587) _run_loop /opt/stack/data/venv/lib/python3.12/site-packages/oslo_service/backend/_threading/loopingcall.py:125}}
Mar 26 01:08:01.289658 np0000160872 neutron-periodic-workers[104609]: DEBUG dbcounter [-] [104609] Writing DB stats neutron:DELETE=1 {{(pid=104609) stat_writer /opt/stack/data/venv/lib/python3.12/site-packages/dbcounter.py:115}}
Mar 26 01:08:03.246422 np0000160872 neutron-periodic-workers[104600]: DEBUG neutron.db.agents_db [None req-6a68218e-c404-4ad6-922e-7510910827c7 None None] Agent healthcheck: found 0 active agents {{(pid=104600) agent_health_check /opt/stack/neutron/neutron/db/agents_db.py:317}}
Mar 26 01:08:03.247250 np0000160872 neutron-periodic-workers[104600]: DEBUG oslo.service.backend._threading.loopingcall [None req-6a68218e-c404-4ad6-922e-7510910827c7 None None] Fixed interval looping call 'neutron.plugins.ml2.plugin.AgentDbMixin.agent_health_check' sleeping for 36.99 seconds {{(pid=104600) _run_loop /opt/stack/data/venv/lib/python3.12/site-packages/oslo_service/backend/_threading/loopingcall.py:125}}
Mar 26 01:08:05.249676 np0000160872 neutron-periodic-workers[104587]: DEBUG dbcounter [-] [104587] Writing DB stats neutron:SELECT=3 {{(pid=104587) stat_writer /opt/stack/data/venv/lib/python3.12/site-packages/dbcounter.py:115}}
Mar 26 01:08:13.244384 np0000160872 neutron-periodic-workers[104600]: DEBUG dbcounter [-] [104600] Writing DB stats neutron:SELECT=1 {{(pid=104600) stat_writer /opt/stack/data/venv/lib/python3.12/site-packages/dbcounter.py:115}}
Mar 26 01:08:32.249435 np0000160872 neutron-periodic-workers[104587]: DEBUG oslo.service.backend._threading.loopingcall [None req-88d26185-6fda-457d-903f-c20a2f148223 None None] Fixed interval looping call 'neutron.plugins.ml2.plugin.DhcpAgentSchedulerDbMixin.remove_networks_from_down_agents' sleeping for 36.99 seconds {{(pid=104587) _run_loop /opt/stack/data/venv/lib/python3.12/site-packages/oslo_service/backend/_threading/loopingcall.py:125}}
Mar 26 01:08:40.240943 np0000160872 neutron-periodic-workers[104600]: DEBUG neutron.db.agents_db [None req-6a68218e-c404-4ad6-922e-7510910827c7 None None] Agent healthcheck: found 0 active agents {{(pid=104600) agent_health_check /opt/stack/neutron/neutron/db/agents_db.py:317}}
Mar 26 01:08:40.241419 np0000160872 neutron-periodic-workers[104600]: DEBUG oslo.service.backend._threading.loopingcall [None req-6a68218e-c404-4ad6-922e-7510910827c7 None None] Fixed interval looping call 'neutron.plugins.ml2.plugin.AgentDbMixin.agent_health_check' sleeping for 37.00 seconds {{(pid=104600) _run_loop /opt/stack/data/venv/lib/python3.12/site-packages/oslo_service/backend/_threading/loopingcall.py:125}}
Mar 26 01:08:42.248437 np0000160872 neutron-periodic-workers[104587]: DEBUG dbcounter [-] [104587] Writing DB stats neutron:SELECT=3 {{(pid=104587) stat_writer /opt/stack/data/venv/lib/python3.12/site-packages/dbcounter.py:115}}
Mar 26 01:08:50.239980 np0000160872 neutron-periodic-workers[104600]: DEBUG dbcounter [-] [104600] Writing DB stats neutron:SELECT=1 {{(pid=104600) stat_writer /opt/stack/data/venv/lib/python3.12/site-packages/dbcounter.py:115}}
Mar 26 01:09:09.248804 np0000160872 neutron-periodic-workers[104587]: DEBUG oslo.service.backend._threading.loopingcall [None req-88d26185-6fda-457d-903f-c20a2f148223 None None] Fixed interval looping call 'neutron.plugins.ml2.plugin.DhcpAgentSchedulerDbMixin.remove_networks_from_down_agents' sleeping for 36.99 seconds {{(pid=104587) _run_loop /opt/stack/data/venv/lib/python3.12/site-packages/oslo_service/backend/_threading/loopingcall.py:125}}
Mar 26 01:09:17.246260 np0000160872 neutron-periodic-workers[104600]: DEBUG neutron.db.agents_db [None req-6a68218e-c404-4ad6-922e-7510910827c7 None None] Agent healthcheck: found 0 active agents {{(pid=104600) agent_health_check /opt/stack/neutron/neutron/db/agents_db.py:317}}
Mar 26 01:09:17.248749 np0000160872 neutron-periodic-workers[104600]: DEBUG oslo.service.backend._threading.loopingcall [None req-6a68218e-c404-4ad6-922e-7510910827c7 None None] Fixed interval looping call 'neutron.plugins.ml2.plugin.AgentDbMixin.agent_health_check' sleeping for 36.99 seconds {{(pid=104600) _run_loop /opt/stack/data/venv/lib/python3.12/site-packages/oslo_service/backend/_threading/loopingcall.py:125}}
Mar 26 01:09:19.247687 np0000160872 neutron-periodic-workers[104587]: DEBUG dbcounter [-] [104587] Writing DB stats neutron:SELECT=3 {{(pid=104587) stat_writer /opt/stack/data/venv/lib/python3.12/site-packages/dbcounter.py:115}}
Mar 26 01:09:27.244560 np0000160872 neutron-periodic-workers[104600]: DEBUG dbcounter [-] [104600] Writing DB stats neutron:SELECT=1 {{(pid=104600) stat_writer /opt/stack/data/venv/lib/python3.12/site-packages/dbcounter.py:115}}
Mar 26 01:09:46.246602 np0000160872 neutron-periodic-workers[104587]: DEBUG oslo.service.backend._threading.loopingcall [None req-88d26185-6fda-457d-903f-c20a2f148223 None None] Fixed interval looping call 'neutron.plugins.ml2.plugin.DhcpAgentSchedulerDbMixin.remove_networks_from_down_agents' sleeping for 36.99 seconds {{(pid=104587) _run_loop /opt/stack/data/venv/lib/python3.12/site-packages/oslo_service/backend/_threading/loopingcall.py:125}}
Mar 26 01:09:51.294973 np0000160872 neutron-periodic-workers[104609]: DEBUG oslo.service.backend._threading.loopingcall [None req-05f792e1-aec1-49d8-b068-3e3025873295 None None] Fixed interval looping call 'neutron.db.quota.driver_nolock.DbQuotaNoLockDriver._remove_expired_reservations' sleeping for 120.00 seconds {{(pid=104609) _run_loop /opt/stack/data/venv/lib/python3.12/site-packages/oslo_service/backend/_threading/loopingcall.py:125}}
Mar 26 01:09:54.241489 np0000160872 neutron-periodic-workers[104600]: DEBUG neutron.db.agents_db [None req-6a68218e-c404-4ad6-922e-7510910827c7 None None] Agent healthcheck: found 0 active agents {{(pid=104600) agent_health_check /opt/stack/neutron/neutron/db/agents_db.py:317}}
Mar 26 01:09:54.242115 np0000160872 neutron-periodic-workers[104600]: DEBUG oslo.service.backend._threading.loopingcall [None req-6a68218e-c404-4ad6-922e-7510910827c7 None None] Fixed interval looping call 'neutron.plugins.ml2.plugin.AgentDbMixin.agent_health_check' sleeping for 37.00 seconds {{(pid=104600) _run_loop /opt/stack/data/venv/lib/python3.12/site-packages/oslo_service/backend/_threading/loopingcall.py:125}}
Mar 26 01:09:56.245810 np0000160872 neutron-periodic-workers[104587]: DEBUG dbcounter [-] [104587] Writing DB stats neutron:SELECT=3 {{(pid=104587) stat_writer /opt/stack/data/venv/lib/python3.12/site-packages/dbcounter.py:115}}
Mar 26 01:10:01.293908 np0000160872 neutron-periodic-workers[104609]: DEBUG dbcounter [-] [104609] Writing DB stats neutron:DELETE=1 {{(pid=104609) stat_writer /opt/stack/data/venv/lib/python3.12/site-packages/dbcounter.py:115}}
Mar 26 01:10:04.239913 np0000160872 neutron-periodic-workers[104600]: DEBUG dbcounter [-] [104600] Writing DB stats neutron:SELECT=1 {{(pid=104600) stat_writer /opt/stack/data/venv/lib/python3.12/site-packages/dbcounter.py:115}}
Mar 26 01:10:23.250840 np0000160872 neutron-periodic-workers[104587]: DEBUG oslo.service.backend._threading.loopingcall [None req-88d26185-6fda-457d-903f-c20a2f148223 None None] Fixed interval looping call 'neutron.plugins.ml2.plugin.DhcpAgentSchedulerDbMixin.remove_networks_from_down_agents' sleeping for 36.99 seconds {{(pid=104587) _run_loop /opt/stack/data/venv/lib/python3.12/site-packages/oslo_service/backend/_threading/loopingcall.py:125}}
Mar 26 01:10:31.247001 np0000160872 neutron-periodic-workers[104600]: DEBUG neutron.db.agents_db [None req-6a68218e-c404-4ad6-922e-7510910827c7 None None] Agent healthcheck: found 0 active agents {{(pid=104600) agent_health_check /opt/stack/neutron/neutron/db/agents_db.py:317}}
Mar 26 01:10:31.247663 np0000160872 neutron-periodic-workers[104600]: DEBUG oslo.service.backend._threading.loopingcall [None req-6a68218e-c404-4ad6-922e-7510910827c7 None None] Fixed interval looping call 'neutron.plugins.ml2.plugin.AgentDbMixin.agent_health_check' sleeping for 36.99 seconds {{(pid=104600) _run_loop /opt/stack/data/venv/lib/python3.12/site-packages/oslo_service/backend/_threading/loopingcall.py:125}}
Mar 26 01:10:33.248996 np0000160872 neutron-periodic-workers[104587]: DEBUG dbcounter [-] [104587] Writing DB stats neutron:SELECT=3 {{(pid=104587) stat_writer /opt/stack/data/venv/lib/python3.12/site-packages/dbcounter.py:115}}
Mar 26 01:10:41.246432 np0000160872 neutron-periodic-workers[104600]: DEBUG dbcounter [-] [104600] Writing DB stats neutron:SELECT=1 {{(pid=104600) stat_writer /opt/stack/data/venv/lib/python3.12/site-packages/dbcounter.py:115}}
Mar 26 01:11:00.250089 np0000160872 neutron-periodic-workers[104587]: DEBUG oslo.service.backend._threading.loopingcall [None req-88d26185-6fda-457d-903f-c20a2f148223 None None] Fixed interval looping call 'neutron.plugins.ml2.plugin.DhcpAgentSchedulerDbMixin.remove_networks_from_down_agents' sleeping for 36.99 seconds {{(pid=104587) _run_loop /opt/stack/data/venv/lib/python3.12/site-packages/oslo_service/backend/_threading/loopingcall.py:125}}
Mar 26 01:11:01.231492 np0000160872 neutron-periodic-workers[104577]: DEBUG oslo.service.backend._threading.loopingcall [None req-ac08b52a-8b75-467a-a487-f116e9ab6de6 None None] Fixed interval looping call 'neutron.services.ovn_l3.plugin.L3_NAT_dbonly_mixin._clean_garbage' sleeping for 299.99 seconds {{(pid=104577) _run_loop /opt/stack/data/venv/lib/python3.12/site-packages/oslo_service/backend/_threading/loopingcall.py:125}}
Mar 26 01:11:08.244029 np0000160872 neutron-periodic-workers[104600]: DEBUG neutron.db.agents_db [None req-6a68218e-c404-4ad6-922e-7510910827c7 None None] Agent healthcheck: found 0 active agents {{(pid=104600) agent_health_check /opt/stack/neutron/neutron/db/agents_db.py:317}}
Mar 26 01:11:08.244556 np0000160872 neutron-periodic-workers[104600]: DEBUG oslo.service.backend._threading.loopingcall [None req-6a68218e-c404-4ad6-922e-7510910827c7 None None] Fixed interval looping call 'neutron.plugins.ml2.plugin.AgentDbMixin.agent_health_check' sleeping for 36.99 seconds {{(pid=104600) _run_loop /opt/stack/data/venv/lib/python3.12/site-packages/oslo_service/backend/_threading/loopingcall.py:125}}
Mar 26 01:11:10.249166 np0000160872 neutron-periodic-workers[104587]: DEBUG dbcounter [-] [104587] Writing DB stats neutron:SELECT=3 {{(pid=104587) stat_writer /opt/stack/data/venv/lib/python3.12/site-packages/dbcounter.py:115}}
Mar 26 01:11:11.223801 np0000160872 neutron-periodic-workers[104577]: DEBUG dbcounter [-] [104577] Writing DB stats neutron:SELECT=1 {{(pid=104577) stat_writer /opt/stack/data/venv/lib/python3.12/site-packages/dbcounter.py:115}}
Mar 26 01:11:18.242016 np0000160872 neutron-periodic-workers[104600]: DEBUG dbcounter [-] [104600] Writing DB stats neutron:SELECT=1 {{(pid=104600) stat_writer /opt/stack/data/venv/lib/python3.12/site-packages/dbcounter.py:115}}
Mar 26 01:11:37.246347 np0000160872 neutron-periodic-workers[104587]: DEBUG oslo.service.backend._threading.loopingcall [None req-88d26185-6fda-457d-903f-c20a2f148223 None None] Fixed interval looping call 'neutron.plugins.ml2.plugin.DhcpAgentSchedulerDbMixin.remove_networks_from_down_agents' sleeping for 36.99 seconds {{(pid=104587) _run_loop /opt/stack/data/venv/lib/python3.12/site-packages/oslo_service/backend/_threading/loopingcall.py:125}}
Mar 26 01:11:45.241376 np0000160872 neutron-periodic-workers[104600]: DEBUG neutron.db.agents_db [None req-6a68218e-c404-4ad6-922e-7510910827c7 None None] Agent healthcheck: found 0 active agents {{(pid=104600) agent_health_check /opt/stack/neutron/neutron/db/agents_db.py:317}}
Mar 26 01:11:45.242176 np0000160872 neutron-periodic-workers[104600]: DEBUG oslo.service.backend._threading.loopingcall [None req-6a68218e-c404-4ad6-922e-7510910827c7 None None] Fixed interval looping call 'neutron.plugins.ml2.plugin.AgentDbMixin.agent_health_check' sleeping for 36.99 seconds {{(pid=104600) _run_loop /opt/stack/data/venv/lib/python3.12/site-packages/oslo_service/backend/_threading/loopingcall.py:125}}
