Feb 21 00:39:19.154107 np0000156623 devstack@neutron-api.service[103068]: WARNING oslo_config.cfg [None req-cfefb439-117b-4797-8991-1a49a2afbbb2 admin admin] Config option cache.memcache_username is deprecated. Use option cache.username instead.
Feb 21 00:39:19.154212 np0000156623 devstack@neutron-api.service[103068]: WARNING oslo_config.cfg [None req-cfefb439-117b-4797-8991-1a49a2afbbb2 admin admin] Config option cache.memcache_password is deprecated. Use option cache.password instead.
Feb 21 00:39:19.154735 np0000156623 devstack@neutron-api.service[103068]: WARNING oslo_config.cfg [None req-cfefb439-117b-4797-8991-1a49a2afbbb2 admin admin] Config option cache.memcache_username is deprecated. Use option cache.username instead.
Feb 21 00:39:19.154798 np0000156623 devstack@neutron-api.service[103068]: WARNING oslo_config.cfg [None req-cfefb439-117b-4797-8991-1a49a2afbbb2 admin admin] Config option cache.memcache_password is deprecated. Use option cache.password instead.
Feb 21 00:39:19.155338 np0000156623 devstack@neutron-api.service[103068]: WARNING oslo_config.cfg [None req-cfefb439-117b-4797-8991-1a49a2afbbb2 admin admin] Config option cache.memcache_username is deprecated. Use option cache.username instead.
Feb 21 00:39:19.155402 np0000156623 devstack@neutron-api.service[103068]: WARNING oslo_config.cfg [None req-cfefb439-117b-4797-8991-1a49a2afbbb2 admin admin] Config option cache.memcache_password is deprecated. Use option cache.password instead.
Feb 21 00:39:19.155961 np0000156623 devstack@neutron-api.service[103068]: WARNING oslo_config.cfg [None req-cfefb439-117b-4797-8991-1a49a2afbbb2 admin admin] Config option cache.memcache_username is deprecated. Use option cache.username instead.
Feb 21 00:39:19.156026 np0000156623 devstack@neutron-api.service[103068]: WARNING oslo_config.cfg [None req-cfefb439-117b-4797-8991-1a49a2afbbb2 admin admin] Config option cache.memcache_password is deprecated. Use option cache.password instead.
Feb 21 00:39:19.156591 np0000156623 devstack@neutron-api.service[103068]: WARNING oslo_config.cfg [None req-cfefb439-117b-4797-8991-1a49a2afbbb2 admin admin] Config option cache.memcache_username is deprecated. Use option cache.username instead.
Feb 21 00:39:19.156659 np0000156623 devstack@neutron-api.service[103068]: WARNING oslo_config.cfg [None req-cfefb439-117b-4797-8991-1a49a2afbbb2 admin admin] Config option cache.memcache_password is deprecated. Use option cache.password instead.
Feb 21 00:39:19.157195 np0000156623 devstack@neutron-api.service[103068]: WARNING oslo_config.cfg [None req-cfefb439-117b-4797-8991-1a49a2afbbb2 admin admin] Config option cache.memcache_username is deprecated. Use option cache.username instead.
Feb 21 00:39:19.157263 np0000156623 devstack@neutron-api.service[103068]: WARNING oslo_config.cfg [None req-cfefb439-117b-4797-8991-1a49a2afbbb2 admin admin] Config option cache.memcache_password is deprecated. Use option cache.password instead.
Feb 21 00:39:19.158062 np0000156623 devstack@neutron-api.service[103068]: WARNING oslo_config.cfg [None req-cfefb439-117b-4797-8991-1a49a2afbbb2 admin admin] Config option cache.memcache_username is deprecated. Use option cache.username instead.
Feb 21 00:39:19.158183 np0000156623 devstack@neutron-api.service[103068]: WARNING oslo_config.cfg [None req-cfefb439-117b-4797-8991-1a49a2afbbb2 admin admin] Config option cache.memcache_password is deprecated. Use option cache.password instead.
Feb 21 00:39:19.158744 np0000156623 devstack@neutron-api.service[103068]: WARNING oslo_config.cfg [None req-cfefb439-117b-4797-8991-1a49a2afbbb2 admin admin] Config option cache.memcache_username is deprecated. Use option cache.username instead.
Feb 21 00:39:19.158863 np0000156623 devstack@neutron-api.service[103068]: WARNING oslo_config.cfg [None req-cfefb439-117b-4797-8991-1a49a2afbbb2 admin admin] Config option cache.memcache_password is deprecated. Use option cache.password instead.
Feb 21 00:39:19.159382 np0000156623 devstack@neutron-api.service[103068]: WARNING oslo_config.cfg [None req-cfefb439-117b-4797-8991-1a49a2afbbb2 admin admin] Config option cache.memcache_username is deprecated. Use option cache.username instead.
Feb 21 00:39:19.159475 np0000156623 devstack@neutron-api.service[103068]: WARNING oslo_config.cfg [None req-cfefb439-117b-4797-8991-1a49a2afbbb2 admin admin] Config option cache.memcache_password is deprecated. Use option cache.password instead.
Feb 21 00:39:19.165724 np0000156623 devstack@neutron-api.service[103068]: DEBUG neutron_lib.callbacks.manager [None req-cfefb439-117b-4797-8991-1a49a2afbbb2 admin admin] Publish callbacks ['neutron.plugins.ml2.plugin.SecurityGroupDbMixin._ensure_default_security_group_handler-121117'] for network (None), before_create {{(pid=103068) _notify_loop /opt/stack/data/venv/lib/python3.12/site-packages/neutron_lib/callbacks/manager.py:184}}
Feb 21 00:39:19.184951 np0000156623 devstack@neutron-api.service[103068]: DEBUG neutron_lib.callbacks.manager [None req-cfefb439-117b-4797-8991-1a49a2afbbb2 admin admin] Publish callbacks [] for security_group (None), before_create {{(pid=103068) _notify_loop /opt/stack/data/venv/lib/python3.12/site-packages/neutron_lib/callbacks/manager.py:184}}
Feb 21 00:39:19.283559 np0000156623 devstack@neutron-api.service[103068]: DEBUG neutron_lib.callbacks.manager [None req-cfefb439-117b-4797-8991-1a49a2afbbb2 admin admin] Publish callbacks ['neutron.plugins.ml2.drivers.ovn.mech_driver.mech_driver.OVNMechanismDriver._create_security_group_precommit-199894'] for security_group (05368e6e-6dd4-4a10-bb7e-7e0b37efbe4c), precommit_create {{(pid=103068) _notify_loop /opt/stack/data/venv/lib/python3.12/site-packages/neutron_lib/callbacks/manager.py:184}}
Feb 21 00:39:19.283559 np0000156623 devstack@neutron-api.service[103068]: DEBUG neutron.db.ovn_revision_numbers_db [None req-cfefb439-117b-4797-8991-1a49a2afbbb2 admin admin] create_initial_revision uuid=05368e6e-6dd4-4a10-bb7e-7e0b37efbe4c, type=security_groups, rev=-1 {{(pid=103068) create_initial_revision /opt/stack/neutron/neutron/db/ovn_revision_numbers_db.py:98}}
Feb 21 00:39:19.285665 np0000156623 devstack@neutron-api.service[103068]: DEBUG neutron.db.ovn_revision_numbers_db [None req-cfefb439-117b-4797-8991-1a49a2afbbb2 admin admin] create_initial_revision uuid=15b80eb1-8bac-49be-acf3-bb52f56e0fe5, type=security_group_rules, rev=-1 {{(pid=103068) create_initial_revision /opt/stack/neutron/neutron/db/ovn_revision_numbers_db.py:98}}
Feb 21 00:39:19.286551 np0000156623 devstack@neutron-api.service[103068]: DEBUG neutron.db.ovn_revision_numbers_db [None req-cfefb439-117b-4797-8991-1a49a2afbbb2 admin admin] create_initial_revision uuid=53625ede-7335-4242-ba63-2535817b9eb6, type=security_group_rules, rev=-1 {{(pid=103068) create_initial_revision /opt/stack/neutron/neutron/db/ovn_revision_numbers_db.py:98}}
Feb 21 00:39:19.287440 np0000156623 devstack@neutron-api.service[103068]: DEBUG neutron.db.ovn_revision_numbers_db [None req-cfefb439-117b-4797-8991-1a49a2afbbb2 admin admin] create_initial_revision uuid=645ad7b7-4378-4f5a-b5c8-54b1c532185f, type=security_group_rules, rev=-1 {{(pid=103068) create_initial_revision /opt/stack/neutron/neutron/db/ovn_revision_numbers_db.py:98}}
Feb 21 00:39:19.288306 np0000156623 devstack@neutron-api.service[103068]: DEBUG neutron.db.ovn_revision_numbers_db [None req-cfefb439-117b-4797-8991-1a49a2afbbb2 admin admin] create_initial_revision uuid=790fa863-653c-4043-a2de-593f5bc2b31d, type=security_group_rules, rev=-1 {{(pid=103068) create_initial_revision /opt/stack/neutron/neutron/db/ovn_revision_numbers_db.py:98}}
Feb 21 00:39:19.294950 np0000156623 devstack@neutron-api.service[103068]: DEBUG neutron_lib.callbacks.manager [None req-cfefb439-117b-4797-8991-1a49a2afbbb2 admin admin] Publish callbacks ['neutron.plugins.ml2.drivers.ovn.mech_driver.mech_driver.OVNMechanismDriver._create_security_group-226084', 'neutron.plugins.ml2.ovo_rpc._ObjectChangeHandler.handle_event-2653071'] for security_group (05368e6e-6dd4-4a10-bb7e-7e0b37efbe4c), after_create {{(pid=103068) _notify_loop /opt/stack/data/venv/lib/python3.12/site-packages/neutron_lib/callbacks/manager.py:184}}
Feb 21 00:39:19.295138 np0000156623 devstack@neutron-api.service[103068]: INFO neutron.plugins.ml2.drivers.ovn.mech_driver.ovsdb.extensions.qos [None req-cfefb439-117b-4797-8991-1a49a2afbbb2 admin admin] Starting OVNClientQosExtension
Feb 21 00:39:19.295204 np0000156623 devstack@neutron-api.service[103068]: INFO neutron.plugins.ml2.drivers.ovn.mech_driver.ovsdb.extensions.placement [None req-cfefb439-117b-4797-8991-1a49a2afbbb2 admin admin] Starting OVNClientPlacementExtension
Feb 21 00:39:19.296531 np0000156623 devstack@neutron-api.service[103068]: DEBUG ovsdbapp.backend.ovs_idl.transaction [-] Running txn n=1 command(idx=0): PgAddCommand(_result=None, name=pg_05368e6e_6dd4_4a10_bb7e_7e0b37efbe4c, may_exist=False, columns={'acls': [], 'external_ids': {'neutron:security_group_id': '05368e6e-6dd4-4a10-bb7e-7e0b37efbe4c'}}) {{(pid=103068) do_commit /opt/stack/data/venv/lib/python3.12/site-packages/ovsdbapp/backend/ovs_idl/transaction.py:89}}
Feb 21 00:39:19.298409 np0000156623 devstack@neutron-api.service[103068]: DEBUG ovsdbapp.backend.ovs_idl.transaction [-] Running txn n=1 command(idx=1): PgAclAddCommand(_result=None, entity=pg_05368e6e_6dd4_4a10_bb7e_7e0b37efbe4c, direction=to-lport, priority=1002, match=outport == @pg_05368e6e_6dd4_4a10_bb7e_7e0b37efbe4c && ip4 && ip4.src == $pg_05368e6e_6dd4_4a10_bb7e_7e0b37efbe4c_ip4, action=allow-related, log=False, may_exist=True, severity=[], name=[], meter=[], external_ids={'neutron:security_group_rule_id': '15b80eb1-8bac-49be-acf3-bb52f56e0fe5'}) {{(pid=103068) do_commit /opt/stack/data/venv/lib/python3.12/site-packages/ovsdbapp/backend/ovs_idl/transaction.py:89}}
Feb 21 00:39:19.299016 np0000156623 devstack@neutron-api.service[103068]: DEBUG ovsdbapp.backend.ovs_idl.transaction [-] Running txn n=1 command(idx=2): PgAclAddCommand(_result=None, entity=pg_05368e6e_6dd4_4a10_bb7e_7e0b37efbe4c, direction=from-lport, priority=1002, match=inport == @pg_05368e6e_6dd4_4a10_bb7e_7e0b37efbe4c && ip6, action=allow-related, log=False, may_exist=True, severity=[], name=[], meter=[], external_ids={'neutron:security_group_rule_id': '53625ede-7335-4242-ba63-2535817b9eb6'}) {{(pid=103068) do_commit /opt/stack/data/venv/lib/python3.12/site-packages/ovsdbapp/backend/ovs_idl/transaction.py:89}}
Feb 21 00:39:19.299508 np0000156623 devstack@neutron-api.service[103068]: DEBUG ovsdbapp.backend.ovs_idl.transaction [-] Running txn n=1 command(idx=3): PgAclAddCommand(_result=None, entity=pg_05368e6e_6dd4_4a10_bb7e_7e0b37efbe4c, direction=to-lport, priority=1002, match=outport == @pg_05368e6e_6dd4_4a10_bb7e_7e0b37efbe4c && ip6 && ip6.src == $pg_05368e6e_6dd4_4a10_bb7e_7e0b37efbe4c_ip6, action=allow-related, log=False, may_exist=True, severity=[], name=[], meter=[], external_ids={'neutron:security_group_rule_id': '645ad7b7-4378-4f5a-b5c8-54b1c532185f'}) {{(pid=103068) do_commit /opt/stack/data/venv/lib/python3.12/site-packages/ovsdbapp/backend/ovs_idl/transaction.py:89}}
Feb 21 00:39:19.300091 np0000156623 devstack@neutron-api.service[103068]: DEBUG ovsdbapp.backend.ovs_idl.transaction [-] Running txn n=1 command(idx=4): PgAclAddCommand(_result=None, entity=pg_05368e6e_6dd4_4a10_bb7e_7e0b37efbe4c, direction=from-lport, priority=1002, match=inport == @pg_05368e6e_6dd4_4a10_bb7e_7e0b37efbe4c && ip4, action=allow-related, log=False, may_exist=True, severity=[], name=[], meter=[], external_ids={'neutron:security_group_rule_id': '790fa863-653c-4043-a2de-593f5bc2b31d'}) {{(pid=103068) do_commit /opt/stack/data/venv/lib/python3.12/site-packages/ovsdbapp/backend/ovs_idl/transaction.py:89}}
Feb 21 00:39:19.306851 np0000156623 devstack@neutron-api.service[103068]: DEBUG neutron.plugins.ml2.drivers.ovn.mech_driver.ovsdb.ovsdb_monitor [-] Hash Ring: Node 995a6d46e8085556a4f0049425109ed4 (host: np0000156623) handling event "create" for row 2f475325-a794-4544-98e9-48fe053f0afa (table: ACL) {{(pid=103068) notify /opt/stack/neutron/neutron/plugins/ml2/drivers/ovn/mech_driver/ovsdb/ovsdb_monitor.py:920}}
Feb 21 00:39:19.307135 np0000156623 devstack@neutron-api.service[103068]: DEBUG neutron.plugins.ml2.drivers.ovn.mech_driver.ovsdb.ovsdb_monitor [-] Hash Ring: Node 995a6d46e8085556a4f0049425109ed4 (host: np0000156623) handling event "create" for row b48ed825-ae61-413f-a15c-4fb49d8ff3d6 (table: Port_Group) {{(pid=103068) notify /opt/stack/neutron/neutron/plugins/ml2/drivers/ovn/mech_driver/ovsdb/ovsdb_monitor.py:920}}
Feb 21 00:39:19.308892 np0000156623 devstack@neutron-api.service[103070]: DEBUG neutron.plugins.ml2.drivers.ovn.mech_driver.ovsdb.ovsdb_monitor [-] Hash Ring: Node 5a7180ba71aa533a9811d71c54f6fd28 (host: np0000156623) handling event "create" for row 2f475325-a794-4544-98e9-48fe053f0afa (table: ACL) {{(pid=103070) notify /opt/stack/neutron/neutron/plugins/ml2/drivers/ovn/mech_driver/ovsdb/ovsdb_monitor.py:920}}
Feb 21 00:39:19.309280 np0000156623 devstack@neutron-api.service[103070]: DEBUG neutron.plugins.ml2.drivers.ovn.mech_driver.ovsdb.ovsdb_monitor [-] Hash Ring: Node 5a7180ba71aa533a9811d71c54f6fd28 (host: np0000156623) handling event "create" for row 9777ade8-0906-4f08-8c23-2bbb4ff8bcaf (table: ACL) {{(pid=103070) notify /opt/stack/neutron/neutron/plugins/ml2/drivers/ovn/mech_driver/ovsdb/ovsdb_monitor.py:920}}
Feb 21 00:39:19.309599 np0000156623 devstack@neutron-api.service[103070]: DEBUG neutron.plugins.ml2.drivers.ovn.mech_driver.ovsdb.ovsdb_monitor [-] Hash Ring: Node 5a7180ba71aa533a9811d71c54f6fd28 (host: np0000156623) handling event "create" for row a6499c61-f72c-486b-9b41-8657abe448f4 (table: ACL) {{(pid=103070) notify /opt/stack/neutron/neutron/plugins/ml2/drivers/ovn/mech_driver/ovsdb/ovsdb_monitor.py:920}}
Feb 21 00:39:19.309974 np0000156623 devstack@neutron-api.service[103070]: DEBUG neutron.plugins.ml2.drivers.ovn.mech_driver.ovsdb.ovsdb_monitor [-] Hash Ring: Node 5a7180ba71aa533a9811d71c54f6fd28 (host: np0000156623) handling event "create" for row fd64b9d1-8e67-43f3-9549-33646c983c2f (table: ACL) {{(pid=103070) notify /opt/stack/neutron/neutron/plugins/ml2/drivers/ovn/mech_driver/ovsdb/ovsdb_monitor.py:920}}
Feb 21 00:39:19.310279 np0000156623 devstack@neutron-api.service[103070]: DEBUG neutron.plugins.ml2.drivers.ovn.mech_driver.ovsdb.ovsdb_monitor [-] Hash Ring: Node 5a7180ba71aa533a9811d71c54f6fd28 (host: np0000156623) handling event "create" for row b48ed825-ae61-413f-a15c-4fb49d8ff3d6 (table: Port_Group) {{(pid=103070) notify /opt/stack/neutron/neutron/plugins/ml2/drivers/ovn/mech_driver/ovsdb/ovsdb_monitor.py:920}}
Feb 21 00:39:19.310460 np0000156623 devstack@neutron-api.service[103067]: DEBUG neutron.plugins.ml2.drivers.ovn.mech_driver.ovsdb.ovsdb_monitor [-] Hash Ring: Node f85d253612ba5c829a576269a56efae0 (host: np0000156623) handling event "create" for row 9777ade8-0906-4f08-8c23-2bbb4ff8bcaf (table: ACL) {{(pid=103067) notify /opt/stack/neutron/neutron/plugins/ml2/drivers/ovn/mech_driver/ovsdb/ovsdb_monitor.py:920}}
Feb 21 00:39:19.310721 np0000156623 devstack@neutron-api.service[103067]: DEBUG neutron.plugins.ml2.drivers.ovn.mech_driver.ovsdb.ovsdb_monitor [-] Hash Ring: Node f85d253612ba5c829a576269a56efae0 (host: np0000156623) handling event "create" for row fd64b9d1-8e67-43f3-9549-33646c983c2f (table: ACL) {{(pid=103067) notify /opt/stack/neutron/neutron/plugins/ml2/drivers/ovn/mech_driver/ovsdb/ovsdb_monitor.py:920}}
Feb 21 00:39:19.333205 np0000156623 devstack@neutron-api.service[103068]: INFO neutron.db.ovn_revision_numbers_db [None req-cfefb439-117b-4797-8991-1a49a2afbbb2 admin admin] Successfully bumped revision number for resource 05368e6e-6dd4-4a10-bb7e-7e0b37efbe4c (type: security_groups) to 1
Feb 21 00:39:19.347228 np0000156623 devstack@neutron-api.service[103068]: INFO neutron.db.ovn_revision_numbers_db [None req-cfefb439-117b-4797-8991-1a49a2afbbb2 admin admin] Successfully bumped revision number for resource 15b80eb1-8bac-49be-acf3-bb52f56e0fe5 (type: security_group_rules) to 0
Feb 21 00:39:19.360662 np0000156623 devstack@neutron-api.service[103068]: INFO neutron.db.ovn_revision_numbers_db [None req-cfefb439-117b-4797-8991-1a49a2afbbb2 admin admin] Successfully bumped revision number for resource 53625ede-7335-4242-ba63-2535817b9eb6 (type: security_group_rules) to 0
Feb 21 00:39:19.372795 np0000156623 devstack@neutron-api.service[103068]: INFO neutron.db.ovn_revision_numbers_db [None req-cfefb439-117b-4797-8991-1a49a2afbbb2 admin admin] Successfully bumped revision number for resource 645ad7b7-4378-4f5a-b5c8-54b1c532185f (type: security_group_rules) to 0
Feb 21 00:39:19.384141 np0000156623 devstack@neutron-api.service[103068]: INFO neutron.db.ovn_revision_numbers_db [None req-cfefb439-117b-4797-8991-1a49a2afbbb2 admin admin] Successfully bumped revision number for resource 790fa863-653c-4043-a2de-593f5bc2b31d (type: security_group_rules) to 0
Feb 21 00:39:19.405170 np0000156623 devstack@neutron-api.service[103068]: DEBUG neutron.api.rpc.handlers.resources_rpc [None req-cfefb439-117b-4797-8991-1a49a2afbbb2 admin admin] Pushing event updated for resources: {'SecurityGroup': ['ID=05368e6e-6dd4-4a10-bb7e-7e0b37efbe4c,revision_number=1']} {{(pid=103068) push /opt/stack/neutron/neutron/api/rpc/handlers/resources_rpc.py:237}}
Feb 21 00:39:19.411206 np0000156623 devstack@neutron-api.service[103068]: DEBUG ovsdbapp.backend.ovs_idl.transaction [-] Running txn n=1 command(idx=0): CheckLivenessCommand(_result=None) {{(pid=103068) do_commit /opt/stack/data/venv/lib/python3.12/site-packages/ovsdbapp/backend/ovs_idl/transaction.py:89}}
Feb 21 00:39:19.415272 np0000156623 devstack@neutron-api.service[103070]: DEBUG neutron.plugins.ml2.drivers.ovn.mech_driver.ovsdb.ovsdb_monitor [-] Hash Ring: Node 5a7180ba71aa533a9811d71c54f6fd28 (host: np0000156623) handling event "update" for row 165832e9-4337-4395-a23e-ca3084d051f2 (table: NB_Global) {{(pid=103070) notify /opt/stack/neutron/neutron/plugins/ml2/drivers/ovn/mech_driver/ovsdb/ovsdb_monitor.py:920}}
Feb 21 00:39:19.415593 np0000156623 devstack@neutron-api.service[103069]: DEBUG neutron.plugins.ml2.drivers.ovn.mech_driver.ovsdb.ovsdb_monitor [-] Hash Ring: Node 4fd1e63d6ded54459dac427da7c5a301 (host: np0000156623) handling event "update" for row 165832e9-4337-4395-a23e-ca3084d051f2 (table: NB_Global) {{(pid=103069) notify /opt/stack/neutron/neutron/plugins/ml2/drivers/ovn/mech_driver/ovsdb/ovsdb_monitor.py:920}}
Feb 21 00:39:19.416464 np0000156623 devstack@neutron-api.service[103070]: DEBUG neutron.plugins.ml2.drivers.ovn.mech_driver.ovsdb.ovsdb_monitor [-] Hash Ring: Node 5a7180ba71aa533a9811d71c54f6fd28 (host: np0000156623) handling event "update" for row 165832e9-4337-4395-a23e-ca3084d051f2 (table: NB_Global) {{(pid=103070) notify /opt/stack/neutron/neutron/plugins/ml2/drivers/ovn/mech_driver/ovsdb/ovsdb_monitor.py:920}}
Feb 21 00:39:19.418165 np0000156623 devstack@neutron-api.service[103068]: DEBUG neutron.api.rpc.callbacks.version_manager [None req-cfefb439-117b-4797-8991-1a49a2afbbb2 admin admin] Tracked resource versions report:
Feb 21 00:39:19.418165 np0000156623 devstack@neutron-api.service[103068]: pushed versions:
Feb 21 00:39:19.418165 np0000156623 devstack@neutron-api.service[103068]: { 'AddressGroup': {'1.2'},
Feb 21 00:39:19.418165 np0000156623 devstack@neutron-api.service[103068]: 'Agent': {'1.1'},
Feb 21 00:39:19.418165 np0000156623 devstack@neutron-api.service[103068]: 'ConntrackHelper': {'1.0'},
Feb 21 00:39:19.418165 np0000156623 devstack@neutron-api.service[103068]: 'LocalIPAssociation': {'1.0'},
Feb 21 00:39:19.418165 np0000156623 devstack@neutron-api.service[103068]: 'Log': {'1.0'},
Feb 21 00:39:19.418165 np0000156623 devstack@neutron-api.service[103068]: 'NDPProxy': {'1.0'},
Feb 21 00:39:19.418165 np0000156623 devstack@neutron-api.service[103068]: 'Network': {'1.2'},
Feb 21 00:39:19.418165 np0000156623 devstack@neutron-api.service[103068]: 'Port': {'1.10'},
Feb 21 00:39:19.418165 np0000156623 devstack@neutron-api.service[103068]: 'PortForwarding': {'1.3'},
Feb 21 00:39:19.418165 np0000156623 devstack@neutron-api.service[103068]: 'QosPolicy': {'1.10'},
Feb 21 00:39:19.418165 np0000156623 devstack@neutron-api.service[103068]: 'SecurityGroup': {'1.6'},
Feb 21 00:39:19.418165 np0000156623 devstack@neutron-api.service[103068]: 'SecurityGroupRule': {'1.3'},
Feb 21 00:39:19.418165 np0000156623 devstack@neutron-api.service[103068]: 'SubPort': {'1.0'},
Feb 21 00:39:19.418165 np0000156623 devstack@neutron-api.service[103068]: 'Subnet': {'1.2'},
Feb 21 00:39:19.418165 np0000156623 devstack@neutron-api.service[103068]: 'Trunk': {'1.1'}}
Feb 21 00:39:19.418165 np0000156623 devstack@neutron-api.service[103068]: consumer versions:
Feb 21 00:39:19.418165 np0000156623 devstack@neutron-api.service[103068]: {}
Feb 21 00:39:19.418165 np0000156623 devstack@neutron-api.service[103068]: {{(pid=103068) report /opt/stack/neutron/neutron/api/rpc/callbacks/version_manager.py:183}}
Feb 21 00:39:19.420141 np0000156623 devstack@neutron-api.service[103069]: DEBUG neutron.plugins.ml2.drivers.ovn.mech_driver.ovsdb.ovsdb_monitor [-] Hash Ring: Node 4fd1e63d6ded54459dac427da7c5a301 (host: np0000156623) handling event "update" for row 165832e9-4337-4395-a23e-ca3084d051f2 (table: NB_Global) {{(pid=103069) notify /opt/stack/neutron/neutron/plugins/ml2/drivers/ovn/mech_driver/ovsdb/ovsdb_monitor.py:920}}
Feb 21 00:39:19.420723 np0000156623 devstack@neutron-api.service[103070]: DEBUG neutron.plugins.ml2.drivers.ovn.mech_driver.ovsdb.ovsdb_monitor [-] Hash Ring: Node 5a7180ba71aa533a9811d71c54f6fd28 (host: np0000156623) handling event "update" for row 165832e9-4337-4395-a23e-ca3084d051f2 (table: NB_Global) {{(pid=103070) notify /opt/stack/neutron/neutron/plugins/ml2/drivers/ovn/mech_driver/ovsdb/ovsdb_monitor.py:920}}
Feb 21 00:39:19.421277 np0000156623 devstack@neutron-api.service[103069]: DEBUG neutron.plugins.ml2.drivers.ovn.mech_driver.ovsdb.ovsdb_monitor [-] Hash Ring: Node 4fd1e63d6ded54459dac427da7c5a301 (host: np0000156623) handling event "update" for row 165832e9-4337-4395-a23e-ca3084d051f2 (table: NB_Global) {{(pid=103069) notify /opt/stack/neutron/neutron/plugins/ml2/drivers/ovn/mech_driver/ovsdb/ovsdb_monitor.py:920}}
Feb 21 00:39:19.421437 np0000156623 devstack@neutron-api.service[103067]: DEBUG neutron.plugins.ml2.drivers.ovn.mech_driver.ovsdb.ovsdb_monitor [-] ChassisAgentWriteEvent : Matched Chassis_Private, update, None None {{(pid=103067) matches /opt/stack/neutron/neutron/plugins/ml2/drivers/ovn/mech_driver/ovsdb/ovsdb_monitor.py:65}}
Feb 21 00:39:19.421641 np0000156623 devstack@neutron-api.service[103070]: DEBUG neutron.plugins.ml2.drivers.ovn.mech_driver.ovsdb.ovsdb_monitor [-] ChassisAgentWriteEvent : Matched Chassis_Private, update, None None {{(pid=103070) matches /opt/stack/neutron/neutron/plugins/ml2/drivers/ovn/mech_driver/ovsdb/ovsdb_monitor.py:65}}
Feb 21 00:39:19.421960 np0000156623 devstack@neutron-api.service[103069]: DEBUG neutron.plugins.ml2.drivers.ovn.mech_driver.ovsdb.ovsdb_monitor [-] ChassisAgentWriteEvent : Matched Chassis_Private, update, None None {{(pid=103069) matches /opt/stack/neutron/neutron/plugins/ml2/drivers/ovn/mech_driver/ovsdb/ovsdb_monitor.py:65}}
Feb 21 00:39:19.422146 np0000156623 devstack@neutron-api.service[103068]: DEBUG neutron.plugins.ml2.drivers.ovn.mech_driver.ovsdb.ovsdb_monitor [-] ChassisAgentWriteEvent : Matched Chassis_Private, update, None None {{(pid=103068) matches /opt/stack/neutron/neutron/plugins/ml2/drivers/ovn/mech_driver/ovsdb/ovsdb_monitor.py:65}}
Feb 21 00:39:19.422297 np0000156623 devstack@neutron-api.service[103069]: DEBUG neutron.plugins.ml2.drivers.ovn.mech_driver.ovsdb.ovsdb_monitor [-] Hash Ring: Node 4fd1e63d6ded54459dac427da7c5a301 (host: np0000156623) handling event "update" for row f6c0de54-bf3c-42db-860b-d2d54a1395ca (table: Chassis_Private) {{(pid=103069) notify /opt/stack/neutron/neutron/plugins/ml2/drivers/ovn/mech_driver/ovsdb/ovsdb_monitor.py:920}}
Feb 21 00:39:19.422297 np0000156623 devstack@neutron-api.service[103069]: DEBUG neutron.plugins.ml2.drivers.ovn.mech_driver.ovsdb.ovsdb_monitor [-] Hash Ring: Node 4fd1e63d6ded54459dac427da7c5a301 (host: np0000156623) handling event "update" for row 165832e9-4337-4395-a23e-ca3084d051f2 (table: NB_Global) {{(pid=103069) notify /opt/stack/neutron/neutron/plugins/ml2/drivers/ovn/mech_driver/ovsdb/ovsdb_monitor.py:920}}
Feb 21 00:39:19.423574 np0000156623 devstack@neutron-api.service[103067]: DEBUG neutron.plugins.ml2.drivers.ovn.mech_driver.ovsdb.ovsdb_monitor [-] ChassisOVNAgentWriteEvent : Matched Chassis_Private, update, None None {{(pid=103067) matches /opt/stack/neutron/neutron/plugins/ml2/drivers/ovn/mech_driver/ovsdb/ovsdb_monitor.py:65}}
Feb 21 00:39:19.423786 np0000156623 devstack@neutron-api.service[103069]: DEBUG neutron.plugins.ml2.drivers.ovn.mech_driver.ovsdb.ovsdb_monitor [-] ChassisOVNAgentWriteEvent : Matched Chassis_Private, update, None None {{(pid=103069) matches /opt/stack/neutron/neutron/plugins/ml2/drivers/ovn/mech_driver/ovsdb/ovsdb_monitor.py:65}}
Feb 21 00:39:19.424003 np0000156623 devstack@neutron-api.service[103070]: DEBUG neutron.plugins.ml2.drivers.ovn.mech_driver.ovsdb.ovsdb_monitor [-] Hash Ring: Node 5a7180ba71aa533a9811d71c54f6fd28 (host: np0000156623) handling event "update" for row 165832e9-4337-4395-a23e-ca3084d051f2 (table: NB_Global) {{(pid=103070) notify /opt/stack/neutron/neutron/plugins/ml2/drivers/ovn/mech_driver/ovsdb/ovsdb_monitor.py:920}}
Feb 21 00:39:19.424155 np0000156623 devstack@neutron-api.service[103069]: DEBUG neutron.plugins.ml2.drivers.ovn.mech_driver.ovsdb.ovsdb_monitor [-] Hash Ring: Node 4fd1e63d6ded54459dac427da7c5a301 (host: np0000156623) handling event "update" for row f6c0de54-bf3c-42db-860b-d2d54a1395ca (table: Chassis_Private) {{(pid=103069) notify /opt/stack/neutron/neutron/plugins/ml2/drivers/ovn/mech_driver/ovsdb/ovsdb_monitor.py:920}}
Feb 21 00:39:19.425706 np0000156623 devstack@neutron-api.service[103070]: DEBUG neutron.common.ovn.hash_ring_manager [-] Allow caching, nodes 4>=4 {{(pid=103070) _wait_startup_before_caching /opt/stack/neutron/neutron/common/ovn/hash_ring_manager.py:65}}
Feb 21 00:39:19.425909 np0000156623 devstack@neutron-api.service[103070]: DEBUG neutron.plugins.ml2.drivers.ovn.mech_driver.ovsdb.ovsdb_monitor [-] Hash Ring: Node 5a7180ba71aa533a9811d71c54f6fd28 (host: np0000156623) handling event "update" for row f6c0de54-bf3c-42db-860b-d2d54a1395ca (table: Chassis_Private) {{(pid=103070) notify /opt/stack/neutron/neutron/plugins/ml2/drivers/ovn/mech_driver/ovsdb/ovsdb_monitor.py:920}}
Feb 21 00:39:19.426932 np0000156623 devstack@neutron-api.service[103070]: DEBUG neutron.plugins.ml2.drivers.ovn.mech_driver.ovsdb.ovsdb_monitor [-] ChassisOVNAgentWriteEvent : Matched Chassis_Private, update, None None {{(pid=103070) matches /opt/stack/neutron/neutron/plugins/ml2/drivers/ovn/mech_driver/ovsdb/ovsdb_monitor.py:65}}
Feb 21 00:39:19.427262 np0000156623 devstack@neutron-api.service[103070]: DEBUG neutron.plugins.ml2.drivers.ovn.mech_driver.ovsdb.ovsdb_monitor [-] Hash Ring: Node 5a7180ba71aa533a9811d71c54f6fd28 (host: np0000156623) handling event "update" for row f6c0de54-bf3c-42db-860b-d2d54a1395ca (table: Chassis_Private) {{(pid=103070) notify /opt/stack/neutron/neutron/plugins/ml2/drivers/ovn/mech_driver/ovsdb/ovsdb_monitor.py:920}}
Feb 21 00:39:19.427621 np0000156623 devstack@neutron-api.service[103068]: DEBUG neutron.plugins.ml2.drivers.ovn.mech_driver.ovsdb.ovsdb_monitor [-] ChassisOVNAgentWriteEvent : Matched Chassis_Private, update, None None {{(pid=103068) matches /opt/stack/neutron/neutron/plugins/ml2/drivers/ovn/mech_driver/ovsdb/ovsdb_monitor.py:65}}
Feb 21 00:39:19.488856 np0000156623 devstack@neutron-api.service[103068]: DEBUG neutron.plugins.ml2.drivers.helpers [None req-cfefb439-117b-4797-8991-1a49a2afbbb2 admin admin] geneve segment allocate from pool success with {'geneve_vni': 53679} {{(pid=103068) allocate_partially_specified_segment /opt/stack/neutron/neutron/plugins/ml2/drivers/helpers.py:142}}
Feb 21 00:39:19.501487 np0000156623 devstack@neutron-api.service[103068]: DEBUG neutron_lib.callbacks.manager [None req-cfefb439-117b-4797-8991-1a49a2afbbb2 admin admin] Publish callbacks ['neutron.services.segments.db._add_segment_host_mapping_for_segment-7790838314638', 'neutron.plugins.ml2.plugin.Ml2Plugin._handle_segment_change-393057'] for segment (2c9ccd81-354b-4e85-b223-32545291cc2e), precommit_create {{(pid=103068) _notify_loop /opt/stack/data/venv/lib/python3.12/site-packages/neutron_lib/callbacks/manager.py:184}}
Feb 21 00:39:19.501805 np0000156623 devstack@neutron-api.service[103068]: INFO neutron.db.segments_db [None req-cfefb439-117b-4797-8991-1a49a2afbbb2 admin admin] Added segment 2c9ccd81-354b-4e85-b223-32545291cc2e of type geneve for network 3c0a1f93-9945-41ae-81c0-a03718b176d5
Feb 21 00:39:19.549788 np0000156623 devstack@neutron-api.service[103068]: DEBUG neutron_lib.callbacks.manager [None req-cfefb439-117b-4797-8991-1a49a2afbbb2 admin admin] Publish callbacks ['neutron.services.auto_allocate.db._ensure_external_network_default_value_callback-7790836673640'] for network (3c0a1f93-9945-41ae-81c0-a03718b176d5), precommit_create {{(pid=103068) _notify_loop /opt/stack/data/venv/lib/python3.12/site-packages/neutron_lib/callbacks/manager.py:184}}
Feb 21 00:39:19.565176 np0000156623 devstack@neutron-api.service[103068]: DEBUG neutron.plugins.ml2.drivers.ovn.mech_driver.mech_driver [None req-cfefb439-117b-4797-8991-1a49a2afbbb2 admin admin] Validating network segment with type geneve, segmentation ID 53679, physical network None {{(pid=103068) _validate_network_segments /opt/stack/neutron/neutron/plugins/ml2/drivers/ovn/mech_driver/mech_driver.py:630}}
Feb 21 00:39:19.565176 np0000156623 devstack@neutron-api.service[103068]: DEBUG neutron.db.ovn_revision_numbers_db [None req-cfefb439-117b-4797-8991-1a49a2afbbb2 admin admin] create_initial_revision uuid=3c0a1f93-9945-41ae-81c0-a03718b176d5, type=networks, rev=-1 {{(pid=103068) create_initial_revision /opt/stack/neutron/neutron/db/ovn_revision_numbers_db.py:98}}
Feb 21 00:39:19.579911 np0000156623 devstack@neutron-api.service[103068]: DEBUG neutron_lib.callbacks.manager [None req-cfefb439-117b-4797-8991-1a49a2afbbb2 admin admin] Publish callbacks ['neutron.plugins.ml2.ovo_rpc._ObjectChangeHandler.handle_event-2653066'] for network (3c0a1f93-9945-41ae-81c0-a03718b176d5), after_create {{(pid=103068) _notify_loop /opt/stack/data/venv/lib/python3.12/site-packages/neutron_lib/callbacks/manager.py:184}}
Feb 21 00:39:19.629498 np0000156623 devstack@neutron-api.service[103068]: DEBUG neutron.api.rpc.handlers.resources_rpc [None req-cfefb439-117b-4797-8991-1a49a2afbbb2 admin admin] Pushing event updated for resources: {'Network': ['ID=3c0a1f93-9945-41ae-81c0-a03718b176d5,revision_number=1']} {{(pid=103068) push /opt/stack/neutron/neutron/api/rpc/handlers/resources_rpc.py:237}}
Feb 21 00:39:19.639371 np0000156623 devstack@neutron-api.service[103068]: DEBUG ovsdbapp.backend.ovs_idl.transaction [-] Running txn n=1 command(idx=0): AddNetworkCommand(_result=None, network_uuid=3c0a1f93-9945-41ae-81c0-a03718b176d5, may_exist=True, columns={'external_ids': {'neutron:network_name': 'private', 'neutron:mtu': '1372', 'neutron:revision_number': '1', 'neutron:availability_zone_hints': '', 'neutron:provnet-network-type': 'geneve'}, 'other_config': {'mcast_snoop': 'false', 'mcast_flood_unregistered': 'false', 'vlan-passthru': 'false'}}) {{(pid=103068) do_commit /opt/stack/data/venv/lib/python3.12/site-packages/ovsdbapp/backend/ovs_idl/transaction.py:89}}
Feb 21 00:39:19.639715 np0000156623 devstack@neutron-api.service[103068]: DEBUG neutron.common.ovn.utils [-] OVS persist_uuid supported=True {{(pid=103068) ovs_persist_uuid_supported /opt/stack/neutron/neutron/common/ovn/utils.py:1504}}
Feb 21 00:39:19.643977 np0000156623 devstack@neutron-api.service[103070]: DEBUG neutron.plugins.ml2.drivers.ovn.mech_driver.ovsdb.ovsdb_monitor [-] Hash Ring: Node 5a7180ba71aa533a9811d71c54f6fd28 (host: np0000156623) handling event "create" for row 3c0a1f93-9945-41ae-81c0-a03718b176d5 (table: Logical_Switch) {{(pid=103070) notify /opt/stack/neutron/neutron/plugins/ml2/drivers/ovn/mech_driver/ovsdb/ovsdb_monitor.py:920}}
Feb 21 00:39:19.651841 np0000156623 devstack@neutron-api.service[103070]: DEBUG neutron.plugins.ml2.drivers.ovn.mech_driver.ovsdb.ovsdb_monitor [-] Hash Ring: Node 5a7180ba71aa533a9811d71c54f6fd28 (host: np0000156623) handling event "create" for row eb647606-7a36-48bc-a812-27db37d83f95 (table: Datapath_Binding) {{(pid=103070) notify /opt/stack/neutron/neutron/plugins/ml2/drivers/ovn/mech_driver/ovsdb/ovsdb_monitor.py:920}}
Feb 21 00:39:19.675488 np0000156623 devstack@neutron-api.service[103068]: INFO neutron.db.ovn_revision_numbers_db [None req-cfefb439-117b-4797-8991-1a49a2afbbb2 admin admin] Successfully bumped revision number for resource 3c0a1f93-9945-41ae-81c0-a03718b176d5 (type: networks) to 1
Feb 21 00:39:19.742570 np0000156623 devstack@neutron-api.service[103068]: DEBUG neutron_lib.callbacks.manager [None req-cfefb439-117b-4797-8991-1a49a2afbbb2 admin admin] Publish callbacks ['neutron.plugins.ml2.plugin.SecurityGroupDbMixin._ensure_default_security_group_handler-121117'] for port (None), before_create {{(pid=103068) _notify_loop /opt/stack/data/venv/lib/python3.12/site-packages/neutron_lib/callbacks/manager.py:184}}
Feb 21 00:39:19.834611 np0000156623 devstack@neutron-api.service[103068]: DEBUG neutron_lib.callbacks.manager [None req-cfefb439-117b-4797-8991-1a49a2afbbb2 admin admin] Publish callbacks ['neutron.plugins.ml2.drivers.ovn.mech_driver.mech_driver.OVNMechanismDriver._validate_allowed_address_pairs-226130'] for allowed_address_pair (49381758-df4a-4e6a-9867-2fb46e62d400), before_create {{(pid=103068) _notify_loop /opt/stack/data/venv/lib/python3.12/site-packages/neutron_lib/callbacks/manager.py:184}}
Feb 21 00:39:19.835108 np0000156623 devstack@neutron-api.service[103068]: DEBUG neutron_lib.callbacks.manager [None req-cfefb439-117b-4797-8991-1a49a2afbbb2 admin admin] Publish callbacks [] for port (49381758-df4a-4e6a-9867-2fb46e62d400), precommit_create {{(pid=103068) _notify_loop /opt/stack/data/venv/lib/python3.12/site-packages/neutron_lib/callbacks/manager.py:184}}
Feb 21 00:39:19.835325 np0000156623 devstack@neutron-api.service[103068]: DEBUG neutron.plugins.ml2.drivers.ovn.mech_driver.mech_driver [None req-cfefb439-117b-4797-8991-1a49a2afbbb2 admin admin] No provisioning block for port 49381758-df4a-4e6a-9867-2fb46e62d400 since it does not have a host {{(pid=103068) _is_port_provisioning_required /opt/stack/neutron/neutron/plugins/ml2/drivers/ovn/mech_driver/mech_driver.py:883}}
Feb 21 00:39:19.835476 np0000156623 devstack@neutron-api.service[103068]: DEBUG neutron.db.ovn_revision_numbers_db [None req-cfefb439-117b-4797-8991-1a49a2afbbb2 admin admin] create_initial_revision uuid=49381758-df4a-4e6a-9867-2fb46e62d400, type=ports, rev=-1 {{(pid=103068) create_initial_revision /opt/stack/neutron/neutron/db/ovn_revision_numbers_db.py:98}}
Feb 21 00:39:19.904285 np0000156623 devstack@neutron-api.service[103068]: DEBUG neutron_lib.callbacks.manager [None req-cfefb439-117b-4797-8991-1a49a2afbbb2 admin admin] Publish callbacks ['neutron.plugins.ml2.ovo_rpc._ObjectChangeHandler.handle_event-2652793'] for port (49381758-df4a-4e6a-9867-2fb46e62d400), after_create {{(pid=103068) _notify_loop /opt/stack/data/venv/lib/python3.12/site-packages/neutron_lib/callbacks/manager.py:184}}
Feb 21 00:39:20.104745 np0000156623 devstack@neutron-api.service[103068]: DEBUG neutron.api.rpc.handlers.resources_rpc [None req-cfefb439-117b-4797-8991-1a49a2afbbb2 admin admin] Pushing event updated for resources: {'Port': ['ID=49381758-df4a-4e6a-9867-2fb46e62d400,revision_number=1']} {{(pid=103068) push /opt/stack/neutron/neutron/api/rpc/handlers/resources_rpc.py:237}}
Feb 21 00:39:20.154227 np0000156623 devstack@neutron-api.service[103068]: DEBUG ovsdbapp.backend.ovs_idl.transaction [-] Running txn n=1 command(idx=0): AddLSwitchPortCommand(_result=None, lport=49381758-df4a-4e6a-9867-2fb46e62d400, lswitch=neutron-3c0a1f93-9945-41ae-81c0-a03718b176d5, may_exist=True, network_uuid=3c0a1f93-9945-41ae-81c0-a03718b176d5, columns={'addresses': ['fa:16:3e:74:ff:54'], 'external_ids': {'neutron:port_name': '', 'neutron:device_id': 'ovnmeta-3c0a1f93-9945-41ae-81c0-a03718b176d5', 'neutron:project_id': '92a3cefec51c4e5f99d6ffbe0fe1d36d', 'neutron:cidrs': '', 'neutron:device_owner': 'network:distributed', 'neutron:subnet_pool_addr_scope4': '', 'neutron:subnet_pool_addr_scope6': '', 'neutron:network_name': 'neutron-3c0a1f93-9945-41ae-81c0-a03718b176d5', 'neutron:security_group_ids': '', 'neutron:revision_number': '1', 'neutron:vnic_type': 'normal', 'neutron:port_capabilities': '', 'neutron:mtu': ''}, 'parent_name': [], 'tag': [], 'enabled': True, 'options': {}, 'type': 'localport', 'port_security': [], 'dhcpv4_options': [], 'dhcpv6_options': []}) {{(pid=103068) do_commit /opt/stack/data/venv/lib/python3.12/site-packages/ovsdbapp/backend/ovs_idl/transaction.py:89}}
Feb 21 00:39:20.155349 np0000156623 devstack@neutron-api.service[103068]: DEBUG ovsdbapp.backend.ovs_idl.transaction [-] Running txn n=1 command(idx=1): QoSDelCommand(_result=None, switch=neutron-3c0a1f93-9945-41ae-81c0-a03718b176d5, conditions=[('direction', '=', 'to-lport'), ('priority', '=', 2002), ('match', '=', 'outport == "49381758-df4a-4e6a-9867-2fb46e62d400"')], if_exists=True) {{(pid=103068) do_commit /opt/stack/data/venv/lib/python3.12/site-packages/ovsdbapp/backend/ovs_idl/transaction.py:89}}
Feb 21 00:39:20.155614 np0000156623 devstack@neutron-api.service[103068]: DEBUG ovsdbapp.backend.ovs_idl.transaction [-] Running txn n=1 command(idx=2): QoSDelCommand(_result=None, switch=neutron-3c0a1f93-9945-41ae-81c0-a03718b176d5, conditions=[('direction', '=', 'from-lport'), ('priority', '=', 2002), ('match', '=', 'inport == "49381758-df4a-4e6a-9867-2fb46e62d400"')], if_exists=True) {{(pid=103068) do_commit /opt/stack/data/venv/lib/python3.12/site-packages/ovsdbapp/backend/ovs_idl/transaction.py:89}}
Feb 21 00:39:20.159078 np0000156623 devstack@neutron-api.service[103068]: DEBUG neutron.plugins.ml2.drivers.ovn.mech_driver.ovsdb.ovsdb_monitor [-] Hash Ring: Node 995a6d46e8085556a4f0049425109ed4 (host: np0000156623) handling event "create" for row 91bfb172-4562-4be4-ab08-426f0f5d6fc0 (table: Logical_Switch_Port) {{(pid=103068) notify /opt/stack/neutron/neutron/plugins/ml2/drivers/ovn/mech_driver/ovsdb/ovsdb_monitor.py:920}}
Feb 21 00:39:20.159776 np0000156623 devstack@neutron-api.service[103068]: DEBUG ovsdbapp.backend.ovs_idl.event [-] Matched CREATE: LogicalSwitchPortCreateEvent(events=('create',), table='Logical_Switch_Port', conditions=[], old_conditions=None), priority=20 to row=Logical_Switch_Port(name=49381758-df4a-4e6a-9867-2fb46e62d400, ha_chassis_group=[], options={}, parent_name=[], enabled=[True], type=localport, dhcpv6_options=[], addresses=['fa:16:3e:74:ff:54'], tag=[], up=[], external_ids={'neutron:cidrs': '', 'neutron:device_id': 'ovnmeta-3c0a1f93-9945-41ae-81c0-a03718b176d5', 'neutron:device_owner': 'network:distributed', 'neutron:mtu': '', 'neutron:network_name': 'neutron-3c0a1f93-9945-41ae-81c0-a03718b176d5', 'neutron:port_capabilities': '', 'neutron:port_name': '', 'neutron:project_id': '92a3cefec51c4e5f99d6ffbe0fe1d36d', 'neutron:revision_number': '1', 'neutron:security_group_ids': '', 'neutron:subnet_pool_addr_scope4': '', 'neutron:subnet_pool_addr_scope6': '', 'neutron:vnic_type': 'normal'}, tag_request=[], port_security=[], dynamic_addresses=[], dhcpv4_options=[], mirror_rules=[]) old= {{(pid=103068) matches /opt/stack/data/venv/lib/python3.12/site-packages/ovsdbapp/backend/ovs_idl/event.py:55}}
Feb 21 00:39:20.160653 np0000156623 devstack@neutron-api.service[103070]: DEBUG neutron.plugins.ml2.drivers.ovn.mech_driver.ovsdb.ovsdb_monitor [-] Hash Ring: Node 5a7180ba71aa533a9811d71c54f6fd28 (host: np0000156623) handling event "update" for row 3c0a1f93-9945-41ae-81c0-a03718b176d5 (table: Logical_Switch) {{(pid=103070) notify /opt/stack/neutron/neutron/plugins/ml2/drivers/ovn/mech_driver/ovsdb/ovsdb_monitor.py:920}}
Feb 21 00:39:20.161117 np0000156623 devstack@neutron-api.service[103070]: DEBUG neutron.plugins.ml2.drivers.ovn.mech_driver.ovsdb.ovsdb_monitor [-] Hash Ring: Node 5a7180ba71aa533a9811d71c54f6fd28 (host: np0000156623) handling event "create" for row 91bfb172-4562-4be4-ab08-426f0f5d6fc0 (table: Logical_Switch_Port) {{(pid=103070) notify /opt/stack/neutron/neutron/plugins/ml2/drivers/ovn/mech_driver/ovsdb/ovsdb_monitor.py:920}}
Feb 21 00:39:20.161648 np0000156623 devstack@neutron-api.service[103068]: INFO neutron.plugins.ml2.drivers.ovn.mech_driver.mech_driver [-] OVN reports status down for port: 49381758-df4a-4e6a-9867-2fb46e62d400
Feb 21 00:39:20.162116 np0000156623 devstack@neutron-api.service[103070]: DEBUG ovsdbapp.backend.ovs_idl.event [-] Matched CREATE: LogicalSwitchPortCreateEvent(events=('create',), table='Logical_Switch_Port', conditions=[], old_conditions=None), priority=20 to row=Logical_Switch_Port(name=49381758-df4a-4e6a-9867-2fb46e62d400, ha_chassis_group=[], options={}, parent_name=[], enabled=[True], type=localport, dhcpv6_options=[], addresses=['fa:16:3e:74:ff:54'], tag=[], up=[], external_ids={'neutron:cidrs': '', 'neutron:device_id': 'ovnmeta-3c0a1f93-9945-41ae-81c0-a03718b176d5', 'neutron:device_owner': 'network:distributed', 'neutron:mtu': '', 'neutron:network_name': 'neutron-3c0a1f93-9945-41ae-81c0-a03718b176d5', 'neutron:port_capabilities': '', 'neutron:port_name': '', 'neutron:project_id': '92a3cefec51c4e5f99d6ffbe0fe1d36d', 'neutron:revision_number': '1', 'neutron:security_group_ids': '', 'neutron:subnet_pool_addr_scope4': '', 'neutron:subnet_pool_addr_scope6': '', 'neutron:vnic_type': 'normal'}, tag_request=[], port_security=[], dynamic_addresses=[], dhcpv4_options=[], mirror_rules=[]) old= {{(pid=103070) matches /opt/stack/data/venv/lib/python3.12/site-packages/ovsdbapp/backend/ovs_idl/event.py:55}}
Feb 21 00:39:20.163382 np0000156623 devstack@neutron-api.service[103070]: INFO neutron.plugins.ml2.drivers.ovn.mech_driver.mech_driver [-] OVN reports status down for port: 49381758-df4a-4e6a-9867-2fb46e62d400
Feb 21 00:39:20.163531 np0000156623 devstack@neutron-api.service[103068]: DEBUG neutron.plugins.ml2.drivers.ovn.mech_driver.ovsdb.ovsdb_monitor [-] Hash Ring: Node 995a6d46e8085556a4f0049425109ed4 (host: np0000156623) handling event "update" for row 91bfb172-4562-4be4-ab08-426f0f5d6fc0 (table: Logical_Switch_Port) {{(pid=103068) notify /opt/stack/neutron/neutron/plugins/ml2/drivers/ovn/mech_driver/ovsdb/ovsdb_monitor.py:920}}
Feb 21 00:39:20.164625 np0000156623 devstack@neutron-api.service[103070]: DEBUG neutron.plugins.ml2.drivers.ovn.mech_driver.ovsdb.ovsdb_monitor [-] Hash Ring: Node 5a7180ba71aa533a9811d71c54f6fd28 (host: np0000156623) handling event "update" for row 91bfb172-4562-4be4-ab08-426f0f5d6fc0 (table: Logical_Switch_Port) {{(pid=103070) notify /opt/stack/neutron/neutron/plugins/ml2/drivers/ovn/mech_driver/ovsdb/ovsdb_monitor.py:920}}
Feb 21 00:39:20.168100 np0000156623 devstack@neutron-api.service[103070]: DEBUG neutron.plugins.ml2.drivers.ovn.mech_driver.ovsdb.ovsdb_monitor [-] Hash Ring: Node 5a7180ba71aa533a9811d71c54f6fd28 (host: np0000156623) handling event "create" for row c9874375-ceb3-4456-a516-2e94e6eea41d (table: Port_Binding) {{(pid=103070) notify /opt/stack/neutron/neutron/plugins/ml2/drivers/ovn/mech_driver/ovsdb/ovsdb_monitor.py:920}}
Feb 21 00:39:20.244273 np0000156623 devstack@neutron-api.service[103068]: INFO neutron.db.ovn_revision_numbers_db [None req-cfefb439-117b-4797-8991-1a49a2afbbb2 admin admin] Successfully bumped revision number for resource 49381758-df4a-4e6a-9867-2fb46e62d400 (type: ports) to 1
Feb 21 00:39:20.254065 np0000156623 devstack@neutron-api.service[103070]: DEBUG neutron.db.provisioning_blocks [None req-c2790047-efcf-41ac-a656-eaf6b67ee3ab None None] Transition to ACTIVE for port object 49381758-df4a-4e6a-9867-2fb46e62d400 will not be triggered until provisioned by entity L2. {{(pid=103070) add_provisioning_component /opt/stack/neutron/neutron/db/provisioning_blocks.py:74}}
Feb 21 00:39:20.264354 np0000156623 devstack@neutron-api.service[103068]: DEBUG neutron.pecan_wsgi.hooks.policy_enforcement [None req-cfefb439-117b-4797-8991-1a49a2afbbb2 admin admin] Attributes excluded by policy engine: ['standard_attr_id'] {{(pid=103068) _exclude_attributes_by_policy /opt/stack/neutron/neutron/pecan_wsgi/hooks/policy_enforcement.py:258}}
Feb 21 00:39:20.264741 np0000156623 devstack@neutron-api.service[103068]: DEBUG neutron_lib.callbacks.manager [None req-cfefb439-117b-4797-8991-1a49a2afbbb2 admin admin] Publish callbacks [] for network (None), before_response {{(pid=103068) _notify_loop /opt/stack/data/venv/lib/python3.12/site-packages/neutron_lib/callbacks/manager.py:184}}
Feb 21 00:39:20.279948 np0000156623 devstack@neutron-api.service[103068]: DEBUG neutron.db.provisioning_blocks [None req-6450ef82-94df-4e19-9c6c-26c989c3baa0 None None] Ignored duplicate provisioning block setup for port 49381758-df4a-4e6a-9867-2fb46e62d400 by entity L2. {{(pid=103068) add_provisioning_component /opt/stack/neutron/neutron/db/provisioning_blocks.py:69}}
Feb 21 00:39:20.305952 np0000156623 devstack@neutron-api.service[103068]: [pid: 103068|app: 0|req: 1/5] 199.204.45.99 () {68 vars in 1350 bytes} [Sat Feb 21 00:39:18 2026] POST /networking/v2.0/networks => generated 681 bytes in 1667 msecs (HTTP/1.1 201) 4 headers in 162 bytes (1 switches on core 0)
Feb 21 00:39:20.324457 np0000156623 devstack@neutron-api.service[103068]: DEBUG neutron.plugins.ml2.plugin [None req-6450ef82-94df-4e19-9c6c-26c989c3baa0 None None] Current status of the port 49381758-df4a-4e6a-9867-2fb46e62d400 is: DOWN; New status is: DOWN {{(pid=103068) _update_individual_port_db_status /opt/stack/neutron/neutron/plugins/ml2/plugin.py:2461}}
Feb 21 00:39:20.325809 np0000156623 devstack@neutron-api.service[103068]: DEBUG ovsdbapp.backend.ovs_idl.transaction [-] Running txn n=1 command(idx=0): DbRemoveCommand(_result=None, table=Logical_Switch_Port, record=49381758-df4a-4e6a-9867-2fb46e62d400, column=external_ids, values=('neutron:host_id',), keyvalues={}, if_exists=True) {{(pid=103068) do_commit /opt/stack/data/venv/lib/python3.12/site-packages/ovsdbapp/backend/ovs_idl/transaction.py:89}}
Feb 21 00:39:20.450507 np0000156623 devstack@neutron-api.service[103070]: DEBUG neutron.plugins.ml2.plugin [None req-c2790047-efcf-41ac-a656-eaf6b67ee3ab None None] Current status of the port 49381758-df4a-4e6a-9867-2fb46e62d400 is: DOWN; New status is: DOWN {{(pid=103070) _update_individual_port_db_status /opt/stack/neutron/neutron/plugins/ml2/plugin.py:2461}}
Feb 21 00:39:20.450974 np0000156623 devstack@neutron-api.service[103070]: DEBUG ovsdbapp.backend.ovs_idl.transaction [-] Running txn n=1 command(idx=0): DbRemoveCommand(_result=None, table=Logical_Switch_Port, record=49381758-df4a-4e6a-9867-2fb46e62d400, column=external_ids, values=('neutron:host_id',), keyvalues={}, if_exists=True) {{(pid=103070) do_commit /opt/stack/data/venv/lib/python3.12/site-packages/ovsdbapp/backend/ovs_idl/transaction.py:89}}
Feb 21 00:39:20.725644 np0000156623 devstack@neutron-api.service[103070]: WARNING oslo_config.cfg [None req-c3f791f3-cf66-4d24-a223-1077df804d6b admin admin] Config option cache.memcache_username is deprecated. Use option cache.username instead.
Feb 21 00:39:20.725644 np0000156623 devstack@neutron-api.service[103070]: WARNING oslo_config.cfg [None req-c3f791f3-cf66-4d24-a223-1077df804d6b admin admin] Config option cache.memcache_password is deprecated. Use option cache.password instead.
Feb 21 00:39:20.729776 np0000156623 devstack@neutron-api.service[103070]: WARNING oslo_config.cfg [None req-c3f791f3-cf66-4d24-a223-1077df804d6b admin admin] Config option cache.memcache_username is deprecated. Use option cache.username instead.
Feb 21 00:39:20.729981 np0000156623 devstack@neutron-api.service[103070]: WARNING oslo_config.cfg [None req-c3f791f3-cf66-4d24-a223-1077df804d6b admin admin] Config option cache.memcache_password is deprecated. Use option cache.password instead.
Feb 21 00:39:20.730618 np0000156623 devstack@neutron-api.service[103070]: WARNING oslo_config.cfg [None req-c3f791f3-cf66-4d24-a223-1077df804d6b admin admin] Config option cache.memcache_username is deprecated. Use option cache.username instead.
Feb 21 00:39:20.730809 np0000156623 devstack@neutron-api.service[103070]: WARNING oslo_config.cfg [None req-c3f791f3-cf66-4d24-a223-1077df804d6b admin admin] Config option cache.memcache_password is deprecated. Use option cache.password instead.
Feb 21 00:39:20.731549 np0000156623 devstack@neutron-api.service[103070]: WARNING oslo_config.cfg [None req-c3f791f3-cf66-4d24-a223-1077df804d6b admin admin] Config option cache.memcache_username is deprecated. Use option cache.username instead.
Feb 21 00:39:20.731731 np0000156623 devstack@neutron-api.service[103070]: WARNING oslo_config.cfg [None req-c3f791f3-cf66-4d24-a223-1077df804d6b admin admin] Config option cache.memcache_password is deprecated. Use option cache.password instead.
Feb 21 00:39:20.732343 np0000156623 devstack@neutron-api.service[103070]: WARNING oslo_config.cfg [None req-c3f791f3-cf66-4d24-a223-1077df804d6b admin admin] Config option cache.memcache_username is deprecated. Use option cache.username instead.
Feb 21 00:39:20.732533 np0000156623 devstack@neutron-api.service[103070]: WARNING oslo_config.cfg [None req-c3f791f3-cf66-4d24-a223-1077df804d6b admin admin] Config option cache.memcache_password is deprecated. Use option cache.password instead.
Feb 21 00:39:20.733133 np0000156623 devstack@neutron-api.service[103070]: WARNING oslo_config.cfg [None req-c3f791f3-cf66-4d24-a223-1077df804d6b admin admin] Config option cache.memcache_username is deprecated. Use option cache.username instead.
