2026-07-03 17:17:22.050 16 INFO neutron.plugins.ml2.plugin [None req-820000cd-32ad-4731-978b-e03a1000cf4b - - - - - -] Attempt 1 to provision port 1b381900-d2ed-4724-9087-cc3f6c01a611
2026-07-03 17:17:23.423 13 INFO neutron.plugins.ml2.plugin [None req-820000cd-32ad-4731-978b-e03a1000cf4b - - - - - -] Attempt 1 to provision port 1b381900-d2ed-4724-9087-cc3f6c01a611
2026-07-03 17:17:23.630 13 INFO neutron.plugins.ml2.plugin [None req-820000cd-32ad-4731-978b-e03a1000cf4b - - - - - -] Attempt 1 to provision port 1415bb32-06a7-4d1b-91cc-02e5c9b266be
2026-07-03 17:17:25.326 13 INFO neutron.plugins.ml2.plugin [None req-820000cd-32ad-4731-978b-e03a1000cf4b - - - - - -] Attempt 1 to provision port 1415bb32-06a7-4d1b-91cc-02e5c9b266be
2026-07-03 17:17:29.379 16 INFO neutron.plugins.ml2.plugin [None req-820000cd-32ad-4731-978b-e03a1000cf4b - - - - - -] Attempt 1 to provision port c324638e-a016-4bc1-9ec7-e13c95a283a2
2026-07-03 17:17:31.085 16 INFO neutron.plugins.ml2.plugin [None req-c1af6c2d-33c5-438d-b037-1c8962a2daae - - - - - -] Attempt 1 to provision port 7cda3e2b-5fa3-46b2-9275-54b3c71b9b13
2026-07-03 17:17:31.114 16 INFO neutron.plugins.ml2.plugin [None req-c1af6c2d-33c5-438d-b037-1c8962a2daae - - - - - -] Attempt 1 to provision port 3cae8ce5-0a0e-4611-928b-650f35da8d62
2026-07-03 17:17:31.168 16 INFO neutron.plugins.ml2.plugin [None req-c1af6c2d-33c5-438d-b037-1c8962a2daae - - - - - -] Attempt 1 to provision port c324638e-a016-4bc1-9ec7-e13c95a283a2
2026-07-03 17:17:31.218 16 INFO neutron.plugins.ml2.plugin [None req-c1af6c2d-33c5-438d-b037-1c8962a2daae - - - - - -] Attempt 1 to provision port a1e80519-4bd9-421e-8e3a-c7220b9b5a1f
2026-07-03 17:17:31.392 16 INFO neutron.plugins.ml2.plugin [None req-820000cd-32ad-4731-978b-e03a1000cf4b - - - - - -] Attempt 1 to provision port c324638e-a016-4bc1-9ec7-e13c95a283a2
2026-07-03 17:17:36.360 13 INFO neutron.plugins.ml2.plugin [None req-820000cd-32ad-4731-978b-e03a1000cf4b - - - - - -] Attempt 1 to provision port df8d8111-c4a6-4c7c-902c-3354f8e8c109
2026-07-03 17:17:36.514 13 INFO neutron.notifiers.nova [-] Nova event matching ['req-0f40ae87-2f67-478d-b1ea-fc87cdaa2f5b'] response: {'server_uuid': '423ced6d-ac62-4605-9d8c-71e32c9da4b4', 'name': 'network-vif-plugged', 'status': 'completed', 'tag': 'df8d8111-c4a6-4c7c-902c-3354f8e8c109', 'code': 200}
2026-07-03 17:17:37.971 13 INFO neutron.plugins.ml2.plugin [None req-820000cd-32ad-4731-978b-e03a1000cf4b - - - - - -] Attempt 1 to provision port df8d8111-c4a6-4c7c-902c-3354f8e8c109
2026-07-03 17:17:38.230 13 INFO neutron.plugins.ml2.plugin [None req-820000cd-32ad-4731-978b-e03a1000cf4b - - - - - -] Attempt 1 to provision port 43e0945f-9bb5-4715-a1ae-47586dad738e
2026-07-03 17:17:38.557 13 INFO neutron.notifiers.nova [-] Nova event matching ['req-34946a95-3f0b-49a8-8f58-a02079693c05'] response: {'server_uuid': 'b0acd0a4-1a66-400d-b93c-5d933c0b36e5', 'name': 'network-vif-plugged', 'status': 'completed', 'tag': '43e0945f-9bb5-4715-a1ae-47586dad738e', 'code': 200}
2026-07-03 17:17:39.414 13 INFO neutron.plugins.ml2.plugin [None req-820000cd-32ad-4731-978b-e03a1000cf4b - - - - - -] Attempt 1 to provision port 43e0945f-9bb5-4715-a1ae-47586dad738e
2026-07-03 17:17:41.319 16 INFO neutron.plugins.ml2.plugin [None req-820000cd-32ad-4731-978b-e03a1000cf4b - - - - - -] Attempt 1 to provision port 7cda3e2b-5fa3-46b2-9275-54b3c71b9b13
2026-07-03 17:17:41.598 16 INFO neutron.plugins.ml2.plugin [None req-820000cd-32ad-4731-978b-e03a1000cf4b - - - - - -] Attempt 1 to provision port 1cb78616-528e-4312-a32a-28846026068e
2026-07-03 17:17:42.756 16 WARNING neutron.plugins.ml2.plugin [None req-9a8fbed9-158d-49a7-b32d-bc82cc80c97b - - - - - -] Concurrent port binding operations failed on port b512cfe4-ad4e-4ca5-9765-a2b46a34be60
2026-07-03 17:17:42.759 16 INFO neutron.plugins.ml2.plugin [None req-9a8fbed9-158d-49a7-b32d-bc82cc80c97b - - - - - -] Attempt 2 to bind port b512cfe4-ad4e-4ca5-9765-a2b46a34be60
2026-07-03 17:17:43.584 16 INFO neutron.plugins.ml2.plugin [None req-820000cd-32ad-4731-978b-e03a1000cf4b - - - - - -] Attempt 1 to provision port b512cfe4-ad4e-4ca5-9765-a2b46a34be60
2026-07-03 17:17:43.912 16 INFO neutron.plugins.ml2.plugin [None req-820000cd-32ad-4731-978b-e03a1000cf4b - - - - - -] Attempt 1 to provision port a1e80519-4bd9-421e-8e3a-c7220b9b5a1f
2026-07-03 17:17:44.337 16 INFO neutron.plugins.ml2.plugin [None req-820000cd-32ad-4731-978b-e03a1000cf4b - - - - - -] Attempt 1 to provision port 7cda3e2b-5fa3-46b2-9275-54b3c71b9b13
2026-07-03 17:17:44.563 16 INFO neutron.plugins.ml2.plugin [None req-820000cd-32ad-4731-978b-e03a1000cf4b - - - - - -] Attempt 1 to provision port 1cb78616-528e-4312-a32a-28846026068e
2026-07-03 17:17:45.948 13 INFO neutron.plugins.ml2.plugin [None req-820000cd-32ad-4731-978b-e03a1000cf4b - - - - - -] Attempt 1 to provision port b512cfe4-ad4e-4ca5-9765-a2b46a34be60
2026-07-03 17:17:46.083 13 INFO neutron.plugins.ml2.plugin [None req-820000cd-32ad-4731-978b-e03a1000cf4b - - - - - -] Attempt 1 to provision port a1e80519-4bd9-421e-8e3a-c7220b9b5a1f
2026-07-03 17:17:55.162 16 INFO neutron.plugins.ml2.plugin [None req-4bcf76d4-cf46-4422-a4ed-e39e40c8b42c - - - - - -] Attempt 1 to provision port a1e80519-4bd9-421e-8e3a-c7220b9b5a1f
2026-07-03 17:17:55.224 16 INFO neutron.plugins.ml2.plugin [None req-4bcf76d4-cf46-4422-a4ed-e39e40c8b42c - - - - - -] Attempt 1 to provision port b512cfe4-ad4e-4ca5-9765-a2b46a34be60
2026-07-03 17:17:55.282 16 INFO neutron.plugins.ml2.plugin [None req-4bcf76d4-cf46-4422-a4ed-e39e40c8b42c - - - - - -] Attempt 1 to provision port 43e0945f-9bb5-4715-a1ae-47586dad738e
2026-07-03 17:17:55.337 16 INFO neutron.plugins.ml2.plugin [None req-4bcf76d4-cf46-4422-a4ed-e39e40c8b42c - - - - - -] Attempt 1 to provision port c324638e-a016-4bc1-9ec7-e13c95a283a2
2026-07-03 17:18:01.923 13 INFO neutron.plugins.ml2.plugin [None req-820000cd-32ad-4731-978b-e03a1000cf4b - - - - - -] Attempt 1 to provision port 6bd064c3-6d28-446e-8773-736282ce8089
2026-07-03 17:18:02.810 13 ERROR oslo_messaging.rpc.server [None req-97e92b82-5e02-4275-b5bc-2af4c9a6dd56 - - - - - -] Exception during message handling: neutron_lib.exceptions.SubnetInUse: Unable to complete operation on subnet 43b28755-c461-44f2-8a9c-d17fd752ddc0: This subnet is being modified by another concurrent operation.
2026-07-03 17:18:02.810 13 ERROR oslo_messaging.rpc.server
Traceback (most recent call last):
2026-07-03 17:18:02.810 13 ERROR oslo_messaging.rpc.server
File "/var/lib/openstack/lib/python3.12/site-packages/oslo_messaging/rpc/server.py", line 174, in _process_incoming
2026-07-03 17:18:02.810 13 ERROR oslo_messaging.rpc.server res = self.dispatcher.dispatch(message)
2026-07-03 17:18:02.810 13 ERROR oslo_messaging.rpc.server ^^^^^^^^^^^^^^^^^^^^^^^^^^^^^^^^^
2026-07-03 17:18:02.810 13 ERROR oslo_messaging.rpc.server
File "/var/lib/openstack/lib/python3.12/site-packages/oslo_messaging/rpc/dispatcher.py", line 309, in dispatch
2026-07-03 17:18:02.810 13 ERROR oslo_messaging.rpc.server return self._do_dispatch(endpoint, method, ctxt, args)
2026-07-03 17:18:02.810 13 ERROR oslo_messaging.rpc.server ^^^^^^^^^^^^^^^^^^^^^^^^^^^^^^^^^^^^^^^^^^^^^^^
2026-07-03 17:18:02.810 13 ERROR oslo_messaging.rpc.server
File "/var/lib/openstack/lib/python3.12/site-packages/oslo_messaging/rpc/dispatcher.py", line 229, in _do_dispatch
2026-07-03 17:18:02.810 13 ERROR oslo_messaging.rpc.server result = func(ctxt, **new_args)
2026-07-03 17:18:02.810 13 ERROR oslo_messaging.rpc.server ^^^^^^^^^^^^^^^^^^^^^^
2026-07-03 17:18:02.810 13 ERROR oslo_messaging.rpc.server
File "/var/lib/openstack/lib/python3.12/site-packages/oslo_messaging/rpc/server.py", line 269, in inner
2026-07-03 17:18:02.810 13 ERROR oslo_messaging.rpc.server return func(*args, **kwargs)
2026-07-03 17:18:02.810 13 ERROR oslo_messaging.rpc.server ^^^^^^^^^^^^^^^^^^^^^
2026-07-03 17:18:02.810 13 ERROR oslo_messaging.rpc.server
File "/var/lib/openstack/lib/python3.12/site-packages/neutron_lib/db/api.py", line 137, in wrapped
2026-07-03 17:18:02.810 13 ERROR oslo_messaging.rpc.server with excutils.save_and_reraise_exception():
2026-07-03 17:18:02.810 13 ERROR oslo_messaging.rpc.server
File "/var/lib/openstack/lib/python3.12/site-packages/oslo_utils/excutils.py", line 227, in __exit__
2026-07-03 17:18:02.810 13 ERROR oslo_messaging.rpc.server self.force_reraise()
2026-07-03 17:18:02.810 13 ERROR oslo_messaging.rpc.server
File "/var/lib/openstack/lib/python3.12/site-packages/oslo_utils/excutils.py", line 200, in force_reraise
2026-07-03 17:18:02.810 13 ERROR oslo_messaging.rpc.server raise self.value
2026-07-03 17:18:02.810 13 ERROR oslo_messaging.rpc.server
File "/var/lib/openstack/lib/python3.12/site-packages/neutron_lib/db/api.py", line 135, in wrapped
2026-07-03 17:18:02.810 13 ERROR oslo_messaging.rpc.server return f(*args, **kwargs)
2026-07-03 17:18:02.810 13 ERROR oslo_messaging.rpc.server ^^^^^^^^^^^^^^^^^^
2026-07-03 17:18:02.810 13 ERROR oslo_messaging.rpc.server
File "/var/lib/openstack/lib/python3.12/site-packages/oslo_db/api.py", line 144, in wrapper
2026-07-03 17:18:02.810 13 ERROR oslo_messaging.rpc.server with excutils.save_and_reraise_exception() as ectxt:
2026-07-03 17:18:02.810 13 ERROR oslo_messaging.rpc.server
File "/var/lib/openstack/lib/python3.12/site-packages/oslo_utils/excutils.py", line 227, in __exit__
2026-07-03 17:18:02.810 13 ERROR oslo_messaging.rpc.server self.force_reraise()
2026-07-03 17:18:02.810 13 ERROR oslo_messaging.rpc.server
File "/var/lib/openstack/lib/python3.12/site-packages/oslo_utils/excutils.py", line 200, in force_reraise
2026-07-03 17:18:02.810 13 ERROR oslo_messaging.rpc.server raise self.value
2026-07-03 17:18:02.810 13 ERROR oslo_messaging.rpc.server
File "/var/lib/openstack/lib/python3.12/site-packages/oslo_db/api.py", line 142, in wrapper
2026-07-03 17:18:02.810 13 ERROR oslo_messaging.rpc.server return f(*args, **kwargs)
2026-07-03 17:18:02.810 13 ERROR oslo_messaging.rpc.server ^^^^^^^^^^^^^^^^^^
2026-07-03 17:18:02.810 13 ERROR oslo_messaging.rpc.server
File "/var/lib/openstack/lib/python3.12/site-packages/neutron_lib/db/api.py", line 183, in wrapped
2026-07-03 17:18:02.810 13 ERROR oslo_messaging.rpc.server with excutils.save_and_reraise_exception():
2026-07-03 17:18:02.810 13 ERROR oslo_messaging.rpc.server
File "/var/lib/openstack/lib/python3.12/site-packages/oslo_utils/excutils.py", line 227, in __exit__
2026-07-03 17:18:02.810 13 ERROR oslo_messaging.rpc.server self.force_reraise()
2026-07-03 17:18:02.810 13 ERROR oslo_messaging.rpc.server
File "/var/lib/openstack/lib/python3.12/site-packages/oslo_utils/excutils.py", line 200, in force_reraise
2026-07-03 17:18:02.810 13 ERROR oslo_messaging.rpc.server raise self.value
2026-07-03 17:18:02.810 13 ERROR oslo_messaging.rpc.server
File "/var/lib/openstack/lib/python3.12/site-packages/neutron_lib/db/api.py", line 181, in wrapped
2026-07-03 17:18:02.810 13 ERROR oslo_messaging.rpc.server return f(*dup_args, **dup_kwargs)
2026-07-03 17:18:02.810 13 ERROR oslo_messaging.rpc.server ^^^^^^^^^^^^^^^^^^^^^^^^^^
2026-07-03 17:18:02.810 13 ERROR oslo_messaging.rpc.server
File "/var/lib/openstack/lib/python3.12/site-packages/neutron/quota/resource_registry.py", line 95, in wrapper
2026-07-03 17:18:02.810 13 ERROR oslo_messaging.rpc.server ret_val = f(_self, context, *args, **kwargs)
2026-07-03 17:18:02.810 13 ERROR oslo_messaging.rpc.server ^^^^^^^^^^^^^^^^^^^^^^^^^^^^^^^^^^
2026-07-03 17:18:02.810 13 ERROR oslo_messaging.rpc.server
File "/var/lib/openstack/lib/python3.12/site-packages/neutron/api/rpc/handlers/dhcp_rpc.py", line 292, in create_dhcp_port
2026-07-03 17:18:02.810 13 ERROR oslo_messaging.rpc.server return self._port_action(plugin, context, port, 'create_port')
2026-07-03 17:18:02.810 13 ERROR oslo_messaging.rpc.server ^^^^^^^^^^^^^^^^^^^^^^^^^^^^^^^^^^^^^^^^^^^^^^^^^^^^^^^
2026-07-03 17:18:02.810 13 ERROR oslo_messaging.rpc.server
File "/var/lib/openstack/lib/python3.12/site-packages/neutron/api/rpc/handlers/dhcp_rpc.py", line 118, in _port_action
2026-07-03 17:18:02.810 13 ERROR oslo_messaging.rpc.server return p_utils.create_port(plugin, context, port)
2026-07-03 17:18:02.810 13 ERROR oslo_messaging.rpc.server ^^^^^^^^^^^^^^^^^^^^^^^^^^^^^^^^^^^^^^^^^^
2026-07-03 17:18:02.810 13 ERROR oslo_messaging.rpc.server
File "/var/lib/openstack/lib/python3.12/site-packages/neutron_lib/plugins/utils.py", line 338, in create_port
2026-07-03 17:18:02.810 13 ERROR oslo_messaging.rpc.server return core_plugin.create_port(
2026-07-03 17:18:02.810 13 ERROR oslo_messaging.rpc.server ^^^^^^^^^^^^^^^^^^^^^^^^
2026-07-03 17:18:02.810 13 ERROR oslo_messaging.rpc.server
File "/var/lib/openstack/lib/python3.12/site-packages/neutron/common/utils.py", line 717, in inner
2026-07-03 17:18:02.810 13 ERROR oslo_messaging.rpc.server return f(*args, **kwargs)
2026-07-03 17:18:02.810 13 ERROR oslo_messaging.rpc.server ^^^^^^^^^^^^^^^^^^
2026-07-03 17:18:02.810 13 ERROR oslo_messaging.rpc.server
File "/var/lib/openstack/lib/python3.12/site-packages/neutron_lib/db/api.py", line 223, in wrapped
2026-07-03 17:18:02.810 13 ERROR oslo_messaging.rpc.server return f_with_retry(*args, **kwargs,
2026-07-03 17:18:02.810 13 ERROR oslo_messaging.rpc.server ^^^^^^^^^^^^^^^^^^^^^^^^^^^^^
2026-07-03 17:18:02.810 13 ERROR oslo_messaging.rpc.server
File "/var/lib/openstack/lib/python3.12/site-packages/neutron_lib/db/api.py", line 137, in wrapped
2026-07-03 17:18:02.810 13 ERROR oslo_messaging.rpc.server with excutils.save_and_reraise_exception():
2026-07-03 17:18:02.810 13 ERROR oslo_messaging.rpc.server
File "/var/lib/openstack/lib/python3.12/site-packages/oslo_utils/excutils.py", line 227, in __exit__
2026-07-03 17:18:02.810 13 ERROR oslo_messaging.rpc.server self.force_reraise()
2026-07-03 17:18:02.810 13 ERROR oslo_messaging.rpc.server
File "/var/lib/openstack/lib/python3.12/site-packages/oslo_utils/excutils.py", line 200, in force_reraise
2026-07-03 17:18:02.810 13 ERROR oslo_messaging.rpc.server raise self.value
2026-07-03 17:18:02.810 13 ERROR oslo_messaging.rpc.server
File "/var/lib/openstack/lib/python3.12/site-packages/neutron_lib/db/api.py", line 135, in wrapped
2026-07-03 17:18:02.810 13 ERROR oslo_messaging.rpc.server return f(*args, **kwargs)
2026-07-03 17:18:02.810 13 ERROR oslo_messaging.rpc.server ^^^^^^^^^^^^^^^^^^
2026-07-03 17:18:02.810 13 ERROR oslo_messaging.rpc.server
File "/var/lib/openstack/lib/python3.12/site-packages/oslo_db/api.py", line 144, in wrapper
2026-07-03 17:18:02.810 13 ERROR oslo_messaging.rpc.server with excutils.save_and_reraise_exception() as ectxt:
2026-07-03 17:18:02.810 13 ERROR oslo_messaging.rpc.server
File "/var/lib/openstack/lib/python3.12/site-packages/oslo_utils/excutils.py", line 227, in __exit__
2026-07-03 17:18:02.810 13 ERROR oslo_messaging.rpc.server self.force_reraise()
2026-07-03 17:18:02.810 13 ERROR oslo_messaging.rpc.server
File "/var/lib/openstack/lib/python3.12/site-packages/oslo_utils/excutils.py", line 200, in force_reraise
2026-07-03 17:18:02.810 13 ERROR oslo_messaging.rpc.server raise self.value
2026-07-03 17:18:02.810 13 ERROR oslo_messaging.rpc.server
File "/var/lib/openstack/lib/python3.12/site-packages/oslo_db/api.py", line 142, in wrapper
2026-07-03 17:18:02.810 13 ERROR oslo_messaging.rpc.server return f(*args, **kwargs)
2026-07-03 17:18:02.810 13 ERROR oslo_messaging.rpc.server ^^^^^^^^^^^^^^^^^^
2026-07-03 17:18:02.810 13 ERROR oslo_messaging.rpc.server
File "/var/lib/openstack/lib/python3.12/site-packages/neutron_lib/db/api.py", line 183, in wrapped
2026-07-03 17:18:02.810 13 ERROR oslo_messaging.rpc.server with excutils.save_and_reraise_exception():
2026-07-03 17:18:02.810 13 ERROR oslo_messaging.rpc.server
File "/var/lib/openstack/lib/python3.12/site-packages/oslo_utils/excutils.py", line 227, in __exit__
2026-07-03 17:18:02.810 13 ERROR oslo_messaging.rpc.server self.force_reraise()
2026-07-03 17:18:02.810 13 ERROR oslo_messaging.rpc.server
File "/var/lib/openstack/lib/python3.12/site-packages/oslo_utils/excutils.py", line 200, in force_reraise
2026-07-03 17:18:02.810 13 ERROR oslo_messaging.rpc.server raise self.value
2026-07-03 17:18:02.810 13 ERROR oslo_messaging.rpc.server
File "/var/lib/openstack/lib/python3.12/site-packages/neutron_lib/db/api.py", line 181, in wrapped
2026-07-03 17:18:02.810 13 ERROR oslo_messaging.rpc.server return f(*dup_args, **dup_kwargs)
2026-07-03 17:18:02.810 13 ERROR oslo_messaging.rpc.server ^^^^^^^^^^^^^^^^^^^^^^^^^^
2026-07-03 17:18:02.810 13 ERROR oslo_messaging.rpc.server
File "/var/lib/openstack/lib/python3.12/site-packages/neutron/plugins/ml2/plugin.py", line 1660, in create_port
2026-07-03 17:18:02.810 13 ERROR oslo_messaging.rpc.server result, mech_context = self._create_port_db(context, port)
2026-07-03 17:18:02.810 13 ERROR oslo_messaging.rpc.server ^^^^^^^^^^^^^^^^^^^^^^^^^^^^^^^^^^^
2026-07-03 17:18:02.810 13 ERROR oslo_messaging.rpc.server
File "/var/lib/openstack/lib/python3.12/site-packages/neutron/plugins/ml2/plugin.py", line 1625, in _create_port_db
2026-07-03 17:18:02.810 13 ERROR oslo_messaging.rpc.server port_db = self.create_port_db(context, port)
2026-07-03 17:18:02.810 13 ERROR oslo_messaging.rpc.server ^^^^^^^^^^^^^^^^^^^^^^^^^^^^^^^^^^
2026-07-03 17:18:02.810 13 ERROR oslo_messaging.rpc.server
File "/var/lib/openstack/lib/python3.12/site-packages/neutron/db/db_base_plugin_v2.py", line 1572, in create_port_db
2026-07-03 17:18:02.810 13 ERROR oslo_messaging.rpc.server self.ipam.allocate_ips_for_port_and_store(
2026-07-03 17:18:02.810 13 ERROR oslo_messaging.rpc.server
File "/var/lib/openstack/lib/python3.12/site-packages/neutron/db/ipam_pluggable_backend.py", line 219, in allocate_ips_for_port_and_store
2026-07-03 17:18:02.810 13 ERROR oslo_messaging.rpc.server ips = self.allocate_ips_for_port(context, port_copy)
2026-07-03 17:18:02.810 13 ERROR oslo_messaging.rpc.server ^^^^^^^^^^^^^^^^^^^^^^^^^^^^^^^^^^^^^^^^^^^^^^
2026-07-03 17:18:02.810 13 ERROR oslo_messaging.rpc.server
File "/var/lib/openstack/lib/python3.12/site-packages/neutron_lib/db/api.py", line 221, in wrapped
2026-07-03 17:18:02.810 13 ERROR oslo_messaging.rpc.server return f(*args, **kwargs)
2026-07-03 17:18:02.810 13 ERROR oslo_messaging.rpc.server ^^^^^^^^^^^^^^^^^^
2026-07-03 17:18:02.810 13 ERROR oslo_messaging.rpc.server
File "/var/lib/openstack/lib/python3.12/site-packages/oslo_db/sqlalchemy/enginefacade.py", line 1183, in wrapper
2026-07-03 17:18:02.810 13 ERROR oslo_messaging.rpc.server return fn(*args, **kwargs)
2026-07-03 17:18:02.810 13 ERROR oslo_messaging.rpc.server ^^^^^^^^^^^^^^^^^^^
2026-07-03 17:18:02.810 13 ERROR oslo_messaging.rpc.server
File "/var/lib/openstack/lib/python3.12/site-packages/neutron/db/ipam_pluggable_backend.py", line 226, in allocate_ips_for_port
2026-07-03 17:18:02.810 13 ERROR oslo_messaging.rpc.server return self._allocate_ips_for_port(context, port)
2026-07-03 17:18:02.810 13 ERROR oslo_messaging.rpc.server ^^^^^^^^^^^^^^^^^^^^^^^^^^^^^^^^^^^^^^^^^^
2026-07-03 17:18:02.810 13 ERROR oslo_messaging.rpc.server
File "/var/lib/openstack/lib/python3.12/site-packages/neutron/db/ipam_pluggable_backend.py", line 258, in _allocate_ips_for_port
2026-07-03 17:18:02.810 13 ERROR oslo_messaging.rpc.server subnets = self._ipam_get_subnets(
2026-07-03 17:18:02.810 13 ERROR oslo_messaging.rpc.server ^^^^^^^^^^^^^^^^^^^^^^^
2026-07-03 17:18:02.810 13 ERROR oslo_messaging.rpc.server
File "/var/lib/openstack/lib/python3.12/site-packages/neutron/db/ipam_backend_mixin.py", line 686, in _ipam_get_subnets
2026-07-03 17:18:02.810 13 ERROR oslo_messaging.rpc.server subnet.read_lock_register(
2026-07-03 17:18:02.810 13 ERROR oslo_messaging.rpc.server
File "/var/lib/openstack/lib/python3.12/site-packages/neutron/db/models_v2.py", line 77, in read_lock_register
2026-07-03 17:18:02.810 13 ERROR oslo_messaging.rpc.server raise exception
2026-07-03 17:18:02.810 13 ERROR oslo_messaging.rpc.server neutron_lib.exceptions.SubnetInUse: Unable to complete operation on subnet 43b28755-c461-44f2-8a9c-d17fd752ddc0: This subnet is being modified by another concurrent operation.
2026-07-03 17:18:02.810 13 ERROR oslo_messaging.rpc.server
2026-07-03 17:18:04.094 16 INFO neutron.plugins.ml2.plugin [None req-820000cd-32ad-4731-978b-e03a1000cf4b - - - - - -] Attempt 1 to provision port 6f506e1d-0d53-4e97-bcd0-f862cf2b51b5
2026-07-03 17:18:05.216 13 INFO neutron.plugins.ml2.plugin [None req-626baff7-2a70-4667-92a8-46f7b2e827f6 - - - - - -] Attempt 1 to provision port 989915d1-cbf4-4afd-bf6f-d72c0c09b66c
2026-07-03 17:18:05.857 16 INFO neutron.plugins.ml2.plugin [None req-820000cd-32ad-4731-978b-e03a1000cf4b - - - - - -] Attempt 1 to provision port 6f506e1d-0d53-4e97-bcd0-f862cf2b51b5
2026-07-03 17:18:09.972 13 INFO neutron.plugins.ml2.plugin [None req-820000cd-32ad-4731-978b-e03a1000cf4b - - - - - -] Attempt 1 to provision port ca80fcca-5a1d-44f8-8047-23bd5a95cddf
2026-07-03 17:18:10.716 13 INFO neutron.plugins.ml2.plugin [None req-820000cd-32ad-4731-978b-e03a1000cf4b - - - - - -] Attempt 1 to provision port a5a294b8-c333-4859-b8e4-affbefe67e8a
2026-07-03 17:18:11.957 16 INFO neutron.plugins.ml2.plugin [None req-820000cd-32ad-4731-978b-e03a1000cf4b - - - - - -] Attempt 1 to provision port ca80fcca-5a1d-44f8-8047-23bd5a95cddf
2026-07-03 17:18:12.170 16 INFO neutron.plugins.ml2.plugin [None req-820000cd-32ad-4731-978b-e03a1000cf4b - - - - - -] Attempt 1 to provision port a5a294b8-c333-4859-b8e4-affbefe67e8a
2026-07-03 17:18:12.736 16 INFO neutron.notifiers.nova [-] Nova event matching ['req-0c90a760-8696-4b4f-9286-5738b33f30a9'] response: {'server_uuid': 'b0acd0a4-1a66-400d-b93c-5d933c0b36e5', 'name': 'network-vif-unplugged', 'status': 'completed', 'tag': '43e0945f-9bb5-4715-a1ae-47586dad738e', 'code': 200}
2026-07-03 17:18:16.418 13 INFO neutron.plugins.ml2.plugin [None req-820000cd-32ad-4731-978b-e03a1000cf4b - - - - - -] Attempt 1 to provision port 43e0945f-9bb5-4715-a1ae-47586dad738e
2026-07-03 17:18:16.545 13 INFO neutron.notifiers.nova [-] Nova event matching ['req-b38801d7-75a3-4c4e-827f-a4db13fcec8b'] response: {'server_uuid': 'b0acd0a4-1a66-400d-b93c-5d933c0b36e5', 'name': 'network-vif-plugged', 'status': 'completed', 'tag': '43e0945f-9bb5-4715-a1ae-47586dad738e', 'code': 200}
2026-07-03 17:18:17.935 16 INFO neutron.plugins.ml2.plugin [None req-820000cd-32ad-4731-978b-e03a1000cf4b - - - - - -] Attempt 1 to provision port 43e0945f-9bb5-4715-a1ae-47586dad738e
2026-07-03 17:18:17.974 13 INFO neutron.plugins.ml2.plugin [None req-09e3804b-a548-4b7b-a521-c2476f778e63 - - - - - -] Attempt 1 to provision port ee6fb0e4-3667-4c66-8cba-111ef04d7007
2026-07-03 17:18:18.002 13 INFO neutron.plugins.ml2.plugin [None req-09e3804b-a548-4b7b-a521-c2476f778e63 - - - - - -] Attempt 1 to provision port 3b56125f-7345-48f8-8132-fa4ddbcf3b75
2026-07-03 17:18:18.027 13 INFO neutron.plugins.ml2.plugin [None req-09e3804b-a548-4b7b-a521-c2476f778e63 - - - - - -] Attempt 1 to provision port ca80fcca-5a1d-44f8-8047-23bd5a95cddf
2026-07-03 17:18:22.945 16 INFO neutron.plugins.ml2.plugin [None req-820000cd-32ad-4731-978b-e03a1000cf4b - - - - - -] Attempt 1 to provision port 9db7d4a9-5f67-404b-8c64-3ded31798f31
2026-07-03 17:18:23.050 16 INFO neutron.notifiers.nova [-] Nova event matching ['req-6b3b66c5-83f0-4c97-acc7-2f13891d4641'] response: {'server_uuid': 'a288309f-fb8a-47a8-9c2b-96e916f7bff6', 'name': 'network-vif-plugged', 'status': 'completed', 'tag': '9db7d4a9-5f67-404b-8c64-3ded31798f31', 'code': 200}
2026-07-03 17:18:23.956 13 INFO neutron.plugins.ml2.plugin [None req-820000cd-32ad-4731-978b-e03a1000cf4b - - - - - -] Attempt 1 to provision port 989915d1-cbf4-4afd-bf6f-d72c0c09b66c
2026-07-03 17:18:24.264 13 INFO neutron.plugins.ml2.plugin [None req-820000cd-32ad-4731-978b-e03a1000cf4b - - - - - -] Attempt 1 to provision port 9db7d4a9-5f67-404b-8c64-3ded31798f31
2026-07-03 17:18:24.532 13 INFO neutron.plugins.ml2.plugin [None req-820000cd-32ad-4731-978b-e03a1000cf4b - - - - - -] Attempt 1 to provision port 3b56125f-7345-48f8-8132-fa4ddbcf3b75
2026-07-03 17:18:26.038 13 INFO neutron.plugins.ml2.plugin [None req-820000cd-32ad-4731-978b-e03a1000cf4b - - - - - -] Attempt 1 to provision port 989915d1-cbf4-4afd-bf6f-d72c0c09b66c
2026-07-03 17:18:26.223 13 INFO neutron.plugins.ml2.plugin [None req-820000cd-32ad-4731-978b-e03a1000cf4b - - - - - -] Attempt 1 to provision port 3b56125f-7345-48f8-8132-fa4ddbcf3b75
2026-07-03 17:18:26.462 13 INFO neutron.plugins.ml2.plugin [None req-820000cd-32ad-4731-978b-e03a1000cf4b - - - - - -] Attempt 1 to provision port 446e89a7-ebd4-45a0-8f5e-097bf616c000
2026-07-03 17:18:27.975 13 INFO neutron.plugins.ml2.plugin [None req-820000cd-32ad-4731-978b-e03a1000cf4b - - - - - -] Attempt 1 to provision port 2767a29d-4d42-4451-b44c-061519121b34
2026-07-03 17:18:28.408 13 INFO neutron.plugins.ml2.plugin [None req-820000cd-32ad-4731-978b-e03a1000cf4b - - - - - -] Attempt 1 to provision port 446e89a7-ebd4-45a0-8f5e-097bf616c000
2026-07-03 17:18:30.047 16 INFO neutron.plugins.ml2.plugin [None req-820000cd-32ad-4731-978b-e03a1000cf4b - - - - - -] Attempt 1 to provision port 2767a29d-4d42-4451-b44c-061519121b34
2026-07-03 17:18:34.005 16 INFO neutron.plugins.ml2.plugin [None req-820000cd-32ad-4731-978b-e03a1000cf4b - - - - - -] Attempt 1 to provision port f2db6559-cb38-4c44-917b-64b908e68f2b
2026-07-03 17:18:34.320 16 INFO neutron.plugins.ml2.plugin [None req-820000cd-32ad-4731-978b-e03a1000cf4b - - - - - -] Attempt 1 to provision port ee6fb0e4-3667-4c66-8cba-111ef04d7007
2026-07-03 17:18:34.608 16 INFO neutron.plugins.ml2.plugin [None req-820000cd-32ad-4731-978b-e03a1000cf4b - - - - - -] Attempt 1 to provision port 36ab2acc-4411-4327-a1f3-9058a1cd16f4
2026-07-03 17:18:35.122 16 INFO neutron.plugins.ml2.plugin [None req-e705d70e-2b0a-4826-a4f8-3388f53b6b1c - - - - - -] Attempt 1 to provision port f2db6559-cb38-4c44-917b-64b908e68f2b
2026-07-03 17:18:35.187 16 INFO neutron.plugins.ml2.plugin [None req-e705d70e-2b0a-4826-a4f8-3388f53b6b1c - - - - - -] Attempt 1 to provision port 2767a29d-4d42-4451-b44c-061519121b34
2026-07-03 17:18:35.237 16 INFO neutron.plugins.ml2.plugin [None req-e705d70e-2b0a-4826-a4f8-3388f53b6b1c - - - - - -] Attempt 1 to provision port 9a16b0f7-c5ec-4874-a9cb-3eaaffe9ca71
2026-07-03 17:18:35.266 16 INFO neutron.plugins.ml2.plugin [None req-e705d70e-2b0a-4826-a4f8-3388f53b6b1c - - - - - -] Attempt 1 to provision port 9db7d4a9-5f67-404b-8c64-3ded31798f31
2026-07-03 17:18:35.317 16 INFO neutron.plugins.ml2.plugin [None req-e705d70e-2b0a-4826-a4f8-3388f53b6b1c - - - - - -] Attempt 1 to provision port 36ab2acc-4411-4327-a1f3-9058a1cd16f4
2026-07-03 17:18:35.366 16 INFO neutron.plugins.ml2.plugin [None req-e705d70e-2b0a-4826-a4f8-3388f53b6b1c - - - - - -] Attempt 1 to provision port 3b56125f-7345-48f8-8132-fa4ddbcf3b75
2026-07-03 17:18:35.924 16 INFO neutron.plugins.ml2.plugin [None req-820000cd-32ad-4731-978b-e03a1000cf4b - - - - - -] Attempt 1 to provision port f2db6559-cb38-4c44-917b-64b908e68f2b
2026-07-03 17:18:36.163 16 INFO neutron.plugins.ml2.plugin [None req-820000cd-32ad-4731-978b-e03a1000cf4b - - - - - -] Attempt 1 to provision port ee6fb0e4-3667-4c66-8cba-111ef04d7007
2026-07-03 17:18:36.399 16 INFO neutron.plugins.ml2.plugin [None req-820000cd-32ad-4731-978b-e03a1000cf4b - - - - - -] Attempt 1 to provision port 36ab2acc-4411-4327-a1f3-9058a1cd16f4
2026-07-03 17:18:38.449 13 INFO neutron.plugins.ml2.plugin [None req-820000cd-32ad-4731-978b-e03a1000cf4b - - - - - -] Attempt 1 to provision port 56c52b31-6619-44c5-8f3c-85657448fe1d
2026-07-03 17:18:38.585 13 INFO neutron.notifiers.nova [-] Nova event matching ['req-70062215-5d46-421c-a989-1d25ae798e48'] response: {'server_uuid': '41159eb3-5eb5-4b51-b96f-3b80e5fbb686', 'name': 'network-vif-plugged', 'status': 'completed', 'tag': '56c52b31-6619-44c5-8f3c-85657448fe1d', 'code': 200}
2026-07-03 17:18:39.935 16 INFO neutron.plugins.ml2.plugin [None req-820000cd-32ad-4731-978b-e03a1000cf4b - - - - - -] Attempt 1 to provision port 56c52b31-6619-44c5-8f3c-85657448fe1d
2026-07-03 17:18:41.738 13 INFO neutron.plugins.ml2.plugin [None req-011756ba-1d42-4020-9584-a25c29e4f399 - - - - - -] Attempt 1 to provision port 283c2364-4836-47bd-9de2-6ee35d175aec
2026-07-03 17:18:41.889 13 INFO neutron.plugins.ml2.plugin [None req-011756ba-1d42-4020-9584-a25c29e4f399 - - - - - -] Attempt 1 to provision port 56c52b31-6619-44c5-8f3c-85657448fe1d
2026-07-03 17:18:41.944 13 INFO neutron.plugins.ml2.plugin [None req-011756ba-1d42-4020-9584-a25c29e4f399 - - - - - -] Attempt 1 to provision port f2db6559-cb38-4c44-917b-64b908e68f2b
2026-07-03 17:18:41.970 16 INFO neutron.plugins.ml2.plugin [None req-820000cd-32ad-4731-978b-e03a1000cf4b - - - - - -] Attempt 1 to provision port 283c2364-4836-47bd-9de2-6ee35d175aec
2026-07-03 17:18:42.001 13 INFO neutron.plugins.ml2.plugin [None req-011756ba-1d42-4020-9584-a25c29e4f399 - - - - - -] Attempt 1 to provision port 9a16b0f7-c5ec-4874-a9cb-3eaaffe9ca71
2026-07-03 17:18:42.141 13 INFO neutron.plugins.ml2.plugin [None req-011756ba-1d42-4020-9584-a25c29e4f399 - - - - - -] Attempt 1 to provision port 36ab2acc-4411-4327-a1f3-9058a1cd16f4
2026-07-03 17:18:42.280 16 INFO neutron.plugins.ml2.plugin [None req-820000cd-32ad-4731-978b-e03a1000cf4b - - - - - -] Attempt 1 to provision port 9a16b0f7-c5ec-4874-a9cb-3eaaffe9ca71
2026-07-03 17:18:43.952 16 INFO neutron.plugins.ml2.plugin [None req-820000cd-32ad-4731-978b-e03a1000cf4b - - - - - -] Attempt 1 to provision port 283c2364-4836-47bd-9de2-6ee35d175aec
2026-07-03 17:18:44.097 16 INFO neutron.plugins.ml2.plugin [None req-820000cd-32ad-4731-978b-e03a1000cf4b - - - - - -] Attempt 1 to provision port 9a16b0f7-c5ec-4874-a9cb-3eaaffe9ca71
2026-07-03 17:18:45.130 16 INFO neutron.plugins.ml2.plugin [None req-1feb41d8-e40e-4abe-bb68-6813e608fe6a - - - - - -] Attempt 1 to provision port 56c52b31-6619-44c5-8f3c-85657448fe1d
2026-07-03 17:19:10.086 16 INFO neutron.plugins.ml2.plugin [None req-50a3fecd-f379-4163-a21d-9d9b968a8f8b - - - - - -] Attempt 1 to provision port 017165e1-08cb-4349-84ec-9e72e26e9c3d
2026-07-03 17:19:18.532 13 INFO neutron.plugins.ml2.plugin [None req-820000cd-32ad-4731-978b-e03a1000cf4b - - - - - -] Attempt 1 to provision port 6ae98867-4c43-449b-a2ab-2b83b779ad0f
2026-07-03 17:19:18.639 13 INFO neutron.notifiers.nova [-] Nova event matching ['req-3249e761-1a2a-4d82-a9a7-6a8ba60fca21'] response: {'server_uuid': '32ff2f7f-45f5-41ab-91e7-864ab4198be8', 'name': 'network-vif-plugged', 'status': 'completed', 'tag': '6ae98867-4c43-449b-a2ab-2b83b779ad0f', 'code': 200}
2026-07-03 17:19:19.975 16 INFO neutron.plugins.ml2.plugin [None req-820000cd-32ad-4731-978b-e03a1000cf4b - - - - - -] Attempt 1 to provision port 6ae98867-4c43-449b-a2ab-2b83b779ad0f
2026-07-03 17:19:29.964 13 INFO neutron.plugins.ml2.plugin [None req-820000cd-32ad-4731-978b-e03a1000cf4b - - - - - -] Attempt 1 to provision port 29f448b5-3a27-410d-863c-2a88e100210d
2026-07-03 17:19:30.336 13 INFO neutron.plugins.ml2.plugin [None req-820000cd-32ad-4731-978b-e03a1000cf4b - - - - - -] Attempt 1 to provision port 225f0cfb-d2a2-4f43-8885-9ced77a77c0d
2026-07-03 17:19:31.886 13 INFO neutron.plugins.ml2.plugin [None req-820000cd-32ad-4731-978b-e03a1000cf4b - - - - - -] Attempt 1 to provision port 29f448b5-3a27-410d-863c-2a88e100210d
2026-07-03 17:19:32.043 13 INFO neutron.plugins.ml2.plugin [None req-820000cd-32ad-4731-978b-e03a1000cf4b - - - - - -] Attempt 1 to provision port 225f0cfb-d2a2-4f43-8885-9ced77a77c0d
2026-07-03 17:19:34.785 16 INFO neutron.plugins.ml2.plugin [None req-f3a68465-61cf-4bed-bfa5-a3e3e9782e97 - - - - - -] Attempt 1 to provision port a48273aa-a656-4fff-be8f-c64a6203d129
2026-07-03 17:19:34.807 16 INFO neutron.plugins.ml2.plugin [None req-f3a68465-61cf-4bed-bfa5-a3e3e9782e97 - - - - - -] Attempt 1 to provision port 29f448b5-3a27-410d-863c-2a88e100210d
2026-07-03 17:19:37.931 16 INFO neutron.plugins.ml2.plugin [None req-820000cd-32ad-4731-978b-e03a1000cf4b - - - - - -] Attempt 1 to provision port 252c5f89-a8d2-4e33-80a1-8075f4afe58f
2026-07-03 17:19:39.967 16 INFO neutron.plugins.ml2.plugin [None req-820000cd-32ad-4731-978b-e03a1000cf4b - - - - - -] Attempt 1 to provision port 252c5f89-a8d2-4e33-80a1-8075f4afe58f
2026-07-03 17:19:41.932 13 INFO neutron.plugins.ml2.plugin [None req-820000cd-32ad-4731-978b-e03a1000cf4b - - - - - -] Attempt 1 to provision port e1151486-919a-4ce4-848f-925eeefc05b3
2026-07-03 17:19:43.966 16 INFO neutron.plugins.ml2.plugin [None req-820000cd-32ad-4731-978b-e03a1000cf4b - - - - - -] Attempt 1 to provision port e1151486-919a-4ce4-848f-925eeefc05b3
2026-07-03 17:19:45.384 16 INFO neutron.plugins.ml2.plugin [None req-1a21f170-c8ba-45f4-ba00-26046789d4a7 - - - - - -] Attempt 1 to provision port 761facb5-fa86-4555-a6b7-0888250fb94b
2026-07-03 17:19:45.406 16 INFO neutron.plugins.ml2.plugin [None req-1a21f170-c8ba-45f4-ba00-26046789d4a7 - - - - - -] Attempt 1 to provision port e1151486-919a-4ce4-848f-925eeefc05b3
2026-07-03 17:19:45.468 16 INFO neutron.plugins.ml2.plugin [None req-1a21f170-c8ba-45f4-ba00-26046789d4a7 - - - - - -] Attempt 1 to provision port ed5c5e17-bee3-4e86-a531-a8882960fbe9
2026-07-03 17:19:45.497 16 INFO neutron.plugins.ml2.plugin [None req-1a21f170-c8ba-45f4-ba00-26046789d4a7 - - - - - -] Attempt 1 to provision port 252c5f89-a8d2-4e33-80a1-8075f4afe58f
2026-07-03 17:19:45.808 16 INFO neutron.plugins.ml2.plugin [None req-1a21f170-c8ba-45f4-ba00-26046789d4a7 - - - - - -] Attempt 1 to provision port 30053965-6703-43e3-96fd-3026393400e2
2026-07-03 17:19:46.607 16 INFO neutron.plugins.ml2.plugin [None req-820000cd-32ad-4731-978b-e03a1000cf4b - - - - - -] Attempt 1 to provision port 1afd8351-255e-47bc-be8d-77252127db27
2026-07-03 17:19:46.723 16 INFO neutron.notifiers.nova [-] Nova event matching ['req-606f32aa-11b9-49fa-91ba-4d6dacdfc553'] response: {'server_uuid': '96cf74bb-b006-4730-b8a8-882cebaa2e17', 'name': 'network-vif-plugged', 'status': 'completed', 'tag': '1afd8351-255e-47bc-be8d-77252127db27', 'code': 200}
2026-07-03 17:19:47.996 16 INFO neutron.plugins.ml2.plugin [None req-820000cd-32ad-4731-978b-e03a1000cf4b - - - - - -] Attempt 1 to provision port 30053965-6703-43e3-96fd-3026393400e2
2026-07-03 17:19:48.566 16 INFO neutron.plugins.ml2.plugin [None req-820000cd-32ad-4731-978b-e03a1000cf4b - - - - - -] Attempt 1 to provision port 1afd8351-255e-47bc-be8d-77252127db27
2026-07-03 17:19:50.109 16 INFO neutron.plugins.ml2.plugin [None req-820000cd-32ad-4731-978b-e03a1000cf4b - - - - - -] Attempt 1 to provision port 30053965-6703-43e3-96fd-3026393400e2
2026-07-03 17:19:50.252 16 INFO neutron.plugins.ml2.plugin [None req-820000cd-32ad-4731-978b-e03a1000cf4b - - - - - -] Attempt 1 to provision port 761facb5-fa86-4555-a6b7-0888250fb94b
2026-07-03 17:19:50.528 16 INFO neutron.plugins.ml2.plugin [None req-820000cd-32ad-4731-978b-e03a1000cf4b - - - - - -] Attempt 1 to provision port a48273aa-a656-4fff-be8f-c64a6203d129
2026-07-03 17:19:50.811 16 INFO neutron.plugins.ml2.plugin [None req-820000cd-32ad-4731-978b-e03a1000cf4b - - - - - -] Attempt 1 to provision port ed5c5e17-bee3-4e86-a531-a8882960fbe9
2026-07-03 17:19:51.366 16 INFO neutron.plugins.ml2.plugin [None req-ff8c2d1a-8662-4a07-aa94-091997d70ec3 - - - - - -] Attempt 1 to provision port 761facb5-fa86-4555-a6b7-0888250fb94b
2026-07-03 17:19:51.430 16 INFO neutron.plugins.ml2.plugin [None req-ff8c2d1a-8662-4a07-aa94-091997d70ec3 - - - - - -] Attempt 1 to provision port a48273aa-a656-4fff-be8f-c64a6203d129
2026-07-03 17:19:51.502 16 INFO neutron.plugins.ml2.plugin [None req-ff8c2d1a-8662-4a07-aa94-091997d70ec3 - - - - - -] Attempt 1 to provision port e1151486-919a-4ce4-848f-925eeefc05b3
2026-07-03 17:19:51.557 16 INFO neutron.plugins.ml2.plugin [None req-ff8c2d1a-8662-4a07-aa94-091997d70ec3 - - - - - -] Attempt 1 to provision port ed5c5e17-bee3-4e86-a531-a8882960fbe9
2026-07-03 17:19:51.617 16 INFO neutron.plugins.ml2.plugin [None req-ff8c2d1a-8662-4a07-aa94-091997d70ec3 - - - - - -] Attempt 1 to provision port 252c5f89-a8d2-4e33-80a1-8075f4afe58f
2026-07-03 17:19:51.686 16 INFO neutron.plugins.ml2.plugin [None req-ff8c2d1a-8662-4a07-aa94-091997d70ec3 - - - - - -] Attempt 1 to provision port 1afd8351-255e-47bc-be8d-77252127db27
2026-07-03 17:19:52.046 16 INFO neutron.plugins.ml2.plugin [None req-820000cd-32ad-4731-978b-e03a1000cf4b - - - - - -] Attempt 1 to provision port 761facb5-fa86-4555-a6b7-0888250fb94b
2026-07-03 17:19:52.206 16 INFO neutron.plugins.ml2.plugin [None req-820000cd-32ad-4731-978b-e03a1000cf4b - - - - - -] Attempt 1 to provision port a48273aa-a656-4fff-be8f-c64a6203d129
2026-07-03 17:19:52.427 16 INFO neutron.plugins.ml2.plugin [None req-820000cd-32ad-4731-978b-e03a1000cf4b - - - - - -] Attempt 1 to provision port ed5c5e17-bee3-4e86-a531-a8882960fbe9
2026-07-03 17:19:56.819 13 INFO neutron.plugins.ml2.plugin [None req-1151ef69-076d-46e9-ad10-b9139b745a59 - - - - - -] Attempt 1 to provision port 761facb5-fa86-4555-a6b7-0888250fb94b
2026-07-03 17:19:56.881 13 INFO neutron.plugins.ml2.plugin [None req-1151ef69-076d-46e9-ad10-b9139b745a59 - - - - - -] Attempt 1 to provision port a48273aa-a656-4fff-be8f-c64a6203d129
2026-07-03 17:19:56.944 13 INFO neutron.plugins.ml2.plugin [None req-1151ef69-076d-46e9-ad10-b9139b745a59 - - - - - -] Attempt 1 to provision port e1151486-919a-4ce4-848f-925eeefc05b3
2026-07-03 17:19:56.995 13 INFO neutron.plugins.ml2.plugin [None req-1151ef69-076d-46e9-ad10-b9139b745a59 - - - - - -] Attempt 1 to provision port ed5c5e17-bee3-4e86-a531-a8882960fbe9
2026-07-03 17:19:57.047 13 INFO neutron.plugins.ml2.plugin [None req-1151ef69-076d-46e9-ad10-b9139b745a59 - - - - - -] Attempt 1 to provision port 252c5f89-a8d2-4e33-80a1-8075f4afe58f
2026-07-03 17:19:57.093 13 INFO neutron.plugins.ml2.plugin [None req-1151ef69-076d-46e9-ad10-b9139b745a59 - - - - - -] Attempt 1 to provision port 1afd8351-255e-47bc-be8d-77252127db27
2026-07-03 17:20:00.205 16 INFO neutron.plugins.ml2.plugin [None req-081ba39f-c45c-475c-985c-93f5faa9e391 - - - - - -] Attempt 1 to provision port 761facb5-fa86-4555-a6b7-0888250fb94b
2026-07-03 17:20:00.246 16 INFO neutron.plugins.ml2.plugin [None req-081ba39f-c45c-475c-985c-93f5faa9e391 - - - - - -] Attempt 1 to provision port ed5c5e17-bee3-4e86-a531-a8882960fbe9
2026-07-03 17:20:03.667 16 INFO neutron.plugins.ml2.plugin [None req-38579b1e-b4cf-4d6d-9c2d-0d91180b5e0d - - - - - -] Attempt 1 to provision port 761facb5-fa86-4555-a6b7-0888250fb94b
2026-07-03 17:20:04.279 16 INFO neutron.plugins.ml2.plugin [None req-820000cd-32ad-4731-978b-e03a1000cf4b - - - - - -] Attempt 1 to provision port 924b2b00-4c16-42dd-881c-cb58f8dec22b
2026-07-03 17:20:04.392 16 INFO neutron.notifiers.nova [-] Nova event matching ['req-a16157e7-4710-43b4-b71d-35fb5e066d6e'] response: {'server_uuid': 'f2d36f20-2d1c-40ae-a423-7a109217d3c7', 'name': 'network-vif-plugged', 'status': 'completed', 'tag': '924b2b00-4c16-42dd-881c-cb58f8dec22b', 'code': 200}
2026-07-03 17:20:05.761 13 INFO neutron.plugins.ml2.plugin [None req-8fe49897-4398-4742-9dc5-e7dba8b2163e - - - - - -] Attempt 1 to provision port 1afd8351-255e-47bc-be8d-77252127db27
2026-07-03 17:20:05.935 16 INFO neutron.plugins.ml2.plugin [None req-820000cd-32ad-4731-978b-e03a1000cf4b - - - - - -] Attempt 1 to provision port 924b2b00-4c16-42dd-881c-cb58f8dec22b
2026-07-03 17:20:30.238 16 INFO neutron.plugins.ml2.plugin [None req-fafac20c-6fb9-4dd5-93b0-1e454baec249 - - - - - -] Attempt 1 to provision port 914ed359-4707-4c07-8aac-029f1595460d
2026-07-03 17:20:43.690 13 INFO neutron.plugins.ml2.plugin [None req-71cf8f09-0962-434f-91dd-9f8b4615efcf - - - - - -] Attempt 1 to provision port ddacaaf3-511d-41fd-a81b-f4b3d2d7577d
2026-07-03 17:20:43.961 16 INFO neutron.plugins.ml2.plugin [None req-820000cd-32ad-4731-978b-e03a1000cf4b - - - - - -] Attempt 1 to provision port ddacaaf3-511d-41fd-a81b-f4b3d2d7577d
2026-07-03 17:20:56.551 16 INFO neutron.plugins.ml2.plugin [None req-820000cd-32ad-4731-978b-e03a1000cf4b - - - - - -] Attempt 1 to provision port 957b067b-52f7-4fa5-bd54-3c575d60556b
2026-07-03 17:20:56.659 16 INFO neutron.notifiers.nova [-] Nova event matching ['req-a86f8370-8cff-4908-9fca-dfadfde86a6f'] response: {'server_uuid': 'f5d11a4f-c06e-453e-a8e2-d1b08b24dfcf', 'name': 'network-vif-plugged', 'status': 'completed', 'tag': '957b067b-52f7-4fa5-bd54-3c575d60556b', 'code': 200}
2026-07-03 17:20:57.955 13 INFO neutron.plugins.ml2.plugin [None req-820000cd-32ad-4731-978b-e03a1000cf4b - - - - - -] Attempt 1 to provision port 957b067b-52f7-4fa5-bd54-3c575d60556b
2026-07-03 17:21:36.960 13 INFO neutron.plugins.ml2.plugin [None req-cfd6bd32-6f34-4da1-9f94-2f33264eb6ec - - - - - -] Attempt 1 to provision port 0ac48f39-5c71-4447-96bc-931da988e06a
2026-07-03 17:21:42.020 16 INFO neutron.plugins.ml2.plugin [None req-820000cd-32ad-4731-978b-e03a1000cf4b - - - - - -] Attempt 1 to provision port 0ac48f39-5c71-4447-96bc-931da988e06a
2026-07-03 17:21:42.178 16 INFO neutron.notifiers.nova [-] Nova event matching ['req-12c5fbf9-d865-44e9-a105-971c6d3627a0'] response: {'server_uuid': 'f5d11a4f-c06e-453e-a8e2-d1b08b24dfcf', 'name': 'network-vif-plugged', 'status': 'completed', 'tag': '0ac48f39-5c71-4447-96bc-931da988e06a', 'code': 200}
2026-07-03 17:21:43.952 13 INFO neutron.plugins.ml2.plugin [None req-820000cd-32ad-4731-978b-e03a1000cf4b - - - - - -] Attempt 1 to provision port 0ac48f39-5c71-4447-96bc-931da988e06a
2026-07-03 17:21:46.476 13 INFO neutron.plugins.ml2.plugin [None req-820000cd-32ad-4731-978b-e03a1000cf4b - - - - - -] Attempt 1 to provision port 0ac48f39-5c71-4447-96bc-931da988e06a
2026-07-03 17:22:06.851 13 INFO neutron.plugins.ml2.plugin [None req-ecd60660-ae51-4ad4-84f5-8bf592a4360d - - - - - -] Attempt 1 to provision port 97a2e37b-08c0-4022-b43b-0d88dc74aa51
2026-07-03 17:22:15.580 13 INFO neutron.plugins.ml2.plugin [None req-820000cd-32ad-4731-978b-e03a1000cf4b - - - - - -] Attempt 1 to provision port 97a2e37b-08c0-4022-b43b-0d88dc74aa51
2026-07-03 17:22:15.734 13 INFO neutron.notifiers.nova [-] Nova event matching ['req-ae3a33f3-6b6a-4f24-8999-a8829583aef6'] response: {'server_uuid': 'f5d11a4f-c06e-453e-a8e2-d1b08b24dfcf', 'name': 'network-vif-plugged', 'status': 'completed', 'tag': '97a2e37b-08c0-4022-b43b-0d88dc74aa51', 'code': 200}
2026-07-03 17:22:16.184 16 INFO neutron.plugins.ml2.plugin [None req-820000cd-32ad-4731-978b-e03a1000cf4b - - - - - -] Attempt 1 to provision port 97a2e37b-08c0-4022-b43b-0d88dc74aa51
2026-07-03 17:22:26.825 16 INFO neutron.plugins.ml2.plugin [None req-f0955ad5-a476-48df-b896-79992e29d104 - - - - - -] Attempt 1 to provision port 78a88487-642c-4c18-92ea-28e44c666ede
2026-07-03 17:22:32.212 13 INFO neutron.plugins.ml2.plugin [None req-820000cd-32ad-4731-978b-e03a1000cf4b - - - - - -] Attempt 1 to provision port 78a88487-642c-4c18-92ea-28e44c666ede
2026-07-03 17:22:32.317 13 INFO neutron.notifiers.nova [-] Nova event matching ['req-0a101569-bdf3-45a4-b808-03cf963d859c'] response: {'server_uuid': 'f5d11a4f-c06e-453e-a8e2-d1b08b24dfcf', 'name': 'network-vif-plugged', 'status': 'completed', 'tag': '78a88487-642c-4c18-92ea-28e44c666ede', 'code': 200}
2026-07-03 17:22:34.192 16 INFO neutron.plugins.ml2.plugin [None req-820000cd-32ad-4731-978b-e03a1000cf4b - - - - - -] Attempt 1 to provision port 78a88487-642c-4c18-92ea-28e44c666ede
2026-07-03 17:22:36.543 13 INFO neutron.plugins.ml2.plugin [None req-05d463ca-8624-4b63-b06c-be3ec8f8eca2 - - - - - -] Attempt 1 to provision port 97a2e37b-08c0-4022-b43b-0d88dc74aa51
2026-07-03 17:22:50.807 16 INFO neutron.plugins.ml2.plugin [None req-a48a05d7-3aed-429d-990f-6196152018d1 - - - - - -] Attempt 1 to provision port 78a88487-642c-4c18-92ea-28e44c666ede
2026-07-03 17:22:52.226 16 INFO neutron.plugins.ml2.plugin [None req-97c2b8bf-2f69-4503-a7da-a77f621fa224 - - - - - -] Attempt 1 to provision port 78a88487-642c-4c18-92ea-28e44c666ede
2026-07-03 17:22:52.273 13 INFO neutron.plugins.ml2.plugin [None req-820000cd-32ad-4731-978b-e03a1000cf4b - - - - - -] Attempt 1 to provision port 78a88487-642c-4c18-92ea-28e44c666ede
2026-07-03 17:23:01.410 13 INFO neutron.plugins.ml2.plugin [None req-4c82afc0-8534-4b06-af59-08d0fa77eb14 - - - - - -] Attempt 1 to provision port 97a2e37b-08c0-4022-b43b-0d88dc74aa51
2026-07-03 17:23:02.236 16 INFO neutron.plugins.ml2.plugin [None req-820000cd-32ad-4731-978b-e03a1000cf4b - - - - - -] Attempt 1 to provision port 97a2e37b-08c0-4022-b43b-0d88dc74aa51
2026-07-03 17:23:44.408 16 INFO neutron.notifiers.nova [-] Nova event matching ['req-8110968f-e5f4-42c7-84be-94a97292f5a8'] response: {'server_uuid': '96cf74bb-b006-4730-b8a8-882cebaa2e17', 'name': 'network-vif-unplugged', 'status': 'completed', 'tag': '1afd8351-255e-47bc-be8d-77252127db27', 'code': 200}