Jun 22 06:15:39.923931 np0000182461 devstack@neutron-api.service[103411]: DEBUG neutron.api.extensions [None req-1ba8fa2d-1302-42b1-abd0-a3b9c9638107 None None] Loading extension file: sorting.py {{(pid=103411) _load_all_extensions_from_path /opt/stack/neutron/neutron/api/extensions.py:449}}
Jun 22 06:15:39.923931 np0000182461 devstack@neutron-api.service[103411]: DEBUG neutron.api.extensions [None req-1ba8fa2d-1302-42b1-abd0-a3b9c9638107 None None] Ext name="Sorting support" alias="sorting" description="Extension that indicates that sorting is enabled." updated="2016-06-12T00:00:00-00:00" {{(pid=103411) _check_extension /opt/stack/neutron/neutron/api/extensions.py:415}}
Jun 22 06:15:39.923931 np0000182461 devstack@neutron-api.service[103411]: INFO neutron.api.extensions [None req-1ba8fa2d-1302-42b1-abd0-a3b9c9638107 None None] Loaded extension: sorting
Jun 22 06:15:39.923931 np0000182461 devstack@neutron-api.service[103411]: DEBUG neutron.api.extensions [None req-1ba8fa2d-1302-42b1-abd0-a3b9c9638107 None None] Loading extension file: standard_attr_segment.py {{(pid=103411) _load_all_extensions_from_path /opt/stack/neutron/neutron/api/extensions.py:449}}
Jun 22 06:15:39.924055 np0000182461 devstack@neutron-api.service[103413]: DEBUG neutron_lib.callbacks.manager [None req-ecc84b77-3c23-4a82-bced-c70c6c62eae2 None None] Publish callbacks ['neutron.plugins.ml2.drivers.ovn.mech_driver.mech_driver.OVNMechanismDriver.pre_fork_initialize-903698'] for process (None), before_spawn {{(pid=103413) _notify_loop /opt/stack/data/venv/lib/python3.12/site-packages/neutron_lib/callbacks/manager.py:184}}
Jun 22 06:15:39.924114 np0000182461 devstack@neutron-api.service[103411]: DEBUG neutron.api.extensions [None req-1ba8fa2d-1302-42b1-abd0-a3b9c9638107 None None] Ext name="Standard Attribute Segment Extension" alias="standard-attr-segment" description="Add standard attributes to Segment resource" updated="2018-04-09T10:00:00-00:00" {{(pid=103411) _check_extension /opt/stack/neutron/neutron/api/extensions.py:415}}
Jun 22 06:15:39.924171 np0000182461 devstack@neutron-api.service[103413]: DEBUG oslo_concurrency.processutils [None req-ecc84b77-3c23-4a82-bced-c70c6c62eae2 None None] Running cmd (subprocess): ovsdb-client transact ssl:199.204.45.95:6641 --timeout 180 -p /opt/stack/data/CA/int-ca/private/devstack-cert.key -c /opt/stack/data/CA/int-ca/devstack-cert.crt -C /opt/stack/data/CA/int-ca/ca-chain.pem ["OVN_Northbound", {"op": "wait", "timeout": 0, "table": "Port_Group", "where": [["name", "==", "neutron_pg_drop"]], "until": "==", "rows": []}, {"op": "insert", "table": "ACL", "row": {"action": "drop", "direction": "to-lport", "match": "outport == @neutron_pg_drop && ip", "priority": 1001}, "uuid-name": "droptoport"}, {"op": "insert", "table": "ACL", "row": {"action": "drop", "direction": "from-lport", "match": "inport == @neutron_pg_drop && ip", "priority": 1001}, "uuid-name": "dropfromport"}, {"op": "insert", "table": "Port_Group", "row": {"name": "neutron_pg_drop", "acls": ["set", [["named-uuid", "droptoport"], ["named-uuid", "dropfromport"]]]}}] {{(pid=103413) execute /opt/stack/data/venv/lib/python3.12/site-packages/oslo_concurrency/processutils.py:440}}
Jun 22 06:15:39.924258 np0000182461 devstack@neutron-api.service[103411]: INFO neutron.api.extensions [None req-1ba8fa2d-1302-42b1-abd0-a3b9c9638107 None None] Extension standard-attr-segment not supported by any of loaded plugins
Jun 22 06:15:39.924258 np0000182461 devstack@neutron-api.service[103411]: DEBUG neutron.api.extensions [None req-1ba8fa2d-1302-42b1-abd0-a3b9c9638107 None None] Loading extension file: standardattrdescription.py {{(pid=103411) _load_all_extensions_from_path /opt/stack/neutron/neutron/api/extensions.py:449}}
Jun 22 06:15:39.924258 np0000182461 devstack@neutron-api.service[103411]: DEBUG neutron.api.extensions [None req-1ba8fa2d-1302-42b1-abd0-a3b9c9638107 None None] Ext name="standard-attr-description" alias="standard-attr-description" description="Extension to add descriptions to standard attributes" updated="2016-02-10T10:00:00-00:00" {{(pid=103411) _check_extension /opt/stack/neutron/neutron/api/extensions.py:415}}
Jun 22 06:15:39.924258 np0000182461 devstack@neutron-api.service[103411]: INFO neutron.api.extensions [None req-1ba8fa2d-1302-42b1-abd0-a3b9c9638107 None None] Loaded extension: standard-attr-description
Jun 22 06:15:39.924258 np0000182461 devstack@neutron-api.service[103411]: DEBUG neutron.api.extensions [None req-1ba8fa2d-1302-42b1-abd0-a3b9c9638107 None None] Loading extension file: stateful_security_group.py {{(pid=103411) _load_all_extensions_from_path /opt/stack/neutron/neutron/api/extensions.py:449}}
Jun 22 06:15:39.924258 np0000182461 devstack@neutron-api.service[103411]: DEBUG neutron.api.extensions [None req-1ba8fa2d-1302-42b1-abd0-a3b9c9638107 None None] Ext name="Stateful security group" alias="stateful-security-group" description="Indicates if the security group is stateful or not" updated="2019-11-26T09:00:00-00:00" {{(pid=103411) _check_extension /opt/stack/neutron/neutron/api/extensions.py:415}}
Jun 22 06:15:39.924258 np0000182461 devstack@neutron-api.service[103411]: INFO neutron.api.extensions [None req-1ba8fa2d-1302-42b1-abd0-a3b9c9638107 None None] Loaded extension: stateful-security-group
Jun 22 06:15:39.924499 np0000182461 devstack@neutron-api.service[103411]: DEBUG neutron.api.extensions [None req-1ba8fa2d-1302-42b1-abd0-a3b9c9638107 None None] Loading extension file: stdattrs_common.py {{(pid=103411) _load_all_extensions_from_path /opt/stack/neutron/neutron/api/extensions.py:449}}
Jun 22 06:15:39.924499 np0000182461 devstack@neutron-api.service[103411]: WARNING neutron.api.extensions [None req-1ba8fa2d-1302-42b1-abd0-a3b9c9638107 None None] Did not find expected name "Stdattrs_common" in /opt/stack/neutron/neutron/extensions/stdattrs_common.py
Jun 22 06:15:39.924499 np0000182461 devstack@neutron-api.service[103411]: DEBUG neutron.api.extensions [None req-1ba8fa2d-1302-42b1-abd0-a3b9c9638107 None None] Loading extension file: subnet_dns_publish_fixed_ip.py {{(pid=103411) _load_all_extensions_from_path /opt/stack/neutron/neutron/api/extensions.py:449}}
Jun 22 06:15:39.924499 np0000182461 devstack@neutron-api.service[103411]: DEBUG neutron.api.extensions [None req-1ba8fa2d-1302-42b1-abd0-a3b9c9638107 None None] Ext name="Subnet DNS publish fixed IP" alias="subnet-dns-publish-fixed-ip" description="Support choosing to publish DNS records for IPs from a subnet" updated="2019-05-24T10:00:00-00:00" {{(pid=103411) _check_extension /opt/stack/neutron/neutron/api/extensions.py:415}}
Jun 22 06:15:39.924499 np0000182461 devstack@neutron-api.service[103411]: INFO neutron.api.extensions [None req-1ba8fa2d-1302-42b1-abd0-a3b9c9638107 None None] Loaded extension: subnet-dns-publish-fixed-ip
Jun 22 06:15:39.924499 np0000182461 devstack@neutron-api.service[103411]: DEBUG neutron.api.extensions [None req-1ba8fa2d-1302-42b1-abd0-a3b9c9638107 None None] Loading extension file: subnet_external_network.py {{(pid=103411) _load_all_extensions_from_path /opt/stack/neutron/neutron/api/extensions.py:449}}
Jun 22 06:15:39.924499 np0000182461 devstack@neutron-api.service[103411]: DEBUG neutron.api.extensions [None req-1ba8fa2d-1302-42b1-abd0-a3b9c9638107 None None] Ext name="Subnet belongs to an external network" alias="subnet-external-network" description="Informs if the subnet belongs to an external network" updated="2024-02-05T18:00:00-00:00" {{(pid=103411) _check_extension /opt/stack/neutron/neutron/api/extensions.py:415}}
Jun 22 06:15:39.924701 np0000182461 devstack@neutron-api.service[103411]: INFO neutron.api.extensions [None req-1ba8fa2d-1302-42b1-abd0-a3b9c9638107 None None] Loaded extension: subnet-external-network
Jun 22 06:15:39.924701 np0000182461 devstack@neutron-api.service[103411]: DEBUG neutron.api.extensions [None req-1ba8fa2d-1302-42b1-abd0-a3b9c9638107 None None] Loading extension file: subnet_onboard.py {{(pid=103411) _load_all_extensions_from_path /opt/stack/neutron/neutron/api/extensions.py:449}}
Jun 22 06:15:39.924701 np0000182461 devstack@neutron-api.service[103411]: DEBUG neutron.api.extensions [None req-1ba8fa2d-1302-42b1-abd0-a3b9c9638107 None None] Ext name="Subnet Onboard" alias="subnet_onboard" description="Provides support for onboarding subnets into subnet pools" updated="2018-12-18T09:00:00-00:00" {{(pid=103411) _check_extension /opt/stack/neutron/neutron/api/extensions.py:415}}
Jun 22 06:15:39.924701 np0000182461 devstack@neutron-api.service[103411]: INFO neutron.api.extensions [None req-1ba8fa2d-1302-42b1-abd0-a3b9c9638107 None None] Loaded extension: subnet_onboard
Jun 22 06:15:39.924701 np0000182461 devstack@neutron-api.service[103411]: DEBUG neutron.api.extensions [None req-1ba8fa2d-1302-42b1-abd0-a3b9c9638107 None None] Loading extension file: subnet_segmentid_writable.py {{(pid=103411) _load_all_extensions_from_path /opt/stack/neutron/neutron/api/extensions.py:449}}
Jun 22 06:15:39.924701 np0000182461 devstack@neutron-api.service[103411]: DEBUG neutron.api.extensions [None req-1ba8fa2d-1302-42b1-abd0-a3b9c9638107 None None] Ext name="Subnet SegmentID (writable)" alias="subnet-segmentid-writable" description="Provides a writable segment_id attribute for a subnet resource." updated="2018-03-12T00:00:00-00:00" {{(pid=103411) _check_extension /opt/stack/neutron/neutron/api/extensions.py:415}}
Jun 22 06:15:39.924701 np0000182461 devstack@neutron-api.service[103411]: INFO neutron.api.extensions [None req-1ba8fa2d-1302-42b1-abd0-a3b9c9638107 None None] Extension subnet-segmentid-writable not supported by any of loaded plugins
Jun 22 06:15:39.924911 np0000182461 devstack@neutron-api.service[103411]: DEBUG neutron.api.extensions [None req-1ba8fa2d-1302-42b1-abd0-a3b9c9638107 None None] Loading extension file: subnet_service_types.py {{(pid=103411) _load_all_extensions_from_path /opt/stack/neutron/neutron/api/extensions.py:449}}
Jun 22 06:15:39.924911 np0000182461 devstack@neutron-api.service[103411]: DEBUG neutron.api.extensions [None req-1ba8fa2d-1302-42b1-abd0-a3b9c9638107 None None] Ext name="Subnet service types" alias="subnet-service-types" description="Provides ability to set the subnet service_types field" updated="2016-03-15T18:00:00-00:00" {{(pid=103411) _check_extension /opt/stack/neutron/neutron/api/extensions.py:415}}
Jun 22 06:15:39.924911 np0000182461 devstack@neutron-api.service[103411]: INFO neutron.api.extensions [None req-1ba8fa2d-1302-42b1-abd0-a3b9c9638107 None None] Loaded extension: subnet-service-types
Jun 22 06:15:39.924911 np0000182461 devstack@neutron-api.service[103411]: DEBUG neutron.api.extensions [None req-1ba8fa2d-1302-42b1-abd0-a3b9c9638107 None None] Loading extension file: subnetallocation.py {{(pid=103411) _load_all_extensions_from_path /opt/stack/neutron/neutron/api/extensions.py:449}}
Jun 22 06:15:39.924911 np0000182461 devstack@neutron-api.service[103411]: DEBUG neutron.api.extensions [None req-1ba8fa2d-1302-42b1-abd0-a3b9c9638107 None None] Ext name="Subnet Allocation" alias="subnet_allocation" description="Enables allocation of subnets from a subnet pool" updated="2015-03-30T10:00:00-00:00" {{(pid=103411) _check_extension /opt/stack/neutron/neutron/api/extensions.py:415}}
Jun 22 06:15:39.924911 np0000182461 devstack@neutron-api.service[103411]: INFO neutron.api.extensions [None req-1ba8fa2d-1302-42b1-abd0-a3b9c9638107 None None] Loaded extension: subnet_allocation
Jun 22 06:15:39.924911 np0000182461 devstack@neutron-api.service[103411]: DEBUG neutron.api.extensions [None req-1ba8fa2d-1302-42b1-abd0-a3b9c9638107 None None] Loading extension file: subnetpool_prefix_ops.py {{(pid=103411) _load_all_extensions_from_path /opt/stack/neutron/neutron/api/extensions.py:449}}
Jun 22 06:15:39.925118 np0000182461 devstack@neutron-api.service[103411]: DEBUG neutron.api.extensions [None req-1ba8fa2d-1302-42b1-abd0-a3b9c9638107 None None] Ext name="Subnet Pool Prefix Operations" alias="subnetpool-prefix-ops" description="Provides support for adjusting the prefix list of subnet pools" updated="2019-02-08T10:00:00-00:00" {{(pid=103411) _check_extension /opt/stack/neutron/neutron/api/extensions.py:415}}
Jun 22 06:15:39.925118 np0000182461 devstack@neutron-api.service[103411]: INFO neutron.api.extensions [None req-1ba8fa2d-1302-42b1-abd0-a3b9c9638107 None None] Loaded extension: subnetpool-prefix-ops
Jun 22 06:15:39.925118 np0000182461 devstack@neutron-api.service[103411]: DEBUG neutron.api.extensions [None req-1ba8fa2d-1302-42b1-abd0-a3b9c9638107 None None] Loading extension file: tag_creation.py {{(pid=103411) _load_all_extensions_from_path /opt/stack/neutron/neutron/api/extensions.py:449}}
Jun 22 06:15:39.925118 np0000182461 devstack@neutron-api.service[103411]: DEBUG neutron.api.extensions [None req-1ba8fa2d-1302-42b1-abd0-a3b9c9638107 None None] Ext name="Tag creation extension" alias="tag-creation" description="Allow to create multiple tags for a resource" updated="2024-23-07T10:00:00-00:00" {{(pid=103411) _check_extension /opt/stack/neutron/neutron/api/extensions.py:415}}
Jun 22 06:15:39.925118 np0000182461 devstack@neutron-api.service[103411]: INFO neutron.api.extensions [None req-1ba8fa2d-1302-42b1-abd0-a3b9c9638107 None None] Loaded extension: tag-creation
Jun 22 06:15:39.925118 np0000182461 devstack@neutron-api.service[103411]: DEBUG neutron.api.extensions [None req-1ba8fa2d-1302-42b1-abd0-a3b9c9638107 None None] Loading extension file: tag_ports_during_bulk_creation.py {{(pid=103411) _load_all_extensions_from_path /opt/stack/neutron/neutron/api/extensions.py:449}}
Jun 22 06:15:39.925118 np0000182461 devstack@neutron-api.service[103411]: DEBUG neutron.api.extensions [None req-1ba8fa2d-1302-42b1-abd0-a3b9c9638107 None None] Ext name="Tag Ports During Bulk Creation" alias="tag-ports-during-bulk-creation" description="Allow to tag ports during bulk creation" updated="2019-12-29T19:00:00-00:00" {{(pid=103411) _check_extension /opt/stack/neutron/neutron/api/extensions.py:415}}
Jun 22 06:15:39.925337 np0000182461 devstack@neutron-api.service[103411]: INFO neutron.api.extensions [None req-1ba8fa2d-1302-42b1-abd0-a3b9c9638107 None None] Extension tag-ports-during-bulk-creation not supported by any of loaded plugins
Jun 22 06:15:39.925337 np0000182461 devstack@neutron-api.service[103411]: DEBUG neutron.api.extensions [None req-1ba8fa2d-1302-42b1-abd0-a3b9c9638107 None None] Loading extension file: tagging.py {{(pid=103411) _load_all_extensions_from_path /opt/stack/neutron/neutron/api/extensions.py:449}}
Jun 22 06:15:39.925337 np0000182461 devstack@neutron-api.service[103411]: DEBUG neutron.api.extensions [None req-1ba8fa2d-1302-42b1-abd0-a3b9c9638107 None None] Ext name="Tag support for resources with standard attribute: port, subnet, subnetpool, network, security_group, router, floatingip, policy, trunk, network_segment_range" alias="standard-attr-tag" description="Enables to set tag on resources with standard attribute." updated="2017-01-01T00:00:00-00:00" {{(pid=103411) _check_extension /opt/stack/neutron/neutron/api/extensions.py:415}}
Jun 22 06:15:39.925337 np0000182461 devstack@neutron-api.service[103411]: INFO neutron.api.extensions [None req-1ba8fa2d-1302-42b1-abd0-a3b9c9638107 None None] Loaded extension: standard-attr-tag
Jun 22 06:15:39.925337 np0000182461 devstack@neutron-api.service[103411]: DEBUG neutron.api.extensions [None req-1ba8fa2d-1302-42b1-abd0-a3b9c9638107 None None] Loading extension file: timestamp.py {{(pid=103411) _load_all_extensions_from_path /opt/stack/neutron/neutron/api/extensions.py:449}}
Jun 22 06:15:39.925337 np0000182461 devstack@neutron-api.service[103411]: DEBUG neutron.api.extensions [None req-1ba8fa2d-1302-42b1-abd0-a3b9c9638107 None None] Ext name="Resource timestamps" alias="standard-attr-timestamp" description="Adds created_at and updated_at fields to all Neutron resources that have Neutron standard attributes." updated="2016-09-12T10:00:00-00:00" {{(pid=103411) _check_extension /opt/stack/neutron/neutron/api/extensions.py:415}}
Jun 22 06:15:39.925337 np0000182461 devstack@neutron-api.service[103411]: INFO neutron.api.extensions [None req-1ba8fa2d-1302-42b1-abd0-a3b9c9638107 None None] Loaded extension: standard-attr-timestamp
Jun 22 06:15:39.925532 np0000182461 devstack@neutron-api.service[103411]: DEBUG neutron.api.extensions [None req-1ba8fa2d-1302-42b1-abd0-a3b9c9638107 None None] Loading extension file: trunk.py {{(pid=103411) _load_all_extensions_from_path /opt/stack/neutron/neutron/api/extensions.py:449}}
Jun 22 06:15:39.925532 np0000182461 devstack@neutron-api.service[103411]: DEBUG neutron.api.extensions [None req-1ba8fa2d-1302-42b1-abd0-a3b9c9638107 None None] Ext name="Trunk Extension" alias="trunk" description="Provides support for trunk ports" updated="2016-01-01T10:00:00-00:00" {{(pid=103411) _check_extension /opt/stack/neutron/neutron/api/extensions.py:415}}
Jun 22 06:15:39.925532 np0000182461 devstack@neutron-api.service[103411]: INFO neutron.api.extensions [None req-1ba8fa2d-1302-42b1-abd0-a3b9c9638107 None None] Extension trunk not supported by any of loaded plugins
Jun 22 06:15:39.925532 np0000182461 devstack@neutron-api.service[103411]: DEBUG neutron.api.extensions [None req-1ba8fa2d-1302-42b1-abd0-a3b9c9638107 None None] Loading extension file: trunk_details.py {{(pid=103411) _load_all_extensions_from_path /opt/stack/neutron/neutron/api/extensions.py:449}}
Jun 22 06:15:39.925532 np0000182461 devstack@neutron-api.service[103411]: DEBUG neutron.api.extensions [None req-1ba8fa2d-1302-42b1-abd0-a3b9c9638107 None None] Ext name="Trunk port details" alias="trunk-details" description="Expose trunk port details" updated="2016-01-01T10:00:00-00:00" {{(pid=103411) _check_extension /opt/stack/neutron/neutron/api/extensions.py:415}}
Jun 22 06:15:39.925532 np0000182461 devstack@neutron-api.service[103411]: INFO neutron.api.extensions [None req-1ba8fa2d-1302-42b1-abd0-a3b9c9638107 None None] Extension trunk-details not supported by any of loaded plugins
Jun 22 06:15:39.925532 np0000182461 devstack@neutron-api.service[103411]: DEBUG neutron.api.extensions [None req-1ba8fa2d-1302-42b1-abd0-a3b9c9638107 None None] Loading extension file: uplink_status_propagation.py {{(pid=103411) _load_all_extensions_from_path /opt/stack/neutron/neutron/api/extensions.py:449}}
Jun 22 06:15:39.925708 np0000182461 devstack@neutron-api.service[103411]: DEBUG neutron.api.extensions [None req-1ba8fa2d-1302-42b1-abd0-a3b9c9638107 None None] Ext name="Uplink status propagation extension" alias="uplink-status-propagation" description="Provides ability to propagate port uplink status." updated="2018-05-31T18:00:00-00:00" {{(pid=103411) _check_extension /opt/stack/neutron/neutron/api/extensions.py:415}}
Jun 22 06:15:39.925708 np0000182461 devstack@neutron-api.service[103411]: INFO neutron.api.extensions [None req-1ba8fa2d-1302-42b1-abd0-a3b9c9638107 None None] Extension uplink-status-propagation not supported by any of loaded plugins
Jun 22 06:15:39.925708 np0000182461 devstack@neutron-api.service[103411]: DEBUG neutron.api.extensions [None req-1ba8fa2d-1302-42b1-abd0-a3b9c9638107 None None] Loading extension file: uplink_status_propagation_updatable.py {{(pid=103411) _load_all_extensions_from_path /opt/stack/neutron/neutron/api/extensions.py:449}}
Jun 22 06:15:39.925708 np0000182461 devstack@neutron-api.service[103411]: DEBUG neutron.api.extensions [None req-1ba8fa2d-1302-42b1-abd0-a3b9c9638107 None None] Ext name="Uplink status propagation updatable extension" alias="uplink-status-propagation-updatable" description="Provides ability to update the port uplink status." updated="2024-09-03T18:00:00-00:00" {{(pid=103411) _check_extension /opt/stack/neutron/neutron/api/extensions.py:415}}
Jun 22 06:15:39.925708 np0000182461 devstack@neutron-api.service[103411]: INFO neutron.api.extensions [None req-1ba8fa2d-1302-42b1-abd0-a3b9c9638107 None None] Extension uplink-status-propagation-updatable not supported by any of loaded plugins
Jun 22 06:15:39.925708 np0000182461 devstack@neutron-api.service[103411]: DEBUG neutron.api.extensions [None req-1ba8fa2d-1302-42b1-abd0-a3b9c9638107 None None] Loading extension file: vlantransparent.py {{(pid=103411) _load_all_extensions_from_path /opt/stack/neutron/neutron/api/extensions.py:449}}
Jun 22 06:15:39.925869 np0000182461 devstack@neutron-api.service[103411]: DEBUG neutron.api.extensions [None req-1ba8fa2d-1302-42b1-abd0-a3b9c9638107 None None] Ext name="Vlantransparent" alias="vlan-transparent" description="Provides Vlan Transparent Networks" updated="2015-03-23T09:00:00-00:00" {{(pid=103411) _check_extension /opt/stack/neutron/neutron/api/extensions.py:415}}
Jun 22 06:15:39.925869 np0000182461 devstack@neutron-api.service[103411]: INFO neutron.api.extensions [None req-1ba8fa2d-1302-42b1-abd0-a3b9c9638107 None None] Loaded extension: vlan-transparent
Jun 22 06:15:39.925869 np0000182461 devstack@neutron-api.service[103411]: INFO neutron.quota.resource_registry [None req-1ba8fa2d-1302-42b1-abd0-a3b9c9638107 None None] Creating instance of TrackedResource for resource:network
Jun 22 06:15:39.925869 np0000182461 devstack@neutron-api.service[103411]: INFO neutron.quota.resource_registry [None req-1ba8fa2d-1302-42b1-abd0-a3b9c9638107 None None] Creating instance of TrackedResource for resource:subnet
Jun 22 06:15:39.925869 np0000182461 devstack@neutron-api.service[103411]: INFO neutron.quota.resource_registry [None req-1ba8fa2d-1302-42b1-abd0-a3b9c9638107 None None] Creating instance of TrackedResource for resource:subnetpool
Jun 22 06:15:39.925869 np0000182461 devstack@neutron-api.service[103411]: INFO neutron.quota.resource_registry [None req-1ba8fa2d-1302-42b1-abd0-a3b9c9638107 None None] Creating instance of TrackedResource for resource:port
Jun 22 06:15:39.925869 np0000182461 devstack@neutron-api.service[103411]: DEBUG neutron.api.v2.resource_helper [None req-1ba8fa2d-1302-42b1-abd0-a3b9c9638107 None None] Service L3_ROUTER_NAT assigned prefix: {{(pid=103411) build_resource_info /opt/stack/neutron/neutron/api/v2/resource_helper.py:77}}
Jun 22 06:15:39.925869 np0000182461 devstack@neutron-api.service[103411]: DEBUG neutron.api.v2.resource_helper [None req-1ba8fa2d-1302-42b1-abd0-a3b9c9638107 None None] Service FLAVORS assigned prefix: {{(pid=103411) build_resource_info /opt/stack/neutron/neutron/api/v2/resource_helper.py:77}}
Jun 22 06:15:39.925869 np0000182461 devstack@neutron-api.service[103411]: DEBUG neutron.api.v2.resource_helper [None req-1ba8fa2d-1302-42b1-abd0-a3b9c9638107 None None] Service L3_ROUTER_NAT assigned prefix: {{(pid=103411) build_resource_info /opt/stack/neutron/neutron/api/v2/resource_helper.py:77}}
Jun 22 06:15:39.929483 np0000182461 devstack@neutron-api.service[103411]: DEBUG neutron.api.v2.resource_helper [None req-1ba8fa2d-1302-42b1-abd0-a3b9c9638107 None None] Service L3_ROUTER_NAT assigned prefix: {{(pid=103411) build_resource_info /opt/stack/neutron/neutron/api/v2/resource_helper.py:77}}
Jun 22 06:15:39.929665 np0000182461 devstack@neutron-api.service[103411]: INFO neutron.quota.resource_registry [None req-1ba8fa2d-1302-42b1-abd0-a3b9c9638107 None None] Creating instance of TrackedResource for resource:router
Jun 22 06:15:39.930175 np0000182461 devstack@neutron-api.service[103411]: INFO neutron.quota.resource_registry [None req-1ba8fa2d-1302-42b1-abd0-a3b9c9638107 None None] Creating instance of TrackedResource for resource:floatingip
Jun 22 06:15:39.931486 np0000182461 devstack@neutron-api.service[103411]: INFO neutron.quota.resource_registry [None req-1ba8fa2d-1302-42b1-abd0-a3b9c9638107 None None] Creating instance of CountableResource for resource:rbac_policy
Jun 22 06:15:39.936291 np0000182461 devstack@neutron-api.service[103411]: INFO neutron.quota.resource_registry [None req-1ba8fa2d-1302-42b1-abd0-a3b9c9638107 None None] Creating instance of TrackedResource for resource:security_group
Jun 22 06:15:39.936807 np0000182461 devstack@neutron-api.service[103411]: INFO neutron.quota.resource_registry [None req-1ba8fa2d-1302-42b1-abd0-a3b9c9638107 None None] Creating instance of TrackedResource for resource:security_group_rule
Jun 22 06:15:39.937793 np0000182461 devstack@neutron-api.service[103411]: DEBUG neutron.api.v2.resource_helper [None req-1ba8fa2d-1302-42b1-abd0-a3b9c9638107 None None] Service CORE assigned prefix: {{(pid=103411) build_resource_info /opt/stack/neutron/neutron/api/v2/resource_helper.py:77}}
Jun 22 06:15:39.937987 np0000182461 devstack@neutron-api.service[103411]: INFO neutron.quota.resource_registry [None req-1ba8fa2d-1302-42b1-abd0-a3b9c9638107 None None] Creating instance of TrackedResource for resource:subnetpool
Jun 22 06:15:39.938173 np0000182461 devstack@neutron-api.service[103411]: WARNING neutron.quota.resource_registry [None req-1ba8fa2d-1302-42b1-abd0-a3b9c9638107 None None] subnetpool is already registered
Jun 22 06:15:39.938640 np0000182461 devstack@neutron-api.service[103411]: DEBUG neutron.api.v2.resource_helper [None req-1ba8fa2d-1302-42b1-abd0-a3b9c9638107 None None] Service CORE assigned prefix: {{(pid=103411) build_resource_info /opt/stack/neutron/neutron/api/v2/resource_helper.py:77}}
Jun 22 06:15:39.938813 np0000182461 devstack@neutron-api.service[103411]: INFO neutron.quota.resource_registry [None req-1ba8fa2d-1302-42b1-abd0-a3b9c9638107 None None] Creating instance of TrackedResource for resource:subnetpool
Jun 22 06:15:39.942062 np0000182461 devstack@neutron-api.service[103411]: WARNING neutron.quota.resource_registry [None req-1ba8fa2d-1302-42b1-abd0-a3b9c9638107 None None] subnetpool is already registered
Jun 22 06:15:39.942722 np0000182461 devstack@neutron-api.service[103413]: DEBUG oslo_concurrency.processutils [None req-ecc84b77-3c23-4a82-bced-c70c6c62eae2 None None] CMD "ovsdb-client transact ssl:199.204.45.95:6641 --timeout 180 -p /opt/stack/data/CA/int-ca/private/devstack-cert.key -c /opt/stack/data/CA/int-ca/devstack-cert.crt -C /opt/stack/data/CA/int-ca/ca-chain.pem ["OVN_Northbound", {"op": "wait", "timeout": 0, "table": "Port_Group", "where": [["name", "==", "neutron_pg_drop"]], "until": "==", "rows": []}, {"op": "insert", "table": "ACL", "row": {"action": "drop", "direction": "to-lport", "match": "outport == @neutron_pg_drop && ip", "priority": 1001}, "uuid-name": "droptoport"}, {"op": "insert", "table": "ACL", "row": {"action": "drop", "direction": "from-lport", "match": "inport == @neutron_pg_drop && ip", "priority": 1001}, "uuid-name": "dropfromport"}, {"op": "insert", "table": "Port_Group", "row": {"name": "neutron_pg_drop", "acls": ["set", [["named-uuid", "droptoport"], ["named-uuid", "dropfromport"]]]}}]" returned: 0 in 0.052s {{(pid=103413) execute /opt/stack/data/venv/lib/python3.12/site-packages/oslo_concurrency/processutils.py:468}}
Jun 22 06:15:39.943452 np0000182461 devstack@neutron-api.service[103413]: DEBUG neutron_lib.callbacks.manager [None req-ecc84b77-3c23-4a82-bced-c70c6c62eae2 None None] Publish callbacks ['neutron.plugins.ml2.drivers.ovn.mech_driver.mech_driver.OVNMechanismDriver.post_fork_initialize-903722', 'neutron.services.pvlan.drivers.ovn.driver._initialize_pvlan_pg_drop-7738798412640', 'neutron.services.ovn_l3.plugin.OVNL3RouterPlugin._post_fork_initialize-114688'] for process (None), after_init {{(pid=103413) _notify_loop /opt/stack/data/venv/lib/python3.12/site-packages/neutron_lib/callbacks/manager.py:184}}
Jun 22 06:15:39.944112 np0000182461 devstack@neutron-api.service[103413]: DEBUG oslo_concurrency.lockutils [None req-ecc84b77-3c23-4a82-bced-c70c6c62eae2 None None] Acquiring lock "singleton_lock" {{(pid=103413) lock /opt/stack/data/venv/lib/python3.12/site-packages/oslo_concurrency/lockutils.py:395}}
Jun 22 06:15:39.944314 np0000182461 devstack@neutron-api.service[103413]: DEBUG oslo_concurrency.lockutils [None req-ecc84b77-3c23-4a82-bced-c70c6c62eae2 None None] Acquired lock "singleton_lock" {{(pid=103413) lock /opt/stack/data/venv/lib/python3.12/site-packages/oslo_concurrency/lockutils.py:398}}
Jun 22 06:15:39.944698 np0000182461 devstack@neutron-api.service[103411]: DEBUG neutron.api.v2.resource_helper [None req-1ba8fa2d-1302-42b1-abd0-a3b9c9638107 None None] Service L3_ROUTER_NAT assigned prefix: {{(pid=103411) build_resource_info /opt/stack/neutron/neutron/api/v2/resource_helper.py:77}}
Jun 22 06:15:39.944735 np0000182461 devstack@neutron-api.service[103413]: DEBUG oslo_concurrency.lockutils [None req-ecc84b77-3c23-4a82-bced-c70c6c62eae2 None None] Releasing lock "singleton_lock" {{(pid=103413) lock /opt/stack/data/venv/lib/python3.12/site-packages/oslo_concurrency/lockutils.py:418}}
Jun 22 06:15:39.948304 np0000182461 devstack@neutron-api.service[103411]: DEBUG neutron.api.v2.resource_helper [None req-1ba8fa2d-1302-42b1-abd0-a3b9c9638107 None None] Service FLAVORS assigned prefix: {{(pid=103411) build_resource_info /opt/stack/neutron/neutron/api/v2/resource_helper.py:77}}
Jun 22 06:15:39.948406 np0000182461 devstack@neutron-api.service[103413]: DEBUG neutron.plugins.ml2.drivers.ovn.mech_driver.mech_driver [None req-ecc84b77-3c23-4a82-bced-c70c6c62eae2 None None] Hash Ring setup using WSGI start time 2026-06-22 06:15:32+00:00 {{(pid=103413) _init_hash_ring /opt/stack/neutron/neutron/plugins/ml2/drivers/ovn/mech_driver/mech_driver.py:404}}
Jun 22 06:15:39.949172 np0000182461 devstack@neutron-api.service[103411]: DEBUG neutron.api.v2.resource_helper [None req-1ba8fa2d-1302-42b1-abd0-a3b9c9638107 None None] Service L3_ROUTER_NAT assigned prefix: {{(pid=103411) build_resource_info /opt/stack/neutron/neutron/api/v2/resource_helper.py:77}}
Jun 22 06:15:39.949524 np0000182461 devstack@neutron-api.service[103411]: DEBUG neutron.api.v2.resource_helper [None req-1ba8fa2d-1302-42b1-abd0-a3b9c9638107 None None] Service L3_ROUTER_NAT assigned prefix: {{(pid=103411) build_resource_info /opt/stack/neutron/neutron/api/v2/resource_helper.py:77}}
Jun 22 06:15:39.949688 np0000182461 devstack@neutron-api.service[103411]: INFO neutron.quota.resource_registry [None req-1ba8fa2d-1302-42b1-abd0-a3b9c9638107 None None] Creating instance of TrackedResource for resource:router
Jun 22 06:15:39.949812 np0000182461 devstack@neutron-api.service[103411]: WARNING neutron.quota.resource_registry [None req-1ba8fa2d-1302-42b1-abd0-a3b9c9638107 None None] router is already registered
Jun 22 06:15:39.950299 np0000182461 devstack@neutron-api.service[103411]: INFO neutron.quota.resource_registry [None req-1ba8fa2d-1302-42b1-abd0-a3b9c9638107 None None] Creating instance of TrackedResource for resource:floatingip
Jun 22 06:15:39.950439 np0000182461 devstack@neutron-api.service[103411]: WARNING neutron.quota.resource_registry [None req-1ba8fa2d-1302-42b1-abd0-a3b9c9638107 None None] floatingip is already registered
Jun 22 06:15:39.952650 np0000182461 devstack@neutron-api.service[103414]: DEBUG oslo_concurrency.processutils [None req-8ab044e6-5911-4ab5-8c8e-6bf3a8748fa1 None None] CMD "ovsdb-client transact ssl:199.204.45.95:6641 --timeout 180 -p /opt/stack/data/CA/int-ca/private/devstack-cert.key -c /opt/stack/data/CA/int-ca/devstack-cert.crt -C /opt/stack/data/CA/int-ca/ca-chain.pem ["OVN_Northbound", {"op": "wait", "timeout": 0, "table": "Port_Group", "where": [["name", "==", "neutron_pg_drop"]], "until": "==", "rows": []}, {"op": "insert", "table": "ACL", "row": {"action": "drop", "direction": "to-lport", "match": "outport == @neutron_pg_drop && ip", "priority": 1001}, "uuid-name": "droptoport"}, {"op": "insert", "table": "ACL", "row": {"action": "drop", "direction": "from-lport", "match": "inport == @neutron_pg_drop && ip", "priority": 1001}, "uuid-name": "dropfromport"}, {"op": "insert", "table": "Port_Group", "row": {"name": "neutron_pg_drop", "acls": ["set", [["named-uuid", "droptoport"], ["named-uuid", "dropfromport"]]]}}]" returned: 0 in 0.066s {{(pid=103414) execute /opt/stack/data/venv/lib/python3.12/site-packages/oslo_concurrency/processutils.py:468}}
Jun 22 06:15:39.953049 np0000182461 devstack@neutron-api.service[103414]: DEBUG neutron_lib.callbacks.manager [None req-8ab044e6-5911-4ab5-8c8e-6bf3a8748fa1 None None] Publish callbacks ['neutron.plugins.ml2.drivers.ovn.mech_driver.mech_driver.OVNMechanismDriver.post_fork_initialize-699603', 'neutron.services.pvlan.drivers.ovn.driver._initialize_pvlan_pg_drop-7738798502702', 'neutron.services.ovn_l3.plugin.OVNL3RouterPlugin._post_fork_initialize-487615'] for process (None), after_init {{(pid=103414) _notify_loop /opt/stack/data/venv/lib/python3.12/site-packages/neutron_lib/callbacks/manager.py:184}}
Jun 22 06:15:39.953414 np0000182461 devstack@neutron-api.service[103414]: DEBUG oslo_concurrency.lockutils [None req-8ab044e6-5911-4ab5-8c8e-6bf3a8748fa1 None None] Acquiring lock "singleton_lock" {{(pid=103414) lock /opt/stack/data/venv/lib/python3.12/site-packages/oslo_concurrency/lockutils.py:395}}
Jun 22 06:15:39.953498 np0000182461 devstack@neutron-api.service[103414]: DEBUG oslo_concurrency.lockutils [None req-8ab044e6-5911-4ab5-8c8e-6bf3a8748fa1 None None] Acquired lock "singleton_lock" {{(pid=103414) lock /opt/stack/data/venv/lib/python3.12/site-packages/oslo_concurrency/lockutils.py:398}}
Jun 22 06:15:39.953743 np0000182461 devstack@neutron-api.service[103414]: DEBUG oslo_concurrency.lockutils [None req-8ab044e6-5911-4ab5-8c8e-6bf3a8748fa1 None None] Releasing lock "singleton_lock" {{(pid=103414) lock /opt/stack/data/venv/lib/python3.12/site-packages/oslo_concurrency/lockutils.py:418}}
Jun 22 06:15:39.954692 np0000182461 devstack@neutron-api.service[103411]: INFO neutron.quota.resource_registry [None req-1ba8fa2d-1302-42b1-abd0-a3b9c9638107 None None] Creating instance of CountableResource for resource:rbac_policy
Jun 22 06:15:39.954760 np0000182461 devstack@neutron-api.service[103413]: INFO neutron.db.ovn_hash_ring_db [None req-ecc84b77-3c23-4a82-bced-c70c6c62eae2 None None] Nodes from host "np0000182461" and group "mechanism_driver" removed from the Hash Ring created at 2026-06-22 06:15:32+00:00
Jun 22 06:15:39.954824 np0000182461 devstack@neutron-api.service[103411]: WARNING neutron.quota.resource_registry [None req-1ba8fa2d-1302-42b1-abd0-a3b9c9638107 None None] rbac_policy is already registered
Jun 22 06:15:39.955324 np0000182461 devstack@neutron-api.service[103414]: DEBUG neutron.plugins.ml2.drivers.ovn.mech_driver.mech_driver [None req-8ab044e6-5911-4ab5-8c8e-6bf3a8748fa1 None None] Hash Ring setup using WSGI start time 2026-06-22 06:15:32+00:00 {{(pid=103414) _init_hash_ring /opt/stack/neutron/neutron/plugins/ml2/drivers/ovn/mech_driver/mech_driver.py:404}}
Jun 22 06:15:39.955597 np0000182461 devstack@neutron-api.service[103411]: INFO neutron.quota.resource_registry [None req-1ba8fa2d-1302-42b1-abd0-a3b9c9638107 None None] Creating instance of TrackedResource for resource:security_group
Jun 22 06:15:39.955731 np0000182461 devstack@neutron-api.service[103411]: WARNING neutron.quota.resource_registry [None req-1ba8fa2d-1302-42b1-abd0-a3b9c9638107 None None] security_group is already registered
Jun 22 06:15:39.956118 np0000182461 devstack@neutron-api.service[103411]: INFO neutron.quota.resource_registry [None req-1ba8fa2d-1302-42b1-abd0-a3b9c9638107 None None] Creating instance of TrackedResource for resource:security_group_rule
Jun 22 06:15:39.956270 np0000182461 devstack@neutron-api.service[103411]: WARNING neutron.quota.resource_registry [None req-1ba8fa2d-1302-42b1-abd0-a3b9c9638107 None None] security_group_rule is already registered
Jun 22 06:15:39.956729 np0000182461 devstack@neutron-api.service[103411]: DEBUG neutron.api.v2.resource_helper [None req-1ba8fa2d-1302-42b1-abd0-a3b9c9638107 None None] Service CORE assigned prefix: {{(pid=103411) build_resource_info /opt/stack/neutron/neutron/api/v2/resource_helper.py:77}}
Jun 22 06:15:39.956861 np0000182461 devstack@neutron-api.service[103411]: INFO neutron.quota.resource_registry [None req-1ba8fa2d-1302-42b1-abd0-a3b9c9638107 None None] Creating instance of TrackedResource for resource:subnetpool
Jun 22 06:15:39.957227 np0000182461 devstack@neutron-api.service[103413]: INFO neutron.db.ovn_hash_ring_db [None req-ecc84b77-3c23-4a82-bced-c70c6c62eae2 None None] Node f76d7a96fe2852759bec1fc28aba4db9 from host "np0000182461" and group "mechanism_driver" added to the Hash Ring
Jun 22 06:15:39.958263 np0000182461 devstack@neutron-api.service[103411]: WARNING neutron.quota.resource_registry [None req-1ba8fa2d-1302-42b1-abd0-a3b9c9638107 None None] subnetpool is already registered
Jun 22 06:15:39.958698 np0000182461 devstack@neutron-api.service[103411]: DEBUG neutron.api.v2.resource_helper [None req-1ba8fa2d-1302-42b1-abd0-a3b9c9638107 None None] Service CORE assigned prefix: {{(pid=103411) build_resource_info /opt/stack/neutron/neutron/api/v2/resource_helper.py:77}}
Jun 22 06:15:39.958834 np0000182461 devstack@neutron-api.service[103411]: INFO neutron.quota.resource_registry [None req-1ba8fa2d-1302-42b1-abd0-a3b9c9638107 None None] Creating instance of TrackedResource for resource:subnetpool
Jun 22 06:15:39.958978 np0000182461 devstack@neutron-api.service[103411]: WARNING neutron.quota.resource_registry [None req-1ba8fa2d-1302-42b1-abd0-a3b9c9638107 None None] subnetpool is already registered
Jun 22 06:15:39.959340 np0000182461 devstack@neutron-api.service[103411]: DEBUG neutron.api.extensions [None req-1ba8fa2d-1302-42b1-abd0-a3b9c9638107 None None] Extended resource: extensions {{(pid=103411) __init__ /opt/stack/neutron/neutron/api/extensions.py:156}}
Jun 22 06:15:39.959756 np0000182461 devstack@neutron-api.service[103413]: DEBUG neutron.plugins.ml2.drivers.ovn.mech_driver.mech_driver [None req-ecc84b77-3c23-4a82-bced-c70c6c62eae2 None None] Hash Ring setup, this worker has detected 2 OVN hash ring registers in the database {{(pid=103413) _init_hash_ring /opt/stack/neutron/neutron/plugins/ml2/drivers/ovn/mech_driver/mech_driver.py:414}}
Jun 22 06:15:39.960267 np0000182461 devstack@neutron-api.service[103411]: DEBUG neutron.api.extensions [None req-1ba8fa2d-1302-42b1-abd0-a3b9c9638107 None None] Extended resource: address-groups {{(pid=103411) __init__ /opt/stack/neutron/neutron/api/extensions.py:156}}
Jun 22 06:15:39.960933 np0000182461 devstack@neutron-api.service[103411]: DEBUG neutron.api.extensions [None req-1ba8fa2d-1302-42b1-abd0-a3b9c9638107 None None] Extended resource: address-scopes {{(pid=103411) __init__ /opt/stack/neutron/neutron/api/extensions.py:156}}
Jun 22 06:15:39.961690 np0000182461 devstack@neutron-api.service[103411]: DEBUG neutron.api.extensions [None req-1ba8fa2d-1302-42b1-abd0-a3b9c9638107 None None] Extended resource: agents {{(pid=103411) __init__ /opt/stack/neutron/neutron/api/extensions.py:156}}
Jun 22 06:15:39.965305 np0000182461 devstack@neutron-api.service[103411]: DEBUG neutron.api.extensions [None req-1ba8fa2d-1302-42b1-abd0-a3b9c9638107 None None] Extended resource: auto-allocated-topology {{(pid=103411) __init__ /opt/stack/neutron/neutron/api/extensions.py:156}}
Jun 22 06:15:39.966041 np0000182461 devstack@neutron-api.service[103411]: DEBUG neutron.api.extensions [None req-1ba8fa2d-1302-42b1-abd0-a3b9c9638107 None None] Extended resource: availability_zones {{(pid=103411) __init__ /opt/stack/neutron/neutron/api/extensions.py:156}}
Jun 22 06:15:39.966258 np0000182461 devstack@neutron-api.service[103413]: DEBUG neutron.plugins.ml2.drivers.ovn.mech_driver.ovsdb.maintenance [None req-ecc84b77-3c23-4a82-bced-c70c6c62eae2 None None] Periodic task found: HashRingHealthCheckPeriodics.touch_hash_ring_node {{(pid=103413) add_periodics /opt/stack/neutron/neutron/plugins/ml2/drivers/ovn/mech_driver/ovsdb/maintenance.py:146}}
Jun 22 06:15:39.967803 np0000182461 devstack@neutron-api.service[103413]: INFO neutron.plugins.ml2.drivers.ovn.mech_driver.mech_driver [None req-ecc84b77-3c23-4a82-bced-c70c6c62eae2 None None] Hash Ring probing thread for node f76d7a96fe2852759bec1fc28aba4db9 has started
Jun 22 06:15:39.968063 np0000182461 devstack@neutron-api.service[103413]: INFO neutron.plugins.ml2.drivers.ovn.mech_driver.ovsdb.impl_idl_ovn [None req-ecc84b77-3c23-4a82-bced-c70c6c62eae2 None None] Getting OvsdbNbOvnIdl for WorkerService with retry
Jun 22 06:15:39.968869 np0000182461 devstack@neutron-api.service[103414]: INFO neutron.db.ovn_hash_ring_db [None req-8ab044e6-5911-4ab5-8c8e-6bf3a8748fa1 None None] Nodes from host "np0000182461" and group "mechanism_driver" removed from the Hash Ring created at 2026-06-22 06:15:32+00:00
Jun 22 06:15:39.970138 np0000182461 devstack@neutron-api.service[103411]: DEBUG neutron.api.extensions [None req-1ba8fa2d-1302-42b1-abd0-a3b9c9638107 None None] Extended resource: dhcp-networks {{(pid=103411) __init__ /opt/stack/neutron/neutron/api/extensions.py:156}}
Jun 22 06:15:39.970795 np0000182461 devstack@neutron-api.service[103411]: DEBUG neutron.api.extensions [None req-1ba8fa2d-1302-42b1-abd0-a3b9c9638107 None None] Extended resource: dhcp-agents {{(pid=103411) __init__ /opt/stack/neutron/neutron/api/extensions.py:156}}
Jun 22 06:15:39.972037 np0000182461 devstack@neutron-api.service[103411]: DEBUG neutron.api.extensions [None req-1ba8fa2d-1302-42b1-abd0-a3b9c9638107 None None] Extended resource: routers {{(pid=103411) __init__ /opt/stack/neutron/neutron/api/extensions.py:156}}
Jun 22 06:15:39.973078 np0000182461 devstack@neutron-api.service[103411]: DEBUG neutron.api.extensions [None req-1ba8fa2d-1302-42b1-abd0-a3b9c9638107 None None] Extended resource: flavors {{(pid=103411) __init__ /opt/stack/neutron/neutron/api/extensions.py:156}}
Jun 22 06:15:39.975303 np0000182461 devstack@neutron-api.service[103411]: DEBUG neutron.api.extensions [None req-1ba8fa2d-1302-42b1-abd0-a3b9c9638107 None None] Extended resource: service_profiles {{(pid=103411) __init__ /opt/stack/neutron/neutron/api/extensions.py:156}}
Jun 22 06:15:39.979727 np0000182461 devstack@neutron-api.service[103414]: INFO neutron.db.ovn_hash_ring_db [None req-8ab044e6-5911-4ab5-8c8e-6bf3a8748fa1 None None] Node 1dbe119fa8af5ad1967da062adecb01b from host "np0000182461" and group "mechanism_driver" added to the Hash Ring
Jun 22 06:15:39.979837 np0000182461 devstack@neutron-api.service[103411]: DEBUG neutron.api.extensions [None req-1ba8fa2d-1302-42b1-abd0-a3b9c9638107 None None] Extended resource: next_providers {{(pid=103411) __init__ /opt/stack/neutron/neutron/api/extensions.py:156}}
Jun 22 06:15:39.979837 np0000182461 devstack@neutron-api.service[103411]: DEBUG neutron.api.extensions [None req-1ba8fa2d-1302-42b1-abd0-a3b9c9638107 None None] Extended resource: service_profiles {{(pid=103411) __init__ /opt/stack/neutron/neutron/api/extensions.py:156}}
Jun 22 06:15:39.980369 np0000182461 devstack@neutron-api.service[103411]: DEBUG neutron.api.extensions [None req-1ba8fa2d-1302-42b1-abd0-a3b9c9638107 None None] Extended resource: floatingip-pools {{(pid=103411) __init__ /opt/stack/neutron/neutron/api/extensions.py:156}}
Jun 22 06:15:39.980744 np0000182461 devstack@neutron-api.service[103414]: DEBUG neutron.plugins.ml2.drivers.ovn.mech_driver.mech_driver [None req-8ab044e6-5911-4ab5-8c8e-6bf3a8748fa1 None None] Hash Ring setup, this worker has detected 3 OVN hash ring registers in the database {{(pid=103414) _init_hash_ring /opt/stack/neutron/neutron/plugins/ml2/drivers/ovn/mech_driver/mech_driver.py:414}}
Jun 22 06:15:39.981041 np0000182461 devstack@neutron-api.service[103411]: DEBUG neutron.api.extensions [None req-1ba8fa2d-1302-42b1-abd0-a3b9c9638107 None None] Extended resource: routers {{(pid=103411) __init__ /opt/stack/neutron/neutron/api/extensions.py:156}}
Jun 22 06:15:39.990218 np0000182461 devstack@neutron-api.service[103411]: DEBUG neutron.api.extensions [None req-1ba8fa2d-1302-42b1-abd0-a3b9c9638107 None None] Extended resource: floatingips {{(pid=103411) __init__ /opt/stack/neutron/neutron/api/extensions.py:156}}
Jun 22 06:15:39.990249 np0000182461 devstack@neutron-api.service[103414]: DEBUG neutron.plugins.ml2.drivers.ovn.mech_driver.ovsdb.maintenance [None req-8ab044e6-5911-4ab5-8c8e-6bf3a8748fa1 None None] Periodic task found: HashRingHealthCheckPeriodics.touch_hash_ring_node {{(pid=103414) add_periodics /opt/stack/neutron/neutron/plugins/ml2/drivers/ovn/mech_driver/ovsdb/maintenance.py:146}}
Jun 22 06:15:39.991142 np0000182461 devstack@neutron-api.service[103414]: INFO neutron.plugins.ml2.drivers.ovn.mech_driver.mech_driver [None req-8ab044e6-5911-4ab5-8c8e-6bf3a8748fa1 None None] Hash Ring probing thread for node 1dbe119fa8af5ad1967da062adecb01b has started
Jun 22 06:15:39.991637 np0000182461 devstack@neutron-api.service[103414]: INFO neutron.plugins.ml2.drivers.ovn.mech_driver.ovsdb.impl_idl_ovn [None req-8ab044e6-5911-4ab5-8c8e-6bf3a8748fa1 None None] Getting OvsdbNbOvnIdl for WorkerService with retry
Jun 22 06:15:39.993882 np0000182461 devstack@neutron-api.service[103411]: DEBUG neutron.api.extensions [None req-1ba8fa2d-1302-42b1-abd0-a3b9c9638107 None None] Extended resource: l3-routers {{(pid=103411) __init__ /opt/stack/neutron/neutron/api/extensions.py:156}}
Jun 22 06:15:39.995959 np0000182461 devstack@neutron-api.service[103411]: DEBUG neutron.api.extensions [None req-1ba8fa2d-1302-42b1-abd0-a3b9c9638107 None None] Extended resource: l3-agents {{(pid=103411) __init__ /opt/stack/neutron/neutron/api/extensions.py:156}}
Jun 22 06:15:39.996081 np0000182461 devstack@neutron-api.service[103411]: DEBUG neutron.api.extensions [None req-1ba8fa2d-1302-42b1-abd0-a3b9c9638107 None None] Extended resource: network-ip-availabilities {{(pid=103411) __init__ /opt/stack/neutron/neutron/api/extensions.py:156}}
Jun 22 06:15:39.997314 np0000182461 devstack@neutron-api.service[103411]: DEBUG neutron.api.extensions [None req-1ba8fa2d-1302-42b1-abd0-a3b9c9638107 None None] Extended resource: network-ip-availabilities {{(pid=103411) __init__ /opt/stack/neutron/neutron/api/extensions.py:156}}
Jun 22 06:15:40.003863 np0000182461 devstack@neutron-api.service[103411]: DEBUG neutron.api.extensions [None req-1ba8fa2d-1302-42b1-abd0-a3b9c9638107 None None] Extended resource: bindings {{(pid=103411) __init__ /opt/stack/neutron/neutron/api/extensions.py:156}}
Jun 22 06:15:40.005684 np0000182461 devstack@neutron-api.service[103411]: DEBUG neutron.api.extensions [None req-1ba8fa2d-1302-42b1-abd0-a3b9c9638107 None None] Extended resource: quotas {{(pid=103411) __init__ /opt/stack/neutron/neutron/api/extensions.py:156}}
Jun 22 06:15:40.006252 np0000182461 devstack@neutron-api.service[103411]: DEBUG neutron.api.extensions [None req-1ba8fa2d-1302-42b1-abd0-a3b9c9638107 None None] Extended resource: quotas {{(pid=103411) __init__ /opt/stack/neutron/neutron/api/extensions.py:156}}
Jun 22 06:15:40.008482 np0000182461 devstack@neutron-api.service[103411]: DEBUG neutron.api.extensions [None req-1ba8fa2d-1302-42b1-abd0-a3b9c9638107 None None] Extended resource: rbac-policies {{(pid=103411) __init__ /opt/stack/neutron/neutron/api/extensions.py:156}}
Jun 22 06:15:40.009201 np0000182461 devstack@neutron-api.service[103411]: DEBUG neutron.api.extensions [None req-1ba8fa2d-1302-42b1-abd0-a3b9c9638107 None None] Extended resource: default-security-group-rules {{(pid=103411) __init__ /opt/stack/neutron/neutron/api/extensions.py:156}}
Jun 22 06:15:40.010021 np0000182461 devstack@neutron-api.service[103411]: DEBUG neutron.api.extensions [None req-1ba8fa2d-1302-42b1-abd0-a3b9c9638107 None None] Extended resource: security-groups-default-statefulness {{(pid=103411) __init__ /opt/stack/neutron/neutron/api/extensions.py:156}}
Jun 22 06:15:40.010642 np0000182461 devstack@neutron-api.service[103411]: DEBUG neutron.api.extensions [None req-1ba8fa2d-1302-42b1-abd0-a3b9c9638107 None None] Extended resource: security-groups {{(pid=103411) __init__ /opt/stack/neutron/neutron/api/extensions.py:156}}
Jun 22 06:15:40.011333 np0000182461 devstack@neutron-api.service[103411]: DEBUG neutron.api.extensions [None req-1ba8fa2d-1302-42b1-abd0-a3b9c9638107 None None] Extended resource: security-group-rules {{(pid=103411) __init__ /opt/stack/neutron/neutron/api/extensions.py:156}}
Jun 22 06:15:40.011804 np0000182461 devstack@neutron-api.service[103411]: DEBUG neutron.api.extensions [None req-1ba8fa2d-1302-42b1-abd0-a3b9c9638107 None None] Extended resource: service-providers {{(pid=103411) __init__ /opt/stack/neutron/neutron/api/extensions.py:156}}
Jun 22 06:15:40.012296 np0000182461 devstack@neutron-api.service[103411]: DEBUG neutron.api.extensions [None req-1ba8fa2d-1302-42b1-abd0-a3b9c9638107 None None] Extended resource: subnetpools {{(pid=103411) __init__ /opt/stack/neutron/neutron/api/extensions.py:156}}
Jun 22 06:15:40.014246 np0000182461 devstack@neutron-api.service[103411]: DEBUG neutron.api.extensions [None req-1ba8fa2d-1302-42b1-abd0-a3b9c9638107 None None] Extended resource: subnetpools {{(pid=103411) __init__ /opt/stack/neutron/neutron/api/extensions.py:156}}
Jun 22 06:15:40.014914 np0000182461 devstack@neutron-api.service[103411]: DEBUG neutron.api.extensions [None req-1ba8fa2d-1302-42b1-abd0-a3b9c9638107 None None] Extended resource: tags {{(pid=103411) __init__ /opt/stack/neutron/neutron/api/extensions.py:156}}
Jun 22 06:15:40.016606 np0000182461 devstack@neutron-api.service[103411]: DEBUG neutron.api.extensions [None req-1ba8fa2d-1302-42b1-abd0-a3b9c9638107 None None] Extended resource: tags {{(pid=103411) __init__ /opt/stack/neutron/neutron/api/extensions.py:156}}
Jun 22 06:15:40.017697 np0000182461 devstack@neutron-api.service[103411]: DEBUG neutron.api.extensions [None req-1ba8fa2d-1302-42b1-abd0-a3b9c9638107 None None] Extended resource: tags {{(pid=103411) __init__ /opt/stack/neutron/neutron/api/extensions.py:156}}
Jun 22 06:15:40.018619 np0000182461 devstack@neutron-api.service[103411]: DEBUG neutron.api.extensions [None req-1ba8fa2d-1302-42b1-abd0-a3b9c9638107 None None] Extended resource: tags {{(pid=103411) __init__ /opt/stack/neutron/neutron/api/extensions.py:156}}
Jun 22 06:15:40.023044 np0000182461 devstack@neutron-api.service[103411]: DEBUG neutron.api.extensions [None req-1ba8fa2d-1302-42b1-abd0-a3b9c9638107 None None] Extended resource: tags {{(pid=103411) __init__ /opt/stack/neutron/neutron/api/extensions.py:156}}
