Jun 22 06:19:39.856423 np0000182461 devstack@neutron-api.service[103414]: DEBUG neutron.plugins.ml2.drivers.ovn.mech_driver.ovsdb.ovsdb_monitor [None req-5a560efe-c6ea-4ab0-aea5-22e6c4e944d8 None None] Hash Ring: Node 1dbe119fa8af5ad1967da062adecb01b (host: np0000182461) handling event "update" for row c6166d49-f50b-453e-95c1-78a1551121d2 (table: Port_Binding) {{(pid=103414) notify /opt/stack/neutron/neutron/plugins/ml2/drivers/ovn/mech_driver/ovsdb/ovsdb_monitor.py:1015}}
Jun 22 06:19:39.880549 np0000182461 devstack@neutron-api.service[103414]: INFO neutron.db.ovn_revision_numbers_db [None req-8360189f-0cd3-4844-946a-6ff025712513 service neutron] Successfully bumped revision number for resource 26d32b00-1d1b-424d-a5d3-c41f54749d6d (type: ports) to 3
Jun 22 06:19:39.897138 np0000182461 devstack@neutron-api.service[103414]: DEBUG neutron.pecan_wsgi.hooks.policy_enforcement [None req-8360189f-0cd3-4844-946a-6ff025712513 service neutron] Attributes excluded by policy engine: ['standard_attr_id'] {{(pid=103414) _exclude_attributes_by_policy /opt/stack/neutron/neutron/pecan_wsgi/hooks/policy_enforcement.py:259}}
Jun 22 06:19:39.897495 np0000182461 devstack@neutron-api.service[103414]: DEBUG neutron_lib.callbacks.manager [None req-8360189f-0cd3-4844-946a-6ff025712513 service neutron] Publish callbacks ['neutron.notifiers.nova.Notifier._send_nova_notification-3444365'] for port (None), before_response {{(pid=103414) _notify_loop /opt/stack/data/venv/lib/python3.12/site-packages/neutron_lib/callbacks/manager.py:184}}
Jun 22 06:19:39.913582 np0000182461 devstack@neutron-api.service[103414]: [pid: 103414|app: 0|req: 26/104] 199.204.45.95 () {68 vars in 1297 bytes} [Mon Jun 22 06:19:39 2026] POST /networking/v2.0/ports => generated 927 bytes in 584 msecs (HTTP/1.1 201) 4 headers in 162 bytes (1 switches on core 0)
Jun 22 06:19:39.991678 np0000182461 devstack@neutron-api.service[103413]: DEBUG futurist.periodics [-] Submitting periodic callback 'neutron.plugins.ml2.drivers.ovn.mech_driver.ovsdb.maintenance.HashRingHealthCheckPeriodics.touch_hash_ring_node' {{(pid=103413) _process_scheduled /opt/stack/data/venv/lib/python3.12/site-packages/futurist/periodics.py:784}}
Jun 22 06:19:39.992014 np0000182461 devstack@neutron-api.service[103413]: DEBUG neutron.plugins.ml2.drivers.ovn.mech_driver.ovsdb.maintenance [-] Touching Hash Ring node "f76d7a96fe2852759bec1fc28aba4db9" from periodic health check thread {{(pid=103413) touch_hash_ring_node /opt/stack/neutron/neutron/plugins/ml2/drivers/ovn/mech_driver/ovsdb/maintenance.py:1419}}
Jun 22 06:19:40.003672 np0000182461 devstack@neutron-api.service[103414]: DEBUG futurist.periodics [-] Submitting periodic callback 'neutron.plugins.ml2.drivers.ovn.mech_driver.ovsdb.maintenance.HashRingHealthCheckPeriodics.touch_hash_ring_node' {{(pid=103414) _process_scheduled /opt/stack/data/venv/lib/python3.12/site-packages/futurist/periodics.py:784}}
Jun 22 06:19:40.004685 np0000182461 devstack@neutron-api.service[103414]: DEBUG neutron.plugins.ml2.drivers.ovn.mech_driver.ovsdb.maintenance [-] Touching Hash Ring node "1dbe119fa8af5ad1967da062adecb01b" from periodic health check thread {{(pid=103414) touch_hash_ring_node /opt/stack/neutron/neutron/plugins/ml2/drivers/ovn/mech_driver/ovsdb/maintenance.py:1419}}
Jun 22 06:19:40.180296 np0000182461 devstack@neutron-api.service[103411]: DEBUG futurist.periodics [-] Submitting periodic callback 'neutron.plugins.ml2.drivers.ovn.mech_driver.ovsdb.maintenance.HashRingHealthCheckPeriodics.touch_hash_ring_node' {{(pid=103411) _process_scheduled /opt/stack/data/venv/lib/python3.12/site-packages/futurist/periodics.py:784}}
Jun 22 06:19:40.181390 np0000182461 devstack@neutron-api.service[103411]: DEBUG neutron.plugins.ml2.drivers.ovn.mech_driver.ovsdb.maintenance [-] Touching Hash Ring node "7c9db376e5f6514aaa546ba1fa42b9f1" from periodic health check thread {{(pid=103411) touch_hash_ring_node /opt/stack/neutron/neutron/plugins/ml2/drivers/ovn/mech_driver/ovsdb/maintenance.py:1419}}
Jun 22 06:19:40.268583 np0000182461 devstack@neutron-api.service[103414]: DEBUG neutron.plugins.ml2.drivers.ovn.mech_driver.ovsdb.ovsdb_monitor [None req-5a560efe-c6ea-4ab0-aea5-22e6c4e944d8 None None] Hash Ring: Node 1dbe119fa8af5ad1967da062adecb01b (host: np0000182461) handling event "update" for row c6166d49-f50b-453e-95c1-78a1551121d2 (table: Port_Binding) {{(pid=103414) notify /opt/stack/neutron/neutron/plugins/ml2/drivers/ovn/mech_driver/ovsdb/ovsdb_monitor.py:1015}}
Jun 22 06:19:40.349852 np0000182461 devstack@neutron-api.service[103411]: DEBUG neutron.plugins.ml2.drivers.ovn.mech_driver.ovsdb.ovsdb_monitor [None req-0a3b3a18-b5b0-4905-83f2-0c4c615e55ea None None] Touching Hash Ring node "7c9db376e5f6514aaa546ba1fa42b9f1" from IDL notify handler {{(pid=103411) notify /opt/stack/neutron/neutron/plugins/ml2/drivers/ovn/mech_driver/ovsdb/ovsdb_monitor.py:1007}}
Jun 22 06:19:40.352936 np0000182461 devstack@neutron-api.service[103414]: DEBUG neutron.plugins.ml2.drivers.ovn.mech_driver.ovsdb.ovsdb_monitor [None req-5a560efe-c6ea-4ab0-aea5-22e6c4e944d8 None None] Hash Ring: Node 1dbe119fa8af5ad1967da062adecb01b (host: np0000182461) handling event "update" for row c6166d49-f50b-453e-95c1-78a1551121d2 (table: Port_Binding) {{(pid=103414) notify /opt/stack/neutron/neutron/plugins/ml2/drivers/ovn/mech_driver/ovsdb/ovsdb_monitor.py:1015}}
Jun 22 06:19:40.353958 np0000182461 devstack@neutron-api.service[103411]: DEBUG neutron.plugins.ml2.drivers.ovn.mech_driver.ovsdb.ovsdb_monitor [None req-0a3b3a18-b5b0-4905-83f2-0c4c615e55ea None None] Hash Ring: Node 7c9db376e5f6514aaa546ba1fa42b9f1 (host: np0000182461) handling event "update" for row 70982d83-d638-45af-ab56-c756395034fc (table: Logical_Switch_Port) {{(pid=103411) notify /opt/stack/neutron/neutron/plugins/ml2/drivers/ovn/mech_driver/ovsdb/ovsdb_monitor.py:1015}}
Jun 22 06:19:40.354537 np0000182461 devstack@neutron-api.service[103411]: DEBUG ovsdbapp.backend.ovs_idl.event [None req-0a3b3a18-b5b0-4905-83f2-0c4c615e55ea None None] Matched UPDATE: LogicalSwitchPortUpdateUpEvent(events=('update',), table='Logical_Switch_Port', conditions=None, old_conditions=None), priority=20 to row=Logical_Switch_Port(uuid=70982d83-d638-45af-ab56-c756395034fc, addresses=['fa:16:3e:39:37:6f 10.2.5.173', 'unknown'], dhcpv4_options=5b647a90-78b9-4b50-ac7f-7092954c61e7, dhcpv6_options=[], dynamic_addresses=[], enabled=True, external_ids={'neutron:cidrs': '10.2.5.173/24', 'neutron:device_id': 'manila-admin-share', 'neutron:device_owner': 'manila:share', 'neutron:mtu': '', 'neutron:network_name': 'neutron-8dadbf8c-15bf-4556-8f81-d6ec31139b6d', 'neutron:port_capabilities': '', 'neutron:port_name': '', 'neutron:project_id': 'ee2316ca947c414daa7b01777e9b319b', 'neutron:revision_number': '3', 'neutron:security_group_ids': '', 'neutron:subnet_pool_addr_scope4': '', 'neutron:subnet_pool_addr_scope6': '', 'neutron:vnic_type': 'normal'}, ha_chassis_group=[], mirror_rules=[], name='26d32b00-1d1b-424d-a5d3-c41f54749d6d', options={'requested-chassis': 'np0000182461'}, parent_name=[], port_security=[], tag=[], tag_request=[], type='', up=True) old=Logical_Switch_Port(uuid=70982d83-d638-45af-ab56-c756395034fc, up=False) {{(pid=103411) matches /opt/stack/data/venv/lib/python3.12/site-packages/ovsdbapp/backend/ovs_idl/event.py:55}}
Jun 22 06:19:40.355717 np0000182461 devstack@neutron-api.service[103411]: INFO neutron.plugins.ml2.drivers.ovn.mech_driver.mech_driver [None req-df33e6fe-fc6a-497e-b22b-c8ee8ba8e399 None None] OVN reports status up for port: 26d32b00-1d1b-424d-a5d3-c41f54749d6d
Jun 22 06:19:40.362667 np0000182461 devstack@neutron-api.service[103411]: DEBUG neutron.db.provisioning_blocks [None req-df33e6fe-fc6a-497e-b22b-c8ee8ba8e399 None None] Provisioning for port 26d32b00-1d1b-424d-a5d3-c41f54749d6d completed by entity L2. {{(pid=103411) provisioning_complete /opt/stack/neutron/neutron/db/provisioning_blocks.py:133}}
Jun 22 06:19:40.370801 np0000182461 devstack@neutron-api.service[103411]: DEBUG neutron.db.provisioning_blocks [None req-df33e6fe-fc6a-497e-b22b-c8ee8ba8e399 None None] Provisioning complete for port 26d32b00-1d1b-424d-a5d3-c41f54749d6d triggered by entity L2. {{(pid=103411) provisioning_complete /opt/stack/neutron/neutron/db/provisioning_blocks.py:141}}
Jun 22 06:19:40.371327 np0000182461 devstack@neutron-api.service[103411]: DEBUG neutron_lib.callbacks.manager [None req-df33e6fe-fc6a-497e-b22b-c8ee8ba8e399 None None] Publish callbacks ['neutron.plugins.ml2.plugin.Ml2Plugin._port_provisioned-982455'] for port (26d32b00-1d1b-424d-a5d3-c41f54749d6d), provisioning_complete {{(pid=103411) _notify_loop /opt/stack/data/venv/lib/python3.12/site-packages/neutron_lib/callbacks/manager.py:184}}
Jun 22 06:19:40.371327 np0000182461 devstack@neutron-api.service[103411]: INFO neutron.plugins.ml2.plugin [None req-df33e6fe-fc6a-497e-b22b-c8ee8ba8e399 None None] Attempt 1 to provision port 26d32b00-1d1b-424d-a5d3-c41f54749d6d
Jun 22 06:19:40.418810 np0000182461 devstack@neutron-api.service[103411]: DEBUG neutron.plugins.ml2.plugin [None req-df33e6fe-fc6a-497e-b22b-c8ee8ba8e399 None None] Current status of the port 26d32b00-1d1b-424d-a5d3-c41f54749d6d is: DOWN; New status is: ACTIVE {{(pid=103411) _update_individual_port_db_status /opt/stack/neutron/neutron/plugins/ml2/plugin.py:2473}}
Jun 22 06:19:40.419028 np0000182461 devstack@neutron-api.service[103411]: DEBUG neutron_lib.callbacks.manager [None req-df33e6fe-fc6a-497e-b22b-c8ee8ba8e399 None None] Publish callbacks ['neutron.plugins.ml2.plugin.SecurityGroupDbMixin._ensure_default_security_group_handler-328005', 'neutron.services.ovn_l3.plugin.OVNL3RouterPlugin._port_update-7738797568834', 'neutron.db.l3_db.L3_NAT_dbonly_mixin._prevent_internal_ip_change_for_fip-7738798693500'] for port (26d32b00-1d1b-424d-a5d3-c41f54749d6d), before_update {{(pid=103411) _notify_loop /opt/stack/data/venv/lib/python3.12/site-packages/neutron_lib/callbacks/manager.py:184}}
Jun 22 06:19:40.440563 np0000182461 devstack@neutron-api.service[103411]: DEBUG neutron.plugins.ml2.db [None req-df33e6fe-fc6a-497e-b22b-c8ee8ba8e399 None None] For port 26d32b00-1d1b-424d-a5d3-c41f54749d6d, host np0000182461, got binding levels [PortBindingLevel(driver='ovn',host='np0000182461',level=0,port_id=26d32b00-1d1b-424d-a5d3-c41f54749d6d,segment=NetworkSegment(58aeb7e7-4a6b-4a76-89a1-c19d3bcdd87a),segment_id=58aeb7e7-4a6b-4a76-89a1-c19d3bcdd87a)] {{(pid=103411) get_binding_level_objs /opt/stack/neutron/neutron/plugins/ml2/db.py:74}}
Jun 22 06:19:40.440883 np0000182461 devstack@neutron-api.service[103411]: DEBUG neutron.plugins.ml2.drivers.ovn.mech_driver.mech_driver [None req-df33e6fe-fc6a-497e-b22b-c8ee8ba8e399 None None] No provisioning block for port 26d32b00-1d1b-424d-a5d3-c41f54749d6d since it is active {{(pid=103411) _is_port_provisioning_required /opt/stack/neutron/neutron/plugins/ml2/drivers/ovn/mech_driver/mech_driver.py:894}}
Jun 22 06:19:40.502373 np0000182461 devstack@neutron-api.service[103411]: DEBUG neutron.plugins.ml2.drivers.ovn.mech_driver.ovsdb.commands [None req-df33e6fe-fc6a-497e-b22b-c8ee8ba8e399 None None] Converting tag [] to a tag_request {{(pid=103411) _tag_column_to_tag_request /opt/stack/neutron/neutron/plugins/ml2/drivers/ovn/mech_driver/ovsdb/commands.py:205}}
Jun 22 06:19:40.504899 np0000182461 devstack@neutron-api.service[103411]: DEBUG ovsdbapp.backend.ovs_idl.transaction [None req-0a3b3a18-b5b0-4905-83f2-0c4c615e55ea None None] Running txn n=1 command(idx=0): CheckRevisionNumberCommand(_result=None, name=26d32b00-1d1b-424d-a5d3-c41f54749d6d, resource={'id': '26d32b00-1d1b-424d-a5d3-c41f54749d6d', 'name': '', 'network_id': '8dadbf8c-15bf-4556-8f81-d6ec31139b6d', 'project_id': 'ee2316ca947c414daa7b01777e9b319b', 'mac_address': 'fa:16:3e:39:37:6f', 'admin_state_up': True, 'status': 'ACTIVE', 'device_id': 'manila-admin-share', 'device_owner': 'manila:share', 'standard_attr_id': 46, 'fixed_ips': [{'subnet_id': 'aaf234a8-acb4-41ae-9f7e-8de9059453e0', 'ip_address': '10.2.5.173'}], 'allowed_address_pairs': [], 'extra_dhcp_opts': [], 'security_groups': [], 'description': '', 'binding:vnic_type': 'normal', 'binding:profile': {}, 'binding:host_id': 'np0000182461', 'binding:vif_type': 'ovs', 'binding:vif_details': {'port_filter': True, 'connectivity': 'l2', 'ovs_create_tap': False, 'bridge_name': 'br-int', 'datapath_type': 'system', 'bound_drivers': {'0': 'ovn'}}, 'port_security_enabled': False, 'tags': [], 'created_at': '2026-06-22T06:19:39Z', 'updated_at': '2026-06-22T06:19:40Z', 'revision_number': 4, 'tenant_id': 'ee2316ca947c414daa7b01777e9b319b', 'network': {'id': '8dadbf8c-15bf-4556-8f81-d6ec31139b6d', 'name': 'admin_net', 'tenant_id': 'ee2316ca947c414daa7b01777e9b319b', 'project_id': 'ee2316ca947c414daa7b01777e9b319b', 'admin_state_up': True, 'mtu': 1372, 'status': 'ACTIVE', 'subnets': ['aaf234a8-acb4-41ae-9f7e-8de9059453e0'], 'standard_attr_id': 42, 'shared': False, 'availability_zone_hints': [], 'availability_zones': [], 'ipv4_address_scope': None, 'ipv6_address_scope': None, 'router:external': False, 'qinq': False, 'vlan_transparent': False, 'description': '', 'port_security_enabled': True, 'tags': [], 'created_at': '2026-06-22T06:19:32Z', 'updated_at': '2026-06-22T06:19:33Z', 'revision_number': 2, 'provider:network_type': 'geneve', 'provider:physical_network': None, 'provider:segmentation_id': 17480}}, resource_type=ports, if_exists=True) {{(pid=103411) do_commit /opt/stack/data/venv/lib/python3.12/site-packages/ovsdbapp/backend/ovs_idl/transaction.py:89}}
Jun 22 06:19:40.507161 np0000182461 devstack@neutron-api.service[103411]: DEBUG ovsdbapp.backend.ovs_idl.transaction [None req-0a3b3a18-b5b0-4905-83f2-0c4c615e55ea None None] Running txn n=1 command(idx=1): SetLSwitchPortCommand(_result=None, lport=26d32b00-1d1b-424d-a5d3-c41f54749d6d, external_ids_update=None, columns={'external_ids': {'neutron:port_name': '', 'neutron:device_id': 'manila-admin-share', 'neutron:project_id': 'ee2316ca947c414daa7b01777e9b319b', 'neutron:cidrs': '10.2.5.173/24', 'neutron:device_owner': 'manila:share', 'neutron:subnet_pool_addr_scope4': '', 'neutron:subnet_pool_addr_scope6': '', 'neutron:network_name': 'neutron-8dadbf8c-15bf-4556-8f81-d6ec31139b6d', 'neutron:security_group_ids': '', 'neutron:revision_number': '4', 'neutron:vnic_type': 'normal', 'neutron:port_capabilities': '', 'neutron:mtu': ''}, 'parent_name': [], 'options': {'requested-chassis': 'np0000182461'}, 'enabled': True, 'port_security': [], 'dhcpv4_options': [UUID('5b647a90-78b9-4b50-ac7f-7092954c61e7')], 'dhcpv6_options': [], 'type': '', 'addresses': ['fa:16:3e:39:37:6f 10.2.5.173', 'unknown'], 'ha_chassis_group': [], 'tag_request': []}, if_exists=False) {{(pid=103411) do_commit /opt/stack/data/venv/lib/python3.12/site-packages/ovsdbapp/backend/ovs_idl/transaction.py:89}}
Jun 22 06:19:40.507161 np0000182461 devstack@neutron-api.service[103411]: DEBUG ovsdbapp.backend.ovs_idl.transaction [None req-0a3b3a18-b5b0-4905-83f2-0c4c615e55ea None None] Running txn n=1 command(idx=2): PgDelPortCommand(_result=None, port_group=neutron_pg_drop, lsp=['26d32b00-1d1b-424d-a5d3-c41f54749d6d'], if_exists=False) {{(pid=103411) do_commit /opt/stack/data/venv/lib/python3.12/site-packages/ovsdbapp/backend/ovs_idl/transaction.py:89}}
Jun 22 06:19:40.510536 np0000182461 devstack@neutron-api.service[103411]: DEBUG neutron.plugins.ml2.drivers.ovn.mech_driver.ovsdb.ovsdb_monitor [None req-0a3b3a18-b5b0-4905-83f2-0c4c615e55ea None None] Touching Hash Ring node "7c9db376e5f6514aaa546ba1fa42b9f1" from IDL notify handler {{(pid=103411) notify /opt/stack/neutron/neutron/plugins/ml2/drivers/ovn/mech_driver/ovsdb/ovsdb_monitor.py:1007}}
Jun 22 06:19:40.517647 np0000182461 devstack@neutron-api.service[103414]: DEBUG neutron.plugins.ml2.drivers.ovn.mech_driver.ovsdb.ovsdb_monitor [None req-5a560efe-c6ea-4ab0-aea5-22e6c4e944d8 None None] Hash Ring: Node 1dbe119fa8af5ad1967da062adecb01b (host: np0000182461) handling event "update" for row c6166d49-f50b-453e-95c1-78a1551121d2 (table: Port_Binding) {{(pid=103414) notify /opt/stack/neutron/neutron/plugins/ml2/drivers/ovn/mech_driver/ovsdb/ovsdb_monitor.py:1015}}
Jun 22 06:19:40.521057 np0000182461 devstack@neutron-api.service[103411]: DEBUG neutron.plugins.ml2.drivers.ovn.mech_driver.ovsdb.ovsdb_monitor [None req-0a3b3a18-b5b0-4905-83f2-0c4c615e55ea None None] Hash Ring: Node 7c9db376e5f6514aaa546ba1fa42b9f1 (host: np0000182461) handling event "update" for row 70982d83-d638-45af-ab56-c756395034fc (table: Logical_Switch_Port) {{(pid=103411) notify /opt/stack/neutron/neutron/plugins/ml2/drivers/ovn/mech_driver/ovsdb/ovsdb_monitor.py:1015}}
Jun 22 06:19:40.554776 np0000182461 devstack@neutron-api.service[103411]: INFO neutron.db.ovn_revision_numbers_db [None req-df33e6fe-fc6a-497e-b22b-c8ee8ba8e399 None None] Successfully bumped revision number for resource 26d32b00-1d1b-424d-a5d3-c41f54749d6d (type: ports) to 4
Jun 22 06:19:40.561228 np0000182461 devstack@neutron-api.service[103411]: DEBUG neutron_lib.callbacks.manager [None req-df33e6fe-fc6a-497e-b22b-c8ee8ba8e399 None None] Publish callbacks ['neutron.plugins.ml2.ovo_rpc._ObjectChangeHandler.handle_event-1824499', 'neutron.services.ovn_l3.plugin.OVNL3RouterPlugin._port_update-7738797568834'] for port (26d32b00-1d1b-424d-a5d3-c41f54749d6d), after_update {{(pid=103411) _notify_loop /opt/stack/data/venv/lib/python3.12/site-packages/neutron_lib/callbacks/manager.py:184}}
Jun 22 06:19:40.585265 np0000182461 devstack@neutron-api.service[103411]: DEBUG neutron.api.rpc.handlers.resources_rpc [None req-9a6ce1b4-5ea9-4385-a70c-c2fef2e05193 None None] Pushing event updated for resources: {'Port': ['ID=26d32b00-1d1b-424d-a5d3-c41f54749d6d,revision_number=4']} {{(pid=103411) push /opt/stack/neutron/neutron/api/rpc/handlers/resources_rpc.py:237}}
Jun 22 06:19:40.605681 np0000182461 devstack@neutron-api.service[103411]: DEBUG ovsdbapp.backend.ovs_idl.transaction [None req-0a3b3a18-b5b0-4905-83f2-0c4c615e55ea None None] Running txn n=1 command(idx=0): DbSetCommand(_result=None, table=Logical_Switch_Port, record=26d32b00-1d1b-424d-a5d3-c41f54749d6d, col_values=(('external_ids', {'neutron:host_id': 'np0000182461'}),), if_exists=True) {{(pid=103411) do_commit /opt/stack/data/venv/lib/python3.12/site-packages/ovsdbapp/backend/ovs_idl/transaction.py:89}}
Jun 22 06:19:40.613477 np0000182461 devstack@neutron-api.service[103411]: DEBUG neutron.plugins.ml2.drivers.ovn.mech_driver.ovsdb.ovsdb_monitor [None req-0a3b3a18-b5b0-4905-83f2-0c4c615e55ea None None] Touching Hash Ring node "7c9db376e5f6514aaa546ba1fa42b9f1" from IDL notify handler {{(pid=103411) notify /opt/stack/neutron/neutron/plugins/ml2/drivers/ovn/mech_driver/ovsdb/ovsdb_monitor.py:1007}}
Jun 22 06:19:40.618730 np0000182461 devstack@neutron-api.service[103411]: DEBUG neutron.plugins.ml2.drivers.ovn.mech_driver.ovsdb.ovsdb_monitor [None req-0a3b3a18-b5b0-4905-83f2-0c4c615e55ea None None] Hash Ring: Node 7c9db376e5f6514aaa546ba1fa42b9f1 (host: np0000182461) handling event "update" for row 70982d83-d638-45af-ab56-c756395034fc (table: Logical_Switch_Port) {{(pid=103411) notify /opt/stack/neutron/neutron/plugins/ml2/drivers/ovn/mech_driver/ovsdb/ovsdb_monitor.py:1015}}
Jun 22 06:19:40.625442 np0000182461 devstack@neutron-api.service[103414]: DEBUG neutron.plugins.ml2.drivers.ovn.mech_driver.ovsdb.ovsdb_monitor [None req-5a560efe-c6ea-4ab0-aea5-22e6c4e944d8 None None] Hash Ring: Node 1dbe119fa8af5ad1967da062adecb01b (host: np0000182461) handling event "update" for row c6166d49-f50b-453e-95c1-78a1551121d2 (table: Port_Binding) {{(pid=103414) notify /opt/stack/neutron/neutron/plugins/ml2/drivers/ovn/mech_driver/ovsdb/ovsdb_monitor.py:1015}}
Jun 22 06:19:41.101356 np0000182461 devstack@neutron-api.service[103411]: DEBUG neutron.pecan_wsgi.hooks.policy_enforcement [None req-483fbab5-41b6-4890-a9bc-956c0c6ece4a service neutron] Attributes excluded by policy engine: ['standard_attr_id', 'shared'] {{(pid=103411) _exclude_attributes_by_policy /opt/stack/neutron/neutron/pecan_wsgi/hooks/policy_enforcement.py:259}}
Jun 22 06:19:41.102767 np0000182461 devstack@neutron-api.service[103411]: [pid: 103411|app: 0|req: 26/105] 199.204.45.95 () {64 vars in 1360 bytes} [Mon Jun 22 06:19:41 2026] GET /networking/v2.0/subnets/aaf234a8-acb4-41ae-9f7e-8de9059453e0 => generated 625 bytes in 24 msecs (HTTP/1.1 200) 4 headers in 157 bytes (1 switches on core 0)
Jun 22 06:19:41.990283 np0000182461 devstack@neutron-api.service[103412]: DEBUG neutron.pecan_wsgi.hooks.policy_enforcement [None req-d71456b7-3b57-4740-a132-13da2b05c015 service neutron] Attributes excluded by policy engine: ['standard_attr_id'] {{(pid=103412) _exclude_attributes_by_policy /opt/stack/neutron/neutron/pecan_wsgi/hooks/policy_enforcement.py:259}}
Jun 22 06:19:41.991507 np0000182461 devstack@neutron-api.service[103412]: [pid: 103412|app: 0|req: 28/106] 199.204.45.95 () {64 vars in 1362 bytes} [Mon Jun 22 06:19:41 2026] GET /networking/v2.0/ports?device_id=manila-admin-share&binding%3Ahost_id=np0000182461 => generated 932 bytes in 39 msecs (HTTP/1.1 200) 4 headers in 157 bytes (1 switches on core 0)
Jun 22 06:19:42.504324 np0000182461 devstack@neutron-api.service[103413]: DEBUG neutron.pecan_wsgi.hooks.policy_enforcement [None req-c7a7b2db-5195-42b3-bb90-fc90ed592abf service neutron] Attributes excluded by policy engine: ['standard_attr_id', 'shared'] {{(pid=103413) _exclude_attributes_by_policy /opt/stack/neutron/neutron/pecan_wsgi/hooks/policy_enforcement.py:259}}
Jun 22 06:19:42.505723 np0000182461 devstack@neutron-api.service[103413]: [pid: 103413|app: 0|req: 27/107] 199.204.45.95 () {64 vars in 1360 bytes} [Mon Jun 22 06:19:42 2026] GET /networking/v2.0/subnets/aaf234a8-acb4-41ae-9f7e-8de9059453e0 => generated 625 bytes in 23 msecs (HTTP/1.1 200) 4 headers in 157 bytes (1 switches on core 0)
Jun 22 06:19:50.013290 np0000182461 devstack@neutron-api.service[103414]: DEBUG dbcounter [-] [103414] Writing DB stats neutron:UPDATE=17,neutron:SELECT=191,neutron:INSERT=12,neutron:DELETE=2 {{(pid=103414) stat_writer /opt/stack/data/venv/lib/python3.12/site-packages/dbcounter.py:115}}
Jun 22 06:19:51.098572 np0000182461 devstack@neutron-api.service[103411]: DEBUG dbcounter [-] [103411] Writing DB stats neutron:UPDATE=31,neutron:SELECT=355,neutron:INSERT=31,neutron:DELETE=3 {{(pid=103411) stat_writer /opt/stack/data/venv/lib/python3.12/site-packages/dbcounter.py:115}}
Jun 22 06:19:51.985517 np0000182461 devstack@neutron-api.service[103412]: DEBUG dbcounter [-] [103412] Writing DB stats neutron:SELECT=36,neutron:UPDATE=8 {{(pid=103412) stat_writer /opt/stack/data/venv/lib/python3.12/site-packages/dbcounter.py:115}}
Jun 22 06:19:52.501713 np0000182461 devstack@neutron-api.service[103413]: DEBUG dbcounter [-] [103413] Writing DB stats neutron:UPDATE=12,neutron:SELECT=259,neutron:INSERT=11,neutron:DELETE=2 {{(pid=103413) stat_writer /opt/stack/data/venv/lib/python3.12/site-packages/dbcounter.py:115}}
Jun 22 06:19:54.055534 np0000182461 devstack@neutron-api.service[103412]: DEBUG futurist.periodics [-] Submitting periodic callback 'neutron.plugins.ml2.drivers.ovn.mech_driver.ovsdb.maintenance.HashRingHealthCheckPeriodics.touch_hash_ring_node' {{(pid=103412) _process_scheduled /opt/stack/data/venv/lib/python3.12/site-packages/futurist/periodics.py:784}}
Jun 22 06:19:54.056308 np0000182461 devstack@neutron-api.service[103412]: DEBUG neutron.plugins.ml2.drivers.ovn.mech_driver.ovsdb.maintenance [-] Touching Hash Ring node "616021f127d5595c96a45702e18c25b8" from periodic health check thread {{(pid=103412) touch_hash_ring_node /opt/stack/neutron/neutron/plugins/ml2/drivers/ovn/mech_driver/ovsdb/maintenance.py:1419}}
Jun 22 06:19:54.992380 np0000182461 devstack@neutron-api.service[103413]: DEBUG futurist.periodics [-] Submitting periodic callback 'neutron.plugins.ml2.drivers.ovn.mech_driver.ovsdb.maintenance.HashRingHealthCheckPeriodics.touch_hash_ring_node' {{(pid=103413) _process_scheduled /opt/stack/data/venv/lib/python3.12/site-packages/futurist/periodics.py:784}}
Jun 22 06:19:54.995029 np0000182461 devstack@neutron-api.service[103413]: DEBUG neutron.plugins.ml2.drivers.ovn.mech_driver.ovsdb.maintenance [-] Touching Hash Ring node "f76d7a96fe2852759bec1fc28aba4db9" from periodic health check thread {{(pid=103413) touch_hash_ring_node /opt/stack/neutron/neutron/plugins/ml2/drivers/ovn/mech_driver/ovsdb/maintenance.py:1419}}
Jun 22 06:19:55.004775 np0000182461 devstack@neutron-api.service[103414]: DEBUG futurist.periodics [-] Submitting periodic callback 'neutron.plugins.ml2.drivers.ovn.mech_driver.ovsdb.maintenance.HashRingHealthCheckPeriodics.touch_hash_ring_node' {{(pid=103414) _process_scheduled /opt/stack/data/venv/lib/python3.12/site-packages/futurist/periodics.py:784}}
Jun 22 06:19:55.005356 np0000182461 devstack@neutron-api.service[103414]: DEBUG neutron.plugins.ml2.drivers.ovn.mech_driver.ovsdb.maintenance [-] Touching Hash Ring node "1dbe119fa8af5ad1967da062adecb01b" from periodic health check thread {{(pid=103414) touch_hash_ring_node /opt/stack/neutron/neutron/plugins/ml2/drivers/ovn/mech_driver/ovsdb/maintenance.py:1419}}
Jun 22 06:19:55.181728 np0000182461 devstack@neutron-api.service[103411]: DEBUG futurist.periodics [-] Submitting periodic callback 'neutron.plugins.ml2.drivers.ovn.mech_driver.ovsdb.maintenance.HashRingHealthCheckPeriodics.touch_hash_ring_node' {{(pid=103411) _process_scheduled /opt/stack/data/venv/lib/python3.12/site-packages/futurist/periodics.py:784}}
Jun 22 06:19:55.182388 np0000182461 devstack@neutron-api.service[103411]: DEBUG neutron.plugins.ml2.drivers.ovn.mech_driver.ovsdb.maintenance [-] Touching Hash Ring node "7c9db376e5f6514aaa546ba1fa42b9f1" from periodic health check thread {{(pid=103411) touch_hash_ring_node /opt/stack/neutron/neutron/plugins/ml2/drivers/ovn/mech_driver/ovsdb/maintenance.py:1419}}
Jun 22 06:19:55.504598 np0000182461 devstack@neutron-api.service[103414]: [pid: 103414|app: 0|req: 27/108] 199.204.45.95 () {62 vars in 1052 bytes} [Mon Jun 22 06:19:55 2026] GET /networking => generated 129 bytes in 3 msecs (HTTP/1.1 200) 3 headers in 91 bytes (1 switches on core 0)
Jun 22 06:19:55.595384 np0000182461 devstack@neutron-api.service[103411]: DEBUG neutron.pecan_wsgi.hooks.policy_enforcement [None req-00d3194c-732a-429a-8874-a9ef44ff9c39 demo demo] Attributes excluded by policy engine: ['standard_attr_id', 'provider:network_type', 'provider:physical_network', 'provider:segmentation_id'] {{(pid=103411) _exclude_attributes_by_policy /opt/stack/neutron/neutron/pecan_wsgi/hooks/policy_enforcement.py:259}}
Jun 22 06:19:55.597055 np0000182461 devstack@neutron-api.service[103411]: [pid: 103411|app: 0|req: 27/109] 199.204.45.95 () {64 vars in 1341 bytes} [Mon Jun 22 06:19:55 2026] GET /networking/v2.0/networks?router%3Aexternal=True => generated 659 bytes in 56 msecs (HTTP/1.1 200) 4 headers in 157 bytes (1 switches on core 0)
Jun 22 06:20:00.689347 np0000182461 devstack@neutron-api.service[103412]: [pid: 103412|app: 0|req: 29/110] 199.204.45.95 () {62 vars in 1052 bytes} [Mon Jun 22 06:20:00 2026] GET /networking => generated 129 bytes in 2 msecs (HTTP/1.1 200) 3 headers in 91 bytes (2 switches on core 0)
Jun 22 06:20:00.784720 np0000182461 devstack@neutron-api.service[103413]: DEBUG neutron.pecan_wsgi.hooks.policy_enforcement [None req-e6e21230-e9db-41a7-ac63-f028bbb144ac demo demo] Attributes excluded by policy engine: ['standard_attr_id', 'provider:network_type', 'provider:physical_network', 'provider:segmentation_id'] {{(pid=103413) _exclude_attributes_by_policy /opt/stack/neutron/neutron/pecan_wsgi/hooks/policy_enforcement.py:259}}
Jun 22 06:20:00.787655 np0000182461 devstack@neutron-api.service[103413]: [pid: 103413|app: 0|req: 28/111] 199.204.45.95 () {64 vars in 1341 bytes} [Mon Jun 22 06:20:00 2026] GET /networking/v2.0/networks?router%3Aexternal=True => generated 659 bytes in 60 msecs (HTTP/1.1 200) 4 headers in 157 bytes (1 switches on core 0)
Jun 22 06:20:04.067196 np0000182461 devstack@neutron-api.service[103412]: DEBUG dbcounter [-] [103412] Writing DB stats neutron:UPDATE=1,neutron:SELECT=1 {{(pid=103412) stat_writer /opt/stack/data/venv/lib/python3.12/site-packages/dbcounter.py:115}}
Jun 22 06:20:05.018244 np0000182461 devstack@neutron-api.service[103414]: DEBUG dbcounter [-] [103414] Writing DB stats neutron:UPDATE=1,neutron:SELECT=1 {{(pid=103414) stat_writer /opt/stack/data/venv/lib/python3.12/site-packages/dbcounter.py:115}}
Jun 22 06:20:05.590679 np0000182461 devstack@neutron-api.service[103411]: DEBUG dbcounter [-] [103411] Writing DB stats neutron:UPDATE=1,neutron:SELECT=18 {{(pid=103411) stat_writer /opt/stack/data/venv/lib/python3.12/site-packages/dbcounter.py:115}}
Jun 22 06:20:09.056451 np0000182461 devstack@neutron-api.service[103412]: DEBUG futurist.periodics [-] Submitting periodic callback 'neutron.plugins.ml2.drivers.ovn.mech_driver.ovsdb.maintenance.HashRingHealthCheckPeriodics.touch_hash_ring_node' {{(pid=103412) _process_scheduled /opt/stack/data/venv/lib/python3.12/site-packages/futurist/periodics.py:784}}
Jun 22 06:20:09.059136 np0000182461 devstack@neutron-api.service[103412]: DEBUG neutron.plugins.ml2.drivers.ovn.mech_driver.ovsdb.maintenance [-] Touching Hash Ring node "616021f127d5595c96a45702e18c25b8" from periodic health check thread {{(pid=103412) touch_hash_ring_node /opt/stack/neutron/neutron/plugins/ml2/drivers/ovn/mech_driver/ovsdb/maintenance.py:1419}}
Jun 22 06:20:09.429818 np0000182461 devstack@neutron-api.service[103414]: [pid: 103414|app: 0|req: 28/112] 199.204.45.95 () {62 vars in 1063 bytes} [Mon Jun 22 06:20:09 2026] GET /networking => generated 129 bytes in 3 msecs (HTTP/1.1 200) 3 headers in 91 bytes (1 switches on core 0)
Jun 22 06:20:09.527553 np0000182461 devstack@neutron-api.service[103411]: DEBUG neutron.pecan_wsgi.hooks.policy_enforcement [None req-a2fa7708-8783-4e2e-a5b4-e2511a5c30bf demo demo] Attributes excluded by policy engine: ['standard_attr_id', 'provider:network_type', 'provider:physical_network', 'provider:segmentation_id'] {{(pid=103411) _exclude_attributes_by_policy /opt/stack/neutron/neutron/pecan_wsgi/hooks/policy_enforcement.py:259}}
Jun 22 06:20:09.530058 np0000182461 devstack@neutron-api.service[103411]: [pid: 103411|app: 0|req: 28/113] 199.204.45.95 () {64 vars in 1376 bytes} [Mon Jun 22 06:20:09 2026] GET /networking/v2.0/networks?name=public&router%3Aexternal=True => generated 659 bytes in 66 msecs (HTTP/1.1 200) 4 headers in 157 bytes (1 switches on core 0)
Jun 22 06:20:09.993552 np0000182461 devstack@neutron-api.service[103413]: DEBUG futurist.periodics [-] Submitting periodic callback 'neutron.plugins.ml2.drivers.ovn.mech_driver.ovsdb.maintenance.HashRingHealthCheckPeriodics.touch_hash_ring_node' {{(pid=103413) _process_scheduled /opt/stack/data/venv/lib/python3.12/site-packages/futurist/periodics.py:784}}
Jun 22 06:20:09.994706 np0000182461 devstack@neutron-api.service[103413]: DEBUG neutron.plugins.ml2.drivers.ovn.mech_driver.ovsdb.maintenance [-] Touching Hash Ring node "f76d7a96fe2852759bec1fc28aba4db9" from periodic health check thread {{(pid=103413) touch_hash_ring_node /opt/stack/neutron/neutron/plugins/ml2/drivers/ovn/mech_driver/ovsdb/maintenance.py:1419}}
Jun 22 06:20:10.005334 np0000182461 devstack@neutron-api.service[103414]: DEBUG futurist.periodics [-] Submitting periodic callback 'neutron.plugins.ml2.drivers.ovn.mech_driver.ovsdb.maintenance.HashRingHealthCheckPeriodics.touch_hash_ring_node' {{(pid=103414) _process_scheduled /opt/stack/data/venv/lib/python3.12/site-packages/futurist/periodics.py:784}}
Jun 22 06:20:10.005777 np0000182461 devstack@neutron-api.service[103414]: DEBUG neutron.plugins.ml2.drivers.ovn.mech_driver.ovsdb.maintenance [-] Touching Hash Ring node "1dbe119fa8af5ad1967da062adecb01b" from periodic health check thread {{(pid=103414) touch_hash_ring_node /opt/stack/neutron/neutron/plugins/ml2/drivers/ovn/mech_driver/ovsdb/maintenance.py:1419}}
Jun 22 06:20:10.182473 np0000182461 devstack@neutron-api.service[103411]: DEBUG futurist.periodics [-] Submitting periodic callback 'neutron.plugins.ml2.drivers.ovn.mech_driver.ovsdb.maintenance.HashRingHealthCheckPeriodics.touch_hash_ring_node' {{(pid=103411) _process_scheduled /opt/stack/data/venv/lib/python3.12/site-packages/futurist/periodics.py:784}}
Jun 22 06:20:10.182919 np0000182461 devstack@neutron-api.service[103411]: DEBUG neutron.plugins.ml2.drivers.ovn.mech_driver.ovsdb.maintenance [-] Touching Hash Ring node "7c9db376e5f6514aaa546ba1fa42b9f1" from periodic health check thread {{(pid=103411) touch_hash_ring_node /opt/stack/neutron/neutron/plugins/ml2/drivers/ovn/mech_driver/ovsdb/maintenance.py:1419}}
Jun 22 06:20:11.733366 np0000182461 devstack@neutron-api.service[103412]: [pid: 103412|app: 0|req: 30/114] 199.204.45.95 () {64 vars in 1261 bytes} [Mon Jun 22 06:20:11 2026] GET /networking/ => generated 129 bytes in 2 msecs (HTTP/1.1 200) 3 headers in 91 bytes (1 switches on core 0)
Jun 22 06:20:11.893222 np0000182461 devstack@neutron-api.service[103413]: DEBUG neutron.pecan_wsgi.hooks.policy_enforcement [None req-21746e90-c354-4628-8cea-44316d8aac56 demo demo] Attributes excluded by policy engine: ['standard_attr_id', 'provider:network_type', 'provider:physical_network', 'provider:segmentation_id'] {{(pid=103413) _exclude_attributes_by_policy /opt/stack/neutron/neutron/pecan_wsgi/hooks/policy_enforcement.py:259}}
Jun 22 06:20:11.894584 np0000182461 devstack@neutron-api.service[103413]: [pid: 103413|app: 0|req: 29/115] 199.204.45.95 () {64 vars in 1410 bytes} [Mon Jun 22 06:20:11 2026] GET /networking/v2.0/networks/2d81c10a-96a4-472a-95e6-655e62f58388 => generated 656 bytes in 156 msecs (HTTP/1.1 200) 4 headers in 157 bytes (1 switches on core 0)
Jun 22 06:20:11.927673 np0000182461 devstack@neutron-api.service[103414]: [pid: 103414|app: 0|req: 29/116] 199.204.45.95 () {64 vars in 1404 bytes} [Mon Jun 22 06:20:11 2026] GET /networking/v2.0/networks?name=k8s-clusterapi-cluster-magnum-system-kube-bv3d8 => generated 15 bytes in 26 msecs (HTTP/1.1 200) 4 headers in 156 bytes (1 switches on core 0)
Jun 22 06:20:11.940123 np0000182461 devstack@neutron-api.service[103411]: DEBUG neutron.api.v2.base [None req-8e19c175-e13e-446a-a725-2f260fc768e3 demo demo] Request body: {'network': {'admin_state_up': True, 'name': 'k8s-clusterapi-cluster-magnum-system-kube-bv3d8'}} {{(pid=103411) prepare_request_body /opt/stack/neutron/neutron/api/v2/base.py:727}}
Jun 22 06:20:11.960128 np0000182461 devstack@neutron-api.service[103411]: DEBUG neutron.pecan_wsgi.hooks.quota_enforcement [None req-8e19c175-e13e-446a-a725-2f260fc768e3 demo demo] Made reservation on behalf of e00d1ba79011457d8a083b38df14df20 for: {'network': 1} {{(pid=103411) before /opt/stack/neutron/neutron/pecan_wsgi/hooks/quota_enforcement.py:66}}
Jun 22 06:20:11.964124 np0000182461 devstack@neutron-api.service[103411]: DEBUG neutron_lib.callbacks.manager [None req-8e19c175-e13e-446a-a725-2f260fc768e3 demo demo] Publish callbacks ['neutron.plugins.ml2.plugin.SecurityGroupDbMixin._ensure_default_security_group_handler-328005'] for network (None), before_create {{(pid=103411) _notify_loop /opt/stack/data/venv/lib/python3.12/site-packages/neutron_lib/callbacks/manager.py:184}}
Jun 22 06:20:11.970931 np0000182461 devstack@neutron-api.service[103411]: DEBUG neutron_lib.callbacks.manager [None req-8e19c175-e13e-446a-a725-2f260fc768e3 demo demo] Publish callbacks [] for security_group (None), before_create {{(pid=103411) _notify_loop /opt/stack/data/venv/lib/python3.12/site-packages/neutron_lib/callbacks/manager.py:184}}
Jun 22 06:20:12.029224 np0000182461 devstack@neutron-api.service[103411]: DEBUG neutron_lib.callbacks.manager [None req-8e19c175-e13e-446a-a725-2f260fc768e3 demo demo] Publish callbacks ['neutron.plugins.ml2.drivers.ovn.mech_driver.mech_driver.OVNMechanismDriver._create_security_group_precommit-220243'] for security_group (957546b0-95de-4c46-bccf-de650c2f9cfc), precommit_create {{(pid=103411) _notify_loop /opt/stack/data/venv/lib/python3.12/site-packages/neutron_lib/callbacks/manager.py:184}}
Jun 22 06:20:12.029399 np0000182461 devstack@neutron-api.service[103411]: DEBUG neutron.db.ovn_revision_numbers_db [None req-8e19c175-e13e-446a-a725-2f260fc768e3 demo demo] create_initial_revision uuid=957546b0-95de-4c46-bccf-de650c2f9cfc, type=security_groups, rev=-1 {{(pid=103411) create_initial_revision /opt/stack/neutron/neutron/db/ovn_revision_numbers_db.py:98}}
Jun 22 06:20:12.030927 np0000182461 devstack@neutron-api.service[103411]: DEBUG neutron.db.ovn_revision_numbers_db [None req-8e19c175-e13e-446a-a725-2f260fc768e3 demo demo] create_initial_revision uuid=42d598e1-be36-4d66-bfc0-25b8724d9968, type=security_group_rules, rev=-1 {{(pid=103411) create_initial_revision /opt/stack/neutron/neutron/db/ovn_revision_numbers_db.py:98}}
Jun 22 06:20:12.032124 np0000182461 devstack@neutron-api.service[103411]: DEBUG neutron.db.ovn_revision_numbers_db [None req-8e19c175-e13e-446a-a725-2f260fc768e3 demo demo] create_initial_revision uuid=cf3a4b50-87d6-4729-b90c-9f6849a28501, type=security_group_rules, rev=-1 {{(pid=103411) create_initial_revision /opt/stack/neutron/neutron/db/ovn_revision_numbers_db.py:98}}
Jun 22 06:20:12.033938 np0000182461 devstack@neutron-api.service[103411]: DEBUG neutron.db.ovn_revision_numbers_db [None req-8e19c175-e13e-446a-a725-2f260fc768e3 demo demo] create_initial_revision uuid=f1b67f70-998e-4a4e-82a2-86f3ef11b8eb, type=security_group_rules, rev=-1 {{(pid=103411) create_initial_revision /opt/stack/neutron/neutron/db/ovn_revision_numbers_db.py:98}}
Jun 22 06:20:12.035310 np0000182461 devstack@neutron-api.service[103411]: DEBUG neutron.db.ovn_revision_numbers_db [None req-8e19c175-e13e-446a-a725-2f260fc768e3 demo demo] create_initial_revision uuid=f233c79b-c6a3-49b4-ab08-a636aebb648f, type=security_group_rules, rev=-1 {{(pid=103411) create_initial_revision /opt/stack/neutron/neutron/db/ovn_revision_numbers_db.py:98}}
Jun 22 06:20:12.041910 np0000182461 devstack@neutron-api.service[103411]: DEBUG neutron_lib.callbacks.manager [None req-8e19c175-e13e-446a-a725-2f260fc768e3 demo demo] Publish callbacks ['neutron.plugins.ml2.drivers.ovn.mech_driver.mech_driver.OVNMechanismDriver._create_security_group-220237', 'neutron.plugins.ml2.ovo_rpc._ObjectChangeHandler.handle_event-1824455'] for security_group (957546b0-95de-4c46-bccf-de650c2f9cfc), after_create {{(pid=103411) _notify_loop /opt/stack/data/venv/lib/python3.12/site-packages/neutron_lib/callbacks/manager.py:184}}
Jun 22 06:20:12.042528 np0000182461 devstack@neutron-api.service[103411]: DEBUG ovsdbapp.backend.ovs_idl.transaction [None req-0a3b3a18-b5b0-4905-83f2-0c4c615e55ea None None] Running txn n=1 command(idx=0): PgAddCommand(_result=None, name=pg_957546b0_95de_4c46_bccf_de650c2f9cfc, may_exist=False, columns={'acls': [], 'external_ids': {'neutron:security_group_id': '957546b0-95de-4c46-bccf-de650c2f9cfc'}}) {{(pid=103411) do_commit /opt/stack/data/venv/lib/python3.12/site-packages/ovsdbapp/backend/ovs_idl/transaction.py:89}}
Jun 22 06:20:12.042979 np0000182461 devstack@neutron-api.service[103411]: DEBUG ovsdbapp.backend.ovs_idl.transaction [None req-0a3b3a18-b5b0-4905-83f2-0c4c615e55ea None None] Running txn n=1 command(idx=1): PgAclAddCommand(_result=None, entity=pg_957546b0_95de_4c46_bccf_de650c2f9cfc, direction=from-lport, priority=1002, match=inport == @pg_957546b0_95de_4c46_bccf_de650c2f9cfc && ip4, action=allow-related, log=False, may_exist=True, severity=[], name=[], meter=[], external_ids={'neutron:security_group_rule_id': '42d598e1-be36-4d66-bfc0-25b8724d9968'}) {{(pid=103411) do_commit /opt/stack/data/venv/lib/python3.12/site-packages/ovsdbapp/backend/ovs_idl/transaction.py:89}}
Jun 22 06:20:12.043425 np0000182461 devstack@neutron-api.service[103411]: DEBUG ovsdbapp.backend.ovs_idl.transaction [None req-0a3b3a18-b5b0-4905-83f2-0c4c615e55ea None None] Running txn n=1 command(idx=2): PgAclAddCommand(_result=None, entity=pg_957546b0_95de_4c46_bccf_de650c2f9cfc, direction=to-lport, priority=1002, match=outport == @pg_957546b0_95de_4c46_bccf_de650c2f9cfc && ip6 && ip6.src == $pg_957546b0_95de_4c46_bccf_de650c2f9cfc_ip6, action=allow-related, log=False, may_exist=True, severity=[], name=[], meter=[], external_ids={'neutron:security_group_rule_id': 'cf3a4b50-87d6-4729-b90c-9f6849a28501'}) {{(pid=103411) do_commit /opt/stack/data/venv/lib/python3.12/site-packages/ovsdbapp/backend/ovs_idl/transaction.py:89}}
Jun 22 06:20:12.043845 np0000182461 devstack@neutron-api.service[103411]: DEBUG ovsdbapp.backend.ovs_idl.transaction [None req-0a3b3a18-b5b0-4905-83f2-0c4c615e55ea None None] Running txn n=1 command(idx=3): PgAclAddCommand(_result=None, entity=pg_957546b0_95de_4c46_bccf_de650c2f9cfc, direction=from-lport, priority=1002, match=inport == @pg_957546b0_95de_4c46_bccf_de650c2f9cfc && ip6, action=allow-related, log=False, may_exist=True, severity=[], name=[], meter=[], external_ids={'neutron:security_group_rule_id': 'f1b67f70-998e-4a4e-82a2-86f3ef11b8eb'}) {{(pid=103411) do_commit /opt/stack/data/venv/lib/python3.12/site-packages/ovsdbapp/backend/ovs_idl/transaction.py:89}}
Jun 22 06:20:12.044251 np0000182461 devstack@neutron-api.service[103411]: DEBUG ovsdbapp.backend.ovs_idl.transaction [None req-0a3b3a18-b5b0-4905-83f2-0c4c615e55ea None None] Running txn n=1 command(idx=4): PgAclAddCommand(_result=None, entity=pg_957546b0_95de_4c46_bccf_de650c2f9cfc, direction=to-lport, priority=1002, match=outport == @pg_957546b0_95de_4c46_bccf_de650c2f9cfc && ip4 && ip4.src == $pg_957546b0_95de_4c46_bccf_de650c2f9cfc_ip4, action=allow-related, log=False, may_exist=True, severity=[], name=[], meter=[], external_ids={'neutron:security_group_rule_id': 'f233c79b-c6a3-49b4-ab08-a636aebb648f'}) {{(pid=103411) do_commit /opt/stack/data/venv/lib/python3.12/site-packages/ovsdbapp/backend/ovs_idl/transaction.py:89}}
Jun 22 06:20:12.050592 np0000182461 devstack@neutron-api.service[103411]: DEBUG neutron.plugins.ml2.drivers.ovn.mech_driver.ovsdb.ovsdb_monitor [None req-0a3b3a18-b5b0-4905-83f2-0c4c615e55ea None None] Touching Hash Ring node "7c9db376e5f6514aaa546ba1fa42b9f1" from IDL notify handler {{(pid=103411) notify /opt/stack/neutron/neutron/plugins/ml2/drivers/ovn/mech_driver/ovsdb/ovsdb_monitor.py:1007}}
Jun 22 06:20:12.053105 np0000182461 devstack@neutron-api.service[103414]: DEBUG neutron.plugins.ml2.drivers.ovn.mech_driver.ovsdb.ovsdb_monitor [None req-a15961fd-4cd2-4230-bd71-090ccc26ceac None None] Touching Hash Ring node "1dbe119fa8af5ad1967da062adecb01b" from IDL notify handler {{(pid=103414) notify /opt/stack/neutron/neutron/plugins/ml2/drivers/ovn/mech_driver/ovsdb/ovsdb_monitor.py:1007}}
Jun 22 06:20:12.056181 np0000182461 devstack@neutron-api.service[103412]: DEBUG neutron.plugins.ml2.drivers.ovn.mech_driver.ovsdb.ovsdb_monitor [None req-583f1c4f-94a3-4274-b003-b5ceff94690a None None] Touching Hash Ring node "616021f127d5595c96a45702e18c25b8" from IDL notify handler {{(pid=103412) notify /opt/stack/neutron/neutron/plugins/ml2/drivers/ovn/mech_driver/ovsdb/ovsdb_monitor.py:1007}}
Jun 22 06:20:12.056864 np0000182461 devstack@neutron-api.service[103413]: DEBUG neutron.plugins.ml2.drivers.ovn.mech_driver.ovsdb.ovsdb_monitor [None req-19276ab3-b830-4a85-a628-e887b2067b77 None None] Touching Hash Ring node "f76d7a96fe2852759bec1fc28aba4db9" from IDL notify handler {{(pid=103413) notify /opt/stack/neutron/neutron/plugins/ml2/drivers/ovn/mech_driver/ovsdb/ovsdb_monitor.py:1007}}
Jun 22 06:20:12.061603 np0000182461 devstack@neutron-api.service[103411]: DEBUG neutron.plugins.ml2.drivers.ovn.mech_driver.ovsdb.ovsdb_monitor [None req-0a3b3a18-b5b0-4905-83f2-0c4c615e55ea None None] Hash Ring: Node 7c9db376e5f6514aaa546ba1fa42b9f1 (host: np0000182461) handling event "create" for row a98e481b-03a3-4be5-90a3-21f60cb30ded (table: ACL) {{(pid=103411) notify /opt/stack/neutron/neutron/plugins/ml2/drivers/ovn/mech_driver/ovsdb/ovsdb_monitor.py:1015}}
Jun 22 06:20:12.062044 np0000182461 devstack@neutron-api.service[103414]: DEBUG neutron.plugins.ml2.drivers.ovn.mech_driver.ovsdb.ovsdb_monitor [None req-a15961fd-4cd2-4230-bd71-090ccc26ceac None None] Hash Ring: Node 1dbe119fa8af5ad1967da062adecb01b (host: np0000182461) handling event "create" for row 49033905-75cd-4862-b852-97830d538f83 (table: Port_Group) {{(pid=103414) notify /opt/stack/neutron/neutron/plugins/ml2/drivers/ovn/mech_driver/ovsdb/ovsdb_monitor.py:1015}}
Jun 22 06:20:12.065621 np0000182461 devstack@neutron-api.service[103413]: DEBUG neutron.plugins.ml2.drivers.ovn.mech_driver.ovsdb.ovsdb_monitor [None req-19276ab3-b830-4a85-a628-e887b2067b77 None None] Hash Ring: Node f76d7a96fe2852759bec1fc28aba4db9 (host: np0000182461) handling event "create" for row 2cbadc64-9a67-4a63-97a7-02d758fa6bd3 (table: ACL) {{(pid=103413) notify /opt/stack/neutron/neutron/plugins/ml2/drivers/ovn/mech_driver/ovsdb/ovsdb_monitor.py:1015}}
Jun 22 06:20:12.067373 np0000182461 devstack@neutron-api.service[103412]: DEBUG neutron.plugins.ml2.drivers.ovn.mech_driver.ovsdb.ovsdb_monitor [None req-583f1c4f-94a3-4274-b003-b5ceff94690a None None] Hash Ring: Node 616021f127d5595c96a45702e18c25b8 (host: np0000182461) handling event "create" for row 8ff32919-3a47-42c9-bf86-0239bf9ad003 (table: ACL) {{(pid=103412) notify /opt/stack/neutron/neutron/plugins/ml2/drivers/ovn/mech_driver/ovsdb/ovsdb_monitor.py:1015}}
Jun 22 06:20:12.068310 np0000182461 devstack@neutron-api.service[103412]: DEBUG neutron.plugins.ml2.drivers.ovn.mech_driver.ovsdb.ovsdb_monitor [None req-583f1c4f-94a3-4274-b003-b5ceff94690a None None] Touching Hash Ring node "616021f127d5595c96a45702e18c25b8" from IDL notify handler {{(pid=103412) notify /opt/stack/neutron/neutron/plugins/ml2/drivers/ovn/mech_driver/ovsdb/ovsdb_monitor.py:1007}}
Jun 22 06:20:12.072251 np0000182461 devstack@neutron-api.service[103412]: DEBUG neutron.plugins.ml2.drivers.ovn.mech_driver.ovsdb.ovsdb_monitor [None req-583f1c4f-94a3-4274-b003-b5ceff94690a None None] Hash Ring: Node 616021f127d5595c96a45702e18c25b8 (host: np0000182461) handling event "create" for row dcf9af8e-c1de-4870-9945-585ba18e35bd (table: ACL) {{(pid=103412) notify /opt/stack/neutron/neutron/plugins/ml2/drivers/ovn/mech_driver/ovsdb/ovsdb_monitor.py:1015}}
Jun 22 06:20:12.080052 np0000182461 devstack@neutron-api.service[103411]: INFO neutron.db.ovn_revision_numbers_db [None req-8e19c175-e13e-446a-a725-2f260fc768e3 demo demo] Successfully bumped revision number for resource 957546b0-95de-4c46-bccf-de650c2f9cfc (type: security_groups) to 1
Jun 22 06:20:12.094737 np0000182461 devstack@neutron-api.service[103411]: INFO neutron.db.ovn_revision_numbers_db [None req-8e19c175-e13e-446a-a725-2f260fc768e3 demo demo] Successfully bumped revision number for resource 42d598e1-be36-4d66-bfc0-25b8724d9968 (type: security_group_rules) to 0
Jun 22 06:20:12.108528 np0000182461 devstack@neutron-api.service[103411]: INFO neutron.db.ovn_revision_numbers_db [None req-8e19c175-e13e-446a-a725-2f260fc768e3 demo demo] Successfully bumped revision number for resource cf3a4b50-87d6-4729-b90c-9f6849a28501 (type: security_group_rules) to 0
Jun 22 06:20:12.121688 np0000182461 devstack@neutron-api.service[103411]: INFO neutron.db.ovn_revision_numbers_db [None req-8e19c175-e13e-446a-a725-2f260fc768e3 demo demo] Successfully bumped revision number for resource f1b67f70-998e-4a4e-82a2-86f3ef11b8eb (type: security_group_rules) to 0
Jun 22 06:20:12.136093 np0000182461 devstack@neutron-api.service[103411]: INFO neutron.db.ovn_revision_numbers_db [None req-8e19c175-e13e-446a-a725-2f260fc768e3 demo demo] Successfully bumped revision number for resource f233c79b-c6a3-49b4-ab08-a636aebb648f (type: security_group_rules) to 0
Jun 22 06:20:12.169248 np0000182461 devstack@neutron-api.service[103411]: DEBUG neutron.api.rpc.handlers.resources_rpc [None req-8e19c175-e13e-446a-a725-2f260fc768e3 demo demo] Pushing event updated for resources: {'SecurityGroup': ['ID=957546b0-95de-4c46-bccf-de650c2f9cfc,revision_number=1']} {{(pid=103411) push /opt/stack/neutron/neutron/api/rpc/handlers/resources_rpc.py:237}}
Jun 22 06:20:12.208823 np0000182461 devstack@neutron-api.service[103411]: DEBUG neutron.plugins.ml2.drivers.helpers [None req-8e19c175-e13e-446a-a725-2f260fc768e3 demo demo] geneve segment allocate from pool success with {'geneve_vni': 30690} {{(pid=103411) allocate_partially_specified_segment /opt/stack/neutron/neutron/plugins/ml2/drivers/helpers.py:142}}
Jun 22 06:20:12.216305 np0000182461 devstack@neutron-api.service[103411]: DEBUG neutron_lib.callbacks.manager [None req-8e19c175-e13e-446a-a725-2f260fc768e3 demo demo] Publish callbacks ['neutron.services.segments.db._add_segment_host_mapping_for_segment-7738798850632', 'neutron.plugins.ml2.plugin.Ml2Plugin._handle_segment_change-979009'] for segment (532abcf5-e2d3-412b-8508-85fff05078a0), precommit_create {{(pid=103411) _notify_loop /opt/stack/data/venv/lib/python3.12/site-packages/neutron_lib/callbacks/manager.py:184}}
Jun 22 06:20:12.216474 np0000182461 devstack@neutron-api.service[103411]: INFO neutron.db.segments_db [None req-8e19c175-e13e-446a-a725-2f260fc768e3 demo demo] Added segment 532abcf5-e2d3-412b-8508-85fff05078a0 of type geneve for network 7b16b2c9-d3f1-45b6-8ec3-3a44ced9e646
Jun 22 06:20:12.231116 np0000182461 devstack@neutron-api.service[103411]: DEBUG neutron_lib.callbacks.manager [None req-8e19c175-e13e-446a-a725-2f260fc768e3 demo demo] Publish callbacks ['neutron.services.auto_allocate.db._ensure_external_network_default_value_callback-7738797575232'] for network (7b16b2c9-d3f1-45b6-8ec3-3a44ced9e646), precommit_create {{(pid=103411) _notify_loop /opt/stack/data/venv/lib/python3.12/site-packages/neutron_lib/callbacks/manager.py:184}}
