2026-04-27 13:12:51.540 10 INFO neutron.db.ovn_revision_numbers_db [None req-e359b775-eaeb-466c-949d-6af974516fab - - - - - -] Successfully bumped revision number for resource bc7924f1-ba00-4de7-8e70-91567e1b2db8 (type: router_ports) to 2 /var/lib/openstack/lib/python3.10/site-packages/pycadf/identifier.py:71: UserWarning: Invalid uuid: neutron. To ensure interoperability, identifiers should be a valid uuid. warnings.warn(('Invalid uuid: %s. To ensure interoperability, '
2026-04-27 13:12:51.868 9 INFO neutron.wsgi [None req-66bdf28f-2c66-4d0d-8b3d-aacef39177e7 c517ae173a534c19b2056e9792252a97 3f39e3c30eba471790275b3bdd63032c - - default default] 10.0.0.162 "DELETE /v2.0/routers/608a02e1-3e3c-455c-9175-1c56854db089 HTTP/1.1" status: 204 len: 168 time: 0.5666599
2026-04-27 13:12:51.886 10 INFO neutron.wsgi [req-2be39430-6f05-4324-a669-64978ff151f6 req-7b91c7d7-931d-4127-b8b3-23fe96409f99 f294df5cd79e4a2f85470f7b5e1f8d18 cae5cd510c034e8da8f61c55b8018a11 - - default default] 10.0.0.49 "GET /v2.0/ports?device_id=7931e798-8722-43d6-b0ba-362084fb7b5a HTTP/1.1" status: 200 len: 1172 time: 0.0914357
2026-04-27 13:12:51.921 10 INFO neutron.wsgi [None req-294ed6b1-ac2c-4859-b62e-18006857be91 460d0b7c14da44b6bdb99542f3e7b0e3 c439252d5a5a443f899d52c413d462e2 - - default default] 10.0.0.162 "GET /v2.0/ports/bc7924f1-ba00-4de7-8e70-91567e1b2db8 HTTP/1.1" status: 200 len: 1149 time: 0.0340087
2026-04-27 13:12:51.952 10 INFO neutron.wsgi [req-2be39430-6f05-4324-a669-64978ff151f6 req-dcdb5606-5dff-4fb2-b063-dc5b991b406c f294df5cd79e4a2f85470f7b5e1f8d18 cae5cd510c034e8da8f61c55b8018a11 - - default default] 10.0.0.49 "GET /v2.0/security-groups?id=bb04a119-1fa7-48da-8a51-c37fe4f72451&fields=id&fields=name HTTP/1.1" status: 200 len: 312 time: 0.0605536
2026-04-27 13:12:52.121 9 INFO neutron.wsgi [None req-b3d47ad5-fc14-4648-9760-9e04277bdc7d c517ae173a534c19b2056e9792252a97 3f39e3c30eba471790275b3bdd63032c - - default default] 10.0.0.162 "DELETE /v2.0/subnets/3a0ea556-cd01-413c-99a9-f9ef8f4d75e8 HTTP/1.1" status: 204 len: 168 time: 0.2432241
2026-04-27 13:12:52.135 9 INFO neutron.wsgi [req-4b61b5ae-302e-4755-a580-7f1922fe78e6 req-e8183bf0-685f-48d1-8b33-5c6503a5356c 970a225815ec4d238595d4c32a6bc06d dbc38a1ff46c4dd5b95d80a7776c6080 - - default default] 10.0.0.49 "GET /v2.0/ports?device_id=e921d21c-fae9-49b6-a553-dc6bd286127e HTTP/1.1" status: 200 len: 1170 time: 0.1131063
2026-04-27 13:12:52.188 9 INFO neutron.wsgi [req-4b61b5ae-302e-4755-a580-7f1922fe78e6 req-d1c0740a-09f0-4657-8a91-57a3522c6793 970a225815ec4d238595d4c32a6bc06d dbc38a1ff46c4dd5b95d80a7776c6080 - - default default] 10.0.0.49 "GET /v2.0/security-groups?id=70b297a9-45e9-4414-8382-8564c8661ad6&fields=id&fields=name HTTP/1.1" status: 200 len: 286 time: 0.0463696
2026-04-27 13:12:52.519 9 INFO neutron.services.segments.plugin [-] Segment 68b5f60b-e4e8-4454-94ef-2e090e648e59 resource provider aggregate not found
2026-04-27 13:12:52.525 9 INFO neutron.services.segments.plugin [-] Segment 68b5f60b-e4e8-4454-94ef-2e090e648e59 resource provider aggregate not found
2026-04-27 13:12:52.537 9 INFO neutron.services.segments.plugin [-] Segment 68b5f60b-e4e8-4454-94ef-2e090e648e59 resource provider not found; error: Placement Client Error (4xx): {"errors": [{"status": 404, "title": "Not Found", "detail": "The resource could not be found.\n\n No resource provider with uuid 68b5f60b-e4e8-4454-94ef-2e090e648e59 found for delete ", "request_id": "req-8d551933-5e3a-4e38-b221-fa376f40b78e"}]}
2026-04-27 13:12:52.542 9 INFO neutron.services.segments.plugin [-] Segment 68b5f60b-e4e8-4454-94ef-2e090e648e59 resource provider not found; error: Placement Client Error (4xx): {"errors": [{"status": 404, "title": "Not Found", "detail": "The resource could not be found.\n\n No resource provider with uuid 68b5f60b-e4e8-4454-94ef-2e090e648e59 found for delete ", "request_id": "req-5560ecb8-0467-413c-8faf-9d2fd11c182c"}]}
2026-04-27 13:12:52.574 9 INFO neutron.wsgi [None req-20d522f0-1ded-491b-9928-7d8502808337 c517ae173a534c19b2056e9792252a97 3f39e3c30eba471790275b3bdd63032c - - default default] 10.0.0.162 "DELETE /v2.0/networks/e3846abc-9c07-4357-a6f6-8cd1635f56db HTTP/1.1" status: 204 len: 168 time: 0.4477384
2026-04-27 13:12:52.575 10 INFO neutron.wsgi [req-c879b15c-27a1-409d-9984-639958975cdd req-6a00cbde-83ab-4db9-baa4-51f9d88f82a0 970a225815ec4d238595d4c32a6bc06d dbc38a1ff46c4dd5b95d80a7776c6080 - - default default] 10.0.0.49 "GET /v2.0/ports?device_id=e921d21c-fae9-49b6-a553-dc6bd286127e HTTP/1.1" status: 200 len: 1170 time: 0.0565197
2026-04-27 13:12:52.629 10 INFO neutron.wsgi [None req-b9623511-aa1a-473d-8f37-dbd577164163 460d0b7c14da44b6bdb99542f3e7b0e3 c439252d5a5a443f899d52c413d462e2 - - default default] 10.0.0.162 "PUT /v2.0/routers/6b21c043-ed68-46d3-94af-e670aedefa4c/remove_router_interface HTTP/1.1" status: 200 len: 503 time: 0.7012024
2026-04-27 13:12:52.651 10 INFO neutron.wsgi [req-c879b15c-27a1-409d-9984-639958975cdd req-d1ac61df-f517-4a6e-9394-22a56894d409 970a225815ec4d238595d4c32a6bc06d dbc38a1ff46c4dd5b95d80a7776c6080 - - default default] 10.0.0.49 "GET /v2.0/security-groups?id=70b297a9-45e9-4414-8382-8564c8661ad6&fields=id&fields=name HTTP/1.1" status: 200 len: 286 time: 0.0681605
2026-04-27 13:12:52.718 9 INFO neutron.wsgi [None req-792befa6-a905-4908-8341-38eeb5a207d7 460d0b7c14da44b6bdb99542f3e7b0e3 c439252d5a5a443f899d52c413d462e2 - - default default] 10.0.0.162 "GET /v2.0/ports/97670f87-1c87-4734-975a-70c29b45e735 HTTP/1.1" status: 200 len: 1141 time: 0.0822520 /var/lib/openstack/lib/python3.10/site-packages/pycadf/identifier.py:71: UserWarning: Invalid uuid: neutron. To ensure interoperability, identifiers should be a valid uuid. warnings.warn(('Invalid uuid: %s. To ensure interoperability, '
2026-04-27 13:12:52.767 10 INFO neutron.notifiers.nova [-] Nova event matching ['req-407164a0-6176-4547-b526-ae1182dcf964'] response: {'server_uuid': 'e921d21c-fae9-49b6-a553-dc6bd286127e', 'name': 'network-vif-plugged', 'status': 'completed', 'tag': 'd5661bef-1483-4338-b9f5-33d707941aa7', 'code': 200}
2026-04-27 13:12:52.794 10 INFO neutron.wsgi [None req-1421d83c-a5f4-48ee-b9fb-31ee3d3ea7b8 c517ae173a534c19b2056e9792252a97 3f39e3c30eba471790275b3bdd63032c - - default default] 10.0.0.162 "GET /v2.0/security-groups?tenant_id=cdb12244af8a4fa79cd640a5141dff52&name=default HTTP/1.1" status: 200 len: 2996 time: 0.0461338
2026-04-27 13:12:52.901 9 INFO neutron.wsgi [req-23ca7824-40c8-414e-ae18-8d0a1b81648c req-5c599839-1b5a-4178-95b3-e5bd45812d4e 970a225815ec4d238595d4c32a6bc06d dbc38a1ff46c4dd5b95d80a7776c6080 - - default default] 199.19.213.145 "GET /v2.0/ports?device_id=e921d21c-fae9-49b6-a553-dc6bd286127e HTTP/1.1" status: 200 len: 1170 time: 0.0550838
2026-04-27 13:12:53.025 10 INFO neutron.wsgi [None req-e38af87d-76d0-44e0-8e09-888b41488a61 c517ae173a534c19b2056e9792252a97 3f39e3c30eba471790275b3bdd63032c - - default default] 10.0.0.162 "DELETE /v2.0/security-groups/337cf39d-2146-43bc-809f-aea82b3ae54e HTTP/1.1" status: 204 len: 168 time: 0.2263677
2026-04-27 13:12:53.065 10 INFO neutron.wsgi [req-e21948ba-ab4b-42a1-abca-cdd153a7f329 req-63acd092-93fa-4fdc-ab57-d2a9cad984d7 f294df5cd79e4a2f85470f7b5e1f8d18 cae5cd510c034e8da8f61c55b8018a11 - - default default] 10.0.0.49 "GET /v2.0/ports?device_id=7931e798-8722-43d6-b0ba-362084fb7b5a HTTP/1.1" status: 200 len: 1172 time: 0.0392604
2026-04-27 13:12:53.105 10 INFO neutron.wsgi [req-e21948ba-ab4b-42a1-abca-cdd153a7f329 req-3792b6c3-7077-4087-83ee-4a20eb01ef90 f294df5cd79e4a2f85470f7b5e1f8d18 cae5cd510c034e8da8f61c55b8018a11 - - default default] 10.0.0.49 "GET /v2.0/security-groups?id=bb04a119-1fa7-48da-8a51-c37fe4f72451&fields=id&fields=name HTTP/1.1" status: 200 len: 312 time: 0.0321646
2026-04-27 13:12:53.277 9 INFO neutron.wsgi [req-23ca7824-40c8-414e-ae18-8d0a1b81648c req-c1ead209-e874-4267-8c63-c533bbe83c48 970a225815ec4d238595d4c32a6bc06d dbc38a1ff46c4dd5b95d80a7776c6080 - - default default] 199.19.213.145 "DELETE /v2.0/ports/d5661bef-1483-4338-b9f5-33d707941aa7 HTTP/1.1" status: 204 len: 173 time: 0.3725805
2026-04-27 13:12:53.333 9 INFO neutron.notifiers.nova [-] Nova event matching ['req-f97175de-7e84-48c3-9b38-9b214214898a'] response: {'server_uuid': 'e921d21c-fae9-49b6-a553-dc6bd286127e', 'name': 'network-vif-deleted', 'tag': 'd5661bef-1483-4338-b9f5-33d707941aa7', 'status': 'completed', 'code': 200}
2026-04-27 13:12:53.444 9 INFO neutron.wsgi [None req-50083dc6-cbcb-4f52-96fa-acaee23e5364 460d0b7c14da44b6bdb99542f3e7b0e3 c439252d5a5a443f899d52c413d462e2 - - default default] 10.0.0.162 "PUT /v2.0/routers/6b21c043-ed68-46d3-94af-e670aedefa4c/remove_router_interface HTTP/1.1" status: 200 len: 503 time: 0.7226517
2026-04-27 13:12:53.489 10 INFO neutron.wsgi [None req-6132f44f-9d35-4a14-b351-eca37a2a7667 460d0b7c14da44b6bdb99542f3e7b0e3 c439252d5a5a443f899d52c413d462e2 - - default default] 10.0.0.162 "GET /v2.0/ports?device_id=6b21c043-ed68-46d3-94af-e670aedefa4c HTTP/1.1" status: 200 len: 205 time: 0.0396988
2026-04-27 13:12:53.704 10 INFO neutron.wsgi [None req-430de5a6-dca8-48f7-be6b-e6d37251c80c 460d0b7c14da44b6bdb99542f3e7b0e3 c439252d5a5a443f899d52c413d462e2 - - default default] 10.0.0.162 "DELETE /v2.0/routers/6b21c043-ed68-46d3-94af-e670aedefa4c HTTP/1.1" status: 204 len: 168 time: 0.2095606 /var/lib/openstack/lib/python3.10/site-packages/pycadf/identifier.py:71: UserWarning: Invalid uuid: neutron. To ensure interoperability, identifiers should be a valid uuid. warnings.warn(('Invalid uuid: %s. To ensure interoperability, '
2026-04-27 13:12:53.903 9 INFO neutron.wsgi [None req-6b18ce83-67e6-4746-bbf3-badcb6949af1 460d0b7c14da44b6bdb99542f3e7b0e3 c439252d5a5a443f899d52c413d462e2 - - default default] 10.0.0.162 "DELETE /v2.0/subnets/8da3fb32-dd27-4396-a39b-54c8c6ae7b0e HTTP/1.1" status: 204 len: 168 time: 0.1937306
2026-04-27 13:12:54.096 9 INFO neutron.wsgi [None req-ba8ba1dc-556f-4593-9bce-bedb5e101768 460d0b7c14da44b6bdb99542f3e7b0e3 c439252d5a5a443f899d52c413d462e2 - - default default] 10.0.0.162 "DELETE /v2.0/subnets/13bd1aeb-c34b-4663-b8f7-c172e1fa20ed HTTP/1.1" status: 204 len: 168 time: 0.1883817
2026-04-27 13:12:54.107 9 INFO neutron.wsgi [None req-c4ca162a-79db-44ca-9b75-1f26a1d8542d c517ae173a534c19b2056e9792252a97 3f39e3c30eba471790275b3bdd63032c - - default default] 10.0.0.230 "GET /v2.0/agents HTTP/1.1" status: 200 len: 997 time: 0.2126014
2026-04-27 13:12:54.148 9 INFO neutron.wsgi [None req-ae79f15d-36a6-4554-945d-45db6ff2e6fe c517ae173a534c19b2056e9792252a97 3f39e3c30eba471790275b3bdd63032c - - default default] 10.0.0.230 "GET /v2.0/subnets HTTP/1.1" status: 200 len: 2752 time: 0.0385218
2026-04-27 13:12:54.158 9 INFO neutron.wsgi [None req-282292e1-02f4-4529-bd73-993b53c395f2 c517ae173a534c19b2056e9792252a97 3f39e3c30eba471790275b3bdd63032c - - default default] 10.0.0.230 "GET /v2.0/subnetpools HTTP/1.1" status: 200 len: 193 time: 0.0088453
2026-04-27 13:12:54.242 9 INFO neutron.wsgi [None req-63bb05ed-0d7c-4e66-b203-d59b61a8296a c517ae173a534c19b2056e9792252a97 3f39e3c30eba471790275b3bdd63032c - - default default] 10.0.0.230 "GET /v2.0/security-groups HTTP/1.1" status: 200 len: 27883 time: 0.0830863
2026-04-27 13:12:54.264 9 INFO neutron.wsgi [None req-4bd15651-44a2-44f3-b5dc-f40668a796d7 c517ae173a534c19b2056e9792252a97 3f39e3c30eba471790275b3bdd63032c - - default default] 10.0.0.230 "GET /v2.0/network-ip-availabilities HTTP/1.1" status: 200 len: 2777 time: 0.0118568
2026-04-27 13:12:54.292 9 INFO neutron.wsgi [None req-51f96c30-280a-4595-b28a-7341d108fd19 c517ae173a534c19b2056e9792252a97 3f39e3c30eba471790275b3bdd63032c - - default default] 10.0.0.230 "GET /v2.0/floatingips HTTP/1.1" status: 200 len: 730 time: 0.0267162
2026-04-27 13:12:54.314 9 INFO neutron.wsgi [req-6ad23436-d04d-42f7-ac37-af2c11c63e48 req-e0dc842f-b158-4a14-8296-ba0076b2e62f f294df5cd79e4a2f85470f7b5e1f8d18 cae5cd510c034e8da8f61c55b8018a11 - - default default] 10.0.0.49 "GET /v2.0/ports?device_id=7931e798-8722-43d6-b0ba-362084fb7b5a HTTP/1.1" status: 200 len: 1172 time: 0.1408694
2026-04-27 13:12:54.371 9 INFO neutron.wsgi [None req-1e3a3119-7d38-457e-bc1e-7510ffa4d3d4 c517ae173a534c19b2056e9792252a97 3f39e3c30eba471790275b3bdd63032c - - default default] 10.0.0.230 "GET /v2.0/networks HTTP/1.1" status: 200 len: 5290 time: 0.0760424
2026-04-27 13:12:54.406 9 INFO neutron.wsgi [req-6ad23436-d04d-42f7-ac37-af2c11c63e48 req-2477246d-b757-4b5f-899d-3db6be9e8894 f294df5cd79e4a2f85470f7b5e1f8d18 cae5cd510c034e8da8f61c55b8018a11 - - default default] 10.0.0.49 "GET /v2.0/security-groups?id=bb04a119-1fa7-48da-8a51-c37fe4f72451&fields=id&fields=name HTTP/1.1" status: 200 len: 312 time: 0.0789316
2026-04-27 13:12:54.428 9 INFO neutron.wsgi [None req-8f816b0e-54f3-4ba1-83a3-e23d180405c6 c517ae173a534c19b2056e9792252a97 3f39e3c30eba471790275b3bdd63032c - - default default] 10.0.0.230 "GET /v2.0/ports HTTP/1.1" status: 200 len: 13817 time: 0.0515614
2026-04-27 13:12:54.478 9 INFO neutron.wsgi [None req-f9cb0fed-308a-4615-b0e4-fcf995cf2638 c517ae173a534c19b2056e9792252a97 3f39e3c30eba471790275b3bdd63032c - - default default] 10.0.0.230 "GET /v2.0/subnets HTTP/1.1" status: 200 len: 2752 time: 0.0413802
2026-04-27 13:12:54.627 10 INFO neutron.services.segments.plugin [-] Segment 0fc5f763-04ef-42d4-8d1f-90709bcf415e resource provider aggregate not found
2026-04-27 13:12:54.631 10 INFO neutron.services.segments.plugin [-] Segment 0fc5f763-04ef-42d4-8d1f-90709bcf415e resource provider aggregate not found
2026-04-27 13:12:54.648 10 INFO neutron.services.segments.plugin [-] Segment 0fc5f763-04ef-42d4-8d1f-90709bcf415e resource provider not found; error: Placement Client Error (4xx): {"errors": [{"status": 404, "title": "Not Found", "detail": "The resource could not be found.\n\n No resource provider with uuid 0fc5f763-04ef-42d4-8d1f-90709bcf415e found for delete ", "request_id": "req-e2077dce-6c00-44d3-a3ec-8a4fe51b0da5"}]}
2026-04-27 13:12:54.653 10 INFO neutron.services.segments.plugin [-] Segment 0fc5f763-04ef-42d4-8d1f-90709bcf415e resource provider not found; error: Placement Client Error (4xx): {"errors": [{"status": 404, "title": "Not Found", "detail": "The resource could not be found.\n\n No resource provider with uuid 0fc5f763-04ef-42d4-8d1f-90709bcf415e found for delete ", "request_id": "req-c922d780-93e8-4aa4-9dc2-09ec2f858d82"}]}
2026-04-27 13:12:54.683 10 INFO neutron.wsgi [None req-0be623a4-e3d4-4687-905d-32229d33f0a0 460d0b7c14da44b6bdb99542f3e7b0e3 c439252d5a5a443f899d52c413d462e2 - - default default] 10.0.0.162 "DELETE /v2.0/networks/bb358713-7e8b-4bde-855a-11853ee7e94a HTTP/1.1" status: 204 len: 168 time: 0.5818851
2026-04-27 13:12:54.792 9 INFO neutron.wsgi [None req-eb2a59bf-56eb-46c3-932e-a4855815ca55 c517ae173a534c19b2056e9792252a97 3f39e3c30eba471790275b3bdd63032c - - default default] 10.0.0.230 "GET /v2.0/routers HTTP/1.1" status: 200 len: 1538 time: 0.3128793
2026-04-27 13:12:54.802 9 INFO neutron.wsgi [None req-6672ee8a-3c81-4f23-995d-56b113619f84 c517ae173a534c19b2056e9792252a97 3f39e3c30eba471790275b3bdd63032c - - default default] 10.0.0.230 "GET /v2.0/agents?binary=ovn-controller HTTP/1.1" status: 200 len: 591 time: 0.0093596
2026-04-27 13:12:55.193 10 INFO neutron.wsgi [None req-adf4cd4f-6980-49cf-8623-ebc311636a01 c517ae173a534c19b2056e9792252a97 3f39e3c30eba471790275b3bdd63032c - - default default] 10.0.0.162 "PUT /v2.0/routers/f093a788-a603-4a41-9010-4315944add89/remove_router_interface HTTP/1.1" status: 200 len: 503 time: 1.4879351 /var/lib/openstack/lib/python3.10/site-packages/pycadf/identifier.py:71: UserWarning: Invalid uuid: neutron. To ensure interoperability, identifiers should be a valid uuid. warnings.warn(('Invalid uuid: %s. To ensure interoperability, '
2026-04-27 13:12:55.370 10 INFO neutron.wsgi [None req-e19bb58d-dd62-43ef-91c3-901261affea9 460d0b7c14da44b6bdb99542f3e7b0e3 c439252d5a5a443f899d52c413d462e2 - - default default] 10.0.0.162 "DELETE /v2.0/networks/017743a3-7230-4721-b878-8ebaeaf5a5e4 HTTP/1.1" status: 204 len: 168 time: 0.6819737
2026-04-27 13:12:55.482 9 INFO neutron.db.segments_db [None req-09d1f7ce-0895-4355-803e-98a0c8361cb6 460d0b7c14da44b6bdb99542f3e7b0e3 c439252d5a5a443f899d52c413d462e2 - - default default] Added segment 6b26e2f3-55a0-4793-84ad-a99e1444611d of type geneve for network 08bc579b-6e79-444f-8d4d-5f48dcae9ee2
2026-04-27 13:12:55.532 10 INFO neutron.wsgi [req-9edf8dba-fcf2-4f70-9192-fc9ac42ab029 req-e0c71d2d-1369-4e9f-973f-cc32ec2d1cf5 f294df5cd79e4a2f85470f7b5e1f8d18 cae5cd510c034e8da8f61c55b8018a11 - - default default] 10.0.0.49 "GET /v2.0/ports?device_id=7931e798-8722-43d6-b0ba-362084fb7b5a HTTP/1.1" status: 200 len: 1172 time: 0.0490823
2026-04-27 13:12:55.615 10 INFO neutron.wsgi [req-9edf8dba-fcf2-4f70-9192-fc9ac42ab029 req-2a34d7c4-8cb0-43f7-9a81-8f553ab375b3 f294df5cd79e4a2f85470f7b5e1f8d18 cae5cd510c034e8da8f61c55b8018a11 - - default default] 10.0.0.49 "GET /v2.0/security-groups?id=bb04a119-1fa7-48da-8a51-c37fe4f72451&fields=id&fields=name HTTP/1.1" status: 200 len: 312 time: 0.0736971
2026-04-27 13:12:55.660 9 INFO neutron.db.ovn_revision_numbers_db [None req-09d1f7ce-0895-4355-803e-98a0c8361cb6 460d0b7c14da44b6bdb99542f3e7b0e3 c439252d5a5a443f899d52c413d462e2 - - default default] Successfully bumped revision number for resource 08bc579b-6e79-444f-8d4d-5f48dcae9ee2 (type: networks) to 1
2026-04-27 13:12:55.875 9 WARNING neutron.scheduler.dhcp_agent_scheduler [None req-09d1f7ce-0895-4355-803e-98a0c8361cb6 460d0b7c14da44b6bdb99542f3e7b0e3 c439252d5a5a443f899d52c413d462e2 - - default default] No more DHCP agents
2026-04-27 13:12:55.879 9 WARNING neutron.api.rpc.agentnotifiers.dhcp_rpc_agent_api [None req-09d1f7ce-0895-4355-803e-98a0c8361cb6 460d0b7c14da44b6bdb99542f3e7b0e3 c439252d5a5a443f899d52c413d462e2 - - default default] Unable to schedule network 08bc579b-6e79-444f-8d4d-5f48dcae9ee2: no agents available; will retry on subsequent port and subnet creation events.
2026-04-27 13:12:55.931 10 INFO neutron.wsgi [None req-36dea1ce-6bfb-4ccd-88b3-574136b244a3 c517ae173a534c19b2056e9792252a97 3f39e3c30eba471790275b3bdd63032c - - default default] 10.0.0.162 "DELETE /v2.0/routers/f093a788-a603-4a41-9010-4315944add89 HTTP/1.1" status: 204 len: 168 time: 0.7331231
2026-04-27 13:12:56.027 9 INFO neutron.db.ovn_revision_numbers_db [None req-09d1f7ce-0895-4355-803e-98a0c8361cb6 460d0b7c14da44b6bdb99542f3e7b0e3 c439252d5a5a443f899d52c413d462e2 - - default default] Successfully bumped revision number for resource 2d852460-e89a-46fa-986f-880442cedcc1 (type: ports) to 1
2026-04-27 13:12:56.063 9 INFO neutron.wsgi [None req-09d1f7ce-0895-4355-803e-98a0c8361cb6 460d0b7c14da44b6bdb99542f3e7b0e3 c439252d5a5a443f899d52c413d462e2 - - default default] 10.0.0.162 "POST /v2.0/networks HTTP/1.1" status: 201 len: 833 time: 0.6834669
2026-04-27 13:12:56.185 9 INFO neutron.wsgi [None req-51688f98-4cf5-419e-8f2d-a6c88ecffe64 c517ae173a534c19b2056e9792252a97 3f39e3c30eba471790275b3bdd63032c - - default default] 10.0.0.162 "DELETE /v2.0/subnets/f60ccccf-6836-42aa-84f1-83a767f779de HTTP/1.1" status: 204 len: 168 time: 0.2428715
2026-04-27 13:12:56.335 10 WARNING neutron.scheduler.dhcp_agent_scheduler [None req-5438693f-1efa-4f4b-aa0e-127ca267336a 460d0b7c14da44b6bdb99542f3e7b0e3 c439252d5a5a443f899d52c413d462e2 - - default default] No more DHCP agents
2026-04-27 13:12:56.338 10 WARNING neutron.api.rpc.agentnotifiers.dhcp_rpc_agent_api [None req-5438693f-1efa-4f4b-aa0e-127ca267336a 460d0b7c14da44b6bdb99542f3e7b0e3 c439252d5a5a443f899d52c413d462e2 - - default default] Unable to schedule network 08bc579b-6e79-444f-8d4d-5f48dcae9ee2: no agents available; will retry on subsequent port and subnet creation events.
2026-04-27 13:12:56.384 10 INFO neutron.db.ovn_revision_numbers_db [None req-5438693f-1efa-4f4b-aa0e-127ca267336a 460d0b7c14da44b6bdb99542f3e7b0e3 c439252d5a5a443f899d52c413d462e2 - - default default] Successfully bumped revision number for resource db0cc25b-9940-4ffe-b2be-36cc7181c46f (type: subnets) to 0
2026-04-27 13:12:56.405 10 INFO neutron.wsgi [None req-5438693f-1efa-4f4b-aa0e-127ca267336a 460d0b7c14da44b6bdb99542f3e7b0e3 c439252d5a5a443f899d52c413d462e2 - - default default] 10.0.0.162 "POST /v2.0/subnets HTTP/1.1" status: 201 len: 821 time: 0.3346066
2026-04-27 13:12:56.438 10 WARNING neutron.plugins.ml2.drivers.ovn.mech_driver.ovsdb.ovn_client [None req-e359b775-eaeb-466c-949d-6af974516fab - - - - - -] No port found with ID bc7924f1-ba00-4de7-8e70-91567e1b2db8: RuntimeError: No port found with ID bc7924f1-ba00-4de7-8e70-91567e1b2db8
2026-04-27 13:12:56.439 10 INFO neutron.plugins.ml2.drivers.ovn.mech_driver.mech_driver [None req-e359b775-eaeb-466c-949d-6af974516fab - - - - - -] OVN reports status up for port: 045d014c-9341-4a08-adf6-2867d818b28f
2026-04-27 13:12:56.452 10 INFO neutron.plugins.ml2.plugin [None req-e359b775-eaeb-466c-949d-6af974516fab - - - - - -] Attempt 1 to provision port 045d014c-9341-4a08-adf6-2867d818b28f
2026-04-27 13:12:56.591 10 INFO neutron.notifiers.nova [-] Nova event matching ['req-64020176-1585-4ea1-8195-2a1429c46cc3'] response: {'server_uuid': '7931e798-8722-43d6-b0ba-362084fb7b5a', 'name': 'network-vif-plugged', 'status': 'completed', 'tag': '045d014c-9341-4a08-adf6-2867d818b28f', 'code': 200}
2026-04-27 13:12:56.648 9 INFO neutron.services.segments.plugin [-] Segment 1f02792b-e25f-4544-a2ec-eaf31eecbe61 resource provider aggregate not found
2026-04-27 13:12:56.654 9 INFO neutron.services.segments.plugin [-] Segment 1f02792b-e25f-4544-a2ec-eaf31eecbe61 resource provider aggregate not found
2026-04-27 13:12:56.659 9 INFO neutron.db.ovn_revision_numbers_db [None req-1bbba78c-0d20-4509-91f2-eb320cb5e3ec 460d0b7c14da44b6bdb99542f3e7b0e3 c439252d5a5a443f899d52c413d462e2 - - default default] Successfully bumped revision number for resource 9d3f72f9-1446-4c92-a82f-fa8ca0e90806 (type: routers) to 1
2026-04-27 13:12:56.677 10 INFO neutron.services.segments.plugin [-] Segment fd915bc4-6cd1-4a03-801f-ab82dbfb9328 resource provider aggregate not found
2026-04-27 13:12:56.684 9 INFO neutron.wsgi [None req-1bbba78c-0d20-4509-91f2-eb320cb5e3ec 460d0b7c14da44b6bdb99542f3e7b0e3 c439252d5a5a443f899d52c413d462e2 - - default default] 10.0.0.162 "POST /v2.0/routers HTTP/1.1" status: 201 len: 690 time: 0.2743912
2026-04-27 13:12:56.685 10 INFO neutron.services.segments.plugin [-] Segment fd915bc4-6cd1-4a03-801f-ab82dbfb9328 resource provider aggregate not found
2026-04-27 13:12:56.691 9 INFO neutron.services.segments.plugin [-] Segment 1f02792b-e25f-4544-a2ec-eaf31eecbe61 resource provider not found; error: Placement Client Error (4xx): {"errors": [{"status": 404, "title": "Not Found", "detail": "The resource could not be found.\n\n No resource provider with uuid 1f02792b-e25f-4544-a2ec-eaf31eecbe61 found for delete ", "request_id": "req-5c9616f8-d9ca-443a-98a9-b68b65e2c7d5"}]}
2026-04-27 13:12:56.700 9 INFO neutron.services.segments.plugin [-] Segment 1f02792b-e25f-4544-a2ec-eaf31eecbe61 resource provider not found; error: Placement Client Error (4xx): {"errors": [{"status": 404, "title": "Not Found", "detail": "The resource could not be found.\n\n No resource provider with uuid 1f02792b-e25f-4544-a2ec-eaf31eecbe61 found for delete ", "request_id": "req-d388d7c9-a912-4007-a00c-4d8136f3e008"}]}
2026-04-27 13:12:56.702 10 INFO neutron.services.segments.plugin [-] Segment fd915bc4-6cd1-4a03-801f-ab82dbfb9328 resource provider not found; error: Placement Client Error (4xx): {"errors": [{"status": 404, "title": "Not Found", "detail": "The resource could not be found.\n\n No resource provider with uuid fd915bc4-6cd1-4a03-801f-ab82dbfb9328 found for delete ", "request_id": "req-79d7e222-8ad8-4585-a808-4a875d5ddb8f"}]}
2026-04-27 13:12:56.711 10 INFO neutron.services.segments.plugin [-] Segment fd915bc4-6cd1-4a03-801f-ab82dbfb9328 resource provider not found; error: Placement Client Error (4xx): {"errors": [{"status": 404, "title": "Not Found", "detail": "The resource could not be found.\n\n No resource provider with uuid fd915bc4-6cd1-4a03-801f-ab82dbfb9328 found for delete ", "request_id": "req-2991ee8c-18b2-4864-bba5-a97cc3c3f27d"}]}
2026-04-27 13:12:56.741 10 INFO neutron.wsgi [req-0cbd238a-6238-40d3-b601-b4eca01080d7 req-07dc1104-508f-45cd-9d27-e85ff43fb973 f294df5cd79e4a2f85470f7b5e1f8d18 cae5cd510c034e8da8f61c55b8018a11 - - default default] 10.0.0.49 "GET /v2.0/ports?device_id=7931e798-8722-43d6-b0ba-362084fb7b5a HTTP/1.1" status: 200 len: 1174 time: 0.0420218
2026-04-27 13:12:56.742 9 INFO neutron.wsgi [None req-296dd17d-9933-41b0-8330-9bc51cfd262c c517ae173a534c19b2056e9792252a97 3f39e3c30eba471790275b3bdd63032c - - default default] 10.0.0.162 "DELETE /v2.0/networks/92d5e9f7-6bd7-4469-8e96-332643ba2ec3 HTTP/1.1" status: 204 len: 168 time: 0.5520155
2026-04-27 13:12:56.809 10 INFO neutron.wsgi [req-0cbd238a-6238-40d3-b601-b4eca01080d7 req-c05c6995-4504-4393-9150-b2a313a791a8 f294df5cd79e4a2f85470f7b5e1f8d18 cae5cd510c034e8da8f61c55b8018a11 - - default default] 10.0.0.49 "GET /v2.0/security-groups?id=bb04a119-1fa7-48da-8a51-c37fe4f72451&fields=id&fields=name HTTP/1.1" status: 200 len: 312 time: 0.0518758
2026-04-27 13:12:56.840 10 INFO neutron.db.ovn_revision_numbers_db [None req-e359b775-eaeb-466c-949d-6af974516fab - - - - - -] Successfully bumped revision number for resource 045d014c-9341-4a08-adf6-2867d818b28f (type: ports) to 4
2026-04-27 13:12:56.882 10 INFO neutron.plugins.ml2.drivers.ovn.mech_driver.mech_driver [None req-e359b775-eaeb-466c-949d-6af974516fab - - - - - -] OVN reports status down for port: f5e9e302-0750-456d-9f69-0a00f1cc0696
2026-04-27 13:12:56.895 10 INFO neutron.plugins.ml2.drivers.ovn.mech_driver.mech_driver [None req-e359b775-eaeb-466c-949d-6af974516fab - - - - - -] OVN reports status down for port: d5661bef-1483-4338-b9f5-33d707941aa7 /var/lib/openstack/lib/python3.10/site-packages/pycadf/identifier.py:71: UserWarning: Invalid uuid: neutron. To ensure interoperability, identifiers should be a valid uuid. warnings.warn(('Invalid uuid: %s. To ensure interoperability, '
2026-04-27 13:12:56.993 10 INFO neutron.wsgi [None req-6451c3fe-f077-4144-ae6c-cc96bdfaf846 c517ae173a534c19b2056e9792252a97 3f39e3c30eba471790275b3bdd63032c - - default default] 10.0.0.162 "GET /v2.0/security-groups?tenant_id=dbc38a1ff46c4dd5b95d80a7776c6080&name=default HTTP/1.1" status: 200 len: 2996 time: 0.0463395
2026-04-27 13:12:57.072 9 WARNING neutron.scheduler.dhcp_agent_scheduler [None req-ba86f56a-380a-4139-b6bb-6e4ba6ccaa5f 460d0b7c14da44b6bdb99542f3e7b0e3 c439252d5a5a443f899d52c413d462e2 - - default default] No more DHCP agents
2026-04-27 13:12:57.075 9 WARNING neutron.api.rpc.agentnotifiers.dhcp_rpc_agent_api [None req-ba86f56a-380a-4139-b6bb-6e4ba6ccaa5f 460d0b7c14da44b6bdb99542f3e7b0e3 c439252d5a5a443f899d52c413d462e2 - - default default] Unable to schedule network 08bc579b-6e79-444f-8d4d-5f48dcae9ee2: no agents available; will retry on subsequent port and subnet creation events. /var/lib/openstack/lib/python3.10/site-packages/pycadf/identifier.py:71: UserWarning: Invalid uuid: neutron. To ensure interoperability, identifiers should be a valid uuid. warnings.warn(('Invalid uuid: %s. To ensure interoperability, '
2026-04-27 13:12:57.211 10 INFO neutron.wsgi [None req-7294e90c-8800-40d5-97a3-b5dbb2aadb1a c517ae173a534c19b2056e9792252a97 3f39e3c30eba471790275b3bdd63032c - - default default] 10.0.0.162 "DELETE /v2.0/security-groups/70b297a9-45e9-4414-8382-8564c8661ad6 HTTP/1.1" status: 204 len: 168 time: 0.2141724
2026-04-27 13:12:57.244 9 INFO neutron.db.ovn_revision_numbers_db [None req-ba86f56a-380a-4139-b6bb-6e4ba6ccaa5f 460d0b7c14da44b6bdb99542f3e7b0e3 c439252d5a5a443f899d52c413d462e2 - - default default] Successfully bumped revision number for resource c2657896-8f22-4a63-a99c-facf27aed3d7 (type: ports) to 1
2026-04-27 13:12:57.284 9 INFO neutron.wsgi [None req-ba86f56a-380a-4139-b6bb-6e4ba6ccaa5f 460d0b7c14da44b6bdb99542f3e7b0e3 c439252d5a5a443f899d52c413d462e2 - - default default] 10.0.0.162 "POST /v2.0/ports HTTP/1.1" status: 201 len: 1162 time: 0.5946593
2026-04-27 13:12:57.316 9 INFO neutron.db.ovn_revision_numbers_db [None req-2143ceec-4c97-4f3f-9879-48013013add2 c517ae173a534c19b2056e9792252a97 3f39e3c30eba471790275b3bdd63032c - - default default] Successfully bumped revision number for resource 1d99e06e-524f-48fe-b160-e4092afad233 (type: security_groups) to 1
2026-04-27 13:12:57.360 9 INFO neutron.db.ovn_revision_numbers_db [None req-2143ceec-4c97-4f3f-9879-48013013add2 c517ae173a534c19b2056e9792252a97 3f39e3c30eba471790275b3bdd63032c - - default default] Successfully bumped revision number for resource 69452625-a26d-4d42-b8b5-179cd7a2a047 (type: security_group_rules) to 0
2026-04-27 13:12:57.410 9 INFO neutron.db.ovn_revision_numbers_db [None req-2143ceec-4c97-4f3f-9879-48013013add2 c517ae173a534c19b2056e9792252a97 3f39e3c30eba471790275b3bdd63032c - - default default] Successfully bumped revision number for resource 784bab46-480b-442a-ac2f-895beeeea6dc (type: security_group_rules) to 0
2026-04-27 13:12:57.432 9 INFO neutron.db.ovn_revision_numbers_db [None req-2143ceec-4c97-4f3f-9879-48013013add2 c517ae173a534c19b2056e9792252a97 3f39e3c30eba471790275b3bdd63032c - - default default] Successfully bumped revision number for resource 7bb4d155-9934-4fe9-9c66-141e8b84ef25 (type: security_group_rules) to 0
2026-04-27 13:12:57.466 9 INFO neutron.db.ovn_revision_numbers_db [None req-2143ceec-4c97-4f3f-9879-48013013add2 c517ae173a534c19b2056e9792252a97 3f39e3c30eba471790275b3bdd63032c - - default default] Successfully bumped revision number for resource 9bbfead1-c608-4943-8c59-67c47d50357d (type: security_group_rules) to 0
2026-04-27 13:12:57.497 9 INFO neutron.wsgi [None req-2143ceec-4c97-4f3f-9879-48013013add2 c517ae173a534c19b2056e9792252a97 3f39e3c30eba471790275b3bdd63032c - - default default] 10.0.0.162 "GET /v2.0/security-groups?tenant_id=b53861f953274d0aa249da2a3152393d&name=default HTTP/1.1" status: 200 len: 2996 time: 0.6239972
2026-04-27 13:12:57.678 10 INFO neutron.wsgi [None req-b59f5096-0412-4d84-ad4e-1b2468f0a8c0 c517ae173a534c19b2056e9792252a97 3f39e3c30eba471790275b3bdd63032c - - default default] 10.0.0.162 "DELETE /v2.0/security-groups/1d99e06e-524f-48fe-b160-e4092afad233 HTTP/1.1" status: 204 len: 168 time: 0.1771870
2026-04-27 13:12:57.782 10 INFO neutron.plugins.ml2.drivers.ovn.mech_driver.mech_driver [None req-e359b775-eaeb-466c-949d-6af974516fab - - - - - -] OVN reports status up for port: c2657896-8f22-4a63-a99c-facf27aed3d7
2026-04-27 13:12:57.789 10 INFO neutron.plugins.ml2.plugin [None req-e359b775-eaeb-466c-949d-6af974516fab - - - - - -] Attempt 1 to provision port c2657896-8f22-4a63-a99c-facf27aed3d7 /var/lib/openstack/lib/python3.10/site-packages/pycadf/identifier.py:71: UserWarning: Invalid uuid: neutron. To ensure interoperability, identifiers should be a valid uuid. warnings.warn(('Invalid uuid: %s. To ensure interoperability, '
2026-04-27 13:12:57.812 9 INFO neutron.db.ovn_revision_numbers_db [None req-852e96bd-3259-48ae-87da-db41e9a01de9 460d0b7c14da44b6bdb99542f3e7b0e3 c439252d5a5a443f899d52c413d462e2 - - default default] Successfully bumped revision number for resource c2657896-8f22-4a63-a99c-facf27aed3d7 (type: router_ports) to 2
2026-04-27 13:12:57.918 9 INFO neutron.wsgi [req-965feef7-798c-4af1-b1f5-63a7e0d65e37 req-cf343b1d-0269-4524-aa32-79ff7b916a9b f294df5cd79e4a2f85470f7b5e1f8d18 cae5cd510c034e8da8f61c55b8018a11 - - default default] 10.0.0.49 "GET /v2.0/ports?device_id=7931e798-8722-43d6-b0ba-362084fb7b5a HTTP/1.1" status: 200 len: 1174 time: 0.0506177
2026-04-27 13:12:58.005 9 INFO neutron.wsgi [req-965feef7-798c-4af1-b1f5-63a7e0d65e37 req-4fcb44f5-cfc7-45e5-848d-67848cc76fdf f294df5cd79e4a2f85470f7b5e1f8d18 cae5cd510c034e8da8f61c55b8018a11 - - default default] 10.0.0.49 "GET /v2.0/security-groups?id=bb04a119-1fa7-48da-8a51-c37fe4f72451&fields=id&fields=name HTTP/1.1" status: 200 len: 312 time: 0.0748563
2026-04-27 13:12:58.014 9 INFO neutron.db.ovn_revision_numbers_db [None req-694d7265-aef3-4912-87f5-76f3ae438c26 c517ae173a534c19b2056e9792252a97 3f39e3c30eba471790275b3bdd63032c - - default default] Successfully bumped revision number for resource 68fd166c-a18c-4a9d-b55b-71a8673974e6 (type: security_groups) to 1
2026-04-27 13:12:58.035 9 INFO neutron.db.ovn_revision_numbers_db [None req-694d7265-aef3-4912-87f5-76f3ae438c26 c517ae173a534c19b2056e9792252a97 3f39e3c30eba471790275b3bdd63032c - - default default] Successfully bumped revision number for resource 1400184b-cb24-4851-bd61-eb506c117316 (type: security_group_rules) to 0
2026-04-27 13:12:58.040 9 INFO neutron.db.ovn_revision_numbers_db [None req-852e96bd-3259-48ae-87da-db41e9a01de9 460d0b7c14da44b6bdb99542f3e7b0e3 c439252d5a5a443f899d52c413d462e2 - - default default] Successfully bumped revision number for resource c2657896-8f22-4a63-a99c-facf27aed3d7 (type: ports) to 2
2026-04-27 13:12:58.059 9 INFO neutron.db.ovn_revision_numbers_db [None req-694d7265-aef3-4912-87f5-76f3ae438c26 c517ae173a534c19b2056e9792252a97 3f39e3c30eba471790275b3bdd63032c - - default default] Successfully bumped revision number for resource 2cd4236f-49c6-416d-b603-732a126fbcdb (type: security_group_rules) to 0
2026-04-27 13:12:58.090 9 INFO neutron.db.ovn_revision_numbers_db [None req-694d7265-aef3-4912-87f5-76f3ae438c26 c517ae173a534c19b2056e9792252a97 3f39e3c30eba471790275b3bdd63032c - - default default] Successfully bumped revision number for resource 5071bc7d-05dc-4b0f-ab5f-c24b08316a43 (type: security_group_rules) to 0
2026-04-27 13:12:58.116 9 INFO neutron.db.ovn_revision_numbers_db [None req-694d7265-aef3-4912-87f5-76f3ae438c26 c517ae173a534c19b2056e9792252a97 3f39e3c30eba471790275b3bdd63032c - - default default] Successfully bumped revision number for resource d0c26e18-0650-4399-b3fd-04c9392aef00 (type: security_group_rules) to 0
2026-04-27 13:12:58.123 10 INFO neutron.db.ovn_revision_numbers_db [None req-e359b775-eaeb-466c-949d-6af974516fab - - - - - -] Successfully bumped revision number for resource c2657896-8f22-4a63-a99c-facf27aed3d7 (type: ports) to 3
2026-04-27 13:12:58.150 9 INFO neutron.wsgi [None req-694d7265-aef3-4912-87f5-76f3ae438c26 c517ae173a534c19b2056e9792252a97 3f39e3c30eba471790275b3bdd63032c - - default default] 10.0.0.162 "GET /v2.0/security-groups?tenant_id=e0446752c7854acda3aba15811283e2d&name=default HTTP/1.1" status: 200 len: 2996 time: 0.3517249
2026-04-27 13:12:58.212 10 INFO neutron.wsgi [req-86552da6-ab97-4665-b867-15fd6502a0ba req-536cd7fb-7537-4c5d-9596-d176ddb2ab65 f294df5cd79e4a2f85470f7b5e1f8d18 cae5cd510c034e8da8f61c55b8018a11 - - default default] 10.0.0.49 "GET /v2.0/ports?device_id=7931e798-8722-43d6-b0ba-362084fb7b5a HTTP/1.1" status: 200 len: 1174 time: 0.1485405 /var/lib/openstack/lib/python3.10/site-packages/pycadf/identifier.py:71: UserWarning: Invalid uuid: neutron. To ensure interoperability, identifiers should be a valid uuid. warnings.warn(('Invalid uuid: %s. To ensure interoperability, '
2026-04-27 13:12:58.538 10 INFO neutron.db.ovn_revision_numbers_db [None req-e359b775-eaeb-466c-949d-6af974516fab - - - - - -] Successfully bumped revision number for resource c2657896-8f22-4a63-a99c-facf27aed3d7 (type: router_ports) to 3
2026-04-27 13:12:58.593 9 INFO neutron.db.ovn_revision_numbers_db [None req-852e96bd-3259-48ae-87da-db41e9a01de9 460d0b7c14da44b6bdb99542f3e7b0e3 c439252d5a5a443f899d52c413d462e2 - - default default] Successfully bumped revision number for resource c2657896-8f22-4a63-a99c-facf27aed3d7 (type: ports) to 3
2026-04-27 13:12:58.626 10 INFO neutron.notifiers.nova [-] Nova event matching ['req-030e4187-51dd-449d-b99d-94334d91d6c6'] response: {'server_uuid': '7931e798-8722-43d6-b0ba-362084fb7b5a', 'name': 'network-vif-plugged', 'status': 'completed', 'tag': '045d014c-9341-4a08-adf6-2867d818b28f', 'code': 200}
2026-04-27 13:12:58.650 9 WARNING neutron.scheduler.dhcp_agent_scheduler [None req-852e96bd-3259-48ae-87da-db41e9a01de9 460d0b7c14da44b6bdb99542f3e7b0e3 c439252d5a5a443f899d52c413d462e2 - - default default] No more DHCP agents
2026-04-27 13:12:58.651 9 WARNING neutron.api.rpc.agentnotifiers.dhcp_rpc_agent_api [None req-852e96bd-3259-48ae-87da-db41e9a01de9 460d0b7c14da44b6bdb99542f3e7b0e3 c439252d5a5a443f899d52c413d462e2 - - default default] Unable to schedule network 08bc579b-6e79-444f-8d4d-5f48dcae9ee2: no agents available; will retry on subsequent port and subnet creation events.
2026-04-27 13:12:58.735 10 INFO neutron.db.l3_db [None req-6990f2ce-73af-4469-8277-3d28bdd452b5 f294df5cd79e4a2f85470f7b5e1f8d18 cae5cd510c034e8da8f61c55b8018a11 - - default default] Floating IP b66391b0-b2e4-4fbe-b85d-6e15b50438a4 associated. External IP: 10.96.250.202, port: 045d014c-9341-4a08-adf6-2867d818b28f.
2026-04-27 13:12:58.811 10 INFO neutron.wsgi [None req-44b5e5cb-0782-4164-9863-17b399cc86a4 c517ae173a534c19b2056e9792252a97 3f39e3c30eba471790275b3bdd63032c - - default default] 10.0.0.162 "DELETE /v2.0/security-groups/68fd166c-a18c-4a9d-b55b-71a8673974e6 HTTP/1.1" status: 204 len: 168 time: 0.6525373
2026-04-27 13:12:58.827 9 INFO neutron.db.ovn_revision_numbers_db [None req-852e96bd-3259-48ae-87da-db41e9a01de9 460d0b7c14da44b6bdb99542f3e7b0e3 c439252d5a5a443f899d52c413d462e2 - - default default] Successfully bumped revision number for resource c2657896-8f22-4a63-a99c-facf27aed3d7 (type: router_ports) to 3
2026-04-27 13:12:58.830 9 INFO neutron.wsgi [None req-852e96bd-3259-48ae-87da-db41e9a01de9 460d0b7c14da44b6bdb99542f3e7b0e3 c439252d5a5a443f899d52c413d462e2 - - default default] 10.0.0.162 "PUT /v2.0/routers/9d3f72f9-1446-4c92-a82f-fa8ca0e90806/add_router_interface HTTP/1.1" status: 200 len: 503 time: 1.5383883
2026-04-27 13:12:58.882 10 INFO neutron.wsgi [None req-aca41e0b-390a-41c8-9427-4ad283609847 460d0b7c14da44b6bdb99542f3e7b0e3 c439252d5a5a443f899d52c413d462e2 - - default default] 10.0.0.162 "GET /v2.0/ports/c2657896-8f22-4a63-a99c-facf27aed3d7 HTTP/1.1" status: 200 len: 1220 time: 0.0471928
2026-04-27 13:12:59.033 10 INFO neutron.db.ovn_revision_numbers_db [None req-6990f2ce-73af-4469-8277-3d28bdd452b5 f294df5cd79e4a2f85470f7b5e1f8d18 cae5cd510c034e8da8f61c55b8018a11 - - default default] Successfully bumped revision number for resource b66391b0-b2e4-4fbe-b85d-6e15b50438a4 (type: floatingips) to 1
2026-04-27 13:12:59.204 10 INFO neutron.db.ovn_revision_numbers_db [None req-6990f2ce-73af-4469-8277-3d28bdd452b5 f294df5cd79e4a2f85470f7b5e1f8d18 cae5cd510c034e8da8f61c55b8018a11 - - default default] Successfully bumped revision number for resource b66391b0-b2e4-4fbe-b85d-6e15b50438a4 (type: floatingips) to 2
2026-04-27 13:12:59.244 10 INFO neutron.wsgi [None req-6990f2ce-73af-4469-8277-3d28bdd452b5 f294df5cd79e4a2f85470f7b5e1f8d18 cae5cd510c034e8da8f61c55b8018a11 - - default default] 10.0.0.162 "PUT /v2.0/floatingips/b66391b0-b2e4-4fbe-b85d-6e15b50438a4 HTTP/1.1" status: 200 len: 1050 time: 1.0182362
2026-04-27 13:12:59.592 10 INFO neutron.wsgi [None req-3fd978d6-afc1-4965-a8a9-bc206b23af72 460d0b7c14da44b6bdb99542f3e7b0e3 c439252d5a5a443f899d52c413d462e2 - - default default] 10.0.0.162 "PUT /v2.0/routers/9d3f72f9-1446-4c92-a82f-fa8ca0e90806/remove_router_interface HTTP/1.1" status: 200 len: 503 time: 0.7050765 /var/lib/openstack/lib/python3.10/site-packages/pycadf/identifier.py:71: UserWarning: Invalid uuid: neutron. To ensure interoperability, identifiers should be a valid uuid. warnings.warn(('Invalid uuid: %s. To ensure interoperability, '
2026-04-27 13:12:59.735 9 INFO neutron.wsgi [-] 10.0.0.89 "GET / HTTP/1.1" status: 200 len: 247 time: 0.0020576
2026-04-27 13:12:59.737 9 INFO neutron.wsgi [-] 10.0.0.89 "GET / HTTP/1.1" status: 200 len: 247 time: 0.0010765
2026-04-27 13:12:59.840 10 INFO neutron.api.v2.resource [None req-50870d30-8a1d-42e2-837f-6bca181504b8 460d0b7c14da44b6bdb99542f3e7b0e3 c439252d5a5a443f899d52c413d462e2 - - default default] remove_router_interface failed (client error): The resource could not be found.
2026-04-27 13:12:59.841 10 INFO neutron.wsgi [None req-50870d30-8a1d-42e2-837f-6bca181504b8 460d0b7c14da44b6bdb99542f3e7b0e3 c439252d5a5a443f899d52c413d462e2 - - default default] 10.0.0.162 "PUT /v2.0/routers/9d3f72f9-1446-4c92-a82f-fa8ca0e90806/remove_router_interface HTTP/1.1" status: 404 len: 398 time: 0.2424936
2026-04-27 13:12:59.869 10 INFO neutron.wsgi [None req-d30345e1-b7d4-4a28-966d-ee5017f837d2 460d0b7c14da44b6bdb99542f3e7b0e3 c439252d5a5a443f899d52c413d462e2 - - default default] 10.0.0.162 "GET /v2.0/ports?device_id=9d3f72f9-1446-4c92-a82f-fa8ca0e90806 HTTP/1.1" status: 200 len: 205 time: 0.0194328
2026-04-27 13:13:00.112 10 INFO neutron.wsgi [None req-fd169c71-6fc3-471b-a6ff-28e3a8b313da 460d0b7c14da44b6bdb99542f3e7b0e3 c439252d5a5a443f899d52c413d462e2 - - default default] 10.0.0.162 "DELETE /v2.0/routers/9d3f72f9-1446-4c92-a82f-fa8ca0e90806 HTTP/1.1" status: 204 len: 168 time: 0.2379348
2026-04-27 13:13:00.359 10 INFO neutron.wsgi [None req-81129a3d-04f9-4412-9434-e5a0e68450e8 460d0b7c14da44b6bdb99542f3e7b0e3 c439252d5a5a443f899d52c413d462e2 - - default default] 10.0.0.162 "DELETE /v2.0/subnets/db0cc25b-9940-4ffe-b2be-36cc7181c46f HTTP/1.1" status: 204 len: 168 time: 0.2411914
2026-04-27 13:13:00.360 10 INFO neutron.db.ovn_revision_numbers_db [None req-7185e1ae-fc42-4527-9bf6-f2572dc6f0c3 c517ae173a534c19b2056e9792252a97 3f39e3c30eba471790275b3bdd63032c - - default default] Successfully bumped revision number for resource d95f0efe-7c82-48b7-8ab8-c81a12262606 (type: security_groups) to 1
2026-04-27 13:13:00.385 10 INFO neutron.db.ovn_revision_numbers_db [None req-7185e1ae-fc42-4527-9bf6-f2572dc6f0c3 c517ae173a534c19b2056e9792252a97 3f39e3c30eba471790275b3bdd63032c - - default default] Successfully bumped revision number for resource 4e5e5403-132f-4b07-8e99-edb8f95925ec (type: security_group_rules) to 0
2026-04-27 13:13:00.413 10 INFO neutron.db.ovn_revision_numbers_db [None req-7185e1ae-fc42-4527-9bf6-f2572dc6f0c3 c517ae173a534c19b2056e9792252a97 3f39e3c30eba471790275b3bdd63032c - - default default] Successfully bumped revision number for resource 62a1e9a2-fd13-44ae-a44b-3f5299b01a15 (type: security_group_rules) to 0
2026-04-27 13:13:00.428 10 INFO neutron.db.ovn_revision_numbers_db [None req-7185e1ae-fc42-4527-9bf6-f2572dc6f0c3 c517ae173a534c19b2056e9792252a97 3f39e3c30eba471790275b3bdd63032c - - default default] Successfully bumped revision number for resource 9f0694d1-d16e-4fd4-9fb2-b80da9c5254d (type: security_group_rules) to 0
2026-04-27 13:13:00.447 10 INFO neutron.db.ovn_revision_numbers_db [None req-7185e1ae-fc42-4527-9bf6-f2572dc6f0c3 c517ae173a534c19b2056e9792252a97 3f39e3c30eba471790275b3bdd63032c - - default default] Successfully bumped revision number for resource fdc36272-61dd-4173-9d3d-6744916be068 (type: security_group_rules) to 0
2026-04-27 13:13:00.472 10 INFO neutron.wsgi [None req-7185e1ae-fc42-4527-9bf6-f2572dc6f0c3 c517ae173a534c19b2056e9792252a97 3f39e3c30eba471790275b3bdd63032c - - default default] 10.0.0.162 "GET /v2.0/security-groups?tenant_id=10c1d1caf8244cbd8349dd9b93182978&name=default HTTP/1.1" status: 200 len: 2996 time: 0.4642200 /var/lib/openstack/lib/python3.10/site-packages/pycadf/identifier.py:71: UserWarning: Invalid uuid: neutron. To ensure interoperability, identifiers should be a valid uuid. warnings.warn(('Invalid uuid: %s. To ensure interoperability, '
2026-04-27 13:13:00.676 10 INFO neutron.notifiers.nova [-] Nova event matching ['req-54ec996c-40be-410d-94bb-df2bde58d7ec'] response: {'name': 'network-changed', 'server_uuid': '7931e798-8722-43d6-b0ba-362084fb7b5a', 'tag': '045d014c-9341-4a08-adf6-2867d818b28f', 'status': 'completed', 'code': 200}
2026-04-27 13:13:00.747 9 INFO neutron.wsgi [req-348f1ef1-6351-4126-b435-c2b2427c9cd9 req-05b2e621-6db2-4366-aab9-dba8234a1ff8 7f398acef5df4c33bca6183ae41ad068 387d00d45f3249d68f8ac214b63f1413 - - 57bd1b6a1e4c4b43a0b4474c3721d38b 57bd1b6a1e4c4b43a0b4474c3721d38b] 199.19.213.145 "GET /v2.0/ports?tenant_id=cae5cd510c034e8da8f61c55b8018a11&device_id=7931e798-8722-43d6-b0ba-362084fb7b5a HTTP/1.1" status: 200 len: 1413 time: 0.0495517
2026-04-27 13:13:00.747 10 INFO neutron.services.segments.plugin [-] Segment 6b26e2f3-55a0-4793-84ad-a99e1444611d resource provider aggregate not found
2026-04-27 13:13:00.753 10 INFO neutron.services.segments.plugin [-] Segment 6b26e2f3-55a0-4793-84ad-a99e1444611d resource provider aggregate not found
2026-04-27 13:13:00.754 9 INFO neutron.wsgi [None req-a49e287b-1de1-4fbf-b733-589e92e690e5 c517ae173a534c19b2056e9792252a97 3f39e3c30eba471790275b3bdd63032c - - default default] 10.0.0.162 "DELETE /v2.0/security-groups/d95f0efe-7c82-48b7-8ab8-c81a12262606 HTTP/1.1" status: 204 len: 168 time: 0.2777748
2026-04-27 13:13:00.775 10 INFO neutron.services.segments.plugin [-] Segment 6b26e2f3-55a0-4793-84ad-a99e1444611d resource provider not found; error: Placement Client Error (4xx): {"errors": [{"status": 404, "title": "Not Found", "detail": "The resource could not be found.\n\n No resource provider with uuid 6b26e2f3-55a0-4793-84ad-a99e1444611d found for delete ", "request_id": "req-ad781038-e1e5-4dc3-a210-4bd449c1bde5"}]}
2026-04-27 13:13:00.779 10 INFO neutron.services.segments.plugin [-] Segment 6b26e2f3-55a0-4793-84ad-a99e1444611d resource provider not found; error: Placement Client Error (4xx): {"errors": [{"status": 404, "title": "Not Found", "detail": "The resource could not be found.\n\n No resource provider with uuid 6b26e2f3-55a0-4793-84ad-a99e1444611d found for delete ", "request_id": "req-34867e8e-2218-4340-9a47-8d39aa145dbf"}]}
2026-04-27 13:13:00.802 10 INFO neutron.wsgi [None req-c77a2934-043f-47ac-a1f9-5b150614e7bf 460d0b7c14da44b6bdb99542f3e7b0e3 c439252d5a5a443f899d52c413d462e2 - - default default] 10.0.0.162 "DELETE /v2.0/networks/08bc579b-6e79-444f-8d4d-5f48dcae9ee2 HTTP/1.1" status: 204 len: 168 time: 0.4327936
2026-04-27 13:13:00.829 9 INFO neutron.wsgi [req-348f1ef1-6351-4126-b435-c2b2427c9cd9 req-204a03cc-97ce-4f39-8e77-570ae77934f2 7f398acef5df4c33bca6183ae41ad068 387d00d45f3249d68f8ac214b63f1413 - - 57bd1b6a1e4c4b43a0b4474c3721d38b 57bd1b6a1e4c4b43a0b4474c3721d38b] 199.19.213.145 "GET /v2.0/networks?id=97f9d3d1-e5c7-45a4-9f3c-a9f7b45b12f4 HTTP/1.1" status: 200 len: 973 time: 0.0780313
2026-04-27 13:13:00.880 9 INFO neutron.wsgi [req-348f1ef1-6351-4126-b435-c2b2427c9cd9 req-fa6d09f0-78f1-45c9-be4a-ef4681604623 7f398acef5df4c33bca6183ae41ad068 387d00d45f3249d68f8ac214b63f1413 - - 57bd1b6a1e4c4b43a0b4474c3721d38b 57bd1b6a1e4c4b43a0b4474c3721d38b] 199.19.213.145 "GET /v2.0/floatingips?fixed_ip_address=10.100.0.12&port_id=045d014c-9341-4a08-adf6-2867d818b28f HTTP/1.1" status: 200 len: 1060 time: 0.0424900
2026-04-27 13:13:00.898 10 INFO neutron.db.segments_db [None req-4336b60b-9763-489a-8349-913b555f6d80 460d0b7c14da44b6bdb99542f3e7b0e3 c439252d5a5a443f899d52c413d462e2 - - default default] Added segment 39d9a517-ff74-4c5d-aefe-e8a5c7e0c742 of type geneve for network 699be5d7-9e97-4805-b59e-b7bc43fc7462
2026-04-27 13:13:00.916 9 INFO neutron.wsgi [req-348f1ef1-6351-4126-b435-c2b2427c9cd9 req-0d0a9ac6-fd1f-4ae9-89c2-33a571e3bd58 7f398acef5df4c33bca6183ae41ad068 387d00d45f3249d68f8ac214b63f1413 - - 57bd1b6a1e4c4b43a0b4474c3721d38b 57bd1b6a1e4c4b43a0b4474c3721d38b] 199.19.213.145 "GET /v2.0/subnets?id=5a5179d5-d6c3-4780-bf09-d16e21fffea3 HTTP/1.1" status: 200 len: 868 time: 0.0312836
2026-04-27 13:13:00.946 9 INFO neutron.wsgi [req-348f1ef1-6351-4126-b435-c2b2427c9cd9 req-c83d8f20-e240-4bff-9a3a-4c8c2731bfbb 7f398acef5df4c33bca6183ae41ad068 387d00d45f3249d68f8ac214b63f1413 - - 57bd1b6a1e4c4b43a0b4474c3721d38b 57bd1b6a1e4c4b43a0b4474c3721d38b] 199.19.213.145 "GET /v2.0/ports?network_id=97f9d3d1-e5c7-45a4-9f3c-a9f7b45b12f4&device_owner=network%3Adhcp HTTP/1.1" status: 200 len: 210 time: 0.0219584
2026-04-27 13:13:01.024 9 INFO neutron.wsgi [req-348f1ef1-6351-4126-b435-c2b2427c9cd9 req-4fe370e6-919f-4759-aa57-9421e7cc2f77 7f398acef5df4c33bca6183ae41ad068 387d00d45f3249d68f8ac214b63f1413 - - 57bd1b6a1e4c4b43a0b4474c3721d38b 57bd1b6a1e4c4b43a0b4474c3721d38b] 199.19.213.145 "GET /v2.0/networks/97f9d3d1-e5c7-45a4-9f3c-a9f7b45b12f4?fields=segments HTTP/1.1" status: 200 len: 212 time: 0.0711863
2026-04-27 13:13:01.066 10 INFO neutron.db.ovn_revision_numbers_db [None req-4336b60b-9763-489a-8349-913b555f6d80 460d0b7c14da44b6bdb99542f3e7b0e3 c439252d5a5a443f899d52c413d462e2 - - default default] Successfully bumped revision number for resource 699be5d7-9e97-4805-b59e-b7bc43fc7462 (type: networks) to 1
2026-04-27 13:13:01.118 9 INFO neutron.wsgi [req-348f1ef1-6351-4126-b435-c2b2427c9cd9 req-9156b199-0691-4f9c-9f86-16c1147067f4 7f398acef5df4c33bca6183ae41ad068 387d00d45f3249d68f8ac214b63f1413 - - 57bd1b6a1e4c4b43a0b4474c3721d38b 57bd1b6a1e4c4b43a0b4474c3721d38b] 199.19.213.145 "GET /v2.0/networks/97f9d3d1-e5c7-45a4-9f3c-a9f7b45b12f4?fields=provider%3Aphysical_network&fields=provider%3Anetwork_type HTTP/1.1" status: 200 len: 277 time: 0.0841470
2026-04-27 13:13:01.276 10 WARNING neutron.scheduler.dhcp_agent_scheduler [None req-4336b60b-9763-489a-8349-913b555f6d80 460d0b7c14da44b6bdb99542f3e7b0e3 c439252d5a5a443f899d52c413d462e2 - - default default] No more DHCP agents
2026-04-27 13:13:01.279 10 WARNING neutron.api.rpc.agentnotifiers.dhcp_rpc_agent_api [None req-4336b60b-9763-489a-8349-913b555f6d80 460d0b7c14da44b6bdb99542f3e7b0e3 c439252d5a5a443f899d52c413d462e2 - - default default] Unable to schedule network 699be5d7-9e97-4805-b59e-b7bc43fc7462: no agents available; will retry on subsequent port and subnet creation events.
2026-04-27 13:13:01.371 10 INFO neutron.db.ovn_revision_numbers_db [None req-4336b60b-9763-489a-8349-913b555f6d80 460d0b7c14da44b6bdb99542f3e7b0e3 c439252d5a5a443f899d52c413d462e2 - - default default] Successfully bumped revision number for resource fe7293e9-c567-4471-aa17-a7487e2d5827 (type: ports) to 1
2026-04-27 13:13:01.392 10 INFO neutron.wsgi [None req-4336b60b-9763-489a-8349-913b555f6d80 460d0b7c14da44b6bdb99542f3e7b0e3 c439252d5a5a443f899d52c413d462e2 - - default default] 10.0.0.162 "POST /v2.0/networks HTTP/1.1" status: 201 len: 833 time: 0.5820403
