2026-04-27 13:14:49.459 10 INFO neutron.wsgi [req-e7338d63-0707-45d8-9ce2-832c4d5751df req-79c66f37-81c7-4845-b8de-6a41925be75b 7f398acef5df4c33bca6183ae41ad068 387d00d45f3249d68f8ac214b63f1413 - - 57bd1b6a1e4c4b43a0b4474c3721d38b 57bd1b6a1e4c4b43a0b4474c3721d38b] 10.0.0.49 "GET /v2.0/networks/25ef7348-494f-4d2f-aa67-414529c14492?fields=segments HTTP/1.1" status: 200 len: 212 time: 0.0550358
2026-04-27 13:14:49.511 9 INFO neutron.wsgi [None req-1e0afe29-3fcc-45f4-a608-ca0b4b0087e2 c517ae173a534c19b2056e9792252a97 3f39e3c30eba471790275b3bdd63032c - - default default] 10.0.0.162 "DELETE /v2.0/security-groups/4f7a4754-978e-4706-bbe1-4ba710e58715 HTTP/1.1" status: 204 len: 168 time: 0.3046725
2026-04-27 13:14:49.538 10 INFO neutron.wsgi [req-e7338d63-0707-45d8-9ce2-832c4d5751df req-7484caca-e542-4294-a4ca-a30ae8960b1f 7f398acef5df4c33bca6183ae41ad068 387d00d45f3249d68f8ac214b63f1413 - - 57bd1b6a1e4c4b43a0b4474c3721d38b 57bd1b6a1e4c4b43a0b4474c3721d38b] 10.0.0.49 "GET /v2.0/networks/25ef7348-494f-4d2f-aa67-414529c14492?fields=provider%3Aphysical_network&fields=provider%3Anetwork_type HTTP/1.1" status: 200 len: 277 time: 0.0729105
2026-04-27 13:14:49.629 9 WARNING neutron.scheduler.dhcp_agent_scheduler [None req-b05a6363-579e-4723-839e-eb368c1bf68a 6b6ec5925eda4b73be0d48d6351c2c87 f3b6937b9b6b4bbdba503a2d85ac80cd - - default default] No more DHCP agents
2026-04-27 13:14:49.630 9 WARNING neutron.api.rpc.agentnotifiers.dhcp_rpc_agent_api [None req-b05a6363-579e-4723-839e-eb368c1bf68a 6b6ec5925eda4b73be0d48d6351c2c87 f3b6937b9b6b4bbdba503a2d85ac80cd - - default default] Unable to schedule network e8a3ca21-c90f-443c-b1f2-b44bf66ec036: no agents available; will retry on subsequent port and subnet creation events.
2026-04-27 13:14:49.686 9 INFO neutron.wsgi [req-a4eb04a7-2789-4e43-8065-b94fe24eb5ee req-1a4b2329-7eb9-4877-b1c0-47308b4d9dfa daff809c20c0471ebdc5015d3d02a8ae 5f0cad3e4b874a51b6baea6ffefbceb0 - - default default] 10.0.0.49 "GET /v2.0/ports?device_id=48db4e51-194b-4c96-8a3b-bf5848963c77 HTTP/1.1" status: 200 len: 210 time: 0.0298483
2026-04-27 13:14:49.756 9 INFO neutron.wsgi [None req-ebf48341-2818-43a9-88b5-2e8ee04e27d6 c517ae173a534c19b2056e9792252a97 3f39e3c30eba471790275b3bdd63032c - - default default] 10.0.0.162 "DELETE /v2.0/security-groups/4d89dde9-e296-4342-81ca-158d00ce4fab HTTP/1.1" status: 204 len: 168 time: 0.3166845
2026-04-27 13:14:49.799 10 INFO neutron.db.ovn_revision_numbers_db [None req-36847546-37bc-408c-80ab-dac0a94518d2 c517ae173a534c19b2056e9792252a97 3f39e3c30eba471790275b3bdd63032c - - default default] Successfully bumped revision number for resource 9e6d947a-f341-4388-b40b-5fc40e23f74b (type: security_groups) to 1
2026-04-27 13:14:49.817 10 INFO neutron.db.ovn_revision_numbers_db [None req-36847546-37bc-408c-80ab-dac0a94518d2 c517ae173a534c19b2056e9792252a97 3f39e3c30eba471790275b3bdd63032c - - default default] Successfully bumped revision number for resource 8a3207c6-2f1e-4303-8af4-3ac12eb1b3ba (type: security_group_rules) to 0
2026-04-27 13:14:49.836 10 INFO neutron.db.ovn_revision_numbers_db [None req-36847546-37bc-408c-80ab-dac0a94518d2 c517ae173a534c19b2056e9792252a97 3f39e3c30eba471790275b3bdd63032c - - default default] Successfully bumped revision number for resource e5fe758d-1f52-42a6-ba82-99994d41adaa (type: security_group_rules) to 0
2026-04-27 13:14:49.854 10 INFO neutron.db.ovn_revision_numbers_db [None req-36847546-37bc-408c-80ab-dac0a94518d2 c517ae173a534c19b2056e9792252a97 3f39e3c30eba471790275b3bdd63032c - - default default] Successfully bumped revision number for resource eb3d5475-a5f3-4e2d-a1aa-d4b85d5d81c4 (type: security_group_rules) to 0
2026-04-27 13:14:49.870 10 INFO neutron.db.ovn_revision_numbers_db [None req-36847546-37bc-408c-80ab-dac0a94518d2 c517ae173a534c19b2056e9792252a97 3f39e3c30eba471790275b3bdd63032c - - default default] Successfully bumped revision number for resource fb6b6099-c933-4b39-aa3c-6d140839bf4d (type: security_group_rules) to 0
2026-04-27 13:14:49.892 10 INFO neutron.wsgi [None req-36847546-37bc-408c-80ab-dac0a94518d2 c517ae173a534c19b2056e9792252a97 3f39e3c30eba471790275b3bdd63032c - - default default] 10.0.0.162 "GET /v2.0/security-groups?tenant_id=3656f33f188741849508d9f83b84fea2&name=default HTTP/1.1" status: 200 len: 2996 time: 0.2249327
2026-04-27 13:14:50.057 10 INFO neutron.db.ovn_revision_numbers_db [None req-bcf1e77a-a674-4cbd-ac30-f373f3b8e5ab c517ae173a534c19b2056e9792252a97 3f39e3c30eba471790275b3bdd63032c - - default default] Successfully bumped revision number for resource ed4db0e3-395c-45c9-830d-1a946c0e5a96 (type: security_groups) to 1
2026-04-27 13:14:50.069 10 INFO neutron.db.ovn_revision_numbers_db [None req-bcf1e77a-a674-4cbd-ac30-f373f3b8e5ab c517ae173a534c19b2056e9792252a97 3f39e3c30eba471790275b3bdd63032c - - default default] Successfully bumped revision number for resource 4aa21768-358e-48a3-95a0-31017f77bc9a (type: security_group_rules) to 0
2026-04-27 13:14:50.082 9 INFO neutron.db.ovn_revision_numbers_db [None req-b05a6363-579e-4723-839e-eb368c1bf68a 6b6ec5925eda4b73be0d48d6351c2c87 f3b6937b9b6b4bbdba503a2d85ac80cd - - default default] Successfully bumped revision number for resource 870d3dbb-8ddd-403f-97b4-d3507178b284 (type: floatingips) to 0
2026-04-27 13:14:50.086 10 INFO neutron.db.ovn_revision_numbers_db [None req-bcf1e77a-a674-4cbd-ac30-f373f3b8e5ab c517ae173a534c19b2056e9792252a97 3f39e3c30eba471790275b3bdd63032c - - default default] Successfully bumped revision number for resource 4d2f7d28-13f2-4b4c-a572-10ad7a2f737d (type: security_group_rules) to 0
2026-04-27 13:14:50.104 10 INFO neutron.db.ovn_revision_numbers_db [None req-bcf1e77a-a674-4cbd-ac30-f373f3b8e5ab c517ae173a534c19b2056e9792252a97 3f39e3c30eba471790275b3bdd63032c - - default default] Successfully bumped revision number for resource 5f6e1ec1-1e84-4480-bae4-65adb91f2b30 (type: security_group_rules) to 0
2026-04-27 13:14:50.105 9 INFO neutron.wsgi [None req-b05a6363-579e-4723-839e-eb368c1bf68a 6b6ec5925eda4b73be0d48d6351c2c87 f3b6937b9b6b4bbdba503a2d85ac80cd - - default default] 10.0.0.162 "POST /v2.0/floatingips HTTP/1.1" status: 201 len: 751 time: 0.8210256
2026-04-27 13:14:50.121 10 INFO neutron.db.ovn_revision_numbers_db [None req-bcf1e77a-a674-4cbd-ac30-f373f3b8e5ab c517ae173a534c19b2056e9792252a97 3f39e3c30eba471790275b3bdd63032c - - default default] Successfully bumped revision number for resource c2ca415e-e7aa-413f-a17c-79d8705c9afa (type: security_group_rules) to 0
2026-04-27 13:14:50.150 10 INFO neutron.wsgi [None req-bcf1e77a-a674-4cbd-ac30-f373f3b8e5ab c517ae173a534c19b2056e9792252a97 3f39e3c30eba471790275b3bdd63032c - - default default] 10.0.0.162 "GET /v2.0/security-groups?tenant_id=8dd98c64a66246f28240b3b7fddd009d&name=default HTTP/1.1" status: 200 len: 2996 time: 0.2294490
2026-04-27 13:14:50.160 10 INFO neutron.wsgi [None req-2e10d9b8-c2f7-4859-b0b3-33f35bc9968e c517ae173a534c19b2056e9792252a97 3f39e3c30eba471790275b3bdd63032c - - default default] 10.0.0.162 "DELETE /v2.0/security-groups/9e6d947a-f341-4388-b40b-5fc40e23f74b HTTP/1.1" status: 204 len: 168 time: 0.2623129
2026-04-27 13:14:50.211 10 INFO neutron.wsgi [req-7b40a31b-85fb-42f6-a1cc-b83ebe8d1f18 req-30cd597e-d679-4555-a649-1c016bb0a174 6b6ec5925eda4b73be0d48d6351c2c87 f3b6937b9b6b4bbdba503a2d85ac80cd - - default default] 10.0.0.49 "GET /v2.0/security-groups?name=tempest-secgroup-smoke-1493091403&fields=id&tenant_id=f3b6937b9b6b4bbdba503a2d85ac80cd HTTP/1.1" status: 200 len: 267 time: 0.0372405
2026-04-27 13:14:50.270 10 INFO neutron.wsgi [req-7b40a31b-85fb-42f6-a1cc-b83ebe8d1f18 req-ffe3b5c8-2e43-4473-bf10-1f2bbae8471f 6b6ec5925eda4b73be0d48d6351c2c87 f3b6937b9b6b4bbdba503a2d85ac80cd - - default default] 10.0.0.49 "GET /v2.0/security-groups?name=tempest-securitygroup--1719931060&fields=id&tenant_id=f3b6937b9b6b4bbdba503a2d85ac80cd HTTP/1.1" status: 200 len: 267 time: 0.0468013
2026-04-27 13:14:50.363 10 INFO neutron.wsgi [req-7b40a31b-85fb-42f6-a1cc-b83ebe8d1f18 req-9bcd4266-70a6-4a8d-8950-9c2884830900 6b6ec5925eda4b73be0d48d6351c2c87 f3b6937b9b6b4bbdba503a2d85ac80cd - - default default] 10.0.0.49 "GET /v2.0/networks?id=0eab2561-e5f3-47f7-845f-5269ecb19f74 HTTP/1.1" status: 200 len: 871 time: 0.0850585
2026-04-27 13:14:50.383 10 INFO neutron.wsgi [req-7b40a31b-85fb-42f6-a1cc-b83ebe8d1f18 req-c46bb07b-7be2-45f4-b95b-33d226b75b52 6b6ec5925eda4b73be0d48d6351c2c87 f3b6937b9b6b4bbdba503a2d85ac80cd - - default default] 10.0.0.49 "GET /v2.0/quotas/f3b6937b9b6b4bbdba503a2d85ac80cd HTTP/1.1" status: 200 len: 386 time: 0.0150161
2026-04-27 13:14:50.404 9 INFO neutron.wsgi [None req-c072970f-7bb9-4db3-9f48-1361da607ae8 c517ae173a534c19b2056e9792252a97 3f39e3c30eba471790275b3bdd63032c - - default default] 10.0.0.162 "DELETE /v2.0/security-groups/ed4db0e3-395c-45c9-830d-1a946c0e5a96 HTTP/1.1" status: 204 len: 168 time: 0.2473686
2026-04-27 13:14:50.429 9 INFO neutron.wsgi [req-e7338d63-0707-45d8-9ce2-832c4d5751df req-e87c30b7-187c-4ee2-8056-ce4f42942428 daff809c20c0471ebdc5015d3d02a8ae 5f0cad3e4b874a51b6baea6ffefbceb0 - - default default] 199.19.213.145 "GET /v2.0/networks?id=25ef7348-494f-4d2f-aa67-414529c14492 HTTP/1.1" status: 200 len: 860 time: 0.0881097
2026-04-27 13:14:50.480 9 INFO neutron.wsgi [req-e7338d63-0707-45d8-9ce2-832c4d5751df req-94268ebb-c082-4f75-9ca4-84a2af04e947 daff809c20c0471ebdc5015d3d02a8ae 5f0cad3e4b874a51b6baea6ffefbceb0 - - default default] 199.19.213.145 "GET /v2.0/security-groups?fields=id&fields=name&tenant_id=5f0cad3e4b874a51b6baea6ffefbceb0 HTTP/1.1" status: 200 len: 473 time: 0.0454066
2026-04-27 13:14:50.513 10 INFO neutron.wsgi [req-7b40a31b-85fb-42f6-a1cc-b83ebe8d1f18 req-8d1842ba-02fc-4195-bbaf-05c3fb3cd2c6 6b6ec5925eda4b73be0d48d6351c2c87 f3b6937b9b6b4bbdba503a2d85ac80cd - - default default] 10.0.0.49 "GET /v2.0/ports?tenant_id=f3b6937b9b6b4bbdba503a2d85ac80cd&fields=id HTTP/1.1" status: 200 len: 302 time: 0.1192834
2026-04-27 13:14:50.577 10 WARNING neutron.plugins.ml2.drivers.ovn.mech_driver.ovsdb.ovn_client [None req-e359b775-eaeb-466c-949d-6af974516fab - - - - - -] No hosting information found for port 1a2e10aa-a384-4bf3-a902-3887af529701: RuntimeError: No hosting information found for port 1a2e10aa-a384-4bf3-a902-3887af529701
2026-04-27 13:14:50.644 10 INFO neutron.wsgi [req-7b40a31b-85fb-42f6-a1cc-b83ebe8d1f18 req-998d44f1-957d-47ca-a904-49b125186f84 7f398acef5df4c33bca6183ae41ad068 387d00d45f3249d68f8ac214b63f1413 - - 57bd1b6a1e4c4b43a0b4474c3721d38b 57bd1b6a1e4c4b43a0b4474c3721d38b] 10.0.0.49 "GET /v2.0/networks/0eab2561-e5f3-47f7-845f-5269ecb19f74?fields=segments HTTP/1.1" status: 200 len: 212 time: 0.1173978 /var/lib/openstack/lib/python3.10/site-packages/pycadf/identifier.py:71: UserWarning: Invalid uuid: neutron. To ensure interoperability, identifiers should be a valid uuid. warnings.warn(('Invalid uuid: %s. To ensure interoperability, '
2026-04-27 13:14:50.745 10 INFO neutron.wsgi [req-7b40a31b-85fb-42f6-a1cc-b83ebe8d1f18 req-92958a4b-7b21-46e6-82a1-5be5a6c72990 7f398acef5df4c33bca6183ae41ad068 387d00d45f3249d68f8ac214b63f1413 - - 57bd1b6a1e4c4b43a0b4474c3721d38b 57bd1b6a1e4c4b43a0b4474c3721d38b] 10.0.0.49 "GET /v2.0/networks/0eab2561-e5f3-47f7-845f-5269ecb19f74?fields=provider%3Aphysical_network&fields=provider%3Anetwork_type HTTP/1.1" status: 200 len: 277 time: 0.0927210
2026-04-27 13:14:50.790 9 INFO neutron.wsgi [req-85d0cae1-aa5a-47b1-af32-fc2e5f8e2a38 req-928de921-3392-45ce-965f-e62acdd35187 daff809c20c0471ebdc5015d3d02a8ae 5f0cad3e4b874a51b6baea6ffefbceb0 - - default default] 10.0.0.49 "GET /v2.0/ports?device_id=48db4e51-194b-4c96-8a3b-bf5848963c77 HTTP/1.1" status: 200 len: 210 time: 0.0281975
2026-04-27 13:14:50.853 9 WARNING neutron.scheduler.dhcp_agent_scheduler [req-e7338d63-0707-45d8-9ce2-832c4d5751df req-455c63d3-b37c-4b04-b5d6-caa04fabb658 daff809c20c0471ebdc5015d3d02a8ae 5f0cad3e4b874a51b6baea6ffefbceb0 - - default default] No more DHCP agents
2026-04-27 13:14:50.854 9 WARNING neutron.api.rpc.agentnotifiers.dhcp_rpc_agent_api [req-e7338d63-0707-45d8-9ce2-832c4d5751df req-455c63d3-b37c-4b04-b5d6-caa04fabb658 daff809c20c0471ebdc5015d3d02a8ae 5f0cad3e4b874a51b6baea6ffefbceb0 - - default default] Unable to schedule network 25ef7348-494f-4d2f-aa67-414529c14492: no agents available; will retry on subsequent port and subnet creation events. /var/lib/openstack/lib/python3.10/site-packages/pycadf/identifier.py:71: UserWarning: Invalid uuid: neutron. To ensure interoperability, identifiers should be a valid uuid. warnings.warn(('Invalid uuid: %s. To ensure interoperability, '
2026-04-27 13:14:50.943 9 INFO neutron.wsgi [req-98936672-a14d-4e13-b276-f5c8d659ea35 req-94bf6b41-ce58-4d9c-a217-936ef4b1ee4b 6b6ec5925eda4b73be0d48d6351c2c87 f3b6937b9b6b4bbdba503a2d85ac80cd - - default default] 10.0.0.49 "GET /v2.0/ports?device_id=9a1a883f-3bd3-465e-ba63-b60003a3e723 HTTP/1.1" status: 200 len: 210 time: 0.0215540
2026-04-27 13:14:51.085 9 INFO neutron.db.ovn_revision_numbers_db [req-e7338d63-0707-45d8-9ce2-832c4d5751df req-455c63d3-b37c-4b04-b5d6-caa04fabb658 daff809c20c0471ebdc5015d3d02a8ae 5f0cad3e4b874a51b6baea6ffefbceb0 - - default default] Successfully bumped revision number for resource c026eb60-4de6-4de9-b333-3011a7ec17eb (type: ports) to 1
2026-04-27 13:14:51.112 9 INFO neutron.wsgi [req-e7338d63-0707-45d8-9ce2-832c4d5751df req-455c63d3-b37c-4b04-b5d6-caa04fabb658 daff809c20c0471ebdc5015d3d02a8ae 5f0cad3e4b874a51b6baea6ffefbceb0 - - default default] 199.19.213.145 "POST /v2.0/ports HTTP/1.1" status: 201 len: 1158 time: 0.6255195
2026-04-27 13:14:51.546 9 INFO neutron.db.ovn_revision_numbers_db [req-e7338d63-0707-45d8-9ce2-832c4d5751df req-883ac380-f654-465a-b0ae-ab191557fded 7f398acef5df4c33bca6183ae41ad068 387d00d45f3249d68f8ac214b63f1413 - - 57bd1b6a1e4c4b43a0b4474c3721d38b 57bd1b6a1e4c4b43a0b4474c3721d38b] Successfully bumped revision number for resource c026eb60-4de6-4de9-b333-3011a7ec17eb (type: ports) to 2 /var/lib/openstack/lib/python3.10/site-packages/pycadf/identifier.py:71: UserWarning: Invalid uuid: neutron. To ensure interoperability, identifiers should be a valid uuid. warnings.warn(('Invalid uuid: %s. To ensure interoperability, '
2026-04-27 13:14:51.793 9 INFO neutron.wsgi [req-7b40a31b-85fb-42f6-a1cc-b83ebe8d1f18 req-0d37b8de-6420-4742-bcf8-8af23a16c589 6b6ec5925eda4b73be0d48d6351c2c87 f3b6937b9b6b4bbdba503a2d85ac80cd - - default default] 199.19.213.145 "GET /v2.0/networks?id=0eab2561-e5f3-47f7-845f-5269ecb19f74 HTTP/1.1" status: 200 len: 871 time: 0.1068988 /var/lib/openstack/lib/python3.10/site-packages/pycadf/identifier.py:71: UserWarning: Invalid uuid: neutron. To ensure interoperability, identifiers should be a valid uuid. warnings.warn(('Invalid uuid: %s. To ensure interoperability, '
2026-04-27 13:14:51.839 9 INFO neutron.db.ovn_revision_numbers_db [req-e7338d63-0707-45d8-9ce2-832c4d5751df req-883ac380-f654-465a-b0ae-ab191557fded 7f398acef5df4c33bca6183ae41ad068 387d00d45f3249d68f8ac214b63f1413 - - 57bd1b6a1e4c4b43a0b4474c3721d38b 57bd1b6a1e4c4b43a0b4474c3721d38b] Successfully bumped revision number for resource c026eb60-4de6-4de9-b333-3011a7ec17eb (type: ports) to 2
2026-04-27 13:14:51.872 9 INFO neutron.wsgi [req-7b40a31b-85fb-42f6-a1cc-b83ebe8d1f18 req-ae8ff7c6-df8d-4022-bf44-d1d8f37e2aab 6b6ec5925eda4b73be0d48d6351c2c87 f3b6937b9b6b4bbdba503a2d85ac80cd - - default default] 199.19.213.145 "GET /v2.0/security-groups?fields=id&fields=name&tenant_id=f3b6937b9b6b4bbdba503a2d85ac80cd HTTP/1.1" status: 200 len: 473 time: 0.0741713
2026-04-27 13:14:51.876 9 INFO neutron.wsgi [req-e7338d63-0707-45d8-9ce2-832c4d5751df req-883ac380-f654-465a-b0ae-ab191557fded 7f398acef5df4c33bca6183ae41ad068 387d00d45f3249d68f8ac214b63f1413 - - 57bd1b6a1e4c4b43a0b4474c3721d38b 57bd1b6a1e4c4b43a0b4474c3721d38b] 199.19.213.145 "PUT /v2.0/ports/c026eb60-4de6-4de9-b333-3011a7ec17eb HTTP/1.1" status: 200 len: 1376 time: 0.7541864
2026-04-27 13:14:51.928 10 INFO neutron.wsgi [req-36035133-79d6-45e8-9970-8db612c7a527 req-c023ecec-431e-4980-8742-e02d287a41f6 daff809c20c0471ebdc5015d3d02a8ae 5f0cad3e4b874a51b6baea6ffefbceb0 - - default default] 10.0.0.49 "GET /v2.0/ports?device_id=48db4e51-194b-4c96-8a3b-bf5848963c77 HTTP/1.1" status: 200 len: 1168 time: 0.0653939
2026-04-27 13:14:51.936 9 INFO neutron.notifiers.nova [-] Nova event matching ['req-0cfc2ce0-5b5b-4fa4-b040-9b2d1acb0100'] response: {'name': 'network-changed', 'server_uuid': '48db4e51-194b-4c96-8a3b-bf5848963c77', 'tag': 'c026eb60-4de6-4de9-b333-3011a7ec17eb', 'status': 'completed', 'code': 200}
2026-04-27 13:14:51.979 9 INFO neutron.wsgi [req-e7338d63-0707-45d8-9ce2-832c4d5751df req-9ca823d8-a8ca-4d4f-8d57-e0f13f8f31cc 7f398acef5df4c33bca6183ae41ad068 387d00d45f3249d68f8ac214b63f1413 - - 57bd1b6a1e4c4b43a0b4474c3721d38b 57bd1b6a1e4c4b43a0b4474c3721d38b] 199.19.213.145 "GET /v2.0/ports?tenant_id=5f0cad3e4b874a51b6baea6ffefbceb0&device_id=48db4e51-194b-4c96-8a3b-bf5848963c77 HTTP/1.1" status: 200 len: 1407 time: 0.0399041
2026-04-27 13:14:52.006 10 INFO neutron.wsgi [req-36035133-79d6-45e8-9970-8db612c7a527 req-9afa25ad-0a3e-4f6e-8760-5471497f68f3 daff809c20c0471ebdc5015d3d02a8ae 5f0cad3e4b874a51b6baea6ffefbceb0 - - default default] 10.0.0.49 "GET /v2.0/security-groups?id=84bc6666-b97d-4476-a0b5-b39058b97f23&fields=id&fields=name HTTP/1.1" status: 200 len: 313 time: 0.0710819
2026-04-27 13:14:52.012 9 INFO neutron.wsgi [req-e7338d63-0707-45d8-9ce2-832c4d5751df req-b76c1c93-68d7-46af-b4d9-e0aa42a6d9d7 7f398acef5df4c33bca6183ae41ad068 387d00d45f3249d68f8ac214b63f1413 - - 57bd1b6a1e4c4b43a0b4474c3721d38b 57bd1b6a1e4c4b43a0b4474c3721d38b] 199.19.213.145 "GET /v2.0/floatingips?fixed_ip_address=10.100.0.5&port_id=c026eb60-4de6-4de9-b333-3011a7ec17eb HTTP/1.1" status: 200 len: 217 time: 0.0223658
2026-04-27 13:14:52.060 9 INFO neutron.wsgi [req-adda5121-421b-4d58-977e-ae84d9697ead req-2cd2fddc-c342-4af2-bd4f-cab0c903eb2b 6b6ec5925eda4b73be0d48d6351c2c87 f3b6937b9b6b4bbdba503a2d85ac80cd - - default default] 10.0.0.49 "GET /v2.0/ports?device_id=9a1a883f-3bd3-465e-ba63-b60003a3e723 HTTP/1.1" status: 200 len: 210 time: 0.0465028
2026-04-27 13:14:52.096 9 INFO neutron.wsgi [req-e7338d63-0707-45d8-9ce2-832c4d5751df req-9c458729-fd36-4544-b686-89c1caa1a209 7f398acef5df4c33bca6183ae41ad068 387d00d45f3249d68f8ac214b63f1413 - - 57bd1b6a1e4c4b43a0b4474c3721d38b 57bd1b6a1e4c4b43a0b4474c3721d38b] 199.19.213.145 "GET /v2.0/subnets?id=d3c876df-4898-4ccc-ab5a-9d199cca8e98 HTTP/1.1" status: 200 len: 853 time: 0.0753560
2026-04-27 13:14:52.129 9 INFO neutron.wsgi [req-e7338d63-0707-45d8-9ce2-832c4d5751df req-8da2d1b8-4139-4eff-969b-2ac3eb71a332 7f398acef5df4c33bca6183ae41ad068 387d00d45f3249d68f8ac214b63f1413 - - 57bd1b6a1e4c4b43a0b4474c3721d38b 57bd1b6a1e4c4b43a0b4474c3721d38b] 199.19.213.145 "GET /v2.0/ports?network_id=25ef7348-494f-4d2f-aa67-414529c14492&device_owner=network%3Adhcp HTTP/1.1" status: 200 len: 210 time: 0.0240269
2026-04-27 13:14:52.219 9 INFO neutron.wsgi [req-e7338d63-0707-45d8-9ce2-832c4d5751df req-6b339792-0d4a-4447-b530-2f9fa4478613 7f398acef5df4c33bca6183ae41ad068 387d00d45f3249d68f8ac214b63f1413 - - 57bd1b6a1e4c4b43a0b4474c3721d38b 57bd1b6a1e4c4b43a0b4474c3721d38b] 199.19.213.145 "GET /v2.0/networks/25ef7348-494f-4d2f-aa67-414529c14492?fields=segments HTTP/1.1" status: 200 len: 212 time: 0.0736523
2026-04-27 13:14:52.320 9 INFO neutron.wsgi [req-e7338d63-0707-45d8-9ce2-832c4d5751df req-7842fcab-6681-492f-8086-cf5aa1ebf861 7f398acef5df4c33bca6183ae41ad068 387d00d45f3249d68f8ac214b63f1413 - - 57bd1b6a1e4c4b43a0b4474c3721d38b 57bd1b6a1e4c4b43a0b4474c3721d38b] 199.19.213.145 "GET /v2.0/networks/25ef7348-494f-4d2f-aa67-414529c14492?fields=provider%3Aphysical_network&fields=provider%3Anetwork_type HTTP/1.1" status: 200 len: 277 time: 0.0923221
2026-04-27 13:14:52.426 9 INFO neutron.wsgi [req-12dbaf24-1acb-4b92-8115-fd4c74b8b75c req-65aa964d-de76-48a2-9298-cf7d5a258200 7f398acef5df4c33bca6183ae41ad068 387d00d45f3249d68f8ac214b63f1413 - - 57bd1b6a1e4c4b43a0b4474c3721d38b 57bd1b6a1e4c4b43a0b4474c3721d38b] 199.19.213.145 "GET /v2.0/ports?tenant_id=5f0cad3e4b874a51b6baea6ffefbceb0&device_id=48db4e51-194b-4c96-8a3b-bf5848963c77 HTTP/1.1" status: 200 len: 1407 time: 0.0569696
2026-04-27 13:14:52.438 9 WARNING neutron.scheduler.dhcp_agent_scheduler [req-7b40a31b-85fb-42f6-a1cc-b83ebe8d1f18 req-50cee8a8-0dcc-4b6a-b289-cfd08b6fe6e1 6b6ec5925eda4b73be0d48d6351c2c87 f3b6937b9b6b4bbdba503a2d85ac80cd - - default default] No more DHCP agents /var/lib/openstack/lib/python3.10/site-packages/pycadf/identifier.py:71: UserWarning: Invalid uuid: neutron. To ensure interoperability, identifiers should be a valid uuid. warnings.warn(('Invalid uuid: %s. To ensure interoperability, '
2026-04-27 13:14:52.450 9 WARNING neutron.api.rpc.agentnotifiers.dhcp_rpc_agent_api [req-7b40a31b-85fb-42f6-a1cc-b83ebe8d1f18 req-50cee8a8-0dcc-4b6a-b289-cfd08b6fe6e1 6b6ec5925eda4b73be0d48d6351c2c87 f3b6937b9b6b4bbdba503a2d85ac80cd - - default default] Unable to schedule network 0eab2561-e5f3-47f7-845f-5269ecb19f74: no agents available; will retry on subsequent port and subnet creation events.
2026-04-27 13:14:52.526 10 INFO neutron.plugins.ml2.drivers.ovn.mech_driver.mech_driver [None req-e359b775-eaeb-466c-949d-6af974516fab - - - - - -] OVN reports status up for port: c026eb60-4de6-4de9-b333-3011a7ec17eb
2026-04-27 13:14:52.548 10 INFO neutron.plugins.ml2.plugin [None req-e359b775-eaeb-466c-949d-6af974516fab - - - - - -] Attempt 1 to provision port c026eb60-4de6-4de9-b333-3011a7ec17eb
2026-04-27 13:14:52.551 9 INFO neutron.wsgi [req-12dbaf24-1acb-4b92-8115-fd4c74b8b75c req-5a8f0c7f-92f7-4d2a-b0cf-306682c52e02 7f398acef5df4c33bca6183ae41ad068 387d00d45f3249d68f8ac214b63f1413 - - 57bd1b6a1e4c4b43a0b4474c3721d38b 57bd1b6a1e4c4b43a0b4474c3721d38b] 199.19.213.145 "GET /v2.0/networks?id=25ef7348-494f-4d2f-aa67-414529c14492 HTTP/1.1" status: 200 len: 959 time: 0.1116967
2026-04-27 13:14:52.587 9 INFO neutron.wsgi [req-12dbaf24-1acb-4b92-8115-fd4c74b8b75c req-7ae68210-6463-431e-b565-e996c55c8744 7f398acef5df4c33bca6183ae41ad068 387d00d45f3249d68f8ac214b63f1413 - - 57bd1b6a1e4c4b43a0b4474c3721d38b 57bd1b6a1e4c4b43a0b4474c3721d38b] 199.19.213.145 "GET /v2.0/floatingips?fixed_ip_address=10.100.0.5&port_id=c026eb60-4de6-4de9-b333-3011a7ec17eb HTTP/1.1" status: 200 len: 217 time: 0.0269601
2026-04-27 13:14:52.687 10 INFO neutron.notifiers.nova [-] Nova event matching ['req-d7528db7-821f-4f0c-a85d-d2eb2cc61097'] response: {'server_uuid': '48db4e51-194b-4c96-8a3b-bf5848963c77', 'name': 'network-vif-plugged', 'status': 'completed', 'tag': 'c026eb60-4de6-4de9-b333-3011a7ec17eb', 'code': 200}
2026-04-27 13:14:52.887 10 INFO neutron.db.ovn_revision_numbers_db [None req-e359b775-eaeb-466c-949d-6af974516fab - - - - - -] Successfully bumped revision number for resource c026eb60-4de6-4de9-b333-3011a7ec17eb (type: ports) to 4
2026-04-27 13:14:52.887 9 INFO neutron.wsgi [req-12dbaf24-1acb-4b92-8115-fd4c74b8b75c req-750f2ae6-3a36-4c73-a7d1-2d14afc7fee8 7f398acef5df4c33bca6183ae41ad068 387d00d45f3249d68f8ac214b63f1413 - - 57bd1b6a1e4c4b43a0b4474c3721d38b 57bd1b6a1e4c4b43a0b4474c3721d38b] 199.19.213.145 "GET /v2.0/subnets?id=d3c876df-4898-4ccc-ab5a-9d199cca8e98 HTTP/1.1" status: 200 len: 853 time: 0.2893956
2026-04-27 13:14:52.920 9 INFO neutron.wsgi [req-12dbaf24-1acb-4b92-8115-fd4c74b8b75c req-2b21a55f-57b3-42c8-a0b4-ea877526d06d 7f398acef5df4c33bca6183ae41ad068 387d00d45f3249d68f8ac214b63f1413 - - 57bd1b6a1e4c4b43a0b4474c3721d38b 57bd1b6a1e4c4b43a0b4474c3721d38b] 199.19.213.145 "GET /v2.0/ports?network_id=25ef7348-494f-4d2f-aa67-414529c14492&device_owner=network%3Adhcp HTTP/1.1" status: 200 len: 210 time: 0.0265384
2026-04-27 13:14:52.999 9 INFO neutron.db.ovn_revision_numbers_db [req-7b40a31b-85fb-42f6-a1cc-b83ebe8d1f18 req-50cee8a8-0dcc-4b6a-b289-cfd08b6fe6e1 6b6ec5925eda4b73be0d48d6351c2c87 f3b6937b9b6b4bbdba503a2d85ac80cd - - default default] Successfully bumped revision number for resource 32a8f04c-8fc9-42ec-8ec6-d28e4afb1da8 (type: ports) to 1
2026-04-27 13:14:53.029 9 INFO neutron.wsgi [req-7b40a31b-85fb-42f6-a1cc-b83ebe8d1f18 req-50cee8a8-0dcc-4b6a-b289-cfd08b6fe6e1 6b6ec5925eda4b73be0d48d6351c2c87 f3b6937b9b6b4bbdba503a2d85ac80cd - - default default] 199.19.213.145 "POST /v2.0/ports HTTP/1.1" status: 201 len: 1201 time: 1.1461735
2026-04-27 13:14:53.037 9 INFO neutron.wsgi [req-12dbaf24-1acb-4b92-8115-fd4c74b8b75c req-c2472124-1f9b-454b-ae0e-15f7c7f03521 7f398acef5df4c33bca6183ae41ad068 387d00d45f3249d68f8ac214b63f1413 - - 57bd1b6a1e4c4b43a0b4474c3721d38b 57bd1b6a1e4c4b43a0b4474c3721d38b] 199.19.213.145 "GET /v2.0/networks/25ef7348-494f-4d2f-aa67-414529c14492?fields=segments HTTP/1.1" status: 200 len: 212 time: 0.1042857 /var/lib/openstack/lib/python3.10/site-packages/pycadf/identifier.py:71: UserWarning: Invalid uuid: neutron. To ensure interoperability, identifiers should be a valid uuid. warnings.warn(('Invalid uuid: %s. To ensure interoperability, '
2026-04-27 13:14:53.181 9 INFO neutron.wsgi [req-12dbaf24-1acb-4b92-8115-fd4c74b8b75c req-42770f98-3e07-4daf-a1b1-6002b99e02b8 7f398acef5df4c33bca6183ae41ad068 387d00d45f3249d68f8ac214b63f1413 - - 57bd1b6a1e4c4b43a0b4474c3721d38b 57bd1b6a1e4c4b43a0b4474c3721d38b] 199.19.213.145 "GET /v2.0/networks/25ef7348-494f-4d2f-aa67-414529c14492?fields=provider%3Aphysical_network&fields=provider%3Anetwork_type HTTP/1.1" status: 200 len: 277 time: 0.1336286
2026-04-27 13:14:53.196 10 INFO neutron.wsgi [req-127e9565-9f1d-4dd7-9011-926346327e85 req-a3a991bb-3e57-4825-9575-3e89c44abe16 6b6ec5925eda4b73be0d48d6351c2c87 f3b6937b9b6b4bbdba503a2d85ac80cd - - default default] 10.0.0.49 "GET /v2.0/ports?device_id=9a1a883f-3bd3-465e-ba63-b60003a3e723 HTTP/1.1" status: 200 len: 1200 time: 0.0409429
2026-04-27 13:14:53.229 9 INFO neutron.wsgi [req-52c557d6-6760-4f2f-93c4-4ba9807f39fd req-a77ae788-5d55-4091-aa61-261f8488ead4 daff809c20c0471ebdc5015d3d02a8ae 5f0cad3e4b874a51b6baea6ffefbceb0 - - default default] 10.0.0.49 "GET /v2.0/ports?device_id=48db4e51-194b-4c96-8a3b-bf5848963c77 HTTP/1.1" status: 200 len: 1170 time: 0.1455617
2026-04-27 13:14:53.289 10 INFO neutron.wsgi [req-127e9565-9f1d-4dd7-9011-926346327e85 req-f9646700-a042-49ed-a326-32fd921aa4cf 6b6ec5925eda4b73be0d48d6351c2c87 f3b6937b9b6b4bbdba503a2d85ac80cd - - default default] 10.0.0.49 "GET /v2.0/security-groups?id=0246f1cc-7345-469b-b09f-a62a8c38d80c&id=8a76297b-c7fa-4825-bf3d-b0e5126fd42a&fields=id&fields=name HTTP/1.1" status: 200 len: 406 time: 0.0818646
2026-04-27 13:14:53.304 9 INFO neutron.wsgi [req-52c557d6-6760-4f2f-93c4-4ba9807f39fd req-1b8b9db7-32fa-4069-bb18-84babf7e2459 daff809c20c0471ebdc5015d3d02a8ae 5f0cad3e4b874a51b6baea6ffefbceb0 - - default default] 10.0.0.49 "GET /v2.0/security-groups?id=84bc6666-b97d-4476-a0b5-b39058b97f23&fields=id&fields=name HTTP/1.1" status: 200 len: 313 time: 0.0681114
2026-04-27 13:14:53.607 9 INFO neutron.db.ovn_revision_numbers_db [req-7b40a31b-85fb-42f6-a1cc-b83ebe8d1f18 req-d8e808e4-33ca-4d90-8c1c-454ad3b5d4e6 7f398acef5df4c33bca6183ae41ad068 387d00d45f3249d68f8ac214b63f1413 - - 57bd1b6a1e4c4b43a0b4474c3721d38b 57bd1b6a1e4c4b43a0b4474c3721d38b] Successfully bumped revision number for resource 32a8f04c-8fc9-42ec-8ec6-d28e4afb1da8 (type: ports) to 2
2026-04-27 13:14:53.806 10 INFO neutron.wsgi [None req-0fcd2e86-e972-4d9e-9d6f-f72aa6940b16 df6f9a27aef3427f96117b4c9b332216 a2dbc18e226e4f5182361d41e85fbd6c - - default default] 10.0.0.162 "POST /v2.0/subnetpools HTTP/1.1" status: 201 len: 715 time: 0.1899610
2026-04-27 13:14:53.846 10 INFO neutron.wsgi [None req-5fcc5d4e-838a-4445-b0bf-08c31f818db5 df6f9a27aef3427f96117b4c9b332216 a2dbc18e226e4f5182361d41e85fbd6c - - default default] 10.0.0.162 "PUT /v2.0/subnetpools/9189dd1b-b03c-41c4-969e-c48f0e06d926/tags HTTP/1.1" status: 200 len: 218 time: 0.0343947
2026-04-27 13:14:53.856 9 INFO neutron.db.ovn_revision_numbers_db [req-7b40a31b-85fb-42f6-a1cc-b83ebe8d1f18 req-d8e808e4-33ca-4d90-8c1c-454ad3b5d4e6 7f398acef5df4c33bca6183ae41ad068 387d00d45f3249d68f8ac214b63f1413 - - 57bd1b6a1e4c4b43a0b4474c3721d38b 57bd1b6a1e4c4b43a0b4474c3721d38b] Successfully bumped revision number for resource 32a8f04c-8fc9-42ec-8ec6-d28e4afb1da8 (type: ports) to 2
2026-04-27 13:14:53.874 9 INFO neutron.wsgi [req-7b40a31b-85fb-42f6-a1cc-b83ebe8d1f18 req-d8e808e4-33ca-4d90-8c1c-454ad3b5d4e6 7f398acef5df4c33bca6183ae41ad068 387d00d45f3249d68f8ac214b63f1413 - - 57bd1b6a1e4c4b43a0b4474c3721d38b 57bd1b6a1e4c4b43a0b4474c3721d38b] 199.19.213.145 "PUT /v2.0/ports/32a8f04c-8fc9-42ec-8ec6-d28e4afb1da8 HTTP/1.1" status: 200 len: 1419 time: 0.8359125
2026-04-27 13:14:53.875 10 INFO neutron.wsgi [None req-bd9b2693-a683-42e9-b2a5-c9e000a8cd1d df6f9a27aef3427f96117b4c9b332216 a2dbc18e226e4f5182361d41e85fbd6c - - default default] 10.0.0.162 "GET /v2.0/subnetpools/9189dd1b-b03c-41c4-969e-c48f0e06d926/tags HTTP/1.1" status: 200 len: 218 time: 0.0217779 /var/lib/openstack/lib/python3.10/site-packages/pycadf/identifier.py:71: UserWarning: Invalid uuid: neutron. To ensure interoperability, identifiers should be a valid uuid. warnings.warn(('Invalid uuid: %s. To ensure interoperability, '
2026-04-27 13:14:53.916 9 INFO neutron.wsgi [None req-2d12e727-6b54-4e39-b00d-739938cdea8a df6f9a27aef3427f96117b4c9b332216 a2dbc18e226e4f5182361d41e85fbd6c - - default default] 10.0.0.162 "PUT /v2.0/subnetpools/9189dd1b-b03c-41c4-969e-c48f0e06d926/tags/green HTTP/1.1" status: 201 len: 201 time: 0.0357327
2026-04-27 13:14:53.942 10 INFO neutron.wsgi [None req-642d2239-8203-4f1d-8bed-acf9a531770f df6f9a27aef3427f96117b4c9b332216 a2dbc18e226e4f5182361d41e85fbd6c - - default default] 10.0.0.162 "GET /v2.0/subnetpools/9189dd1b-b03c-41c4-969e-c48f0e06d926/tags HTTP/1.1" status: 200 len: 227 time: 0.0213470
2026-04-27 13:14:53.961 9 INFO neutron.wsgi [req-7b40a31b-85fb-42f6-a1cc-b83ebe8d1f18 req-7c9f669f-4712-438c-951f-486c10401486 7f398acef5df4c33bca6183ae41ad068 387d00d45f3249d68f8ac214b63f1413 - - 57bd1b6a1e4c4b43a0b4474c3721d38b 57bd1b6a1e4c4b43a0b4474c3721d38b] 199.19.213.145 "GET /v2.0/ports?tenant_id=f3b6937b9b6b4bbdba503a2d85ac80cd&device_id=9a1a883f-3bd3-465e-ba63-b60003a3e723 HTTP/1.1" status: 200 len: 1450 time: 0.0446489
2026-04-27 13:14:53.969 10 INFO neutron.wsgi [None req-a3f0cb8e-c6a2-4993-8e1b-ad25f6946b8d df6f9a27aef3427f96117b4c9b332216 a2dbc18e226e4f5182361d41e85fbd6c - - default default] 10.0.0.162 "PUT /v2.0/subnetpools/9189dd1b-b03c-41c4-969e-c48f0e06d926/tags/red HTTP/1.1" status: 201 len: 201 time: 0.0215528
2026-04-27 13:14:53.983 9 INFO neutron.notifiers.nova [-] Nova event matching ['req-06835e91-fe2d-4499-be58-8424dbd52493'] response: {'name': 'network-changed', 'server_uuid': '9a1a883f-3bd3-465e-ba63-b60003a3e723', 'tag': '32a8f04c-8fc9-42ec-8ec6-d28e4afb1da8', 'status': 'completed', 'code': 200}
2026-04-27 13:14:53.999 10 INFO neutron.wsgi [None req-32476f39-3938-4754-bd52-c585c7719f7f df6f9a27aef3427f96117b4c9b332216 a2dbc18e226e4f5182361d41e85fbd6c - - default default] 10.0.0.162 "GET /v2.0/subnetpools/9189dd1b-b03c-41c4-969e-c48f0e06d926/tags HTTP/1.1" status: 200 len: 227 time: 0.0243874
2026-04-27 13:14:54.001 9 INFO neutron.wsgi [req-7b40a31b-85fb-42f6-a1cc-b83ebe8d1f18 req-8e02972b-c34f-475f-aaa1-cc4a5aecfe9b 7f398acef5df4c33bca6183ae41ad068 387d00d45f3249d68f8ac214b63f1413 - - 57bd1b6a1e4c4b43a0b4474c3721d38b 57bd1b6a1e4c4b43a0b4474c3721d38b] 199.19.213.145 "GET /v2.0/floatingips?fixed_ip_address=10.100.0.13&port_id=32a8f04c-8fc9-42ec-8ec6-d28e4afb1da8 HTTP/1.1" status: 200 len: 217 time: 0.0287497
2026-04-27 13:14:54.068 9 INFO neutron.wsgi [req-7b40a31b-85fb-42f6-a1cc-b83ebe8d1f18 req-4c0ab1c3-1b2b-40d5-9902-26aa2732fa00 7f398acef5df4c33bca6183ae41ad068 387d00d45f3249d68f8ac214b63f1413 - - 57bd1b6a1e4c4b43a0b4474c3721d38b 57bd1b6a1e4c4b43a0b4474c3721d38b] 199.19.213.145 "GET /v2.0/subnets?id=e38122c7-d9e8-4703-a92d-381041be818b HTTP/1.1" status: 200 len: 865 time: 0.0588248
2026-04-27 13:14:54.087 9 INFO neutron.wsgi [None req-ea1a87ef-5c65-4e2f-a438-78a9836889d7 df6f9a27aef3427f96117b4c9b332216 a2dbc18e226e4f5182361d41e85fbd6c - - default default] 10.0.0.162 "PUT /v2.0/subnetpools/9189dd1b-b03c-41c4-969e-c48f0e06d926/tags/black.or.white HTTP/1.1" status: 201 len: 201 time: 0.0825942
2026-04-27 13:14:54.102 9 INFO neutron.wsgi [req-7b40a31b-85fb-42f6-a1cc-b83ebe8d1f18 req-ee1f4c90-f50e-4686-a987-5525c6cb1234 7f398acef5df4c33bca6183ae41ad068 387d00d45f3249d68f8ac214b63f1413 - - 57bd1b6a1e4c4b43a0b4474c3721d38b 57bd1b6a1e4c4b43a0b4474c3721d38b] 199.19.213.145 "GET /v2.0/ports?network_id=0eab2561-e5f3-47f7-845f-5269ecb19f74&device_owner=network%3Adhcp HTTP/1.1" status: 200 len: 210 time: 0.0275037
2026-04-27 13:14:54.106 9 INFO neutron.wsgi [None req-591f7ea1-a68d-44f2-ba4c-1d90a9242621 c517ae173a534c19b2056e9792252a97 3f39e3c30eba471790275b3bdd63032c - - default default] 10.0.0.230 "GET /v2.0/subnets HTTP/1.1" status: 200 len: 3385 time: 0.1224115
2026-04-27 13:14:54.124 10 INFO neutron.wsgi [None req-ef6ee635-b5fe-4a43-8935-28a291756112 df6f9a27aef3427f96117b4c9b332216 a2dbc18e226e4f5182361d41e85fbd6c - - default default] 10.0.0.162 "GET /v2.0/subnetpools/9189dd1b-b03c-41c4-969e-c48f0e06d926/tags HTTP/1.1" status: 200 len: 245 time: 0.0309443
2026-04-27 13:14:54.185 9 INFO neutron.wsgi [None req-85158802-eab9-4af2-b3a9-23d6f3129567 c517ae173a534c19b2056e9792252a97 3f39e3c30eba471790275b3bdd63032c - - default default] 10.0.0.230 "GET /v2.0/ports HTTP/1.1" status: 200 len: 20650 time: 0.0767770
2026-04-27 13:14:54.190 10 INFO neutron.wsgi [None req-fc3e3b0d-f8bc-47a4-a38c-74f2f5ca4407 df6f9a27aef3427f96117b4c9b332216 a2dbc18e226e4f5182361d41e85fbd6c - - default default] 10.0.0.162 "PUT /v2.0/subnetpools/9189dd1b-b03c-41c4-969e-c48f0e06d926/tags HTTP/1.1" status: 200 len: 230 time: 0.0612285
2026-04-27 13:14:54.249 9 INFO neutron.wsgi [req-7b40a31b-85fb-42f6-a1cc-b83ebe8d1f18 req-dc715cdd-5b52-4e7f-83ce-da0e008ddc63 7f398acef5df4c33bca6183ae41ad068 387d00d45f3249d68f8ac214b63f1413 - - 57bd1b6a1e4c4b43a0b4474c3721d38b 57bd1b6a1e4c4b43a0b4474c3721d38b] 199.19.213.145 "GET /v2.0/networks/0eab2561-e5f3-47f7-845f-5269ecb19f74?fields=segments HTTP/1.1" status: 200 len: 212 time: 0.1342540
2026-04-27 13:14:54.252 9 INFO neutron.wsgi [None req-9c1b15b7-e535-4b71-abb3-0873333365ee df6f9a27aef3427f96117b4c9b332216 a2dbc18e226e4f5182361d41e85fbd6c - - default default] 10.0.0.162 "GET /v2.0/subnetpools/9189dd1b-b03c-41c4-969e-c48f0e06d926/tags HTTP/1.1" status: 200 len: 230 time: 0.0456958
2026-04-27 13:14:54.258 9 INFO neutron.wsgi [None req-fbf3ecfd-f2eb-48e6-8101-4bb6d81208d6 c517ae173a534c19b2056e9792252a97 3f39e3c30eba471790275b3bdd63032c - - default default] 10.0.0.230 "GET /v2.0/subnets HTTP/1.1" status: 200 len: 3385 time: 0.0529201
2026-04-27 13:14:54.289 9 INFO neutron.wsgi [None req-1e45d422-b548-4a1a-92f4-4e94dda850fb df6f9a27aef3427f96117b4c9b332216 a2dbc18e226e4f5182361d41e85fbd6c - - default default] 10.0.0.162 "GET /v2.0/subnetpools/9189dd1b-b03c-41c4-969e-c48f0e06d926/tags/red HTTP/1.1" status: 204 len: 168 time: 0.0303936
2026-04-27 13:14:54.294 9 INFO neutron.wsgi [None req-658c8c19-7e99-4fff-ada9-c115f692e7bf c517ae173a534c19b2056e9792252a97 3f39e3c30eba471790275b3bdd63032c - - default default] 10.0.0.230 "GET /v2.0/subnetpools HTTP/1.1" status: 200 len: 719 time: 0.0305648
2026-04-27 13:14:54.325 9 INFO neutron.wsgi [None req-798829cf-24f3-41eb-8879-947e1cafe303 c517ae173a534c19b2056e9792252a97 3f39e3c30eba471790275b3bdd63032c - - default default] 10.0.0.230 "GET /v2.0/agents HTTP/1.1" status: 200 len: 997 time: 0.0212533
2026-04-27 13:14:54.337 9 INFO neutron.api.v2.resource [None req-e6e33a23-96a9-41ee-9661-c3ab1206f3bc df6f9a27aef3427f96117b4c9b332216 a2dbc18e226e4f5182361d41e85fbd6c - - default default] show failed (client error): The resource could not be found.
2026-04-27 13:14:54.338 9 INFO neutron.wsgi [None req-e6e33a23-96a9-41ee-9661-c3ab1206f3bc df6f9a27aef3427f96117b4c9b332216 a2dbc18e226e4f5182361d41e85fbd6c - - default default] 10.0.0.162 "GET /v2.0/subnetpools/9189dd1b-b03c-41c4-969e-c48f0e06d926/tags/green HTTP/1.1" status: 404 len: 299 time: 0.0370972
2026-04-27 13:14:54.372 9 INFO neutron.wsgi [req-7b40a31b-85fb-42f6-a1cc-b83ebe8d1f18 req-6c17dbaa-22eb-4f03-b5c2-a3d5ade805e2 7f398acef5df4c33bca6183ae41ad068 387d00d45f3249d68f8ac214b63f1413 - - 57bd1b6a1e4c4b43a0b4474c3721d38b 57bd1b6a1e4c4b43a0b4474c3721d38b] 199.19.213.145 "GET /v2.0/networks/0eab2561-e5f3-47f7-845f-5269ecb19f74?fields=provider%3Aphysical_network&fields=provider%3Anetwork_type HTTP/1.1" status: 200 len: 277 time: 0.1133914
2026-04-27 13:14:54.426 10 INFO neutron.wsgi [None req-c5b7b6f5-701c-4c96-9dcf-bc0242a67bb4 df6f9a27aef3427f96117b4c9b332216 a2dbc18e226e4f5182361d41e85fbd6c - - default default] 10.0.0.162 "DELETE /v2.0/subnetpools/9189dd1b-b03c-41c4-969e-c48f0e06d926/tags/red HTTP/1.1" status: 204 len: 168 time: 0.0737870
2026-04-27 13:14:54.427 9 INFO neutron.wsgi [None req-52e4fdff-9c6c-4cde-9294-1b1f2e12ef65 c517ae173a534c19b2056e9792252a97 3f39e3c30eba471790275b3bdd63032c - - default default] 10.0.0.230 "GET /v2.0/networks HTTP/1.1" status: 200 len: 4611 time: 0.0998981
2026-04-27 13:14:54.472 9 INFO neutron.wsgi [None req-5208bee9-65ce-486c-8e15-f4e6606eaf37 c517ae173a534c19b2056e9792252a97 3f39e3c30eba471790275b3bdd63032c - - default default] 10.0.0.230 "GET /v2.0/network-ip-availabilities HTTP/1.1" status: 200 len: 2669 time: 0.0408022
2026-04-27 13:14:54.477 10 INFO neutron.wsgi [None req-29ddff5b-6d0e-4c58-be07-26eae76281e7 df6f9a27aef3427f96117b4c9b332216 a2dbc18e226e4f5182361d41e85fbd6c - - default default] 10.0.0.162 "GET /v2.0/subnetpools/9189dd1b-b03c-41c4-969e-c48f0e06d926/tags HTTP/1.1" status: 200 len: 223 time: 0.0434387
2026-04-27 13:14:54.493 10 WARNING neutron.scheduler.dhcp_agent_scheduler [None req-6b919ce0-21d8-420e-950b-f67ad5cd6f31 5a399c6fa89444c583197d715e747b3d 69552fff256f4ec6a94b48ef0ca4ebe0 - - default default] No more DHCP agents
2026-04-27 13:14:54.499 10 WARNING neutron.api.rpc.agentnotifiers.dhcp_rpc_agent_api [None req-6b919ce0-21d8-420e-950b-f67ad5cd6f31 5a399c6fa89444c583197d715e747b3d 69552fff256f4ec6a94b48ef0ca4ebe0 - - default default] Unable to schedule network e8a3ca21-c90f-443c-b1f2-b44bf66ec036: no agents available; will retry on subsequent port and subnet creation events.
2026-04-27 13:14:54.506 9 INFO neutron.wsgi [req-641dcbd9-c232-4814-a4a0-61b34d6241fe req-44ccab45-deb9-42be-8621-270fec1f562c 7f398acef5df4c33bca6183ae41ad068 387d00d45f3249d68f8ac214b63f1413 - - 57bd1b6a1e4c4b43a0b4474c3721d38b 57bd1b6a1e4c4b43a0b4474c3721d38b] 199.19.213.145 "GET /v2.0/ports?tenant_id=f3b6937b9b6b4bbdba503a2d85ac80cd&device_id=9a1a883f-3bd3-465e-ba63-b60003a3e723 HTTP/1.1" status: 200 len: 1450 time: 0.0844259
2026-04-27 13:14:54.526 10 INFO neutron.api.v2.resource [None req-0c174d96-45c9-4613-97f7-5d79a46addec df6f9a27aef3427f96117b4c9b332216 a2dbc18e226e4f5182361d41e85fbd6c - - default default] delete failed (client error): The resource could not be found.
2026-04-27 13:14:54.528 10 INFO neutron.wsgi [None req-0c174d96-45c9-4613-97f7-5d79a46addec df6f9a27aef3427f96117b4c9b332216 a2dbc18e226e4f5182361d41e85fbd6c - - default default] 10.0.0.162 "DELETE /v2.0/subnetpools/9189dd1b-b03c-41c4-969e-c48f0e06d926/tags/green HTTP/1.1" status: 404 len: 299 time: 0.0440774
2026-04-27 13:14:54.533 10 INFO neutron.wsgi [req-837a7e76-0b0c-4f74-9ed3-0ffbe6ac0dad req-8e8bbac4-1be3-4da9-b1fb-5e5e3d912525 daff809c20c0471ebdc5015d3d02a8ae 5f0cad3e4b874a51b6baea6ffefbceb0 - - default default] 10.0.0.49 "GET /v2.0/ports?device_id=48db4e51-194b-4c96-8a3b-bf5848963c77 HTTP/1.1" status: 200 len: 1170 time: 0.1505125
2026-04-27 13:14:54.534 9 INFO neutron.wsgi [None req-2ead94a3-9e8d-4986-b003-bc836fa4d41c c517ae173a534c19b2056e9792252a97 3f39e3c30eba471790275b3bdd63032c - - default default] 10.0.0.230 "GET /v2.0/floatingips HTTP/1.1" status: 200 len: 1269 time: 0.0592623
2026-04-27 13:14:54.547 9 INFO neutron.wsgi [req-89a02faa-e7d3-4eb3-a1bd-e6b951ee80b7 req-a4c1dc1b-ed1f-4e65-b3e9-fcd4f326ef21 6b6ec5925eda4b73be0d48d6351c2c87 f3b6937b9b6b4bbdba503a2d85ac80cd - - default default] 10.0.0.49 "GET /v2.0/ports?device_id=9a1a883f-3bd3-465e-ba63-b60003a3e723 HTTP/1.1" status: 200 len: 1212 time: 0.1815066
2026-04-27 13:14:54.591 10 INFO neutron.wsgi [None req-19bdf4df-26df-496d-af27-97e506b9f950 df6f9a27aef3427f96117b4c9b332216 a2dbc18e226e4f5182361d41e85fbd6c - - default default] 10.0.0.162 "DELETE /v2.0/subnetpools/9189dd1b-b03c-41c4-969e-c48f0e06d926/tags HTTP/1.1" status: 204 len: 168 time: 0.0574808
2026-04-27 13:14:54.620 10 INFO neutron.wsgi [req-837a7e76-0b0c-4f74-9ed3-0ffbe6ac0dad req-394fbe48-f5e7-48f8-a681-b60607cb92fa daff809c20c0471ebdc5015d3d02a8ae 5f0cad3e4b874a51b6baea6ffefbceb0 - - default default] 10.0.0.49 "GET /v2.0/security-groups?id=84bc6666-b97d-4476-a0b5-b39058b97f23&fields=id&fields=name HTTP/1.1" status: 200 len: 313 time: 0.0782039
2026-04-27 13:14:54.654 9 INFO neutron.wsgi [req-e3ebfd00-6bc1-434c-920f-52394ac6eae7 req-9a3e38f0-d853-4935-89d1-af34d6695765 7f398acef5df4c33bca6183ae41ad068 387d00d45f3249d68f8ac214b63f1413 - - 57bd1b6a1e4c4b43a0b4474c3721d38b 57bd1b6a1e4c4b43a0b4474c3721d38b] 199.19.213.145 "GET /v2.0/ports?device_id=9a1a883f-3bd3-465e-ba63-b60003a3e723 HTTP/1.1" status: 200 len: 1450 time: 0.0934861
2026-04-27 13:14:54.661 9 INFO neutron.wsgi [None req-38b41ecd-edf5-4560-af76-c1e31cec0c6b df6f9a27aef3427f96117b4c9b332216 a2dbc18e226e4f5182361d41e85fbd6c - - default default] 10.0.0.162 "GET /v2.0/subnetpools/9189dd1b-b03c-41c4-969e-c48f0e06d926/tags HTTP/1.1" status: 200 len: 205 time: 0.0606935
2026-04-27 13:14:54.695 9 INFO neutron.wsgi [req-641dcbd9-c232-4814-a4a0-61b34d6241fe req-d7ec6519-7566-445c-a971-10b0ee183fbe 7f398acef5df4c33bca6183ae41ad068 387d00d45f3249d68f8ac214b63f1413 - - 57bd1b6a1e4c4b43a0b4474c3721d38b 57bd1b6a1e4c4b43a0b4474c3721d38b] 199.19.213.145 "GET /v2.0/networks?id=0eab2561-e5f3-47f7-845f-5269ecb19f74 HTTP/1.1" status: 200 len: 970 time: 0.1760223
2026-04-27 13:14:54.702 9 INFO neutron.wsgi [req-89a02faa-e7d3-4eb3-a1bd-e6b951ee80b7 req-a81a6be7-1e86-4cf2-b66f-f970487afe62 6b6ec5925eda4b73be0d48d6351c2c87 f3b6937b9b6b4bbdba503a2d85ac80cd - - default default] 10.0.0.49 "GET /v2.0/security-groups?id=0246f1cc-7345-469b-b09f-a62a8c38d80c&id=8a76297b-c7fa-4825-bf3d-b0e5126fd42a&fields=id&fields=name HTTP/1.1" status: 200 len: 406 time: 0.1458704
2026-04-27 13:14:54.735 9 INFO neutron.wsgi [None req-b232330f-e126-4bfa-87c8-d296c7754db8 c517ae173a534c19b2056e9792252a97 3f39e3c30eba471790275b3bdd63032c - - default default] 10.0.0.230 "GET /v2.0/security-groups HTTP/1.1" status: 200 len: 43165 time: 0.2004755
2026-04-27 13:14:54.739 9 INFO neutron.wsgi [req-641dcbd9-c232-4814-a4a0-61b34d6241fe req-cbce4489-8301-4782-95ff-378aa52c95f9 7f398acef5df4c33bca6183ae41ad068 387d00d45f3249d68f8ac214b63f1413 - - 57bd1b6a1e4c4b43a0b4474c3721d38b 57bd1b6a1e4c4b43a0b4474c3721d38b] 199.19.213.145 "GET /v2.0/floatingips?fixed_ip_address=10.100.0.13&port_id=32a8f04c-8fc9-42ec-8ec6-d28e4afb1da8 HTTP/1.1" status: 200 len: 217 time: 0.0327580
2026-04-27 13:14:54.749 10 INFO neutron.notifiers.nova [-] Nova event matching ['req-b3c78971-daea-40f6-8d49-b9443cb28a87'] response: {'server_uuid': '48db4e51-194b-4c96-8a3b-bf5848963c77', 'name': 'network-vif-plugged', 'status': 'completed', 'tag': 'c026eb60-4de6-4de9-b333-3011a7ec17eb', 'code': 200}
2026-04-27 13:14:54.750 9 INFO neutron.wsgi [req-e3ebfd00-6bc1-434c-920f-52394ac6eae7 req-87b801a1-737a-45e9-85b3-27a530753428 7f398acef5df4c33bca6183ae41ad068 387d00d45f3249d68f8ac214b63f1413 - - 57bd1b6a1e4c4b43a0b4474c3721d38b 57bd1b6a1e4c4b43a0b4474c3721d38b] 199.19.213.145 "GET /v2.0/security-groups?id=8a76297b-c7fa-4825-bf3d-b0e5126fd42a&id=0246f1cc-7345-469b-b09f-a62a8c38d80c&fields=id&fields=name HTTP/1.1" status: 200 len: 406 time: 0.0830581
2026-04-27 13:14:54.790 10 INFO neutron.wsgi [req-3e8744f3-d35a-4f29-8957-edc11adfb404 req-5751f802-0dbc-4fea-b4aa-bfe053dabaef daff809c20c0471ebdc5015d3d02a8ae 5f0cad3e4b874a51b6baea6ffefbceb0 - - default default] 10.0.0.49 "GET /v2.0/ports?device_id=48db4e51-194b-4c96-8a3b-bf5848963c77 HTTP/1.1" status: 200 len: 1170 time: 0.0871162
2026-04-27 13:14:54.794 10 INFO neutron.wsgi [None req-eaa48b78-a017-4fa7-9215-5e3b98e4c191 df6f9a27aef3427f96117b4c9b332216 a2dbc18e226e4f5182361d41e85fbd6c - - default default] 10.0.0.162 "DELETE /v2.0/subnetpools/9189dd1b-b03c-41c4-969e-c48f0e06d926 HTTP/1.1" status: 204 len: 168 time: 0.1234331
2026-04-27 13:14:54.865 10 INFO neutron.wsgi [req-3e8744f3-d35a-4f29-8957-edc11adfb404 req-365085cd-009b-4a6b-a055-a662a655f7d5 daff809c20c0471ebdc5015d3d02a8ae 5f0cad3e4b874a51b6baea6ffefbceb0 - - default default] 10.0.0.49 "GET /v2.0/security-groups?id=84bc6666-b97d-4476-a0b5-b39058b97f23&fields=id&fields=name HTTP/1.1" status: 200 len: 313 time: 0.0695391
2026-04-27 13:14:54.869 10 INFO neutron.plugins.ml2.drivers.ovn.mech_driver.mech_driver [None req-e359b775-eaeb-466c-949d-6af974516fab - - - - - -] OVN reports status up for port: 32a8f04c-8fc9-42ec-8ec6-d28e4afb1da8
2026-04-27 13:14:54.904 10 INFO neutron.plugins.ml2.plugin [None req-e359b775-eaeb-466c-949d-6af974516fab - - - - - -] Attempt 1 to provision port 32a8f04c-8fc9-42ec-8ec6-d28e4afb1da8
2026-04-27 13:14:54.948 10 INFO neutron.wsgi [None req-4808379b-5570-4dec-80b1-be05265cf8a9 277ef7e92caf4ede95c6743f7d7244bf 0f297445f39b4e479f5de50fdc098a87 - - default default] 10.0.0.162 "GET /v2.0/ports?device_id=48db4e51-194b-4c96-8a3b-bf5848963c77 HTTP/1.1" status: 200 len: 1404 time: 0.0533357
2026-04-27 13:14:55.066 10 INFO neutron.db.ovn_revision_numbers_db [None req-6b919ce0-21d8-420e-950b-f67ad5cd6f31 5a399c6fa89444c583197d715e747b3d 69552fff256f4ec6a94b48ef0ca4ebe0 - - default default] Successfully bumped revision number for resource 568326c7-1806-40d8-ad38-651ae74f47db (type: floatingips) to 0
2026-04-27 13:14:55.089 9 INFO neutron.wsgi [req-641dcbd9-c232-4814-a4a0-61b34d6241fe req-af9c3f69-0e3d-462e-bc4a-6b28b0c2fa06 7f398acef5df4c33bca6183ae41ad068 387d00d45f3249d68f8ac214b63f1413 - - 57bd1b6a1e4c4b43a0b4474c3721d38b 57bd1b6a1e4c4b43a0b4474c3721d38b] 199.19.213.145 "GET /v2.0/subnets?id=e38122c7-d9e8-4703-a92d-381041be818b HTTP/1.1" status: 200 len: 865 time: 0.3367453
2026-04-27 13:14:55.092 10 INFO neutron.wsgi [None req-6b919ce0-21d8-420e-950b-f67ad5cd6f31 5a399c6fa89444c583197d715e747b3d 69552fff256f4ec6a94b48ef0ca4ebe0 - - default default] 10.0.0.162 "POST /v2.0/floatingips HTTP/1.1" status: 201 len: 751 time: 1.0317855
2026-04-27 13:14:55.119 9 INFO neutron.wsgi [req-641dcbd9-c232-4814-a4a0-61b34d6241fe req-9d0e399e-bd54-49cb-a199-1224cd27e3b7 7f398acef5df4c33bca6183ae41ad068 387d00d45f3249d68f8ac214b63f1413 - - 57bd1b6a1e4c4b43a0b4474c3721d38b 57bd1b6a1e4c4b43a0b4474c3721d38b] 199.19.213.145 "GET /v2.0/ports?network_id=0eab2561-e5f3-47f7-845f-5269ecb19f74&device_owner=network%3Adhcp HTTP/1.1" status: 200 len: 210 time: 0.0225871
2026-04-27 13:14:55.167 9 INFO neutron.wsgi [None req-ce4ae22f-1d8e-43eb-aed0-1f6dbe3f1ddf c517ae173a534c19b2056e9792252a97 3f39e3c30eba471790275b3bdd63032c - - default default] 10.0.0.230 "GET /v2.0/routers HTTP/1.1" status: 200 len: 2202 time: 0.4144225
2026-04-27 13:14:55.190 9 INFO neutron.wsgi [None req-0c72d255-8651-4bbf-b407-18b1ac53f196 c517ae173a534c19b2056e9792252a97 3f39e3c30eba471790275b3bdd63032c - - default default] 10.0.0.230 "GET /v2.0/agents?binary=ovn-controller HTTP/1.1" status: 200 len: 591 time: 0.0137789
2026-04-27 13:14:55.221 9 INFO neutron.wsgi [req-641dcbd9-c232-4814-a4a0-61b34d6241fe req-e4b6e14b-7eff-4efa-8cbd-4b81b0b56097 7f398acef5df4c33bca6183ae41ad068 387d00d45f3249d68f8ac214b63f1413 - - 57bd1b6a1e4c4b43a0b4474c3721d38b 57bd1b6a1e4c4b43a0b4474c3721d38b] 199.19.213.145 "GET /v2.0/networks/0eab2561-e5f3-47f7-845f-5269ecb19f74?fields=segments HTTP/1.1" status: 200 len: 212 time: 0.0925822
2026-04-27 13:14:55.284 9 INFO neutron.wsgi [req-641dcbd9-c232-4814-a4a0-61b34d6241fe req-196fbf3d-e304-46ea-80b8-92998b5eac8b 7f398acef5df4c33bca6183ae41ad068 387d00d45f3249d68f8ac214b63f1413 - - 57bd1b6a1e4c4b43a0b4474c3721d38b 57bd1b6a1e4c4b43a0b4474c3721d38b] 199.19.213.145 "GET /v2.0/networks/0eab2561-e5f3-47f7-845f-5269ecb19f74?fields=provider%3Aphysical_network&fields=provider%3Anetwork_type HTTP/1.1" status: 200 len: 277 time: 0.0570843
2026-04-27 13:14:55.431 10 INFO neutron.wsgi [None req-23b5737e-3b3c-42c2-b645-38ffb09f23e3 5a399c6fa89444c583197d715e747b3d 69552fff256f4ec6a94b48ef0ca4ebe0 - - default default] 10.0.0.162 "PUT /v2.0/floatingips/568326c7-1806-40d8-ad38-651ae74f47db/tags HTTP/1.1" status: 200 len: 218 time: 0.3273671
2026-04-27 13:14:55.485 9 INFO neutron.wsgi [None req-247de8d9-1e0f-465d-8086-7e6edecb939a 5a399c6fa89444c583197d715e747b3d 69552fff256f4ec6a94b48ef0ca4ebe0 - - default default] 10.0.0.162 "GET /v2.0/floatingips/568326c7-1806-40d8-ad38-651ae74f47db/tags HTTP/1.1" status: 200 len: 218 time: 0.0456538
2026-04-27 13:14:55.542 9 INFO neutron.wsgi [None req-d1aa7dc0-e71f-4b38-9086-e83d4ed04745 5a399c6fa89444c583197d715e747b3d 69552fff256f4ec6a94b48ef0ca4ebe0 - - default default] 10.0.0.162 "PUT /v2.0/floatingips/568326c7-1806-40d8-ad38-651ae74f47db/tags/green HTTP/1.1" status: 201 len: 201 time: 0.0518699
2026-04-27 13:14:55.545 10 INFO neutron.db.l3_db [None req-2bef6fc1-6d91-4d1a-89f0-5a22b4471483 daff809c20c0471ebdc5015d3d02a8ae 5f0cad3e4b874a51b6baea6ffefbceb0 - - default default] Floating IP 73ce595f-c0a8-4ddd-a181-eed6265188e0 associated. External IP: 10.96.250.215, port: c026eb60-4de6-4de9-b333-3011a7ec17eb.
2026-04-27 13:14:55.579 9 INFO neutron.wsgi [None req-d93b53b1-1541-4cc1-b6ad-bda8ace651d5 5a399c6fa89444c583197d715e747b3d 69552fff256f4ec6a94b48ef0ca4ebe0 - - default default] 10.0.0.162 "GET /v2.0/floatingips/568326c7-1806-40d8-ad38-651ae74f47db/tags HTTP/1.1" status: 200 len: 227 time: 0.0292382
2026-04-27 13:14:55.626 9 INFO neutron.wsgi [None req-c0eeede6-d4a5-4aeb-876a-5888ef1e9ed6 5a399c6fa89444c583197d715e747b3d 69552fff256f4ec6a94b48ef0ca4ebe0 - - default default] 10.0.0.162 "PUT /v2.0/floatingips/568326c7-1806-40d8-ad38-651ae74f47db/tags/red HTTP/1.1" status: 201 len: 201 time: 0.0374010
