2026-04-27 13:11:50.605 10 INFO neutron.wsgi [None req-cab5c77a-7699-44dd-8771-3988eff93a0e c517ae173a534c19b2056e9792252a97 3f39e3c30eba471790275b3bdd63032c - - default default] 10.0.0.162 "DELETE /v2.0/security-groups/802f2d43-150b-4d5d-b05c-7fc6bd05af20 HTTP/1.1" status: 204 len: 168 time: 0.2448192
2026-04-27 13:11:50.749 10 INFO neutron.services.segments.plugin [-] Segment f9a7d415-bbbd-4442-97b4-a8c6d1ed58fa resource provider aggregate not found
2026-04-27 13:11:50.770 10 INFO neutron.services.segments.plugin [-] Segment f9a7d415-bbbd-4442-97b4-a8c6d1ed58fa resource provider not found; error: Placement Client Error (4xx): {"errors": [{"status": 404, "title": "Not Found", "detail": "The resource could not be found.\n\n No resource provider with uuid f9a7d415-bbbd-4442-97b4-a8c6d1ed58fa found for delete ", "request_id": "req-b21527ee-eebc-43b8-936b-29aa8847c2f2"}]}
2026-04-27 13:11:50.808 10 INFO neutron.services.segments.plugin [-] Segment f9a7d415-bbbd-4442-97b4-a8c6d1ed58fa resource provider aggregate not found
2026-04-27 13:11:50.822 10 INFO neutron.wsgi [None req-5805dd0e-fd3d-4f13-9441-80ed639c6608 c517ae173a534c19b2056e9792252a97 3f39e3c30eba471790275b3bdd63032c - - default default] 10.0.0.162 "DELETE /v2.0/subnets/9fa680fa-93ed-4a29-9c9b-35200e1a8096 HTTP/1.1" status: 204 len: 168 time: 0.2343144
2026-04-27 13:11:50.832 10 INFO neutron.services.segments.plugin [-] Segment f9a7d415-bbbd-4442-97b4-a8c6d1ed58fa resource provider not found; error: Placement Client Error (4xx): {"errors": [{"status": 404, "title": "Not Found", "detail": "The resource could not be found.\n\n No resource provider with uuid f9a7d415-bbbd-4442-97b4-a8c6d1ed58fa found for delete ", "request_id": "req-f4503c77-2398-4ec1-8dde-0f5428ba72e9"}]}
2026-04-27 13:11:50.883 9 INFO neutron.wsgi [req-9981ce32-feb5-4d25-bf96-3c123cdf0823 req-3b4010e4-813e-4f8d-ab08-0a31434120ca 7f398acef5df4c33bca6183ae41ad068 387d00d45f3249d68f8ac214b63f1413 - - 57bd1b6a1e4c4b43a0b4474c3721d38b 57bd1b6a1e4c4b43a0b4474c3721d38b] 10.0.0.49 "GET /v2.0/extensions HTTP/1.1" status: 200 len: 16525 time: 0.0448639
2026-04-27 13:11:50.965 9 INFO neutron.wsgi [req-9981ce32-feb5-4d25-bf96-3c123cdf0823 req-ec7c0cf7-5d3d-4cbc-9a30-c7ce4d79b3b3 7f398acef5df4c33bca6183ae41ad068 387d00d45f3249d68f8ac214b63f1413 - - 57bd1b6a1e4c4b43a0b4474c3721d38b 57bd1b6a1e4c4b43a0b4474c3721d38b] 10.0.0.49 "GET /v2.0/networks/925bab30-3179-49e4-b69b-f1c43efd8fe9?fields=segments HTTP/1.1" status: 200 len: 212 time: 0.0736487
2026-04-27 13:11:51.042 9 INFO neutron.wsgi [req-9981ce32-feb5-4d25-bf96-3c123cdf0823 req-798e4000-5391-481e-aef4-010de953c573 7f398acef5df4c33bca6183ae41ad068 387d00d45f3249d68f8ac214b63f1413 - - 57bd1b6a1e4c4b43a0b4474c3721d38b 57bd1b6a1e4c4b43a0b4474c3721d38b] 10.0.0.49 "GET /v2.0/networks/925bab30-3179-49e4-b69b-f1c43efd8fe9?fields=provider%3Aphysical_network&fields=provider%3Anetwork_type HTTP/1.1" status: 200 len: 277 time: 0.0705128
2026-04-27 13:11:51.229 10 INFO neutron.wsgi [req-90dad9e8-18e4-43ca-9500-2d32e93f304d req-b1f904b0-2312-4870-96d9-7f980f7fd7be 653ff48471fe4611b962b229742df82f 960ba896477246c0897b30fec3fdbaa1 - - default default] 10.0.0.49 "GET /v2.0/ports?device_id=1f6b5212-b662-4873-8230-edf4565078b6 HTTP/1.1" status: 200 len: 210 time: 0.0379763
2026-04-27 13:11:51.258 10 INFO neutron.wsgi [None req-e969e812-37aa-4201-a846-5d42e7caef97 c517ae173a534c19b2056e9792252a97 3f39e3c30eba471790275b3bdd63032c - - default default] 10.0.0.162 "DELETE /v2.0/networks/1376428b-fc2e-4f36-8d26-c90aec7dc4f3 HTTP/1.1" status: 204 len: 168 time: 0.4316509
2026-04-27 13:11:51.392 10 INFO neutron.wsgi [None req-9962b8a8-7144-4296-afbf-5d95dae16f18 c517ae173a534c19b2056e9792252a97 3f39e3c30eba471790275b3bdd63032c - - default default] 10.0.0.162 "GET /v2.0/security-groups?tenant_id=6cad80a3790b471189a3ce580318a46e&name=default HTTP/1.1" status: 200 len: 2992 time: 0.0343149
2026-04-27 13:11:51.600 10 INFO neutron.wsgi [None req-93ef1de1-599f-475d-a9c6-294a8b907a54 c517ae173a534c19b2056e9792252a97 3f39e3c30eba471790275b3bdd63032c - - default default] 10.0.0.162 "DELETE /v2.0/security-groups/131ad94f-3acd-4f9a-91b4-bbb0685273c4 HTTP/1.1" status: 204 len: 168 time: 0.2029984
2026-04-27 13:11:52.518 9 INFO neutron.wsgi [req-02826425-c03d-49cc-8aaf-eb13dca11505 req-6b699398-ad19-4644-8a97-3766fedf5659 653ff48471fe4611b962b229742df82f 960ba896477246c0897b30fec3fdbaa1 - - default default] 10.0.0.49 "GET /v2.0/ports?device_id=1f6b5212-b662-4873-8230-edf4565078b6 HTTP/1.1" status: 200 len: 210 time: 0.0277691
2026-04-27 13:11:52.692 9 INFO neutron.db.ovn_revision_numbers_db [None req-9d26eadb-9d36-49f0-ba5f-4204b4d814aa c517ae173a534c19b2056e9792252a97 3f39e3c30eba471790275b3bdd63032c - - default default] Successfully bumped revision number for resource e6564a75-3d6e-4d98-8400-08a5c02bd9be (type: security_groups) to 1
2026-04-27 13:11:52.718 9 INFO neutron.wsgi [req-9981ce32-feb5-4d25-bf96-3c123cdf0823 req-3b878ea9-12fa-4956-ad4d-19795c0d6345 653ff48471fe4611b962b229742df82f 960ba896477246c0897b30fec3fdbaa1 - - default default] 199.19.213.145 "GET /v2.0/networks?id=925bab30-3179-49e4-b69b-f1c43efd8fe9 HTTP/1.1" status: 200 len: 883 time: 0.1210518
2026-04-27 13:11:52.719 9 INFO neutron.db.ovn_revision_numbers_db [None req-9d26eadb-9d36-49f0-ba5f-4204b4d814aa c517ae173a534c19b2056e9792252a97 3f39e3c30eba471790275b3bdd63032c - - default default] Successfully bumped revision number for resource 3148579b-391b-4400-9545-c7b87795a0ba (type: security_group_rules) to 0
2026-04-27 13:11:52.731 9 INFO neutron.db.ovn_revision_numbers_db [None req-9d26eadb-9d36-49f0-ba5f-4204b4d814aa c517ae173a534c19b2056e9792252a97 3f39e3c30eba471790275b3bdd63032c - - default default] Successfully bumped revision number for resource 583905f3-3ebf-4245-b30e-3899f9f5ab0e (type: security_group_rules) to 0
2026-04-27 13:11:52.782 9 INFO neutron.db.ovn_revision_numbers_db [None req-9d26eadb-9d36-49f0-ba5f-4204b4d814aa c517ae173a534c19b2056e9792252a97 3f39e3c30eba471790275b3bdd63032c - - default default] Successfully bumped revision number for resource 66d4ff94-7d59-4da8-900c-e6c0ac4ef8f3 (type: security_group_rules) to 0
2026-04-27 13:11:52.796 10 INFO neutron.services.segments.plugin [-] Segment dbc273ac-57bf-4588-ac28-2c21d5e764cb resource provider aggregate not found
2026-04-27 13:11:52.800 9 INFO neutron.db.ovn_revision_numbers_db [None req-9d26eadb-9d36-49f0-ba5f-4204b4d814aa c517ae173a534c19b2056e9792252a97 3f39e3c30eba471790275b3bdd63032c - - default default] Successfully bumped revision number for resource 8ab94097-f3db-4791-8b79-2a3f449c9da6 (type: security_group_rules) to 0
2026-04-27 13:11:52.809 9 INFO neutron.wsgi [req-9981ce32-feb5-4d25-bf96-3c123cdf0823 req-311b3027-3c3c-4937-a75a-a89d1a46d151 653ff48471fe4611b962b229742df82f 960ba896477246c0897b30fec3fdbaa1 - - default default] 199.19.213.145 "GET /v2.0/security-groups?fields=id&fields=name&tenant_id=960ba896477246c0897b30fec3fdbaa1 HTTP/1.1" status: 200 len: 380 time: 0.0491114
2026-04-27 13:11:52.817 10 INFO neutron.services.segments.plugin [-] Segment dbc273ac-57bf-4588-ac28-2c21d5e764cb resource provider not found; error: Placement Client Error (4xx): {"errors": [{"status": 404, "title": "Not Found", "detail": "The resource could not be found.\n\n No resource provider with uuid dbc273ac-57bf-4588-ac28-2c21d5e764cb found for delete ", "request_id": "req-1e42253e-63a5-4a04-b2a0-2d85466a0052"}]}
2026-04-27 13:11:52.858 10 INFO neutron.services.segments.plugin [-] Segment dbc273ac-57bf-4588-ac28-2c21d5e764cb resource provider aggregate not found
2026-04-27 13:11:52.873 9 INFO neutron.db.segments_db [None req-9d26eadb-9d36-49f0-ba5f-4204b4d814aa c517ae173a534c19b2056e9792252a97 3f39e3c30eba471790275b3bdd63032c - - default default] Added segment ba1315b5-2827-4fe9-a3a9-ef8aa7557245 of type geneve for network 7580a02b-c462-4d6c-8d2c-08e08d4c9b44
2026-04-27 13:11:52.879 10 INFO neutron.services.segments.plugin [-] Segment dbc273ac-57bf-4588-ac28-2c21d5e764cb resource provider not found; error: Placement Client Error (4xx): {"errors": [{"status": 404, "title": "Not Found", "detail": "The resource could not be found.\n\n No resource provider with uuid dbc273ac-57bf-4588-ac28-2c21d5e764cb found for delete ", "request_id": "req-04e226cb-ed47-4c9b-9e68-3677a2998854"}]}
2026-04-27 13:11:52.895 10 INFO neutron.db.ovn_revision_numbers_db [None req-3984dac7-61c2-4371-a218-eaec5570a8c8 ad6e862df6954b8184019f07e7d1b33b 100588f2ae0247e58cb09e0efc6f7c82 - - default default] Successfully bumped revision number for resource fabb9a8a-c634-4fa5-a826-7bb36fe63b9e (type: security_groups) to 1
2026-04-27 13:11:52.926 10 INFO neutron.db.ovn_revision_numbers_db [None req-3984dac7-61c2-4371-a218-eaec5570a8c8 ad6e862df6954b8184019f07e7d1b33b 100588f2ae0247e58cb09e0efc6f7c82 - - default default] Successfully bumped revision number for resource 132b95bf-744d-4fea-92c1-1579e7136053 (type: security_group_rules) to 0
2026-04-27 13:11:52.953 10 INFO neutron.db.ovn_revision_numbers_db [None req-3984dac7-61c2-4371-a218-eaec5570a8c8 ad6e862df6954b8184019f07e7d1b33b 100588f2ae0247e58cb09e0efc6f7c82 - - default default] Successfully bumped revision number for resource 71ecdc94-db35-468c-bcc3-d2778d914ee0 (type: security_group_rules) to 0
2026-04-27 13:11:52.974 10 INFO neutron.db.ovn_revision_numbers_db [None req-3984dac7-61c2-4371-a218-eaec5570a8c8 ad6e862df6954b8184019f07e7d1b33b 100588f2ae0247e58cb09e0efc6f7c82 - - default default] Successfully bumped revision number for resource 88c4b75c-5f56-48d1-8c17-66a87579f84a (type: security_group_rules) to 0
2026-04-27 13:11:52.997 10 INFO neutron.db.ovn_revision_numbers_db [None req-3984dac7-61c2-4371-a218-eaec5570a8c8 ad6e862df6954b8184019f07e7d1b33b 100588f2ae0247e58cb09e0efc6f7c82 - - default default] Successfully bumped revision number for resource 9787ec39-ddea-4be8-8d45-a274aeb293a4 (type: security_group_rules) to 0
2026-04-27 13:11:53.081 10 INFO neutron.db.segments_db [None req-3984dac7-61c2-4371-a218-eaec5570a8c8 ad6e862df6954b8184019f07e7d1b33b 100588f2ae0247e58cb09e0efc6f7c82 - - default default] Added segment 2ef6b7ee-e2a4-4023-a40f-50c27a9cca44 of type geneve for network 0d4aa25c-3f72-40f2-becf-734961e63b50
2026-04-27 13:11:53.150 9 INFO neutron.db.ovn_revision_numbers_db [None req-9d26eadb-9d36-49f0-ba5f-4204b4d814aa c517ae173a534c19b2056e9792252a97 3f39e3c30eba471790275b3bdd63032c - - default default] Successfully bumped revision number for resource 7580a02b-c462-4d6c-8d2c-08e08d4c9b44 (type: networks) to 1
2026-04-27 13:11:53.245 10 INFO neutron.db.segments_db [None req-3984dac7-61c2-4371-a218-eaec5570a8c8 ad6e862df6954b8184019f07e7d1b33b 100588f2ae0247e58cb09e0efc6f7c82 - - default default] Added segment 1c53c5d1-40e6-4185-853d-7c8f05ccce74 of type geneve for network 3ad6e8de-704d-45e3-9185-54277d9b89f9
2026-04-27 13:11:53.416 10 INFO neutron.db.ovn_revision_numbers_db [None req-3984dac7-61c2-4371-a218-eaec5570a8c8 ad6e862df6954b8184019f07e7d1b33b 100588f2ae0247e58cb09e0efc6f7c82 - - default default] Successfully bumped revision number for resource 0d4aa25c-3f72-40f2-becf-734961e63b50 (type: networks) to 1
2026-04-27 13:11:53.529 9 WARNING neutron.scheduler.dhcp_agent_scheduler [req-9981ce32-feb5-4d25-bf96-3c123cdf0823 req-66166bcf-549d-4a15-9b14-61db9ed6d374 653ff48471fe4611b962b229742df82f 960ba896477246c0897b30fec3fdbaa1 - - default default] No more DHCP agents
2026-04-27 13:11:53.532 9 WARNING neutron.api.rpc.agentnotifiers.dhcp_rpc_agent_api [req-9981ce32-feb5-4d25-bf96-3c123cdf0823 req-66166bcf-549d-4a15-9b14-61db9ed6d374 653ff48471fe4611b962b229742df82f 960ba896477246c0897b30fec3fdbaa1 - - default default] Unable to schedule network 925bab30-3179-49e4-b69b-f1c43efd8fe9: no agents available; will retry on subsequent port and subnet creation events.
2026-04-27 13:11:53.561 9 WARNING neutron.scheduler.dhcp_agent_scheduler [None req-9d26eadb-9d36-49f0-ba5f-4204b4d814aa c517ae173a534c19b2056e9792252a97 3f39e3c30eba471790275b3bdd63032c - - default default] No more DHCP agents
2026-04-27 13:11:53.574 9 WARNING neutron.api.rpc.agentnotifiers.dhcp_rpc_agent_api [None req-9d26eadb-9d36-49f0-ba5f-4204b4d814aa c517ae173a534c19b2056e9792252a97 3f39e3c30eba471790275b3bdd63032c - - default default] Unable to schedule network 7580a02b-c462-4d6c-8d2c-08e08d4c9b44: no agents available; will retry on subsequent port and subnet creation events.
2026-04-27 13:11:53.717 9 INFO neutron.db.ovn_revision_numbers_db [None req-9d26eadb-9d36-49f0-ba5f-4204b4d814aa c517ae173a534c19b2056e9792252a97 3f39e3c30eba471790275b3bdd63032c - - default default] Successfully bumped revision number for resource c4ae56dd-f6d8-4e72-a8be-0eb946ba476a (type: ports) to 1
2026-04-27 13:11:53.753 9 INFO neutron.wsgi [None req-9d26eadb-9d36-49f0-ba5f-4204b4d814aa c517ae173a534c19b2056e9792252a97 3f39e3c30eba471790275b3bdd63032c - - default default] 10.0.0.162 "POST /v2.0/networks HTTP/1.1" status: 201 len: 950 time: 1.3063610
2026-04-27 13:11:53.758 9 INFO neutron.db.ovn_revision_numbers_db [req-9981ce32-feb5-4d25-bf96-3c123cdf0823 req-66166bcf-549d-4a15-9b14-61db9ed6d374 653ff48471fe4611b962b229742df82f 960ba896477246c0897b30fec3fdbaa1 - - default default] Successfully bumped revision number for resource 86b050da-f44d-4ee2-afb5-d1df8ba69d58 (type: ports) to 1 /var/lib/openstack/lib/python3.10/site-packages/pycadf/identifier.py:71: UserWarning: Invalid uuid: neutron. To ensure interoperability, identifiers should be a valid uuid. warnings.warn(('Invalid uuid: %s. To ensure interoperability, '
2026-04-27 13:11:53.787 9 INFO neutron.wsgi [req-9981ce32-feb5-4d25-bf96-3c123cdf0823 req-66166bcf-549d-4a15-9b14-61db9ed6d374 653ff48471fe4611b962b229742df82f 960ba896477246c0897b30fec3fdbaa1 - - default default] 199.19.213.145 "POST /v2.0/ports HTTP/1.1" status: 201 len: 1158 time: 0.9700491
2026-04-27 13:11:53.801 9 INFO neutron.wsgi [req-9981ce32-feb5-4d25-bf96-3c123cdf0823 req-5905cf51-bf2f-4002-84e7-bb1652e026f7 653ff48471fe4611b962b229742df82f 960ba896477246c0897b30fec3fdbaa1 - - default default] 199.19.213.145 "GET /v2.0/extensions HTTP/1.1" status: 200 len: 16525 time: 0.0081897
2026-04-27 13:11:53.875 10 INFO neutron.wsgi [req-1236982f-c765-49f6-9948-f3ed613a85c9 req-0d60a9dc-8231-40cb-a3ca-9ca2fc6cd681 653ff48471fe4611b962b229742df82f 960ba896477246c0897b30fec3fdbaa1 - - default default] 10.0.0.49 "GET /v2.0/ports?device_id=1f6b5212-b662-4873-8230-edf4565078b6 HTTP/1.1" status: 200 len: 1156 time: 0.1681612
2026-04-27 13:11:53.884 10 WARNING neutron.scheduler.dhcp_agent_scheduler [None req-3984dac7-61c2-4371-a218-eaec5570a8c8 ad6e862df6954b8184019f07e7d1b33b 100588f2ae0247e58cb09e0efc6f7c82 - - default default] No more DHCP agents
2026-04-27 13:11:53.889 10 WARNING neutron.api.rpc.agentnotifiers.dhcp_rpc_agent_api [None req-3984dac7-61c2-4371-a218-eaec5570a8c8 ad6e862df6954b8184019f07e7d1b33b 100588f2ae0247e58cb09e0efc6f7c82 - - default default] Unable to schedule network 0d4aa25c-3f72-40f2-becf-734961e63b50: no agents available; will retry on subsequent port and subnet creation events.
2026-04-27 13:11:53.943 9 WARNING neutron.scheduler.dhcp_agent_scheduler [None req-eb8e42e3-1c8a-4a93-b519-4484a70fac01 c517ae173a534c19b2056e9792252a97 3f39e3c30eba471790275b3bdd63032c - - default default] No more DHCP agents
2026-04-27 13:11:53.946 9 WARNING neutron.api.rpc.agentnotifiers.dhcp_rpc_agent_api [None req-eb8e42e3-1c8a-4a93-b519-4484a70fac01 c517ae173a534c19b2056e9792252a97 3f39e3c30eba471790275b3bdd63032c - - default default] Unable to schedule network 7580a02b-c462-4d6c-8d2c-08e08d4c9b44: no agents available; will retry on subsequent port and subnet creation events.
2026-04-27 13:11:53.957 10 INFO neutron.wsgi [req-1236982f-c765-49f6-9948-f3ed613a85c9 req-848b46b5-40ac-4dfa-be41-ba943c15d9c8 653ff48471fe4611b962b229742df82f 960ba896477246c0897b30fec3fdbaa1 - - default default] 10.0.0.49 "GET /v2.0/security-groups?id=35e091ff-d2ad-45bc-af76-35e89e459945&fields=id&fields=name HTTP/1.1" status: 200 len: 313 time: 0.0720742
2026-04-27 13:11:53.988 10 INFO neutron.db.ovn_revision_numbers_db [None req-172ea690-636a-4c2f-a0e2-20c38f2a2322 c517ae173a534c19b2056e9792252a97 3f39e3c30eba471790275b3bdd63032c - - default default] Successfully bumped revision number for resource 7d237ef6-e4b6-4d70-bc4b-a9368c7d2985 (type: security_groups) to 1
2026-04-27 13:11:54.007 10 INFO neutron.db.ovn_revision_numbers_db [None req-172ea690-636a-4c2f-a0e2-20c38f2a2322 c517ae173a534c19b2056e9792252a97 3f39e3c30eba471790275b3bdd63032c - - default default] Successfully bumped revision number for resource 08b2948a-e07f-43e7-bde6-38c1a64a4d39 (type: security_group_rules) to 0
2026-04-27 13:11:54.015 10 INFO neutron.db.ovn_revision_numbers_db [None req-3984dac7-61c2-4371-a218-eaec5570a8c8 ad6e862df6954b8184019f07e7d1b33b 100588f2ae0247e58cb09e0efc6f7c82 - - default default] Successfully bumped revision number for resource 9c130c77-1a5d-4b40-8b35-65eafe402d60 (type: ports) to 1
2026-04-27 13:11:54.024 9 INFO neutron.wsgi [None req-86331685-c272-4f76-bc98-68f6773d34e6 c517ae173a534c19b2056e9792252a97 3f39e3c30eba471790275b3bdd63032c - - default default] 10.0.0.230 "GET /v2.0/floatingips HTTP/1.1" status: 200 len: 730 time: 0.1110513
2026-04-27 13:11:54.028 10 INFO neutron.db.ovn_revision_numbers_db [None req-172ea690-636a-4c2f-a0e2-20c38f2a2322 c517ae173a534c19b2056e9792252a97 3f39e3c30eba471790275b3bdd63032c - - default default] Successfully bumped revision number for resource 22d6a39a-240a-4188-a029-f005355f4a6c (type: security_group_rules) to 0
2026-04-27 13:11:54.068 10 INFO neutron.db.ovn_revision_numbers_db [None req-172ea690-636a-4c2f-a0e2-20c38f2a2322 c517ae173a534c19b2056e9792252a97 3f39e3c30eba471790275b3bdd63032c - - default default] Successfully bumped revision number for resource 7dc453fb-78ef-41c5-88c2-5f2fe4201a93 (type: security_group_rules) to 0
2026-04-27 13:11:54.096 10 INFO neutron.db.ovn_revision_numbers_db [None req-172ea690-636a-4c2f-a0e2-20c38f2a2322 c517ae173a534c19b2056e9792252a97 3f39e3c30eba471790275b3bdd63032c - - default default] Successfully bumped revision number for resource ad758e68-be91-4bc7-957d-1911509b4e45 (type: security_group_rules) to 0
2026-04-27 13:11:54.115 10 INFO neutron.db.ovn_revision_numbers_db [None req-3984dac7-61c2-4371-a218-eaec5570a8c8 ad6e862df6954b8184019f07e7d1b33b 100588f2ae0247e58cb09e0efc6f7c82 - - default default] Successfully bumped revision number for resource 3ad6e8de-704d-45e3-9185-54277d9b89f9 (type: networks) to 1
2026-04-27 13:11:54.151 9 INFO neutron.wsgi [None req-b4b43a46-387d-4dbd-bad8-87f471a89c8d c517ae173a534c19b2056e9792252a97 3f39e3c30eba471790275b3bdd63032c - - default default] 10.0.0.230 "GET /v2.0/networks HTTP/1.1" status: 200 len: 5287 time: 0.1252484
2026-04-27 13:11:54.152 10 INFO neutron.db.segments_db [None req-172ea690-636a-4c2f-a0e2-20c38f2a2322 c517ae173a534c19b2056e9792252a97 3f39e3c30eba471790275b3bdd63032c - - default default] Added segment 2d8c3a17-09b3-4c13-91cc-7764b86a92b4 of type geneve for network d20612ff-4691-4aee-81b9-577337e72654
2026-04-27 13:11:54.225 9 INFO neutron.wsgi [None req-d04306a5-9996-4027-b780-71939be0fba8 c517ae173a534c19b2056e9792252a97 3f39e3c30eba471790275b3bdd63032c - - default default] 10.0.0.230 "GET /v2.0/subnets HTTP/1.1" status: 200 len: 2763 time: 0.0690975
2026-04-27 13:11:54.367 9 INFO neutron.wsgi [None req-3391734d-c008-4174-9019-44fe4aa22444 c517ae173a534c19b2056e9792252a97 3f39e3c30eba471790275b3bdd63032c - - default default] 10.0.0.230 "GET /v2.0/routers HTTP/1.1" status: 200 len: 870 time: 0.1382442
2026-04-27 13:11:54.374 10 INFO neutron.db.ovn_revision_numbers_db [None req-172ea690-636a-4c2f-a0e2-20c38f2a2322 c517ae173a534c19b2056e9792252a97 3f39e3c30eba471790275b3bdd63032c - - default default] Successfully bumped revision number for resource d20612ff-4691-4aee-81b9-577337e72654 (type: networks) to 1
2026-04-27 13:11:54.380 10 WARNING neutron.scheduler.dhcp_agent_scheduler [None req-3984dac7-61c2-4371-a218-eaec5570a8c8 ad6e862df6954b8184019f07e7d1b33b 100588f2ae0247e58cb09e0efc6f7c82 - - default default] No more DHCP agents
2026-04-27 13:11:54.388 10 WARNING neutron.api.rpc.agentnotifiers.dhcp_rpc_agent_api [None req-3984dac7-61c2-4371-a218-eaec5570a8c8 ad6e862df6954b8184019f07e7d1b33b 100588f2ae0247e58cb09e0efc6f7c82 - - default default] Unable to schedule network 3ad6e8de-704d-45e3-9185-54277d9b89f9: no agents available; will retry on subsequent port and subnet creation events.
2026-04-27 13:11:54.392 9 INFO neutron.wsgi [None req-1a59d119-0805-42f7-8af4-0a94a3e224d5 c517ae173a534c19b2056e9792252a97 3f39e3c30eba471790275b3bdd63032c - - default default] 10.0.0.230 "GET /v2.0/agents?binary=ovn-controller HTTP/1.1" status: 200 len: 591 time: 0.0217810
2026-04-27 13:11:54.412 9 INFO neutron.wsgi [None req-c4b73d48-9948-4c86-ba2d-bccd0750a877 c517ae173a534c19b2056e9792252a97 3f39e3c30eba471790275b3bdd63032c - - default default] 10.0.0.230 "GET /v2.0/network-ip-availabilities HTTP/1.1" status: 200 len: 3063 time: 0.0187392
2026-04-27 13:11:54.485 9 INFO neutron.wsgi [None req-c5288769-6e9b-4b63-8c9b-e6156bc8c804 c517ae173a534c19b2056e9792252a97 3f39e3c30eba471790275b3bdd63032c - - default default] 10.0.0.230 "GET /v2.0/subnets HTTP/1.1" status: 200 len: 2763 time: 0.0678246
2026-04-27 13:11:54.514 9 INFO neutron.wsgi [None req-fe1a8f48-225c-4ef1-b516-758be230faca c517ae173a534c19b2056e9792252a97 3f39e3c30eba471790275b3bdd63032c - - default default] 10.0.0.230 "GET /v2.0/subnetpools HTTP/1.1" status: 200 len: 193 time: 0.0256920
2026-04-27 13:11:54.526 10 INFO neutron.db.ovn_revision_numbers_db [None req-3984dac7-61c2-4371-a218-eaec5570a8c8 ad6e862df6954b8184019f07e7d1b33b 100588f2ae0247e58cb09e0efc6f7c82 - - default default] Successfully bumped revision number for resource 904889c6-7678-48a3-96a3-c9f86056e8d8 (type: ports) to 1
2026-04-27 13:11:54.540 9 INFO neutron.wsgi [None req-6a909b38-90f3-4af6-8206-813226610602 c517ae173a534c19b2056e9792252a97 3f39e3c30eba471790275b3bdd63032c - - default default] 10.0.0.230 "GET /v2.0/agents HTTP/1.1" status: 200 len: 997 time: 0.0248897
2026-04-27 13:11:54.573 10 INFO neutron.wsgi [None req-3984dac7-61c2-4371-a218-eaec5570a8c8 ad6e862df6954b8184019f07e7d1b33b 100588f2ae0247e58cb09e0efc6f7c82 - - default default] 10.0.0.162 "POST /v2.0/networks HTTP/1.1" status: 201 len: 1445 time: 2.0458672
2026-04-27 13:11:54.599 10 WARNING neutron.scheduler.dhcp_agent_scheduler [None req-172ea690-636a-4c2f-a0e2-20c38f2a2322 c517ae173a534c19b2056e9792252a97 3f39e3c30eba471790275b3bdd63032c - - default default] No more DHCP agents
2026-04-27 13:11:54.601 10 WARNING neutron.api.rpc.agentnotifiers.dhcp_rpc_agent_api [None req-172ea690-636a-4c2f-a0e2-20c38f2a2322 c517ae173a534c19b2056e9792252a97 3f39e3c30eba471790275b3bdd63032c - - default default] Unable to schedule network d20612ff-4691-4aee-81b9-577337e72654: no agents available; will retry on subsequent port and subnet creation events.
2026-04-27 13:11:54.687 10 INFO neutron.db.ovn_revision_numbers_db [None req-172ea690-636a-4c2f-a0e2-20c38f2a2322 c517ae173a534c19b2056e9792252a97 3f39e3c30eba471790275b3bdd63032c - - default default] Successfully bumped revision number for resource 0f1ddf3c-c478-44ac-9156-2afb6f93e539 (type: ports) to 1
2026-04-27 13:11:54.712 10 INFO neutron.wsgi [None req-172ea690-636a-4c2f-a0e2-20c38f2a2322 c517ae173a534c19b2056e9792252a97 3f39e3c30eba471790275b3bdd63032c - - default default] 10.0.0.162 "POST /v2.0/networks HTTP/1.1" status: 201 len: 940 time: 1.2587514
2026-04-27 13:11:54.729 9 INFO neutron.wsgi [None req-a040ab50-6975-4179-9546-0aa6a105804d c517ae173a534c19b2056e9792252a97 3f39e3c30eba471790275b3bdd63032c - - default default] 10.0.0.230 "GET /v2.0/security-groups HTTP/1.1" status: 200 len: 30660 time: 0.1834521
2026-04-27 13:11:54.872 10 WARNING neutron.scheduler.dhcp_agent_scheduler [None req-1bff1ae3-cb01-49a2-bb58-7009d0cd2003 c517ae173a534c19b2056e9792252a97 3f39e3c30eba471790275b3bdd63032c - - default default] No more DHCP agents
2026-04-27 13:11:54.875 10 WARNING neutron.api.rpc.agentnotifiers.dhcp_rpc_agent_api [None req-1bff1ae3-cb01-49a2-bb58-7009d0cd2003 c517ae173a534c19b2056e9792252a97 3f39e3c30eba471790275b3bdd63032c - - default default] Unable to schedule network d20612ff-4691-4aee-81b9-577337e72654: no agents available; will retry on subsequent port and subnet creation events.
2026-04-27 13:11:54.907 9 INFO neutron.wsgi [None req-8391fab3-938b-45ce-b415-2fa6360181ec ad6e862df6954b8184019f07e7d1b33b 100588f2ae0247e58cb09e0efc6f7c82 - - default default] 10.0.0.162 "GET /v2.0/networks HTTP/1.1" status: 200 len: 2051 time: 0.3278005
2026-04-27 13:11:54.953 9 INFO neutron.wsgi [None req-89ede89c-3142-465a-8180-3b67fa6d5f13 c517ae173a534c19b2056e9792252a97 3f39e3c30eba471790275b3bdd63032c - - default default] 10.0.0.230 "GET /v2.0/ports HTTP/1.1" status: 200 len: 14336 time: 0.0819817 /var/lib/openstack/lib/python3.10/site-packages/pycadf/identifier.py:71: UserWarning: Invalid uuid: neutron. To ensure interoperability, identifiers should be a valid uuid. warnings.warn(('Invalid uuid: %s. To ensure interoperability, '
2026-04-27 13:11:55.079 9 INFO neutron.db.ovn_revision_numbers_db [None req-eb8e42e3-1c8a-4a93-b519-4484a70fac01 c517ae173a534c19b2056e9792252a97 3f39e3c30eba471790275b3bdd63032c - - default default] Successfully bumped revision number for resource c4ae56dd-f6d8-4e72-a8be-0eb946ba476a (type: ports) to 2
2026-04-27 13:11:55.101 9 INFO neutron.wsgi [req-e44afbda-323a-4e22-aa97-3747faa0bec1 req-12b94839-af5f-43e1-bdfb-701c628ce4de 653ff48471fe4611b962b229742df82f 960ba896477246c0897b30fec3fdbaa1 - - default default] 10.0.0.49 "GET /v2.0/ports?device_id=1f6b5212-b662-4873-8230-edf4565078b6 HTTP/1.1" status: 200 len: 1168 time: 0.0646708
2026-04-27 13:11:55.159 9 INFO neutron.db.ovn_revision_numbers_db [None req-eb8e42e3-1c8a-4a93-b519-4484a70fac01 c517ae173a534c19b2056e9792252a97 3f39e3c30eba471790275b3bdd63032c - - default default] Successfully bumped revision number for resource 33724206-3d74-4bfa-b5ca-86766aa865bb (type: subnets) to 0
2026-04-27 13:11:55.166 9 INFO neutron.db.ovn_revision_numbers_db [req-9981ce32-feb5-4d25-bf96-3c123cdf0823 req-6a46d5c8-41cd-47dc-8b06-be9cfa6cea45 7f398acef5df4c33bca6183ae41ad068 387d00d45f3249d68f8ac214b63f1413 - - 57bd1b6a1e4c4b43a0b4474c3721d38b 57bd1b6a1e4c4b43a0b4474c3721d38b] Successfully bumped revision number for resource 86b050da-f44d-4ee2-afb5-d1df8ba69d58 (type: ports) to 2
2026-04-27 13:11:55.170 9 INFO neutron.wsgi [req-e44afbda-323a-4e22-aa97-3747faa0bec1 req-21177a81-b076-40ef-a890-b67e8f23f6b7 653ff48471fe4611b962b229742df82f 960ba896477246c0897b30fec3fdbaa1 - - default default] 10.0.0.49 "GET /v2.0/security-groups?id=35e091ff-d2ad-45bc-af76-35e89e459945&fields=id&fields=name HTTP/1.1" status: 200 len: 313 time: 0.0631192
2026-04-27 13:11:55.177 9 INFO neutron.wsgi [None req-eb8e42e3-1c8a-4a93-b519-4484a70fac01 c517ae173a534c19b2056e9792252a97 3f39e3c30eba471790275b3bdd63032c - - default default] 10.0.0.162 "POST /v2.0/subnets HTTP/1.1" status: 201 len: 870 time: 1.4176297
2026-04-27 13:11:55.383 9 INFO neutron.db.ovn_revision_numbers_db [req-9981ce32-feb5-4d25-bf96-3c123cdf0823 req-6a46d5c8-41cd-47dc-8b06-be9cfa6cea45 7f398acef5df4c33bca6183ae41ad068 387d00d45f3249d68f8ac214b63f1413 - - 57bd1b6a1e4c4b43a0b4474c3721d38b 57bd1b6a1e4c4b43a0b4474c3721d38b] Successfully bumped revision number for resource 86b050da-f44d-4ee2-afb5-d1df8ba69d58 (type: ports) to 2
2026-04-27 13:11:55.400 9 INFO neutron.wsgi [req-9981ce32-feb5-4d25-bf96-3c123cdf0823 req-6a46d5c8-41cd-47dc-8b06-be9cfa6cea45 7f398acef5df4c33bca6183ae41ad068 387d00d45f3249d68f8ac214b63f1413 - - 57bd1b6a1e4c4b43a0b4474c3721d38b 57bd1b6a1e4c4b43a0b4474c3721d38b] 199.19.213.145 "PUT /v2.0/ports/86b050da-f44d-4ee2-afb5-d1df8ba69d58 HTTP/1.1" status: 200 len: 1376 time: 1.2717025 /var/lib/openstack/lib/python3.10/site-packages/pycadf/identifier.py:71: UserWarning: Invalid uuid: neutron. To ensure interoperability, identifiers should be a valid uuid. warnings.warn(('Invalid uuid: %s. To ensure interoperability, '
2026-04-27 13:11:55.497 9 INFO neutron.wsgi [req-9981ce32-feb5-4d25-bf96-3c123cdf0823 req-db08eeb1-17b1-42ba-8d46-f85517c1d700 7f398acef5df4c33bca6183ae41ad068 387d00d45f3249d68f8ac214b63f1413 - - 57bd1b6a1e4c4b43a0b4474c3721d38b 57bd1b6a1e4c4b43a0b4474c3721d38b] 199.19.213.145 "GET /v2.0/ports?tenant_id=960ba896477246c0897b30fec3fdbaa1&device_id=1f6b5212-b662-4873-8230-edf4565078b6 HTTP/1.1" status: 200 len: 1407 time: 0.0492957
2026-04-27 13:11:55.544 9 INFO neutron.wsgi [req-9981ce32-feb5-4d25-bf96-3c123cdf0823 req-f150983c-d043-4f38-907b-abe602daaf9d 7f398acef5df4c33bca6183ae41ad068 387d00d45f3249d68f8ac214b63f1413 - - 57bd1b6a1e4c4b43a0b4474c3721d38b 57bd1b6a1e4c4b43a0b4474c3721d38b] 199.19.213.145 "GET /v2.0/floatingips?fixed_ip_address=10.100.0.7&port_id=86b050da-f44d-4ee2-afb5-d1df8ba69d58 HTTP/1.1" status: 200 len: 217 time: 0.0363634
2026-04-27 13:11:55.545 9 WARNING neutron.plugins.ml2.drivers.ovn.mech_driver.ovsdb.ovn_client [None req-a286ef0d-ae60-4d6c-8b9d-1f4a3a46398e - - - - - -] No hosting information found for port 5c40e5fa-90f0-426e-88c4-bc7005bb40c4: RuntimeError: No hosting information found for port 5c40e5fa-90f0-426e-88c4-bc7005bb40c4
2026-04-27 13:11:55.584 9 INFO neutron.wsgi [req-9981ce32-feb5-4d25-bf96-3c123cdf0823 req-ad482379-7e81-4154-8843-2a08fde79b06 7f398acef5df4c33bca6183ae41ad068 387d00d45f3249d68f8ac214b63f1413 - - 57bd1b6a1e4c4b43a0b4474c3721d38b 57bd1b6a1e4c4b43a0b4474c3721d38b] 199.19.213.145 "GET /v2.0/subnets?id=e75db77a-8c9c-4d36-99df-11be345713d8 HTTP/1.1" status: 200 len: 877 time: 0.0329423
2026-04-27 13:11:55.617 9 INFO neutron.wsgi [req-9981ce32-feb5-4d25-bf96-3c123cdf0823 req-b203ec33-dbca-46b4-99ff-7f705a2731ba 7f398acef5df4c33bca6183ae41ad068 387d00d45f3249d68f8ac214b63f1413 - - 57bd1b6a1e4c4b43a0b4474c3721d38b 57bd1b6a1e4c4b43a0b4474c3721d38b] 199.19.213.145 "GET /v2.0/ports?network_id=925bab30-3179-49e4-b69b-f1c43efd8fe9&device_owner=network%3Adhcp HTTP/1.1" status: 200 len: 210 time: 0.0272117
2026-04-27 13:11:55.636 10 INFO neutron.services.segments.plugin [-] Segment 2ef6b7ee-e2a4-4023-a40f-50c27a9cca44 resource provider aggregate not found
2026-04-27 13:11:55.650 10 INFO neutron.services.segments.plugin [-] Segment 2ef6b7ee-e2a4-4023-a40f-50c27a9cca44 resource provider aggregate not found
2026-04-27 13:11:55.673 10 INFO neutron.services.segments.plugin [-] Segment 2ef6b7ee-e2a4-4023-a40f-50c27a9cca44 resource provider not found; error: Placement Client Error (4xx): {"errors": [{"status": 404, "title": "Not Found", "detail": "The resource could not be found.\n\n No resource provider with uuid 2ef6b7ee-e2a4-4023-a40f-50c27a9cca44 found for delete ", "request_id": "req-5ca1929b-46cc-438c-920b-104add9e5b6f"}]}
2026-04-27 13:11:55.697 10 INFO neutron.services.segments.plugin [-] Segment 2ef6b7ee-e2a4-4023-a40f-50c27a9cca44 resource provider not found; error: Placement Client Error (4xx): {"errors": [{"status": 404, "title": "Not Found", "detail": "The resource could not be found.\n\n No resource provider with uuid 2ef6b7ee-e2a4-4023-a40f-50c27a9cca44 found for delete ", "request_id": "req-13700d77-1208-4d8f-824a-efdadfba91d4"}]}
2026-04-27 13:11:55.716 9 INFO neutron.wsgi [req-9981ce32-feb5-4d25-bf96-3c123cdf0823 req-a34b091b-eb80-46cd-a512-6c7bad9cc003 7f398acef5df4c33bca6183ae41ad068 387d00d45f3249d68f8ac214b63f1413 - - 57bd1b6a1e4c4b43a0b4474c3721d38b 57bd1b6a1e4c4b43a0b4474c3721d38b] 199.19.213.145 "GET /v2.0/networks/925bab30-3179-49e4-b69b-f1c43efd8fe9?fields=segments HTTP/1.1" status: 200 len: 212 time: 0.0699887
2026-04-27 13:11:55.744 10 INFO neutron.wsgi [None req-232e6d87-4544-4579-8c10-da20ceb414c6 ad6e862df6954b8184019f07e7d1b33b 100588f2ae0247e58cb09e0efc6f7c82 - - default default] 10.0.0.162 "DELETE /v2.0/networks/0d4aa25c-3f72-40f2-becf-734961e63b50 HTTP/1.1" status: 204 len: 168 time: 0.8275089
2026-04-27 13:11:55.844 9 INFO neutron.wsgi [req-9981ce32-feb5-4d25-bf96-3c123cdf0823 req-8e00b764-867f-4e65-bd56-3cf500c03a3b 7f398acef5df4c33bca6183ae41ad068 387d00d45f3249d68f8ac214b63f1413 - - 57bd1b6a1e4c4b43a0b4474c3721d38b 57bd1b6a1e4c4b43a0b4474c3721d38b] 199.19.213.145 "GET /v2.0/networks/925bab30-3179-49e4-b69b-f1c43efd8fe9?fields=provider%3Aphysical_network&fields=provider%3Anetwork_type HTTP/1.1" status: 200 len: 277 time: 0.1133780
2026-04-27 13:11:55.884 10 INFO neutron.db.ovn_revision_numbers_db [None req-1bff1ae3-cb01-49a2-bb58-7009d0cd2003 c517ae173a534c19b2056e9792252a97 3f39e3c30eba471790275b3bdd63032c - - default default] Successfully bumped revision number for resource 0f1ddf3c-c478-44ac-9156-2afb6f93e539 (type: ports) to 2
2026-04-27 13:11:55.945 10 INFO neutron.db.ovn_revision_numbers_db [None req-1bff1ae3-cb01-49a2-bb58-7009d0cd2003 c517ae173a534c19b2056e9792252a97 3f39e3c30eba471790275b3bdd63032c - - default default] Successfully bumped revision number for resource e5deef14-f293-4e06-9166-d7fc9d44ed88 (type: subnets) to 0
2026-04-27 13:11:55.976 10 INFO neutron.wsgi [None req-1bff1ae3-cb01-49a2-bb58-7009d0cd2003 c517ae173a534c19b2056e9792252a97 3f39e3c30eba471790275b3bdd63032c - - default default] 10.0.0.162 "POST /v2.0/subnets HTTP/1.1" status: 201 len: 860 time: 1.2569392
2026-04-27 13:11:56.024 10 WARNING neutron.scheduler.dhcp_agent_scheduler [None req-7e93dff5-ee5b-4047-ab2c-76cf3e2098e2 c517ae173a534c19b2056e9792252a97 3f39e3c30eba471790275b3bdd63032c - - default default] No more DHCP agents
2026-04-27 13:11:56.034 10 WARNING neutron.api.rpc.agentnotifiers.dhcp_rpc_agent_api [None req-7e93dff5-ee5b-4047-ab2c-76cf3e2098e2 c517ae173a534c19b2056e9792252a97 3f39e3c30eba471790275b3bdd63032c - - default default] Unable to schedule network e8a3ca21-c90f-443c-b1f2-b44bf66ec036: no agents available; will retry on subsequent port and subnet creation events.
2026-04-27 13:11:56.119 9 INFO neutron.notifiers.nova [-] Nova event matching ['req-532712a3-5a31-4aa1-a43e-219fe43d2e70'] response: {'name': 'network-changed', 'server_uuid': '1f6b5212-b662-4873-8230-edf4565078b6', 'tag': '86b050da-f44d-4ee2-afb5-d1df8ba69d58', 'status': 'completed', 'code': 200}
2026-04-27 13:11:56.285 9 INFO neutron.wsgi [req-f30efea5-0186-428c-a8c8-0268f874bdcc req-bce5dfcd-d190-4504-aa91-1155fd94c964 7f398acef5df4c33bca6183ae41ad068 387d00d45f3249d68f8ac214b63f1413 - - 57bd1b6a1e4c4b43a0b4474c3721d38b 57bd1b6a1e4c4b43a0b4474c3721d38b] 199.19.213.145 "GET /v2.0/ports?tenant_id=960ba896477246c0897b30fec3fdbaa1&device_id=1f6b5212-b662-4873-8230-edf4565078b6 HTTP/1.1" status: 200 len: 1407 time: 0.0997305
2026-04-27 13:11:56.363 9 INFO neutron.wsgi [None req-4785cf5a-9522-453e-81dc-db05114413b1 ad6e862df6954b8184019f07e7d1b33b 100588f2ae0247e58cb09e0efc6f7c82 - - default default] 10.0.0.162 "DELETE /v2.0/networks/3ad6e8de-704d-45e3-9185-54277d9b89f9 HTTP/1.1" status: 204 len: 168 time: 0.6135416
2026-04-27 13:11:56.406 9 INFO neutron.wsgi [req-f30efea5-0186-428c-a8c8-0268f874bdcc req-bfba301f-a6b5-4606-a2dc-0158946512af 7f398acef5df4c33bca6183ae41ad068 387d00d45f3249d68f8ac214b63f1413 - - 57bd1b6a1e4c4b43a0b4474c3721d38b 57bd1b6a1e4c4b43a0b4474c3721d38b] 199.19.213.145 "GET /v2.0/networks?id=925bab30-3179-49e4-b69b-f1c43efd8fe9 HTTP/1.1" status: 200 len: 982 time: 0.1094358
2026-04-27 13:11:56.426 10 INFO neutron.db.ovn_revision_numbers_db [None req-7e93dff5-ee5b-4047-ab2c-76cf3e2098e2 c517ae173a534c19b2056e9792252a97 3f39e3c30eba471790275b3bdd63032c - - default default] Successfully bumped revision number for resource 0460e65f-ee8c-465d-be61-259bd06041aa (type: ports) to 1
2026-04-27 13:11:56.434 9 INFO neutron.wsgi [req-f30efea5-0186-428c-a8c8-0268f874bdcc req-4d519523-bd40-4156-8657-1bd0083fb6a5 7f398acef5df4c33bca6183ae41ad068 387d00d45f3249d68f8ac214b63f1413 - - 57bd1b6a1e4c4b43a0b4474c3721d38b 57bd1b6a1e4c4b43a0b4474c3721d38b] 199.19.213.145 "GET /v2.0/floatingips?fixed_ip_address=10.100.0.7&port_id=86b050da-f44d-4ee2-afb5-d1df8ba69d58 HTTP/1.1" status: 200 len: 217 time: 0.0205758
2026-04-27 13:11:56.438 9 INFO neutron.wsgi [req-95d3b074-852c-40dd-b0eb-9a5794447f60 req-99272b0b-ae57-408e-9f44-0757e2a8938b 653ff48471fe4611b962b229742df82f 960ba896477246c0897b30fec3fdbaa1 - - default default] 10.0.0.49 "GET /v2.0/ports?device_id=1f6b5212-b662-4873-8230-edf4565078b6 HTTP/1.1" status: 200 len: 1168 time: 0.1827714
2026-04-27 13:11:56.482 9 INFO neutron.wsgi [req-f30efea5-0186-428c-a8c8-0268f874bdcc req-c9a8a2c4-9764-4dc4-8d25-9fa1c8df23ae 7f398acef5df4c33bca6183ae41ad068 387d00d45f3249d68f8ac214b63f1413 - - 57bd1b6a1e4c4b43a0b4474c3721d38b 57bd1b6a1e4c4b43a0b4474c3721d38b] 199.19.213.145 "GET /v2.0/subnets?id=e75db77a-8c9c-4d36-99df-11be345713d8 HTTP/1.1" status: 200 len: 877 time: 0.0394390
2026-04-27 13:11:56.509 9 INFO neutron.wsgi [req-95d3b074-852c-40dd-b0eb-9a5794447f60 req-4c2e0038-e03f-4463-809a-9cba0ed4cf5a 653ff48471fe4611b962b229742df82f 960ba896477246c0897b30fec3fdbaa1 - - default default] 10.0.0.49 "GET /v2.0/security-groups?id=35e091ff-d2ad-45bc-af76-35e89e459945&fields=id&fields=name HTTP/1.1" status: 200 len: 313 time: 0.0594311
2026-04-27 13:11:56.511 9 INFO neutron.wsgi [req-f30efea5-0186-428c-a8c8-0268f874bdcc req-e1f318ee-ef32-4417-bd51-a5d2f12be9d2 7f398acef5df4c33bca6183ae41ad068 387d00d45f3249d68f8ac214b63f1413 - - 57bd1b6a1e4c4b43a0b4474c3721d38b 57bd1b6a1e4c4b43a0b4474c3721d38b] 199.19.213.145 "GET /v2.0/ports?network_id=925bab30-3179-49e4-b69b-f1c43efd8fe9&device_owner=network%3Adhcp HTTP/1.1" status: 200 len: 210 time: 0.0213280
2026-04-27 13:11:56.600 9 INFO neutron.wsgi [req-f30efea5-0186-428c-a8c8-0268f874bdcc req-862b9e46-2119-4b14-9f09-f80089c54e1e 7f398acef5df4c33bca6183ae41ad068 387d00d45f3249d68f8ac214b63f1413 - - 57bd1b6a1e4c4b43a0b4474c3721d38b 57bd1b6a1e4c4b43a0b4474c3721d38b] 199.19.213.145 "GET /v2.0/networks/925bab30-3179-49e4-b69b-f1c43efd8fe9?fields=segments HTTP/1.1" status: 200 len: 212 time: 0.0786252
2026-04-27 13:11:56.627 10 INFO neutron.wsgi [None req-ef5a6b36-da5c-49de-be9f-f983f274e06b ad6e862df6954b8184019f07e7d1b33b 100588f2ae0247e58cb09e0efc6f7c82 - - default default] 10.0.0.162 "GET /v2.0/networks HTTP/1.1" status: 200 len: 845 time: 0.2547941
2026-04-27 13:11:56.666 9 INFO neutron.wsgi [req-f30efea5-0186-428c-a8c8-0268f874bdcc req-90cf5438-4ad7-48f8-a874-273a7fa69826 7f398acef5df4c33bca6183ae41ad068 387d00d45f3249d68f8ac214b63f1413 - - 57bd1b6a1e4c4b43a0b4474c3721d38b 57bd1b6a1e4c4b43a0b4474c3721d38b] 199.19.213.145 "GET /v2.0/networks/925bab30-3179-49e4-b69b-f1c43efd8fe9?fields=provider%3Aphysical_network&fields=provider%3Anetwork_type HTTP/1.1" status: 200 len: 277 time: 0.0613019
2026-04-27 13:11:56.677 9 INFO neutron.services.segments.plugin [-] Segment 1c53c5d1-40e6-4185-853d-7c8f05ccce74 resource provider aggregate not found
2026-04-27 13:11:56.694 9 INFO neutron.services.segments.plugin [-] Segment 1c53c5d1-40e6-4185-853d-7c8f05ccce74 resource provider not found; error: Placement Client Error (4xx): {"errors": [{"status": 404, "title": "Not Found", "detail": "The resource could not be found.\n\n No resource provider with uuid 1c53c5d1-40e6-4185-853d-7c8f05ccce74 found for delete ", "request_id": "req-ff4aea58-6766-4ffa-ad12-1b973526ce3d"}]}
2026-04-27 13:11:56.721 9 INFO neutron.services.segments.plugin [-] Segment 1c53c5d1-40e6-4185-853d-7c8f05ccce74 resource provider aggregate not found
2026-04-27 13:11:56.743 9 INFO neutron.services.segments.plugin [-] Segment 1c53c5d1-40e6-4185-853d-7c8f05ccce74 resource provider not found; error: Placement Client Error (4xx): {"errors": [{"status": 404, "title": "Not Found", "detail": "The resource could not be found.\n\n No resource provider with uuid 1c53c5d1-40e6-4185-853d-7c8f05ccce74 found for delete ", "request_id": "req-7a67fdaa-c557-4887-960d-a40302244799"}]}
2026-04-27 13:11:56.776 10 INFO neutron.db.segments_db [None req-af7e02b3-fad4-4e98-9976-67927b36d569 ad6e862df6954b8184019f07e7d1b33b 100588f2ae0247e58cb09e0efc6f7c82 - - default default] Added segment e328e042-b867-44c8-bc34-7032ae9be3e0 of type geneve for network dcbb6fba-e362-419f-85fe-68daf672735e
2026-04-27 13:11:56.945 10 WARNING neutron.scheduler.dhcp_agent_scheduler [None req-c5cf36a5-ffcd-4390-a45f-aa74b250e46f c517ae173a534c19b2056e9792252a97 3f39e3c30eba471790275b3bdd63032c - - default default] No more DHCP agents
2026-04-27 13:11:56.953 10 WARNING neutron.api.rpc.agentnotifiers.dhcp_rpc_agent_api [None req-c5cf36a5-ffcd-4390-a45f-aa74b250e46f c517ae173a534c19b2056e9792252a97 3f39e3c30eba471790275b3bdd63032c - - default default] Unable to schedule network e8a3ca21-c90f-443c-b1f2-b44bf66ec036: no agents available; will retry on subsequent port and subnet creation events.
2026-04-27 13:11:57.058 10 INFO neutron.db.ovn_revision_numbers_db [None req-af7e02b3-fad4-4e98-9976-67927b36d569 ad6e862df6954b8184019f07e7d1b33b 100588f2ae0247e58cb09e0efc6f7c82 - - default default] Successfully bumped revision number for resource dcbb6fba-e362-419f-85fe-68daf672735e (type: networks) to 1
2026-04-27 13:11:57.279 10 INFO neutron.db.ovn_revision_numbers_db [None req-c5cf36a5-ffcd-4390-a45f-aa74b250e46f c517ae173a534c19b2056e9792252a97 3f39e3c30eba471790275b3bdd63032c - - default default] Successfully bumped revision number for resource 9cd355e3-1e69-40f0-a7a8-2b85393bed91 (type: ports) to 1
2026-04-27 13:11:57.353 10 WARNING neutron.scheduler.dhcp_agent_scheduler [None req-af7e02b3-fad4-4e98-9976-67927b36d569 ad6e862df6954b8184019f07e7d1b33b 100588f2ae0247e58cb09e0efc6f7c82 - - default default] No more DHCP agents
2026-04-27 13:11:57.366 10 WARNING neutron.api.rpc.agentnotifiers.dhcp_rpc_agent_api [None req-af7e02b3-fad4-4e98-9976-67927b36d569 ad6e862df6954b8184019f07e7d1b33b 100588f2ae0247e58cb09e0efc6f7c82 - - default default] Unable to schedule network dcbb6fba-e362-419f-85fe-68daf672735e: no agents available; will retry on subsequent port and subnet creation events.
2026-04-27 13:11:57.645 10 INFO neutron.wsgi [req-8ff78bb6-3055-4284-8360-13d63813f449 req-8a85db07-bafd-41ae-9fb8-0217d0e9886f 653ff48471fe4611b962b229742df82f 960ba896477246c0897b30fec3fdbaa1 - - default default] 10.0.0.49 "GET /v2.0/ports?device_id=1f6b5212-b662-4873-8230-edf4565078b6 HTTP/1.1" status: 200 len: 1168 time: 0.0552003
2026-04-27 13:11:57.660 10 INFO neutron.db.ovn_revision_numbers_db [None req-af7e02b3-fad4-4e98-9976-67927b36d569 ad6e862df6954b8184019f07e7d1b33b 100588f2ae0247e58cb09e0efc6f7c82 - - default default] Successfully bumped revision number for resource c3f59ea0-5a97-4aa0-b54a-cba4f0d7d0db (type: ports) to 1
2026-04-27 13:11:57.725 9 INFO neutron.plugins.ml2.drivers.ovn.mech_driver.mech_driver [None req-a286ef0d-ae60-4d6c-8b9d-1f4a3a46398e - - - - - -] OVN reports status up for port: 0460e65f-ee8c-465d-be61-259bd06041aa
2026-04-27 13:11:57.741 9 INFO neutron.plugins.ml2.drivers.ovn.mech_driver.ovsdb.ovsdb_monitor [-] Router cb702dbc-15df-4ab9-bfd4-5958f57b587a is bound to host instance
2026-04-27 13:11:57.748 10 INFO neutron.wsgi [None req-af7e02b3-fad4-4e98-9976-67927b36d569 ad6e862df6954b8184019f07e7d1b33b 100588f2ae0247e58cb09e0efc6f7c82 - - default default] 10.0.0.162 "POST /v2.0/networks HTTP/1.1" status: 201 len: 853 time: 1.1134334
2026-04-27 13:11:57.756 9 INFO neutron.plugins.ml2.plugin [None req-a286ef0d-ae60-4d6c-8b9d-1f4a3a46398e - - - - - -] Attempt 1 to provision port 0460e65f-ee8c-465d-be61-259bd06041aa
2026-04-27 13:11:57.775 10 INFO neutron.wsgi [req-8ff78bb6-3055-4284-8360-13d63813f449 req-4550b4ed-8bca-4c01-baaa-4bc7bf23d850 653ff48471fe4611b962b229742df82f 960ba896477246c0897b30fec3fdbaa1 - - default default] 10.0.0.49 "GET /v2.0/security-groups?id=35e091ff-d2ad-45bc-af76-35e89e459945&fields=id&fields=name HTTP/1.1" status: 200 len: 313 time: 0.1167793
2026-04-27 13:11:57.826 10 INFO neutron.db.ovn_revision_numbers_db [None req-7e93dff5-ee5b-4047-ab2c-76cf3e2098e2 c517ae173a534c19b2056e9792252a97 3f39e3c30eba471790275b3bdd63032c - - default default] Successfully bumped revision number for resource 0460e65f-ee8c-465d-be61-259bd06041aa (type: router_ports) to 1
2026-04-27 13:11:57.909 10 INFO neutron.db.segments_db [None req-0a3cc351-21c2-4d6e-a41e-49f9197e32b1 ad6e862df6954b8184019f07e7d1b33b 100588f2ae0247e58cb09e0efc6f7c82 - - default default] Added segment 96cba296-8b3b-4c28-a608-74caeaf82a08 of type geneve for network 55b96431-01d9-4765-b0a0-fa78826e112f
2026-04-27 13:11:57.945 10 INFO neutron.db.ovn_revision_numbers_db [None req-7e93dff5-ee5b-4047-ab2c-76cf3e2098e2 c517ae173a534c19b2056e9792252a97 3f39e3c30eba471790275b3bdd63032c - - default default] Successfully bumped revision number for resource cb702dbc-15df-4ab9-bfd4-5958f57b587a (type: routers) to 2
2026-04-27 13:11:57.989 10 INFO neutron.wsgi [None req-7e93dff5-ee5b-4047-ab2c-76cf3e2098e2 c517ae173a534c19b2056e9792252a97 3f39e3c30eba471790275b3bdd63032c - - default default] 10.0.0.162 "POST /v2.0/routers HTTP/1.1" status: 201 len: 881 time: 2.8034739
2026-04-27 13:11:58.176 10 INFO neutron.db.ovn_revision_numbers_db [None req-0a3cc351-21c2-4d6e-a41e-49f9197e32b1 ad6e862df6954b8184019f07e7d1b33b 100588f2ae0247e58cb09e0efc6f7c82 - - default default] Successfully bumped revision number for resource 55b96431-01d9-4765-b0a0-fa78826e112f (type: networks) to 1
2026-04-27 13:11:58.478 9 INFO neutron.db.ovn_revision_numbers_db [None req-79f0a3d5-3f54-4095-9db6-ad00699b1256 - - - - - -] Successfully bumped revision number for resource 0460e65f-ee8c-465d-be61-259bd06041aa (type: ports) to 1
2026-04-27 13:11:58.659 10 INFO neutron.plugins.ml2.drivers.ovn.mech_driver.mech_driver [None req-e359b775-eaeb-466c-949d-6af974516fab - - - - - -] OVN reports status up for port: 86b050da-f44d-4ee2-afb5-d1df8ba69d58
2026-04-27 13:11:58.684 10 WARNING neutron.scheduler.dhcp_agent_scheduler [None req-0a3cc351-21c2-4d6e-a41e-49f9197e32b1 ad6e862df6954b8184019f07e7d1b33b 100588f2ae0247e58cb09e0efc6f7c82 - - default default] No more DHCP agents
2026-04-27 13:11:58.684 10 INFO neutron.plugins.ml2.drivers.ovn.mech_driver.ovsdb.ovsdb_monitor [None req-c94b84df-c042-4639-aab4-a4c41490465b - - - - - -] Router 7c066199-8def-48bc-b608-1a874389d2f0 is bound to host instance
2026-04-27 13:11:58.688 10 WARNING neutron.api.rpc.agentnotifiers.dhcp_rpc_agent_api [None req-0a3cc351-21c2-4d6e-a41e-49f9197e32b1 ad6e862df6954b8184019f07e7d1b33b 100588f2ae0247e58cb09e0efc6f7c82 - - default default] Unable to schedule network 55b96431-01d9-4765-b0a0-fa78826e112f: no agents available; will retry on subsequent port and subnet creation events.
2026-04-27 13:11:58.702 10 INFO neutron.db.ovn_revision_numbers_db [None req-c5cf36a5-ffcd-4390-a45f-aa74b250e46f c517ae173a534c19b2056e9792252a97 3f39e3c30eba471790275b3bdd63032c - - default default] Successfully bumped revision number for resource 9cd355e3-1e69-40f0-a7a8-2b85393bed91 (type: router_ports) to 1
2026-04-27 13:11:58.703 10 INFO neutron.plugins.ml2.plugin [None req-e359b775-eaeb-466c-949d-6af974516fab - - - - - -] Attempt 1 to provision port 86b050da-f44d-4ee2-afb5-d1df8ba69d58
2026-04-27 13:11:58.796 9 INFO neutron.db.ovn_revision_numbers_db [None req-79f0a3d5-3f54-4095-9db6-ad00699b1256 - - - - - -] Successfully bumped revision number for resource 0460e65f-ee8c-465d-be61-259bd06041aa (type: router_ports) to 3
2026-04-27 13:11:58.880 10 INFO neutron.db.ovn_revision_numbers_db [None req-c5cf36a5-ffcd-4390-a45f-aa74b250e46f c517ae173a534c19b2056e9792252a97 3f39e3c30eba471790275b3bdd63032c - - default default] Successfully bumped revision number for resource 7c066199-8def-48bc-b608-1a874389d2f0 (type: routers) to 2
2026-04-27 13:11:58.900 9 INFO neutron.wsgi [req-13be3d22-c07f-4db0-8cbd-56843afa4b6a req-0a9ddd3f-15d2-4a36-a7c1-89c04b91c88e 653ff48471fe4611b962b229742df82f 960ba896477246c0897b30fec3fdbaa1 - - default default] 10.0.0.49 "GET /v2.0/ports?device_id=1f6b5212-b662-4873-8230-edf4565078b6 HTTP/1.1" status: 200 len: 1168 time: 0.0471647
2026-04-27 13:11:58.938 10 INFO neutron.wsgi [None req-c5cf36a5-ffcd-4390-a45f-aa74b250e46f c517ae173a534c19b2056e9792252a97 3f39e3c30eba471790275b3bdd63032c - - default default] 10.0.0.162 "POST /v2.0/routers HTTP/1.1" status: 201 len: 871 time: 2.9519618
2026-04-27 13:11:58.949 10 INFO neutron.db.ovn_revision_numbers_db [None req-0a3cc351-21c2-4d6e-a41e-49f9197e32b1 ad6e862df6954b8184019f07e7d1b33b 100588f2ae0247e58cb09e0efc6f7c82 - - default default] Successfully bumped revision number for resource 362eb8fb-5fe6-4967-a291-8ba756204d64 (type: ports) to 1
2026-04-27 13:11:58.971 9 INFO neutron.wsgi [req-13be3d22-c07f-4db0-8cbd-56843afa4b6a req-63a763a4-df86-49f7-98dc-fbdc669059f9 653ff48471fe4611b962b229742df82f 960ba896477246c0897b30fec3fdbaa1 - - default default] 10.0.0.49 "GET /v2.0/security-groups?id=35e091ff-d2ad-45bc-af76-35e89e459945&fields=id&fields=name HTTP/1.1" status: 200 len: 313 time: 0.0555623
2026-04-27 13:11:59.006 9 INFO neutron.db.ovn_revision_numbers_db [None req-79f0a3d5-3f54-4095-9db6-ad00699b1256 - - - - - -] Successfully bumped revision number for resource 0460e65f-ee8c-465d-be61-259bd06041aa (type: ports) to 2
2026-04-27 13:11:59.078 10 INFO neutron.wsgi [None req-0a3cc351-21c2-4d6e-a41e-49f9197e32b1 ad6e862df6954b8184019f07e7d1b33b 100588f2ae0247e58cb09e0efc6f7c82 - - default default] 10.0.0.162 "POST /v2.0/networks HTTP/1.1" status: 201 len: 853 time: 1.3253434
2026-04-27 13:11:59.212 10 WARNING neutron.scheduler.dhcp_agent_scheduler [None req-1fd38389-4319-440e-8d4a-d351947ffbde c517ae173a534c19b2056e9792252a97 3f39e3c30eba471790275b3bdd63032c - - default default] No more DHCP agents
2026-04-27 13:11:59.222 10 WARNING neutron.api.rpc.agentnotifiers.dhcp_rpc_agent_api [None req-1fd38389-4319-440e-8d4a-d351947ffbde c517ae173a534c19b2056e9792252a97 3f39e3c30eba471790275b3bdd63032c - - default default] Unable to schedule network 7580a02b-c462-4d6c-8d2c-08e08d4c9b44: no agents available; will retry on subsequent port and subnet creation events.
2026-04-27 13:11:59.335 9 INFO neutron.db.ovn_revision_numbers_db [None req-79f0a3d5-3f54-4095-9db6-ad00699b1256 - - - - - -] Successfully bumped revision number for resource 0460e65f-ee8c-465d-be61-259bd06041aa (type: ports) to 4
