2026-04-27 13:13:21.294 10 WARNING neutron.api.rpc.agentnotifiers.dhcp_rpc_agent_api [None req-05f77168-b27d-4526-982f-274d003c5f58 ed924cd012714052895c25963376e7b4 31f62a03e3bf499e9e7eddb96d687d25 - - default default] Unable to schedule network 1415a444-409d-484c-80b3-ba374abb4951: no agents available; will retry on subsequent port and subnet creation events. /var/lib/openstack/lib/python3.10/site-packages/pycadf/identifier.py:71: UserWarning: Invalid uuid: neutron. To ensure interoperability, identifiers should be a valid uuid. warnings.warn(('Invalid uuid: %s. To ensure interoperability, '
2026-04-27 13:13:21.507 10 INFO neutron.db.ovn_revision_numbers_db [None req-05f77168-b27d-4526-982f-274d003c5f58 ed924cd012714052895c25963376e7b4 31f62a03e3bf499e9e7eddb96d687d25 - - default default] Successfully bumped revision number for resource 36d153d5-ce14-4d61-925b-826a8bc2e9d3 (type: ports) to 1
2026-04-27 13:13:21.527 9 INFO neutron.wsgi [None req-178b5e56-1f17-4a6a-a6b4-b25769a3e32c 3023435136e8400bb250a7b3e860157a a016ec67fd264228b0a173c914383276 - - default default] 10.0.0.162 "GET /v2.0/ports/7eff0559-4063-4fb3-bb75-d522e648ef73 HTTP/1.1" status: 200 len: 1135 time: 0.0829022
2026-04-27 13:13:21.534 10 INFO neutron.wsgi [None req-05f77168-b27d-4526-982f-274d003c5f58 ed924cd012714052895c25963376e7b4 31f62a03e3bf499e9e7eddb96d687d25 - - default default] 10.0.0.162 "POST /v2.0/ports HTTP/1.1" status: 201 len: 1158 time: 0.8945320 /var/lib/openstack/lib/python3.10/site-packages/pycadf/identifier.py:71: UserWarning: Invalid uuid: neutron. To ensure interoperability, identifiers should be a valid uuid. warnings.warn(('Invalid uuid: %s. To ensure interoperability, '
2026-04-27 13:13:21.824 10 WARNING neutron.scheduler.dhcp_agent_scheduler [None req-d26711ac-02b9-42bd-b3e9-407708715b79 ed924cd012714052895c25963376e7b4 31f62a03e3bf499e9e7eddb96d687d25 - - default default] No more DHCP agents
2026-04-27 13:13:21.827 10 WARNING neutron.api.rpc.agentnotifiers.dhcp_rpc_agent_api [None req-d26711ac-02b9-42bd-b3e9-407708715b79 ed924cd012714052895c25963376e7b4 31f62a03e3bf499e9e7eddb96d687d25 - - default default] Unable to schedule network e8a3ca21-c90f-443c-b1f2-b44bf66ec036: no agents available; will retry on subsequent port and subnet creation events.
2026-04-27 13:13:22.242 10 INFO neutron.db.l3_db [None req-d26711ac-02b9-42bd-b3e9-407708715b79 ed924cd012714052895c25963376e7b4 31f62a03e3bf499e9e7eddb96d687d25 - - default default] Floating IP 9f9ee7f0-8c89-4579-b321-683a820d0f22 associated. External IP: 10.96.250.215, port: 36d153d5-ce14-4d61-925b-826a8bc2e9d3.
2026-04-27 13:13:22.434 10 INFO neutron.db.ovn_revision_numbers_db [None req-d26711ac-02b9-42bd-b3e9-407708715b79 ed924cd012714052895c25963376e7b4 31f62a03e3bf499e9e7eddb96d687d25 - - default default] Successfully bumped revision number for resource 9f9ee7f0-8c89-4579-b321-683a820d0f22 (type: floatingips) to 0
2026-04-27 13:13:22.455 9 WARNING neutron.plugins.ml2.drivers.ovn.mech_driver.ovsdb.ovn_client [None req-a286ef0d-ae60-4d6c-8b9d-1f4a3a46398e - - - - - -] No hosting information found for port 693c690e-0918-4e93-ad81-53e38a1a0eda: RuntimeError: No hosting information found for port 693c690e-0918-4e93-ad81-53e38a1a0eda
2026-04-27 13:13:22.455 9 INFO neutron.plugins.ml2.drivers.ovn.mech_driver.mech_driver [None req-a286ef0d-ae60-4d6c-8b9d-1f4a3a46398e - - - - - -] OVN reports status up for port: 1de34075-1adf-4037-a143-d3b3236f78dd
2026-04-27 13:13:22.463 9 INFO neutron.plugins.ml2.plugin [None req-a286ef0d-ae60-4d6c-8b9d-1f4a3a46398e - - - - - -] Attempt 1 to provision port 1de34075-1adf-4037-a143-d3b3236f78dd
2026-04-27 13:13:22.562 10 INFO neutron.db.ovn_revision_numbers_db [None req-d26711ac-02b9-42bd-b3e9-407708715b79 ed924cd012714052895c25963376e7b4 31f62a03e3bf499e9e7eddb96d687d25 - - default default] Successfully bumped revision number for resource 9f9ee7f0-8c89-4579-b321-683a820d0f22 (type: floatingips) to 1
2026-04-27 13:13:22.565 9 INFO neutron.wsgi [None req-2ace6fbc-62f5-4628-a958-add502f8ae9a 3023435136e8400bb250a7b3e860157a a016ec67fd264228b0a173c914383276 - - default default] 10.0.0.162 "GET /v2.0/ports/7eff0559-4063-4fb3-bb75-d522e648ef73 HTTP/1.1" status: 200 len: 1135 time: 0.0316167
2026-04-27 13:13:22.594 10 INFO neutron.wsgi [None req-d26711ac-02b9-42bd-b3e9-407708715b79 ed924cd012714052895c25963376e7b4 31f62a03e3bf499e9e7eddb96d687d25 - - default default] 10.0.0.162 "POST /v2.0/floatingips HTTP/1.1" status: 201 len: 1042 time: 1.0551422
2026-04-27 13:13:22.735 10 INFO neutron.db.l3_db [None req-b34f6b35-5b06-4c04-bc23-4717ed1fa517 ed924cd012714052895c25963376e7b4 31f62a03e3bf499e9e7eddb96d687d25 - - default default] Floating IP 9f9ee7f0-8c89-4579-b321-683a820d0f22 disassociated. External IP: 10.96.250.215, port: 36d153d5-ce14-4d61-925b-826a8bc2e9d3.
2026-04-27 13:13:22.739 9 INFO neutron.db.ovn_revision_numbers_db [None req-a286ef0d-ae60-4d6c-8b9d-1f4a3a46398e - - - - - -] Successfully bumped revision number for resource 1de34075-1adf-4037-a143-d3b3236f78dd (type: ports) to 2
2026-04-27 13:13:22.785 10 INFO neutron.db.ovn_revision_numbers_db [None req-b34f6b35-5b06-4c04-bc23-4717ed1fa517 ed924cd012714052895c25963376e7b4 31f62a03e3bf499e9e7eddb96d687d25 - - default default] Successfully bumped revision number for resource 9f9ee7f0-8c89-4579-b321-683a820d0f22 (type: floatingips) to 2
2026-04-27 13:13:22.877 10 INFO neutron.wsgi [None req-b34f6b35-5b06-4c04-bc23-4717ed1fa517 ed924cd012714052895c25963376e7b4 31f62a03e3bf499e9e7eddb96d687d25 - - default default] 10.0.0.162 "PUT /v2.0/floatingips/9f9ee7f0-8c89-4579-b321-683a820d0f22 HTTP/1.1" status: 200 len: 748 time: 0.2774007
2026-04-27 13:13:22.915 9 INFO neutron.db.ovn_revision_numbers_db [None req-a286ef0d-ae60-4d6c-8b9d-1f4a3a46398e - - - - - -] Successfully bumped revision number for resource 1de34075-1adf-4037-a143-d3b3236f78dd (type: router_ports) to 2
2026-04-27 13:13:23.228 10 INFO neutron.wsgi [None req-e2d8007c-8a55-4cac-943b-e9ea2cba3086 ed924cd012714052895c25963376e7b4 31f62a03e3bf499e9e7eddb96d687d25 - - default default] 10.0.0.162 "DELETE /v2.0/floatingips/9f9ee7f0-8c89-4579-b321-683a820d0f22 HTTP/1.1" status: 204 len: 168 time: 0.3462365
2026-04-27 13:13:23.397 9 INFO neutron.db.ovn_revision_numbers_db [None req-163206e4-4b65-4722-8368-2673d89e6ec0 c517ae173a534c19b2056e9792252a97 3f39e3c30eba471790275b3bdd63032c - - default default] Successfully bumped revision number for resource 82abb931-6744-49da-9a16-6bef23e6cd83 (type: security_groups) to 1
2026-04-27 13:13:23.412 9 INFO neutron.db.ovn_revision_numbers_db [None req-163206e4-4b65-4722-8368-2673d89e6ec0 c517ae173a534c19b2056e9792252a97 3f39e3c30eba471790275b3bdd63032c - - default default] Successfully bumped revision number for resource 2c45d0e4-1dac-492a-aea2-97353f2be42b (type: security_group_rules) to 0
2026-04-27 13:13:23.429 9 INFO neutron.db.ovn_revision_numbers_db [None req-163206e4-4b65-4722-8368-2673d89e6ec0 c517ae173a534c19b2056e9792252a97 3f39e3c30eba471790275b3bdd63032c - - default default] Successfully bumped revision number for resource 553859d0-6d21-47de-9689-105e67b9dfc5 (type: security_group_rules) to 0
2026-04-27 13:13:23.449 9 INFO neutron.db.ovn_revision_numbers_db [None req-163206e4-4b65-4722-8368-2673d89e6ec0 c517ae173a534c19b2056e9792252a97 3f39e3c30eba471790275b3bdd63032c - - default default] Successfully bumped revision number for resource 71098f61-ed23-42ab-b1fd-36bc8563bf30 (type: security_group_rules) to 0
2026-04-27 13:13:23.468 9 INFO neutron.db.ovn_revision_numbers_db [None req-163206e4-4b65-4722-8368-2673d89e6ec0 c517ae173a534c19b2056e9792252a97 3f39e3c30eba471790275b3bdd63032c - - default default] Successfully bumped revision number for resource 959b66b3-2bfa-4533-bdd9-9997dfd82d71 (type: security_group_rules) to 0
2026-04-27 13:13:23.494 9 INFO neutron.wsgi [None req-163206e4-4b65-4722-8368-2673d89e6ec0 c517ae173a534c19b2056e9792252a97 3f39e3c30eba471790275b3bdd63032c - - default default] 10.0.0.162 "GET /v2.0/security-groups?tenant_id=9e9f6bf3268a427fbf0a173a0d977921&name=default HTTP/1.1" status: 200 len: 2996 time: 0.3859754
2026-04-27 13:13:23.529 10 WARNING neutron.scheduler.dhcp_agent_scheduler [None req-b85e1a20-7cdc-41c4-a2ac-b734dde6d82e ed924cd012714052895c25963376e7b4 31f62a03e3bf499e9e7eddb96d687d25 - - default default] No more DHCP agents
2026-04-27 13:13:23.531 10 WARNING neutron.api.rpc.agentnotifiers.dhcp_rpc_agent_api [None req-b85e1a20-7cdc-41c4-a2ac-b734dde6d82e ed924cd012714052895c25963376e7b4 31f62a03e3bf499e9e7eddb96d687d25 - - default default] Unable to schedule network e8a3ca21-c90f-443c-b1f2-b44bf66ec036: no agents available; will retry on subsequent port and subnet creation events.
2026-04-27 13:13:23.612 10 INFO neutron.wsgi [None req-4783cf14-c55d-44d9-8b56-5af4eeaa9da5 3023435136e8400bb250a7b3e860157a a016ec67fd264228b0a173c914383276 - - default default] 10.0.0.162 "GET /v2.0/ports/7eff0559-4063-4fb3-bb75-d522e648ef73 HTTP/1.1" status: 200 len: 1135 time: 0.0423636
2026-04-27 13:13:23.701 9 INFO neutron.wsgi [None req-f591b163-c5fe-48d2-a8e9-8a6c2c8b987c c517ae173a534c19b2056e9792252a97 3f39e3c30eba471790275b3bdd63032c - - default default] 10.0.0.162 "DELETE /v2.0/security-groups/82abb931-6744-49da-9a16-6bef23e6cd83 HTTP/1.1" status: 204 len: 168 time: 0.2024875
2026-04-27 13:13:23.941 10 INFO neutron.db.l3_db [None req-b85e1a20-7cdc-41c4-a2ac-b734dde6d82e ed924cd012714052895c25963376e7b4 31f62a03e3bf499e9e7eddb96d687d25 - - default default] Floating IP 3e49413a-a68e-43c2-ad84-f34de47ea751 associated. External IP: 10.96.250.211, port: 8844d286-48d6-4ef1-8f37-7f097eaaa1eb.
2026-04-27 13:13:24.136 10 INFO neutron.db.ovn_revision_numbers_db [None req-b85e1a20-7cdc-41c4-a2ac-b734dde6d82e ed924cd012714052895c25963376e7b4 31f62a03e3bf499e9e7eddb96d687d25 - - default default] Successfully bumped revision number for resource 3e49413a-a68e-43c2-ad84-f34de47ea751 (type: floatingips) to 0
2026-04-27 13:13:24.276 10 INFO neutron.db.ovn_revision_numbers_db [None req-b85e1a20-7cdc-41c4-a2ac-b734dde6d82e ed924cd012714052895c25963376e7b4 31f62a03e3bf499e9e7eddb96d687d25 - - default default] Successfully bumped revision number for resource 3e49413a-a68e-43c2-ad84-f34de47ea751 (type: floatingips) to 1
2026-04-27 13:13:24.311 10 INFO neutron.wsgi [None req-b85e1a20-7cdc-41c4-a2ac-b734dde6d82e ed924cd012714052895c25963376e7b4 31f62a03e3bf499e9e7eddb96d687d25 - - default default] 10.0.0.162 "POST /v2.0/floatingips HTTP/1.1" status: 201 len: 1040 time: 1.0757527
2026-04-27 13:13:24.357 10 INFO neutron.wsgi [None req-d4b6ccbe-7b19-4028-9e2a-0e6d346b1b17 ed924cd012714052895c25963376e7b4 31f62a03e3bf499e9e7eddb96d687d25 - - default default] 10.0.0.162 "GET /v2.0/floatingips/3e49413a-a68e-43c2-ad84-f34de47ea751 HTTP/1.1" status: 200 len: 1037 time: 0.0415168
2026-04-27 13:13:24.426 9 INFO neutron.wsgi [None req-52e26ba1-7808-439e-a1e8-51eb04ae5068 ed924cd012714052895c25963376e7b4 31f62a03e3bf499e9e7eddb96d687d25 - - default default] 10.0.0.162 "GET /v2.0/floatingips HTTP/1.1" status: 200 len: 1040 time: 0.0649087
2026-04-27 13:13:24.687 10 INFO neutron.wsgi [None req-81ee04e7-a8f8-4cf0-9dfc-41ccd8d96c3b 3023435136e8400bb250a7b3e860157a a016ec67fd264228b0a173c914383276 - - default default] 10.0.0.162 "GET /v2.0/ports/7eff0559-4063-4fb3-bb75-d522e648ef73 HTTP/1.1" status: 200 len: 1135 time: 0.0478449
2026-04-27 13:13:24.723 9 INFO neutron.db.l3_db [None req-b6ab0157-c6ad-4957-8fb3-cb65223f8675 ed924cd012714052895c25963376e7b4 31f62a03e3bf499e9e7eddb96d687d25 - - default default] Floating IP 3e49413a-a68e-43c2-ad84-f34de47ea751 associated. External IP: 10.96.250.211, port: 8844d286-48d6-4ef1-8f37-7f097eaaa1eb.
2026-04-27 13:13:24.900 9 INFO neutron.db.ovn_revision_numbers_db [None req-b6ab0157-c6ad-4957-8fb3-cb65223f8675 ed924cd012714052895c25963376e7b4 31f62a03e3bf499e9e7eddb96d687d25 - - default default] Successfully bumped revision number for resource 3e49413a-a68e-43c2-ad84-f34de47ea751 (type: floatingips) to 2
2026-04-27 13:13:25.000 10 WARNING neutron.plugins.ml2.drivers.ovn.mech_driver.ovsdb.ovn_client [None req-e359b775-eaeb-466c-949d-6af974516fab - - - - - -] No hosting information found for port 283fd4ad-d981-4f80-b4f8-09af5777f1fe: RuntimeError: No hosting information found for port 283fd4ad-d981-4f80-b4f8-09af5777f1fe
2026-04-27 13:13:25.000 10 INFO neutron.plugins.ml2.drivers.ovn.mech_driver.mech_driver [None req-e359b775-eaeb-466c-949d-6af974516fab - - - - - -] OVN reports status up for port: 7eff0559-4063-4fb3-bb75-d522e648ef73
2026-04-27 13:13:25.008 10 INFO neutron.plugins.ml2.plugin [None req-e359b775-eaeb-466c-949d-6af974516fab - - - - - -] Attempt 1 to provision port 7eff0559-4063-4fb3-bb75-d522e648ef73
2026-04-27 13:13:25.015 9 INFO neutron.db.ovn_revision_numbers_db [None req-b6ab0157-c6ad-4957-8fb3-cb65223f8675 ed924cd012714052895c25963376e7b4 31f62a03e3bf499e9e7eddb96d687d25 - - default default] Successfully bumped revision number for resource 3e49413a-a68e-43c2-ad84-f34de47ea751 (type: floatingips) to 2
2026-04-27 13:13:25.082 9 INFO neutron.wsgi [None req-b6ab0157-c6ad-4957-8fb3-cb65223f8675 ed924cd012714052895c25963376e7b4 31f62a03e3bf499e9e7eddb96d687d25 - - default default] 10.0.0.162 "PUT /v2.0/floatingips/3e49413a-a68e-43c2-ad84-f34de47ea751 HTTP/1.1" status: 200 len: 1039 time: 0.6372371
2026-04-27 13:13:25.266 10 INFO neutron.db.l3_db [None req-a028808b-7415-4979-904b-951f0d7d1dc0 ed924cd012714052895c25963376e7b4 31f62a03e3bf499e9e7eddb96d687d25 - - default default] Floating IP 3e49413a-a68e-43c2-ad84-f34de47ea751 disassociated. External IP: 10.96.250.211, port: 36d153d5-ce14-4d61-925b-826a8bc2e9d3.
2026-04-27 13:13:25.315 10 INFO neutron.db.ovn_revision_numbers_db [None req-a028808b-7415-4979-904b-951f0d7d1dc0 ed924cd012714052895c25963376e7b4 31f62a03e3bf499e9e7eddb96d687d25 - - default default] Successfully bumped revision number for resource 3e49413a-a68e-43c2-ad84-f34de47ea751 (type: floatingips) to 3
2026-04-27 13:13:25.417 10 INFO neutron.wsgi [None req-a028808b-7415-4979-904b-951f0d7d1dc0 ed924cd012714052895c25963376e7b4 31f62a03e3bf499e9e7eddb96d687d25 - - default default] 10.0.0.162 "PUT /v2.0/floatingips/3e49413a-a68e-43c2-ad84-f34de47ea751 HTTP/1.1" status: 200 len: 748 time: 0.3234491
2026-04-27 13:13:25.464 10 INFO neutron.db.ovn_revision_numbers_db [None req-e359b775-eaeb-466c-949d-6af974516fab - - - - - -] Successfully bumped revision number for resource 7eff0559-4063-4fb3-bb75-d522e648ef73 (type: ports) to 2
2026-04-27 13:13:25.605 10 INFO neutron.db.ovn_revision_numbers_db [None req-e359b775-eaeb-466c-949d-6af974516fab - - - - - -] Successfully bumped revision number for resource 7eff0559-4063-4fb3-bb75-d522e648ef73 (type: router_ports) to 2
2026-04-27 13:13:25.815 10 INFO neutron.wsgi [None req-f08c06b5-2adc-4444-84f9-8314a99b63e9 3023435136e8400bb250a7b3e860157a a016ec67fd264228b0a173c914383276 - - default default] 10.0.0.162 "GET /v2.0/ports/7eff0559-4063-4fb3-bb75-d522e648ef73 HTTP/1.1" status: 200 len: 1137 time: 0.1113360
2026-04-27 13:13:25.871 9 INFO neutron.db.ovn_revision_numbers_db [None req-0f668bf8-c153-436a-987d-9386363eca87 d5c85887a5b042ccbff749c0a929e4b1 31bed0ef677140a984b17762437d4797 - - default default] Successfully bumped revision number for resource aad4930e-e964-4e19-b319-cfc00456b07e (type: security_groups) to 1
2026-04-27 13:13:25.902 9 INFO neutron.db.ovn_revision_numbers_db [None req-0f668bf8-c153-436a-987d-9386363eca87 d5c85887a5b042ccbff749c0a929e4b1 31bed0ef677140a984b17762437d4797 - - default default] Successfully bumped revision number for resource 3987fbf1-e9b6-4486-9253-b00cb32775ab (type: security_group_rules) to 0
2026-04-27 13:13:25.923 9 INFO neutron.db.ovn_revision_numbers_db [None req-0f668bf8-c153-436a-987d-9386363eca87 d5c85887a5b042ccbff749c0a929e4b1 31bed0ef677140a984b17762437d4797 - - default default] Successfully bumped revision number for resource 45c0ee92-8bca-4bf1-a5da-50cb7593a06a (type: security_group_rules) to 0
2026-04-27 13:13:25.936 9 INFO neutron.wsgi [None req-ad422fe7-4e62-4a29-9afc-30dec5da5e76 ed924cd012714052895c25963376e7b4 31f62a03e3bf499e9e7eddb96d687d25 - - default default] 10.0.0.162 "DELETE /v2.0/floatingips/3e49413a-a68e-43c2-ad84-f34de47ea751 HTTP/1.1" status: 204 len: 168 time: 0.5079374
2026-04-27 13:13:25.950 9 INFO neutron.db.ovn_revision_numbers_db [None req-0f668bf8-c153-436a-987d-9386363eca87 d5c85887a5b042ccbff749c0a929e4b1 31bed0ef677140a984b17762437d4797 - - default default] Successfully bumped revision number for resource 8db43735-1e0a-4c77-8a70-d01336e6b64d (type: security_group_rules) to 0
2026-04-27 13:13:25.966 9 INFO neutron.api.v2.resource [None req-f9d95fdd-b400-46c9-80d3-408cc6bcfb42 ed924cd012714052895c25963376e7b4 31f62a03e3bf499e9e7eddb96d687d25 - - default default] delete failed (client error): The resource could not be found.
2026-04-27 13:13:25.968 9 INFO neutron.wsgi [None req-f9d95fdd-b400-46c9-80d3-408cc6bcfb42 ed924cd012714052895c25963376e7b4 31f62a03e3bf499e9e7eddb96d687d25 - - default default] 10.0.0.162 "DELETE /v2.0/floatingips/3e49413a-a68e-43c2-ad84-f34de47ea751 HTTP/1.1" status: 404 len: 345 time: 0.0264900
2026-04-27 13:13:25.999 9 INFO neutron.db.ovn_revision_numbers_db [None req-0f668bf8-c153-436a-987d-9386363eca87 d5c85887a5b042ccbff749c0a929e4b1 31bed0ef677140a984b17762437d4797 - - default default] Successfully bumped revision number for resource b25f1318-a261-4e24-b809-211140a238ac (type: security_group_rules) to 0
2026-04-27 13:13:26.051 9 INFO neutron.db.segments_db [None req-0f668bf8-c153-436a-987d-9386363eca87 d5c85887a5b042ccbff749c0a929e4b1 31bed0ef677140a984b17762437d4797 - - default default] Added segment 57f46b04-73fa-45df-a107-e64064b6ca7b of type geneve for network 30a2de7f-70fc-4a3b-b120-1d8f89a4c697
2026-04-27 13:13:26.299 9 INFO neutron.db.ovn_revision_numbers_db [None req-0f668bf8-c153-436a-987d-9386363eca87 d5c85887a5b042ccbff749c0a929e4b1 31bed0ef677140a984b17762437d4797 - - default default] Successfully bumped revision number for resource 30a2de7f-70fc-4a3b-b120-1d8f89a4c697 (type: networks) to 1
2026-04-27 13:13:26.535 9 WARNING neutron.scheduler.dhcp_agent_scheduler [None req-0f668bf8-c153-436a-987d-9386363eca87 d5c85887a5b042ccbff749c0a929e4b1 31bed0ef677140a984b17762437d4797 - - default default] No more DHCP agents
2026-04-27 13:13:26.537 9 WARNING neutron.api.rpc.agentnotifiers.dhcp_rpc_agent_api [None req-0f668bf8-c153-436a-987d-9386363eca87 d5c85887a5b042ccbff749c0a929e4b1 31bed0ef677140a984b17762437d4797 - - default default] Unable to schedule network 30a2de7f-70fc-4a3b-b120-1d8f89a4c697: no agents available; will retry on subsequent port and subnet creation events.
2026-04-27 13:13:26.559 9 INFO neutron.wsgi [None req-088fc904-99b2-46b5-a677-eef0d71cf640 ed924cd012714052895c25963376e7b4 31f62a03e3bf499e9e7eddb96d687d25 - - default default] 10.0.0.162 "DELETE /v2.0/ports/36d153d5-ce14-4d61-925b-826a8bc2e9d3 HTTP/1.1" status: 204 len: 168 time: 0.5855982
2026-04-27 13:13:26.631 9 INFO neutron.db.ovn_revision_numbers_db [None req-0f668bf8-c153-436a-987d-9386363eca87 d5c85887a5b042ccbff749c0a929e4b1 31bed0ef677140a984b17762437d4797 - - default default] Successfully bumped revision number for resource 454312db-7f0c-4882-b6eb-241845184bdb (type: ports) to 1
2026-04-27 13:13:26.651 9 INFO neutron.wsgi [None req-0f668bf8-c153-436a-987d-9386363eca87 d5c85887a5b042ccbff749c0a929e4b1 31bed0ef677140a984b17762437d4797 - - default default] 10.0.0.162 "POST /v2.0/networks HTTP/1.1" status: 201 len: 847 time: 1.2285545
2026-04-27 13:13:26.684 10 INFO neutron.wsgi [None req-1ab2afe8-1bf4-4197-8955-bbd5b4d8f4da 3023435136e8400bb250a7b3e860157a a016ec67fd264228b0a173c914383276 - - default default] 10.0.0.162 "PUT /v2.0/routers/9ebcc9eb-7f41-47a1-b737-fe7bdd44adaa/remove_router_interface HTTP/1.1" status: 200 len: 503 time: 0.8645337
2026-04-27 13:13:26.801 9 INFO neutron.wsgi [None req-e5f8ff34-02bf-4dfa-b92b-1b947fe65891 3023435136e8400bb250a7b3e860157a a016ec67fd264228b0a173c914383276 - - default default] 10.0.0.162 "GET /v2.0/ports/1de34075-1adf-4037-a143-d3b3236f78dd HTTP/1.1" status: 200 len: 1137 time: 0.1096406
2026-04-27 13:13:26.982 10 INFO neutron.wsgi [None req-064c387c-c608-48a3-ace8-15cc38cf9ded ed924cd012714052895c25963376e7b4 31f62a03e3bf499e9e7eddb96d687d25 - - default default] 10.0.0.162 "DELETE /v2.0/ports/8844d286-48d6-4ef1-8f37-7f097eaaa1eb HTTP/1.1" status: 204 len: 168 time: 0.4166443 /var/lib/openstack/lib/python3.10/site-packages/pycadf/identifier.py:71: UserWarning: Invalid uuid: neutron. To ensure interoperability, identifiers should be a valid uuid. warnings.warn(('Invalid uuid: %s. To ensure interoperability, '
2026-04-27 13:13:26.999 9 WARNING neutron.scheduler.dhcp_agent_scheduler [None req-ea8fb0e5-5c19-4558-8acf-33e13933bb76 d5c85887a5b042ccbff749c0a929e4b1 31bed0ef677140a984b17762437d4797 - - default default] No more DHCP agents
2026-04-27 13:13:27.016 9 WARNING neutron.api.rpc.agentnotifiers.dhcp_rpc_agent_api [None req-ea8fb0e5-5c19-4558-8acf-33e13933bb76 d5c85887a5b042ccbff749c0a929e4b1 31bed0ef677140a984b17762437d4797 - - default default] Unable to schedule network 30a2de7f-70fc-4a3b-b120-1d8f89a4c697: no agents available; will retry on subsequent port and subnet creation events.
2026-04-27 13:13:27.094 10 INFO neutron.wsgi [None req-74c3c864-93ba-42db-89b3-007d2928a551 ed924cd012714052895c25963376e7b4 31f62a03e3bf499e9e7eddb96d687d25 - - default default] 10.0.0.162 "GET /v2.0/ports?device_id=5bdcc685-bdc7-4710-831e-b0a8c5e99fe0 HTTP/1.1" status: 200 len: 1140 time: 0.1040080
2026-04-27 13:13:27.129 9 INFO neutron.db.ovn_revision_numbers_db [None req-ea8fb0e5-5c19-4558-8acf-33e13933bb76 d5c85887a5b042ccbff749c0a929e4b1 31bed0ef677140a984b17762437d4797 - - default default] Successfully bumped revision number for resource 0f18f275-07fc-42ac-a6da-791811663eac (type: ports) to 1
2026-04-27 13:13:27.169 9 INFO neutron.wsgi [None req-ea8fb0e5-5c19-4558-8acf-33e13933bb76 d5c85887a5b042ccbff749c0a929e4b1 31bed0ef677140a984b17762437d4797 - - default default] 10.0.0.162 "POST /v2.0/ports HTTP/1.1" status: 201 len: 976 time: 0.5128238
2026-04-27 13:13:27.295 10 INFO neutron.db.segments_db [None req-701b6a04-b192-48f1-8004-ab87d78bdf99 d5c85887a5b042ccbff749c0a929e4b1 31bed0ef677140a984b17762437d4797 - - default default] Added segment 8df9406f-e7b6-4f0f-b4a2-4a28a2d4d9ce of type geneve for network c7316001-f55a-4753-8ce8-0e922c0ec9ba
2026-04-27 13:13:27.341 9 WARNING neutron.plugins.ml2.drivers.ovn.mech_driver.ovsdb.ovn_client [None req-a286ef0d-ae60-4d6c-8b9d-1f4a3a46398e - - - - - -] No hosting information found for port 1de34075-1adf-4037-a143-d3b3236f78dd: RuntimeError: No hosting information found for port 1de34075-1adf-4037-a143-d3b3236f78dd
2026-04-27 13:13:27.505 10 INFO neutron.db.ovn_revision_numbers_db [None req-701b6a04-b192-48f1-8004-ab87d78bdf99 d5c85887a5b042ccbff749c0a929e4b1 31bed0ef677140a984b17762437d4797 - - default default] Successfully bumped revision number for resource c7316001-f55a-4753-8ce8-0e922c0ec9ba (type: networks) to 1
2026-04-27 13:13:27.710 9 INFO neutron.wsgi [None req-5653b28c-a939-435a-b4fa-144842bf680e 3023435136e8400bb250a7b3e860157a a016ec67fd264228b0a173c914383276 - - default default] 10.0.0.162 "PUT /v2.0/routers/9ebcc9eb-7f41-47a1-b737-fe7bdd44adaa/remove_router_interface HTTP/1.1" status: 200 len: 503 time: 0.9028256 /var/lib/openstack/lib/python3.10/site-packages/pycadf/identifier.py:71: UserWarning: Invalid uuid: neutron. To ensure interoperability, identifiers should be a valid uuid. warnings.warn(('Invalid uuid: %s. To ensure interoperability, '
2026-04-27 13:13:27.736 10 WARNING neutron.scheduler.dhcp_agent_scheduler [None req-701b6a04-b192-48f1-8004-ab87d78bdf99 d5c85887a5b042ccbff749c0a929e4b1 31bed0ef677140a984b17762437d4797 - - default default] No more DHCP agents
2026-04-27 13:13:27.741 9 INFO neutron.wsgi [None req-a760e89e-17fb-498e-8a92-283770661dae 3023435136e8400bb250a7b3e860157a a016ec67fd264228b0a173c914383276 - - default default] 10.0.0.162 "GET /v2.0/ports?device_id=9ebcc9eb-7f41-47a1-b737-fe7bdd44adaa HTTP/1.1" status: 200 len: 205 time: 0.0263274
2026-04-27 13:13:27.742 10 WARNING neutron.api.rpc.agentnotifiers.dhcp_rpc_agent_api [None req-701b6a04-b192-48f1-8004-ab87d78bdf99 d5c85887a5b042ccbff749c0a929e4b1 31bed0ef677140a984b17762437d4797 - - default default] Unable to schedule network c7316001-f55a-4753-8ce8-0e922c0ec9ba: no agents available; will retry on subsequent port and subnet creation events.
2026-04-27 13:13:27.841 10 INFO neutron.db.ovn_revision_numbers_db [None req-701b6a04-b192-48f1-8004-ab87d78bdf99 d5c85887a5b042ccbff749c0a929e4b1 31bed0ef677140a984b17762437d4797 - - default default] Successfully bumped revision number for resource 9bdd1d5d-edec-4079-accb-c05af6ee5a3a (type: ports) to 1
2026-04-27 13:13:27.885 10 INFO neutron.wsgi [None req-701b6a04-b192-48f1-8004-ab87d78bdf99 d5c85887a5b042ccbff749c0a929e4b1 31bed0ef677140a984b17762437d4797 - - default default] 10.0.0.162 "POST /v2.0/networks HTTP/1.1" status: 201 len: 835 time: 0.7102947
2026-04-27 13:13:28.221 10 WARNING neutron.scheduler.dhcp_agent_scheduler [None req-ef29f741-277b-479f-bd53-87695bc973d4 d5c85887a5b042ccbff749c0a929e4b1 31bed0ef677140a984b17762437d4797 - - default default] No more DHCP agents
2026-04-27 13:13:28.229 10 WARNING neutron.api.rpc.agentnotifiers.dhcp_rpc_agent_api [None req-ef29f741-277b-479f-bd53-87695bc973d4 d5c85887a5b042ccbff749c0a929e4b1 31bed0ef677140a984b17762437d4797 - - default default] Unable to schedule network c7316001-f55a-4753-8ce8-0e922c0ec9ba: no agents available; will retry on subsequent port and subnet creation events.
2026-04-27 13:13:28.233 10 INFO neutron.wsgi [None req-bdd0d2db-3bd2-4978-ab1f-ebbf175bde0c ed924cd012714052895c25963376e7b4 31f62a03e3bf499e9e7eddb96d687d25 - - default default] 10.0.0.162 "PUT /v2.0/routers/5bdcc685-bdc7-4710-831e-b0a8c5e99fe0/remove_router_interface HTTP/1.1" status: 200 len: 503 time: 1.1305907 /var/lib/openstack/lib/python3.10/site-packages/pycadf/identifier.py:71: UserWarning: Invalid uuid: neutron. To ensure interoperability, identifiers should be a valid uuid. warnings.warn(('Invalid uuid: %s. To ensure interoperability, '
2026-04-27 13:13:28.293 10 INFO neutron.db.ovn_revision_numbers_db [None req-ef29f741-277b-479f-bd53-87695bc973d4 d5c85887a5b042ccbff749c0a929e4b1 31bed0ef677140a984b17762437d4797 - - default default] Successfully bumped revision number for resource 7910ffd4-5501-44c5-a3c9-6c3561aa74d0 (type: subnets) to 0
2026-04-27 13:13:28.310 10 INFO neutron.wsgi [None req-ef29f741-277b-479f-bd53-87695bc973d4 d5c85887a5b042ccbff749c0a929e4b1 31bed0ef677140a984b17762437d4797 - - default default] 10.0.0.162 "POST /v2.0/subnets HTTP/1.1" status: 201 len: 821 time: 0.4187415
2026-04-27 13:13:28.478 9 INFO neutron.wsgi [None req-488e1306-d908-4e8b-a18a-f494040ef8a1 3023435136e8400bb250a7b3e860157a a016ec67fd264228b0a173c914383276 - - default default] 10.0.0.162 "DELETE /v2.0/routers/9ebcc9eb-7f41-47a1-b737-fe7bdd44adaa HTTP/1.1" status: 204 len: 168 time: 0.7324412
2026-04-27 13:13:28.707 9 INFO neutron.wsgi [None req-cb31e525-59d7-4f7a-923a-15d9335439f3 3023435136e8400bb250a7b3e860157a a016ec67fd264228b0a173c914383276 - - default default] 10.0.0.162 "DELETE /v2.0/subnets/57a50d16-94d9-4e9f-a92f-ec2bd00abad9 HTTP/1.1" status: 204 len: 168 time: 0.2188127
2026-04-27 13:13:28.945 9 INFO neutron.wsgi [None req-2986c5e6-712d-4673-8840-89f407e8478b 3023435136e8400bb250a7b3e860157a a016ec67fd264228b0a173c914383276 - - default default] 10.0.0.162 "DELETE /v2.0/subnets/de68290d-a988-4cac-819e-ad91abd503d5 HTTP/1.1" status: 204 len: 168 time: 0.2329102
2026-04-27 13:13:28.967 10 WARNING neutron.scheduler.dhcp_agent_scheduler [None req-688c0fb7-caee-477b-a00a-31def4aeddce d5c85887a5b042ccbff749c0a929e4b1 31bed0ef677140a984b17762437d4797 - - default default] No more DHCP agents
2026-04-27 13:13:28.970 10 WARNING neutron.api.rpc.agentnotifiers.dhcp_rpc_agent_api [None req-688c0fb7-caee-477b-a00a-31def4aeddce d5c85887a5b042ccbff749c0a929e4b1 31bed0ef677140a984b17762437d4797 - - default default] Unable to schedule network c7316001-f55a-4753-8ce8-0e922c0ec9ba: no agents available; will retry on subsequent port and subnet creation events.
2026-04-27 13:13:29.165 10 INFO neutron.db.ovn_revision_numbers_db [None req-688c0fb7-caee-477b-a00a-31def4aeddce d5c85887a5b042ccbff749c0a929e4b1 31bed0ef677140a984b17762437d4797 - - default default] Successfully bumped revision number for resource 751f8b99-18ef-4f17-9361-0c1faabb3ac1 (type: ports) to 1
2026-04-27 13:13:29.190 10 INFO neutron.wsgi [None req-ab12670f-9da6-4012-9620-9577ddf6a63e ed924cd012714052895c25963376e7b4 31f62a03e3bf499e9e7eddb96d687d25 - - default default] 10.0.0.162 "DELETE /v2.0/routers/5bdcc685-bdc7-4710-831e-b0a8c5e99fe0 HTTP/1.1" status: 204 len: 168 time: 0.9450052
2026-04-27 13:13:29.193 10 INFO neutron.wsgi [None req-688c0fb7-caee-477b-a00a-31def4aeddce d5c85887a5b042ccbff749c0a929e4b1 31bed0ef677140a984b17762437d4797 - - default default] 10.0.0.162 "POST /v2.0/ports HTTP/1.1" status: 201 len: 1160 time: 0.8778694 /var/lib/openstack/lib/python3.10/site-packages/pycadf/identifier.py:71: UserWarning: Invalid uuid: neutron. To ensure interoperability, identifiers should be a valid uuid. warnings.warn(('Invalid uuid: %s. To ensure interoperability, '
2026-04-27 13:13:29.468 9 INFO neutron.services.segments.plugin [-] Segment f953c719-c2fc-43d1-b989-6a2018475082 resource provider aggregate not found
2026-04-27 13:13:29.472 9 INFO neutron.services.segments.plugin [-] Segment f953c719-c2fc-43d1-b989-6a2018475082 resource provider aggregate not found
2026-04-27 13:13:29.490 9 INFO neutron.services.segments.plugin [-] Segment f953c719-c2fc-43d1-b989-6a2018475082 resource provider not found; error: Placement Client Error (4xx): {"errors": [{"status": 404, "title": "Not Found", "detail": "The resource could not be found.\n\n No resource provider with uuid f953c719-c2fc-43d1-b989-6a2018475082 found for delete ", "request_id": "req-b220c6a6-c97a-4b03-8ffb-3bc4a8c35b13"}]}
2026-04-27 13:13:29.497 9 INFO neutron.services.segments.plugin [-] Segment f953c719-c2fc-43d1-b989-6a2018475082 resource provider not found; error: Placement Client Error (4xx): {"errors": [{"status": 404, "title": "Not Found", "detail": "The resource could not be found.\n\n No resource provider with uuid f953c719-c2fc-43d1-b989-6a2018475082 found for delete ", "request_id": "req-250b4ee3-22bd-4a61-a673-163f1903c4fc"}]}
2026-04-27 13:13:29.514 10 INFO neutron.wsgi [None req-2bc12c4b-592c-4c12-80a3-b431a40f2220 d5c85887a5b042ccbff749c0a929e4b1 31bed0ef677140a984b17762437d4797 - - default default] 10.0.0.162 "DELETE /v2.0/ports/751f8b99-18ef-4f17-9361-0c1faabb3ac1 HTTP/1.1" status: 204 len: 168 time: 0.3140986
2026-04-27 13:13:29.523 9 INFO neutron.wsgi [None req-804131f5-7964-4f1f-806e-38cccb47a70d ed924cd012714052895c25963376e7b4 31f62a03e3bf499e9e7eddb96d687d25 - - default default] 10.0.0.162 "DELETE /v2.0/subnets/07708a38-9c03-4a37-a8be-695c5bd760e1 HTTP/1.1" status: 204 len: 168 time: 0.3283834
2026-04-27 13:13:29.531 9 INFO neutron.wsgi [None req-9cb08b99-7aef-48ba-8856-8f91ac1d2a57 3023435136e8400bb250a7b3e860157a a016ec67fd264228b0a173c914383276 - - default default] 10.0.0.162 "DELETE /v2.0/networks/d7f3bed7-3fab-4a32-a469-576cf98c2257 HTTP/1.1" status: 204 len: 168 time: 0.5821605
2026-04-27 13:13:29.544 10 INFO neutron.pecan_wsgi.hooks.translation [None req-6e166cc1-2fbb-46ee-928b-e927a39fe382 d5c85887a5b042ccbff749c0a929e4b1 31bed0ef677140a984b17762437d4797 - - default default] DELETE failed (client error): The resource could not be found.
2026-04-27 13:13:29.546 10 INFO neutron.wsgi [None req-6e166cc1-2fbb-46ee-928b-e927a39fe382 d5c85887a5b042ccbff749c0a929e4b1 31bed0ef677140a984b17762437d4797 - - default default] 10.0.0.162 "DELETE /v2.0/ports/751f8b99-18ef-4f17-9361-0c1faabb3ac1 HTTP/1.1" status: 404 len: 333 time: 0.0274866
2026-04-27 13:13:29.590 9 INFO neutron.pecan_wsgi.hooks.translation [None req-9d3c5a7f-06ab-449d-8ea2-b89dca0eaa91 d5c85887a5b042ccbff749c0a929e4b1 31bed0ef677140a984b17762437d4797 - - default default] GET failed (client error): The resource could not be found.
2026-04-27 13:13:29.592 9 INFO neutron.wsgi [None req-9d3c5a7f-06ab-449d-8ea2-b89dca0eaa91 d5c85887a5b042ccbff749c0a929e4b1 31bed0ef677140a984b17762437d4797 - - default default] 10.0.0.162 "GET /v2.0/ports/751f8b99-18ef-4f17-9361-0c1faabb3ac1 HTTP/1.1" status: 404 len: 333 time: 0.0384901
2026-04-27 13:13:29.726 10 INFO neutron.wsgi [req-2938adbb-be50-4799-a1c7-d4d86866865f req-0bc850bc-2cc8-47cc-8488-3e1838556480 7f398acef5df4c33bca6183ae41ad068 387d00d45f3249d68f8ac214b63f1413 - - 57bd1b6a1e4c4b43a0b4474c3721d38b 57bd1b6a1e4c4b43a0b4474c3721d38b] 10.0.0.15 "GET /v2.0/ports?device_id=7931e798-8722-43d6-b0ba-362084fb7b5a HTTP/1.1" status: 200 len: 1413 time: 0.0553358
2026-04-27 13:13:29.734 10 INFO neutron.wsgi [-] 10.0.0.89 "GET / HTTP/1.1" status: 200 len: 247 time: 0.0018911
2026-04-27 13:13:29.736 10 INFO neutron.wsgi [-] 10.0.0.89 "GET / HTTP/1.1" status: 200 len: 247 time: 0.0013094
2026-04-27 13:13:29.787 10 INFO neutron.wsgi [req-2938adbb-be50-4799-a1c7-d4d86866865f req-a33011cf-4c32-453e-bd59-c5e39599941a 7f398acef5df4c33bca6183ae41ad068 387d00d45f3249d68f8ac214b63f1413 - - 57bd1b6a1e4c4b43a0b4474c3721d38b 57bd1b6a1e4c4b43a0b4474c3721d38b] 10.0.0.15 "GET /v2.0/security-groups?id=bb04a119-1fa7-48da-8a51-c37fe4f72451&fields=id&fields=name HTTP/1.1" status: 200 len: 312 time: 0.0557356
2026-04-27 13:13:29.889 9 INFO neutron.wsgi [None req-52d77174-f17b-4817-9a64-427c2b3f70e0 d5c85887a5b042ccbff749c0a929e4b1 31bed0ef677140a984b17762437d4797 - - default default] 10.0.0.162 "DELETE /v2.0/subnets/7910ffd4-5501-44c5-a3c9-6c3561aa74d0 HTTP/1.1" status: 204 len: 168 time: 0.2913671
2026-04-27 13:13:30.015 10 INFO neutron.services.segments.plugin [-] Segment 9861b83f-399a-4a39-89ed-3bcd6782e442 resource provider aggregate not found
2026-04-27 13:13:30.026 10 INFO neutron.services.segments.plugin [-] Segment 9861b83f-399a-4a39-89ed-3bcd6782e442 resource provider aggregate not found
2026-04-27 13:13:30.043 10 INFO neutron.services.segments.plugin [-] Segment 9861b83f-399a-4a39-89ed-3bcd6782e442 resource provider not found; error: Placement Client Error (4xx): {"errors": [{"status": 404, "title": "Not Found", "detail": "The resource could not be found.\n\n No resource provider with uuid 9861b83f-399a-4a39-89ed-3bcd6782e442 found for delete ", "request_id": "req-e56f5bf1-4296-41fe-b5cf-adba163b38a5"}]}
2026-04-27 13:13:30.053 10 INFO neutron.services.segments.plugin [-] Segment 9861b83f-399a-4a39-89ed-3bcd6782e442 resource provider not found; error: Placement Client Error (4xx): {"errors": [{"status": 404, "title": "Not Found", "detail": "The resource could not be found.\n\n No resource provider with uuid 9861b83f-399a-4a39-89ed-3bcd6782e442 found for delete ", "request_id": "req-fca483ac-4cb2-415b-9113-e425186403a0"}]}
2026-04-27 13:13:30.076 10 INFO neutron.wsgi [None req-e5b6eb92-41f0-489a-8985-29d147e101fd 3023435136e8400bb250a7b3e860157a a016ec67fd264228b0a173c914383276 - - default default] 10.0.0.162 "DELETE /v2.0/networks/97b0507b-4eee-4766-a128-7086540e6348 HTTP/1.1" status: 204 len: 168 time: 0.5384727
2026-04-27 13:13:30.232 9 INFO neutron.wsgi [None req-8ecb1b33-f2e4-42ad-be86-6115220aface ed924cd012714052895c25963376e7b4 31f62a03e3bf499e9e7eddb96d687d25 - - default default] 10.0.0.162 "DELETE /v2.0/networks/1415a444-409d-484c-80b3-ba374abb4951 HTTP/1.1" status: 204 len: 168 time: 0.6989920
2026-04-27 13:13:30.246 10 WARNING neutron.plugins.ml2.drivers.ovn.mech_driver.ovsdb.ovn_client [None req-e359b775-eaeb-466c-949d-6af974516fab - - - - - -] No port found with ID 7eff0559-4063-4fb3-bb75-d522e648ef73: RuntimeError: No port found with ID 7eff0559-4063-4fb3-bb75-d522e648ef73
2026-04-27 13:13:30.283 9 INFO neutron.db.segments_db [None req-246ef8f7-eb99-4d79-a864-bfc1e692a3e7 3023435136e8400bb250a7b3e860157a a016ec67fd264228b0a173c914383276 - - default default] Added segment 8ba6c89d-6d84-4d9c-89a8-3e88f555ff59 of type geneve for network 1c3932f3-d96d-4330-91b9-74b315c1a3eb
2026-04-27 13:13:30.477 9 INFO neutron.db.ovn_revision_numbers_db [None req-246ef8f7-eb99-4d79-a864-bfc1e692a3e7 3023435136e8400bb250a7b3e860157a a016ec67fd264228b0a173c914383276 - - default default] Successfully bumped revision number for resource 1c3932f3-d96d-4330-91b9-74b315c1a3eb (type: networks) to 1
2026-04-27 13:13:30.509 9 INFO neutron.wsgi [None req-bca9a38f-6489-4190-a0d3-3bfad82c54f8 d5c85887a5b042ccbff749c0a929e4b1 31bed0ef677140a984b17762437d4797 - - default default] 10.0.0.162 "DELETE /v2.0/networks/c7316001-f55a-4753-8ce8-0e922c0ec9ba HTTP/1.1" status: 204 len: 168 time: 0.5962129
2026-04-27 13:13:30.604 10 INFO neutron.db.segments_db [None req-979b431f-ffb0-4e4c-97ee-74a61e363473 d5c85887a5b042ccbff749c0a929e4b1 31bed0ef677140a984b17762437d4797 - - default default] Added segment 85db699f-1ef1-4097-a032-47cab7956321 of type geneve for network 409471d8-8c51-4b73-a40a-f41762e8bb84
2026-04-27 13:13:30.671 9 WARNING neutron.scheduler.dhcp_agent_scheduler [None req-246ef8f7-eb99-4d79-a864-bfc1e692a3e7 3023435136e8400bb250a7b3e860157a a016ec67fd264228b0a173c914383276 - - default default] No more DHCP agents
2026-04-27 13:13:30.675 9 WARNING neutron.api.rpc.agentnotifiers.dhcp_rpc_agent_api [None req-246ef8f7-eb99-4d79-a864-bfc1e692a3e7 3023435136e8400bb250a7b3e860157a a016ec67fd264228b0a173c914383276 - - default default] Unable to schedule network 1c3932f3-d96d-4330-91b9-74b315c1a3eb: no agents available; will retry on subsequent port and subnet creation events.
2026-04-27 13:13:30.766 9 INFO neutron.db.ovn_revision_numbers_db [None req-246ef8f7-eb99-4d79-a864-bfc1e692a3e7 3023435136e8400bb250a7b3e860157a a016ec67fd264228b0a173c914383276 - - default default] Successfully bumped revision number for resource ed6092ab-115a-4f1b-b2a1-a86c8c32ba4a (type: ports) to 1
2026-04-27 13:13:30.778 10 INFO neutron.db.ovn_revision_numbers_db [None req-979b431f-ffb0-4e4c-97ee-74a61e363473 d5c85887a5b042ccbff749c0a929e4b1 31bed0ef677140a984b17762437d4797 - - default default] Successfully bumped revision number for resource 409471d8-8c51-4b73-a40a-f41762e8bb84 (type: networks) to 1
2026-04-27 13:13:30.789 9 INFO neutron.wsgi [None req-246ef8f7-eb99-4d79-a864-bfc1e692a3e7 3023435136e8400bb250a7b3e860157a a016ec67fd264228b0a173c914383276 - - default default] 10.0.0.162 "POST /v2.0/networks HTTP/1.1" status: 201 len: 828 time: 0.6918118
2026-04-27 13:13:30.972 10 INFO neutron.wsgi [None req-72261c91-049f-4865-913a-1d07d79e7d02 c517ae173a534c19b2056e9792252a97 3f39e3c30eba471790275b3bdd63032c - - default default] 10.0.0.162 "GET /v2.0/security-groups?tenant_id=31f62a03e3bf499e9e7eddb96d687d25&name=default HTTP/1.1" status: 200 len: 2996 time: 0.1712732
2026-04-27 13:13:31.011 10 WARNING neutron.scheduler.dhcp_agent_scheduler [None req-979b431f-ffb0-4e4c-97ee-74a61e363473 d5c85887a5b042ccbff749c0a929e4b1 31bed0ef677140a984b17762437d4797 - - default default] No more DHCP agents
2026-04-27 13:13:31.015 10 WARNING neutron.api.rpc.agentnotifiers.dhcp_rpc_agent_api [None req-979b431f-ffb0-4e4c-97ee-74a61e363473 d5c85887a5b042ccbff749c0a929e4b1 31bed0ef677140a984b17762437d4797 - - default default] Unable to schedule network 409471d8-8c51-4b73-a40a-f41762e8bb84: no agents available; will retry on subsequent port and subnet creation events.
2026-04-27 13:13:31.100 9 WARNING neutron.scheduler.dhcp_agent_scheduler [None req-f4b63236-c2a2-4deb-8d96-71902a248b52 3023435136e8400bb250a7b3e860157a a016ec67fd264228b0a173c914383276 - - default default] No more DHCP agents
2026-04-27 13:13:31.102 10 INFO neutron.db.ovn_revision_numbers_db [None req-979b431f-ffb0-4e4c-97ee-74a61e363473 d5c85887a5b042ccbff749c0a929e4b1 31bed0ef677140a984b17762437d4797 - - default default] Successfully bumped revision number for resource ef836685-3b37-45cc-a06f-0fa060b76817 (type: ports) to 1
2026-04-27 13:13:31.106 9 WARNING neutron.api.rpc.agentnotifiers.dhcp_rpc_agent_api [None req-f4b63236-c2a2-4deb-8d96-71902a248b52 3023435136e8400bb250a7b3e860157a a016ec67fd264228b0a173c914383276 - - default default] Unable to schedule network 1c3932f3-d96d-4330-91b9-74b315c1a3eb: no agents available; will retry on subsequent port and subnet creation events.
2026-04-27 13:13:31.125 10 INFO neutron.wsgi [None req-979b431f-ffb0-4e4c-97ee-74a61e363473 d5c85887a5b042ccbff749c0a929e4b1 31bed0ef677140a984b17762437d4797 - - default default] 10.0.0.162 "POST /v2.0/networks HTTP/1.1" status: 201 len: 834 time: 0.6063006
2026-04-27 13:13:31.326 9 INFO neutron.wsgi [None req-0dcb6c10-1c32-47ed-aca6-4f65257c716e c517ae173a534c19b2056e9792252a97 3f39e3c30eba471790275b3bdd63032c - - default default] 10.0.0.162 "DELETE /v2.0/security-groups/9cf6f6ab-2aa1-4c31-85d3-9c53b37abf05 HTTP/1.1" status: 204 len: 168 time: 0.3479807
2026-04-27 13:13:31.405 10 WARNING neutron.scheduler.dhcp_agent_scheduler [None req-928a9e17-405c-4281-b886-aafd61d6dbd3 d5c85887a5b042ccbff749c0a929e4b1 31bed0ef677140a984b17762437d4797 - - default default] No more DHCP agents
2026-04-27 13:13:31.409 10 WARNING neutron.api.rpc.agentnotifiers.dhcp_rpc_agent_api [None req-928a9e17-405c-4281-b886-aafd61d6dbd3 d5c85887a5b042ccbff749c0a929e4b1 31bed0ef677140a984b17762437d4797 - - default default] Unable to schedule network 409471d8-8c51-4b73-a40a-f41762e8bb84: no agents available; will retry on subsequent port and subnet creation events.
2026-04-27 13:13:31.439 10 INFO neutron.db.ovn_revision_numbers_db [None req-928a9e17-405c-4281-b886-aafd61d6dbd3 d5c85887a5b042ccbff749c0a929e4b1 31bed0ef677140a984b17762437d4797 - - default default] Successfully bumped revision number for resource 89b3d4b2-7bdf-41a0-a8d0-1ac3d4eea65c (type: subnets) to 0
2026-04-27 13:13:31.458 10 INFO neutron.wsgi [None req-928a9e17-405c-4281-b886-aafd61d6dbd3 d5c85887a5b042ccbff749c0a929e4b1 31bed0ef677140a984b17762437d4797 - - default default] 10.0.0.162 "POST /v2.0/subnets HTTP/1.1" status: 201 len: 821 time: 0.3281312
2026-04-27 13:13:31.512 9 INFO neutron.services.segments.plugin [-] Segment e48d0a47-5453-4076-90ce-abd819896e63 resource provider aggregate not found
2026-04-27 13:13:31.518 9 INFO neutron.services.segments.plugin [-] Segment e48d0a47-5453-4076-90ce-abd819896e63 resource provider aggregate not found
2026-04-27 13:13:31.538 9 INFO neutron.services.segments.plugin [-] Segment e48d0a47-5453-4076-90ce-abd819896e63 resource provider not found; error: Placement Client Error (4xx): {"errors": [{"status": 404, "title": "Not Found", "detail": "The resource could not be found.\n\n No resource provider with uuid e48d0a47-5453-4076-90ce-abd819896e63 found for delete ", "request_id": "req-38e78785-0844-4939-ae07-a10b8baeba26"}]}
2026-04-27 13:13:31.549 9 INFO neutron.services.segments.plugin [-] Segment e48d0a47-5453-4076-90ce-abd819896e63 resource provider not found; error: Placement Client Error (4xx): {"errors": [{"status": 404, "title": "Not Found", "detail": "The resource could not be found.\n\n No resource provider with uuid e48d0a47-5453-4076-90ce-abd819896e63 found for delete ", "request_id": "req-0600b245-7f9b-4fd3-ba12-9e3bb7bd7651"}]}
2026-04-27 13:13:31.558 9 INFO neutron.services.segments.plugin [-] Segment 8df9406f-e7b6-4f0f-b4a2-4a28a2d4d9ce resource provider aggregate not found
2026-04-27 13:13:31.573 9 INFO neutron.services.segments.plugin [-] Segment 8df9406f-e7b6-4f0f-b4a2-4a28a2d4d9ce resource provider not found; error: Placement Client Error (4xx): {"errors": [{"status": 404, "title": "Not Found", "detail": "The resource could not be found.\n\n No resource provider with uuid 8df9406f-e7b6-4f0f-b4a2-4a28a2d4d9ce found for delete ", "request_id": "req-a94e0cfc-9c07-4b3c-8299-897299e17775"}]}
2026-04-27 13:13:31.578 9 INFO neutron.services.segments.plugin [-] Segment 8df9406f-e7b6-4f0f-b4a2-4a28a2d4d9ce resource provider aggregate not found
2026-04-27 13:13:31.594 9 INFO neutron.services.segments.plugin [-] Segment 8df9406f-e7b6-4f0f-b4a2-4a28a2d4d9ce resource provider not found; error: Placement Client Error (4xx): {"errors": [{"status": 404, "title": "Not Found", "detail": "The resource could not be found.\n\n No resource provider with uuid 8df9406f-e7b6-4f0f-b4a2-4a28a2d4d9ce found for delete ", "request_id": "req-9004ec85-3ef1-4bf5-add4-bbc743d4e5f4"}]}
2026-04-27 13:13:31.698 9 INFO neutron.db.ovn_revision_numbers_db [None req-f4b63236-c2a2-4deb-8d96-71902a248b52 3023435136e8400bb250a7b3e860157a a016ec67fd264228b0a173c914383276 - - default default] Successfully bumped revision number for resource ed6092ab-115a-4f1b-b2a1-a86c8c32ba4a (type: ports) to 2
2026-04-27 13:13:31.730 9 INFO neutron.db.ovn_revision_numbers_db [None req-f4b63236-c2a2-4deb-8d96-71902a248b52 3023435136e8400bb250a7b3e860157a a016ec67fd264228b0a173c914383276 - - default default] Successfully bumped revision number for resource 392491a8-f399-497a-93ad-2a11955a9ac8 (type: subnets) to 0
2026-04-27 13:13:31.747 9 INFO neutron.wsgi [None req-f4b63236-c2a2-4deb-8d96-71902a248b52 3023435136e8400bb250a7b3e860157a a016ec67fd264228b0a173c914383276 - - default default] 10.0.0.162 "POST /v2.0/subnets HTTP/1.1" status: 201 len: 801 time: 0.9522848
2026-04-27 13:13:31.786 10 WARNING neutron.scheduler.dhcp_agent_scheduler [None req-8f3976fb-fb4a-4b93-b5de-3c2945f758ae d5c85887a5b042ccbff749c0a929e4b1 31bed0ef677140a984b17762437d4797 - - default default] No more DHCP agents
2026-04-27 13:13:31.789 10 WARNING neutron.api.rpc.agentnotifiers.dhcp_rpc_agent_api [None req-8f3976fb-fb4a-4b93-b5de-3c2945f758ae d5c85887a5b042ccbff749c0a929e4b1 31bed0ef677140a984b17762437d4797 - - default default] Unable to schedule network 409471d8-8c51-4b73-a40a-f41762e8bb84: no agents available; will retry on subsequent port and subnet creation events.
2026-04-27 13:13:31.936 10 INFO neutron.db.ovn_revision_numbers_db [None req-d157aef4-ec94-4e20-8b30-ab9be0cfec5d 3023435136e8400bb250a7b3e860157a a016ec67fd264228b0a173c914383276 - - default default] Successfully bumped revision number for resource a323aad9-e865-4e4a-82b8-d095b4e0b009 (type: routers) to 1
2026-04-27 13:13:31.949 10 INFO neutron.wsgi [None req-d157aef4-ec94-4e20-8b30-ab9be0cfec5d 3023435136e8400bb250a7b3e860157a a016ec67fd264228b0a173c914383276 - - default default] 10.0.0.162 "POST /v2.0/routers HTTP/1.1" status: 201 len: 687 time: 0.1978087
2026-04-27 13:13:31.959 10 INFO neutron.db.ovn_revision_numbers_db [None req-8f3976fb-fb4a-4b93-b5de-3c2945f758ae d5c85887a5b042ccbff749c0a929e4b1 31bed0ef677140a984b17762437d4797 - - default default] Successfully bumped revision number for resource 0097ff53-6125-4185-899e-bf49dee80778 (type: ports) to 1
2026-04-27 13:13:31.993 10 INFO neutron.wsgi [None req-8f3976fb-fb4a-4b93-b5de-3c2945f758ae d5c85887a5b042ccbff749c0a929e4b1 31bed0ef677140a984b17762437d4797 - - default default] 10.0.0.162 "POST /v2.0/ports HTTP/1.1" status: 201 len: 1126 time: 0.5299380
2026-04-27 13:13:32.358 10 INFO neutron.wsgi [None req-5ba585a5-f512-4596-b944-67e0beb62254 d5c85887a5b042ccbff749c0a929e4b1 31bed0ef677140a984b17762437d4797 - - default default] 10.0.0.162 "DELETE /v2.0/ports/0097ff53-6125-4185-899e-bf49dee80778 HTTP/1.1" status: 204 len: 168 time: 0.3544412 /var/lib/openstack/lib/python3.10/site-packages/pycadf/identifier.py:71: UserWarning: Invalid uuid: neutron. To ensure interoperability, identifiers should be a valid uuid. warnings.warn(('Invalid uuid: %s. To ensure interoperability, '
2026-04-27 13:13:32.386 10 INFO neutron.pecan_wsgi.hooks.translation [None req-09a4e42a-aa10-4163-a770-6dec5cd53386 d5c85887a5b042ccbff749c0a929e4b1 31bed0ef677140a984b17762437d4797 - - default default] GET failed (client error): The resource could not be found.
2026-04-27 13:13:32.388 10 INFO neutron.wsgi [None req-09a4e42a-aa10-4163-a770-6dec5cd53386 d5c85887a5b042ccbff749c0a929e4b1 31bed0ef677140a984b17762437d4797 - - default default] 10.0.0.162 "GET /v2.0/ports/0097ff53-6125-4185-899e-bf49dee80778 HTTP/1.1" status: 404 len: 333 time: 0.0209310
2026-04-27 13:13:32.408 10 WARNING neutron.scheduler.dhcp_agent_scheduler [None req-c53e855d-d497-448e-ab4d-ed9a01254d02 3023435136e8400bb250a7b3e860157a a016ec67fd264228b0a173c914383276 - - default default] No more DHCP agents
2026-04-27 13:13:32.410 10 WARNING neutron.api.rpc.agentnotifiers.dhcp_rpc_agent_api [None req-c53e855d-d497-448e-ab4d-ed9a01254d02 3023435136e8400bb250a7b3e860157a a016ec67fd264228b0a173c914383276 - - default default] Unable to schedule network 1c3932f3-d96d-4330-91b9-74b315c1a3eb: no agents available; will retry on subsequent port and subnet creation events.
2026-04-27 13:13:32.577 10 INFO neutron.db.ovn_revision_numbers_db [None req-c53e855d-d497-448e-ab4d-ed9a01254d02 3023435136e8400bb250a7b3e860157a a016ec67fd264228b0a173c914383276 - - default default] Successfully bumped revision number for resource 4ee8a3ab-5ef0-4093-ae26-bc897ceb809e (type: ports) to 1
2026-04-27 13:13:32.595 10 INFO neutron.wsgi [None req-c53e855d-d497-448e-ab4d-ed9a01254d02 3023435136e8400bb250a7b3e860157a a016ec67fd264228b0a173c914383276 - - default default] 10.0.0.162 "POST /v2.0/ports HTTP/1.1" status: 201 len: 1147 time: 0.6406693 /var/lib/openstack/lib/python3.10/site-packages/pycadf/identifier.py:71: UserWarning: Invalid uuid: neutron. To ensure interoperability, identifiers should be a valid uuid. warnings.warn(('Invalid uuid: %s. To ensure interoperability, '
2026-04-27 13:13:32.602 9 INFO neutron.wsgi [None req-8230fc3e-4c4f-4600-a142-abe77f155acc d5c85887a5b042ccbff749c0a929e4b1 31bed0ef677140a984b17762437d4797 - - default default] 10.0.0.162 "DELETE /v2.0/subnets/89b3d4b2-7bdf-41a0-a8d0-1ac3d4eea65c HTTP/1.1" status: 204 len: 168 time: 0.2080655
2026-04-27 13:13:33.035 9 INFO neutron.wsgi [None req-13f57aae-b72b-4a80-9e3d-28f46984a533 d5c85887a5b042ccbff749c0a929e4b1 31bed0ef677140a984b17762437d4797 - - default default] 10.0.0.162 "DELETE /v2.0/networks/409471d8-8c51-4b73-a40a-f41762e8bb84 HTTP/1.1" status: 204 len: 168 time: 0.4275663
