2026-04-27 13:13:51.038 10 INFO neutron.db.ovn_revision_numbers_db [None req-eae3561a-f055-4cbc-b404-fd35b1e9984d ec204754aa334b138b504cbb174ff9da 8c87b0019a4140abb179d75b2cce959d - - default default] Successfully bumped revision number for resource 265d1bc4-d9c4-46df-8828-e750cbb02328 (type: security_group_rules) to 0
2026-04-27 13:13:51.054 10 INFO neutron.db.ovn_revision_numbers_db [None req-eae3561a-f055-4cbc-b404-fd35b1e9984d ec204754aa334b138b504cbb174ff9da 8c87b0019a4140abb179d75b2cce959d - - default default] Successfully bumped revision number for resource 4c4dd05c-8b57-4dcf-84c1-14e39e40eb15 (type: security_group_rules) to 0
2026-04-27 13:13:51.070 10 INFO neutron.db.ovn_revision_numbers_db [None req-eae3561a-f055-4cbc-b404-fd35b1e9984d ec204754aa334b138b504cbb174ff9da 8c87b0019a4140abb179d75b2cce959d - - default default] Successfully bumped revision number for resource 6105044d-9d9d-4d3f-b1fd-4352047d6388 (type: security_group_rules) to 0
2026-04-27 13:13:51.087 10 INFO neutron.db.ovn_revision_numbers_db [None req-eae3561a-f055-4cbc-b404-fd35b1e9984d ec204754aa334b138b504cbb174ff9da 8c87b0019a4140abb179d75b2cce959d - - default default] Successfully bumped revision number for resource bbf72b11-e854-4063-a293-a5ead6572d3e (type: security_group_rules) to 0
2026-04-27 13:13:51.176 10 INFO neutron.db.ovn_revision_numbers_db [None req-eae3561a-f055-4cbc-b404-fd35b1e9984d ec204754aa334b138b504cbb174ff9da 8c87b0019a4140abb179d75b2cce959d - - default default] Successfully bumped revision number for resource d7769c19-d63c-4584-9b9d-8d23d45abda4 (type: security_groups) to 1
2026-04-27 13:13:51.191 10 INFO neutron.db.ovn_revision_numbers_db [None req-eae3561a-f055-4cbc-b404-fd35b1e9984d ec204754aa334b138b504cbb174ff9da 8c87b0019a4140abb179d75b2cce959d - - default default] Successfully bumped revision number for resource 397dd128-73f9-44b6-8141-c084426b5252 (type: security_group_rules) to 0
2026-04-27 13:13:51.209 10 INFO neutron.db.ovn_revision_numbers_db [None req-eae3561a-f055-4cbc-b404-fd35b1e9984d ec204754aa334b138b504cbb174ff9da 8c87b0019a4140abb179d75b2cce959d - - default default] Successfully bumped revision number for resource 4c12b739-0e35-4643-b7b0-9f41884a5a70 (type: security_group_rules) to 0
2026-04-27 13:13:51.230 10 INFO neutron.wsgi [None req-eae3561a-f055-4cbc-b404-fd35b1e9984d ec204754aa334b138b504cbb174ff9da 8c87b0019a4140abb179d75b2cce959d - - default default] 10.0.0.162 "POST /v2.0/security-groups HTTP/1.1" status: 201 len: 1760 time: 0.5541229
2026-04-27 13:13:51.272 10 INFO neutron.wsgi [None req-a737110e-0a24-41e1-b724-74e5f1bceaa8 ec204754aa334b138b504cbb174ff9da 8c87b0019a4140abb179d75b2cce959d - - default default] 10.0.0.162 "GET /v2.0/security-groups HTTP/1.1" status: 200 len: 4538 time: 0.0364721
2026-04-27 13:13:51.370 10 INFO neutron.db.ovn_revision_numbers_db [None req-fac270f8-b01d-4f99-87ae-81d7f5440e41 ec204754aa334b138b504cbb174ff9da 8c87b0019a4140abb179d75b2cce959d - - default default] Successfully bumped revision number for resource d7769c19-d63c-4584-9b9d-8d23d45abda4 (type: security_groups) to 2
2026-04-27 13:13:51.375 10 INFO neutron.wsgi [None req-fac270f8-b01d-4f99-87ae-81d7f5440e41 ec204754aa334b138b504cbb174ff9da 8c87b0019a4140abb179d75b2cce959d - - default default] 10.0.0.162 "PUT /v2.0/security-groups/d7769c19-d63c-4584-9b9d-8d23d45abda4 HTTP/1.1" status: 200 len: 1794 time: 0.0980833
2026-04-27 13:13:51.413 10 INFO neutron.wsgi [None req-1b6c59b6-3cf9-421e-aad9-64839801b269 ec204754aa334b138b504cbb174ff9da 8c87b0019a4140abb179d75b2cce959d - - default default] 10.0.0.162 "GET /v2.0/security-groups/d7769c19-d63c-4584-9b9d-8d23d45abda4 HTTP/1.1" status: 200 len: 1794 time: 0.0329499
2026-04-27 13:13:51.558 10 INFO neutron.wsgi [None req-ea3818c4-05d7-4b4c-9952-14294881f33b ec204754aa334b138b504cbb174ff9da 8c87b0019a4140abb179d75b2cce959d - - default default] 10.0.0.162 "DELETE /v2.0/security-groups/d7769c19-d63c-4584-9b9d-8d23d45abda4 HTTP/1.1" status: 204 len: 168 time: 0.1402471
2026-04-27 13:13:51.599 10 INFO neutron.wsgi [None req-6fd60d77-7534-45df-931e-e5f62901c5e5 ec204754aa334b138b504cbb174ff9da 8c87b0019a4140abb179d75b2cce959d - - default default] 10.0.0.162 "GET /v2.0/security-groups HTTP/1.1" status: 200 len: 2996 time: 0.0364642
2026-04-27 13:13:51.622 10 INFO neutron.api.v2.resource [None req-98839b96-2270-4c1a-89ab-41eb84e0f51d ec204754aa334b138b504cbb174ff9da 8c87b0019a4140abb179d75b2cce959d - - default default] delete failed (client error): The resource could not be found.
2026-04-27 13:13:51.624 10 INFO neutron.wsgi [None req-98839b96-2270-4c1a-89ab-41eb84e0f51d ec204754aa334b138b504cbb174ff9da 8c87b0019a4140abb179d75b2cce959d - - default default] 10.0.0.162 "DELETE /v2.0/security-groups/d7769c19-d63c-4584-9b9d-8d23d45abda4 HTTP/1.1" status: 404 len: 347 time: 0.0191381
2026-04-27 13:13:51.815 10 INFO neutron.db.ovn_revision_numbers_db [None req-bb56d1bd-b39f-4643-8ec1-7619deff60aa ec204754aa334b138b504cbb174ff9da 8c87b0019a4140abb179d75b2cce959d - - default default] Successfully bumped revision number for resource 2a609b8e-df9c-4734-a41b-02caacc4ade5 (type: security_groups) to 1
2026-04-27 13:13:51.833 10 INFO neutron.db.ovn_revision_numbers_db [None req-bb56d1bd-b39f-4643-8ec1-7619deff60aa ec204754aa334b138b504cbb174ff9da 8c87b0019a4140abb179d75b2cce959d - - default default] Successfully bumped revision number for resource 08995941-80fb-4ecb-882b-4d24facfabcc (type: security_group_rules) to 0
2026-04-27 13:13:51.852 10 INFO neutron.db.ovn_revision_numbers_db [None req-bb56d1bd-b39f-4643-8ec1-7619deff60aa ec204754aa334b138b504cbb174ff9da 8c87b0019a4140abb179d75b2cce959d - - default default] Successfully bumped revision number for resource c61c6935-e6a1-44d1-b499-9fabffebe641 (type: security_group_rules) to 0
2026-04-27 13:13:51.875 10 INFO neutron.wsgi [None req-bb56d1bd-b39f-4643-8ec1-7619deff60aa ec204754aa334b138b504cbb174ff9da 8c87b0019a4140abb179d75b2cce959d - - default default] 10.0.0.162 "POST /v2.0/security-groups HTTP/1.1" status: 201 len: 1761 time: 0.2452874
2026-04-27 13:13:52.023 9 INFO neutron.db.ovn_revision_numbers_db [None req-8244b97b-d5ad-4f4c-8e55-d0febe59580f ec204754aa334b138b504cbb174ff9da 8c87b0019a4140abb179d75b2cce959d - - default default] Successfully bumped revision number for resource a2c99fb3-a45e-4bf9-a093-38cb60c00f74 (type: security_group_rules) to 0
2026-04-27 13:13:52.050 9 INFO neutron.wsgi [None req-8244b97b-d5ad-4f4c-8e55-d0febe59580f ec204754aa334b138b504cbb174ff9da 8c87b0019a4140abb179d75b2cce959d - - default default] 10.0.0.162 "POST /v2.0/security-group-rules HTTP/1.1" status: 201 len: 768 time: 0.1701465
2026-04-27 13:13:52.073 10 INFO neutron.wsgi [None req-9ffc929c-9134-4477-943f-1f5b692f930d ec204754aa334b138b504cbb174ff9da 8c87b0019a4140abb179d75b2cce959d - - default default] 10.0.0.162 "GET /v2.0/security-group-rules/a2c99fb3-a45e-4bf9-a093-38cb60c00f74 HTTP/1.1" status: 200 len: 763 time: 0.0180323
2026-04-27 13:13:52.123 9 INFO neutron.wsgi [None req-0bccdab0-59e7-4287-8828-b8c0ec1130cc ec204754aa334b138b504cbb174ff9da 8c87b0019a4140abb179d75b2cce959d - - default default] 10.0.0.162 "GET /v2.0/security-group-rules HTTP/1.1" status: 200 len: 4113 time: 0.0453296
2026-04-27 13:13:52.180 10 WARNING neutron.plugins.ml2.drivers.ovn.mech_driver.ovsdb.ovn_client [None req-e359b775-eaeb-466c-949d-6af974516fab - - - - - -] No port found with ID 7cc1b9e2-e8d8-40c4-bb9b-4f0ef5e299b7: RuntimeError: No port found with ID 7cc1b9e2-e8d8-40c4-bb9b-4f0ef5e299b7
2026-04-27 13:13:52.181 10 INFO neutron.plugins.ml2.drivers.ovn.mech_driver.mech_driver [None req-e359b775-eaeb-466c-949d-6af974516fab - - - - - -] OVN reports status down for port: b5e583e0-aaf6-4070-92b4-5fbe518a8528
2026-04-27 13:13:52.239 9 INFO neutron.wsgi [None req-e07ffcd8-3c9b-46a8-9061-0f42cab45171 ec204754aa334b138b504cbb174ff9da 8c87b0019a4140abb179d75b2cce959d - - default default] 10.0.0.162 "DELETE /v2.0/security-group-rules/a2c99fb3-a45e-4bf9-a093-38cb60c00f74 HTTP/1.1" status: 204 len: 168 time: 0.1116920
2026-04-27 13:13:52.296 9 INFO neutron.wsgi [None req-c8f440e1-a4be-45d4-a686-1153c94dd04d ec204754aa334b138b504cbb174ff9da 8c87b0019a4140abb179d75b2cce959d - - default default] 10.0.0.162 "GET /v2.0/security-group-rules HTTP/1.1" status: 200 len: 3567 time: 0.0523140
2026-04-27 13:13:52.412 9 INFO neutron.db.ovn_revision_numbers_db [None req-5e5985ac-053b-4672-8755-f271100b6b41 ec204754aa334b138b504cbb174ff9da 8c87b0019a4140abb179d75b2cce959d - - default default] Successfully bumped revision number for resource 81796767-003e-4cc6-9275-a860a309381e (type: security_group_rules) to 0
2026-04-27 13:13:52.437 9 INFO neutron.wsgi [None req-5e5985ac-053b-4672-8755-f271100b6b41 ec204754aa334b138b504cbb174ff9da 8c87b0019a4140abb179d75b2cce959d - - default default] 10.0.0.162 "POST /v2.0/security-group-rules HTTP/1.1" status: 201 len: 768 time: 0.1379368
2026-04-27 13:13:52.457 9 INFO neutron.wsgi [None req-376e4bd0-b738-4286-b5e6-0ca1b1161fa5 ec204754aa334b138b504cbb174ff9da 8c87b0019a4140abb179d75b2cce959d - - default default] 10.0.0.162 "GET /v2.0/security-group-rules/81796767-003e-4cc6-9275-a860a309381e HTTP/1.1" status: 200 len: 763 time: 0.0141077
2026-04-27 13:13:52.494 9 INFO neutron.wsgi [None req-a6bda1b5-bfc1-4d26-8d06-b4fba692825f ec204754aa334b138b504cbb174ff9da 8c87b0019a4140abb179d75b2cce959d - - default default] 10.0.0.162 "GET /v2.0/security-group-rules HTTP/1.1" status: 200 len: 4113 time: 0.0335252
2026-04-27 13:13:52.610 9 INFO neutron.wsgi [None req-d7d188db-0cd8-4439-b80d-7a296267552f ec204754aa334b138b504cbb174ff9da 8c87b0019a4140abb179d75b2cce959d - - default default] 10.0.0.162 "DELETE /v2.0/security-group-rules/81796767-003e-4cc6-9275-a860a309381e HTTP/1.1" status: 204 len: 168 time: 0.1107180
2026-04-27 13:13:52.653 9 INFO neutron.wsgi [None req-216c4ad0-001a-4a6e-9faf-1045d26a69ef ec204754aa334b138b504cbb174ff9da 8c87b0019a4140abb179d75b2cce959d - - default default] 10.0.0.162 "GET /v2.0/security-group-rules HTTP/1.1" status: 200 len: 3567 time: 0.0384209
2026-04-27 13:13:52.868 9 INFO neutron.db.ovn_revision_numbers_db [None req-308d576c-e0aa-4efc-92e0-df5124c7a87c ec204754aa334b138b504cbb174ff9da 8c87b0019a4140abb179d75b2cce959d - - default default] Successfully bumped revision number for resource bda2f215-951e-4c82-94e5-712fec7dcbc1 (type: security_group_rules) to 0
2026-04-27 13:13:52.889 9 INFO neutron.wsgi [None req-d7924833-1cf8-4ada-887d-7bc52aef9926 b22bdb6e448e4f8280468373dd37d8a2 62185128d61244ceaade8c67e7400e6d - - default default] 10.0.0.162 "POST /v2.0/subnetpools HTTP/1.1" status: 201 len: 748 time: 0.3742049
2026-04-27 13:13:52.910 9 INFO neutron.wsgi [None req-308d576c-e0aa-4efc-92e0-df5124c7a87c ec204754aa334b138b504cbb174ff9da 8c87b0019a4140abb179d75b2cce959d - - default default] 10.0.0.162 "POST /v2.0/security-group-rules HTTP/1.1" status: 201 len: 769 time: 0.2522550
2026-04-27 13:13:52.933 10 INFO neutron.wsgi [None req-f2906dcc-2d7d-4047-909b-7046c72c34a7 b22bdb6e448e4f8280468373dd37d8a2 62185128d61244ceaade8c67e7400e6d - - default default] 10.0.0.162 "GET /v2.0/subnetpools/e2ae4e54-0006-4c8f-8227-75cba4bb1dee HTTP/1.1" status: 200 len: 743 time: 0.0360992
2026-04-27 13:13:52.948 9 INFO neutron.wsgi [None req-ce5cbe40-b630-419b-9e57-c590fe44617a ec204754aa334b138b504cbb174ff9da 8c87b0019a4140abb179d75b2cce959d - - default default] 10.0.0.162 "GET /v2.0/security-group-rules/bda2f215-951e-4c82-94e5-712fec7dcbc1 HTTP/1.1" status: 200 len: 764 time: 0.0290020
2026-04-27 13:13:53.005 9 INFO neutron.wsgi [None req-1abcdfcd-e8c7-41cf-8ab0-000032dea059 ec204754aa334b138b504cbb174ff9da 8c87b0019a4140abb179d75b2cce959d - - default default] 10.0.0.162 "GET /v2.0/security-group-rules HTTP/1.1" status: 200 len: 4114 time: 0.0513954
2026-04-27 13:13:53.020 10 INFO neutron.wsgi [None req-7c3e4846-168f-43c7-9d7a-9b1fd018f48d b22bdb6e448e4f8280468373dd37d8a2 62185128d61244ceaade8c67e7400e6d - - default default] 10.0.0.162 "PUT /v2.0/subnetpools/e2ae4e54-0006-4c8f-8227-75cba4bb1dee HTTP/1.1" status: 200 len: 695 time: 0.0810134
2026-04-27 13:13:53.117 9 INFO neutron.wsgi [None req-c54c2ea5-3ae2-4be7-8d4e-1924026fc33c b22bdb6e448e4f8280468373dd37d8a2 62185128d61244ceaade8c67e7400e6d - - default default] 10.0.0.162 "DELETE /v2.0/subnetpools/e2ae4e54-0006-4c8f-8227-75cba4bb1dee HTTP/1.1" status: 204 len: 168 time: 0.0914874
2026-04-27 13:13:53.140 10 INFO neutron.api.v2.resource [None req-f398dcc9-cdae-449c-b525-5ba8000f1caa b22bdb6e448e4f8280468373dd37d8a2 62185128d61244ceaade8c67e7400e6d - - default default] show failed (client error): The resource could not be found.
2026-04-27 13:13:53.142 10 INFO neutron.wsgi [None req-f398dcc9-cdae-449c-b525-5ba8000f1caa b22bdb6e448e4f8280468373dd37d8a2 62185128d61244ceaade8c67e7400e6d - - default default] 10.0.0.162 "GET /v2.0/subnetpools/e2ae4e54-0006-4c8f-8227-75cba4bb1dee HTTP/1.1" status: 404 len: 346 time: 0.0150323
2026-04-27 13:13:53.162 10 INFO neutron.api.v2.resource [None req-61e991d0-8e76-48e5-a73f-4d69dd6e23f0 b22bdb6e448e4f8280468373dd37d8a2 62185128d61244ceaade8c67e7400e6d - - default default] delete failed (client error): The resource could not be found.
2026-04-27 13:13:53.163 10 INFO neutron.wsgi [None req-61e991d0-8e76-48e5-a73f-4d69dd6e23f0 b22bdb6e448e4f8280468373dd37d8a2 62185128d61244ceaade8c67e7400e6d - - default default] 10.0.0.162 "DELETE /v2.0/subnetpools/e2ae4e54-0006-4c8f-8227-75cba4bb1dee HTTP/1.1" status: 404 len: 346 time: 0.0143433
2026-04-27 13:13:53.171 9 INFO neutron.wsgi [None req-921d0155-c9c4-4360-8ed5-7a522308713b ec204754aa334b138b504cbb174ff9da 8c87b0019a4140abb179d75b2cce959d - - default default] 10.0.0.162 "DELETE /v2.0/security-group-rules/bda2f215-951e-4c82-94e5-712fec7dcbc1 HTTP/1.1" status: 204 len: 168 time: 0.1575801
2026-04-27 13:13:53.216 9 INFO neutron.wsgi [None req-17044c9f-4625-4b9d-9dd0-c7990c13a654 ec204754aa334b138b504cbb174ff9da 8c87b0019a4140abb179d75b2cce959d - - default default] 10.0.0.162 "GET /v2.0/security-group-rules HTTP/1.1" status: 200 len: 3567 time: 0.0401552
2026-04-27 13:13:53.336 9 INFO neutron.wsgi [None req-54af1b36-22b1-4bf6-80af-2509a01b71b4 ec204754aa334b138b504cbb174ff9da 8c87b0019a4140abb179d75b2cce959d - - default default] 10.0.0.162 "DELETE /v2.0/security-groups/2a609b8e-df9c-4734-a41b-02caacc4ade5 HTTP/1.1" status: 204 len: 168 time: 0.1153524
2026-04-27 13:13:53.386 10 INFO neutron.wsgi [None req-c6d33fc6-20d7-478b-8c89-76d8444465e5 ec204754aa334b138b504cbb174ff9da 8c87b0019a4140abb179d75b2cce959d - - default default] 10.0.0.162 "GET /v2.0/security-groups HTTP/1.1" status: 200 len: 2996 time: 0.0428438
2026-04-27 13:13:53.430 10 INFO neutron.wsgi [None req-f2e546d6-28d5-401d-88f9-633f5c6c01dc ec204754aa334b138b504cbb174ff9da 8c87b0019a4140abb179d75b2cce959d - - default default] 10.0.0.162 "GET /v2.0/security-groups HTTP/1.1" status: 200 len: 2996 time: 0.0345087
2026-04-27 13:13:54.040 9 INFO neutron.db.ovn_revision_numbers_db [None req-e3611037-2a64-44fc-9246-4a07f61330a1 c517ae173a534c19b2056e9792252a97 3f39e3c30eba471790275b3bdd63032c - - default default] Successfully bumped revision number for resource 552bbd3d-4ec0-4855-b128-f8d61fe95283 (type: security_groups) to 1
2026-04-27 13:13:54.062 9 INFO neutron.db.ovn_revision_numbers_db [None req-e3611037-2a64-44fc-9246-4a07f61330a1 c517ae173a534c19b2056e9792252a97 3f39e3c30eba471790275b3bdd63032c - - default default] Successfully bumped revision number for resource 41416781-b081-495e-bbde-51272e753a43 (type: security_group_rules) to 0
2026-04-27 13:13:54.095 10 INFO neutron.db.ovn_revision_numbers_db [None req-1577ae9f-e3ad-4613-9d94-dd1e7cdc0faa c517ae173a534c19b2056e9792252a97 3f39e3c30eba471790275b3bdd63032c - - default default] Successfully bumped revision number for resource 87b7e0ce-f889-492d-a378-aed140fcb5e2 (type: security_groups) to 1
2026-04-27 13:13:54.097 10 INFO neutron.db.ovn_revision_numbers_db [None req-ef867a1e-1115-4c92-bedd-caa2aabf907e c517ae173a534c19b2056e9792252a97 3f39e3c30eba471790275b3bdd63032c - - default default] Successfully bumped revision number for resource 345f6e22-b7e6-443d-9556-ae415f0930f9 (type: security_groups) to 1
2026-04-27 13:13:54.106 9 INFO neutron.wsgi [None req-145a4aac-e24d-4b62-bf0d-892a19135fcf c517ae173a534c19b2056e9792252a97 3f39e3c30eba471790275b3bdd63032c - - default default] 10.0.0.230 "GET /v2.0/routers HTTP/1.1" status: 200 len: 189 time: 0.0919588
2026-04-27 13:13:54.111 9 INFO neutron.db.ovn_revision_numbers_db [None req-e3611037-2a64-44fc-9246-4a07f61330a1 c517ae173a534c19b2056e9792252a97 3f39e3c30eba471790275b3bdd63032c - - default default] Successfully bumped revision number for resource 97c0262a-9675-480f-baa0-8332f5f7071f (type: security_group_rules) to 0
2026-04-27 13:13:54.114 10 INFO neutron.db.ovn_revision_numbers_db [None req-1577ae9f-e3ad-4613-9d94-dd1e7cdc0faa c517ae173a534c19b2056e9792252a97 3f39e3c30eba471790275b3bdd63032c - - default default] Successfully bumped revision number for resource 32ebf3fb-32c2-43d9-8cd1-9f274e888a5d (type: security_group_rules) to 0
2026-04-27 13:13:54.117 10 INFO neutron.db.ovn_revision_numbers_db [None req-ef867a1e-1115-4c92-bedd-caa2aabf907e c517ae173a534c19b2056e9792252a97 3f39e3c30eba471790275b3bdd63032c - - default default] Successfully bumped revision number for resource 014acb8b-5a80-4334-acad-0814153b2648 (type: security_group_rules) to 0
2026-04-27 13:13:54.121 9 INFO neutron.wsgi [None req-d83dfb75-db8a-4738-94ee-572ecf74a522 c517ae173a534c19b2056e9792252a97 3f39e3c30eba471790275b3bdd63032c - - default default] 10.0.0.230 "GET /v2.0/agents?binary=ovn-controller HTTP/1.1" status: 200 len: 591 time: 0.0141425
2026-04-27 13:13:54.139 10 INFO neutron.db.ovn_revision_numbers_db [None req-1577ae9f-e3ad-4613-9d94-dd1e7cdc0faa c517ae173a534c19b2056e9792252a97 3f39e3c30eba471790275b3bdd63032c - - default default] Successfully bumped revision number for resource 893b1887-2e51-49ca-9532-832796931aeb (type: security_group_rules) to 0
2026-04-27 13:13:54.142 9 INFO neutron.db.ovn_revision_numbers_db [None req-e3611037-2a64-44fc-9246-4a07f61330a1 c517ae173a534c19b2056e9792252a97 3f39e3c30eba471790275b3bdd63032c - - default default] Successfully bumped revision number for resource a1da8b38-899d-4cd9-a5e6-97adf0f5f3b6 (type: security_group_rules) to 0
2026-04-27 13:13:54.143 10 INFO neutron.db.ovn_revision_numbers_db [None req-ef867a1e-1115-4c92-bedd-caa2aabf907e c517ae173a534c19b2056e9792252a97 3f39e3c30eba471790275b3bdd63032c - - default default] Successfully bumped revision number for resource 6be8c647-6924-4924-93ed-c3022d716e2e (type: security_group_rules) to 0
2026-04-27 13:13:54.159 10 INFO neutron.db.ovn_revision_numbers_db [None req-1577ae9f-e3ad-4613-9d94-dd1e7cdc0faa c517ae173a534c19b2056e9792252a97 3f39e3c30eba471790275b3bdd63032c - - default default] Successfully bumped revision number for resource d57611f8-d77a-456c-badb-c86be06ec810 (type: security_group_rules) to 0
2026-04-27 13:13:54.167 10 INFO neutron.db.ovn_revision_numbers_db [None req-ef867a1e-1115-4c92-bedd-caa2aabf907e c517ae173a534c19b2056e9792252a97 3f39e3c30eba471790275b3bdd63032c - - default default] Successfully bumped revision number for resource 732c93f8-7b50-4c4e-ade6-64215d2c59b1 (type: security_group_rules) to 0
2026-04-27 13:13:54.173 10 INFO neutron.wsgi [None req-2a599aeb-be84-43bb-af90-1d51f0186dd0 c517ae173a534c19b2056e9792252a97 3f39e3c30eba471790275b3bdd63032c - - default default] 10.0.0.162 "GET /v2.0/security-groups?tenant_id=8c87b0019a4140abb179d75b2cce959d&name=default HTTP/1.1" status: 200 len: 2996 time: 0.0887578
2026-04-27 13:13:54.174 9 INFO neutron.db.ovn_revision_numbers_db [None req-e3611037-2a64-44fc-9246-4a07f61330a1 c517ae173a534c19b2056e9792252a97 3f39e3c30eba471790275b3bdd63032c - - default default] Successfully bumped revision number for resource bd74ac38-83c4-44e8-bf87-c86f67218171 (type: security_group_rules) to 0
2026-04-27 13:13:54.178 9 INFO neutron.wsgi [None req-5551f1c8-cc3c-4b12-8ba4-38c1356630bb c517ae173a534c19b2056e9792252a97 3f39e3c30eba471790275b3bdd63032c - - default default] 10.0.0.230 "GET /v2.0/subnets HTTP/1.1" status: 200 len: 1437 time: 0.0557086
2026-04-27 13:13:54.184 10 INFO neutron.db.ovn_revision_numbers_db [None req-1577ae9f-e3ad-4613-9d94-dd1e7cdc0faa c517ae173a534c19b2056e9792252a97 3f39e3c30eba471790275b3bdd63032c - - default default] Successfully bumped revision number for resource f044e970-3461-4035-9fb1-bc56b22f1192 (type: security_group_rules) to 0
2026-04-27 13:13:54.196 10 INFO neutron.db.ovn_revision_numbers_db [None req-ef867a1e-1115-4c92-bedd-caa2aabf907e c517ae173a534c19b2056e9792252a97 3f39e3c30eba471790275b3bdd63032c - - default default] Successfully bumped revision number for resource adff2e5d-68e2-46c5-b99d-face8fba3d81 (type: security_group_rules) to 0
2026-04-27 13:13:54.217 10 INFO neutron.wsgi [None req-1577ae9f-e3ad-4613-9d94-dd1e7cdc0faa c517ae173a534c19b2056e9792252a97 3f39e3c30eba471790275b3bdd63032c - - default default] 10.0.0.162 "GET /v2.0/security-groups?tenant_id=33316504de1547828f325f9f7df2252d&name=default HTTP/1.1" status: 200 len: 2996 time: 0.4348104
2026-04-27 13:13:54.229 9 INFO neutron.wsgi [None req-e3611037-2a64-44fc-9246-4a07f61330a1 c517ae173a534c19b2056e9792252a97 3f39e3c30eba471790275b3bdd63032c - - default default] 10.0.0.162 "GET /v2.0/security-groups?tenant_id=62185128d61244ceaade8c67e7400e6d&name=default HTTP/1.1" status: 200 len: 2996 time: 0.5115662
2026-04-27 13:13:54.231 10 INFO neutron.wsgi [None req-ef867a1e-1115-4c92-bedd-caa2aabf907e c517ae173a534c19b2056e9792252a97 3f39e3c30eba471790275b3bdd63032c - - default default] 10.0.0.162 "GET /v2.0/security-groups?tenant_id=258df7a47cb242e8836404a61eeb344c&name=default HTTP/1.1" status: 200 len: 2996 time: 0.4408870
2026-04-27 13:13:54.240 9 INFO neutron.wsgi [None req-b9daf042-be54-423a-8ddd-fddc1c21d337 c517ae173a534c19b2056e9792252a97 3f39e3c30eba471790275b3bdd63032c - - default default] 10.0.0.230 "GET /v2.0/ports HTTP/1.1" status: 200 len: 5351 time: 0.0598757
2026-04-27 13:13:54.469 9 INFO neutron.wsgi [None req-eab3dde2-e37f-40ac-a8c5-b426d0d5c397 c517ae173a534c19b2056e9792252a97 3f39e3c30eba471790275b3bdd63032c - - default default] 10.0.0.230 "GET /v2.0/floatingips HTTP/1.1" status: 200 len: 193 time: 0.2221687
2026-04-27 13:13:54.536 9 INFO neutron.wsgi [None req-8e0b9004-e492-4046-8e23-ce5eb98cdf07 c517ae173a534c19b2056e9792252a97 3f39e3c30eba471790275b3bdd63032c - - default default] 10.0.0.230 "GET /v2.0/security-groups HTTP/1.1" status: 200 len: 27923 time: 0.0639284
2026-04-27 13:13:54.563 9 INFO neutron.wsgi [None req-2aa64956-fcd6-4655-8674-0ff905a56d3b c517ae173a534c19b2056e9792252a97 3f39e3c30eba471790275b3bdd63032c - - default default] 10.0.0.230 "GET /v2.0/agents HTTP/1.1" status: 200 len: 997 time: 0.0159910
2026-04-27 13:13:54.603 9 INFO neutron.wsgi [None req-0b3f4934-0eaa-4d11-96b0-cf4146a15407 c517ae173a534c19b2056e9792252a97 3f39e3c30eba471790275b3bdd63032c - - default default] 10.0.0.230 "GET /v2.0/subnets HTTP/1.1" status: 200 len: 1437 time: 0.0390916
2026-04-27 13:13:54.621 9 INFO neutron.wsgi [None req-1484fa2f-a464-4ec0-a019-876f9fddc2c7 c517ae173a534c19b2056e9792252a97 3f39e3c30eba471790275b3bdd63032c - - default default] 10.0.0.230 "GET /v2.0/subnetpools HTTP/1.1" status: 200 len: 193 time: 0.0154107
2026-04-27 13:13:54.642 9 INFO neutron.wsgi [None req-fcc81d17-3a00-45b7-891c-59338c56f14e c517ae173a534c19b2056e9792252a97 3f39e3c30eba471790275b3bdd63032c - - default default] 10.0.0.230 "GET /v2.0/network-ip-availabilities HTTP/1.1" status: 200 len: 1280 time: 0.0194211
2026-04-27 13:13:54.714 10 INFO neutron.wsgi [None req-d5539f64-9640-4bad-80a0-17942a18fdd4 c517ae173a534c19b2056e9792252a97 3f39e3c30eba471790275b3bdd63032c - - default default] 10.0.0.162 "DELETE /v2.0/security-groups/217723b3-383a-43c5-bb40-cf9463d87869 HTTP/1.1" status: 204 len: 168 time: 0.5366237
2026-04-27 13:13:54.752 9 INFO neutron.wsgi [None req-68dc283b-7d42-4cf1-a28a-2e06390ce36c c517ae173a534c19b2056e9792252a97 3f39e3c30eba471790275b3bdd63032c - - default default] 10.0.0.230 "GET /v2.0/networks HTTP/1.1" status: 200 len: 2350 time: 0.1074259
2026-04-27 13:13:54.762 10 INFO neutron.wsgi [None req-25196c99-6c13-4238-a904-5c24098db4d3 c517ae173a534c19b2056e9792252a97 3f39e3c30eba471790275b3bdd63032c - - default default] 10.0.0.162 "DELETE /v2.0/security-groups/87b7e0ce-f889-492d-a378-aed140fcb5e2 HTTP/1.1" status: 204 len: 168 time: 0.5403244
2026-04-27 13:13:54.782 9 INFO neutron.wsgi [None req-bae60ac3-ed38-4525-9631-037ff5e6d872 c517ae173a534c19b2056e9792252a97 3f39e3c30eba471790275b3bdd63032c - - default default] 10.0.0.162 "DELETE /v2.0/security-groups/345f6e22-b7e6-443d-9556-ae415f0930f9 HTTP/1.1" status: 204 len: 168 time: 0.5407097
2026-04-27 13:13:54.799 10 INFO neutron.wsgi [None req-1f99ee51-5e1d-4261-a8cc-18a9269bda71 c517ae173a534c19b2056e9792252a97 3f39e3c30eba471790275b3bdd63032c - - default default] 10.0.0.162 "DELETE /v2.0/security-groups/552bbd3d-4ec0-4855-b128-f8d61fe95283 HTTP/1.1" status: 204 len: 168 time: 0.5616574
2026-04-27 13:13:55.055 10 INFO neutron.db.ovn_revision_numbers_db [None req-0c38f56d-2890-430f-ac9d-c73a434eef45 c517ae173a534c19b2056e9792252a97 3f39e3c30eba471790275b3bdd63032c - - default default] Successfully bumped revision number for resource d968ee4f-4ebf-43db-8c4c-5105e8708c89 (type: security_groups) to 1
2026-04-27 13:13:55.068 10 INFO neutron.db.ovn_revision_numbers_db [None req-0c38f56d-2890-430f-ac9d-c73a434eef45 c517ae173a534c19b2056e9792252a97 3f39e3c30eba471790275b3bdd63032c - - default default] Successfully bumped revision number for resource 47cecbdf-6085-4a63-8714-88113d53f92c (type: security_group_rules) to 0
2026-04-27 13:13:55.080 10 INFO neutron.db.ovn_revision_numbers_db [None req-0c38f56d-2890-430f-ac9d-c73a434eef45 c517ae173a534c19b2056e9792252a97 3f39e3c30eba471790275b3bdd63032c - - default default] Successfully bumped revision number for resource 763b8faa-bb3a-4ebd-bc02-b66c9a3aaa67 (type: security_group_rules) to 0
2026-04-27 13:13:55.095 10 INFO neutron.db.ovn_revision_numbers_db [None req-0c38f56d-2890-430f-ac9d-c73a434eef45 c517ae173a534c19b2056e9792252a97 3f39e3c30eba471790275b3bdd63032c - - default default] Successfully bumped revision number for resource 9431a9e0-9bdb-409f-b7b1-53620a43e67b (type: security_group_rules) to 0
2026-04-27 13:13:55.108 10 INFO neutron.db.ovn_revision_numbers_db [None req-0c38f56d-2890-430f-ac9d-c73a434eef45 c517ae173a534c19b2056e9792252a97 3f39e3c30eba471790275b3bdd63032c - - default default] Successfully bumped revision number for resource a8a7364a-4b67-4daf-abca-27a4a0cebdcc (type: security_group_rules) to 0
2026-04-27 13:13:55.133 10 INFO neutron.wsgi [None req-0c38f56d-2890-430f-ac9d-c73a434eef45 c517ae173a534c19b2056e9792252a97 3f39e3c30eba471790275b3bdd63032c - - default default] 10.0.0.162 "GET /v2.0/security-groups?tenant_id=774631ec362d4fa7863de71a1d0e6313&name=default HTTP/1.1" status: 200 len: 2996 time: 0.1930850
2026-04-27 13:13:55.362 10 INFO neutron.wsgi [None req-d93c30fa-626e-4f11-a4c0-539128929c2d c517ae173a534c19b2056e9792252a97 3f39e3c30eba471790275b3bdd63032c - - default default] 10.0.0.162 "DELETE /v2.0/security-groups/d968ee4f-4ebf-43db-8c4c-5105e8708c89 HTTP/1.1" status: 204 len: 168 time: 0.2245164
2026-04-27 13:13:56.441 9 INFO neutron.wsgi [-] 10.0.0.162 "GET / HTTP/1.1" status: 200 len: 279 time: 0.0030465
2026-04-27 13:13:56.560 10 INFO neutron.wsgi [None req-7aef0789-8a75-4980-9ba4-d6c1c829f88e 5b375ffe15234bb19f61b3b69398d6f4 70cf97bdbd31495fa4f7f0662f44226a - - default default] 10.0.0.162 "GET /v2.0/ HTTP/1.1" status: 200 len: 826 time: 0.1143763
2026-04-27 13:13:57.232 9 INFO neutron.db.ovn_revision_numbers_db [None req-b823d945-c767-4107-8043-0f1e598e2fa5 c517ae173a534c19b2056e9792252a97 3f39e3c30eba471790275b3bdd63032c - - default default] Successfully bumped revision number for resource 8fc16764-f33e-439c-ae39-ebc3573b8018 (type: security_groups) to 1
2026-04-27 13:13:57.247 9 INFO neutron.db.ovn_revision_numbers_db [None req-b823d945-c767-4107-8043-0f1e598e2fa5 c517ae173a534c19b2056e9792252a97 3f39e3c30eba471790275b3bdd63032c - - default default] Successfully bumped revision number for resource 31b2e1a7-216a-4972-9097-1566c89005b0 (type: security_group_rules) to 0
2026-04-27 13:13:57.261 9 INFO neutron.db.ovn_revision_numbers_db [None req-b823d945-c767-4107-8043-0f1e598e2fa5 c517ae173a534c19b2056e9792252a97 3f39e3c30eba471790275b3bdd63032c - - default default] Successfully bumped revision number for resource 46399c8c-1322-45ae-8b83-8332ada941f1 (type: security_group_rules) to 0
2026-04-27 13:13:57.275 9 INFO neutron.db.ovn_revision_numbers_db [None req-b823d945-c767-4107-8043-0f1e598e2fa5 c517ae173a534c19b2056e9792252a97 3f39e3c30eba471790275b3bdd63032c - - default default] Successfully bumped revision number for resource e64e4cb8-3625-4bfe-bfe7-bdcb8f92d82d (type: security_group_rules) to 0
2026-04-27 13:13:57.292 9 INFO neutron.db.ovn_revision_numbers_db [None req-b823d945-c767-4107-8043-0f1e598e2fa5 c517ae173a534c19b2056e9792252a97 3f39e3c30eba471790275b3bdd63032c - - default default] Successfully bumped revision number for resource f837afd2-49e7-4b9d-9f66-48b2f0e16955 (type: security_group_rules) to 0
2026-04-27 13:13:57.308 10 INFO neutron.db.ovn_revision_numbers_db [None req-531a89d0-3fda-4b6d-a02c-a2630aeb337c c517ae173a534c19b2056e9792252a97 3f39e3c30eba471790275b3bdd63032c - - default default] Successfully bumped revision number for resource 6fc4f883-443e-4d69-a315-ecfd90cd482d (type: security_groups) to 1
2026-04-27 13:13:57.317 9 INFO neutron.wsgi [None req-b823d945-c767-4107-8043-0f1e598e2fa5 c517ae173a534c19b2056e9792252a97 3f39e3c30eba471790275b3bdd63032c - - default default] 10.0.0.162 "GET /v2.0/security-groups?tenant_id=70cf97bdbd31495fa4f7f0662f44226a&name=default HTTP/1.1" status: 200 len: 2996 time: 0.2818098
2026-04-27 13:13:57.323 10 INFO neutron.db.ovn_revision_numbers_db [None req-531a89d0-3fda-4b6d-a02c-a2630aeb337c c517ae173a534c19b2056e9792252a97 3f39e3c30eba471790275b3bdd63032c - - default default] Successfully bumped revision number for resource 125f944a-a220-4037-a61e-d3fb64327d5b (type: security_group_rules) to 0
2026-04-27 13:13:57.336 10 INFO neutron.db.ovn_revision_numbers_db [None req-531a89d0-3fda-4b6d-a02c-a2630aeb337c c517ae173a534c19b2056e9792252a97 3f39e3c30eba471790275b3bdd63032c - - default default] Successfully bumped revision number for resource 26772844-bf5f-46df-9f17-76ed179f4676 (type: security_group_rules) to 0
2026-04-27 13:13:57.354 10 INFO neutron.db.ovn_revision_numbers_db [None req-531a89d0-3fda-4b6d-a02c-a2630aeb337c c517ae173a534c19b2056e9792252a97 3f39e3c30eba471790275b3bdd63032c - - default default] Successfully bumped revision number for resource 914eaa4e-e809-402c-ad94-68be283edb19 (type: security_group_rules) to 0
2026-04-27 13:13:57.368 10 INFO neutron.db.ovn_revision_numbers_db [None req-531a89d0-3fda-4b6d-a02c-a2630aeb337c c517ae173a534c19b2056e9792252a97 3f39e3c30eba471790275b3bdd63032c - - default default] Successfully bumped revision number for resource b55e07dd-fb46-4433-8f84-00408f53fef9 (type: security_group_rules) to 0
2026-04-27 13:13:57.391 10 INFO neutron.wsgi [None req-531a89d0-3fda-4b6d-a02c-a2630aeb337c c517ae173a534c19b2056e9792252a97 3f39e3c30eba471790275b3bdd63032c - - default default] 10.0.0.162 "GET /v2.0/security-groups?tenant_id=b6e734880d8d45d7a083d41c3d469d45&name=default HTTP/1.1" status: 200 len: 2996 time: 0.2462630
2026-04-27 13:13:57.524 9 INFO neutron.wsgi [None req-e516409c-cbea-4027-99c1-423a615dae4f c517ae173a534c19b2056e9792252a97 3f39e3c30eba471790275b3bdd63032c - - default default] 10.0.0.162 "DELETE /v2.0/security-groups/8fc16764-f33e-439c-ae39-ebc3573b8018 HTTP/1.1" status: 204 len: 168 time: 0.2021499
2026-04-27 13:13:57.580 10 INFO neutron.wsgi [None req-5c7361f6-9460-4e2d-8c7e-dd78c5d8b457 c517ae173a534c19b2056e9792252a97 3f39e3c30eba471790275b3bdd63032c - - default default] 10.0.0.162 "DELETE /v2.0/security-groups/6fc4f883-443e-4d69-a315-ecfd90cd482d HTTP/1.1" status: 204 len: 168 time: 0.1835701
2026-04-27 13:13:58.535 9 INFO neutron.wsgi [None req-131c9cfa-e5f0-4f9b-8a79-b02f9dbf46b2 f053b5f7213b4203a04850f51bf4b88a 95569420b81243c982c2d76aa5412741 - - default default] 10.0.0.251 "GET /v2.0/extensions HTTP/1.1" status: 200 len: 16525 time: 0.2749038
2026-04-27 13:13:58.646 10 INFO neutron.wsgi [None req-e4ce0af8-940c-4145-bcf3-81892d7a08a2 f053b5f7213b4203a04850f51bf4b88a 95569420b81243c982c2d76aa5412741 - - default default] 10.0.0.251 "GET /v2.0/quotas/95569420b81243c982c2d76aa5412741/details HTTP/1.1" status: 200 len: 756 time: 0.0892980
2026-04-27 13:13:59.577 10 INFO neutron.db.ovn_revision_numbers_db [None req-72a55c43-cf5a-45bd-93d3-3bf4ff17d756 c517ae173a534c19b2056e9792252a97 3f39e3c30eba471790275b3bdd63032c - - default default] Successfully bumped revision number for resource 129d88ae-e086-4e33-bcac-cb66d835aa52 (type: security_groups) to 1
2026-04-27 13:13:59.595 10 INFO neutron.db.ovn_revision_numbers_db [None req-72a55c43-cf5a-45bd-93d3-3bf4ff17d756 c517ae173a534c19b2056e9792252a97 3f39e3c30eba471790275b3bdd63032c - - default default] Successfully bumped revision number for resource 2fc76637-39a2-4890-8b07-b6c5c4fa26bf (type: security_group_rules) to 0
2026-04-27 13:13:59.613 10 INFO neutron.db.ovn_revision_numbers_db [None req-72a55c43-cf5a-45bd-93d3-3bf4ff17d756 c517ae173a534c19b2056e9792252a97 3f39e3c30eba471790275b3bdd63032c - - default default] Successfully bumped revision number for resource 58daabd7-22c8-4147-81fb-465e0416c420 (type: security_group_rules) to 0
2026-04-27 13:13:59.628 10 INFO neutron.db.ovn_revision_numbers_db [None req-72a55c43-cf5a-45bd-93d3-3bf4ff17d756 c517ae173a534c19b2056e9792252a97 3f39e3c30eba471790275b3bdd63032c - - default default] Successfully bumped revision number for resource a2e075ff-b55d-4a70-ba9f-6e1425029874 (type: security_group_rules) to 0
2026-04-27 13:13:59.644 10 INFO neutron.db.ovn_revision_numbers_db [None req-72a55c43-cf5a-45bd-93d3-3bf4ff17d756 c517ae173a534c19b2056e9792252a97 3f39e3c30eba471790275b3bdd63032c - - default default] Successfully bumped revision number for resource ba878cd2-68a0-4a36-bd9e-a5db862aaea9 (type: security_group_rules) to 0
2026-04-27 13:13:59.671 10 INFO neutron.wsgi [None req-72a55c43-cf5a-45bd-93d3-3bf4ff17d756 c517ae173a534c19b2056e9792252a97 3f39e3c30eba471790275b3bdd63032c - - default default] 10.0.0.162 "GET /v2.0/security-groups?tenant_id=28b016f85fa34d70bfc4830c30c3a8f3&name=default HTTP/1.1" status: 200 len: 2996 time: 0.2935641
2026-04-27 13:13:59.731 10 INFO neutron.wsgi [-] 10.0.0.89 "GET / HTTP/1.1" status: 200 len: 247 time: 0.0012386
2026-04-27 13:13:59.734 9 INFO neutron.wsgi [-] 10.0.0.89 "GET / HTTP/1.1" status: 200 len: 247 time: 0.0031786
2026-04-27 13:13:59.929 10 INFO neutron.wsgi [None req-f92c776c-189f-40b5-8247-3b6c4dd45446 c517ae173a534c19b2056e9792252a97 3f39e3c30eba471790275b3bdd63032c - - default default] 10.0.0.162 "DELETE /v2.0/security-groups/129d88ae-e086-4e33-bcac-cb66d835aa52 HTTP/1.1" status: 204 len: 168 time: 0.2535319
2026-04-27 13:14:00.233 10 INFO neutron.db.ovn_revision_numbers_db [None req-5aac33bd-f155-4b98-9559-400c2f8f9204 c517ae173a534c19b2056e9792252a97 3f39e3c30eba471790275b3bdd63032c - - default default] Successfully bumped revision number for resource 7a9c5aa2-35c8-4afa-a713-b9da07a114e1 (type: security_groups) to 1
2026-04-27 13:14:00.245 10 INFO neutron.db.ovn_revision_numbers_db [None req-5aac33bd-f155-4b98-9559-400c2f8f9204 c517ae173a534c19b2056e9792252a97 3f39e3c30eba471790275b3bdd63032c - - default default] Successfully bumped revision number for resource 06d0dbcf-9723-4155-b75c-df8c5fc403b1 (type: security_group_rules) to 0
2026-04-27 13:14:00.258 10 INFO neutron.db.ovn_revision_numbers_db [None req-5aac33bd-f155-4b98-9559-400c2f8f9204 c517ae173a534c19b2056e9792252a97 3f39e3c30eba471790275b3bdd63032c - - default default] Successfully bumped revision number for resource 36039d0a-1d9f-4191-83ef-3327d64158a5 (type: security_group_rules) to 0
2026-04-27 13:14:00.273 10 INFO neutron.db.ovn_revision_numbers_db [None req-5aac33bd-f155-4b98-9559-400c2f8f9204 c517ae173a534c19b2056e9792252a97 3f39e3c30eba471790275b3bdd63032c - - default default] Successfully bumped revision number for resource 5db47692-2841-4731-aa3c-175113fd7b7f (type: security_group_rules) to 0
2026-04-27 13:14:00.286 10 INFO neutron.db.ovn_revision_numbers_db [None req-5aac33bd-f155-4b98-9559-400c2f8f9204 c517ae173a534c19b2056e9792252a97 3f39e3c30eba471790275b3bdd63032c - - default default] Successfully bumped revision number for resource 627046d0-d432-4602-9325-7d2224ff191b (type: security_group_rules) to 0
2026-04-27 13:14:00.307 10 INFO neutron.wsgi [None req-5aac33bd-f155-4b98-9559-400c2f8f9204 c517ae173a534c19b2056e9792252a97 3f39e3c30eba471790275b3bdd63032c - - default default] 10.0.0.162 "GET /v2.0/security-groups?tenant_id=dae0b1b9a4c2470dbac5a53746e17ec6&name=default HTTP/1.1" status: 200 len: 2996 time: 0.2064879
2026-04-27 13:14:00.506 10 INFO neutron.wsgi [None req-e7d0b7b5-f643-42cd-89b2-968ef0b441a3 c517ae173a534c19b2056e9792252a97 3f39e3c30eba471790275b3bdd63032c - - default default] 10.0.0.162 "DELETE /v2.0/security-groups/7a9c5aa2-35c8-4afa-a713-b9da07a114e1 HTTP/1.1" status: 204 len: 168 time: 0.1940205
2026-04-27 13:14:01.111 10 INFO neutron.wsgi [None req-dbb841c5-eaeb-41c8-b39e-8b0615140622 f053b5f7213b4203a04850f51bf4b88a 95569420b81243c982c2d76aa5412741 - - default default] 10.0.0.251 "GET /v2.0/extensions HTTP/1.1" status: 200 len: 16525 time: 0.0077837
2026-04-27 13:14:01.232 9 INFO neutron.wsgi [None req-92551f39-ef8a-4fc2-9e2c-c99770c48501 f053b5f7213b4203a04850f51bf4b88a 95569420b81243c982c2d76aa5412741 - - default default] 10.0.0.251 "GET /v2.0/quotas/95569420b81243c982c2d76aa5412741/details HTTP/1.1" status: 200 len: 756 time: 0.0942466
2026-04-27 13:14:02.174 9 INFO neutron.db.ovn_revision_numbers_db [None req-d4bcd964-d695-4545-987c-304d7d42859f c517ae173a534c19b2056e9792252a97 3f39e3c30eba471790275b3bdd63032c - - default default] Successfully bumped revision number for resource 7d01ff67-93c8-4c4a-965f-5f903309113b (type: security_groups) to 1
2026-04-27 13:14:02.185 9 INFO neutron.db.ovn_revision_numbers_db [None req-d4bcd964-d695-4545-987c-304d7d42859f c517ae173a534c19b2056e9792252a97 3f39e3c30eba471790275b3bdd63032c - - default default] Successfully bumped revision number for resource 43a16dbf-8f2f-438d-b9a8-35d207bf457e (type: security_group_rules) to 0
2026-04-27 13:14:02.201 9 INFO neutron.db.ovn_revision_numbers_db [None req-d4bcd964-d695-4545-987c-304d7d42859f c517ae173a534c19b2056e9792252a97 3f39e3c30eba471790275b3bdd63032c - - default default] Successfully bumped revision number for resource 6dcc9b0d-bd4d-42e5-9d44-612f677ab89e (type: security_group_rules) to 0
2026-04-27 13:14:02.230 9 INFO neutron.db.ovn_revision_numbers_db [None req-d4bcd964-d695-4545-987c-304d7d42859f c517ae173a534c19b2056e9792252a97 3f39e3c30eba471790275b3bdd63032c - - default default] Successfully bumped revision number for resource b927ed16-c91f-4b21-a72b-70bf4506bb53 (type: security_group_rules) to 0
2026-04-27 13:14:02.259 9 INFO neutron.db.ovn_revision_numbers_db [None req-d4bcd964-d695-4545-987c-304d7d42859f c517ae173a534c19b2056e9792252a97 3f39e3c30eba471790275b3bdd63032c - - default default] Successfully bumped revision number for resource eb1545c3-fcd7-4337-b66d-540be996560f (type: security_group_rules) to 0
2026-04-27 13:14:02.296 9 INFO neutron.wsgi [None req-d4bcd964-d695-4545-987c-304d7d42859f c517ae173a534c19b2056e9792252a97 3f39e3c30eba471790275b3bdd63032c - - default default] 10.0.0.162 "GET /v2.0/security-groups?tenant_id=eab00007614f48fb8183604e1baabfa8&name=default HTTP/1.1" status: 200 len: 2996 time: 0.4360058
2026-04-27 13:14:02.488 9 INFO neutron.wsgi [None req-afb570ad-c3e4-4e7b-931d-2f0b8346c021 c517ae173a534c19b2056e9792252a97 3f39e3c30eba471790275b3bdd63032c - - default default] 10.0.0.162 "DELETE /v2.0/security-groups/7d01ff67-93c8-4c4a-965f-5f903309113b HTTP/1.1" status: 204 len: 168 time: 0.1859305
2026-04-27 13:14:02.764 10 INFO neutron.db.ovn_revision_numbers_db [None req-e1a5baeb-82a1-4224-bf86-432a7e25148e c517ae173a534c19b2056e9792252a97 3f39e3c30eba471790275b3bdd63032c - - default default] Successfully bumped revision number for resource a7af17c9-61c6-4963-9620-b74c4cb8ebfa (type: security_groups) to 1
2026-04-27 13:14:02.777 10 INFO neutron.db.ovn_revision_numbers_db [None req-e1a5baeb-82a1-4224-bf86-432a7e25148e c517ae173a534c19b2056e9792252a97 3f39e3c30eba471790275b3bdd63032c - - default default] Successfully bumped revision number for resource 64f9724f-afeb-46ac-baed-6878782bc9cd (type: security_group_rules) to 0
2026-04-27 13:14:02.794 10 INFO neutron.db.ovn_revision_numbers_db [None req-e1a5baeb-82a1-4224-bf86-432a7e25148e c517ae173a534c19b2056e9792252a97 3f39e3c30eba471790275b3bdd63032c - - default default] Successfully bumped revision number for resource 8f6242dc-67b2-4cd0-874d-445447077a4e (type: security_group_rules) to 0
2026-04-27 13:14:02.821 10 INFO neutron.db.ovn_revision_numbers_db [None req-e1a5baeb-82a1-4224-bf86-432a7e25148e c517ae173a534c19b2056e9792252a97 3f39e3c30eba471790275b3bdd63032c - - default default] Successfully bumped revision number for resource ac6f883a-1cec-4647-9a0e-33bee86a670e (type: security_group_rules) to 0
2026-04-27 13:14:02.837 10 INFO neutron.db.ovn_revision_numbers_db [None req-e1a5baeb-82a1-4224-bf86-432a7e25148e c517ae173a534c19b2056e9792252a97 3f39e3c30eba471790275b3bdd63032c - - default default] Successfully bumped revision number for resource f3eedb04-aca8-433b-8c5e-3c9f5cad5818 (type: security_group_rules) to 0
2026-04-27 13:14:02.862 10 INFO neutron.wsgi [None req-e1a5baeb-82a1-4224-bf86-432a7e25148e c517ae173a534c19b2056e9792252a97 3f39e3c30eba471790275b3bdd63032c - - default default] 10.0.0.162 "GET /v2.0/security-groups?tenant_id=0c7fac34fd0e4fc39d463bd303c5d841&name=default HTTP/1.1" status: 200 len: 2996 time: 0.2115467
2026-04-27 13:14:03.077 10 INFO neutron.wsgi [None req-f572ff74-d079-4a84-ac06-c9ceb7de7405 c517ae173a534c19b2056e9792252a97 3f39e3c30eba471790275b3bdd63032c - - default default] 10.0.0.162 "DELETE /v2.0/security-groups/a7af17c9-61c6-4963-9620-b74c4cb8ebfa HTTP/1.1" status: 204 len: 168 time: 0.2094953
2026-04-27 13:14:03.366 10 INFO neutron.db.ovn_revision_numbers_db [None req-3bfc8c18-46d5-4fb8-ad1b-afbe7a9d5699 c517ae173a534c19b2056e9792252a97 3f39e3c30eba471790275b3bdd63032c - - default default] Successfully bumped revision number for resource 467be40e-0f37-4308-a3e9-42d33ba60b83 (type: security_groups) to 1
2026-04-27 13:14:03.391 10 INFO neutron.db.ovn_revision_numbers_db [None req-3bfc8c18-46d5-4fb8-ad1b-afbe7a9d5699 c517ae173a534c19b2056e9792252a97 3f39e3c30eba471790275b3bdd63032c - - default default] Successfully bumped revision number for resource 20721704-be7f-469a-bccf-dec36a2ea19c (type: security_group_rules) to 0
2026-04-27 13:14:03.414 10 INFO neutron.db.ovn_revision_numbers_db [None req-3bfc8c18-46d5-4fb8-ad1b-afbe7a9d5699 c517ae173a534c19b2056e9792252a97 3f39e3c30eba471790275b3bdd63032c - - default default] Successfully bumped revision number for resource 632014c8-331c-46a9-beec-751646e12de3 (type: security_group_rules) to 0
2026-04-27 13:14:03.476 10 INFO neutron.db.ovn_revision_numbers_db [None req-3bfc8c18-46d5-4fb8-ad1b-afbe7a9d5699 c517ae173a534c19b2056e9792252a97 3f39e3c30eba471790275b3bdd63032c - - default default] Successfully bumped revision number for resource 6ab5c326-639b-4e34-b243-1e19fdf2749c (type: security_group_rules) to 0
2026-04-27 13:14:03.499 10 INFO neutron.db.ovn_revision_numbers_db [None req-3bfc8c18-46d5-4fb8-ad1b-afbe7a9d5699 c517ae173a534c19b2056e9792252a97 3f39e3c30eba471790275b3bdd63032c - - default default] Successfully bumped revision number for resource d0ea5bbb-046e-4bae-a281-cde1ae046d6a (type: security_group_rules) to 0
2026-04-27 13:14:03.523 10 INFO neutron.wsgi [None req-3bfc8c18-46d5-4fb8-ad1b-afbe7a9d5699 c517ae173a534c19b2056e9792252a97 3f39e3c30eba471790275b3bdd63032c - - default default] 10.0.0.162 "GET /v2.0/security-groups?tenant_id=1881ed7a289e46b2b4ab59c7f3bf6797&name=default HTTP/1.1" status: 200 len: 2996 time: 0.4073391
2026-04-27 13:14:03.745 10 INFO neutron.wsgi [None req-9fcf03ec-2352-46ab-8bb2-ee2f236bea41 c517ae173a534c19b2056e9792252a97 3f39e3c30eba471790275b3bdd63032c - - default default] 10.0.0.162 "DELETE /v2.0/security-groups/467be40e-0f37-4308-a3e9-42d33ba60b83 HTTP/1.1" status: 204 len: 168 time: 0.2160985
2026-04-27 13:14:04.083 10 INFO neutron.db.ovn_revision_numbers_db [None req-aeb314a3-cd28-4ce7-934a-29b700bbac4a c517ae173a534c19b2056e9792252a97 3f39e3c30eba471790275b3bdd63032c - - default default] Successfully bumped revision number for resource 00b2e689-c99c-41eb-9a62-043e05bed3af (type: security_groups) to 1
2026-04-27 13:14:04.110 10 INFO neutron.db.ovn_revision_numbers_db [None req-aeb314a3-cd28-4ce7-934a-29b700bbac4a c517ae173a534c19b2056e9792252a97 3f39e3c30eba471790275b3bdd63032c - - default default] Successfully bumped revision number for resource 4295204b-92af-43ac-ab61-4ebcf21b80bb (type: security_group_rules) to 0
2026-04-27 13:14:04.124 10 INFO neutron.db.ovn_revision_numbers_db [None req-aeb314a3-cd28-4ce7-934a-29b700bbac4a c517ae173a534c19b2056e9792252a97 3f39e3c30eba471790275b3bdd63032c - - default default] Successfully bumped revision number for resource 721b20b3-ae4e-461c-983b-fd4c7dba0c05 (type: security_group_rules) to 0
2026-04-27 13:14:04.139 10 INFO neutron.db.ovn_revision_numbers_db [None req-aeb314a3-cd28-4ce7-934a-29b700bbac4a c517ae173a534c19b2056e9792252a97 3f39e3c30eba471790275b3bdd63032c - - default default] Successfully bumped revision number for resource 74564418-af6c-4054-aee6-f6591803742e (type: security_group_rules) to 0
2026-04-27 13:14:04.154 10 INFO neutron.db.ovn_revision_numbers_db [None req-aeb314a3-cd28-4ce7-934a-29b700bbac4a c517ae173a534c19b2056e9792252a97 3f39e3c30eba471790275b3bdd63032c - - default default] Successfully bumped revision number for resource e4b279c8-4d7c-481c-8a92-b859cc97b512 (type: security_group_rules) to 0
2026-04-27 13:14:04.177 10 INFO neutron.wsgi [None req-aeb314a3-cd28-4ce7-934a-29b700bbac4a c517ae173a534c19b2056e9792252a97 3f39e3c30eba471790275b3bdd63032c - - default default] 10.0.0.162 "GET /v2.0/security-groups?tenant_id=95569420b81243c982c2d76aa5412741&name=default HTTP/1.1" status: 200 len: 2996 time: 0.4302907
2026-04-27 13:14:04.480 10 INFO neutron.wsgi [None req-2a0b7a98-bc49-400d-988c-8e8ab3568c7c c517ae173a534c19b2056e9792252a97 3f39e3c30eba471790275b3bdd63032c - - default default] 10.0.0.162 "DELETE /v2.0/security-groups/00b2e689-c99c-41eb-9a62-043e05bed3af HTTP/1.1" status: 204 len: 168 time: 0.2973473
2026-04-27 13:14:05.185 9 INFO neutron.db.ovn_revision_numbers_db [None req-1fcb88d5-c55f-4051-a7bc-339175fb452f c517ae173a534c19b2056e9792252a97 3f39e3c30eba471790275b3bdd63032c - - default default] Successfully bumped revision number for resource d1b20c84-7bf3-4e10-a885-6c869790876f (type: security_groups) to 1
2026-04-27 13:14:05.197 9 INFO neutron.db.ovn_revision_numbers_db [None req-1fcb88d5-c55f-4051-a7bc-339175fb452f c517ae173a534c19b2056e9792252a97 3f39e3c30eba471790275b3bdd63032c - - default default] Successfully bumped revision number for resource 123c247c-3788-4089-b8f5-082b5d6e9a09 (type: security_group_rules) to 0
2026-04-27 13:14:05.214 9 INFO neutron.db.ovn_revision_numbers_db [None req-1fcb88d5-c55f-4051-a7bc-339175fb452f c517ae173a534c19b2056e9792252a97 3f39e3c30eba471790275b3bdd63032c - - default default] Successfully bumped revision number for resource 4e8dcb48-e448-44e0-a4d8-157c35bbf193 (type: security_group_rules) to 0
2026-04-27 13:14:05.228 9 INFO neutron.db.ovn_revision_numbers_db [None req-1fcb88d5-c55f-4051-a7bc-339175fb452f c517ae173a534c19b2056e9792252a97 3f39e3c30eba471790275b3bdd63032c - - default default] Successfully bumped revision number for resource 9046e33f-8f59-419e-94a2-e4226a4686b9 (type: security_group_rules) to 0
2026-04-27 13:14:05.243 9 INFO neutron.db.ovn_revision_numbers_db [None req-1fcb88d5-c55f-4051-a7bc-339175fb452f c517ae173a534c19b2056e9792252a97 3f39e3c30eba471790275b3bdd63032c - - default default] Successfully bumped revision number for resource b7a99ee4-cd38-435e-8db5-c22e86d20a08 (type: security_group_rules) to 0
2026-04-27 13:14:05.304 9 INFO neutron.db.segments_db [None req-1fcb88d5-c55f-4051-a7bc-339175fb452f c517ae173a534c19b2056e9792252a97 3f39e3c30eba471790275b3bdd63032c - - default default] Added segment f95ef20e-88b9-4f6f-acb7-02f0dcce3628 of type geneve for network 68fb2d1c-e93b-4f77-8fa2-5b375de87f2b
2026-04-27 13:14:05.484 9 INFO neutron.db.ovn_revision_numbers_db [None req-1fcb88d5-c55f-4051-a7bc-339175fb452f c517ae173a534c19b2056e9792252a97 3f39e3c30eba471790275b3bdd63032c - - default default] Successfully bumped revision number for resource 68fb2d1c-e93b-4f77-8fa2-5b375de87f2b (type: networks) to 1
2026-04-27 13:14:05.686 9 WARNING neutron.scheduler.dhcp_agent_scheduler [None req-1fcb88d5-c55f-4051-a7bc-339175fb452f c517ae173a534c19b2056e9792252a97 3f39e3c30eba471790275b3bdd63032c - - default default] No more DHCP agents
2026-04-27 13:14:05.692 9 WARNING neutron.api.rpc.agentnotifiers.dhcp_rpc_agent_api [None req-1fcb88d5-c55f-4051-a7bc-339175fb452f c517ae173a534c19b2056e9792252a97 3f39e3c30eba471790275b3bdd63032c - - default default] Unable to schedule network 68fb2d1c-e93b-4f77-8fa2-5b375de87f2b: no agents available; will retry on subsequent port and subnet creation events.
2026-04-27 13:14:05.801 9 INFO neutron.db.ovn_revision_numbers_db [None req-1fcb88d5-c55f-4051-a7bc-339175fb452f c517ae173a534c19b2056e9792252a97 3f39e3c30eba471790275b3bdd63032c - - default default] Successfully bumped revision number for resource 34138d96-0091-4bfb-84b6-9fce40aab2a3 (type: ports) to 1
