2026-04-27 13:13:10.667 9 INFO neutron.wsgi [None req-c0c00ed7-f6ac-4b83-91e4-9bd14d068185 67898112271a44b88de535463a6d4829 40fb258074334c44a16e854ea4126ee0 - - default default] 10.0.0.162 "GET /v2.0/extensions/segment HTTP/1.1" status: 200 len: 339 time: 0.0073826
2026-04-27 13:13:10.675 9 INFO neutron.wsgi [None req-342ab637-3f8a-4d40-a6eb-968a86e4917f 67898112271a44b88de535463a6d4829 40fb258074334c44a16e854ea4126ee0 - - default default] 10.0.0.162 "GET /v2.0/extensions/segments-peer-subnet-host-routes HTTP/1.1" status: 200 len: 427 time: 0.0038145
2026-04-27 13:13:10.685 9 INFO neutron.wsgi [None req-159fbee0-301a-49a3-a2e5-a986db4ed8fa 67898112271a44b88de535463a6d4829 40fb258074334c44a16e854ea4126ee0 - - default default] 10.0.0.162 "GET /v2.0/extensions/service-type HTTP/1.1" status: 200 len: 415 time: 0.0051951
2026-04-27 13:13:10.694 9 INFO neutron.wsgi [None req-365777c8-e870-4dcc-99e2-1361749fde72 67898112271a44b88de535463a6d4829 40fb258074334c44a16e854ea4126ee0 - - default default] 10.0.0.162 "GET /v2.0/extensions/sorting HTTP/1.1" status: 200 len: 377 time: 0.0050340
2026-04-27 13:13:10.708 9 INFO neutron.wsgi [None req-cd013c41-84a8-407d-81bd-2ad20199b968 67898112271a44b88de535463a6d4829 40fb258074334c44a16e854ea4126ee0 - - default default] 10.0.0.162 "GET /v2.0/extensions/standard-attr-segment HTTP/1.1" status: 200 len: 406 time: 0.0057347
2026-04-27 13:13:10.718 9 INFO neutron.wsgi [None req-bf8cee29-07a3-4760-be86-67e480257537 67898112271a44b88de535463a6d4829 40fb258074334c44a16e854ea4126ee0 - - default default] 10.0.0.162 "GET /v2.0/extensions/standard-attr-description HTTP/1.1" status: 200 len: 408 time: 0.0054452
2026-04-27 13:13:10.727 9 INFO neutron.wsgi [None req-0385ca38-1c34-4a5e-be53-1ca58ec1bb40 67898112271a44b88de535463a6d4829 40fb258074334c44a16e854ea4126ee0 - - default default] 10.0.0.162 "GET /v2.0/extensions/stateful-security-group HTTP/1.1" status: 200 len: 402 time: 0.0048747
2026-04-27 13:13:10.746 9 INFO neutron.wsgi [None req-f02cc300-5410-47b8-9283-ed65bfc20f34 67898112271a44b88de535463a6d4829 40fb258074334c44a16e854ea4126ee0 - - default default] 10.0.0.162 "GET /v2.0/extensions/subnet-dns-publish-fixed-ip HTTP/1.1" status: 200 len: 421 time: 0.0039587
2026-04-27 13:13:10.753 9 INFO neutron.wsgi [None req-0d70b351-f37f-4d56-bd46-5154623c5411 67898112271a44b88de535463a6d4829 40fb258074334c44a16e854ea4126ee0 - - default default] 10.0.0.162 "GET /v2.0/extensions/subnet-segmentid-writable HTTP/1.1" status: 200 len: 421 time: 0.0035117
2026-04-27 13:13:10.760 9 INFO neutron.wsgi [None req-a9eda68e-03c5-4659-ae24-cb0df98b9568 67898112271a44b88de535463a6d4829 40fb258074334c44a16e854ea4126ee0 - - default default] 10.0.0.162 "GET /v2.0/extensions/subnet-service-types HTTP/1.1" status: 200 len: 400 time: 0.0044334
2026-04-27 13:13:10.769 9 INFO neutron.wsgi [None req-12bc1643-a786-4122-a533-9f2a036cde18 67898112271a44b88de535463a6d4829 40fb258074334c44a16e854ea4126ee0 - - default default] 10.0.0.162 "GET /v2.0/extensions/subnet_allocation HTTP/1.1" status: 200 len: 388 time: 0.0054860
2026-04-27 13:13:10.776 9 INFO neutron.wsgi [None req-95c36423-a748-49f8-b9d4-6b04fa1d9de4 67898112271a44b88de535463a6d4829 40fb258074334c44a16e854ea4126ee0 - - default default] 10.0.0.162 "GET /v2.0/extensions/subnetpool-prefix-ops HTTP/1.1" status: 200 len: 418 time: 0.0034540
2026-04-27 13:13:10.785 9 INFO neutron.wsgi [None req-42ce0c48-f81b-4e88-a178-d1414c778700 67898112271a44b88de535463a6d4829 40fb258074334c44a16e854ea4126ee0 - - default default] 10.0.0.162 "GET /v2.0/extensions/standard-attr-tag HTTP/1.1" status: 200 len: 537 time: 0.0047555
2026-04-27 13:13:10.795 9 INFO neutron.wsgi [None req-1294142a-716c-44d9-8c6e-dc6501a7b822 67898112271a44b88de535463a6d4829 40fb258074334c44a16e854ea4126ee0 - - default default] 10.0.0.162 "GET /v2.0/extensions/standard-attr-timestamp HTTP/1.1" status: 200 len: 449 time: 0.0047824
2026-04-27 13:13:10.803 9 INFO neutron.wsgi [None req-9c940674-795e-47a8-a6aa-94ec1075de2b 67898112271a44b88de535463a6d4829 40fb258074334c44a16e854ea4126ee0 - - default default] 10.0.0.162 "GET /v2.0/extensions/trunk HTTP/1.1" status: 200 len: 358 time: 0.0044119
2026-04-27 13:13:10.813 9 INFO neutron.wsgi [None req-d2ac0fa2-d8bb-40db-aa66-fc5376844728 67898112271a44b88de535463a6d4829 40fb258074334c44a16e854ea4126ee0 - - default default] 10.0.0.162 "GET /v2.0/extensions/trunk-details HTTP/1.1" status: 200 len: 362 time: 0.0053301
2026-04-27 13:13:11.506 10 WARNING neutron.plugins.ml2.drivers.ovn.mech_driver.ovsdb.ovn_client [None req-e359b775-eaeb-466c-949d-6af974516fab - - - - - -] No port found with ID b7087955-23d1-455f-b45c-9b6ae0dc7311: RuntimeError: No port found with ID b7087955-23d1-455f-b45c-9b6ae0dc7311
2026-04-27 13:13:11.535 9 INFO neutron.db.ovn_revision_numbers_db [None req-7c3588e3-6df6-45e6-b050-5674717fd977 c517ae173a534c19b2056e9792252a97 3f39e3c30eba471790275b3bdd63032c - - default default] Successfully bumped revision number for resource 8faca0ab-beb7-40d2-8f2c-571d693d4b13 (type: security_groups) to 1
2026-04-27 13:13:11.550 9 INFO neutron.db.ovn_revision_numbers_db [None req-7c3588e3-6df6-45e6-b050-5674717fd977 c517ae173a534c19b2056e9792252a97 3f39e3c30eba471790275b3bdd63032c - - default default] Successfully bumped revision number for resource 2bd7c88c-618f-4c5c-9b73-ec82e849490f (type: security_group_rules) to 0
2026-04-27 13:13:11.565 9 INFO neutron.db.ovn_revision_numbers_db [None req-7c3588e3-6df6-45e6-b050-5674717fd977 c517ae173a534c19b2056e9792252a97 3f39e3c30eba471790275b3bdd63032c - - default default] Successfully bumped revision number for resource 464dfcb3-d572-4efc-9a07-211942e27c5b (type: security_group_rules) to 0
2026-04-27 13:13:11.582 9 INFO neutron.db.ovn_revision_numbers_db [None req-7c3588e3-6df6-45e6-b050-5674717fd977 c517ae173a534c19b2056e9792252a97 3f39e3c30eba471790275b3bdd63032c - - default default] Successfully bumped revision number for resource b22d93e4-bd3d-4156-a81b-e6d26bebb9c4 (type: security_group_rules) to 0
2026-04-27 13:13:11.599 9 INFO neutron.db.ovn_revision_numbers_db [None req-7c3588e3-6df6-45e6-b050-5674717fd977 c517ae173a534c19b2056e9792252a97 3f39e3c30eba471790275b3bdd63032c - - default default] Successfully bumped revision number for resource e5d75003-2b6e-4aa0-8dd5-91f8d89c47a8 (type: security_group_rules) to 0
2026-04-27 13:13:11.621 9 INFO neutron.wsgi [None req-7c3588e3-6df6-45e6-b050-5674717fd977 c517ae173a534c19b2056e9792252a97 3f39e3c30eba471790275b3bdd63032c - - default default] 10.0.0.162 "GET /v2.0/security-groups?tenant_id=40fb258074334c44a16e854ea4126ee0&name=default HTTP/1.1" status: 200 len: 2996 time: 0.3328900
2026-04-27 13:13:11.826 9 INFO neutron.wsgi [None req-8664c8a3-2ee5-4392-b74a-ff2ca0816763 c517ae173a534c19b2056e9792252a97 3f39e3c30eba471790275b3bdd63032c - - default default] 10.0.0.162 "DELETE /v2.0/security-groups/8faca0ab-beb7-40d2-8f2c-571d693d4b13 HTTP/1.1" status: 204 len: 168 time: 0.1983974
2026-04-27 13:13:12.424 10 INFO neutron.db.ovn_revision_numbers_db [None req-9cce0963-92d5-482c-9d4a-701e311154fe 3023435136e8400bb250a7b3e860157a a016ec67fd264228b0a173c914383276 - - default default] Successfully bumped revision number for resource 4e3817d8-e9c3-4dce-ab93-20747ac30360 (type: security_groups) to 1
2026-04-27 13:13:12.438 10 INFO neutron.db.ovn_revision_numbers_db [None req-9cce0963-92d5-482c-9d4a-701e311154fe 3023435136e8400bb250a7b3e860157a a016ec67fd264228b0a173c914383276 - - default default] Successfully bumped revision number for resource 07901e04-ec36-4784-acca-0a8708f9245c (type: security_group_rules) to 0
2026-04-27 13:13:12.453 10 INFO neutron.db.ovn_revision_numbers_db [None req-9cce0963-92d5-482c-9d4a-701e311154fe 3023435136e8400bb250a7b3e860157a a016ec67fd264228b0a173c914383276 - - default default] Successfully bumped revision number for resource 27149a4a-2d2d-4774-a7bb-020f8bcb728c (type: security_group_rules) to 0
2026-04-27 13:13:12.467 10 INFO neutron.db.ovn_revision_numbers_db [None req-9cce0963-92d5-482c-9d4a-701e311154fe 3023435136e8400bb250a7b3e860157a a016ec67fd264228b0a173c914383276 - - default default] Successfully bumped revision number for resource 81b366d7-9750-4f4a-be16-7373b877245a (type: security_group_rules) to 0
2026-04-27 13:13:12.481 10 INFO neutron.db.ovn_revision_numbers_db [None req-9cce0963-92d5-482c-9d4a-701e311154fe 3023435136e8400bb250a7b3e860157a a016ec67fd264228b0a173c914383276 - - default default] Successfully bumped revision number for resource c68c8d99-1554-477a-91f6-c97045f42566 (type: security_group_rules) to 0
2026-04-27 13:13:12.527 10 INFO neutron.db.segments_db [None req-9cce0963-92d5-482c-9d4a-701e311154fe 3023435136e8400bb250a7b3e860157a a016ec67fd264228b0a173c914383276 - - default default] Added segment 9861b83f-399a-4a39-89ed-3bcd6782e442 of type geneve for network 97b0507b-4eee-4766-a128-7086540e6348
2026-04-27 13:13:12.663 10 INFO neutron.db.ovn_revision_numbers_db [None req-9cce0963-92d5-482c-9d4a-701e311154fe 3023435136e8400bb250a7b3e860157a a016ec67fd264228b0a173c914383276 - - default default] Successfully bumped revision number for resource 97b0507b-4eee-4766-a128-7086540e6348 (type: networks) to 1
2026-04-27 13:13:12.847 10 WARNING neutron.scheduler.dhcp_agent_scheduler [None req-9cce0963-92d5-482c-9d4a-701e311154fe 3023435136e8400bb250a7b3e860157a a016ec67fd264228b0a173c914383276 - - default default] No more DHCP agents
2026-04-27 13:13:12.848 10 WARNING neutron.api.rpc.agentnotifiers.dhcp_rpc_agent_api [None req-9cce0963-92d5-482c-9d4a-701e311154fe 3023435136e8400bb250a7b3e860157a a016ec67fd264228b0a173c914383276 - - default default] Unable to schedule network 97b0507b-4eee-4766-a128-7086540e6348: no agents available; will retry on subsequent port and subnet creation events.
2026-04-27 13:13:12.929 10 INFO neutron.db.ovn_revision_numbers_db [None req-9cce0963-92d5-482c-9d4a-701e311154fe 3023435136e8400bb250a7b3e860157a a016ec67fd264228b0a173c914383276 - - default default] Successfully bumped revision number for resource 507d53bf-0a7e-430c-8c50-3ad4cb7171ed (type: ports) to 1
2026-04-27 13:13:12.949 10 INFO neutron.wsgi [None req-9cce0963-92d5-482c-9d4a-701e311154fe 3023435136e8400bb250a7b3e860157a a016ec67fd264228b0a173c914383276 - - default default] 10.0.0.162 "POST /v2.0/networks HTTP/1.1" status: 201 len: 829 time: 0.8235221
2026-04-27 13:13:13.042 10 INFO neutron.db.segments_db [None req-8bf086de-d45c-4a0e-a9d1-1d99fcd541d1 3023435136e8400bb250a7b3e860157a a016ec67fd264228b0a173c914383276 - - default default] Added segment f953c719-c2fc-43d1-b989-6a2018475082 of type geneve for network d7f3bed7-3fab-4a32-a469-576cf98c2257
2026-04-27 13:13:13.191 10 INFO neutron.db.ovn_revision_numbers_db [None req-8bf086de-d45c-4a0e-a9d1-1d99fcd541d1 3023435136e8400bb250a7b3e860157a a016ec67fd264228b0a173c914383276 - - default default] Successfully bumped revision number for resource d7f3bed7-3fab-4a32-a469-576cf98c2257 (type: networks) to 1
2026-04-27 13:13:13.375 10 WARNING neutron.scheduler.dhcp_agent_scheduler [None req-8bf086de-d45c-4a0e-a9d1-1d99fcd541d1 3023435136e8400bb250a7b3e860157a a016ec67fd264228b0a173c914383276 - - default default] No more DHCP agents
2026-04-27 13:13:13.378 10 WARNING neutron.api.rpc.agentnotifiers.dhcp_rpc_agent_api [None req-8bf086de-d45c-4a0e-a9d1-1d99fcd541d1 3023435136e8400bb250a7b3e860157a a016ec67fd264228b0a173c914383276 - - default default] Unable to schedule network d7f3bed7-3fab-4a32-a469-576cf98c2257: no agents available; will retry on subsequent port and subnet creation events.
2026-04-27 13:13:13.468 10 INFO neutron.db.ovn_revision_numbers_db [None req-8bf086de-d45c-4a0e-a9d1-1d99fcd541d1 3023435136e8400bb250a7b3e860157a a016ec67fd264228b0a173c914383276 - - default default] Successfully bumped revision number for resource 08362b95-fcd1-4ec1-acec-677706651a1f (type: ports) to 1
2026-04-27 13:13:13.490 10 INFO neutron.wsgi [None req-8bf086de-d45c-4a0e-a9d1-1d99fcd541d1 3023435136e8400bb250a7b3e860157a a016ec67fd264228b0a173c914383276 - - default default] 10.0.0.162 "POST /v2.0/networks HTTP/1.1" status: 201 len: 828 time: 0.5347419
2026-04-27 13:13:13.741 10 WARNING neutron.scheduler.dhcp_agent_scheduler [None req-be915308-6b40-45b4-b26c-e29f559f8145 3023435136e8400bb250a7b3e860157a a016ec67fd264228b0a173c914383276 - - default default] No more DHCP agents
2026-04-27 13:13:13.743 10 WARNING neutron.api.rpc.agentnotifiers.dhcp_rpc_agent_api [None req-be915308-6b40-45b4-b26c-e29f559f8145 3023435136e8400bb250a7b3e860157a a016ec67fd264228b0a173c914383276 - - default default] Unable to schedule network 97b0507b-4eee-4766-a128-7086540e6348: no agents available; will retry on subsequent port and subnet creation events.
2026-04-27 13:13:14.034 9 INFO neutron.db.ovn_revision_numbers_db [None req-636f7b23-e500-400f-b217-9d2ff184432b c517ae173a534c19b2056e9792252a97 3f39e3c30eba471790275b3bdd63032c - - default default] Successfully bumped revision number for resource 8b5a954e-817c-4615-b64c-1b2d759c2e96 (type: security_groups) to 1
2026-04-27 13:13:14.048 9 INFO neutron.db.ovn_revision_numbers_db [None req-636f7b23-e500-400f-b217-9d2ff184432b c517ae173a534c19b2056e9792252a97 3f39e3c30eba471790275b3bdd63032c - - default default] Successfully bumped revision number for resource 5a9994e7-f73e-411f-916d-01b544386800 (type: security_group_rules) to 0
2026-04-27 13:13:14.062 9 INFO neutron.db.ovn_revision_numbers_db [None req-636f7b23-e500-400f-b217-9d2ff184432b c517ae173a534c19b2056e9792252a97 3f39e3c30eba471790275b3bdd63032c - - default default] Successfully bumped revision number for resource 67ceb02e-91ee-4c49-99f7-ce340a1b0739 (type: security_group_rules) to 0
2026-04-27 13:13:14.075 9 INFO neutron.db.ovn_revision_numbers_db [None req-636f7b23-e500-400f-b217-9d2ff184432b c517ae173a534c19b2056e9792252a97 3f39e3c30eba471790275b3bdd63032c - - default default] Successfully bumped revision number for resource cfff743a-8133-4ed9-944d-5579477df818 (type: security_group_rules) to 0
2026-04-27 13:13:14.089 9 INFO neutron.db.ovn_revision_numbers_db [None req-636f7b23-e500-400f-b217-9d2ff184432b c517ae173a534c19b2056e9792252a97 3f39e3c30eba471790275b3bdd63032c - - default default] Successfully bumped revision number for resource d000af63-9321-4ff7-840f-4b79f7f4723d (type: security_group_rules) to 0
2026-04-27 13:13:14.118 9 INFO neutron.wsgi [None req-636f7b23-e500-400f-b217-9d2ff184432b c517ae173a534c19b2056e9792252a97 3f39e3c30eba471790275b3bdd63032c - - default default] 10.0.0.162 "GET /v2.0/security-groups?tenant_id=2bd0e301c4d348ff83762c02dec2c145&name=default HTTP/1.1" status: 200 len: 2996 time: 0.2701292
2026-04-27 13:13:14.283 10 INFO neutron.db.ovn_revision_numbers_db [None req-cbd655f2-dce9-43b9-8876-c203fb5bcc26 ed924cd012714052895c25963376e7b4 31f62a03e3bf499e9e7eddb96d687d25 - - default default] Successfully bumped revision number for resource 9cf6f6ab-2aa1-4c31-85d3-9c53b37abf05 (type: security_groups) to 1
2026-04-27 13:13:14.303 10 INFO neutron.db.ovn_revision_numbers_db [None req-cbd655f2-dce9-43b9-8876-c203fb5bcc26 ed924cd012714052895c25963376e7b4 31f62a03e3bf499e9e7eddb96d687d25 - - default default] Successfully bumped revision number for resource 26f38af5-5fe1-432a-b350-879ff452a0e6 (type: security_group_rules) to 0
2026-04-27 13:13:14.304 9 INFO neutron.wsgi [None req-02ee105b-1787-47df-bef9-49744a32d5c1 c517ae173a534c19b2056e9792252a97 3f39e3c30eba471790275b3bdd63032c - - default default] 10.0.0.162 "DELETE /v2.0/security-groups/8b5a954e-817c-4615-b64c-1b2d759c2e96 HTTP/1.1" status: 204 len: 168 time: 0.1797354
2026-04-27 13:13:14.329 10 INFO neutron.db.ovn_revision_numbers_db [None req-cbd655f2-dce9-43b9-8876-c203fb5bcc26 ed924cd012714052895c25963376e7b4 31f62a03e3bf499e9e7eddb96d687d25 - - default default] Successfully bumped revision number for resource 5e158d06-4829-4159-9fbc-b35c809e6157 (type: security_group_rules) to 0
2026-04-27 13:13:14.345 10 INFO neutron.db.ovn_revision_numbers_db [None req-cbd655f2-dce9-43b9-8876-c203fb5bcc26 ed924cd012714052895c25963376e7b4 31f62a03e3bf499e9e7eddb96d687d25 - - default default] Successfully bumped revision number for resource 6039001f-d9b6-4f99-a488-ea444d40447d (type: security_group_rules) to 0
2026-04-27 13:13:14.369 10 INFO neutron.db.ovn_revision_numbers_db [None req-cbd655f2-dce9-43b9-8876-c203fb5bcc26 ed924cd012714052895c25963376e7b4 31f62a03e3bf499e9e7eddb96d687d25 - - default default] Successfully bumped revision number for resource f6515bbe-109d-47ee-8af2-769fb8f5dc17 (type: security_group_rules) to 0
2026-04-27 13:13:14.449 10 INFO neutron.db.segments_db [None req-cbd655f2-dce9-43b9-8876-c203fb5bcc26 ed924cd012714052895c25963376e7b4 31f62a03e3bf499e9e7eddb96d687d25 - - default default] Added segment e48d0a47-5453-4076-90ce-abd819896e63 of type geneve for network 1415a444-409d-484c-80b3-ba374abb4951
2026-04-27 13:13:14.464 10 INFO neutron.db.ovn_revision_numbers_db [None req-be915308-6b40-45b4-b26c-e29f559f8145 3023435136e8400bb250a7b3e860157a a016ec67fd264228b0a173c914383276 - - default default] Successfully bumped revision number for resource 507d53bf-0a7e-430c-8c50-3ad4cb7171ed (type: ports) to 2
2026-04-27 13:13:14.538 10 INFO neutron.db.ovn_revision_numbers_db [None req-be915308-6b40-45b4-b26c-e29f559f8145 3023435136e8400bb250a7b3e860157a a016ec67fd264228b0a173c914383276 - - default default] Successfully bumped revision number for resource de68290d-a988-4cac-819e-ad91abd503d5 (type: subnets) to 0
2026-04-27 13:13:14.571 10 INFO neutron.wsgi [None req-be915308-6b40-45b4-b26c-e29f559f8145 3023435136e8400bb250a7b3e860157a a016ec67fd264228b0a173c914383276 - - default default] 10.0.0.162 "POST /v2.0/subnets HTTP/1.1" status: 201 len: 801 time: 1.0773766
2026-04-27 13:13:14.652 10 INFO neutron.db.ovn_revision_numbers_db [None req-aed3b537-48c6-4acb-ac4f-cd1bfc00ec30 c517ae173a534c19b2056e9792252a97 3f39e3c30eba471790275b3bdd63032c - - default default] Successfully bumped revision number for resource b73d94ee-cb25-4f10-9ec7-2c32e42bc936 (type: security_groups) to 1
2026-04-27 13:13:14.665 10 INFO neutron.db.ovn_revision_numbers_db [None req-cbd655f2-dce9-43b9-8876-c203fb5bcc26 ed924cd012714052895c25963376e7b4 31f62a03e3bf499e9e7eddb96d687d25 - - default default] Successfully bumped revision number for resource 1415a444-409d-484c-80b3-ba374abb4951 (type: networks) to 1
2026-04-27 13:13:14.668 10 INFO neutron.db.ovn_revision_numbers_db [None req-aed3b537-48c6-4acb-ac4f-cd1bfc00ec30 c517ae173a534c19b2056e9792252a97 3f39e3c30eba471790275b3bdd63032c - - default default] Successfully bumped revision number for resource 011ba1f5-a33e-4690-909b-f34a466fbd22 (type: security_group_rules) to 0
2026-04-27 13:13:14.693 10 INFO neutron.db.ovn_revision_numbers_db [None req-aed3b537-48c6-4acb-ac4f-cd1bfc00ec30 c517ae173a534c19b2056e9792252a97 3f39e3c30eba471790275b3bdd63032c - - default default] Successfully bumped revision number for resource bb2a4541-2e49-4e12-97a8-3da0d9fb82d3 (type: security_group_rules) to 0
2026-04-27 13:13:14.714 10 INFO neutron.db.ovn_revision_numbers_db [None req-aed3b537-48c6-4acb-ac4f-cd1bfc00ec30 c517ae173a534c19b2056e9792252a97 3f39e3c30eba471790275b3bdd63032c - - default default] Successfully bumped revision number for resource c1e423c5-c440-4a7d-b0a7-28589e5d7fe1 (type: security_group_rules) to 0
2026-04-27 13:13:14.737 9 INFO neutron.wsgi [-] 10.0.0.89 "GET / HTTP/1.1" status: 200 len: 247 time: 0.0012977
2026-04-27 13:13:14.737 10 INFO neutron.db.ovn_revision_numbers_db [None req-aed3b537-48c6-4acb-ac4f-cd1bfc00ec30 c517ae173a534c19b2056e9792252a97 3f39e3c30eba471790275b3bdd63032c - - default default] Successfully bumped revision number for resource d3bdbf0f-d19f-49e0-bb20-b307d3ac1eb0 (type: security_group_rules) to 0
2026-04-27 13:13:14.739 9 INFO neutron.wsgi [-] 10.0.0.89 "GET / HTTP/1.1" status: 200 len: 247 time: 0.0008836
2026-04-27 13:13:14.795 10 INFO neutron.wsgi [None req-aed3b537-48c6-4acb-ac4f-cd1bfc00ec30 c517ae173a534c19b2056e9792252a97 3f39e3c30eba471790275b3bdd63032c - - default default] 10.0.0.162 "GET /v2.0/security-groups?tenant_id=5fbe1c3f97384b1f968a527713b084c2&name=default HTTP/1.1" status: 200 len: 2996 time: 0.3782325
2026-04-27 13:13:14.888 9 WARNING neutron.scheduler.dhcp_agent_scheduler [None req-dd113a88-3d94-4c73-a085-a2e5d595468e 3023435136e8400bb250a7b3e860157a a016ec67fd264228b0a173c914383276 - - default default] No more DHCP agents
2026-04-27 13:13:14.893 9 WARNING neutron.api.rpc.agentnotifiers.dhcp_rpc_agent_api [None req-dd113a88-3d94-4c73-a085-a2e5d595468e 3023435136e8400bb250a7b3e860157a a016ec67fd264228b0a173c914383276 - - default default] Unable to schedule network d7f3bed7-3fab-4a32-a469-576cf98c2257: no agents available; will retry on subsequent port and subnet creation events.
2026-04-27 13:13:14.907 10 WARNING neutron.scheduler.dhcp_agent_scheduler [None req-cbd655f2-dce9-43b9-8876-c203fb5bcc26 ed924cd012714052895c25963376e7b4 31f62a03e3bf499e9e7eddb96d687d25 - - default default] No more DHCP agents
2026-04-27 13:13:14.911 10 WARNING neutron.api.rpc.agentnotifiers.dhcp_rpc_agent_api [None req-cbd655f2-dce9-43b9-8876-c203fb5bcc26 ed924cd012714052895c25963376e7b4 31f62a03e3bf499e9e7eddb96d687d25 - - default default] Unable to schedule network 1415a444-409d-484c-80b3-ba374abb4951: no agents available; will retry on subsequent port and subnet creation events.
2026-04-27 13:13:14.987 9 INFO neutron.wsgi [req-f64c63b1-8c49-4863-bc6c-9c8d9938aa86 req-7c9c7b0d-fe50-4e0c-8fbc-6015b9c61452 f294df5cd79e4a2f85470f7b5e1f8d18 cae5cd510c034e8da8f61c55b8018a11 - - default default] 10.0.0.49 "GET /v2.0/ports?device_id=7931e798-8722-43d6-b0ba-362084fb7b5a HTTP/1.1" status: 200 len: 1174 time: 0.1459470
2026-04-27 13:13:15.008 10 INFO neutron.db.ovn_revision_numbers_db [None req-cbd655f2-dce9-43b9-8876-c203fb5bcc26 ed924cd012714052895c25963376e7b4 31f62a03e3bf499e9e7eddb96d687d25 - - default default] Successfully bumped revision number for resource e80da8ad-c794-4d82-8666-5f56533fffbf (type: ports) to 1
2026-04-27 13:13:15.029 10 INFO neutron.wsgi [None req-cbd655f2-dce9-43b9-8876-c203fb5bcc26 ed924cd012714052895c25963376e7b4 31f62a03e3bf499e9e7eddb96d687d25 - - default default] 10.0.0.162 "POST /v2.0/networks HTTP/1.1" status: 201 len: 849 time: 1.1933141
2026-04-27 13:13:15.057 9 INFO neutron.wsgi [req-f64c63b1-8c49-4863-bc6c-9c8d9938aa86 req-c51320e5-0f05-4fac-a295-26e2c819771d f294df5cd79e4a2f85470f7b5e1f8d18 cae5cd510c034e8da8f61c55b8018a11 - - default default] 10.0.0.49 "GET /v2.0/security-groups?id=bb04a119-1fa7-48da-8a51-c37fe4f72451&fields=id&fields=name HTTP/1.1" status: 200 len: 312 time: 0.0604868
2026-04-27 13:13:15.078 10 INFO neutron.wsgi [None req-1bd5847c-21df-48d2-9e4a-ad4992ffc055 c517ae173a534c19b2056e9792252a97 3f39e3c30eba471790275b3bdd63032c - - default default] 10.0.0.162 "DELETE /v2.0/security-groups/b73d94ee-cb25-4f10-9ec7-2c32e42bc936 HTTP/1.1" status: 204 len: 168 time: 0.2783377
2026-04-27 13:13:15.229 10 INFO neutron.wsgi [req-4d895cea-a112-4f0a-9c57-e2f4c511178b req-5cfa633a-8890-494a-8e0c-94dd25957950 f294df5cd79e4a2f85470f7b5e1f8d18 cae5cd510c034e8da8f61c55b8018a11 - - default default] 10.0.0.49 "GET /v2.0/ports?device_id=7931e798-8722-43d6-b0ba-362084fb7b5a HTTP/1.1" status: 200 len: 1174 time: 0.1137004
2026-04-27 13:13:15.290 10 INFO neutron.wsgi [req-4d895cea-a112-4f0a-9c57-e2f4c511178b req-362e5948-24c1-4f91-ab37-4dddaa38195d f294df5cd79e4a2f85470f7b5e1f8d18 cae5cd510c034e8da8f61c55b8018a11 - - default default] 10.0.0.49 "GET /v2.0/security-groups?id=bb04a119-1fa7-48da-8a51-c37fe4f72451&fields=id&fields=name HTTP/1.1" status: 200 len: 312 time: 0.0513163
2026-04-27 13:13:15.346 9 WARNING neutron.scheduler.dhcp_agent_scheduler [None req-1835ec4f-025a-40bd-b04e-8d7e2a205121 ed924cd012714052895c25963376e7b4 31f62a03e3bf499e9e7eddb96d687d25 - - default default] No more DHCP agents
2026-04-27 13:13:15.348 9 WARNING neutron.api.rpc.agentnotifiers.dhcp_rpc_agent_api [None req-1835ec4f-025a-40bd-b04e-8d7e2a205121 ed924cd012714052895c25963376e7b4 31f62a03e3bf499e9e7eddb96d687d25 - - default default] Unable to schedule network 1415a444-409d-484c-80b3-ba374abb4951: no agents available; will retry on subsequent port and subnet creation events.
2026-04-27 13:13:15.392 9 INFO neutron.db.ovn_revision_numbers_db [None req-1835ec4f-025a-40bd-b04e-8d7e2a205121 ed924cd012714052895c25963376e7b4 31f62a03e3bf499e9e7eddb96d687d25 - - default default] Successfully bumped revision number for resource 07708a38-9c03-4a37-a8be-695c5bd760e1 (type: subnets) to 0
2026-04-27 13:13:15.407 9 INFO neutron.wsgi [None req-1835ec4f-025a-40bd-b04e-8d7e2a205121 ed924cd012714052895c25963376e7b4 31f62a03e3bf499e9e7eddb96d687d25 - - default default] 10.0.0.162 "POST /v2.0/subnets HTTP/1.1" status: 201 len: 802 time: 0.3642290
2026-04-27 13:13:15.544 9 INFO neutron.db.ovn_revision_numbers_db [None req-dd113a88-3d94-4c73-a085-a2e5d595468e 3023435136e8400bb250a7b3e860157a a016ec67fd264228b0a173c914383276 - - default default] Successfully bumped revision number for resource 08362b95-fcd1-4ec1-acec-677706651a1f (type: ports) to 2
2026-04-27 13:13:15.594 9 INFO neutron.db.ovn_revision_numbers_db [None req-dd113a88-3d94-4c73-a085-a2e5d595468e 3023435136e8400bb250a7b3e860157a a016ec67fd264228b0a173c914383276 - - default default] Successfully bumped revision number for resource 57a50d16-94d9-4e9f-a92f-ec2bd00abad9 (type: subnets) to 0
2026-04-27 13:13:15.614 9 INFO neutron.wsgi [None req-dd113a88-3d94-4c73-a085-a2e5d595468e 3023435136e8400bb250a7b3e860157a a016ec67fd264228b0a173c914383276 - - default default] 10.0.0.162 "POST /v2.0/subnets HTTP/1.1" status: 201 len: 801 time: 1.0380282
2026-04-27 13:13:15.669 9 INFO neutron.wsgi [req-eee9b686-4898-4846-beba-ee792ca38cbf req-26c88a94-35af-451c-a5c4-765ca29c86e8 7f398acef5df4c33bca6183ae41ad068 387d00d45f3249d68f8ac214b63f1413 - - 57bd1b6a1e4c4b43a0b4474c3721d38b 57bd1b6a1e4c4b43a0b4474c3721d38b] 199.19.213.145 "GET /v2.0/ports?tenant_id=cae5cd510c034e8da8f61c55b8018a11&device_id=7931e798-8722-43d6-b0ba-362084fb7b5a HTTP/1.1" status: 200 len: 1413 time: 0.0337739
2026-04-27 13:13:15.672 10 INFO neutron.wsgi [req-c84d023f-5a1f-4ee7-b58d-7d3356b766e5 req-f2f53472-18bb-41e2-9578-40d6badada8a f294df5cd79e4a2f85470f7b5e1f8d18 cae5cd510c034e8da8f61c55b8018a11 - - default default] 10.0.0.49 "GET /v2.0/ports?device_id=7931e798-8722-43d6-b0ba-362084fb7b5a HTTP/1.1" status: 200 len: 1174 time: 0.0455050
2026-04-27 13:13:15.727 10 INFO neutron.wsgi [req-c84d023f-5a1f-4ee7-b58d-7d3356b766e5 req-a9b26883-bc64-4dba-9b9b-ed3a1c4f1d28 f294df5cd79e4a2f85470f7b5e1f8d18 cae5cd510c034e8da8f61c55b8018a11 - - default default] 10.0.0.49 "GET /v2.0/security-groups?id=bb04a119-1fa7-48da-8a51-c37fe4f72451&fields=id&fields=name HTTP/1.1" status: 200 len: 312 time: 0.0456095
2026-04-27 13:13:15.778 9 INFO neutron.wsgi [req-eee9b686-4898-4846-beba-ee792ca38cbf req-0122d24d-7b39-4b99-a934-6c407b42d947 7f398acef5df4c33bca6183ae41ad068 387d00d45f3249d68f8ac214b63f1413 - - 57bd1b6a1e4c4b43a0b4474c3721d38b 57bd1b6a1e4c4b43a0b4474c3721d38b] 199.19.213.145 "GET /v2.0/networks?id=97f9d3d1-e5c7-45a4-9f3c-a9f7b45b12f4 HTTP/1.1" status: 200 len: 973 time: 0.0948884
2026-04-27 13:13:15.832 9 INFO neutron.db.ovn_revision_numbers_db [None req-56b6b060-4169-4114-9ab7-df96ec92661e 3023435136e8400bb250a7b3e860157a a016ec67fd264228b0a173c914383276 - - default default] Successfully bumped revision number for resource 9ebcc9eb-7f41-47a1-b737-fe7bdd44adaa (type: routers) to 1
2026-04-27 13:13:15.835 9 INFO neutron.wsgi [req-eee9b686-4898-4846-beba-ee792ca38cbf req-36bee1bf-93c7-40cc-bdc8-3ab245d070c1 7f398acef5df4c33bca6183ae41ad068 387d00d45f3249d68f8ac214b63f1413 - - 57bd1b6a1e4c4b43a0b4474c3721d38b 57bd1b6a1e4c4b43a0b4474c3721d38b] 199.19.213.145 "GET /v2.0/floatingips?fixed_ip_address=10.100.0.12&port_id=045d014c-9341-4a08-adf6-2867d818b28f HTTP/1.1" status: 200 len: 1060 time: 0.0428050
2026-04-27 13:13:15.867 9 INFO neutron.wsgi [None req-56b6b060-4169-4114-9ab7-df96ec92661e 3023435136e8400bb250a7b3e860157a a016ec67fd264228b0a173c914383276 - - default default] 10.0.0.162 "POST /v2.0/routers HTTP/1.1" status: 201 len: 686 time: 0.2481465
2026-04-27 13:13:15.879 9 INFO neutron.wsgi [req-eee9b686-4898-4846-beba-ee792ca38cbf req-8dbf409f-3318-480e-8e2f-cefeebb31dfc 7f398acef5df4c33bca6183ae41ad068 387d00d45f3249d68f8ac214b63f1413 - - 57bd1b6a1e4c4b43a0b4474c3721d38b 57bd1b6a1e4c4b43a0b4474c3721d38b] 199.19.213.145 "GET /v2.0/subnets?id=5a5179d5-d6c3-4780-bf09-d16e21fffea3 HTTP/1.1" status: 200 len: 868 time: 0.0365503
2026-04-27 13:13:15.882 10 WARNING neutron.scheduler.dhcp_agent_scheduler [None req-80460fb2-0b78-40fd-a085-74e96b42f8a7 ed924cd012714052895c25963376e7b4 31f62a03e3bf499e9e7eddb96d687d25 - - default default] No more DHCP agents
2026-04-27 13:13:15.896 10 WARNING neutron.api.rpc.agentnotifiers.dhcp_rpc_agent_api [None req-80460fb2-0b78-40fd-a085-74e96b42f8a7 ed924cd012714052895c25963376e7b4 31f62a03e3bf499e9e7eddb96d687d25 - - default default] Unable to schedule network e8a3ca21-c90f-443c-b1f2-b44bf66ec036: no agents available; will retry on subsequent port and subnet creation events.
2026-04-27 13:13:15.911 9 INFO neutron.wsgi [req-eee9b686-4898-4846-beba-ee792ca38cbf req-07857249-caf8-4386-b940-4bebe6339034 7f398acef5df4c33bca6183ae41ad068 387d00d45f3249d68f8ac214b63f1413 - - 57bd1b6a1e4c4b43a0b4474c3721d38b 57bd1b6a1e4c4b43a0b4474c3721d38b] 199.19.213.145 "GET /v2.0/ports?network_id=97f9d3d1-e5c7-45a4-9f3c-a9f7b45b12f4&device_owner=network%3Adhcp HTTP/1.1" status: 200 len: 210 time: 0.0200021
2026-04-27 13:13:15.990 9 INFO neutron.wsgi [req-eee9b686-4898-4846-beba-ee792ca38cbf req-1f91153c-877e-4e36-89c1-3173607b147f 7f398acef5df4c33bca6183ae41ad068 387d00d45f3249d68f8ac214b63f1413 - - 57bd1b6a1e4c4b43a0b4474c3721d38b 57bd1b6a1e4c4b43a0b4474c3721d38b] 199.19.213.145 "GET /v2.0/networks/97f9d3d1-e5c7-45a4-9f3c-a9f7b45b12f4?fields=segments HTTP/1.1" status: 200 len: 212 time: 0.0718973
2026-04-27 13:13:16.057 9 INFO neutron.wsgi [req-eee9b686-4898-4846-beba-ee792ca38cbf req-10c54688-f859-44a7-b1cc-f726efc2901c 7f398acef5df4c33bca6183ae41ad068 387d00d45f3249d68f8ac214b63f1413 - - 57bd1b6a1e4c4b43a0b4474c3721d38b 57bd1b6a1e4c4b43a0b4474c3721d38b] 199.19.213.145 "GET /v2.0/networks/97f9d3d1-e5c7-45a4-9f3c-a9f7b45b12f4?fields=provider%3Aphysical_network&fields=provider%3Anetwork_type HTTP/1.1" status: 200 len: 277 time: 0.0580976
2026-04-27 13:13:16.175 10 INFO neutron.db.ovn_revision_numbers_db [None req-80460fb2-0b78-40fd-a085-74e96b42f8a7 ed924cd012714052895c25963376e7b4 31f62a03e3bf499e9e7eddb96d687d25 - - default default] Successfully bumped revision number for resource 693c690e-0918-4e93-ad81-53e38a1a0eda (type: ports) to 1
2026-04-27 13:13:16.274 10 INFO neutron.plugins.ml2.drivers.ovn.mech_driver.mech_driver [None req-e359b775-eaeb-466c-949d-6af974516fab - - - - - -] OVN reports status down for port: 045d014c-9341-4a08-adf6-2867d818b28f
2026-04-27 13:13:16.660 10 WARNING neutron.scheduler.dhcp_agent_scheduler [None req-91b32342-fc60-4739-86c8-108b72373c89 3023435136e8400bb250a7b3e860157a a016ec67fd264228b0a173c914383276 - - default default] No more DHCP agents
2026-04-27 13:13:16.681 10 WARNING neutron.api.rpc.agentnotifiers.dhcp_rpc_agent_api [None req-91b32342-fc60-4739-86c8-108b72373c89 3023435136e8400bb250a7b3e860157a a016ec67fd264228b0a173c914383276 - - default default] Unable to schedule network 97b0507b-4eee-4766-a128-7086540e6348: no agents available; will retry on subsequent port and subnet creation events.
2026-04-27 13:13:16.710 10 INFO neutron.notifiers.nova [-] Nova event matching ['req-07868532-b7fe-451a-816c-657bf5510fc0'] response: {'server_uuid': '7931e798-8722-43d6-b0ba-362084fb7b5a', 'name': 'network-vif-unplugged', 'status': 'completed', 'tag': '045d014c-9341-4a08-adf6-2867d818b28f', 'code': 200}
2026-04-27 13:13:16.907 10 INFO neutron.wsgi [req-4b2f9a8a-3ca2-419b-928d-e3a6dd74a08c req-1f6a3862-5999-450f-8218-19d3de5d8672 f294df5cd79e4a2f85470f7b5e1f8d18 cae5cd510c034e8da8f61c55b8018a11 - - default default] 10.0.0.49 "GET /v2.0/ports?device_id=7931e798-8722-43d6-b0ba-362084fb7b5a HTTP/1.1" status: 200 len: 1172 time: 0.0952995
2026-04-27 13:13:17.046 10 INFO neutron.wsgi [req-4b2f9a8a-3ca2-419b-928d-e3a6dd74a08c req-dcd93176-da37-43cc-8c89-5386a5bf9012 f294df5cd79e4a2f85470f7b5e1f8d18 cae5cd510c034e8da8f61c55b8018a11 - - default default] 10.0.0.49 "GET /v2.0/security-groups?id=bb04a119-1fa7-48da-8a51-c37fe4f72451&fields=id&fields=name HTTP/1.1" status: 200 len: 312 time: 0.1303480
2026-04-27 13:13:17.098 10 INFO neutron.db.ovn_revision_numbers_db [None req-91b32342-fc60-4739-86c8-108b72373c89 3023435136e8400bb250a7b3e860157a a016ec67fd264228b0a173c914383276 - - default default] Successfully bumped revision number for resource 1de34075-1adf-4037-a143-d3b3236f78dd (type: ports) to 1
2026-04-27 13:13:17.154 10 INFO neutron.db.ovn_revision_numbers_db [None req-e359b775-eaeb-466c-949d-6af974516fab - - - - - -] Successfully bumped revision number for resource 045d014c-9341-4a08-adf6-2867d818b28f (type: ports) to 5
2026-04-27 13:13:17.196 10 WARNING neutron.plugins.ml2.drivers.ovn.mech_driver.ovsdb.ovn_client [None req-e359b775-eaeb-466c-949d-6af974516fab - - - - - -] Logical_Switch_Port %s host information not removed, the port state is up
2026-04-27 13:13:17.197 10 INFO neutron.plugins.ml2.drivers.ovn.mech_driver.mech_driver [None req-e359b775-eaeb-466c-949d-6af974516fab - - - - - -] OVN reports status up for port: 045d014c-9341-4a08-adf6-2867d818b28f
2026-04-27 13:13:17.243 10 INFO neutron.plugins.ml2.plugin [None req-e359b775-eaeb-466c-949d-6af974516fab - - - - - -] Attempt 1 to provision port 045d014c-9341-4a08-adf6-2867d818b28f
2026-04-27 13:13:17.481 9 INFO neutron.plugins.ml2.drivers.ovn.mech_driver.mech_driver [None req-a286ef0d-ae60-4d6c-8b9d-1f4a3a46398e - - - - - -] OVN reports status up for port: 693c690e-0918-4e93-ad81-53e38a1a0eda
2026-04-27 13:13:17.489 9 INFO neutron.plugins.ml2.plugin [None req-a286ef0d-ae60-4d6c-8b9d-1f4a3a46398e - - - - - -] Attempt 1 to provision port 693c690e-0918-4e93-ad81-53e38a1a0eda
2026-04-27 13:13:17.564 10 INFO neutron.db.ovn_revision_numbers_db [None req-80460fb2-0b78-40fd-a085-74e96b42f8a7 ed924cd012714052895c25963376e7b4 31f62a03e3bf499e9e7eddb96d687d25 - - default default] Successfully bumped revision number for resource 693c690e-0918-4e93-ad81-53e38a1a0eda (type: router_ports) to 1
2026-04-27 13:13:17.706 10 INFO neutron.db.ovn_revision_numbers_db [None req-80460fb2-0b78-40fd-a085-74e96b42f8a7 ed924cd012714052895c25963376e7b4 31f62a03e3bf499e9e7eddb96d687d25 - - default default] Successfully bumped revision number for resource 5bdcc685-bdc7-4710-831e-b0a8c5e99fe0 (type: routers) to 2
2026-04-27 13:13:17.737 10 INFO neutron.wsgi [None req-80460fb2-0b78-40fd-a085-74e96b42f8a7 ed924cd012714052895c25963376e7b4 31f62a03e3bf499e9e7eddb96d687d25 - - default default] 10.0.0.162 "POST /v2.0/routers HTTP/1.1" status: 201 len: 875 time: 2.3217268
2026-04-27 13:13:17.988 10 INFO neutron.db.ovn_revision_numbers_db [None req-91b32342-fc60-4739-86c8-108b72373c89 3023435136e8400bb250a7b3e860157a a016ec67fd264228b0a173c914383276 - - default default] Successfully bumped revision number for resource 1de34075-1adf-4037-a143-d3b3236f78dd (type: router_ports) to 1
2026-04-27 13:13:18.030 10 INFO neutron.db.ovn_revision_numbers_db [None req-e359b775-eaeb-466c-949d-6af974516fab - - - - - -] Successfully bumped revision number for resource 045d014c-9341-4a08-adf6-2867d818b28f (type: ports) to 6
2026-04-27 13:13:18.190 9 INFO neutron.wsgi [req-39b09af2-a251-4ae5-bc6b-03e6bdffe96b req-c9c8ffc4-c750-4efe-bf81-2b147a522430 f294df5cd79e4a2f85470f7b5e1f8d18 cae5cd510c034e8da8f61c55b8018a11 - - default default] 10.0.0.49 "GET /v2.0/ports?device_id=7931e798-8722-43d6-b0ba-362084fb7b5a HTTP/1.1" status: 200 len: 1174 time: 0.0450938
2026-04-27 13:13:18.208 10 INFO neutron.db.ovn_revision_numbers_db [None req-91b32342-fc60-4739-86c8-108b72373c89 3023435136e8400bb250a7b3e860157a a016ec67fd264228b0a173c914383276 - - default default] Successfully bumped revision number for resource 1de34075-1adf-4037-a143-d3b3236f78dd (type: ports) to 1
2026-04-27 13:13:18.244 9 INFO neutron.wsgi [req-39b09af2-a251-4ae5-bc6b-03e6bdffe96b req-58419672-8ab9-4dfb-b203-4a0ba23ea1be f294df5cd79e4a2f85470f7b5e1f8d18 cae5cd510c034e8da8f61c55b8018a11 - - default default] 10.0.0.49 "GET /v2.0/security-groups?id=bb04a119-1fa7-48da-8a51-c37fe4f72451&fields=id&fields=name HTTP/1.1" status: 200 len: 312 time: 0.0474980
2026-04-27 13:13:18.287 10 WARNING neutron.scheduler.dhcp_agent_scheduler [None req-91b32342-fc60-4739-86c8-108b72373c89 3023435136e8400bb250a7b3e860157a a016ec67fd264228b0a173c914383276 - - default default] No more DHCP agents
2026-04-27 13:13:18.288 10 WARNING neutron.api.rpc.agentnotifiers.dhcp_rpc_agent_api [None req-91b32342-fc60-4739-86c8-108b72373c89 3023435136e8400bb250a7b3e860157a a016ec67fd264228b0a173c914383276 - - default default] Unable to schedule network 97b0507b-4eee-4766-a128-7086540e6348: no agents available; will retry on subsequent port and subnet creation events.
2026-04-27 13:13:18.382 9 WARNING neutron.scheduler.dhcp_agent_scheduler [None req-ca8920ba-92f4-4b13-84a8-26325746f1af ed924cd012714052895c25963376e7b4 31f62a03e3bf499e9e7eddb96d687d25 - - default default] No more DHCP agents
2026-04-27 13:13:18.384 9 WARNING neutron.api.rpc.agentnotifiers.dhcp_rpc_agent_api [None req-ca8920ba-92f4-4b13-84a8-26325746f1af ed924cd012714052895c25963376e7b4 31f62a03e3bf499e9e7eddb96d687d25 - - default default] Unable to schedule network 1415a444-409d-484c-80b3-ba374abb4951: no agents available; will retry on subsequent port and subnet creation events.
2026-04-27 13:13:18.493 10 INFO neutron.db.ovn_revision_numbers_db [None req-91b32342-fc60-4739-86c8-108b72373c89 3023435136e8400bb250a7b3e860157a a016ec67fd264228b0a173c914383276 - - default default] Successfully bumped revision number for resource 1de34075-1adf-4037-a143-d3b3236f78dd (type: router_ports) to 1
2026-04-27 13:13:18.495 10 INFO neutron.wsgi [None req-91b32342-fc60-4739-86c8-108b72373c89 3023435136e8400bb250a7b3e860157a a016ec67fd264228b0a173c914383276 - - default default] 10.0.0.162 "PUT /v2.0/routers/9ebcc9eb-7f41-47a1-b737-fe7bdd44adaa/add_router_interface HTTP/1.1" status: 200 len: 503 time: 2.6213276 /var/lib/openstack/lib/python3.10/site-packages/pycadf/identifier.py:71: UserWarning: Invalid uuid: neutron. To ensure interoperability, identifiers should be a valid uuid. warnings.warn(('Invalid uuid: %s. To ensure interoperability, '
2026-04-27 13:13:18.536 10 INFO neutron.wsgi [None req-9a9775f8-06b5-4870-8026-937282e68c68 3023435136e8400bb250a7b3e860157a a016ec67fd264228b0a173c914383276 - - default default] 10.0.0.162 "GET /v2.0/ports/1de34075-1adf-4037-a143-d3b3236f78dd HTTP/1.1" status: 200 len: 1135 time: 0.0363314
2026-04-27 13:13:18.552 9 INFO neutron.db.ovn_revision_numbers_db [None req-ca8920ba-92f4-4b13-84a8-26325746f1af ed924cd012714052895c25963376e7b4 31f62a03e3bf499e9e7eddb96d687d25 - - default default] Successfully bumped revision number for resource 283fd4ad-d981-4f80-b4f8-09af5777f1fe (type: ports) to 1
2026-04-27 13:13:18.759 10 INFO neutron.notifiers.nova [-] Nova event matching ['req-7b1bc42b-ad2a-4772-8965-57e03bb1c113'] response: {'server_uuid': '7931e798-8722-43d6-b0ba-362084fb7b5a', 'name': 'network-vif-plugged', 'status': 'completed', 'tag': '045d014c-9341-4a08-adf6-2867d818b28f', 'code': 200}
2026-04-27 13:13:18.759 10 INFO neutron.notifiers.nova [-] Nova event matching ['req-7b1bc42b-ad2a-4772-8965-57e03bb1c113'] response: {'server_uuid': '7931e798-8722-43d6-b0ba-362084fb7b5a', 'name': 'network-vif-plugged', 'status': 'completed', 'tag': '045d014c-9341-4a08-adf6-2867d818b28f', 'code': 200}
2026-04-27 13:13:18.760 10 INFO neutron.notifiers.nova [-] Nova event matching ['req-7b1bc42b-ad2a-4772-8965-57e03bb1c113'] response: {'server_uuid': '7931e798-8722-43d6-b0ba-362084fb7b5a', 'name': 'network-vif-plugged', 'status': 'completed', 'tag': '045d014c-9341-4a08-adf6-2867d818b28f', 'code': 200}
2026-04-27 13:13:19.063 10 INFO neutron.plugins.ml2.drivers.ovn.mech_driver.mech_driver [None req-e359b775-eaeb-466c-949d-6af974516fab - - - - - -] OVN reports status up for port: 283fd4ad-d981-4f80-b4f8-09af5777f1fe
2026-04-27 13:13:19.078 10 INFO neutron.plugins.ml2.plugin [None req-e359b775-eaeb-466c-949d-6af974516fab - - - - - -] Attempt 1 to provision port 283fd4ad-d981-4f80-b4f8-09af5777f1fe
2026-04-27 13:13:19.083 10 WARNING neutron.scheduler.dhcp_agent_scheduler [None req-981d32f7-7d76-48c8-9043-43991e52371f 3023435136e8400bb250a7b3e860157a a016ec67fd264228b0a173c914383276 - - default default] No more DHCP agents
2026-04-27 13:13:19.090 9 INFO neutron.db.ovn_revision_numbers_db [None req-ca8920ba-92f4-4b13-84a8-26325746f1af ed924cd012714052895c25963376e7b4 31f62a03e3bf499e9e7eddb96d687d25 - - default default] Successfully bumped revision number for resource 283fd4ad-d981-4f80-b4f8-09af5777f1fe (type: router_ports) to 1
2026-04-27 13:13:19.099 10 WARNING neutron.api.rpc.agentnotifiers.dhcp_rpc_agent_api [None req-981d32f7-7d76-48c8-9043-43991e52371f 3023435136e8400bb250a7b3e860157a a016ec67fd264228b0a173c914383276 - - default default] Unable to schedule network d7f3bed7-3fab-4a32-a469-576cf98c2257: no agents available; will retry on subsequent port and subnet creation events.
2026-04-27 13:13:19.279 9 INFO neutron.db.ovn_revision_numbers_db [None req-ca8920ba-92f4-4b13-84a8-26325746f1af ed924cd012714052895c25963376e7b4 31f62a03e3bf499e9e7eddb96d687d25 - - default default] Successfully bumped revision number for resource 283fd4ad-d981-4f80-b4f8-09af5777f1fe (type: ports) to 1
2026-04-27 13:13:19.337 10 INFO neutron.db.ovn_revision_numbers_db [None req-981d32f7-7d76-48c8-9043-43991e52371f 3023435136e8400bb250a7b3e860157a a016ec67fd264228b0a173c914383276 - - default default] Successfully bumped revision number for resource 7eff0559-4063-4fb3-bb75-d522e648ef73 (type: ports) to 1
2026-04-27 13:13:19.380 9 WARNING neutron.scheduler.dhcp_agent_scheduler [None req-ca8920ba-92f4-4b13-84a8-26325746f1af ed924cd012714052895c25963376e7b4 31f62a03e3bf499e9e7eddb96d687d25 - - default default] No more DHCP agents
2026-04-27 13:13:19.382 9 WARNING neutron.api.rpc.agentnotifiers.dhcp_rpc_agent_api [None req-ca8920ba-92f4-4b13-84a8-26325746f1af ed924cd012714052895c25963376e7b4 31f62a03e3bf499e9e7eddb96d687d25 - - default default] Unable to schedule network 1415a444-409d-484c-80b3-ba374abb4951: no agents available; will retry on subsequent port and subnet creation events.
2026-04-27 13:13:19.474 10 INFO neutron.db.ovn_revision_numbers_db [None req-e359b775-eaeb-466c-949d-6af974516fab - - - - - -] Successfully bumped revision number for resource 283fd4ad-d981-4f80-b4f8-09af5777f1fe (type: ports) to 2
2026-04-27 13:13:19.640 10 INFO neutron.db.ovn_revision_numbers_db [None req-e359b775-eaeb-466c-949d-6af974516fab - - - - - -] Successfully bumped revision number for resource 283fd4ad-d981-4f80-b4f8-09af5777f1fe (type: router_ports) to 2
2026-04-27 13:13:19.879 10 INFO neutron.db.ovn_revision_numbers_db [None req-981d32f7-7d76-48c8-9043-43991e52371f 3023435136e8400bb250a7b3e860157a a016ec67fd264228b0a173c914383276 - - default default] Successfully bumped revision number for resource 7eff0559-4063-4fb3-bb75-d522e648ef73 (type: router_ports) to 1
2026-04-27 13:13:20.031 9 INFO neutron.db.ovn_revision_numbers_db [None req-ca8920ba-92f4-4b13-84a8-26325746f1af ed924cd012714052895c25963376e7b4 31f62a03e3bf499e9e7eddb96d687d25 - - default default] Successfully bumped revision number for resource 283fd4ad-d981-4f80-b4f8-09af5777f1fe (type: router_ports) to 2
2026-04-27 13:13:20.033 9 INFO neutron.wsgi [None req-ca8920ba-92f4-4b13-84a8-26325746f1af ed924cd012714052895c25963376e7b4 31f62a03e3bf499e9e7eddb96d687d25 - - default default] 10.0.0.162 "PUT /v2.0/routers/5bdcc685-bdc7-4710-831e-b0a8c5e99fe0/add_router_interface HTTP/1.1" status: 200 len: 503 time: 2.2915120
2026-04-27 13:13:20.055 10 INFO neutron.db.ovn_revision_numbers_db [None req-981d32f7-7d76-48c8-9043-43991e52371f 3023435136e8400bb250a7b3e860157a a016ec67fd264228b0a173c914383276 - - default default] Successfully bumped revision number for resource 7eff0559-4063-4fb3-bb75-d522e648ef73 (type: ports) to 1
2026-04-27 13:13:20.120 10 WARNING neutron.scheduler.dhcp_agent_scheduler [None req-981d32f7-7d76-48c8-9043-43991e52371f 3023435136e8400bb250a7b3e860157a a016ec67fd264228b0a173c914383276 - - default default] No more DHCP agents
2026-04-27 13:13:20.121 10 WARNING neutron.api.rpc.agentnotifiers.dhcp_rpc_agent_api [None req-981d32f7-7d76-48c8-9043-43991e52371f 3023435136e8400bb250a7b3e860157a a016ec67fd264228b0a173c914383276 - - default default] Unable to schedule network d7f3bed7-3fab-4a32-a469-576cf98c2257: no agents available; will retry on subsequent port and subnet creation events.
2026-04-27 13:13:20.310 10 INFO neutron.db.ovn_revision_numbers_db [None req-981d32f7-7d76-48c8-9043-43991e52371f 3023435136e8400bb250a7b3e860157a a016ec67fd264228b0a173c914383276 - - default default] Successfully bumped revision number for resource 7eff0559-4063-4fb3-bb75-d522e648ef73 (type: router_ports) to 1
2026-04-27 13:13:20.313 10 INFO neutron.wsgi [None req-981d32f7-7d76-48c8-9043-43991e52371f 3023435136e8400bb250a7b3e860157a a016ec67fd264228b0a173c914383276 - - default default] 10.0.0.162 "PUT /v2.0/routers/9ebcc9eb-7f41-47a1-b737-fe7bdd44adaa/add_router_interface HTTP/1.1" status: 200 len: 503 time: 1.7716141
2026-04-27 13:13:20.402 10 INFO neutron.wsgi [None req-b387dff2-70f2-4234-b6f5-7ddfc5d645a9 3023435136e8400bb250a7b3e860157a a016ec67fd264228b0a173c914383276 - - default default] 10.0.0.162 "GET /v2.0/ports/7eff0559-4063-4fb3-bb75-d522e648ef73 HTTP/1.1" status: 200 len: 1135 time: 0.0839837
2026-04-27 13:13:20.422 9 WARNING neutron.scheduler.dhcp_agent_scheduler [None req-1b941324-a55b-4a98-82c7-33e966f2268d ed924cd012714052895c25963376e7b4 31f62a03e3bf499e9e7eddb96d687d25 - - default default] No more DHCP agents
2026-04-27 13:13:20.425 9 WARNING neutron.api.rpc.agentnotifiers.dhcp_rpc_agent_api [None req-1b941324-a55b-4a98-82c7-33e966f2268d ed924cd012714052895c25963376e7b4 31f62a03e3bf499e9e7eddb96d687d25 - - default default] Unable to schedule network 1415a444-409d-484c-80b3-ba374abb4951: no agents available; will retry on subsequent port and subnet creation events.
2026-04-27 13:13:20.439 10 INFO neutron.wsgi [None req-40918293-6ab4-4101-85fb-87e494e94c7c 3023435136e8400bb250a7b3e860157a a016ec67fd264228b0a173c914383276 - - default default] 10.0.0.162 "GET /v2.0/ports/7eff0559-4063-4fb3-bb75-d522e648ef73 HTTP/1.1" status: 200 len: 1135 time: 0.0321484
2026-04-27 13:13:20.475 10 INFO neutron.db.ovn_revision_numbers_db [None req-1c28a1c0-eeea-467e-bb92-3d2949ced44d c517ae173a534c19b2056e9792252a97 3f39e3c30eba471790275b3bdd63032c - - default default] Successfully bumped revision number for resource ef59d364-6dce-45de-931f-1c8e1d298886 (type: security_groups) to 1
2026-04-27 13:13:20.489 10 INFO neutron.db.ovn_revision_numbers_db [None req-1c28a1c0-eeea-467e-bb92-3d2949ced44d c517ae173a534c19b2056e9792252a97 3f39e3c30eba471790275b3bdd63032c - - default default] Successfully bumped revision number for resource 563f1fec-cb9c-4670-868a-9354bb43c4de (type: security_group_rules) to 0
2026-04-27 13:13:20.503 10 INFO neutron.db.ovn_revision_numbers_db [None req-1c28a1c0-eeea-467e-bb92-3d2949ced44d c517ae173a534c19b2056e9792252a97 3f39e3c30eba471790275b3bdd63032c - - default default] Successfully bumped revision number for resource 5cf253ad-2181-4e4a-ae61-42b8dd7685b5 (type: security_group_rules) to 0
2026-04-27 13:13:20.515 10 INFO neutron.db.ovn_revision_numbers_db [None req-1c28a1c0-eeea-467e-bb92-3d2949ced44d c517ae173a534c19b2056e9792252a97 3f39e3c30eba471790275b3bdd63032c - - default default] Successfully bumped revision number for resource fe1f7893-5214-4264-9d87-fc45c35bf06b (type: security_group_rules) to 0
2026-04-27 13:13:20.530 10 INFO neutron.db.ovn_revision_numbers_db [None req-1c28a1c0-eeea-467e-bb92-3d2949ced44d c517ae173a534c19b2056e9792252a97 3f39e3c30eba471790275b3bdd63032c - - default default] Successfully bumped revision number for resource fef6b3cf-694e-4b67-afde-0ba31d14dfa5 (type: security_group_rules) to 0
2026-04-27 13:13:20.554 10 INFO neutron.wsgi [None req-1c28a1c0-eeea-467e-bb92-3d2949ced44d c517ae173a534c19b2056e9792252a97 3f39e3c30eba471790275b3bdd63032c - - default default] 10.0.0.162 "GET /v2.0/security-groups?tenant_id=461b2408fc7e4e09a142f129e3d1787a&name=default HTTP/1.1" status: 200 len: 2996 time: 0.3733821
2026-04-27 13:13:20.615 9 INFO neutron.db.ovn_revision_numbers_db [None req-1b941324-a55b-4a98-82c7-33e966f2268d ed924cd012714052895c25963376e7b4 31f62a03e3bf499e9e7eddb96d687d25 - - default default] Successfully bumped revision number for resource 8844d286-48d6-4ef1-8f37-7f097eaaa1eb (type: ports) to 1
2026-04-27 13:13:20.638 9 INFO neutron.wsgi [None req-1b941324-a55b-4a98-82c7-33e966f2268d ed924cd012714052895c25963376e7b4 31f62a03e3bf499e9e7eddb96d687d25 - - default default] 10.0.0.162 "POST /v2.0/ports HTTP/1.1" status: 201 len: 1153 time: 0.5999637
2026-04-27 13:13:20.807 10 INFO neutron.wsgi [None req-3250c607-ed6a-48a0-9a00-8379ab51b449 c517ae173a534c19b2056e9792252a97 3f39e3c30eba471790275b3bdd63032c - - default default] 10.0.0.162 "DELETE /v2.0/security-groups/ef59d364-6dce-45de-931f-1c8e1d298886 HTTP/1.1" status: 204 len: 168 time: 0.2470875
2026-04-27 13:13:21.291 10 WARNING neutron.scheduler.dhcp_agent_scheduler [None req-05f77168-b27d-4526-982f-274d003c5f58 ed924cd012714052895c25963376e7b4 31f62a03e3bf499e9e7eddb96d687d25 - - default default] No more DHCP agents
