2026-04-27 13:11:59.606 9 INFO neutron.db.ovn_revision_numbers_db [None req-79f0a3d5-3f54-4095-9db6-ad00699b1256 - - - - - -] Successfully bumped revision number for resource 0460e65f-ee8c-465d-be61-259bd06041aa (type: router_ports) to 4
2026-04-27 13:11:59.631 10 INFO neutron.notifiers.nova [-] Nova event matching ['req-e71a4fbd-9315-497a-b370-c7e5c063630e'] response: {'server_uuid': '1f6b5212-b662-4873-8230-edf4565078b6', 'name': 'network-vif-plugged', 'status': 'completed', 'tag': '86b050da-f44d-4ee2-afb5-d1df8ba69d58', 'code': 200}
2026-04-27 13:11:59.735 9 INFO neutron.wsgi [-] 10.0.0.89 "GET / HTTP/1.1" status: 200 len: 247 time: 0.0020838
2026-04-27 13:11:59.738 9 INFO neutron.wsgi [-] 10.0.0.89 "GET / HTTP/1.1" status: 200 len: 247 time: 0.0013461
2026-04-27 13:11:59.760 10 INFO neutron.db.ovn_revision_numbers_db [None req-e359b775-eaeb-466c-949d-6af974516fab - - - - - -] Successfully bumped revision number for resource 86b050da-f44d-4ee2-afb5-d1df8ba69d58 (type: ports) to 4
2026-04-27 13:11:59.768 9 WARNING neutron.scheduler.dhcp_agent_scheduler [None req-9bea9401-e2dc-4d9b-8e69-d7dff866df17 ad6e862df6954b8184019f07e7d1b33b 100588f2ae0247e58cb09e0efc6f7c82 - - default default] No more DHCP agents
2026-04-27 13:11:59.770 9 WARNING neutron.api.rpc.agentnotifiers.dhcp_rpc_agent_api [None req-9bea9401-e2dc-4d9b-8e69-d7dff866df17 ad6e862df6954b8184019f07e7d1b33b 100588f2ae0247e58cb09e0efc6f7c82 - - default default] Unable to schedule network dcbb6fba-e362-419f-85fe-68daf672735e: no agents available; will retry on subsequent port and subnet creation events.
2026-04-27 13:11:59.832 10 INFO neutron.db.ovn_revision_numbers_db [None req-1fd38389-4319-440e-8d4a-d351947ffbde c517ae173a534c19b2056e9792252a97 3f39e3c30eba471790275b3bdd63032c - - default default] Successfully bumped revision number for resource 1701fac1-c89c-435f-9cb7-b38b2ece95b0 (type: ports) to 1
2026-04-27 13:11:59.877 9 INFO neutron.db.ovn_revision_numbers_db [None req-9bea9401-e2dc-4d9b-8e69-d7dff866df17 ad6e862df6954b8184019f07e7d1b33b 100588f2ae0247e58cb09e0efc6f7c82 - - default default] Successfully bumped revision number for resource 1c5c52c9-6492-481b-b50d-9dfcd8c3ffa3 (type: ports) to 1
2026-04-27 13:11:59.904 9 WARNING neutron.scheduler.dhcp_agent_scheduler [None req-9bea9401-e2dc-4d9b-8e69-d7dff866df17 ad6e862df6954b8184019f07e7d1b33b 100588f2ae0247e58cb09e0efc6f7c82 - - default default] No more DHCP agents
2026-04-27 13:11:59.905 9 WARNING neutron.api.rpc.agentnotifiers.dhcp_rpc_agent_api [None req-9bea9401-e2dc-4d9b-8e69-d7dff866df17 ad6e862df6954b8184019f07e7d1b33b 100588f2ae0247e58cb09e0efc6f7c82 - - default default] Unable to schedule network 55b96431-01d9-4765-b0a0-fa78826e112f: no agents available; will retry on subsequent port and subnet creation events.
2026-04-27 13:11:59.998 9 INFO neutron.db.ovn_revision_numbers_db [None req-9bea9401-e2dc-4d9b-8e69-d7dff866df17 ad6e862df6954b8184019f07e7d1b33b 100588f2ae0247e58cb09e0efc6f7c82 - - default default] Successfully bumped revision number for resource 4cc1acd3-183c-4477-8ee0-93a4835606c2 (type: ports) to 1
2026-04-27 13:12:00.036 9 INFO neutron.wsgi [None req-9bea9401-e2dc-4d9b-8e69-d7dff866df17 ad6e862df6954b8184019f07e7d1b33b 100588f2ae0247e58cb09e0efc6f7c82 - - default default] 10.0.0.162 "POST /v2.0/ports HTTP/1.1" status: 201 len: 1706 time: 0.9480109 /var/lib/openstack/lib/python3.10/site-packages/pycadf/identifier.py:71: UserWarning: Invalid uuid: neutron. To ensure interoperability, identifiers should be a valid uuid. warnings.warn(('Invalid uuid: %s. To ensure interoperability, '
2026-04-27 13:12:00.116 9 INFO neutron.wsgi [req-786cb705-2c45-4b49-b9cd-d7e5d0de9dfb req-41553bce-f1b1-4d9a-8802-0503a4830296 653ff48471fe4611b962b229742df82f 960ba896477246c0897b30fec3fdbaa1 - - default default] 10.0.0.49 "GET /v2.0/ports?device_id=1f6b5212-b662-4873-8230-edf4565078b6 HTTP/1.1" status: 200 len: 1170 time: 0.0709949
2026-04-27 13:12:00.140 9 INFO neutron.plugins.ml2.drivers.ovn.mech_driver.mech_driver [None req-a286ef0d-ae60-4d6c-8b9d-1f4a3a46398e - - - - - -] OVN reports status up for port: 9cd355e3-1e69-40f0-a7a8-2b85393bed91
2026-04-27 13:12:00.154 10 WARNING neutron.scheduler.dhcp_agent_scheduler [None req-006a42e9-8cd0-4ced-9107-9020c1b7286c c517ae173a534c19b2056e9792252a97 3f39e3c30eba471790275b3bdd63032c - - default default] No more DHCP agents
2026-04-27 13:12:00.163 10 WARNING neutron.api.rpc.agentnotifiers.dhcp_rpc_agent_api [None req-006a42e9-8cd0-4ced-9107-9020c1b7286c c517ae173a534c19b2056e9792252a97 3f39e3c30eba471790275b3bdd63032c - - default default] Unable to schedule network d20612ff-4691-4aee-81b9-577337e72654: no agents available; will retry on subsequent port and subnet creation events.
2026-04-27 13:12:00.172 9 INFO neutron.plugins.ml2.plugin [None req-a286ef0d-ae60-4d6c-8b9d-1f4a3a46398e - - - - - -] Attempt 1 to provision port 9cd355e3-1e69-40f0-a7a8-2b85393bed91
2026-04-27 13:12:00.197 10 INFO neutron.db.ovn_revision_numbers_db [None req-c94b84df-c042-4639-aab4-a4c41490465b - - - - - -] Successfully bumped revision number for resource 9cd355e3-1e69-40f0-a7a8-2b85393bed91 (type: ports) to 1
2026-04-27 13:12:00.201 9 INFO neutron.wsgi [req-786cb705-2c45-4b49-b9cd-d7e5d0de9dfb req-79e8bcb2-196f-4bd3-8435-40bfab1542a4 653ff48471fe4611b962b229742df82f 960ba896477246c0897b30fec3fdbaa1 - - default default] 10.0.0.49 "GET /v2.0/security-groups?id=35e091ff-d2ad-45bc-af76-35e89e459945&fields=id&fields=name HTTP/1.1" status: 200 len: 313 time: 0.0742729
2026-04-27 13:12:00.253 9 INFO neutron.wsgi [None req-7a54a0d0-df5e-497c-aca2-503a32816578 ad6e862df6954b8184019f07e7d1b33b 100588f2ae0247e58cb09e0efc6f7c82 - - default default] 10.0.0.162 "GET /v2.0/ports HTTP/1.1" status: 200 len: 3213 time: 0.1866949 /var/lib/openstack/lib/python3.10/site-packages/pycadf/identifier.py:71: UserWarning: Invalid uuid: neutron. To ensure interoperability, identifiers should be a valid uuid. warnings.warn(('Invalid uuid: %s. To ensure interoperability, '
2026-04-27 13:12:00.521 10 INFO neutron.wsgi [req-fe339cfa-2c79-4629-9d3e-8e4f50a1f5cd req-2c44538a-db66-471f-97a6-f75aa7d888aa 653ff48471fe4611b962b229742df82f 960ba896477246c0897b30fec3fdbaa1 - - default default] 10.0.0.49 "GET /v2.0/ports?device_id=1f6b5212-b662-4873-8230-edf4565078b6 HTTP/1.1" status: 200 len: 1170 time: 0.2285161
2026-04-27 13:12:00.522 9 INFO neutron.wsgi [None req-b81b8cc4-a380-4b09-ae74-8bf23f2f7573 ad6e862df6954b8184019f07e7d1b33b 100588f2ae0247e58cb09e0efc6f7c82 - - default default] 10.0.0.162 "DELETE /v2.0/ports/1c5c52c9-6492-481b-b50d-9dfcd8c3ffa3 HTTP/1.1" status: 204 len: 168 time: 0.2651753
2026-04-27 13:12:00.562 10 INFO neutron.db.ovn_revision_numbers_db [None req-006a42e9-8cd0-4ced-9107-9020c1b7286c c517ae173a534c19b2056e9792252a97 3f39e3c30eba471790275b3bdd63032c - - default default] Successfully bumped revision number for resource b25d3151-9417-4ed7-b7e7-695bb06e1ffe (type: ports) to 1
2026-04-27 13:12:00.821 10 INFO neutron.plugins.ml2.drivers.ovn.mech_driver.mech_driver [None req-e359b775-eaeb-466c-949d-6af974516fab - - - - - -] OVN reports status up for port: 1701fac1-c89c-435f-9cb7-b38b2ece95b0
2026-04-27 13:12:00.862 10 INFO neutron.plugins.ml2.plugin [None req-e359b775-eaeb-466c-949d-6af974516fab - - - - - -] Attempt 1 to provision port 1701fac1-c89c-435f-9cb7-b38b2ece95b0
2026-04-27 13:12:00.885 10 INFO neutron.db.ovn_revision_numbers_db [None req-1fd38389-4319-440e-8d4a-d351947ffbde c517ae173a534c19b2056e9792252a97 3f39e3c30eba471790275b3bdd63032c - - default default] Successfully bumped revision number for resource 1701fac1-c89c-435f-9cb7-b38b2ece95b0 (type: router_ports) to 1
2026-04-27 13:12:00.909 10 INFO neutron.db.ovn_revision_numbers_db [None req-c94b84df-c042-4639-aab4-a4c41490465b - - - - - -] Successfully bumped revision number for resource 9cd355e3-1e69-40f0-a7a8-2b85393bed91 (type: router_ports) to 3
2026-04-27 13:12:01.051 9 INFO neutron.db.l3_db [None req-a53789e0-8525-46d5-b001-37ed19d9e8ad 653ff48471fe4611b962b229742df82f 960ba896477246c0897b30fec3fdbaa1 - - default default] Floating IP 2151d473-7b67-4002-95d7-fc6519af26f0 associated. External IP: 10.96.250.201, port: 86b050da-f44d-4ee2-afb5-d1df8ba69d58.
2026-04-27 13:12:01.073 9 INFO neutron.wsgi [None req-12b9c16c-b87a-485b-b102-864687211245 ad6e862df6954b8184019f07e7d1b33b 100588f2ae0247e58cb09e0efc6f7c82 - - default default] 10.0.0.162 "DELETE /v2.0/ports/4cc1acd3-183c-4477-8ee0-93a4835606c2 HTTP/1.1" status: 204 len: 168 time: 0.5480266
2026-04-27 13:12:01.291 9 INFO neutron.db.ovn_revision_numbers_db [None req-a53789e0-8525-46d5-b001-37ed19d9e8ad 653ff48471fe4611b962b229742df82f 960ba896477246c0897b30fec3fdbaa1 - - default default] Successfully bumped revision number for resource 2151d473-7b67-4002-95d7-fc6519af26f0 (type: floatingips) to 1
2026-04-27 13:12:01.371 10 INFO neutron.db.ovn_revision_numbers_db [None req-1fd38389-4319-440e-8d4a-d351947ffbde c517ae173a534c19b2056e9792252a97 3f39e3c30eba471790275b3bdd63032c - - default default] Successfully bumped revision number for resource 1701fac1-c89c-435f-9cb7-b38b2ece95b0 (type: ports) to 1
2026-04-27 13:12:01.395 10 INFO neutron.wsgi [None req-fd6376bf-3016-43e0-ba6e-b6bc9c7c6fbf ad6e862df6954b8184019f07e7d1b33b 100588f2ae0247e58cb09e0efc6f7c82 - - default default] 10.0.0.162 "GET /v2.0/ports HTTP/1.1" status: 200 len: 1718 time: 0.3118980
2026-04-27 13:12:01.412 10 INFO neutron.db.ovn_revision_numbers_db [None req-c94b84df-c042-4639-aab4-a4c41490465b - - - - - -] Successfully bumped revision number for resource 9cd355e3-1e69-40f0-a7a8-2b85393bed91 (type: ports) to 2
2026-04-27 13:12:01.423 9 INFO neutron.db.ovn_revision_numbers_db [None req-a53789e0-8525-46d5-b001-37ed19d9e8ad 653ff48471fe4611b962b229742df82f 960ba896477246c0897b30fec3fdbaa1 - - default default] Successfully bumped revision number for resource 2151d473-7b67-4002-95d7-fc6519af26f0 (type: floatingips) to 2
2026-04-27 13:12:01.456 9 INFO neutron.wsgi [None req-a53789e0-8525-46d5-b001-37ed19d9e8ad 653ff48471fe4611b962b229742df82f 960ba896477246c0897b30fec3fdbaa1 - - default default] 10.0.0.162 "PUT /v2.0/floatingips/2151d473-7b67-4002-95d7-fc6519af26f0 HTTP/1.1" status: 200 len: 1049 time: 0.9244592
2026-04-27 13:12:01.533 9 INFO neutron.notifiers.nova [-] Nova event matching ['req-8435ad97-2aef-4221-9f5d-05eed143024b'] response: {'name': 'network-changed', 'server_uuid': '1f6b5212-b662-4873-8230-edf4565078b6', 'tag': '86b050da-f44d-4ee2-afb5-d1df8ba69d58', 'status': 'completed', 'code': 200}
2026-04-27 13:12:01.540 9 INFO neutron.db.segments_db [None req-fa79e47f-e332-4f78-89fb-c260cea7d944 ad6e862df6954b8184019f07e7d1b33b 100588f2ae0247e58cb09e0efc6f7c82 - - default default] Added segment f9e9e226-73b7-4a41-a1a8-dfc34e007e8e of type geneve for network f257a12b-0eaf-4b70-8a7f-d2ef32b797e6
2026-04-27 13:12:01.575 10 WARNING neutron.scheduler.dhcp_agent_scheduler [None req-1fd38389-4319-440e-8d4a-d351947ffbde c517ae173a534c19b2056e9792252a97 3f39e3c30eba471790275b3bdd63032c - - default default] No more DHCP agents
2026-04-27 13:12:01.627 9 INFO neutron.wsgi [req-8ae5d4fc-b54a-482e-a44d-28a5256ba9cf req-40b45c6c-b8ed-4597-8b2e-10480431b81d 7f398acef5df4c33bca6183ae41ad068 387d00d45f3249d68f8ac214b63f1413 - - 57bd1b6a1e4c4b43a0b4474c3721d38b 57bd1b6a1e4c4b43a0b4474c3721d38b] 199.19.213.145 "GET /v2.0/ports?tenant_id=960ba896477246c0897b30fec3fdbaa1&device_id=1f6b5212-b662-4873-8230-edf4565078b6 HTTP/1.1" status: 200 len: 1409 time: 0.0743775
2026-04-27 13:12:01.687 9 INFO neutron.wsgi [req-d82ebc48-4542-49f1-846c-5af661468689 req-2c8c7b22-7f6b-4102-9698-4406a95b4a5a 653ff48471fe4611b962b229742df82f 960ba896477246c0897b30fec3fdbaa1 - - default default] 10.0.0.49 "GET /v2.0/ports?device_id=1f6b5212-b662-4873-8230-edf4565078b6 HTTP/1.1" status: 200 len: 1170 time: 0.1909933
2026-04-27 13:12:01.723 10 WARNING neutron.api.rpc.agentnotifiers.dhcp_rpc_agent_api [None req-1fd38389-4319-440e-8d4a-d351947ffbde c517ae173a534c19b2056e9792252a97 3f39e3c30eba471790275b3bdd63032c - - default default] Unable to schedule network 7580a02b-c462-4d6c-8d2c-08e08d4c9b44: no agents available; will retry on subsequent port and subnet creation events.
2026-04-27 13:12:01.746 10 INFO neutron.db.ovn_revision_numbers_db [None req-e359b775-eaeb-466c-949d-6af974516fab - - - - - -] Successfully bumped revision number for resource 1701fac1-c89c-435f-9cb7-b38b2ece95b0 (type: ports) to 2
2026-04-27 13:12:01.756 10 INFO neutron.notifiers.nova [-] Nova event matching ['req-5f3c3c4f-d9ff-4e76-9e5e-e69d48bc492d'] response: {'server_uuid': '1f6b5212-b662-4873-8230-edf4565078b6', 'name': 'network-vif-plugged', 'status': 'completed', 'tag': '86b050da-f44d-4ee2-afb5-d1df8ba69d58', 'code': 200}
2026-04-27 13:12:01.794 9 INFO neutron.wsgi [req-8ae5d4fc-b54a-482e-a44d-28a5256ba9cf req-3a299bad-27ac-491b-a15a-4034a73e805b 7f398acef5df4c33bca6183ae41ad068 387d00d45f3249d68f8ac214b63f1413 - - 57bd1b6a1e4c4b43a0b4474c3721d38b 57bd1b6a1e4c4b43a0b4474c3721d38b] 199.19.213.145 "GET /v2.0/networks?id=925bab30-3179-49e4-b69b-f1c43efd8fe9 HTTP/1.1" status: 200 len: 982 time: 0.1573308
2026-04-27 13:12:01.830 9 INFO neutron.wsgi [req-d82ebc48-4542-49f1-846c-5af661468689 req-31535172-a1f8-47c2-8cdc-99ac2eef14b2 653ff48471fe4611b962b229742df82f 960ba896477246c0897b30fec3fdbaa1 - - default default] 10.0.0.49 "GET /v2.0/security-groups?id=35e091ff-d2ad-45bc-af76-35e89e459945&fields=id&fields=name HTTP/1.1" status: 200 len: 313 time: 0.1359572
2026-04-27 13:12:01.833 9 INFO neutron.db.ovn_revision_numbers_db [None req-fa79e47f-e332-4f78-89fb-c260cea7d944 ad6e862df6954b8184019f07e7d1b33b 100588f2ae0247e58cb09e0efc6f7c82 - - default default] Successfully bumped revision number for resource f257a12b-0eaf-4b70-8a7f-d2ef32b797e6 (type: networks) to 1
2026-04-27 13:12:01.914 10 INFO neutron.db.ovn_revision_numbers_db [None req-006a42e9-8cd0-4ced-9107-9020c1b7286c c517ae173a534c19b2056e9792252a97 3f39e3c30eba471790275b3bdd63032c - - default default] Successfully bumped revision number for resource b25d3151-9417-4ed7-b7e7-695bb06e1ffe (type: router_ports) to 1
2026-04-27 13:12:02.024 9 INFO neutron.wsgi [req-8ae5d4fc-b54a-482e-a44d-28a5256ba9cf req-b08b5e7b-0093-4ab3-a6b9-e43b5e42e220 7f398acef5df4c33bca6183ae41ad068 387d00d45f3249d68f8ac214b63f1413 - - 57bd1b6a1e4c4b43a0b4474c3721d38b 57bd1b6a1e4c4b43a0b4474c3721d38b] 199.19.213.145 "GET /v2.0/floatingips?fixed_ip_address=10.100.0.7&port_id=86b050da-f44d-4ee2-afb5-d1df8ba69d58 HTTP/1.1" status: 200 len: 1059 time: 0.2234807
2026-04-27 13:12:02.076 10 INFO neutron.db.ovn_revision_numbers_db [None req-e359b775-eaeb-466c-949d-6af974516fab - - - - - -] Successfully bumped revision number for resource 1701fac1-c89c-435f-9cb7-b38b2ece95b0 (type: router_ports) to 2
2026-04-27 13:12:02.078 9 INFO neutron.wsgi [req-8ae5d4fc-b54a-482e-a44d-28a5256ba9cf req-7dc2d286-0fd6-4e5d-8ded-c0eef30fe527 7f398acef5df4c33bca6183ae41ad068 387d00d45f3249d68f8ac214b63f1413 - - 57bd1b6a1e4c4b43a0b4474c3721d38b 57bd1b6a1e4c4b43a0b4474c3721d38b] 199.19.213.145 "GET /v2.0/subnets?id=e75db77a-8c9c-4d36-99df-11be345713d8 HTTP/1.1" status: 200 len: 877 time: 0.0469172
2026-04-27 13:12:02.118 9 INFO neutron.wsgi [req-8ae5d4fc-b54a-482e-a44d-28a5256ba9cf req-3dd36494-8ca5-4e72-b4cb-6dc1c04fee5c 7f398acef5df4c33bca6183ae41ad068 387d00d45f3249d68f8ac214b63f1413 - - 57bd1b6a1e4c4b43a0b4474c3721d38b 57bd1b6a1e4c4b43a0b4474c3721d38b] 199.19.213.145 "GET /v2.0/ports?network_id=925bab30-3179-49e4-b69b-f1c43efd8fe9&device_owner=network%3Adhcp HTTP/1.1" status: 200 len: 210 time: 0.0278869
2026-04-27 13:12:02.134 10 INFO neutron.db.ovn_revision_numbers_db [None req-c94b84df-c042-4639-aab4-a4c41490465b - - - - - -] Successfully bumped revision number for resource 9cd355e3-1e69-40f0-a7a8-2b85393bed91 (type: ports) to 4
2026-04-27 13:12:02.203 9 INFO neutron.wsgi [req-8ae5d4fc-b54a-482e-a44d-28a5256ba9cf req-38f5c927-e098-4af1-aac8-e9ebf4439e60 7f398acef5df4c33bca6183ae41ad068 387d00d45f3249d68f8ac214b63f1413 - - 57bd1b6a1e4c4b43a0b4474c3721d38b 57bd1b6a1e4c4b43a0b4474c3721d38b] 199.19.213.145 "GET /v2.0/networks/925bab30-3179-49e4-b69b-f1c43efd8fe9?fields=segments HTTP/1.1" status: 200 len: 212 time: 0.0756996
2026-04-27 13:12:02.204 9 WARNING neutron.scheduler.dhcp_agent_scheduler [None req-fa79e47f-e332-4f78-89fb-c260cea7d944 ad6e862df6954b8184019f07e7d1b33b 100588f2ae0247e58cb09e0efc6f7c82 - - default default] No more DHCP agents
2026-04-27 13:12:02.205 9 WARNING neutron.api.rpc.agentnotifiers.dhcp_rpc_agent_api [None req-fa79e47f-e332-4f78-89fb-c260cea7d944 ad6e862df6954b8184019f07e7d1b33b 100588f2ae0247e58cb09e0efc6f7c82 - - default default] Unable to schedule network f257a12b-0eaf-4b70-8a7f-d2ef32b797e6: no agents available; will retry on subsequent port and subnet creation events.
2026-04-27 13:12:02.308 9 INFO neutron.wsgi [req-8ae5d4fc-b54a-482e-a44d-28a5256ba9cf req-a5492156-c723-46ef-b3f7-419a5f7b5fc7 7f398acef5df4c33bca6183ae41ad068 387d00d45f3249d68f8ac214b63f1413 - - 57bd1b6a1e4c4b43a0b4474c3721d38b 57bd1b6a1e4c4b43a0b4474c3721d38b] 199.19.213.145 "GET /v2.0/networks/925bab30-3179-49e4-b69b-f1c43efd8fe9?fields=provider%3Aphysical_network&fields=provider%3Anetwork_type HTTP/1.1" status: 200 len: 277 time: 0.0941968
2026-04-27 13:12:02.315 9 INFO neutron.db.ovn_revision_numbers_db [None req-fa79e47f-e332-4f78-89fb-c260cea7d944 ad6e862df6954b8184019f07e7d1b33b 100588f2ae0247e58cb09e0efc6f7c82 - - default default] Successfully bumped revision number for resource 85e637d4-41e9-4a20-8857-11901ef2a429 (type: ports) to 1
2026-04-27 13:12:02.332 10 INFO neutron.db.ovn_revision_numbers_db [None req-006a42e9-8cd0-4ced-9107-9020c1b7286c c517ae173a534c19b2056e9792252a97 3f39e3c30eba471790275b3bdd63032c - - default default] Successfully bumped revision number for resource b25d3151-9417-4ed7-b7e7-695bb06e1ffe (type: ports) to 1
2026-04-27 13:12:02.338 9 INFO neutron.wsgi [None req-fa79e47f-e332-4f78-89fb-c260cea7d944 ad6e862df6954b8184019f07e7d1b33b 100588f2ae0247e58cb09e0efc6f7c82 - - default default] 10.0.0.162 "POST /v2.0/networks HTTP/1.1" status: 201 len: 853 time: 0.9356775
2026-04-27 13:12:02.426 9 INFO neutron.db.segments_db [None req-77be718f-8416-401c-b6d8-3732a99eb92e ad6e862df6954b8184019f07e7d1b33b 100588f2ae0247e58cb09e0efc6f7c82 - - default default] Added segment 65c224ab-15ef-41b3-8a4f-fd864fa93673 of type geneve for network ec8d00b3-438b-4587-a6b0-913542240c6b
2026-04-27 13:12:02.479 10 WARNING neutron.scheduler.dhcp_agent_scheduler [None req-006a42e9-8cd0-4ced-9107-9020c1b7286c c517ae173a534c19b2056e9792252a97 3f39e3c30eba471790275b3bdd63032c - - default default] No more DHCP agents
2026-04-27 13:12:02.485 10 WARNING neutron.api.rpc.agentnotifiers.dhcp_rpc_agent_api [None req-006a42e9-8cd0-4ced-9107-9020c1b7286c c517ae173a534c19b2056e9792252a97 3f39e3c30eba471790275b3bdd63032c - - default default] Unable to schedule network d20612ff-4691-4aee-81b9-577337e72654: no agents available; will retry on subsequent port and subnet creation events.
2026-04-27 13:12:02.585 9 INFO neutron.db.ovn_revision_numbers_db [None req-77be718f-8416-401c-b6d8-3732a99eb92e ad6e862df6954b8184019f07e7d1b33b 100588f2ae0247e58cb09e0efc6f7c82 - - default default] Successfully bumped revision number for resource ec8d00b3-438b-4587-a6b0-913542240c6b (type: networks) to 1
2026-04-27 13:12:02.762 9 WARNING neutron.scheduler.dhcp_agent_scheduler [None req-77be718f-8416-401c-b6d8-3732a99eb92e ad6e862df6954b8184019f07e7d1b33b 100588f2ae0247e58cb09e0efc6f7c82 - - default default] No more DHCP agents
2026-04-27 13:12:02.764 9 WARNING neutron.api.rpc.agentnotifiers.dhcp_rpc_agent_api [None req-77be718f-8416-401c-b6d8-3732a99eb92e ad6e862df6954b8184019f07e7d1b33b 100588f2ae0247e58cb09e0efc6f7c82 - - default default] Unable to schedule network ec8d00b3-438b-4587-a6b0-913542240c6b: no agents available; will retry on subsequent port and subnet creation events.
2026-04-27 13:12:02.796 10 INFO neutron.db.ovn_revision_numbers_db [None req-c94b84df-c042-4639-aab4-a4c41490465b - - - - - -] Successfully bumped revision number for resource 9cd355e3-1e69-40f0-a7a8-2b85393bed91 (type: router_ports) to 4
2026-04-27 13:12:02.840 9 INFO neutron.db.ovn_revision_numbers_db [None req-77be718f-8416-401c-b6d8-3732a99eb92e ad6e862df6954b8184019f07e7d1b33b 100588f2ae0247e58cb09e0efc6f7c82 - - default default] Successfully bumped revision number for resource c4f31e07-8e32-414a-a7bd-339f522b2417 (type: ports) to 1
2026-04-27 13:12:02.860 9 INFO neutron.wsgi [None req-77be718f-8416-401c-b6d8-3732a99eb92e ad6e862df6954b8184019f07e7d1b33b 100588f2ae0247e58cb09e0efc6f7c82 - - default default] 10.0.0.162 "POST /v2.0/networks HTTP/1.1" status: 201 len: 853 time: 0.5181522
2026-04-27 13:12:03.109 10 INFO neutron.db.ovn_revision_numbers_db [None req-1fd38389-4319-440e-8d4a-d351947ffbde c517ae173a534c19b2056e9792252a97 3f39e3c30eba471790275b3bdd63032c - - default default] Successfully bumped revision number for resource 1701fac1-c89c-435f-9cb7-b38b2ece95b0 (type: router_ports) to 2
2026-04-27 13:12:03.111 10 INFO neutron.wsgi [None req-1fd38389-4319-440e-8d4a-d351947ffbde c517ae173a534c19b2056e9792252a97 3f39e3c30eba471790275b3bdd63032c - - default default] 10.0.0.162 "PUT /v2.0/routers/cb702dbc-15df-4ab9-bfd4-5958f57b587a/add_router_interface HTTP/1.1" status: 200 len: 503 time: 5.1175179
2026-04-27 13:12:03.503 10 INFO neutron.db.ovn_revision_numbers_db [None req-006a42e9-8cd0-4ced-9107-9020c1b7286c c517ae173a534c19b2056e9792252a97 3f39e3c30eba471790275b3bdd63032c - - default default] Successfully bumped revision number for resource b25d3151-9417-4ed7-b7e7-695bb06e1ffe (type: router_ports) to 1
2026-04-27 13:12:03.505 10 INFO neutron.wsgi [None req-006a42e9-8cd0-4ced-9107-9020c1b7286c c517ae173a534c19b2056e9792252a97 3f39e3c30eba471790275b3bdd63032c - - default default] 10.0.0.162 "PUT /v2.0/routers/7c066199-8def-48bc-b608-1a874389d2f0/add_router_interface HTTP/1.1" status: 200 len: 503 time: 4.5613201
2026-04-27 13:12:03.805 9 INFO neutron.db.ovn_revision_numbers_db [None req-252748ad-fd48-4d18-9754-fb6c88702b81 d646a79a281b41cdb3a2125c0576a83c 0e5965c7d9cb44958f9dd60fe9a63b49 - - default default] Successfully bumped revision number for resource 9abb770a-6f17-4580-ab0f-53b9f24f1dff (type: security_groups) to 1
2026-04-27 13:12:03.826 9 INFO neutron.db.ovn_revision_numbers_db [None req-252748ad-fd48-4d18-9754-fb6c88702b81 d646a79a281b41cdb3a2125c0576a83c 0e5965c7d9cb44958f9dd60fe9a63b49 - - default default] Successfully bumped revision number for resource 90318081-818e-46f7-a7b1-52eba25fbd17 (type: security_group_rules) to 0
2026-04-27 13:12:03.848 9 INFO neutron.db.ovn_revision_numbers_db [None req-252748ad-fd48-4d18-9754-fb6c88702b81 d646a79a281b41cdb3a2125c0576a83c 0e5965c7d9cb44958f9dd60fe9a63b49 - - default default] Successfully bumped revision number for resource 968d41ee-27c3-4228-abb0-4a000faa5ba8 (type: security_group_rules) to 0
2026-04-27 13:12:03.871 9 INFO neutron.wsgi [None req-252748ad-fd48-4d18-9754-fb6c88702b81 d646a79a281b41cdb3a2125c0576a83c 0e5965c7d9cb44958f9dd60fe9a63b49 - - default default] 10.0.0.162 "POST /v2.0/security-groups HTTP/1.1" status: 201 len: 1795 time: 0.2123594
2026-04-27 13:12:04.007 9 INFO neutron.db.ovn_revision_numbers_db [None req-4a06e47c-df6f-48ab-80c9-807dff0c46d4 d646a79a281b41cdb3a2125c0576a83c 0e5965c7d9cb44958f9dd60fe9a63b49 - - default default] Successfully bumped revision number for resource 323a0689-a5e4-499c-a136-664a6f313c11 (type: security_group_rules) to 0
2026-04-27 13:12:04.039 9 INFO neutron.wsgi [None req-4a06e47c-df6f-48ab-80c9-807dff0c46d4 d646a79a281b41cdb3a2125c0576a83c 0e5965c7d9cb44958f9dd60fe9a63b49 - - default default] 10.0.0.162 "POST /v2.0/security-group-rules HTTP/1.1" status: 201 len: 764 time: 0.1639934
2026-04-27 13:12:04.065 10 WARNING neutron.scheduler.dhcp_agent_scheduler [None req-aa9dfca2-69b2-4512-a717-1889e7e8f75f ad6e862df6954b8184019f07e7d1b33b 100588f2ae0247e58cb09e0efc6f7c82 - - default default] No more DHCP agents
2026-04-27 13:12:04.071 10 WARNING neutron.api.rpc.agentnotifiers.dhcp_rpc_agent_api [None req-aa9dfca2-69b2-4512-a717-1889e7e8f75f ad6e862df6954b8184019f07e7d1b33b 100588f2ae0247e58cb09e0efc6f7c82 - - default default] Unable to schedule network f257a12b-0eaf-4b70-8a7f-d2ef32b797e6: no agents available; will retry on subsequent port and subnet creation events.
2026-04-27 13:12:04.127 10 INFO neutron.db.ovn_revision_numbers_db [None req-aa9dfca2-69b2-4512-a717-1889e7e8f75f ad6e862df6954b8184019f07e7d1b33b 100588f2ae0247e58cb09e0efc6f7c82 - - default default] Successfully bumped revision number for resource 5c138462-75e5-4e67-adc2-378f57c60907 (type: subnets) to 0
2026-04-27 13:12:04.173 10 WARNING neutron.scheduler.dhcp_agent_scheduler [None req-aa9dfca2-69b2-4512-a717-1889e7e8f75f ad6e862df6954b8184019f07e7d1b33b 100588f2ae0247e58cb09e0efc6f7c82 - - default default] No more DHCP agents
2026-04-27 13:12:04.177 10 WARNING neutron.api.rpc.agentnotifiers.dhcp_rpc_agent_api [None req-aa9dfca2-69b2-4512-a717-1889e7e8f75f ad6e862df6954b8184019f07e7d1b33b 100588f2ae0247e58cb09e0efc6f7c82 - - default default] Unable to schedule network ec8d00b3-438b-4587-a6b0-913542240c6b: no agents available; will retry on subsequent port and subnet creation events.
2026-04-27 13:12:04.188 9 INFO neutron.db.ovn_revision_numbers_db [None req-727c83e1-85b8-43d7-a5e2-2ff3c75455a1 d646a79a281b41cdb3a2125c0576a83c 0e5965c7d9cb44958f9dd60fe9a63b49 - - default default] Successfully bumped revision number for resource 4c241edc-8e35-465f-83a1-909e54fd2555 (type: security_group_rules) to 0
2026-04-27 13:12:04.215 9 INFO neutron.wsgi [None req-727c83e1-85b8-43d7-a5e2-2ff3c75455a1 d646a79a281b41cdb3a2125c0576a83c 0e5965c7d9cb44958f9dd60fe9a63b49 - - default default] 10.0.0.162 "POST /v2.0/security-group-rules HTTP/1.1" status: 201 len: 769 time: 0.1714287
2026-04-27 13:12:04.262 10 INFO neutron.db.ovn_revision_numbers_db [None req-aa9dfca2-69b2-4512-a717-1889e7e8f75f ad6e862df6954b8184019f07e7d1b33b 100588f2ae0247e58cb09e0efc6f7c82 - - default default] Successfully bumped revision number for resource 9c723c65-a783-401e-b278-304f009b4bff (type: subnets) to 0
2026-04-27 13:12:04.300 10 INFO neutron.wsgi [None req-aa9dfca2-69b2-4512-a717-1889e7e8f75f ad6e862df6954b8184019f07e7d1b33b 100588f2ae0247e58cb09e0efc6f7c82 - - default default] 10.0.0.162 "POST /v2.0/subnets HTTP/1.1" status: 201 len: 1476 time: 0.9360290
2026-04-27 13:12:04.314 10 INFO neutron.db.ovn_revision_numbers_db [None req-62e981ee-8d2a-4eb7-91d0-cdfc63dfe95a 497dfa2df49b4578adcde435a533d128 c71068f4848747c6a2c7c347e78cac3a - - default default] Successfully bumped revision number for resource 6f01d6ac-0596-49ec-8eef-dabae39bf5e8 (type: security_groups) to 1
2026-04-27 13:12:04.368 10 INFO neutron.db.ovn_revision_numbers_db [None req-62e981ee-8d2a-4eb7-91d0-cdfc63dfe95a 497dfa2df49b4578adcde435a533d128 c71068f4848747c6a2c7c347e78cac3a - - default default] Successfully bumped revision number for resource 6cbcf139-de52-469d-81ed-675541909f75 (type: security_group_rules) to 0
2026-04-27 13:12:04.383 9 INFO neutron.wsgi [None req-cbbb4bfc-11c7-481a-93f7-a7b237434ee9 ad6e862df6954b8184019f07e7d1b33b 100588f2ae0247e58cb09e0efc6f7c82 - - default default] 10.0.0.162 "GET /v2.0/subnets HTTP/1.1" status: 200 len: 2084 time: 0.0684891
2026-04-27 13:12:04.402 10 INFO neutron.db.ovn_revision_numbers_db [None req-62e981ee-8d2a-4eb7-91d0-cdfc63dfe95a 497dfa2df49b4578adcde435a533d128 c71068f4848747c6a2c7c347e78cac3a - - default default] Successfully bumped revision number for resource 99db173b-3c17-4b49-9310-c08dab10f38b (type: security_group_rules) to 0
2026-04-27 13:12:04.446 10 INFO neutron.wsgi [None req-62e981ee-8d2a-4eb7-91d0-cdfc63dfe95a 497dfa2df49b4578adcde435a533d128 c71068f4848747c6a2c7c347e78cac3a - - default default] 10.0.0.162 "POST /v2.0/security-groups HTTP/1.1" status: 201 len: 1797 time: 0.3952289
2026-04-27 13:12:04.595 9 INFO neutron.wsgi [None req-cfff0ec8-4348-4b91-af96-9474b1373094 ad6e862df6954b8184019f07e7d1b33b 100588f2ae0247e58cb09e0efc6f7c82 - - default default] 10.0.0.162 "DELETE /v2.0/subnets/5c138462-75e5-4e67-adc2-378f57c60907 HTTP/1.1" status: 204 len: 168 time: 0.1953201
2026-04-27 13:12:04.615 10 INFO neutron.db.ovn_revision_numbers_db [None req-4caa9d1c-1b84-4efd-9f3b-de0a8fc0e3cb 497dfa2df49b4578adcde435a533d128 c71068f4848747c6a2c7c347e78cac3a - - default default] Successfully bumped revision number for resource 86819f6c-011a-4656-8672-5ef38990978a (type: security_group_rules) to 0
2026-04-27 13:12:04.621 10 WARNING neutron.scheduler.dhcp_agent_scheduler [None req-bc08a043-de6f-4d1b-9bf8-61f6f20cb686 d646a79a281b41cdb3a2125c0576a83c 0e5965c7d9cb44958f9dd60fe9a63b49 - - default default] No more DHCP agents
2026-04-27 13:12:04.628 10 WARNING neutron.api.rpc.agentnotifiers.dhcp_rpc_agent_api [None req-bc08a043-de6f-4d1b-9bf8-61f6f20cb686 d646a79a281b41cdb3a2125c0576a83c 0e5965c7d9cb44958f9dd60fe9a63b49 - - default default] Unable to schedule network e8a3ca21-c90f-443c-b1f2-b44bf66ec036: no agents available; will retry on subsequent port and subnet creation events.
2026-04-27 13:12:04.652 10 INFO neutron.wsgi [None req-4caa9d1c-1b84-4efd-9f3b-de0a8fc0e3cb 497dfa2df49b4578adcde435a533d128 c71068f4848747c6a2c7c347e78cac3a - - default default] 10.0.0.162 "POST /v2.0/security-group-rules HTTP/1.1" status: 201 len: 764 time: 0.1995547
2026-04-27 13:12:04.825 9 INFO neutron.wsgi [None req-8fd42144-6923-4b2d-8275-c6b5bde786be ad6e862df6954b8184019f07e7d1b33b 100588f2ae0247e58cb09e0efc6f7c82 - - default default] 10.0.0.162 "DELETE /v2.0/subnets/9c723c65-a783-401e-b278-304f009b4bff HTTP/1.1" status: 204 len: 168 time: 0.2206657
2026-04-27 13:12:04.863 9 INFO neutron.db.ovn_revision_numbers_db [None req-30e52506-c008-4ea8-9bec-137bee924095 497dfa2df49b4578adcde435a533d128 c71068f4848747c6a2c7c347e78cac3a - - default default] Successfully bumped revision number for resource fa224103-9d84-426c-b142-f8b084851df8 (type: security_group_rules) to 0
2026-04-27 13:12:04.881 9 INFO neutron.wsgi [None req-960459c5-f385-47b6-9210-58c24f8bc1df ad6e862df6954b8184019f07e7d1b33b 100588f2ae0247e58cb09e0efc6f7c82 - - default default] 10.0.0.162 "GET /v2.0/subnets HTTP/1.1" status: 200 len: 820 time: 0.0518210
2026-04-27 13:12:04.898 9 INFO neutron.wsgi [None req-30e52506-c008-4ea8-9bec-137bee924095 497dfa2df49b4578adcde435a533d128 c71068f4848747c6a2c7c347e78cac3a - - default default] 10.0.0.162 "POST /v2.0/security-group-rules HTTP/1.1" status: 201 len: 769 time: 0.2379191
2026-04-27 13:12:05.131 10 INFO neutron.db.ovn_revision_numbers_db [None req-bc08a043-de6f-4d1b-9bf8-61f6f20cb686 d646a79a281b41cdb3a2125c0576a83c 0e5965c7d9cb44958f9dd60fe9a63b49 - - default default] Successfully bumped revision number for resource a389e664-f4e5-414f-9487-c39095c686ff (type: floatingips) to 0
2026-04-27 13:12:05.154 10 INFO neutron.wsgi [None req-bc08a043-de6f-4d1b-9bf8-61f6f20cb686 d646a79a281b41cdb3a2125c0576a83c 0e5965c7d9cb44958f9dd60fe9a63b49 - - default default] 10.0.0.162 "POST /v2.0/floatingips HTTP/1.1" status: 201 len: 751 time: 0.9312301
2026-04-27 13:12:05.252 9 WARNING neutron.scheduler.dhcp_agent_scheduler [None req-eb7d6495-7a25-41ac-8777-1c2b62fd8acd 497dfa2df49b4578adcde435a533d128 c71068f4848747c6a2c7c347e78cac3a - - default default] No more DHCP agents
2026-04-27 13:12:05.255 9 WARNING neutron.api.rpc.agentnotifiers.dhcp_rpc_agent_api [None req-eb7d6495-7a25-41ac-8777-1c2b62fd8acd 497dfa2df49b4578adcde435a533d128 c71068f4848747c6a2c7c347e78cac3a - - default default] Unable to schedule network e8a3ca21-c90f-443c-b1f2-b44bf66ec036: no agents available; will retry on subsequent port and subnet creation events.
2026-04-27 13:12:05.328 10 INFO neutron.services.segments.plugin [-] Segment 65c224ab-15ef-41b3-8a4f-fd864fa93673 resource provider aggregate not found
2026-04-27 13:12:05.332 10 INFO neutron.services.segments.plugin [-] Segment 65c224ab-15ef-41b3-8a4f-fd864fa93673 resource provider aggregate not found
2026-04-27 13:12:05.353 10 INFO neutron.services.segments.plugin [-] Segment 65c224ab-15ef-41b3-8a4f-fd864fa93673 resource provider not found; error: Placement Client Error (4xx): {"errors": [{"status": 404, "title": "Not Found", "detail": "The resource could not be found.\n\n No resource provider with uuid 65c224ab-15ef-41b3-8a4f-fd864fa93673 found for delete ", "request_id": "req-f37b8e5b-029a-4f6a-91dd-7c8678a96492"}]}
2026-04-27 13:12:05.357 10 INFO neutron.services.segments.plugin [-] Segment 65c224ab-15ef-41b3-8a4f-fd864fa93673 resource provider not found; error: Placement Client Error (4xx): {"errors": [{"status": 404, "title": "Not Found", "detail": "The resource could not be found.\n\n No resource provider with uuid 65c224ab-15ef-41b3-8a4f-fd864fa93673 found for delete ", "request_id": "req-9fe3b6fc-d72c-41bd-bf4d-0a9e631a62b4"}]}
2026-04-27 13:12:05.380 10 INFO neutron.wsgi [None req-8be2fc3e-77b3-4b93-aaff-a09d388be907 ad6e862df6954b8184019f07e7d1b33b 100588f2ae0247e58cb09e0efc6f7c82 - - default default] 10.0.0.162 "DELETE /v2.0/networks/ec8d00b3-438b-4587-a6b0-913542240c6b HTTP/1.1" status: 204 len: 168 time: 0.4918289
2026-04-27 13:12:05.582 9 INFO neutron.db.ovn_revision_numbers_db [None req-eb7d6495-7a25-41ac-8777-1c2b62fd8acd 497dfa2df49b4578adcde435a533d128 c71068f4848747c6a2c7c347e78cac3a - - default default] Successfully bumped revision number for resource 58a3cf31-236c-44f6-b752-636faefa0260 (type: floatingips) to 0
2026-04-27 13:12:05.593 9 INFO neutron.wsgi [None req-eb7d6495-7a25-41ac-8777-1c2b62fd8acd 497dfa2df49b4578adcde435a533d128 c71068f4848747c6a2c7c347e78cac3a - - default default] 10.0.0.162 "POST /v2.0/floatingips HTTP/1.1" status: 201 len: 751 time: 0.6833813
2026-04-27 13:12:05.782 10 INFO neutron.wsgi [None req-450090bf-863f-4d4e-94f8-54fa5188a37a ad6e862df6954b8184019f07e7d1b33b 100588f2ae0247e58cb09e0efc6f7c82 - - default default] 10.0.0.162 "DELETE /v2.0/networks/f257a12b-0eaf-4b70-8a7f-d2ef32b797e6 HTTP/1.1" status: 204 len: 168 time: 0.3952148
2026-04-27 13:12:06.035 10 INFO neutron.wsgi [req-371acedb-64ea-47f8-840b-09fc93fbe7a8 req-b64da1ea-102e-4d19-b2c0-96827a8984c0 497dfa2df49b4578adcde435a533d128 c71068f4848747c6a2c7c347e78cac3a - - default default] 10.0.0.49 "GET /v2.0/security-groups?name=tempest-securitygroup--1565685134&fields=id&tenant_id=c71068f4848747c6a2c7c347e78cac3a HTTP/1.1" status: 200 len: 267 time: 0.0563502
2026-04-27 13:12:06.150 10 INFO neutron.wsgi [req-371acedb-64ea-47f8-840b-09fc93fbe7a8 req-b336315f-a115-4986-b669-560c186c9119 497dfa2df49b4578adcde435a533d128 c71068f4848747c6a2c7c347e78cac3a - - default default] 10.0.0.49 "GET /v2.0/networks?id=d20612ff-4691-4aee-81b9-577337e72654 HTTP/1.1" status: 200 len: 869 time: 0.1086557
2026-04-27 13:12:06.317 10 INFO neutron.wsgi [req-371acedb-64ea-47f8-840b-09fc93fbe7a8 req-28ae185f-a55e-44c0-aa91-dc2add556481 497dfa2df49b4578adcde435a533d128 c71068f4848747c6a2c7c347e78cac3a - - default default] 10.0.0.49 "GET /v2.0/quotas/c71068f4848747c6a2c7c347e78cac3a HTTP/1.1" status: 200 len: 386 time: 0.1621771
2026-04-27 13:12:06.445 10 INFO neutron.wsgi [req-371acedb-64ea-47f8-840b-09fc93fbe7a8 req-5b9e7f15-1b32-4076-a770-1bbc4226c1f5 497dfa2df49b4578adcde435a533d128 c71068f4848747c6a2c7c347e78cac3a - - default default] 10.0.0.49 "GET /v2.0/ports?tenant_id=c71068f4848747c6a2c7c347e78cac3a&fields=id HTTP/1.1" status: 200 len: 302 time: 0.1216826
2026-04-27 13:12:06.472 10 INFO neutron.wsgi [None req-31cf3fd3-7200-4aff-bfee-1abf59a03b8c ad6e862df6954b8184019f07e7d1b33b 100588f2ae0247e58cb09e0efc6f7c82 - - default default] 10.0.0.162 "DELETE /v2.0/networks/55b96431-01d9-4765-b0a0-fa78826e112f HTTP/1.1" status: 204 len: 168 time: 0.6853921
2026-04-27 13:12:06.831 9 INFO neutron.services.segments.plugin [-] Segment e328e042-b867-44c8-bc34-7032ae9be3e0 resource provider aggregate not found
2026-04-27 13:12:06.837 9 INFO neutron.services.segments.plugin [-] Segment e328e042-b867-44c8-bc34-7032ae9be3e0 resource provider aggregate not found
2026-04-27 13:12:06.851 10 INFO neutron.wsgi [req-371acedb-64ea-47f8-840b-09fc93fbe7a8 req-72efd234-e567-4538-ba12-970413dc9b92 7f398acef5df4c33bca6183ae41ad068 387d00d45f3249d68f8ac214b63f1413 - - 57bd1b6a1e4c4b43a0b4474c3721d38b 57bd1b6a1e4c4b43a0b4474c3721d38b] 10.0.0.49 "GET /v2.0/extensions HTTP/1.1" status: 200 len: 16525 time: 0.0526145
2026-04-27 13:12:06.854 9 INFO neutron.services.segments.plugin [-] Segment e328e042-b867-44c8-bc34-7032ae9be3e0 resource provider not found; error: Placement Client Error (4xx): {"errors": [{"status": 404, "title": "Not Found", "detail": "The resource could not be found.\n\n No resource provider with uuid e328e042-b867-44c8-bc34-7032ae9be3e0 found for delete ", "request_id": "req-6d1b1061-1d41-498e-83d8-ba5c7eec8e56"}]}
2026-04-27 13:12:06.864 9 INFO neutron.services.segments.plugin [-] Segment e328e042-b867-44c8-bc34-7032ae9be3e0 resource provider not found; error: Placement Client Error (4xx): {"errors": [{"status": 404, "title": "Not Found", "detail": "The resource could not be found.\n\n No resource provider with uuid e328e042-b867-44c8-bc34-7032ae9be3e0 found for delete ", "request_id": "req-dea29f96-6096-4635-abdb-6a20f62b5afb"}]}
2026-04-27 13:12:06.900 9 INFO neutron.wsgi [None req-e276f438-d4b8-4bb4-b9d8-146700d87645 ad6e862df6954b8184019f07e7d1b33b 100588f2ae0247e58cb09e0efc6f7c82 - - default default] 10.0.0.162 "DELETE /v2.0/networks/dcbb6fba-e362-419f-85fe-68daf672735e HTTP/1.1" status: 204 len: 168 time: 0.4225714
2026-04-27 13:12:06.930 10 INFO neutron.wsgi [req-371acedb-64ea-47f8-840b-09fc93fbe7a8 req-a5f9b815-d96d-4755-ade2-1639e86a2311 7f398acef5df4c33bca6183ae41ad068 387d00d45f3249d68f8ac214b63f1413 - - 57bd1b6a1e4c4b43a0b4474c3721d38b 57bd1b6a1e4c4b43a0b4474c3721d38b] 10.0.0.49 "GET /v2.0/networks/d20612ff-4691-4aee-81b9-577337e72654?fields=segments HTTP/1.1" status: 200 len: 212 time: 0.0710585
2026-04-27 13:12:06.998 10 INFO neutron.wsgi [req-371acedb-64ea-47f8-840b-09fc93fbe7a8 req-6775c913-2be0-4559-ac3d-aba80470f991 7f398acef5df4c33bca6183ae41ad068 387d00d45f3249d68f8ac214b63f1413 - - 57bd1b6a1e4c4b43a0b4474c3721d38b 57bd1b6a1e4c4b43a0b4474c3721d38b] 10.0.0.49 "GET /v2.0/networks/d20612ff-4691-4aee-81b9-577337e72654?fields=provider%3Aphysical_network&fields=provider%3Anetwork_type HTTP/1.1" status: 200 len: 277 time: 0.0615530
2026-04-27 13:12:07.176 9 INFO neutron.wsgi [req-7437ca42-f396-481a-b17c-9e34347f0066 req-a87aee04-43fe-4ef9-aa33-98983fa641c4 497dfa2df49b4578adcde435a533d128 c71068f4848747c6a2c7c347e78cac3a - - default default] 10.0.0.49 "GET /v2.0/ports?device_id=28c0703e-b723-4a20-ad8a-d8c3835bf6a1 HTTP/1.1" status: 200 len: 210 time: 0.0287077
2026-04-27 13:12:07.377 10 INFO neutron.services.segments.plugin [-] Segment f9e9e226-73b7-4a41-a1a8-dfc34e007e8e resource provider aggregate not found
2026-04-27 13:12:07.383 10 INFO neutron.services.segments.plugin [-] Segment f9e9e226-73b7-4a41-a1a8-dfc34e007e8e resource provider aggregate not found
2026-04-27 13:12:07.394 10 INFO neutron.services.segments.plugin [-] Segment f9e9e226-73b7-4a41-a1a8-dfc34e007e8e resource provider not found; error: Placement Client Error (4xx): {"errors": [{"status": 404, "title": "Not Found", "detail": "The resource could not be found.\n\n No resource provider with uuid f9e9e226-73b7-4a41-a1a8-dfc34e007e8e found for delete ", "request_id": "req-b92d39eb-a4a4-4f44-ae1c-4d3f143407ee"}]}
2026-04-27 13:12:07.399 10 INFO neutron.services.segments.plugin [-] Segment f9e9e226-73b7-4a41-a1a8-dfc34e007e8e resource provider not found; error: Placement Client Error (4xx): {"errors": [{"status": 404, "title": "Not Found", "detail": "The resource could not be found.\n\n No resource provider with uuid f9e9e226-73b7-4a41-a1a8-dfc34e007e8e found for delete ", "request_id": "req-24d20c05-8fa7-45ea-b630-b3342bc0ca19"}]}
2026-04-27 13:12:07.413 10 INFO neutron.services.segments.plugin [-] Segment 96cba296-8b3b-4c28-a608-74caeaf82a08 resource provider aggregate not found
2026-04-27 13:12:07.420 10 INFO neutron.services.segments.plugin [-] Segment 96cba296-8b3b-4c28-a608-74caeaf82a08 resource provider aggregate not found
2026-04-27 13:12:07.434 10 INFO neutron.services.segments.plugin [-] Segment 96cba296-8b3b-4c28-a608-74caeaf82a08 resource provider not found; error: Placement Client Error (4xx): {"errors": [{"status": 404, "title": "Not Found", "detail": "The resource could not be found.\n\n No resource provider with uuid 96cba296-8b3b-4c28-a608-74caeaf82a08 found for delete ", "request_id": "req-727dc732-84e9-435f-b971-768ef724e247"}]}
2026-04-27 13:12:07.438 10 INFO neutron.services.segments.plugin [-] Segment 96cba296-8b3b-4c28-a608-74caeaf82a08 resource provider not found; error: Placement Client Error (4xx): {"errors": [{"status": 404, "title": "Not Found", "detail": "The resource could not be found.\n\n No resource provider with uuid 96cba296-8b3b-4c28-a608-74caeaf82a08 found for delete ", "request_id": "req-f8c3e70c-00dd-48f4-aebc-956209e49769"}]}
2026-04-27 13:12:07.528 9 INFO neutron.wsgi [None req-84a55676-5074-4024-89c4-4d537c23f4e2 c517ae173a534c19b2056e9792252a97 3f39e3c30eba471790275b3bdd63032c - - default default] 10.0.0.162 "GET /v2.0/security-groups?tenant_id=100588f2ae0247e58cb09e0efc6f7c82&name=default HTTP/1.1" status: 200 len: 2996 time: 0.1448905
2026-04-27 13:12:07.752 9 INFO neutron.wsgi [None req-148113e0-3fad-44c1-9dc7-e237c3164b5f c517ae173a534c19b2056e9792252a97 3f39e3c30eba471790275b3bdd63032c - - default default] 10.0.0.162 "DELETE /v2.0/security-groups/fabb9a8a-c634-4fa5-a826-7bb36fe63b9e HTTP/1.1" status: 204 len: 168 time: 0.2177892
2026-04-27 13:12:07.990 10 WARNING neutron.plugins.ml2.drivers.ovn.mech_driver.ovsdb.ovn_client [None req-e359b775-eaeb-466c-949d-6af974516fab - - - - - -] No hosting information found for port 1701fac1-c89c-435f-9cb7-b38b2ece95b0: RuntimeError: No hosting information found for port 1701fac1-c89c-435f-9cb7-b38b2ece95b0
2026-04-27 13:12:08.014 10 INFO neutron.plugins.ml2.drivers.ovn.mech_driver.mech_driver [None req-e359b775-eaeb-466c-949d-6af974516fab - - - - - -] OVN reports status up for port: b25d3151-9417-4ed7-b7e7-695bb06e1ffe
2026-04-27 13:12:08.028 10 INFO neutron.plugins.ml2.plugin [None req-e359b775-eaeb-466c-949d-6af974516fab - - - - - -] Attempt 1 to provision port b25d3151-9417-4ed7-b7e7-695bb06e1ffe
2026-04-27 13:12:08.054 9 INFO neutron.wsgi [req-371acedb-64ea-47f8-840b-09fc93fbe7a8 req-23822484-06b5-4293-be82-7a79efe2628c 497dfa2df49b4578adcde435a533d128 c71068f4848747c6a2c7c347e78cac3a - - default default] 199.19.213.145 "GET /v2.0/networks?id=d20612ff-4691-4aee-81b9-577337e72654 HTTP/1.1" status: 200 len: 869 time: 0.1022351
2026-04-27 13:12:08.114 9 INFO neutron.wsgi [req-371acedb-64ea-47f8-840b-09fc93fbe7a8 req-cb633b21-5c68-46f4-bc84-909034557aa8 497dfa2df49b4578adcde435a533d128 c71068f4848747c6a2c7c347e78cac3a - - default default] 199.19.213.145 "GET /v2.0/security-groups?fields=id&fields=name&tenant_id=c71068f4848747c6a2c7c347e78cac3a HTTP/1.1" status: 200 len: 380 time: 0.0505919 /var/lib/openstack/lib/python3.10/site-packages/pycadf/identifier.py:71: UserWarning: Invalid uuid: neutron. To ensure interoperability, identifiers should be a valid uuid. warnings.warn(('Invalid uuid: %s. To ensure interoperability, '
2026-04-27 13:12:08.274 10 INFO neutron.wsgi [req-7c2061a5-7a9d-4c40-9073-e2bbd733510b req-2037e5cb-437f-4815-bb8a-f9c6eab9d033 497dfa2df49b4578adcde435a533d128 c71068f4848747c6a2c7c347e78cac3a - - default default] 10.0.0.49 "GET /v2.0/ports?device_id=28c0703e-b723-4a20-ad8a-d8c3835bf6a1 HTTP/1.1" status: 200 len: 210 time: 0.0330172
2026-04-27 13:12:08.377 10 INFO neutron.db.ovn_revision_numbers_db [None req-e359b775-eaeb-466c-949d-6af974516fab - - - - - -] Successfully bumped revision number for resource b25d3151-9417-4ed7-b7e7-695bb06e1ffe (type: ports) to 2
2026-04-27 13:12:08.500 9 WARNING neutron.scheduler.dhcp_agent_scheduler [req-371acedb-64ea-47f8-840b-09fc93fbe7a8 req-483fe99d-8e9b-48ba-ad90-4801585116df 497dfa2df49b4578adcde435a533d128 c71068f4848747c6a2c7c347e78cac3a - - default default] No more DHCP agents
2026-04-27 13:12:08.501 10 INFO neutron.db.ovn_revision_numbers_db [None req-e359b775-eaeb-466c-949d-6af974516fab - - - - - -] Successfully bumped revision number for resource b25d3151-9417-4ed7-b7e7-695bb06e1ffe (type: router_ports) to 2
2026-04-27 13:12:08.502 9 WARNING neutron.api.rpc.agentnotifiers.dhcp_rpc_agent_api [req-371acedb-64ea-47f8-840b-09fc93fbe7a8 req-483fe99d-8e9b-48ba-ad90-4801585116df 497dfa2df49b4578adcde435a533d128 c71068f4848747c6a2c7c347e78cac3a - - default default] Unable to schedule network d20612ff-4691-4aee-81b9-577337e72654: no agents available; will retry on subsequent port and subnet creation events.
2026-04-27 13:12:08.677 9 INFO neutron.db.ovn_revision_numbers_db [req-371acedb-64ea-47f8-840b-09fc93fbe7a8 req-483fe99d-8e9b-48ba-ad90-4801585116df 497dfa2df49b4578adcde435a533d128 c71068f4848747c6a2c7c347e78cac3a - - default default] Successfully bumped revision number for resource 77636675-8114-44dc-86b4-37934fb1adcb (type: ports) to 1
2026-04-27 13:12:08.697 9 INFO neutron.wsgi [req-371acedb-64ea-47f8-840b-09fc93fbe7a8 req-483fe99d-8e9b-48ba-ad90-4801585116df 497dfa2df49b4578adcde435a533d128 c71068f4848747c6a2c7c347e78cac3a - - default default] 199.19.213.145 "POST /v2.0/ports HTTP/1.1" status: 201 len: 1162 time: 0.5554271 /var/lib/openstack/lib/python3.10/site-packages/pycadf/identifier.py:71: UserWarning: Invalid uuid: neutron. To ensure interoperability, identifiers should be a valid uuid. warnings.warn(('Invalid uuid: %s. To ensure interoperability, '
2026-04-27 13:12:09.085 9 INFO neutron.db.ovn_revision_numbers_db [req-371acedb-64ea-47f8-840b-09fc93fbe7a8 req-e7c0664b-818a-4d9d-911f-3c861a366846 7f398acef5df4c33bca6183ae41ad068 387d00d45f3249d68f8ac214b63f1413 - - 57bd1b6a1e4c4b43a0b4474c3721d38b 57bd1b6a1e4c4b43a0b4474c3721d38b] Successfully bumped revision number for resource 77636675-8114-44dc-86b4-37934fb1adcb (type: ports) to 2
2026-04-27 13:12:09.323 9 INFO neutron.db.ovn_revision_numbers_db [req-371acedb-64ea-47f8-840b-09fc93fbe7a8 req-e7c0664b-818a-4d9d-911f-3c861a366846 7f398acef5df4c33bca6183ae41ad068 387d00d45f3249d68f8ac214b63f1413 - - 57bd1b6a1e4c4b43a0b4474c3721d38b 57bd1b6a1e4c4b43a0b4474c3721d38b] Successfully bumped revision number for resource 77636675-8114-44dc-86b4-37934fb1adcb (type: ports) to 2
2026-04-27 13:12:09.336 9 INFO neutron.wsgi [req-371acedb-64ea-47f8-840b-09fc93fbe7a8 req-e7c0664b-818a-4d9d-911f-3c861a366846 7f398acef5df4c33bca6183ae41ad068 387d00d45f3249d68f8ac214b63f1413 - - 57bd1b6a1e4c4b43a0b4474c3721d38b 57bd1b6a1e4c4b43a0b4474c3721d38b] 199.19.213.145 "PUT /v2.0/ports/77636675-8114-44dc-86b4-37934fb1adcb HTTP/1.1" status: 200 len: 1380 time: 0.6299677 /var/lib/openstack/lib/python3.10/site-packages/pycadf/identifier.py:71: UserWarning: Invalid uuid: neutron. To ensure interoperability, identifiers should be a valid uuid. warnings.warn(('Invalid uuid: %s. To ensure interoperability, '
2026-04-27 13:12:09.373 9 INFO neutron.notifiers.nova [-] Nova event matching ['req-d094e716-6185-4017-891e-171522eee318'] response: {'name': 'network-changed', 'server_uuid': '28c0703e-b723-4a20-ad8a-d8c3835bf6a1', 'tag': '77636675-8114-44dc-86b4-37934fb1adcb', 'status': 'completed', 'code': 200}
2026-04-27 13:12:09.418 9 INFO neutron.wsgi [req-371acedb-64ea-47f8-840b-09fc93fbe7a8 req-50e75865-d17e-47ca-bdfb-99856103f8e1 7f398acef5df4c33bca6183ae41ad068 387d00d45f3249d68f8ac214b63f1413 - - 57bd1b6a1e4c4b43a0b4474c3721d38b 57bd1b6a1e4c4b43a0b4474c3721d38b] 199.19.213.145 "GET /v2.0/ports?tenant_id=c71068f4848747c6a2c7c347e78cac3a&device_id=28c0703e-b723-4a20-ad8a-d8c3835bf6a1 HTTP/1.1" status: 200 len: 1411 time: 0.0430260
2026-04-27 13:12:09.448 9 INFO neutron.wsgi [req-371acedb-64ea-47f8-840b-09fc93fbe7a8 req-aa359bb3-3055-4a94-bed9-ba18dde0966b 7f398acef5df4c33bca6183ae41ad068 387d00d45f3249d68f8ac214b63f1413 - - 57bd1b6a1e4c4b43a0b4474c3721d38b 57bd1b6a1e4c4b43a0b4474c3721d38b] 199.19.213.145 "GET /v2.0/floatingips?fixed_ip_address=10.100.0.13&port_id=77636675-8114-44dc-86b4-37934fb1adcb HTTP/1.1" status: 200 len: 217 time: 0.0199950
2026-04-27 13:12:09.477 9 INFO neutron.wsgi [req-5b25cca2-a85c-4e43-8fac-939f637b63f2 req-da17dfc5-d615-4aea-a5fa-a03e2b1f0be9 497dfa2df49b4578adcde435a533d128 c71068f4848747c6a2c7c347e78cac3a - - default default] 10.0.0.49 "GET /v2.0/ports?device_id=28c0703e-b723-4a20-ad8a-d8c3835bf6a1 HTTP/1.1" status: 200 len: 1172 time: 0.1344724
2026-04-27 13:12:09.488 9 INFO neutron.wsgi [req-371acedb-64ea-47f8-840b-09fc93fbe7a8 req-ded0cc6d-46cf-4dae-b8dc-1865bc249e7f 7f398acef5df4c33bca6183ae41ad068 387d00d45f3249d68f8ac214b63f1413 - - 57bd1b6a1e4c4b43a0b4474c3721d38b 57bd1b6a1e4c4b43a0b4474c3721d38b] 199.19.213.145 "GET /v2.0/subnets?id=e5deef14-f293-4e06-9166-d7fc9d44ed88 HTTP/1.1" status: 200 len: 863 time: 0.0347762
2026-04-27 13:12:09.512 9 INFO neutron.wsgi [req-371acedb-64ea-47f8-840b-09fc93fbe7a8 req-083f3280-d9cc-4f9c-b449-27c2b1c20a77 7f398acef5df4c33bca6183ae41ad068 387d00d45f3249d68f8ac214b63f1413 - - 57bd1b6a1e4c4b43a0b4474c3721d38b 57bd1b6a1e4c4b43a0b4474c3721d38b] 199.19.213.145 "GET /v2.0/ports?network_id=d20612ff-4691-4aee-81b9-577337e72654&device_owner=network%3Adhcp HTTP/1.1" status: 200 len: 210 time: 0.0160837
2026-04-27 13:12:09.526 9 INFO neutron.wsgi [req-5b25cca2-a85c-4e43-8fac-939f637b63f2 req-3ecbed42-5f02-43f4-a936-d0802933d182 497dfa2df49b4578adcde435a533d128 c71068f4848747c6a2c7c347e78cac3a - - default default] 10.0.0.49 "GET /v2.0/security-groups?id=6f01d6ac-0596-49ec-8eef-dabae39bf5e8&fields=id&fields=name HTTP/1.1" status: 200 len: 313 time: 0.0442014
2026-04-27 13:12:09.567 9 INFO neutron.wsgi [req-371acedb-64ea-47f8-840b-09fc93fbe7a8 req-dbadb2b0-80c6-43c0-8bd5-5342abcecd58 7f398acef5df4c33bca6183ae41ad068 387d00d45f3249d68f8ac214b63f1413 - - 57bd1b6a1e4c4b43a0b4474c3721d38b 57bd1b6a1e4c4b43a0b4474c3721d38b] 199.19.213.145 "GET /v2.0/networks/d20612ff-4691-4aee-81b9-577337e72654?fields=segments HTTP/1.1" status: 200 len: 212 time: 0.0483737
