2026-04-27 13:12:09.628 9 INFO neutron.wsgi [req-371acedb-64ea-47f8-840b-09fc93fbe7a8 req-24a6afaf-7fcd-4e16-ac6f-eb15386ddd36 7f398acef5df4c33bca6183ae41ad068 387d00d45f3249d68f8ac214b63f1413 - - 57bd1b6a1e4c4b43a0b4474c3721d38b 57bd1b6a1e4c4b43a0b4474c3721d38b] 199.19.213.145 "GET /v2.0/networks/d20612ff-4691-4aee-81b9-577337e72654?fields=provider%3Aphysical_network&fields=provider%3Anetwork_type HTTP/1.1" status: 200 len: 277 time: 0.0545599
2026-04-27 13:12:09.689 10 INFO neutron.db.ovn_revision_numbers_db [None req-a27f7f51-0529-4a8a-8e81-3da54382d9f1 c4308a2672714ec0aad83ae114ba96e3 b92db3abeae74d5e8b4261adf0d67bf2 - - default default] Successfully bumped revision number for resource be34507c-2d12-4651-ac69-46fcb2e5a1e4 (type: security_groups) to 1
2026-04-27 13:12:09.704 10 INFO neutron.db.ovn_revision_numbers_db [None req-a27f7f51-0529-4a8a-8e81-3da54382d9f1 c4308a2672714ec0aad83ae114ba96e3 b92db3abeae74d5e8b4261adf0d67bf2 - - default default] Successfully bumped revision number for resource 46e9ab0b-ef0b-45e1-b016-a53d164c63bd (type: security_group_rules) to 0
2026-04-27 13:12:09.711 9 INFO neutron.wsgi [req-903990e5-c5b8-42de-b6c4-36a0180b1bda req-d2d99223-340e-45a3-b59e-5feb5ca63504 7f398acef5df4c33bca6183ae41ad068 387d00d45f3249d68f8ac214b63f1413 - - 57bd1b6a1e4c4b43a0b4474c3721d38b 57bd1b6a1e4c4b43a0b4474c3721d38b] 199.19.213.145 "GET /v2.0/ports?tenant_id=c71068f4848747c6a2c7c347e78cac3a&device_id=28c0703e-b723-4a20-ad8a-d8c3835bf6a1 HTTP/1.1" status: 200 len: 1411 time: 0.0337391
2026-04-27 13:12:09.718 10 INFO neutron.db.ovn_revision_numbers_db [None req-a27f7f51-0529-4a8a-8e81-3da54382d9f1 c4308a2672714ec0aad83ae114ba96e3 b92db3abeae74d5e8b4261adf0d67bf2 - - default default] Successfully bumped revision number for resource 98fbaf0f-3734-47d7-83e5-e48456ce1603 (type: security_group_rules) to 0
2026-04-27 13:12:09.732 10 INFO neutron.db.ovn_revision_numbers_db [None req-a27f7f51-0529-4a8a-8e81-3da54382d9f1 c4308a2672714ec0aad83ae114ba96e3 b92db3abeae74d5e8b4261adf0d67bf2 - - default default] Successfully bumped revision number for resource be8b370b-aed1-4a78-9927-97c9b2e3af4c (type: security_group_rules) to 0
2026-04-27 13:12:09.747 10 INFO neutron.db.ovn_revision_numbers_db [None req-a27f7f51-0529-4a8a-8e81-3da54382d9f1 c4308a2672714ec0aad83ae114ba96e3 b92db3abeae74d5e8b4261adf0d67bf2 - - default default] Successfully bumped revision number for resource e4f0e724-63cc-44eb-b4a9-6e0ea51d2eec (type: security_group_rules) to 0
2026-04-27 13:12:09.778 9 INFO neutron.wsgi [req-903990e5-c5b8-42de-b6c4-36a0180b1bda req-9924c7d8-c59a-461e-aacd-4b9f65da1831 7f398acef5df4c33bca6183ae41ad068 387d00d45f3249d68f8ac214b63f1413 - - 57bd1b6a1e4c4b43a0b4474c3721d38b 57bd1b6a1e4c4b43a0b4474c3721d38b] 199.19.213.145 "GET /v2.0/networks?id=d20612ff-4691-4aee-81b9-577337e72654 HTTP/1.1" status: 200 len: 968 time: 0.0600722
2026-04-27 13:12:09.813 9 INFO neutron.wsgi [req-903990e5-c5b8-42de-b6c4-36a0180b1bda req-d8a2e76e-741b-460a-aa3e-13c0d0baa830 7f398acef5df4c33bca6183ae41ad068 387d00d45f3249d68f8ac214b63f1413 - - 57bd1b6a1e4c4b43a0b4474c3721d38b 57bd1b6a1e4c4b43a0b4474c3721d38b] 199.19.213.145 "GET /v2.0/floatingips?fixed_ip_address=10.100.0.13&port_id=77636675-8114-44dc-86b4-37934fb1adcb HTTP/1.1" status: 200 len: 217 time: 0.0277474
2026-04-27 13:12:09.825 10 INFO neutron.db.segments_db [None req-a27f7f51-0529-4a8a-8e81-3da54382d9f1 c4308a2672714ec0aad83ae114ba96e3 b92db3abeae74d5e8b4261adf0d67bf2 - - default default] Added segment 52f65316-1df2-44cb-bfc8-a6ffd14fee97 of type geneve for network a9463b3d-c618-42ad-9ad7-ccab6d89acae
2026-04-27 13:12:09.850 9 INFO neutron.wsgi [req-903990e5-c5b8-42de-b6c4-36a0180b1bda req-b9cf5eea-be46-4bce-a662-524df22f3bbc 7f398acef5df4c33bca6183ae41ad068 387d00d45f3249d68f8ac214b63f1413 - - 57bd1b6a1e4c4b43a0b4474c3721d38b 57bd1b6a1e4c4b43a0b4474c3721d38b] 199.19.213.145 "GET /v2.0/subnets?id=e5deef14-f293-4e06-9166-d7fc9d44ed88 HTTP/1.1" status: 200 len: 863 time: 0.0302277
2026-04-27 13:12:09.883 9 INFO neutron.wsgi [req-903990e5-c5b8-42de-b6c4-36a0180b1bda req-6a7402f8-1ff8-4ebc-8522-2310066f4adb 7f398acef5df4c33bca6183ae41ad068 387d00d45f3249d68f8ac214b63f1413 - - 57bd1b6a1e4c4b43a0b4474c3721d38b 57bd1b6a1e4c4b43a0b4474c3721d38b] 199.19.213.145 "GET /v2.0/ports?network_id=d20612ff-4691-4aee-81b9-577337e72654&device_owner=network%3Adhcp HTTP/1.1" status: 200 len: 210 time: 0.0264099
2026-04-27 13:12:09.932 10 INFO neutron.wsgi [req-39f389a8-7a09-4982-9875-5e8086faf407 req-093cd0e0-d3c8-4e36-941c-9dda1f5a78e6 d646a79a281b41cdb3a2125c0576a83c 0e5965c7d9cb44958f9dd60fe9a63b49 - - default default] 10.0.0.49 "GET /v2.0/security-groups?name=tempest-securitygroup--82005986&fields=id&tenant_id=0e5965c7d9cb44958f9dd60fe9a63b49 HTTP/1.1" status: 200 len: 267 time: 0.0507238
2026-04-27 13:12:09.960 9 INFO neutron.wsgi [req-903990e5-c5b8-42de-b6c4-36a0180b1bda req-a9cf73fe-a45f-49df-8120-ababe4fcdf9a 7f398acef5df4c33bca6183ae41ad068 387d00d45f3249d68f8ac214b63f1413 - - 57bd1b6a1e4c4b43a0b4474c3721d38b 57bd1b6a1e4c4b43a0b4474c3721d38b] 199.19.213.145 "GET /v2.0/networks/d20612ff-4691-4aee-81b9-577337e72654?fields=segments HTTP/1.1" status: 200 len: 212 time: 0.0710356
2026-04-27 13:12:09.964 10 INFO neutron.db.segments_db [None req-a27f7f51-0529-4a8a-8e81-3da54382d9f1 c4308a2672714ec0aad83ae114ba96e3 b92db3abeae74d5e8b4261adf0d67bf2 - - default default] Added segment 51cfd3bb-5453-4b4c-ab48-06861dbd97d2 of type geneve for network 62c50a5a-85ed-4a9d-9bb3-1bcf7a805b97
2026-04-27 13:12:10.025 10 INFO neutron.wsgi [req-39f389a8-7a09-4982-9875-5e8086faf407 req-af1400c1-29fb-4602-b34b-bdd7c16270dd d646a79a281b41cdb3a2125c0576a83c 0e5965c7d9cb44958f9dd60fe9a63b49 - - default default] 10.0.0.49 "GET /v2.0/networks?id=7580a02b-c462-4d6c-8d2c-08e08d4c9b44 HTTP/1.1" status: 200 len: 879 time: 0.0860748
2026-04-27 13:12:10.047 9 INFO neutron.wsgi [req-903990e5-c5b8-42de-b6c4-36a0180b1bda req-b0f410c1-c34b-4b63-94c9-249d5822d4ee 7f398acef5df4c33bca6183ae41ad068 387d00d45f3249d68f8ac214b63f1413 - - 57bd1b6a1e4c4b43a0b4474c3721d38b 57bd1b6a1e4c4b43a0b4474c3721d38b] 199.19.213.145 "GET /v2.0/networks/d20612ff-4691-4aee-81b9-577337e72654?fields=provider%3Aphysical_network&fields=provider%3Anetwork_type HTTP/1.1" status: 200 len: 277 time: 0.0809412
2026-04-27 13:12:10.050 10 INFO neutron.wsgi [req-39f389a8-7a09-4982-9875-5e8086faf407 req-5bc51a93-b71d-495c-8121-8eadefc824a6 d646a79a281b41cdb3a2125c0576a83c 0e5965c7d9cb44958f9dd60fe9a63b49 - - default default] 10.0.0.49 "GET /v2.0/quotas/0e5965c7d9cb44958f9dd60fe9a63b49 HTTP/1.1" status: 200 len: 386 time: 0.0122659
2026-04-27 13:12:10.174 10 INFO neutron.db.ovn_revision_numbers_db [None req-a27f7f51-0529-4a8a-8e81-3da54382d9f1 c4308a2672714ec0aad83ae114ba96e3 b92db3abeae74d5e8b4261adf0d67bf2 - - default default] Successfully bumped revision number for resource a9463b3d-c618-42ad-9ad7-ccab6d89acae (type: networks) to 1
2026-04-27 13:12:10.209 10 INFO neutron.wsgi [req-39f389a8-7a09-4982-9875-5e8086faf407 req-f557497a-8426-4d34-a590-a66cb0523b23 d646a79a281b41cdb3a2125c0576a83c 0e5965c7d9cb44958f9dd60fe9a63b49 - - default default] 10.0.0.49 "GET /v2.0/ports?tenant_id=0e5965c7d9cb44958f9dd60fe9a63b49&fields=id HTTP/1.1" status: 200 len: 302 time: 0.1520748
2026-04-27 13:12:10.321 10 INFO neutron.wsgi [req-39f389a8-7a09-4982-9875-5e8086faf407 req-9a9620aa-2746-4b3e-9df6-09ba83832bd2 7f398acef5df4c33bca6183ae41ad068 387d00d45f3249d68f8ac214b63f1413 - - 57bd1b6a1e4c4b43a0b4474c3721d38b 57bd1b6a1e4c4b43a0b4474c3721d38b] 10.0.0.49 "GET /v2.0/networks/7580a02b-c462-4d6c-8d2c-08e08d4c9b44?fields=segments HTTP/1.1" status: 200 len: 212 time: 0.0997472
2026-04-27 13:12:10.419 10 INFO neutron.wsgi [req-39f389a8-7a09-4982-9875-5e8086faf407 req-60063b4e-3d84-4a08-9a2c-edce1796de91 7f398acef5df4c33bca6183ae41ad068 387d00d45f3249d68f8ac214b63f1413 - - 57bd1b6a1e4c4b43a0b4474c3721d38b 57bd1b6a1e4c4b43a0b4474c3721d38b] 10.0.0.49 "GET /v2.0/networks/7580a02b-c462-4d6c-8d2c-08e08d4c9b44?fields=provider%3Aphysical_network&fields=provider%3Anetwork_type HTTP/1.1" status: 200 len: 277 time: 0.0891039
2026-04-27 13:12:10.426 10 WARNING neutron.scheduler.dhcp_agent_scheduler [None req-a27f7f51-0529-4a8a-8e81-3da54382d9f1 c4308a2672714ec0aad83ae114ba96e3 b92db3abeae74d5e8b4261adf0d67bf2 - - default default] No more DHCP agents
2026-04-27 13:12:10.429 10 WARNING neutron.api.rpc.agentnotifiers.dhcp_rpc_agent_api [None req-a27f7f51-0529-4a8a-8e81-3da54382d9f1 c4308a2672714ec0aad83ae114ba96e3 b92db3abeae74d5e8b4261adf0d67bf2 - - default default] Unable to schedule network a9463b3d-c618-42ad-9ad7-ccab6d89acae: no agents available; will retry on subsequent port and subnet creation events.
2026-04-27 13:12:10.511 10 INFO neutron.db.ovn_revision_numbers_db [None req-a27f7f51-0529-4a8a-8e81-3da54382d9f1 c4308a2672714ec0aad83ae114ba96e3 b92db3abeae74d5e8b4261adf0d67bf2 - - default default] Successfully bumped revision number for resource cd263426-7caf-419b-a467-1cbf9d12fb9c (type: ports) to 1
2026-04-27 13:12:10.585 10 INFO neutron.db.ovn_revision_numbers_db [None req-a27f7f51-0529-4a8a-8e81-3da54382d9f1 c4308a2672714ec0aad83ae114ba96e3 b92db3abeae74d5e8b4261adf0d67bf2 - - default default] Successfully bumped revision number for resource 62c50a5a-85ed-4a9d-9bb3-1bcf7a805b97 (type: networks) to 1
2026-04-27 13:12:10.686 10 INFO neutron.wsgi [req-bf877bc1-bc7c-4a48-b1fc-fc446e1bcd25 req-dc670302-f2b0-4930-957f-ec239cb042f0 d646a79a281b41cdb3a2125c0576a83c 0e5965c7d9cb44958f9dd60fe9a63b49 - - default default] 10.0.0.49 "GET /v2.0/ports?device_id=12df9c86-b933-440d-8500-e2d281f1912b HTTP/1.1" status: 200 len: 210 time: 0.0272837
2026-04-27 13:12:10.759 10 WARNING neutron.scheduler.dhcp_agent_scheduler [None req-a27f7f51-0529-4a8a-8e81-3da54382d9f1 c4308a2672714ec0aad83ae114ba96e3 b92db3abeae74d5e8b4261adf0d67bf2 - - default default] No more DHCP agents
2026-04-27 13:12:10.764 10 WARNING neutron.api.rpc.agentnotifiers.dhcp_rpc_agent_api [None req-a27f7f51-0529-4a8a-8e81-3da54382d9f1 c4308a2672714ec0aad83ae114ba96e3 b92db3abeae74d5e8b4261adf0d67bf2 - - default default] Unable to schedule network 62c50a5a-85ed-4a9d-9bb3-1bcf7a805b97: no agents available; will retry on subsequent port and subnet creation events.
2026-04-27 13:12:10.809 9 INFO neutron.wsgi [req-ea6610e8-0f65-431d-8394-59501c9925f6 req-5d42582c-17a4-4446-b7bb-f3bf7a40a68c 497dfa2df49b4578adcde435a533d128 c71068f4848747c6a2c7c347e78cac3a - - default default] 10.0.0.49 "GET /v2.0/ports?device_id=28c0703e-b723-4a20-ad8a-d8c3835bf6a1 HTTP/1.1" status: 200 len: 1172 time: 0.2139065
2026-04-27 13:12:10.856 10 INFO neutron.db.ovn_revision_numbers_db [None req-a27f7f51-0529-4a8a-8e81-3da54382d9f1 c4308a2672714ec0aad83ae114ba96e3 b92db3abeae74d5e8b4261adf0d67bf2 - - default default] Successfully bumped revision number for resource 00fcb6c3-8571-4164-89de-73d001513ee7 (type: ports) to 1
2026-04-27 13:12:10.859 9 INFO neutron.wsgi [req-ea6610e8-0f65-431d-8394-59501c9925f6 req-ea417b8e-7c6a-489d-b7f5-e611d4ebae70 497dfa2df49b4578adcde435a533d128 c71068f4848747c6a2c7c347e78cac3a - - default default] 10.0.0.49 "GET /v2.0/security-groups?id=6f01d6ac-0596-49ec-8eef-dabae39bf5e8&fields=id&fields=name HTTP/1.1" status: 200 len: 313 time: 0.0423613
2026-04-27 13:12:10.882 10 INFO neutron.wsgi [None req-a27f7f51-0529-4a8a-8e81-3da54382d9f1 c4308a2672714ec0aad83ae114ba96e3 b92db3abeae74d5e8b4261adf0d67bf2 - - default default] 10.0.0.162 "POST /v2.0/networks HTTP/1.1" status: 201 len: 1445 time: 1.4442575
2026-04-27 13:12:10.959 10 INFO neutron.wsgi [None req-87667828-728c-47c6-a67c-5fc4fcc0c833 c4308a2672714ec0aad83ae114ba96e3 b92db3abeae74d5e8b4261adf0d67bf2 - - default default] 10.0.0.162 "GET /v2.0/networks HTTP/1.1" status: 200 len: 2051 time: 0.0721941
2026-04-27 13:12:11.293 10 INFO neutron.services.segments.plugin [-] Segment 52f65316-1df2-44cb-bfc8-a6ffd14fee97 resource provider aggregate not found
2026-04-27 13:12:11.302 10 INFO neutron.services.segments.plugin [-] Segment 52f65316-1df2-44cb-bfc8-a6ffd14fee97 resource provider aggregate not found
2026-04-27 13:12:11.313 10 INFO neutron.services.segments.plugin [-] Segment 52f65316-1df2-44cb-bfc8-a6ffd14fee97 resource provider not found; error: Placement Client Error (4xx): {"errors": [{"status": 404, "title": "Not Found", "detail": "The resource could not be found.\n\n No resource provider with uuid 52f65316-1df2-44cb-bfc8-a6ffd14fee97 found for delete ", "request_id": "req-3388e1a8-54a8-44bf-aa59-60fe8f40110d"}]}
2026-04-27 13:12:11.319 10 INFO neutron.services.segments.plugin [-] Segment 52f65316-1df2-44cb-bfc8-a6ffd14fee97 resource provider not found; error: Placement Client Error (4xx): {"errors": [{"status": 404, "title": "Not Found", "detail": "The resource could not be found.\n\n No resource provider with uuid 52f65316-1df2-44cb-bfc8-a6ffd14fee97 found for delete ", "request_id": "req-f2efbbee-84b1-44e8-896b-0c528b3c509b"}]}
2026-04-27 13:12:11.344 10 INFO neutron.wsgi [None req-1186e8da-a8a3-4bc9-84bf-30828a3a7973 c4308a2672714ec0aad83ae114ba96e3 b92db3abeae74d5e8b4261adf0d67bf2 - - default default] 10.0.0.162 "DELETE /v2.0/networks/a9463b3d-c618-42ad-9ad7-ccab6d89acae HTTP/1.1" status: 204 len: 168 time: 0.3795929
2026-04-27 13:12:11.391 9 INFO neutron.wsgi [req-39f389a8-7a09-4982-9875-5e8086faf407 req-a66aecee-d8da-401d-8dc7-974ae44c9da9 d646a79a281b41cdb3a2125c0576a83c 0e5965c7d9cb44958f9dd60fe9a63b49 - - default default] 199.19.213.145 "GET /v2.0/networks?id=7580a02b-c462-4d6c-8d2c-08e08d4c9b44 HTTP/1.1" status: 200 len: 879 time: 0.0705206
2026-04-27 13:12:11.436 9 INFO neutron.wsgi [req-39f389a8-7a09-4982-9875-5e8086faf407 req-8cbf474f-0cb4-44e8-84d6-9a5d0d0634a2 d646a79a281b41cdb3a2125c0576a83c 0e5965c7d9cb44958f9dd60fe9a63b49 - - default default] 199.19.213.145 "GET /v2.0/security-groups?fields=id&fields=name&tenant_id=0e5965c7d9cb44958f9dd60fe9a63b49 HTTP/1.1" status: 200 len: 378 time: 0.0404575
2026-04-27 13:12:11.747 10 INFO neutron.wsgi [None req-96805631-698f-4bad-97e8-8fc59acdf043 c4308a2672714ec0aad83ae114ba96e3 b92db3abeae74d5e8b4261adf0d67bf2 - - default default] 10.0.0.162 "DELETE /v2.0/networks/62c50a5a-85ed-4a9d-9bb3-1bcf7a805b97 HTTP/1.1" status: 204 len: 168 time: 0.3969324
2026-04-27 13:12:11.769 9 WARNING neutron.scheduler.dhcp_agent_scheduler [req-39f389a8-7a09-4982-9875-5e8086faf407 req-9231357b-f632-40b7-94c5-56ee183e0212 d646a79a281b41cdb3a2125c0576a83c 0e5965c7d9cb44958f9dd60fe9a63b49 - - default default] No more DHCP agents
2026-04-27 13:12:11.770 9 WARNING neutron.api.rpc.agentnotifiers.dhcp_rpc_agent_api [req-39f389a8-7a09-4982-9875-5e8086faf407 req-9231357b-f632-40b7-94c5-56ee183e0212 d646a79a281b41cdb3a2125c0576a83c 0e5965c7d9cb44958f9dd60fe9a63b49 - - default default] Unable to schedule network 7580a02b-c462-4d6c-8d2c-08e08d4c9b44: no agents available; will retry on subsequent port and subnet creation events.
2026-04-27 13:12:11.815 10 INFO neutron.wsgi [req-f37c3d27-97ca-4516-8742-b489304e5345 req-93da59c9-3f65-4c90-b726-6ffc95b50012 d646a79a281b41cdb3a2125c0576a83c 0e5965c7d9cb44958f9dd60fe9a63b49 - - default default] 10.0.0.49 "GET /v2.0/ports?device_id=12df9c86-b933-440d-8500-e2d281f1912b HTTP/1.1" status: 200 len: 1160 time: 0.0623209
2026-04-27 13:12:11.851 10 INFO neutron.wsgi [None req-109d4172-17b8-4eb5-bf42-d9fd1a44d7d8 c4308a2672714ec0aad83ae114ba96e3 b92db3abeae74d5e8b4261adf0d67bf2 - - default default] 10.0.0.162 "GET /v2.0/networks HTTP/1.1" status: 200 len: 845 time: 0.0970488
2026-04-27 13:12:11.873 10 INFO neutron.wsgi [req-f37c3d27-97ca-4516-8742-b489304e5345 req-ae86038e-9f1d-422d-ba2b-21f902b84f6e d646a79a281b41cdb3a2125c0576a83c 0e5965c7d9cb44958f9dd60fe9a63b49 - - default default] 10.0.0.49 "GET /v2.0/security-groups?id=9abb770a-6f17-4580-ab0f-53b9f24f1dff&fields=id&fields=name HTTP/1.1" status: 200 len: 311 time: 0.0471797 /var/lib/openstack/lib/python3.10/site-packages/pycadf/identifier.py:71: UserWarning: Invalid uuid: neutron. To ensure interoperability, identifiers should be a valid uuid. warnings.warn(('Invalid uuid: %s. To ensure interoperability, '
2026-04-27 13:12:11.965 9 INFO neutron.wsgi [req-e93f37a2-6900-4ea4-a45e-5ed20faa0ccd req-661e722f-20b3-4c41-b194-b22b367b4010 497dfa2df49b4578adcde435a533d128 c71068f4848747c6a2c7c347e78cac3a - - default default] 10.0.0.49 "GET /v2.0/ports?device_id=28c0703e-b723-4a20-ad8a-d8c3835bf6a1 HTTP/1.1" status: 200 len: 1172 time: 0.0446084
2026-04-27 13:12:11.971 9 INFO neutron.db.ovn_revision_numbers_db [req-39f389a8-7a09-4982-9875-5e8086faf407 req-9231357b-f632-40b7-94c5-56ee183e0212 d646a79a281b41cdb3a2125c0576a83c 0e5965c7d9cb44958f9dd60fe9a63b49 - - default default] Successfully bumped revision number for resource 4b93de18-3612-4fb2-a2a9-4d6193f5fed5 (type: ports) to 1
2026-04-27 13:12:11.971 10 INFO neutron.db.segments_db [None req-5c6b037f-5bc3-4f85-9f85-d69940e10ac7 c4308a2672714ec0aad83ae114ba96e3 b92db3abeae74d5e8b4261adf0d67bf2 - - default default] Added segment 565449e6-a7bb-428e-81f9-7bf464db74e3 of type geneve for network 4f350091-ae4a-44cd-bc7a-41a6f39cccf0
2026-04-27 13:12:12.006 9 INFO neutron.wsgi [req-39f389a8-7a09-4982-9875-5e8086faf407 req-9231357b-f632-40b7-94c5-56ee183e0212 d646a79a281b41cdb3a2125c0576a83c 0e5965c7d9cb44958f9dd60fe9a63b49 - - default default] 199.19.213.145 "POST /v2.0/ports HTTP/1.1" status: 201 len: 1162 time: 0.5465922
2026-04-27 13:12:12.035 9 INFO neutron.wsgi [req-e93f37a2-6900-4ea4-a45e-5ed20faa0ccd req-3ed8c3b0-3227-4af4-8f9a-3e0cd40361f4 497dfa2df49b4578adcde435a533d128 c71068f4848747c6a2c7c347e78cac3a - - default default] 10.0.0.49 "GET /v2.0/security-groups?id=6f01d6ac-0596-49ec-8eef-dabae39bf5e8&fields=id&fields=name HTTP/1.1" status: 200 len: 313 time: 0.0621402
2026-04-27 13:12:12.111 10 INFO neutron.db.ovn_revision_numbers_db [None req-5c6b037f-5bc3-4f85-9f85-d69940e10ac7 c4308a2672714ec0aad83ae114ba96e3 b92db3abeae74d5e8b4261adf0d67bf2 - - default default] Successfully bumped revision number for resource 4f350091-ae4a-44cd-bc7a-41a6f39cccf0 (type: networks) to 1
2026-04-27 13:12:12.442 9 INFO neutron.db.ovn_revision_numbers_db [req-39f389a8-7a09-4982-9875-5e8086faf407 req-b6c9eb6c-8386-466f-b104-9e60d622d297 7f398acef5df4c33bca6183ae41ad068 387d00d45f3249d68f8ac214b63f1413 - - 57bd1b6a1e4c4b43a0b4474c3721d38b 57bd1b6a1e4c4b43a0b4474c3721d38b] Successfully bumped revision number for resource 4b93de18-3612-4fb2-a2a9-4d6193f5fed5 (type: ports) to 2
2026-04-27 13:12:12.485 10 WARNING neutron.scheduler.dhcp_agent_scheduler [None req-5c6b037f-5bc3-4f85-9f85-d69940e10ac7 c4308a2672714ec0aad83ae114ba96e3 b92db3abeae74d5e8b4261adf0d67bf2 - - default default] No more DHCP agents
2026-04-27 13:12:12.487 10 WARNING neutron.api.rpc.agentnotifiers.dhcp_rpc_agent_api [None req-5c6b037f-5bc3-4f85-9f85-d69940e10ac7 c4308a2672714ec0aad83ae114ba96e3 b92db3abeae74d5e8b4261adf0d67bf2 - - default default] Unable to schedule network 4f350091-ae4a-44cd-bc7a-41a6f39cccf0: no agents available; will retry on subsequent port and subnet creation events.
2026-04-27 13:12:12.575 10 INFO neutron.db.ovn_revision_numbers_db [None req-5c6b037f-5bc3-4f85-9f85-d69940e10ac7 c4308a2672714ec0aad83ae114ba96e3 b92db3abeae74d5e8b4261adf0d67bf2 - - default default] Successfully bumped revision number for resource c1782d7e-d2fb-45e0-a61e-dafb59cb8ce7 (type: ports) to 1
2026-04-27 13:12:12.605 10 INFO neutron.wsgi [None req-5c6b037f-5bc3-4f85-9f85-d69940e10ac7 c4308a2672714ec0aad83ae114ba96e3 b92db3abeae74d5e8b4261adf0d67bf2 - - default default] 10.0.0.162 "POST /v2.0/networks HTTP/1.1" status: 201 len: 849 time: 0.7457254 /var/lib/openstack/lib/python3.10/site-packages/pycadf/identifier.py:71: UserWarning: Invalid uuid: neutron. To ensure interoperability, identifiers should be a valid uuid. warnings.warn(('Invalid uuid: %s. To ensure interoperability, '
2026-04-27 13:12:12.683 9 INFO neutron.db.ovn_revision_numbers_db [req-39f389a8-7a09-4982-9875-5e8086faf407 req-b6c9eb6c-8386-466f-b104-9e60d622d297 7f398acef5df4c33bca6183ae41ad068 387d00d45f3249d68f8ac214b63f1413 - - 57bd1b6a1e4c4b43a0b4474c3721d38b 57bd1b6a1e4c4b43a0b4474c3721d38b] Successfully bumped revision number for resource 4b93de18-3612-4fb2-a2a9-4d6193f5fed5 (type: ports) to 2
2026-04-27 13:12:12.696 9 INFO neutron.wsgi [req-39f389a8-7a09-4982-9875-5e8086faf407 req-b6c9eb6c-8386-466f-b104-9e60d622d297 7f398acef5df4c33bca6183ae41ad068 387d00d45f3249d68f8ac214b63f1413 - - 57bd1b6a1e4c4b43a0b4474c3721d38b 57bd1b6a1e4c4b43a0b4474c3721d38b] 199.19.213.145 "PUT /v2.0/ports/4b93de18-3612-4fb2-a2a9-4d6193f5fed5 HTTP/1.1" status: 200 len: 1380 time: 0.6827686
2026-04-27 13:12:12.713 15 INFO neutron.plugins.ml2.drivers.ovn.mech_driver.ovsdb.maintenance [None req-b87fe4fb-7d6b-43a8-9b81-8bcef99f46e6 - - - - - -] Maintenance task: Synchronization finished (took 0.24 seconds)
2026-04-27 13:12:12.718 9 INFO neutron.db.segments_db [None req-672112ff-afb2-435c-9f22-db3da801b2f8 c4308a2672714ec0aad83ae114ba96e3 b92db3abeae74d5e8b4261adf0d67bf2 - - default default] Added segment 947f514c-3f72-4698-9944-5d8812f46858 of type geneve for network 25f470b9-522d-44d8-82fd-ae9a514a95fd
2026-04-27 13:12:12.739 9 INFO neutron.notifiers.nova [-] Nova event matching ['req-6ec73a12-abf3-45f0-adb1-2134fe694d4c'] response: {'name': 'network-changed', 'server_uuid': '12df9c86-b933-440d-8500-e2d281f1912b', 'tag': '4b93de18-3612-4fb2-a2a9-4d6193f5fed5', 'status': 'completed', 'code': 200}
2026-04-27 13:12:12.783 9 INFO neutron.wsgi [req-39f389a8-7a09-4982-9875-5e8086faf407 req-638e0255-786e-4252-a416-7a34050094db 7f398acef5df4c33bca6183ae41ad068 387d00d45f3249d68f8ac214b63f1413 - - 57bd1b6a1e4c4b43a0b4474c3721d38b 57bd1b6a1e4c4b43a0b4474c3721d38b] 199.19.213.145 "GET /v2.0/ports?tenant_id=0e5965c7d9cb44958f9dd60fe9a63b49&device_id=12df9c86-b933-440d-8500-e2d281f1912b HTTP/1.1" status: 200 len: 1411 time: 0.0447073
2026-04-27 13:12:12.818 9 INFO neutron.wsgi [req-39f389a8-7a09-4982-9875-5e8086faf407 req-dd78d370-afea-427c-abbb-4e1ab8c62c13 7f398acef5df4c33bca6183ae41ad068 387d00d45f3249d68f8ac214b63f1413 - - 57bd1b6a1e4c4b43a0b4474c3721d38b 57bd1b6a1e4c4b43a0b4474c3721d38b] 199.19.213.145 "GET /v2.0/floatingips?fixed_ip_address=10.100.0.13&port_id=4b93de18-3612-4fb2-a2a9-4d6193f5fed5 HTTP/1.1" status: 200 len: 217 time: 0.0296891
2026-04-27 13:12:12.892 9 INFO neutron.wsgi [req-39f389a8-7a09-4982-9875-5e8086faf407 req-130461e5-8521-455e-8c01-b81a329082fa 7f398acef5df4c33bca6183ae41ad068 387d00d45f3249d68f8ac214b63f1413 - - 57bd1b6a1e4c4b43a0b4474c3721d38b 57bd1b6a1e4c4b43a0b4474c3721d38b] 199.19.213.145 "GET /v2.0/subnets?id=33724206-3d74-4bfa-b5ca-86766aa865bb HTTP/1.1" status: 200 len: 873 time: 0.0663433
2026-04-27 13:12:12.902 10 WARNING neutron.plugins.ml2.drivers.ovn.mech_driver.ovsdb.ovn_client [None req-e359b775-eaeb-466c-949d-6af974516fab - - - - - -] No hosting information found for port b25d3151-9417-4ed7-b7e7-695bb06e1ffe: RuntimeError: No hosting information found for port b25d3151-9417-4ed7-b7e7-695bb06e1ffe
2026-04-27 13:12:12.902 10 INFO neutron.plugins.ml2.drivers.ovn.mech_driver.mech_driver [None req-e359b775-eaeb-466c-949d-6af974516fab - - - - - -] OVN reports status up for port: 77636675-8114-44dc-86b4-37934fb1adcb
2026-04-27 13:12:12.913 10 INFO neutron.plugins.ml2.plugin [None req-e359b775-eaeb-466c-949d-6af974516fab - - - - - -] Attempt 1 to provision port 77636675-8114-44dc-86b4-37934fb1adcb
2026-04-27 13:12:12.931 9 INFO neutron.wsgi [req-39f389a8-7a09-4982-9875-5e8086faf407 req-93b0ea70-4b5a-442d-b36d-f8f884f122a8 7f398acef5df4c33bca6183ae41ad068 387d00d45f3249d68f8ac214b63f1413 - - 57bd1b6a1e4c4b43a0b4474c3721d38b 57bd1b6a1e4c4b43a0b4474c3721d38b] 199.19.213.145 "GET /v2.0/ports?network_id=7580a02b-c462-4d6c-8d2c-08e08d4c9b44&device_owner=network%3Adhcp HTTP/1.1" status: 200 len: 210 time: 0.0325081
2026-04-27 13:12:12.932 9 INFO neutron.db.ovn_revision_numbers_db [None req-672112ff-afb2-435c-9f22-db3da801b2f8 c4308a2672714ec0aad83ae114ba96e3 b92db3abeae74d5e8b4261adf0d67bf2 - - default default] Successfully bumped revision number for resource 25f470b9-522d-44d8-82fd-ae9a514a95fd (type: networks) to 1
2026-04-27 13:12:13.040 10 INFO neutron.notifiers.nova [-] Nova event matching ['req-1d73ac3c-053e-4991-96c1-34710bec06fa'] response: {'server_uuid': '28c0703e-b723-4a20-ad8a-d8c3835bf6a1', 'name': 'network-vif-plugged', 'status': 'completed', 'tag': '77636675-8114-44dc-86b4-37934fb1adcb', 'code': 200}
2026-04-27 13:12:13.107 9 INFO neutron.wsgi [req-39f389a8-7a09-4982-9875-5e8086faf407 req-67794a58-f680-4fa5-bc92-72713d9b50eb 7f398acef5df4c33bca6183ae41ad068 387d00d45f3249d68f8ac214b63f1413 - - 57bd1b6a1e4c4b43a0b4474c3721d38b 57bd1b6a1e4c4b43a0b4474c3721d38b] 199.19.213.145 "GET /v2.0/networks/7580a02b-c462-4d6c-8d2c-08e08d4c9b44?fields=segments HTTP/1.1" status: 200 len: 212 time: 0.1608422
2026-04-27 13:12:13.164 9 INFO neutron.wsgi [req-348701b5-a2b7-46a4-9713-6fb309de0f2c req-aabdce0e-8236-453e-9702-f185cf95ffa7 d646a79a281b41cdb3a2125c0576a83c 0e5965c7d9cb44958f9dd60fe9a63b49 - - default default] 10.0.0.49 "GET /v2.0/ports?device_id=12df9c86-b933-440d-8500-e2d281f1912b HTTP/1.1" status: 200 len: 1172 time: 0.2045534
2026-04-27 13:12:13.234 9 INFO neutron.wsgi [req-39f389a8-7a09-4982-9875-5e8086faf407 req-e6fde5b8-3982-4c4c-b357-dd2a3d341be4 7f398acef5df4c33bca6183ae41ad068 387d00d45f3249d68f8ac214b63f1413 - - 57bd1b6a1e4c4b43a0b4474c3721d38b 57bd1b6a1e4c4b43a0b4474c3721d38b] 199.19.213.145 "GET /v2.0/networks/7580a02b-c462-4d6c-8d2c-08e08d4c9b44?fields=provider%3Aphysical_network&fields=provider%3Anetwork_type HTTP/1.1" status: 200 len: 277 time: 0.1205063
2026-04-27 13:12:13.239 10 INFO neutron.wsgi [req-0cd3e282-fd6a-4ad9-b4a7-dccafa9267cf req-81001dbc-0df3-4c2e-b2d9-8c0a11b17fb2 497dfa2df49b4578adcde435a533d128 c71068f4848747c6a2c7c347e78cac3a - - default default] 10.0.0.49 "GET /v2.0/ports?device_id=28c0703e-b723-4a20-ad8a-d8c3835bf6a1 HTTP/1.1" status: 200 len: 1174 time: 0.1336436
2026-04-27 13:12:13.249 9 INFO neutron.wsgi [req-348701b5-a2b7-46a4-9713-6fb309de0f2c req-14177077-db3b-41ed-bc95-18314f5c0b8b d646a79a281b41cdb3a2125c0576a83c 0e5965c7d9cb44958f9dd60fe9a63b49 - - default default] 10.0.0.49 "GET /v2.0/security-groups?id=9abb770a-6f17-4580-ab0f-53b9f24f1dff&fields=id&fields=name HTTP/1.1" status: 200 len: 311 time: 0.0749700
2026-04-27 13:12:13.254 10 INFO neutron.db.ovn_revision_numbers_db [None req-e359b775-eaeb-466c-949d-6af974516fab - - - - - -] Successfully bumped revision number for resource 77636675-8114-44dc-86b4-37934fb1adcb (type: ports) to 4
2026-04-27 13:12:13.268 9 WARNING neutron.scheduler.dhcp_agent_scheduler [None req-672112ff-afb2-435c-9f22-db3da801b2f8 c4308a2672714ec0aad83ae114ba96e3 b92db3abeae74d5e8b4261adf0d67bf2 - - default default] No more DHCP agents
2026-04-27 13:12:13.271 9 WARNING neutron.api.rpc.agentnotifiers.dhcp_rpc_agent_api [None req-672112ff-afb2-435c-9f22-db3da801b2f8 c4308a2672714ec0aad83ae114ba96e3 b92db3abeae74d5e8b4261adf0d67bf2 - - default default] Unable to schedule network 25f470b9-522d-44d8-82fd-ae9a514a95fd: no agents available; will retry on subsequent port and subnet creation events.
2026-04-27 13:12:13.341 10 INFO neutron.wsgi [req-0cd3e282-fd6a-4ad9-b4a7-dccafa9267cf req-256cf523-eea4-46db-ac60-3fcdebc59274 497dfa2df49b4578adcde435a533d128 c71068f4848747c6a2c7c347e78cac3a - - default default] 10.0.0.49 "GET /v2.0/security-groups?id=6f01d6ac-0596-49ec-8eef-dabae39bf5e8&fields=id&fields=name HTTP/1.1" status: 200 len: 313 time: 0.0956545
2026-04-27 13:12:13.342 10 INFO neutron.services.segments.plugin [-] Segment 51cfd3bb-5453-4b4c-ab48-06861dbd97d2 resource provider aggregate not found
2026-04-27 13:12:13.348 9 INFO neutron.wsgi [req-b6010fd4-467e-453e-a7fa-6fcdea77400a req-2acb0ec1-f068-40ec-93d5-77c043b27e29 7f398acef5df4c33bca6183ae41ad068 387d00d45f3249d68f8ac214b63f1413 - - 57bd1b6a1e4c4b43a0b4474c3721d38b 57bd1b6a1e4c4b43a0b4474c3721d38b] 199.19.213.145 "GET /v2.0/ports?tenant_id=0e5965c7d9cb44958f9dd60fe9a63b49&device_id=12df9c86-b933-440d-8500-e2d281f1912b HTTP/1.1" status: 200 len: 1411 time: 0.0669076
2026-04-27 13:12:13.354 10 INFO neutron.services.segments.plugin [-] Segment 51cfd3bb-5453-4b4c-ab48-06861dbd97d2 resource provider aggregate not found
2026-04-27 13:12:13.368 10 INFO neutron.services.segments.plugin [-] Segment 51cfd3bb-5453-4b4c-ab48-06861dbd97d2 resource provider not found; error: Placement Client Error (4xx): {"errors": [{"status": 404, "title": "Not Found", "detail": "The resource could not be found.\n\n No resource provider with uuid 51cfd3bb-5453-4b4c-ab48-06861dbd97d2 found for delete ", "request_id": "req-011b091f-f051-498d-8451-729a5257d83a"}]}
2026-04-27 13:12:13.370 10 INFO neutron.services.segments.plugin [-] Segment 51cfd3bb-5453-4b4c-ab48-06861dbd97d2 resource provider not found; error: Placement Client Error (4xx): {"errors": [{"status": 404, "title": "Not Found", "detail": "The resource could not be found.\n\n No resource provider with uuid 51cfd3bb-5453-4b4c-ab48-06861dbd97d2 found for delete ", "request_id": "req-72958057-dd20-44f5-90be-91db28bccc0f"}]}
2026-04-27 13:12:13.430 9 INFO neutron.db.ovn_revision_numbers_db [None req-672112ff-afb2-435c-9f22-db3da801b2f8 c4308a2672714ec0aad83ae114ba96e3 b92db3abeae74d5e8b4261adf0d67bf2 - - default default] Successfully bumped revision number for resource 388c7c93-83e4-4e1f-a027-c9728d57ccd9 (type: ports) to 1
2026-04-27 13:12:13.448 9 INFO neutron.wsgi [req-b6010fd4-467e-453e-a7fa-6fcdea77400a req-a02b5710-2dc5-4a08-966f-87698a252aa5 7f398acef5df4c33bca6183ae41ad068 387d00d45f3249d68f8ac214b63f1413 - - 57bd1b6a1e4c4b43a0b4474c3721d38b 57bd1b6a1e4c4b43a0b4474c3721d38b] 199.19.213.145 "GET /v2.0/networks?id=7580a02b-c462-4d6c-8d2c-08e08d4c9b44 HTTP/1.1" status: 200 len: 978 time: 0.0910375
2026-04-27 13:12:13.457 9 INFO neutron.wsgi [None req-672112ff-afb2-435c-9f22-db3da801b2f8 c4308a2672714ec0aad83ae114ba96e3 b92db3abeae74d5e8b4261adf0d67bf2 - - default default] 10.0.0.162 "POST /v2.0/networks HTTP/1.1" status: 201 len: 848 time: 0.8471620 /var/lib/openstack/lib/python3.10/site-packages/pycadf/identifier.py:71: UserWarning: Invalid uuid: neutron. To ensure interoperability, identifiers should be a valid uuid. warnings.warn(('Invalid uuid: %s. To ensure interoperability, '
2026-04-27 13:12:13.481 9 INFO neutron.wsgi [req-b6010fd4-467e-453e-a7fa-6fcdea77400a req-29e79c8a-ce0c-4af3-a50a-d9f2205d9e2f 7f398acef5df4c33bca6183ae41ad068 387d00d45f3249d68f8ac214b63f1413 - - 57bd1b6a1e4c4b43a0b4474c3721d38b 57bd1b6a1e4c4b43a0b4474c3721d38b] 199.19.213.145 "GET /v2.0/floatingips?fixed_ip_address=10.100.0.13&port_id=4b93de18-3612-4fb2-a2a9-4d6193f5fed5 HTTP/1.1" status: 200 len: 217 time: 0.0224059
2026-04-27 13:12:13.514 9 INFO neutron.wsgi [req-b6010fd4-467e-453e-a7fa-6fcdea77400a req-20acc86d-d98b-4d45-9ded-027e66c35875 7f398acef5df4c33bca6183ae41ad068 387d00d45f3249d68f8ac214b63f1413 - - 57bd1b6a1e4c4b43a0b4474c3721d38b 57bd1b6a1e4c4b43a0b4474c3721d38b] 199.19.213.145 "GET /v2.0/subnets?id=33724206-3d74-4bfa-b5ca-86766aa865bb HTTP/1.1" status: 200 len: 873 time: 0.0280285
2026-04-27 13:12:13.544 9 INFO neutron.wsgi [req-b6010fd4-467e-453e-a7fa-6fcdea77400a req-f842b901-f093-4dda-863b-891da3cd65f9 7f398acef5df4c33bca6183ae41ad068 387d00d45f3249d68f8ac214b63f1413 - - 57bd1b6a1e4c4b43a0b4474c3721d38b 57bd1b6a1e4c4b43a0b4474c3721d38b] 199.19.213.145 "GET /v2.0/ports?network_id=7580a02b-c462-4d6c-8d2c-08e08d4c9b44&device_owner=network%3Adhcp HTTP/1.1" status: 200 len: 210 time: 0.0258067
2026-04-27 13:12:13.623 9 INFO neutron.wsgi [req-b6010fd4-467e-453e-a7fa-6fcdea77400a req-175361b7-8a69-4d15-9c39-77f36f47e640 7f398acef5df4c33bca6183ae41ad068 387d00d45f3249d68f8ac214b63f1413 - - 57bd1b6a1e4c4b43a0b4474c3721d38b 57bd1b6a1e4c4b43a0b4474c3721d38b] 199.19.213.145 "GET /v2.0/networks/7580a02b-c462-4d6c-8d2c-08e08d4c9b44?fields=segments HTTP/1.1" status: 200 len: 212 time: 0.0727806
2026-04-27 13:12:13.707 9 INFO neutron.wsgi [req-b6010fd4-467e-453e-a7fa-6fcdea77400a req-3022ceed-6e15-461c-8f74-dddc9d96e20c 7f398acef5df4c33bca6183ae41ad068 387d00d45f3249d68f8ac214b63f1413 - - 57bd1b6a1e4c4b43a0b4474c3721d38b 57bd1b6a1e4c4b43a0b4474c3721d38b] 199.19.213.145 "GET /v2.0/networks/7580a02b-c462-4d6c-8d2c-08e08d4c9b44?fields=provider%3Aphysical_network&fields=provider%3Anetwork_type HTTP/1.1" status: 200 len: 277 time: 0.0722001
2026-04-27 13:12:13.994 10 WARNING neutron.scheduler.dhcp_agent_scheduler [None req-a6ff47f1-b829-49a9-a3ed-5ed1d760c80f c4308a2672714ec0aad83ae114ba96e3 b92db3abeae74d5e8b4261adf0d67bf2 - - default default] No more DHCP agents
2026-04-27 13:12:13.997 10 WARNING neutron.api.rpc.agentnotifiers.dhcp_rpc_agent_api [None req-a6ff47f1-b829-49a9-a3ed-5ed1d760c80f c4308a2672714ec0aad83ae114ba96e3 b92db3abeae74d5e8b4261adf0d67bf2 - - default default] Unable to schedule network 4f350091-ae4a-44cd-bc7a-41a6f39cccf0: no agents available; will retry on subsequent port and subnet creation events.
2026-04-27 13:12:14.114 10 INFO neutron.db.ovn_revision_numbers_db [None req-a6ff47f1-b829-49a9-a3ed-5ed1d760c80f c4308a2672714ec0aad83ae114ba96e3 b92db3abeae74d5e8b4261adf0d67bf2 - - default default] Successfully bumped revision number for resource 7b7789e9-cb80-4b96-87da-84db5b3abb34 (type: ports) to 1
2026-04-27 13:12:14.179 10 WARNING neutron.scheduler.dhcp_agent_scheduler [None req-a6ff47f1-b829-49a9-a3ed-5ed1d760c80f c4308a2672714ec0aad83ae114ba96e3 b92db3abeae74d5e8b4261adf0d67bf2 - - default default] No more DHCP agents
2026-04-27 13:12:14.180 10 WARNING neutron.api.rpc.agentnotifiers.dhcp_rpc_agent_api [None req-a6ff47f1-b829-49a9-a3ed-5ed1d760c80f c4308a2672714ec0aad83ae114ba96e3 b92db3abeae74d5e8b4261adf0d67bf2 - - default default] Unable to schedule network 25f470b9-522d-44d8-82fd-ae9a514a95fd: no agents available; will retry on subsequent port and subnet creation events.
2026-04-27 13:12:14.280 10 INFO neutron.db.ovn_revision_numbers_db [None req-a6ff47f1-b829-49a9-a3ed-5ed1d760c80f c4308a2672714ec0aad83ae114ba96e3 b92db3abeae74d5e8b4261adf0d67bf2 - - default default] Successfully bumped revision number for resource 74696b76-7cc5-48c4-b872-f2c680142cb4 (type: ports) to 1
2026-04-27 13:12:14.314 10 INFO neutron.wsgi [None req-a6ff47f1-b829-49a9-a3ed-5ed1d760c80f c4308a2672714ec0aad83ae114ba96e3 b92db3abeae74d5e8b4261adf0d67bf2 - - default default] 10.0.0.162 "POST /v2.0/ports HTTP/1.1" status: 201 len: 1706 time: 0.8514204
2026-04-27 13:12:14.399 9 INFO neutron.wsgi [req-475a2e1a-0015-4194-97d3-f41aa46ab3a1 req-2ef69aae-1e97-4f47-b017-ccfcb0c46b85 d646a79a281b41cdb3a2125c0576a83c 0e5965c7d9cb44958f9dd60fe9a63b49 - - default default] 10.0.0.49 "GET /v2.0/ports?device_id=12df9c86-b933-440d-8500-e2d281f1912b HTTP/1.1" status: 200 len: 1172 time: 0.0467629 /var/lib/openstack/lib/python3.10/site-packages/pycadf/identifier.py:71: UserWarning: Invalid uuid: neutron. To ensure interoperability, identifiers should be a valid uuid. warnings.warn(('Invalid uuid: %s. To ensure interoperability, '
2026-04-27 13:12:14.472 10 INFO neutron.wsgi [req-fad524a0-a6f2-4a4c-baf9-7d456b6f8e85 req-31f04ce0-bfe4-4b07-a9c6-7e7dbd997c46 497dfa2df49b4578adcde435a533d128 c71068f4848747c6a2c7c347e78cac3a - - default default] 10.0.0.49 "GET /v2.0/ports?device_id=28c0703e-b723-4a20-ad8a-d8c3835bf6a1 HTTP/1.1" status: 200 len: 1174 time: 0.0364137
2026-04-27 13:12:14.505 9 INFO neutron.wsgi [req-475a2e1a-0015-4194-97d3-f41aa46ab3a1 req-8246f1b2-c0ae-45b7-bfea-6cd1821d0582 d646a79a281b41cdb3a2125c0576a83c 0e5965c7d9cb44958f9dd60fe9a63b49 - - default default] 10.0.0.49 "GET /v2.0/security-groups?id=9abb770a-6f17-4580-ab0f-53b9f24f1dff&fields=id&fields=name HTTP/1.1" status: 200 len: 311 time: 0.0998869
2026-04-27 13:12:14.543 9 INFO neutron.wsgi [None req-c71d531d-126d-4146-b6f9-7ee7b49b455d c4308a2672714ec0aad83ae114ba96e3 b92db3abeae74d5e8b4261adf0d67bf2 - - default default] 10.0.0.162 "GET /v2.0/ports HTTP/1.1" status: 200 len: 3213 time: 0.2213991
2026-04-27 13:12:14.573 10 INFO neutron.wsgi [req-ee817713-00c5-4e75-8ec4-d855e199fd12 req-84f8adb3-7e0d-469c-b37c-d17e4bba3960 7f398acef5df4c33bca6183ae41ad068 387d00d45f3249d68f8ac214b63f1413 - - 57bd1b6a1e4c4b43a0b4474c3721d38b 57bd1b6a1e4c4b43a0b4474c3721d38b] 10.0.0.15 "GET /v2.0/ports?device_id=1f6b5212-b662-4873-8230-edf4565078b6 HTTP/1.1" status: 200 len: 1409 time: 0.1907301
2026-04-27 13:12:14.578 10 INFO neutron.wsgi [req-fad524a0-a6f2-4a4c-baf9-7d456b6f8e85 req-b2dd1a75-b8d0-41ec-a395-85ed46ea60a1 497dfa2df49b4578adcde435a533d128 c71068f4848747c6a2c7c347e78cac3a - - default default] 10.0.0.49 "GET /v2.0/security-groups?id=6f01d6ac-0596-49ec-8eef-dabae39bf5e8&fields=id&fields=name HTTP/1.1" status: 200 len: 313 time: 0.0990374
2026-04-27 13:12:14.649 10 INFO neutron.wsgi [req-ee817713-00c5-4e75-8ec4-d855e199fd12 req-cd63ac94-11f6-4be1-b387-7274371f3e7e 7f398acef5df4c33bca6183ae41ad068 387d00d45f3249d68f8ac214b63f1413 - - 57bd1b6a1e4c4b43a0b4474c3721d38b 57bd1b6a1e4c4b43a0b4474c3721d38b] 10.0.0.15 "GET /v2.0/security-groups?id=35e091ff-d2ad-45bc-af76-35e89e459945&fields=id&fields=name HTTP/1.1" status: 200 len: 313 time: 0.0663173
2026-04-27 13:12:14.733 10 INFO neutron.wsgi [-] 10.0.0.89 "GET / HTTP/1.1" status: 200 len: 247 time: 0.0018246
2026-04-27 13:12:14.735 10 INFO neutron.wsgi [-] 10.0.0.89 "GET / HTTP/1.1" status: 200 len: 247 time: 0.0011175
2026-04-27 13:12:14.888 10 INFO neutron.plugins.ml2.drivers.ovn.mech_driver.mech_driver [None req-e359b775-eaeb-466c-949d-6af974516fab - - - - - -] OVN reports status up for port: 4b93de18-3612-4fb2-a2a9-4d6193f5fed5
2026-04-27 13:12:14.892 9 INFO neutron.wsgi [req-9d9b69b3-4dec-4ce9-b268-41fe96fe83dc req-b67234bc-4ed3-47d7-a8b8-f2209555a73d 497dfa2df49b4578adcde435a533d128 c71068f4848747c6a2c7c347e78cac3a - - default default] 10.0.0.49 "GET /v2.0/ports?device_id=28c0703e-b723-4a20-ad8a-d8c3835bf6a1 HTTP/1.1" status: 200 len: 1174 time: 0.1611786
2026-04-27 13:12:14.900 10 INFO neutron.plugins.ml2.plugin [None req-e359b775-eaeb-466c-949d-6af974516fab - - - - - -] Attempt 1 to provision port 4b93de18-3612-4fb2-a2a9-4d6193f5fed5
2026-04-27 13:12:14.936 9 INFO neutron.wsgi [None req-3cf89249-3a0e-4f36-8696-fce7bcc2754d c4308a2672714ec0aad83ae114ba96e3 b92db3abeae74d5e8b4261adf0d67bf2 - - default default] 10.0.0.162 "DELETE /v2.0/ports/7b7789e9-cb80-4b96-87da-84db5b3abb34 HTTP/1.1" status: 204 len: 168 time: 0.3877397
2026-04-27 13:12:15.098 10 INFO neutron.notifiers.nova [-] Nova event matching ['req-b352ecea-43d0-4f95-aab9-1466bf720a1c'] response: {'server_uuid': '28c0703e-b723-4a20-ad8a-d8c3835bf6a1', 'name': 'network-vif-plugged', 'status': 'completed', 'tag': '77636675-8114-44dc-86b4-37934fb1adcb', 'code': 200}
2026-04-27 13:12:15.098 10 INFO neutron.notifiers.nova [-] Nova event matching ['req-b352ecea-43d0-4f95-aab9-1466bf720a1c'] response: {'server_uuid': '12df9c86-b933-440d-8500-e2d281f1912b', 'name': 'network-vif-plugged', 'status': 'completed', 'tag': '4b93de18-3612-4fb2-a2a9-4d6193f5fed5', 'code': 200}
2026-04-27 13:12:15.226 9 INFO neutron.db.l3_db [None req-d12dd569-1038-47df-b12a-8db3dbf051d2 497dfa2df49b4578adcde435a533d128 c71068f4848747c6a2c7c347e78cac3a - - default default] Floating IP 58a3cf31-236c-44f6-b752-636faefa0260 associated. External IP: 10.96.250.217, port: 77636675-8114-44dc-86b4-37934fb1adcb.
2026-04-27 13:12:15.276 10 INFO neutron.db.ovn_revision_numbers_db [None req-e359b775-eaeb-466c-949d-6af974516fab - - - - - -] Successfully bumped revision number for resource 4b93de18-3612-4fb2-a2a9-4d6193f5fed5 (type: ports) to 4
2026-04-27 13:12:15.341 9 INFO neutron.wsgi [None req-4f1fa4dc-1c38-46b8-a246-788aedb5809a c4308a2672714ec0aad83ae114ba96e3 b92db3abeae74d5e8b4261adf0d67bf2 - - default default] 10.0.0.162 "DELETE /v2.0/ports/74696b76-7cc5-48c4-b872-f2c680142cb4 HTTP/1.1" status: 204 len: 168 time: 0.3991148 /var/lib/openstack/lib/python3.10/site-packages/pycadf/identifier.py:71: UserWarning: Invalid uuid: neutron. To ensure interoperability, identifiers should be a valid uuid. warnings.warn(('Invalid uuid: %s. To ensure interoperability, '
2026-04-27 13:12:15.439 9 INFO neutron.db.ovn_revision_numbers_db [None req-d12dd569-1038-47df-b12a-8db3dbf051d2 497dfa2df49b4578adcde435a533d128 c71068f4848747c6a2c7c347e78cac3a - - default default] Successfully bumped revision number for resource 58a3cf31-236c-44f6-b752-636faefa0260 (type: floatingips) to 1
2026-04-27 13:12:15.490 10 INFO neutron.wsgi [None req-d0120804-f4e2-4575-8102-36cacdc114db c4308a2672714ec0aad83ae114ba96e3 b92db3abeae74d5e8b4261adf0d67bf2 - - default default] 10.0.0.162 "GET /v2.0/ports HTTP/1.1" status: 200 len: 1718 time: 0.1451280
2026-04-27 13:12:15.565 9 INFO neutron.db.ovn_revision_numbers_db [None req-d12dd569-1038-47df-b12a-8db3dbf051d2 497dfa2df49b4578adcde435a533d128 c71068f4848747c6a2c7c347e78cac3a - - default default] Successfully bumped revision number for resource 58a3cf31-236c-44f6-b752-636faefa0260 (type: floatingips) to 2
2026-04-27 13:12:15.587 9 INFO neutron.wsgi [None req-d12dd569-1038-47df-b12a-8db3dbf051d2 497dfa2df49b4578adcde435a533d128 c71068f4848747c6a2c7c347e78cac3a - - default default] 10.0.0.162 "PUT /v2.0/floatingips/58a3cf31-236c-44f6-b752-636faefa0260 HTTP/1.1" status: 200 len: 1050 time: 0.6798520
2026-04-27 13:12:15.596 10 INFO neutron.db.segments_db [None req-2ca03427-6ee3-4177-8f7e-06fb70790115 c4308a2672714ec0aad83ae114ba96e3 b92db3abeae74d5e8b4261adf0d67bf2 - - default default] Added segment 8ee6938a-2a39-437c-93c5-58a84da10d58 of type geneve for network 35c41ef3-3c99-4313-b0d8-a2f9443429c8 /var/lib/openstack/lib/python3.10/site-packages/pycadf/identifier.py:71: UserWarning: Invalid uuid: neutron. To ensure interoperability, identifiers should be a valid uuid. warnings.warn(('Invalid uuid: %s. To ensure interoperability, '
2026-04-27 13:12:15.714 10 INFO neutron.wsgi [req-0e48ad6d-bcca-42bb-8edb-abff3ca720ac req-419963c0-3a7f-449b-b385-a0b67e57ed02 497dfa2df49b4578adcde435a533d128 c71068f4848747c6a2c7c347e78cac3a - - default default] 10.0.0.49 "GET /v2.0/ports?device_id=28c0703e-b723-4a20-ad8a-d8c3835bf6a1 HTTP/1.1" status: 200 len: 1174 time: 0.0442786
2026-04-27 13:12:15.715 9 INFO neutron.wsgi [req-e15f4308-5340-43d1-8271-fc8c40977f06 req-3b6df0e9-9187-4847-92cf-542fcaccdeca d646a79a281b41cdb3a2125c0576a83c 0e5965c7d9cb44958f9dd60fe9a63b49 - - default default] 10.0.0.49 "GET /v2.0/ports?device_id=12df9c86-b933-440d-8500-e2d281f1912b HTTP/1.1" status: 200 len: 1174 time: 0.0858009
2026-04-27 13:12:15.788 9 INFO neutron.wsgi [req-e15f4308-5340-43d1-8271-fc8c40977f06 req-28e84b2d-9646-47d8-9606-2c321c997b6b d646a79a281b41cdb3a2125c0576a83c 0e5965c7d9cb44958f9dd60fe9a63b49 - - default default] 10.0.0.49 "GET /v2.0/security-groups?id=9abb770a-6f17-4580-ab0f-53b9f24f1dff&fields=id&fields=name HTTP/1.1" status: 200 len: 311 time: 0.0624466
2026-04-27 13:12:15.812 10 INFO neutron.wsgi [req-0e48ad6d-bcca-42bb-8edb-abff3ca720ac req-ba2ac17f-8255-4428-8459-33442daff3c7 497dfa2df49b4578adcde435a533d128 c71068f4848747c6a2c7c347e78cac3a - - default default] 10.0.0.49 "GET /v2.0/security-groups?id=6f01d6ac-0596-49ec-8eef-dabae39bf5e8&fields=id&fields=name HTTP/1.1" status: 200 len: 313 time: 0.0849481
2026-04-27 13:12:15.826 10 INFO neutron.db.ovn_revision_numbers_db [None req-2ca03427-6ee3-4177-8f7e-06fb70790115 c4308a2672714ec0aad83ae114ba96e3 b92db3abeae74d5e8b4261adf0d67bf2 - - default default] Successfully bumped revision number for resource 35c41ef3-3c99-4313-b0d8-a2f9443429c8 (type: networks) to 1
2026-04-27 13:12:15.872 9 INFO neutron.notifiers.nova [-] Nova event matching ['req-3720be9a-57d6-41e8-af29-7ff0f39543ee'] response: {'name': 'network-changed', 'server_uuid': '28c0703e-b723-4a20-ad8a-d8c3835bf6a1', 'tag': '77636675-8114-44dc-86b4-37934fb1adcb', 'status': 'completed', 'code': 200}
2026-04-27 13:12:16.061 10 WARNING neutron.scheduler.dhcp_agent_scheduler [None req-2ca03427-6ee3-4177-8f7e-06fb70790115 c4308a2672714ec0aad83ae114ba96e3 b92db3abeae74d5e8b4261adf0d67bf2 - - default default] No more DHCP agents
2026-04-27 13:12:16.064 10 WARNING neutron.api.rpc.agentnotifiers.dhcp_rpc_agent_api [None req-2ca03427-6ee3-4177-8f7e-06fb70790115 c4308a2672714ec0aad83ae114ba96e3 b92db3abeae74d5e8b4261adf0d67bf2 - - default default] Unable to schedule network 35c41ef3-3c99-4313-b0d8-a2f9443429c8: no agents available; will retry on subsequent port and subnet creation events.
2026-04-27 13:12:16.149 9 INFO neutron.wsgi [req-3a24bbf6-fffa-4a0f-81f6-127b1db69d56 req-b59b0121-ec61-4b73-aa8a-a75a3588b01b 7f398acef5df4c33bca6183ae41ad068 387d00d45f3249d68f8ac214b63f1413 - - 57bd1b6a1e4c4b43a0b4474c3721d38b 57bd1b6a1e4c4b43a0b4474c3721d38b] 199.19.213.145 "GET /v2.0/ports?tenant_id=c71068f4848747c6a2c7c347e78cac3a&device_id=28c0703e-b723-4a20-ad8a-d8c3835bf6a1 HTTP/1.1" status: 200 len: 1413 time: 0.2575448
2026-04-27 13:12:16.190 10 INFO neutron.db.ovn_revision_numbers_db [None req-2ca03427-6ee3-4177-8f7e-06fb70790115 c4308a2672714ec0aad83ae114ba96e3 b92db3abeae74d5e8b4261adf0d67bf2 - - default default] Successfully bumped revision number for resource 4902a3d3-0034-4945-8526-8bceb2028cd8 (type: ports) to 1
2026-04-27 13:12:16.221 10 INFO neutron.plugins.ml2.drivers.ovn.mech_driver.mech_driver [None req-e359b775-eaeb-466c-949d-6af974516fab - - - - - -] OVN reports status down for port: 77636675-8114-44dc-86b4-37934fb1adcb
2026-04-27 13:12:16.225 9 INFO neutron.wsgi [req-3a24bbf6-fffa-4a0f-81f6-127b1db69d56 req-b52ba586-5dd5-4acd-9da1-55975bedb5ca 7f398acef5df4c33bca6183ae41ad068 387d00d45f3249d68f8ac214b63f1413 - - 57bd1b6a1e4c4b43a0b4474c3721d38b 57bd1b6a1e4c4b43a0b4474c3721d38b] 199.19.213.145 "GET /v2.0/networks?id=d20612ff-4691-4aee-81b9-577337e72654 HTTP/1.1" status: 200 len: 968 time: 0.0676086
2026-04-27 13:12:16.243 10 INFO neutron.wsgi [None req-2ca03427-6ee3-4177-8f7e-06fb70790115 c4308a2672714ec0aad83ae114ba96e3 b92db3abeae74d5e8b4261adf0d67bf2 - - default default] 10.0.0.162 "POST /v2.0/networks HTTP/1.1" status: 201 len: 849 time: 0.7460673
2026-04-27 13:12:16.250 10 INFO neutron.wsgi [req-2b2b465f-97d9-48e2-90ea-7dbd7fa63559 req-b44fd816-f427-4307-8678-4c56730ef06f 497dfa2df49b4578adcde435a533d128 c71068f4848747c6a2c7c347e78cac3a - - default default] 10.0.0.49 "GET /v2.0/ports?device_id=28c0703e-b723-4a20-ad8a-d8c3835bf6a1 HTTP/1.1" status: 200 len: 1174 time: 0.0770528
2026-04-27 13:12:16.277 9 INFO neutron.wsgi [req-3a24bbf6-fffa-4a0f-81f6-127b1db69d56 req-d5033145-37d5-4012-a51e-e3aed503e38b 7f398acef5df4c33bca6183ae41ad068 387d00d45f3249d68f8ac214b63f1413 - - 57bd1b6a1e4c4b43a0b4474c3721d38b 57bd1b6a1e4c4b43a0b4474c3721d38b] 199.19.213.145 "GET /v2.0/floatingips?fixed_ip_address=10.100.0.13&port_id=77636675-8114-44dc-86b4-37934fb1adcb HTTP/1.1" status: 200 len: 1060 time: 0.0441194
2026-04-27 13:12:16.315 10 INFO neutron.wsgi [req-2b2b465f-97d9-48e2-90ea-7dbd7fa63559 req-fb1f1e7d-28e8-4977-a027-df5b7878a8a9 497dfa2df49b4578adcde435a533d128 c71068f4848747c6a2c7c347e78cac3a - - default default] 10.0.0.49 "GET /v2.0/security-groups?id=6f01d6ac-0596-49ec-8eef-dabae39bf5e8&fields=id&fields=name HTTP/1.1" status: 200 len: 313 time: 0.0541248
2026-04-27 13:12:16.324 9 INFO neutron.wsgi [req-3a24bbf6-fffa-4a0f-81f6-127b1db69d56 req-96028f47-26c1-42cc-a361-4601d7b831eb 7f398acef5df4c33bca6183ae41ad068 387d00d45f3249d68f8ac214b63f1413 - - 57bd1b6a1e4c4b43a0b4474c3721d38b 57bd1b6a1e4c4b43a0b4474c3721d38b] 199.19.213.145 "GET /v2.0/subnets?id=e5deef14-f293-4e06-9166-d7fc9d44ed88 HTTP/1.1" status: 200 len: 863 time: 0.0387642
2026-04-27 13:12:16.373 9 INFO neutron.wsgi [req-3a24bbf6-fffa-4a0f-81f6-127b1db69d56 req-5c880c65-73ef-491b-aa2c-cd06491409ee 7f398acef5df4c33bca6183ae41ad068 387d00d45f3249d68f8ac214b63f1413 - - 57bd1b6a1e4c4b43a0b4474c3721d38b 57bd1b6a1e4c4b43a0b4474c3721d38b] 199.19.213.145 "GET /v2.0/ports?network_id=d20612ff-4691-4aee-81b9-577337e72654&device_owner=network%3Adhcp HTTP/1.1" status: 200 len: 210 time: 0.0426686
2026-04-27 13:12:16.388 10 INFO neutron.db.segments_db [None req-266668b1-5a9f-4457-a748-9f6436102d22 c4308a2672714ec0aad83ae114ba96e3 b92db3abeae74d5e8b4261adf0d67bf2 - - default default] Added segment 92138a7c-d6ee-43b6-b1db-1bdca7fb94cd of type geneve for network ed5ae640-a008-4675-8f8d-126a3d1fdc24
2026-04-27 13:12:16.440 9 INFO neutron.wsgi [req-3a24bbf6-fffa-4a0f-81f6-127b1db69d56 req-23ab502d-427a-4c61-8c28-d7dbdb16e847 7f398acef5df4c33bca6183ae41ad068 387d00d45f3249d68f8ac214b63f1413 - - 57bd1b6a1e4c4b43a0b4474c3721d38b 57bd1b6a1e4c4b43a0b4474c3721d38b] 199.19.213.145 "GET /v2.0/networks/d20612ff-4691-4aee-81b9-577337e72654?fields=segments HTTP/1.1" status: 200 len: 212 time: 0.0606964
2026-04-27 13:12:16.513 9 INFO neutron.wsgi [req-3a24bbf6-fffa-4a0f-81f6-127b1db69d56 req-be18fc9f-ac3a-4647-bf2b-96ed809c1f9e 7f398acef5df4c33bca6183ae41ad068 387d00d45f3249d68f8ac214b63f1413 - - 57bd1b6a1e4c4b43a0b4474c3721d38b 57bd1b6a1e4c4b43a0b4474c3721d38b] 199.19.213.145 "GET /v2.0/networks/d20612ff-4691-4aee-81b9-577337e72654?fields=provider%3Aphysical_network&fields=provider%3Anetwork_type HTTP/1.1" status: 200 len: 277 time: 0.0652592
2026-04-27 13:12:16.555 9 INFO neutron.wsgi [req-988624be-c785-47c7-8b81-3fec41ed09f9 req-1b3b6c97-367f-40dd-bcbb-56a28143be9e 497dfa2df49b4578adcde435a533d128 c71068f4848747c6a2c7c347e78cac3a - - default default] 199.19.213.145 "GET /v2.0/ports?device_id=28c0703e-b723-4a20-ad8a-d8c3835bf6a1 HTTP/1.1" status: 200 len: 1172 time: 0.0412245
2026-04-27 13:12:16.619 10 INFO neutron.db.ovn_revision_numbers_db [None req-266668b1-5a9f-4457-a748-9f6436102d22 c4308a2672714ec0aad83ae114ba96e3 b92db3abeae74d5e8b4261adf0d67bf2 - - default default] Successfully bumped revision number for resource ed5ae640-a008-4675-8f8d-126a3d1fdc24 (type: networks) to 1
2026-04-27 13:12:16.696 10 INFO neutron.db.ovn_revision_numbers_db [None req-e359b775-eaeb-466c-949d-6af974516fab - - - - - -] Successfully bumped revision number for resource 77636675-8114-44dc-86b4-37934fb1adcb (type: ports) to 5
