2026-04-27 13:14:23.826 10 INFO neutron.wsgi [None req-018c92c2-de1d-49bf-94b3-5b46bdd0d267 daff809c20c0471ebdc5015d3d02a8ae 5f0cad3e4b874a51b6baea6ffefbceb0 - - default default] 10.0.0.162 "POST /v2.0/security-group-rules HTTP/1.1" status: 201 len: 768 time: 0.2132323
2026-04-27 13:14:23.862 10 INFO neutron.db.securitygroups_db [None req-e4ed41e3-b83d-406f-b8f7-1ec65d31e64a daff809c20c0471ebdc5015d3d02a8ae 5f0cad3e4b874a51b6baea6ffefbceb0 - - default default] Project 5f0cad3e4b874a51b6baea6ffefbceb0 added a security group rule with legacy IPv6 ICMP protocol name icmp, ipv6-icmp should be used instead. It was automatically converted.
2026-04-27 13:14:23.981 10 INFO neutron.wsgi [None req-11a3352a-5f9c-460f-9bd9-c4ae5769f9ae c517ae173a534c19b2056e9792252a97 3f39e3c30eba471790275b3bdd63032c - - default default] 10.0.0.162 "DELETE /v2.0/subnets/7791c9f0-0346-4955-8f8b-f4b982d823bb HTTP/1.1" status: 204 len: 168 time: 0.2039843
2026-04-27 13:14:23.992 10 INFO neutron.db.ovn_revision_numbers_db [None req-e4ed41e3-b83d-406f-b8f7-1ec65d31e64a daff809c20c0471ebdc5015d3d02a8ae 5f0cad3e4b874a51b6baea6ffefbceb0 - - default default] Successfully bumped revision number for resource edafd4fa-52ae-478a-bbc9-21f06814c726 (type: security_group_rules) to 0
2026-04-27 13:14:24.042 10 INFO neutron.wsgi [None req-e4ed41e3-b83d-406f-b8f7-1ec65d31e64a daff809c20c0471ebdc5015d3d02a8ae 5f0cad3e4b874a51b6baea6ffefbceb0 - - default default] 10.0.0.162 "POST /v2.0/security-group-rules HTTP/1.1" status: 201 len: 774 time: 0.2087276
2026-04-27 13:14:24.056 9 INFO neutron.db.ovn_revision_numbers_db [None req-04ccfd8e-c45c-4755-a6aa-ba01ef18315f c517ae173a534c19b2056e9792252a97 3f39e3c30eba471790275b3bdd63032c - - default default] Successfully bumped revision number for resource 9d6222ed-30ad-489f-8c20-5422095b6860 (type: security_groups) to 1
2026-04-27 13:14:24.068 9 INFO neutron.db.ovn_revision_numbers_db [None req-04ccfd8e-c45c-4755-a6aa-ba01ef18315f c517ae173a534c19b2056e9792252a97 3f39e3c30eba471790275b3bdd63032c - - default default] Successfully bumped revision number for resource 127e1d31-17f5-4866-8f32-ca8e149c0b6d (type: security_group_rules) to 0
2026-04-27 13:14:24.075 10 INFO neutron.db.securitygroups_db [None req-032641b2-1309-49d7-9ec4-33571714def2 daff809c20c0471ebdc5015d3d02a8ae 5f0cad3e4b874a51b6baea6ffefbceb0 - - default default] Project 5f0cad3e4b874a51b6baea6ffefbceb0 added a security group rule with legacy IPv6 ICMP protocol name icmp, ipv6-icmp should be used instead. It was automatically converted.
2026-04-27 13:14:24.084 9 INFO neutron.db.ovn_revision_numbers_db [None req-04ccfd8e-c45c-4755-a6aa-ba01ef18315f c517ae173a534c19b2056e9792252a97 3f39e3c30eba471790275b3bdd63032c - - default default] Successfully bumped revision number for resource 3bb85f60-29fe-4696-acc0-eb70ea6b5977 (type: security_group_rules) to 0
2026-04-27 13:14:24.101 9 INFO neutron.db.ovn_revision_numbers_db [None req-04ccfd8e-c45c-4755-a6aa-ba01ef18315f c517ae173a534c19b2056e9792252a97 3f39e3c30eba471790275b3bdd63032c - - default default] Successfully bumped revision number for resource 4c3f1aec-fc04-4f29-88c7-47a6c54d1057 (type: security_group_rules) to 0
2026-04-27 13:14:24.119 9 INFO neutron.db.ovn_revision_numbers_db [None req-04ccfd8e-c45c-4755-a6aa-ba01ef18315f c517ae173a534c19b2056e9792252a97 3f39e3c30eba471790275b3bdd63032c - - default default] Successfully bumped revision number for resource 67341d3e-8e4e-452a-adc5-8d69093ab8c9 (type: security_group_rules) to 0
2026-04-27 13:14:24.149 9 INFO neutron.wsgi [None req-04ccfd8e-c45c-4755-a6aa-ba01ef18315f c517ae173a534c19b2056e9792252a97 3f39e3c30eba471790275b3bdd63032c - - default default] 10.0.0.162 "GET /v2.0/security-groups?tenant_id=d03e2284e4ab4c7b92be13b56dba7011&name=default HTTP/1.1" status: 200 len: 2996 time: 0.3971131
2026-04-27 13:14:24.234 10 INFO neutron.db.ovn_revision_numbers_db [None req-032641b2-1309-49d7-9ec4-33571714def2 daff809c20c0471ebdc5015d3d02a8ae 5f0cad3e4b874a51b6baea6ffefbceb0 - - default default] Successfully bumped revision number for resource 0c22c7d3-61d5-4029-a12b-283fab51c4aa (type: security_group_rules) to 0
2026-04-27 13:14:24.263 10 INFO neutron.wsgi [None req-032641b2-1309-49d7-9ec4-33571714def2 daff809c20c0471ebdc5015d3d02a8ae 5f0cad3e4b874a51b6baea6ffefbceb0 - - default default] 10.0.0.162 "POST /v2.0/security-group-rules HTTP/1.1" status: 201 len: 773 time: 0.2156682
2026-04-27 13:14:24.386 9 INFO neutron.wsgi [None req-9781bddd-a59e-4bf9-8e69-a6de1b498bcc c517ae173a534c19b2056e9792252a97 3f39e3c30eba471790275b3bdd63032c - - default default] 10.0.0.162 "DELETE /v2.0/security-groups/9d6222ed-30ad-489f-8c20-5422095b6860 HTTP/1.1" status: 204 len: 168 time: 0.2327781
2026-04-27 13:14:24.459 10 INFO neutron.wsgi [None req-6aa4ef6c-936a-4717-b3d9-6a2aba5a28c3 c517ae173a534c19b2056e9792252a97 3f39e3c30eba471790275b3bdd63032c - - default default] 10.0.0.162 "DELETE /v2.0/networks/68fb2d1c-e93b-4f77-8fa2-5b375de87f2b HTTP/1.1" status: 204 len: 168 time: 0.4720564
2026-04-27 13:14:24.617 9 INFO neutron.db.ovn_revision_numbers_db [None req-6c9ae8cb-98e3-49f8-8fda-d88dfce4c812 c517ae173a534c19b2056e9792252a97 3f39e3c30eba471790275b3bdd63032c - - default default] Successfully bumped revision number for resource 3748cd39-2735-46af-80d9-8df1fc3f441b (type: security_groups) to 1
2026-04-27 13:14:24.641 9 INFO neutron.db.ovn_revision_numbers_db [None req-6c9ae8cb-98e3-49f8-8fda-d88dfce4c812 c517ae173a534c19b2056e9792252a97 3f39e3c30eba471790275b3bdd63032c - - default default] Successfully bumped revision number for resource 010f1f8b-eb99-45cc-b394-1d8fa2a4d4b0 (type: security_group_rules) to 0
2026-04-27 13:14:24.663 9 INFO neutron.db.ovn_revision_numbers_db [None req-6c9ae8cb-98e3-49f8-8fda-d88dfce4c812 c517ae173a534c19b2056e9792252a97 3f39e3c30eba471790275b3bdd63032c - - default default] Successfully bumped revision number for resource 7c04e35e-d58e-4426-a34d-8df65eab5fa7 (type: security_group_rules) to 0
2026-04-27 13:14:24.672 9 INFO neutron.wsgi [None req-523320e1-ba59-4f49-b6e0-8a6e0eab0a79 c517ae173a534c19b2056e9792252a97 3f39e3c30eba471790275b3bdd63032c - - default default] 10.0.0.162 "GET /v2.0/security-groups?tenant_id=95f5605e54c84fbab4ee6b1b7fb949e8&name=default HTTP/1.1" status: 200 len: 2996 time: 0.0443535
2026-04-27 13:14:24.677 9 INFO neutron.db.ovn_revision_numbers_db [None req-6c9ae8cb-98e3-49f8-8fda-d88dfce4c812 c517ae173a534c19b2056e9792252a97 3f39e3c30eba471790275b3bdd63032c - - default default] Successfully bumped revision number for resource 829f8918-aa0d-4c58-a15d-e2232678f571 (type: security_group_rules) to 0
2026-04-27 13:14:24.698 9 INFO neutron.db.ovn_revision_numbers_db [None req-6c9ae8cb-98e3-49f8-8fda-d88dfce4c812 c517ae173a534c19b2056e9792252a97 3f39e3c30eba471790275b3bdd63032c - - default default] Successfully bumped revision number for resource 8f51f2c6-a585-409c-b352-702ae0687f69 (type: security_group_rules) to 0
2026-04-27 13:14:24.725 9 INFO neutron.wsgi [None req-6c9ae8cb-98e3-49f8-8fda-d88dfce4c812 c517ae173a534c19b2056e9792252a97 3f39e3c30eba471790275b3bdd63032c - - default default] 10.0.0.162 "GET /v2.0/security-groups?tenant_id=6151abe3cea9477981a00df70d321188&name=default HTTP/1.1" status: 200 len: 2996 time: 0.2359955
2026-04-27 13:14:24.754 10 INFO neutron.services.segments.plugin [-] Segment cc0cc30e-faef-4392-b9e1-f8a879f98248 resource provider aggregate not found
2026-04-27 13:14:24.773 10 INFO neutron.services.segments.plugin [-] Segment cc0cc30e-faef-4392-b9e1-f8a879f98248 resource provider not found; error: Placement Client Error (4xx): {"errors": [{"status": 404, "title": "Not Found", "detail": "The resource could not be found.\n\n No resource provider with uuid cc0cc30e-faef-4392-b9e1-f8a879f98248 found for delete ", "request_id": "req-07bb588f-591a-4393-8091-88c7fb5480d8"}]}
2026-04-27 13:14:24.812 10 INFO neutron.services.segments.plugin [-] Segment f95ef20e-88b9-4f6f-acb7-02f0dcce3628 resource provider aggregate not found
2026-04-27 13:14:24.819 10 INFO neutron.services.segments.plugin [-] Segment cc0cc30e-faef-4392-b9e1-f8a879f98248 resource provider aggregate not found
2026-04-27 13:14:24.841 10 INFO neutron.services.segments.plugin [-] Segment f95ef20e-88b9-4f6f-acb7-02f0dcce3628 resource provider not found; error: Placement Client Error (4xx): {"errors": [{"status": 404, "title": "Not Found", "detail": "The resource could not be found.\n\n No resource provider with uuid f95ef20e-88b9-4f6f-acb7-02f0dcce3628 found for delete ", "request_id": "req-bb385145-ceaa-423d-9744-d1b4804913a1"}]}
2026-04-27 13:14:24.857 10 INFO neutron.services.segments.plugin [-] Segment cc0cc30e-faef-4392-b9e1-f8a879f98248 resource provider not found; error: Placement Client Error (4xx): {"errors": [{"status": 404, "title": "Not Found", "detail": "The resource could not be found.\n\n No resource provider with uuid cc0cc30e-faef-4392-b9e1-f8a879f98248 found for delete ", "request_id": "req-c57e0fc6-2206-40b7-9f8d-2a712c552171"}]}
2026-04-27 13:14:24.886 10 INFO neutron.services.segments.plugin [-] Segment f95ef20e-88b9-4f6f-acb7-02f0dcce3628 resource provider aggregate not found
2026-04-27 13:14:24.907 10 INFO neutron.services.segments.plugin [-] Segment f95ef20e-88b9-4f6f-acb7-02f0dcce3628 resource provider not found; error: Placement Client Error (4xx): {"errors": [{"status": 404, "title": "Not Found", "detail": "The resource could not be found.\n\n No resource provider with uuid f95ef20e-88b9-4f6f-acb7-02f0dcce3628 found for delete ", "request_id": "req-1e2035cb-04d8-4d57-8e7c-abefecb67200"}]}
2026-04-27 13:14:24.932 9 INFO neutron.wsgi [None req-8d62a5c4-652a-40cc-b0b3-382a21ecef2f c517ae173a534c19b2056e9792252a97 3f39e3c30eba471790275b3bdd63032c - - default default] 10.0.0.162 "DELETE /v2.0/security-groups/3748cd39-2735-46af-80d9-8df1fc3f441b HTTP/1.1" status: 204 len: 168 time: 0.2021739
2026-04-27 13:14:24.937 10 INFO neutron.wsgi [None req-4696f9ff-ec25-4c76-a0f6-456c17919dd8 daff809c20c0471ebdc5015d3d02a8ae 5f0cad3e4b874a51b6baea6ffefbceb0 - - default default] 10.0.0.162 "GET /v2.0/networks HTTP/1.1" status: 200 len: 1493 time: 0.3000855
2026-04-27 13:14:24.998 10 INFO neutron.wsgi [None req-845ad819-15ea-4b4f-9db7-f4fd2634d3ef c517ae173a534c19b2056e9792252a97 3f39e3c30eba471790275b3bdd63032c - - default default] 10.0.0.162 "DELETE /v2.0/security-groups/d1b20c84-7bf3-4e10-a885-6c869790876f HTTP/1.1" status: 204 len: 168 time: 0.3140416
2026-04-27 13:14:25.057 9 INFO neutron.wsgi [req-06b09fde-d216-423a-86c7-a26e075fb83a req-7165366b-a2e9-4876-8039-e03d7c0a3b62 daff809c20c0471ebdc5015d3d02a8ae 5f0cad3e4b874a51b6baea6ffefbceb0 - - default default] 10.0.0.49 "GET /v2.0/security-groups?name=tempest-secgroup-smoke-1551889254&fields=id&tenant_id=5f0cad3e4b874a51b6baea6ffefbceb0 HTTP/1.1" status: 200 len: 267 time: 0.0547338
2026-04-27 13:14:25.134 9 INFO neutron.wsgi [req-06b09fde-d216-423a-86c7-a26e075fb83a req-edfba830-3f77-4227-bd52-46a29f23837f daff809c20c0471ebdc5015d3d02a8ae 5f0cad3e4b874a51b6baea6ffefbceb0 - - default default] 10.0.0.49 "GET /v2.0/networks?id=25ef7348-494f-4d2f-aa67-414529c14492 HTTP/1.1" status: 200 len: 860 time: 0.0715032
2026-04-27 13:14:25.136 10 INFO neutron.wsgi [None req-34ea318a-bbe9-4e6e-a960-cc82f586a41a c517ae173a534c19b2056e9792252a97 3f39e3c30eba471790275b3bdd63032c - - default default] 10.0.0.162 "GET /v2.0/security-groups?tenant_id=a95e0668f06940839b8a21dd8f0d70be&name=default HTTP/1.1" status: 200 len: 2996 time: 0.0403080
2026-04-27 13:14:25.412 9 INFO neutron.wsgi [req-06b09fde-d216-423a-86c7-a26e075fb83a req-837fd405-9b6f-44d7-82a4-5a5588912637 daff809c20c0471ebdc5015d3d02a8ae 5f0cad3e4b874a51b6baea6ffefbceb0 - - default default] 10.0.0.49 "GET /v2.0/quotas/5f0cad3e4b874a51b6baea6ffefbceb0 HTTP/1.1" status: 200 len: 386 time: 0.2720876
2026-04-27 13:14:25.533 9 INFO neutron.wsgi [req-06b09fde-d216-423a-86c7-a26e075fb83a req-c1fa2abd-808c-4d83-855f-31444a7f72b8 daff809c20c0471ebdc5015d3d02a8ae 5f0cad3e4b874a51b6baea6ffefbceb0 - - default default] 10.0.0.49 "GET /v2.0/ports?tenant_id=5f0cad3e4b874a51b6baea6ffefbceb0&fields=id HTTP/1.1" status: 200 len: 302 time: 0.1137424
2026-04-27 13:14:25.618 9 INFO neutron.wsgi [req-06b09fde-d216-423a-86c7-a26e075fb83a req-ff481af6-bf53-4b46-b710-7d0d59d96aaf 7f398acef5df4c33bca6183ae41ad068 387d00d45f3249d68f8ac214b63f1413 - - 57bd1b6a1e4c4b43a0b4474c3721d38b 57bd1b6a1e4c4b43a0b4474c3721d38b] 10.0.0.49 "GET /v2.0/networks/25ef7348-494f-4d2f-aa67-414529c14492?fields=segments HTTP/1.1" status: 200 len: 212 time: 0.0694540
2026-04-27 13:14:25.682 9 INFO neutron.wsgi [req-06b09fde-d216-423a-86c7-a26e075fb83a req-e7e5f4c5-93a6-4102-a945-3e75f5045018 7f398acef5df4c33bca6183ae41ad068 387d00d45f3249d68f8ac214b63f1413 - - 57bd1b6a1e4c4b43a0b4474c3721d38b 57bd1b6a1e4c4b43a0b4474c3721d38b] 10.0.0.49 "GET /v2.0/networks/25ef7348-494f-4d2f-aa67-414529c14492?fields=provider%3Aphysical_network&fields=provider%3Anetwork_type HTTP/1.1" status: 200 len: 277 time: 0.0555842
2026-04-27 13:14:25.696 9 INFO neutron.wsgi [None req-6cb5de3f-d67d-4e88-a1a3-fb87d625891c c517ae173a534c19b2056e9792252a97 3f39e3c30eba471790275b3bdd63032c - - default default] 10.0.0.162 "DELETE /v2.0/security-groups/9f6ef6b0-92a9-49e3-8118-fac6331d6fe1 HTTP/1.1" status: 204 len: 168 time: 0.5562112
2026-04-27 13:14:25.833 10 INFO neutron.wsgi [req-d235481c-484a-4f7b-a354-46d6296a5bac req-680e4eaa-343b-4925-94f6-6330b31f5d88 daff809c20c0471ebdc5015d3d02a8ae 5f0cad3e4b874a51b6baea6ffefbceb0 - - default default] 10.0.0.49 "GET /v2.0/ports?device_id=988f44be-874c-4e03-a48c-b36052e8617e HTTP/1.1" status: 200 len: 210 time: 0.0234842
2026-04-27 13:14:26.553 9 INFO neutron.wsgi [req-06b09fde-d216-423a-86c7-a26e075fb83a req-6fa996e8-02e1-42c9-b7a4-b22b19a90998 daff809c20c0471ebdc5015d3d02a8ae 5f0cad3e4b874a51b6baea6ffefbceb0 - - default default] 199.19.213.145 "GET /v2.0/networks?id=25ef7348-494f-4d2f-aa67-414529c14492 HTTP/1.1" status: 200 len: 860 time: 0.0913043
2026-04-27 13:14:26.624 9 INFO neutron.wsgi [req-06b09fde-d216-423a-86c7-a26e075fb83a req-25c4027c-66dc-477c-aeb8-6c8d18e326c3 daff809c20c0471ebdc5015d3d02a8ae 5f0cad3e4b874a51b6baea6ffefbceb0 - - default default] 199.19.213.145 "GET /v2.0/security-groups?fields=id&fields=name&tenant_id=5f0cad3e4b874a51b6baea6ffefbceb0 HTTP/1.1" status: 200 len: 380 time: 0.0647202
2026-04-27 13:14:26.916 9 INFO neutron.wsgi [req-b6a622dd-c10d-4f71-b9aa-2f112e008faa req-81e53441-e1f3-4421-88f5-3ecb97aa5f94 daff809c20c0471ebdc5015d3d02a8ae 5f0cad3e4b874a51b6baea6ffefbceb0 - - default default] 10.0.0.49 "GET /v2.0/ports?device_id=988f44be-874c-4e03-a48c-b36052e8617e HTTP/1.1" status: 200 len: 210 time: 0.0192142
2026-04-27 13:14:26.976 9 WARNING neutron.scheduler.dhcp_agent_scheduler [req-06b09fde-d216-423a-86c7-a26e075fb83a req-6d072199-64be-4e7e-92b5-78b6149cdb47 daff809c20c0471ebdc5015d3d02a8ae 5f0cad3e4b874a51b6baea6ffefbceb0 - - default default] No more DHCP agents
2026-04-27 13:14:26.979 9 WARNING neutron.api.rpc.agentnotifiers.dhcp_rpc_agent_api [req-06b09fde-d216-423a-86c7-a26e075fb83a req-6d072199-64be-4e7e-92b5-78b6149cdb47 daff809c20c0471ebdc5015d3d02a8ae 5f0cad3e4b874a51b6baea6ffefbceb0 - - default default] Unable to schedule network 25ef7348-494f-4d2f-aa67-414529c14492: no agents available; will retry on subsequent port and subnet creation events.
2026-04-27 13:14:27.059 10 WARNING neutron.plugins.ml2.drivers.ovn.mech_driver.ovsdb.ovn_client [None req-e359b775-eaeb-466c-949d-6af974516fab - - - - - -] No hosting information found for port 269c3d37-5bb9-4484-b29a-f322300d8ac8: RuntimeError: No hosting information found for port 269c3d37-5bb9-4484-b29a-f322300d8ac8
2026-04-27 13:14:27.139 9 INFO neutron.db.ovn_revision_numbers_db [req-06b09fde-d216-423a-86c7-a26e075fb83a req-6d072199-64be-4e7e-92b5-78b6149cdb47 daff809c20c0471ebdc5015d3d02a8ae 5f0cad3e4b874a51b6baea6ffefbceb0 - - default default] Successfully bumped revision number for resource 44000849-1a46-4b65-a6ea-374bbb6d7578 (type: ports) to 1
2026-04-27 13:14:27.160 9 INFO neutron.wsgi [req-06b09fde-d216-423a-86c7-a26e075fb83a req-6d072199-64be-4e7e-92b5-78b6149cdb47 daff809c20c0471ebdc5015d3d02a8ae 5f0cad3e4b874a51b6baea6ffefbceb0 - - default default] 199.19.213.145 "POST /v2.0/ports HTTP/1.1" status: 201 len: 1158 time: 0.5225732 /var/lib/openstack/lib/python3.10/site-packages/pycadf/identifier.py:71: UserWarning: Invalid uuid: neutron. To ensure interoperability, identifiers should be a valid uuid. warnings.warn(('Invalid uuid: %s. To ensure interoperability, '
2026-04-27 13:14:27.581 9 INFO neutron.db.ovn_revision_numbers_db [req-06b09fde-d216-423a-86c7-a26e075fb83a req-6122fe1e-71b1-413c-a343-37549ed41334 7f398acef5df4c33bca6183ae41ad068 387d00d45f3249d68f8ac214b63f1413 - - 57bd1b6a1e4c4b43a0b4474c3721d38b 57bd1b6a1e4c4b43a0b4474c3721d38b] Successfully bumped revision number for resource 44000849-1a46-4b65-a6ea-374bbb6d7578 (type: ports) to 2
2026-04-27 13:14:27.781 9 INFO neutron.db.ovn_revision_numbers_db [req-06b09fde-d216-423a-86c7-a26e075fb83a req-6122fe1e-71b1-413c-a343-37549ed41334 7f398acef5df4c33bca6183ae41ad068 387d00d45f3249d68f8ac214b63f1413 - - 57bd1b6a1e4c4b43a0b4474c3721d38b 57bd1b6a1e4c4b43a0b4474c3721d38b] Successfully bumped revision number for resource 44000849-1a46-4b65-a6ea-374bbb6d7578 (type: ports) to 2
2026-04-27 13:14:27.796 9 INFO neutron.wsgi [req-06b09fde-d216-423a-86c7-a26e075fb83a req-6122fe1e-71b1-413c-a343-37549ed41334 7f398acef5df4c33bca6183ae41ad068 387d00d45f3249d68f8ac214b63f1413 - - 57bd1b6a1e4c4b43a0b4474c3721d38b 57bd1b6a1e4c4b43a0b4474c3721d38b] 199.19.213.145 "PUT /v2.0/ports/44000849-1a46-4b65-a6ea-374bbb6d7578 HTTP/1.1" status: 200 len: 1376 time: 0.6273582
2026-04-27 13:14:27.838 9 INFO neutron.notifiers.nova [-] Nova event matching ['req-9412585f-0f6e-436e-aa9b-2cbebe31da97'] response: {'name': 'network-changed', 'server_uuid': '988f44be-874c-4e03-a48c-b36052e8617e', 'tag': '44000849-1a46-4b65-a6ea-374bbb6d7578', 'status': 'completed', 'code': 200} /var/lib/openstack/lib/python3.10/site-packages/pycadf/identifier.py:71: UserWarning: Invalid uuid: neutron. To ensure interoperability, identifiers should be a valid uuid. warnings.warn(('Invalid uuid: %s. To ensure interoperability, '
2026-04-27 13:14:27.878 9 INFO neutron.wsgi [req-06b09fde-d216-423a-86c7-a26e075fb83a req-36a99557-861d-4261-bd22-1fc4dd89a352 7f398acef5df4c33bca6183ae41ad068 387d00d45f3249d68f8ac214b63f1413 - - 57bd1b6a1e4c4b43a0b4474c3721d38b 57bd1b6a1e4c4b43a0b4474c3721d38b] 199.19.213.145 "GET /v2.0/ports?tenant_id=5f0cad3e4b874a51b6baea6ffefbceb0&device_id=988f44be-874c-4e03-a48c-b36052e8617e HTTP/1.1" status: 200 len: 1407 time: 0.0286419
2026-04-27 13:14:27.908 9 INFO neutron.wsgi [req-06b09fde-d216-423a-86c7-a26e075fb83a req-5f3f4c51-56b2-4012-810e-4b8a40a501f9 7f398acef5df4c33bca6183ae41ad068 387d00d45f3249d68f8ac214b63f1413 - - 57bd1b6a1e4c4b43a0b4474c3721d38b 57bd1b6a1e4c4b43a0b4474c3721d38b] 199.19.213.145 "GET /v2.0/floatingips?fixed_ip_address=10.100.0.8&port_id=44000849-1a46-4b65-a6ea-374bbb6d7578 HTTP/1.1" status: 200 len: 217 time: 0.0245500
2026-04-27 13:14:27.945 9 INFO neutron.wsgi [req-06b09fde-d216-423a-86c7-a26e075fb83a req-b3c9f37c-f912-4412-ac6c-08d0c0e731af 7f398acef5df4c33bca6183ae41ad068 387d00d45f3249d68f8ac214b63f1413 - - 57bd1b6a1e4c4b43a0b4474c3721d38b 57bd1b6a1e4c4b43a0b4474c3721d38b] 199.19.213.145 "GET /v2.0/subnets?id=d3c876df-4898-4ccc-ab5a-9d199cca8e98 HTTP/1.1" status: 200 len: 853 time: 0.0326133
2026-04-27 13:14:27.976 9 INFO neutron.wsgi [req-06b09fde-d216-423a-86c7-a26e075fb83a req-9e7f74eb-9d85-4743-8360-c558c3faf97f 7f398acef5df4c33bca6183ae41ad068 387d00d45f3249d68f8ac214b63f1413 - - 57bd1b6a1e4c4b43a0b4474c3721d38b 57bd1b6a1e4c4b43a0b4474c3721d38b] 199.19.213.145 "GET /v2.0/ports?network_id=25ef7348-494f-4d2f-aa67-414529c14492&device_owner=network%3Adhcp HTTP/1.1" status: 200 len: 210 time: 0.0233970
2026-04-27 13:14:28.036 9 INFO neutron.wsgi [req-9967bc0e-3441-4dab-a4e0-3ea15185a14e req-cf691a14-c1c5-40ee-a09f-f100ad9b69e9 daff809c20c0471ebdc5015d3d02a8ae 5f0cad3e4b874a51b6baea6ffefbceb0 - - default default] 10.0.0.49 "GET /v2.0/ports?device_id=988f44be-874c-4e03-a48c-b36052e8617e HTTP/1.1" status: 200 len: 1168 time: 0.0533590
2026-04-27 13:14:28.070 9 INFO neutron.wsgi [req-06b09fde-d216-423a-86c7-a26e075fb83a req-8bf9559c-d9ba-4287-b412-937f403cd8dd 7f398acef5df4c33bca6183ae41ad068 387d00d45f3249d68f8ac214b63f1413 - - 57bd1b6a1e4c4b43a0b4474c3721d38b 57bd1b6a1e4c4b43a0b4474c3721d38b] 199.19.213.145 "GET /v2.0/networks/25ef7348-494f-4d2f-aa67-414529c14492?fields=segments HTTP/1.1" status: 200 len: 212 time: 0.0856476
2026-04-27 13:14:28.112 9 INFO neutron.wsgi [req-9967bc0e-3441-4dab-a4e0-3ea15185a14e req-fe5f4caf-d01c-449f-a3a9-6444797eda98 daff809c20c0471ebdc5015d3d02a8ae 5f0cad3e4b874a51b6baea6ffefbceb0 - - default default] 10.0.0.49 "GET /v2.0/security-groups?id=5a83d7fa-ee34-4a7d-b26e-41027256b4c0&fields=id&fields=name HTTP/1.1" status: 200 len: 313 time: 0.0660281
2026-04-27 13:14:28.156 9 INFO neutron.wsgi [req-06b09fde-d216-423a-86c7-a26e075fb83a req-68d04484-2d7a-4fa8-be83-a613f4d9e381 7f398acef5df4c33bca6183ae41ad068 387d00d45f3249d68f8ac214b63f1413 - - 57bd1b6a1e4c4b43a0b4474c3721d38b 57bd1b6a1e4c4b43a0b4474c3721d38b] 199.19.213.145 "GET /v2.0/networks/25ef7348-494f-4d2f-aa67-414529c14492?fields=provider%3Aphysical_network&fields=provider%3Anetwork_type HTTP/1.1" status: 200 len: 277 time: 0.0786674
2026-04-27 13:14:28.236 9 INFO neutron.wsgi [req-751c9213-1499-470a-b60b-9a599dcf767e req-4c7d104c-19da-41a9-a3b0-72a109d88d0c 7f398acef5df4c33bca6183ae41ad068 387d00d45f3249d68f8ac214b63f1413 - - 57bd1b6a1e4c4b43a0b4474c3721d38b 57bd1b6a1e4c4b43a0b4474c3721d38b] 199.19.213.145 "GET /v2.0/ports?tenant_id=5f0cad3e4b874a51b6baea6ffefbceb0&device_id=988f44be-874c-4e03-a48c-b36052e8617e HTTP/1.1" status: 200 len: 1407 time: 0.0380630
2026-04-27 13:14:28.337 9 INFO neutron.wsgi [req-751c9213-1499-470a-b60b-9a599dcf767e req-123eadcf-e5d0-42c4-9670-15190d200b09 7f398acef5df4c33bca6183ae41ad068 387d00d45f3249d68f8ac214b63f1413 - - 57bd1b6a1e4c4b43a0b4474c3721d38b 57bd1b6a1e4c4b43a0b4474c3721d38b] 199.19.213.145 "GET /v2.0/networks?id=25ef7348-494f-4d2f-aa67-414529c14492 HTTP/1.1" status: 200 len: 959 time: 0.0864196
2026-04-27 13:14:28.358 10 INFO neutron.db.ovn_revision_numbers_db [None req-a07843b0-ae2c-4e0a-80a1-672f8932130e c517ae173a534c19b2056e9792252a97 3f39e3c30eba471790275b3bdd63032c - - default default] Successfully bumped revision number for resource 98b72c3d-3a48-437a-a6e5-c27918bd6d68 (type: security_groups) to 1
2026-04-27 13:14:28.366 9 INFO neutron.wsgi [req-751c9213-1499-470a-b60b-9a599dcf767e req-5fe8ef1f-124a-43ff-8dce-94af8aae26c8 7f398acef5df4c33bca6183ae41ad068 387d00d45f3249d68f8ac214b63f1413 - - 57bd1b6a1e4c4b43a0b4474c3721d38b 57bd1b6a1e4c4b43a0b4474c3721d38b] 199.19.213.145 "GET /v2.0/floatingips?fixed_ip_address=10.100.0.8&port_id=44000849-1a46-4b65-a6ea-374bbb6d7578 HTTP/1.1" status: 200 len: 217 time: 0.0229537
2026-04-27 13:14:28.368 10 INFO neutron.plugins.ml2.drivers.ovn.mech_driver.mech_driver [None req-e359b775-eaeb-466c-949d-6af974516fab - - - - - -] OVN reports status up for port: 44000849-1a46-4b65-a6ea-374bbb6d7578
2026-04-27 13:14:28.382 10 INFO neutron.db.ovn_revision_numbers_db [None req-a07843b0-ae2c-4e0a-80a1-672f8932130e c517ae173a534c19b2056e9792252a97 3f39e3c30eba471790275b3bdd63032c - - default default] Successfully bumped revision number for resource 586490b8-8f18-453c-9583-c8317bea8f59 (type: security_group_rules) to 0
2026-04-27 13:14:28.390 10 INFO neutron.plugins.ml2.plugin [None req-e359b775-eaeb-466c-949d-6af974516fab - - - - - -] Attempt 1 to provision port 44000849-1a46-4b65-a6ea-374bbb6d7578
2026-04-27 13:14:28.407 9 INFO neutron.wsgi [req-751c9213-1499-470a-b60b-9a599dcf767e req-6412ab7a-4a89-46c5-a3c6-063b8d8a9179 7f398acef5df4c33bca6183ae41ad068 387d00d45f3249d68f8ac214b63f1413 - - 57bd1b6a1e4c4b43a0b4474c3721d38b 57bd1b6a1e4c4b43a0b4474c3721d38b] 199.19.213.145 "GET /v2.0/subnets?id=d3c876df-4898-4ccc-ab5a-9d199cca8e98 HTTP/1.1" status: 200 len: 853 time: 0.0357323
2026-04-27 13:14:28.408 10 INFO neutron.db.ovn_revision_numbers_db [None req-a07843b0-ae2c-4e0a-80a1-672f8932130e c517ae173a534c19b2056e9792252a97 3f39e3c30eba471790275b3bdd63032c - - default default] Successfully bumped revision number for resource 8a275366-f01a-4ca8-a5c6-2fdc27890af6 (type: security_group_rules) to 0
2026-04-27 13:14:28.429 10 INFO neutron.db.ovn_revision_numbers_db [None req-a07843b0-ae2c-4e0a-80a1-672f8932130e c517ae173a534c19b2056e9792252a97 3f39e3c30eba471790275b3bdd63032c - - default default] Successfully bumped revision number for resource 935e43ef-a979-460d-aa2b-12617c28d596 (type: security_group_rules) to 0
2026-04-27 13:14:28.452 9 INFO neutron.wsgi [req-751c9213-1499-470a-b60b-9a599dcf767e req-680382b6-baf0-4698-9a6c-ba4ce4c0e6ae 7f398acef5df4c33bca6183ae41ad068 387d00d45f3249d68f8ac214b63f1413 - - 57bd1b6a1e4c4b43a0b4474c3721d38b 57bd1b6a1e4c4b43a0b4474c3721d38b] 199.19.213.145 "GET /v2.0/ports?network_id=25ef7348-494f-4d2f-aa67-414529c14492&device_owner=network%3Adhcp HTTP/1.1" status: 200 len: 210 time: 0.0386178
2026-04-27 13:14:28.462 10 INFO neutron.db.ovn_revision_numbers_db [None req-a07843b0-ae2c-4e0a-80a1-672f8932130e c517ae173a534c19b2056e9792252a97 3f39e3c30eba471790275b3bdd63032c - - default default] Successfully bumped revision number for resource af2c2329-895e-4426-ae7a-e81895e7cea9 (type: security_group_rules) to 0
2026-04-27 13:14:28.496 10 INFO neutron.wsgi [None req-a07843b0-ae2c-4e0a-80a1-672f8932130e c517ae173a534c19b2056e9792252a97 3f39e3c30eba471790275b3bdd63032c - - default default] 10.0.0.162 "GET /v2.0/security-groups?tenant_id=dccc54b0a3e240eba8ff25831b9d3abf&name=default HTTP/1.1" status: 200 len: 2996 time: 0.4841795
2026-04-27 13:14:28.537 9 INFO neutron.wsgi [req-751c9213-1499-470a-b60b-9a599dcf767e req-b62125bc-2771-4c67-8577-c64b32fc851e 7f398acef5df4c33bca6183ae41ad068 387d00d45f3249d68f8ac214b63f1413 - - 57bd1b6a1e4c4b43a0b4474c3721d38b 57bd1b6a1e4c4b43a0b4474c3721d38b] 199.19.213.145 "GET /v2.0/networks/25ef7348-494f-4d2f-aa67-414529c14492?fields=segments HTTP/1.1" status: 200 len: 212 time: 0.0787899
2026-04-27 13:14:28.630 9 INFO neutron.wsgi [req-751c9213-1499-470a-b60b-9a599dcf767e req-4e140336-448b-4eda-905c-33a9b5cf4932 7f398acef5df4c33bca6183ae41ad068 387d00d45f3249d68f8ac214b63f1413 - - 57bd1b6a1e4c4b43a0b4474c3721d38b 57bd1b6a1e4c4b43a0b4474c3721d38b] 199.19.213.145 "GET /v2.0/networks/25ef7348-494f-4d2f-aa67-414529c14492?fields=provider%3Aphysical_network&fields=provider%3Anetwork_type HTTP/1.1" status: 200 len: 277 time: 0.0882344
2026-04-27 13:14:28.786 9 INFO neutron.wsgi [None req-7bb07465-a6f1-4fc7-8c52-0011001fc958 c517ae173a534c19b2056e9792252a97 3f39e3c30eba471790275b3bdd63032c - - default default] 10.0.0.162 "DELETE /v2.0/security-groups/98b72c3d-3a48-437a-a6e5-c27918bd6d68 HTTP/1.1" status: 204 len: 168 time: 0.2817421
2026-04-27 13:14:28.790 10 INFO neutron.notifiers.nova [-] Nova event matching ['req-5635da78-d041-4117-b838-ce9967da1d9e'] response: {'server_uuid': '988f44be-874c-4e03-a48c-b36052e8617e', 'name': 'network-vif-plugged', 'status': 'completed', 'tag': '44000849-1a46-4b65-a6ea-374bbb6d7578', 'code': 200}
2026-04-27 13:14:29.026 10 INFO neutron.db.ovn_revision_numbers_db [None req-e359b775-eaeb-466c-949d-6af974516fab - - - - - -] Successfully bumped revision number for resource 44000849-1a46-4b65-a6ea-374bbb6d7578 (type: ports) to 4
2026-04-27 13:14:29.244 9 INFO neutron.wsgi [req-6e8467e4-d062-4b30-9b9c-e8401cc938b5 req-d43469c8-323d-4b79-817a-aba3afa7b2de daff809c20c0471ebdc5015d3d02a8ae 5f0cad3e4b874a51b6baea6ffefbceb0 - - default default] 10.0.0.49 "GET /v2.0/ports?device_id=988f44be-874c-4e03-a48c-b36052e8617e HTTP/1.1" status: 200 len: 1170 time: 0.0350702 /var/lib/openstack/lib/python3.10/site-packages/pycadf/identifier.py:71: UserWarning: Invalid uuid: neutron. To ensure interoperability, identifiers should be a valid uuid. warnings.warn(('Invalid uuid: %s. To ensure interoperability, '
2026-04-27 13:14:29.303 9 INFO neutron.wsgi [req-6e8467e4-d062-4b30-9b9c-e8401cc938b5 req-06c763ec-efb5-41b8-afe9-6189739a919b daff809c20c0471ebdc5015d3d02a8ae 5f0cad3e4b874a51b6baea6ffefbceb0 - - default default] 10.0.0.49 "GET /v2.0/security-groups?id=5a83d7fa-ee34-4a7d-b26e-41027256b4c0&fields=id&fields=name HTTP/1.1" status: 200 len: 313 time: 0.0534580
2026-04-27 13:14:29.450 10 INFO neutron.db.ovn_revision_numbers_db [None req-3d1d0598-f8c2-418f-a2b6-0c5aec114c4d 4aa5b6500fde49c79e0f519bdf4e2d6c 9a94c7ce2ee44f87b829b6b55c01ad77 - - default default] Successfully bumped revision number for resource e87cc18d-ec4e-4d16-a5f5-a488bb42d233 (type: security_groups) to 1
2026-04-27 13:14:29.480 10 INFO neutron.db.ovn_revision_numbers_db [None req-3d1d0598-f8c2-418f-a2b6-0c5aec114c4d 4aa5b6500fde49c79e0f519bdf4e2d6c 9a94c7ce2ee44f87b829b6b55c01ad77 - - default default] Successfully bumped revision number for resource 016aaac2-d3c0-4065-9827-5fe2396c08bc (type: security_group_rules) to 0
2026-04-27 13:14:29.503 10 INFO neutron.wsgi [req-cf81f955-74f2-47c6-8f28-81d632b89912 req-8bfc174a-13f1-41d1-909b-be6240c72141 daff809c20c0471ebdc5015d3d02a8ae 5f0cad3e4b874a51b6baea6ffefbceb0 - - default default] 10.0.0.49 "GET /v2.0/ports?device_id=988f44be-874c-4e03-a48c-b36052e8617e HTTP/1.1" status: 200 len: 1170 time: 0.0904489
2026-04-27 13:14:29.503 10 INFO neutron.db.ovn_revision_numbers_db [None req-3d1d0598-f8c2-418f-a2b6-0c5aec114c4d 4aa5b6500fde49c79e0f519bdf4e2d6c 9a94c7ce2ee44f87b829b6b55c01ad77 - - default default] Successfully bumped revision number for resource 2aef8490-6741-4823-92af-e6e4bb71cfc4 (type: security_group_rules) to 0
2026-04-27 13:14:29.528 10 INFO neutron.db.ovn_revision_numbers_db [None req-3d1d0598-f8c2-418f-a2b6-0c5aec114c4d 4aa5b6500fde49c79e0f519bdf4e2d6c 9a94c7ce2ee44f87b829b6b55c01ad77 - - default default] Successfully bumped revision number for resource 4b531eca-363f-4ee1-b49a-be8a8d2147fb (type: security_group_rules) to 0
2026-04-27 13:14:29.550 10 INFO neutron.wsgi [req-cf81f955-74f2-47c6-8f28-81d632b89912 req-9a745740-f663-4da2-a3eb-7275bf27142e daff809c20c0471ebdc5015d3d02a8ae 5f0cad3e4b874a51b6baea6ffefbceb0 - - default default] 10.0.0.49 "GET /v2.0/security-groups?id=5a83d7fa-ee34-4a7d-b26e-41027256b4c0&fields=id&fields=name HTTP/1.1" status: 200 len: 313 time: 0.0413566
2026-04-27 13:14:29.550 10 INFO neutron.db.ovn_revision_numbers_db [None req-3d1d0598-f8c2-418f-a2b6-0c5aec114c4d 4aa5b6500fde49c79e0f519bdf4e2d6c 9a94c7ce2ee44f87b829b6b55c01ad77 - - default default] Successfully bumped revision number for resource 81ae25a7-f854-4a07-811f-f3ee1c7e5ebf (type: security_group_rules) to 0
2026-04-27 13:14:29.615 10 INFO neutron.wsgi [None req-aaca1a0c-c230-4edd-82a8-c40885c987dc 277ef7e92caf4ede95c6743f7d7244bf 0f297445f39b4e479f5de50fdc098a87 - - default default] 10.0.0.162 "GET /v2.0/ports?device_id=988f44be-874c-4e03-a48c-b36052e8617e HTTP/1.1" status: 200 len: 1404 time: 0.0401540
2026-04-27 13:14:29.619 10 INFO neutron.db.segments_db [None req-3d1d0598-f8c2-418f-a2b6-0c5aec114c4d 4aa5b6500fde49c79e0f519bdf4e2d6c 9a94c7ce2ee44f87b829b6b55c01ad77 - - default default] Added segment 2d6e9fb9-f0b7-46e1-b20b-9507447399c3 of type geneve for network 67ce6188-3fef-4a40-8261-d668fdbcba0c
2026-04-27 13:14:29.733 9 INFO neutron.wsgi [-] 10.0.0.89 "GET / HTTP/1.1" status: 200 len: 247 time: 0.0021379
2026-04-27 13:14:29.735 9 INFO neutron.wsgi [-] 10.0.0.89 "GET / HTTP/1.1" status: 200 len: 247 time: 0.0012968
2026-04-27 13:14:29.790 10 INFO neutron.db.ovn_revision_numbers_db [None req-3d1d0598-f8c2-418f-a2b6-0c5aec114c4d 4aa5b6500fde49c79e0f519bdf4e2d6c 9a94c7ce2ee44f87b829b6b55c01ad77 - - default default] Successfully bumped revision number for resource 67ce6188-3fef-4a40-8261-d668fdbcba0c (type: networks) to 1
2026-04-27 13:14:29.851 9 INFO neutron.db.ovn_revision_numbers_db [None req-75f004b5-f51a-4737-9b8d-00d33a5a3cf3 1842cce71ebc40529e30e4a7ebf001e3 a20c7767b1074115b62d60339bec4085 - - default default] Successfully bumped revision number for resource c0cd7df6-4db4-4e38-8e79-00d2abc0cf73 (type: routers) to 1
2026-04-27 13:14:29.872 9 INFO neutron.wsgi [None req-75f004b5-f51a-4737-9b8d-00d33a5a3cf3 1842cce71ebc40529e30e4a7ebf001e3 a20c7767b1074115b62d60339bec4085 - - default default] 10.0.0.162 "POST /v2.0/routers HTTP/1.1" status: 201 len: 654 time: 0.4015350
2026-04-27 13:14:29.990 10 WARNING neutron.scheduler.dhcp_agent_scheduler [None req-3d1d0598-f8c2-418f-a2b6-0c5aec114c4d 4aa5b6500fde49c79e0f519bdf4e2d6c 9a94c7ce2ee44f87b829b6b55c01ad77 - - default default] No more DHCP agents
2026-04-27 13:14:29.999 10 WARNING neutron.api.rpc.agentnotifiers.dhcp_rpc_agent_api [None req-3d1d0598-f8c2-418f-a2b6-0c5aec114c4d 4aa5b6500fde49c79e0f519bdf4e2d6c 9a94c7ce2ee44f87b829b6b55c01ad77 - - default default] Unable to schedule network 67ce6188-3fef-4a40-8261-d668fdbcba0c: no agents available; will retry on subsequent port and subnet creation events.
2026-04-27 13:14:30.110 9 INFO neutron.db.ovn_revision_numbers_db [None req-3b427eca-8de7-4275-8653-e2bc2d13d262 1842cce71ebc40529e30e4a7ebf001e3 a20c7767b1074115b62d60339bec4085 - - default default] Successfully bumped revision number for resource 333999ff-ef03-4e1f-8083-cc284d4d8c3e (type: routers) to 1
2026-04-27 13:14:30.112 10 INFO neutron.db.ovn_revision_numbers_db [None req-3d1d0598-f8c2-418f-a2b6-0c5aec114c4d 4aa5b6500fde49c79e0f519bdf4e2d6c 9a94c7ce2ee44f87b829b6b55c01ad77 - - default default] Successfully bumped revision number for resource 4ce69d6d-c492-4d74-916d-756a176c6dc3 (type: ports) to 1
2026-04-27 13:14:30.121 9 WARNING neutron.scheduler.dhcp_agent_scheduler [None req-41ab6db5-6f1a-40e7-a6fd-d81436423b03 daff809c20c0471ebdc5015d3d02a8ae 5f0cad3e4b874a51b6baea6ffefbceb0 - - default default] No more DHCP agents
2026-04-27 13:14:30.125 9 WARNING neutron.api.rpc.agentnotifiers.dhcp_rpc_agent_api [None req-41ab6db5-6f1a-40e7-a6fd-d81436423b03 daff809c20c0471ebdc5015d3d02a8ae 5f0cad3e4b874a51b6baea6ffefbceb0 - - default default] Unable to schedule network e8a3ca21-c90f-443c-b1f2-b44bf66ec036: no agents available; will retry on subsequent port and subnet creation events.
2026-04-27 13:14:30.131 9 INFO neutron.wsgi [None req-3b427eca-8de7-4275-8653-e2bc2d13d262 1842cce71ebc40529e30e4a7ebf001e3 a20c7767b1074115b62d60339bec4085 - - default default] 10.0.0.162 "POST /v2.0/routers HTTP/1.1" status: 201 len: 654 time: 0.2462358
2026-04-27 13:14:30.137 10 INFO neutron.wsgi [None req-3d1d0598-f8c2-418f-a2b6-0c5aec114c4d 4aa5b6500fde49c79e0f519bdf4e2d6c 9a94c7ce2ee44f87b829b6b55c01ad77 - - default default] 10.0.0.162 "POST /v2.0/networks HTTP/1.1" status: 201 len: 830 time: 1.1320879
2026-04-27 13:14:30.349 10 INFO neutron.db.ovn_revision_numbers_db [None req-767dfbba-8527-44be-90af-dadb73630dcc 1842cce71ebc40529e30e4a7ebf001e3 a20c7767b1074115b62d60339bec4085 - - default default] Successfully bumped revision number for resource 24e5bc16-7942-49e8-b20c-c7c07f058a2d (type: routers) to 1
2026-04-27 13:14:30.393 10 INFO neutron.wsgi [None req-767dfbba-8527-44be-90af-dadb73630dcc 1842cce71ebc40529e30e4a7ebf001e3 a20c7767b1074115b62d60339bec4085 - - default default] 10.0.0.162 "POST /v2.0/routers HTTP/1.1" status: 201 len: 654 time: 0.2542050
2026-04-27 13:14:30.512 10 WARNING neutron.scheduler.dhcp_agent_scheduler [None req-a59545bb-ceb3-4689-9390-82402d3de9cd 4aa5b6500fde49c79e0f519bdf4e2d6c 9a94c7ce2ee44f87b829b6b55c01ad77 - - default default] No more DHCP agents
2026-04-27 13:14:30.517 10 WARNING neutron.api.rpc.agentnotifiers.dhcp_rpc_agent_api [None req-a59545bb-ceb3-4689-9390-82402d3de9cd 4aa5b6500fde49c79e0f519bdf4e2d6c 9a94c7ce2ee44f87b829b6b55c01ad77 - - default default] Unable to schedule network 67ce6188-3fef-4a40-8261-d668fdbcba0c: no agents available; will retry on subsequent port and subnet creation events.
2026-04-27 13:14:30.633 10 INFO neutron.db.ovn_revision_numbers_db [None req-fec2afae-65f6-44b5-8afe-53878e92a82e 1842cce71ebc40529e30e4a7ebf001e3 a20c7767b1074115b62d60339bec4085 - - default default] Successfully bumped revision number for resource 89fb06be-8a19-43df-bdb1-14cb09ab8ab2 (type: routers) to 1
2026-04-27 13:14:30.647 10 INFO neutron.wsgi [None req-fec2afae-65f6-44b5-8afe-53878e92a82e 1842cce71ebc40529e30e4a7ebf001e3 a20c7767b1074115b62d60339bec4085 - - default default] 10.0.0.162 "POST /v2.0/routers HTTP/1.1" status: 201 len: 654 time: 0.2497084
2026-04-27 13:14:30.650 9 INFO neutron.db.l3_db [None req-41ab6db5-6f1a-40e7-a6fd-d81436423b03 daff809c20c0471ebdc5015d3d02a8ae 5f0cad3e4b874a51b6baea6ffefbceb0 - - default default] Floating IP 73ce595f-c0a8-4ddd-a181-eed6265188e0 associated. External IP: 10.96.250.215, port: 44000849-1a46-4b65-a6ea-374bbb6d7578. /var/lib/openstack/lib/python3.10/site-packages/pycadf/identifier.py:71: UserWarning: Invalid uuid: neutron. To ensure interoperability, identifiers should be a valid uuid. warnings.warn(('Invalid uuid: %s. To ensure interoperability, '
2026-04-27 13:14:30.659 10 INFO neutron.db.ovn_revision_numbers_db [None req-a59545bb-ceb3-4689-9390-82402d3de9cd 4aa5b6500fde49c79e0f519bdf4e2d6c 9a94c7ce2ee44f87b829b6b55c01ad77 - - default default] Successfully bumped revision number for resource 48aa015d-1015-49bb-a093-91919f834005 (type: ports) to 1
2026-04-27 13:14:30.683 10 INFO neutron.wsgi [None req-a59545bb-ceb3-4689-9390-82402d3de9cd 4aa5b6500fde49c79e0f519bdf4e2d6c 9a94c7ce2ee44f87b829b6b55c01ad77 - - default default] 10.0.0.162 "POST /v2.0/ports HTTP/1.1" status: 201 len: 942 time: 0.5340552
2026-04-27 13:14:30.782 9 INFO neutron.wsgi [None req-85d3e601-5c3a-443c-a0f1-e0a4b6700fd0 4aa5b6500fde49c79e0f519bdf4e2d6c 9a94c7ce2ee44f87b829b6b55c01ad77 - - default default] 10.0.0.162 "PUT /v2.0/ports/48aa015d-1015-49bb-a093-91919f834005/tags HTTP/1.1" status: 200 len: 218 time: 0.0939634
2026-04-27 13:14:30.829 10 INFO neutron.db.ovn_revision_numbers_db [None req-f02c545b-0d46-4284-9be5-458d2c6360e1 1842cce71ebc40529e30e4a7ebf001e3 a20c7767b1074115b62d60339bec4085 - - default default] Successfully bumped revision number for resource 2f91cef4-da3c-4142-a916-20e30d0e95f0 (type: routers) to 1
2026-04-27 13:14:30.832 10 INFO neutron.notifiers.nova [-] Nova event matching ['req-24e4464e-7016-4745-9e20-8ac90bb6d281'] response: {'server_uuid': '988f44be-874c-4e03-a48c-b36052e8617e', 'name': 'network-vif-plugged', 'status': 'completed', 'tag': '44000849-1a46-4b65-a6ea-374bbb6d7578', 'code': 200}
2026-04-27 13:14:30.835 9 INFO neutron.wsgi [None req-f6784754-262c-4c80-988f-9b68d11c2b54 4aa5b6500fde49c79e0f519bdf4e2d6c 9a94c7ce2ee44f87b829b6b55c01ad77 - - default default] 10.0.0.162 "GET /v2.0/ports/48aa015d-1015-49bb-a093-91919f834005/tags HTTP/1.1" status: 200 len: 218 time: 0.0475345
2026-04-27 13:14:30.850 10 INFO neutron.wsgi [None req-f02c545b-0d46-4284-9be5-458d2c6360e1 1842cce71ebc40529e30e4a7ebf001e3 a20c7767b1074115b62d60339bec4085 - - default default] 10.0.0.162 "POST /v2.0/routers HTTP/1.1" status: 201 len: 654 time: 0.1977808
2026-04-27 13:14:30.912 10 INFO neutron.wsgi [None req-701de2dc-bd0d-493a-8010-b84e236697ee 4aa5b6500fde49c79e0f519bdf4e2d6c 9a94c7ce2ee44f87b829b6b55c01ad77 - - default default] 10.0.0.162 "PUT /v2.0/ports/48aa015d-1015-49bb-a093-91919f834005/tags/green HTTP/1.1" status: 201 len: 201 time: 0.0723672 /var/lib/openstack/lib/python3.10/site-packages/pycadf/identifier.py:71: UserWarning: Invalid uuid: neutron. To ensure interoperability, identifiers should be a valid uuid. warnings.warn(('Invalid uuid: %s. To ensure interoperability, '
2026-04-27 13:14:30.941 9 INFO neutron.wsgi [None req-b5235ef2-55ba-45bc-bf97-8819b209ed26 1842cce71ebc40529e30e4a7ebf001e3 a20c7767b1074115b62d60339bec4085 - - default default] 10.0.0.162 "PUT /v2.0/routers/c0cd7df6-4db4-4e38-8e79-00d2abc0cf73/tags HTTP/1.1" status: 200 len: 210 time: 0.0797091
2026-04-27 13:14:30.943 9 INFO neutron.db.ovn_revision_numbers_db [None req-41ab6db5-6f1a-40e7-a6fd-d81436423b03 daff809c20c0471ebdc5015d3d02a8ae 5f0cad3e4b874a51b6baea6ffefbceb0 - - default default] Successfully bumped revision number for resource 73ce595f-c0a8-4ddd-a181-eed6265188e0 (type: floatingips) to 0
2026-04-27 13:14:30.963 10 INFO neutron.wsgi [None req-a1696a9f-da87-40a5-a1fe-5a443b6df5bc 4aa5b6500fde49c79e0f519bdf4e2d6c 9a94c7ce2ee44f87b829b6b55c01ad77 - - default default] 10.0.0.162 "GET /v2.0/ports/48aa015d-1015-49bb-a093-91919f834005/tags HTTP/1.1" status: 200 len: 227 time: 0.0422292
2026-04-27 13:14:31.001 10 INFO neutron.wsgi [None req-dbbbd2f0-5c9f-43ea-b5d6-d3f400fdbc73 4aa5b6500fde49c79e0f519bdf4e2d6c 9a94c7ce2ee44f87b829b6b55c01ad77 - - default default] 10.0.0.162 "PUT /v2.0/ports/48aa015d-1015-49bb-a093-91919f834005/tags/red HTTP/1.1" status: 201 len: 201 time: 0.0332801
2026-04-27 13:14:31.054 10 INFO neutron.wsgi [None req-7a27d1a3-b77f-41a6-a1da-ca5675334bda 4aa5b6500fde49c79e0f519bdf4e2d6c 9a94c7ce2ee44f87b829b6b55c01ad77 - - default default] 10.0.0.162 "GET /v2.0/ports/48aa015d-1015-49bb-a093-91919f834005/tags HTTP/1.1" status: 200 len: 227 time: 0.0473430
2026-04-27 13:14:31.115 10 INFO neutron.wsgi [None req-06e1f86f-3899-4bf2-ad45-cc503293ff95 4aa5b6500fde49c79e0f519bdf4e2d6c 9a94c7ce2ee44f87b829b6b55c01ad77 - - default default] 10.0.0.162 "PUT /v2.0/ports/48aa015d-1015-49bb-a093-91919f834005/tags/black.or.white HTTP/1.1" status: 201 len: 201 time: 0.0546925
2026-04-27 13:14:31.123 10 INFO neutron.db.ovn_revision_numbers_db [None req-f073a852-c335-4785-9520-a6d721b7f75e c517ae173a534c19b2056e9792252a97 3f39e3c30eba471790275b3bdd63032c - - default default] Successfully bumped revision number for resource 0b4b62ef-ccb9-4ec5-b742-cbb823b2b8b1 (type: security_groups) to 1
2026-04-27 13:14:31.149 10 INFO neutron.wsgi [None req-d777c0a9-31e4-493e-8a75-127f118c2655 4aa5b6500fde49c79e0f519bdf4e2d6c 9a94c7ce2ee44f87b829b6b55c01ad77 - - default default] 10.0.0.162 "GET /v2.0/ports/48aa015d-1015-49bb-a093-91919f834005/tags HTTP/1.1" status: 200 len: 245 time: 0.0304625
2026-04-27 13:14:31.152 10 INFO neutron.db.ovn_revision_numbers_db [None req-f073a852-c335-4785-9520-a6d721b7f75e c517ae173a534c19b2056e9792252a97 3f39e3c30eba471790275b3bdd63032c - - default default] Successfully bumped revision number for resource 4f46308a-feeb-4819-a4bc-2d8e4700d64c (type: security_group_rules) to 0
2026-04-27 13:14:31.188 10 INFO neutron.db.ovn_revision_numbers_db [None req-f073a852-c335-4785-9520-a6d721b7f75e c517ae173a534c19b2056e9792252a97 3f39e3c30eba471790275b3bdd63032c - - default default] Successfully bumped revision number for resource aebbbf2f-0893-465c-a8bd-e7775ed07f08 (type: security_group_rules) to 0
2026-04-27 13:14:31.211 10 INFO neutron.db.ovn_revision_numbers_db [None req-f073a852-c335-4785-9520-a6d721b7f75e c517ae173a534c19b2056e9792252a97 3f39e3c30eba471790275b3bdd63032c - - default default] Successfully bumped revision number for resource c6e4af6a-9174-4dbd-b0b4-29c4712c9464 (type: security_group_rules) to 0
2026-04-27 13:14:31.220 10 INFO neutron.wsgi [None req-260f8e59-882b-4120-b37b-f552357b5278 4aa5b6500fde49c79e0f519bdf4e2d6c 9a94c7ce2ee44f87b829b6b55c01ad77 - - default default] 10.0.0.162 "PUT /v2.0/ports/48aa015d-1015-49bb-a093-91919f834005/tags HTTP/1.1" status: 200 len: 230 time: 0.0638361
2026-04-27 13:14:31.231 10 INFO neutron.db.ovn_revision_numbers_db [None req-f073a852-c335-4785-9520-a6d721b7f75e c517ae173a534c19b2056e9792252a97 3f39e3c30eba471790275b3bdd63032c - - default default] Successfully bumped revision number for resource f0d93a99-e60a-453f-862c-f6bb57ccce6c (type: security_group_rules) to 0
2026-04-27 13:14:31.263 10 INFO neutron.wsgi [None req-67f68bac-ff7b-413d-84fc-6d80f0f23fa6 4aa5b6500fde49c79e0f519bdf4e2d6c 9a94c7ce2ee44f87b829b6b55c01ad77 - - default default] 10.0.0.162 "GET /v2.0/ports/48aa015d-1015-49bb-a093-91919f834005/tags HTTP/1.1" status: 200 len: 230 time: 0.0387866
2026-04-27 13:14:31.307 10 INFO neutron.db.segments_db [None req-f073a852-c335-4785-9520-a6d721b7f75e c517ae173a534c19b2056e9792252a97 3f39e3c30eba471790275b3bdd63032c - - default default] Added segment 2b58f741-4b2a-47a6-9a70-02c70946ca10 of type geneve for network 0eab2561-e5f3-47f7-845f-5269ecb19f74
2026-04-27 13:14:31.314 10 INFO neutron.wsgi [None req-e569c5f4-2f72-4d51-b6f2-38b4204cbabf 4aa5b6500fde49c79e0f519bdf4e2d6c 9a94c7ce2ee44f87b829b6b55c01ad77 - - default default] 10.0.0.162 "GET /v2.0/ports/48aa015d-1015-49bb-a093-91919f834005/tags/red HTTP/1.1" status: 204 len: 168 time: 0.0475292
2026-04-27 13:14:31.317 9 INFO neutron.wsgi [None req-d103c351-98bc-461f-90df-8bc4430e669c 1842cce71ebc40529e30e4a7ebf001e3 a20c7767b1074115b62d60339bec4085 - - default default] 10.0.0.162 "PUT /v2.0/routers/333999ff-ef03-4e1f-8083-cc284d4d8c3e/tags HTTP/1.1" status: 200 len: 218 time: 0.3715799
2026-04-27 13:14:31.356 10 INFO neutron.api.v2.resource [None req-5ce94cc0-c233-4233-8364-d94eba768937 4aa5b6500fde49c79e0f519bdf4e2d6c 9a94c7ce2ee44f87b829b6b55c01ad77 - - default default] show failed (client error): The resource could not be found.
2026-04-27 13:14:31.357 10 INFO neutron.wsgi [None req-5ce94cc0-c233-4233-8364-d94eba768937 4aa5b6500fde49c79e0f519bdf4e2d6c 9a94c7ce2ee44f87b829b6b55c01ad77 - - default default] 10.0.0.162 "GET /v2.0/ports/48aa015d-1015-49bb-a093-91919f834005/tags/green HTTP/1.1" status: 404 len: 299 time: 0.0392468
2026-04-27 13:14:31.402 9 INFO neutron.wsgi [None req-c25097d6-69ec-4257-8058-e9e7f000f6d8 1842cce71ebc40529e30e4a7ebf001e3 a20c7767b1074115b62d60339bec4085 - - default default] 10.0.0.162 "PUT /v2.0/routers/24e5bc16-7942-49e8-b20c-c7c07f058a2d/tags HTTP/1.1" status: 200 len: 227 time: 0.0813389
2026-04-27 13:14:31.423 10 INFO neutron.wsgi [None req-d4ffed3a-8093-4463-ac13-e7fe90ddba1d 4aa5b6500fde49c79e0f519bdf4e2d6c 9a94c7ce2ee44f87b829b6b55c01ad77 - - default default] 10.0.0.162 "DELETE /v2.0/ports/48aa015d-1015-49bb-a093-91919f834005/tags/red HTTP/1.1" status: 204 len: 168 time: 0.0616415
2026-04-27 13:14:31.432 9 INFO neutron.db.ovn_revision_numbers_db [None req-41ab6db5-6f1a-40e7-a6fd-d81436423b03 daff809c20c0471ebdc5015d3d02a8ae 5f0cad3e4b874a51b6baea6ffefbceb0 - - default default] Successfully bumped revision number for resource 73ce595f-c0a8-4ddd-a181-eed6265188e0 (type: floatingips) to 1
2026-04-27 13:14:31.462 9 INFO neutron.wsgi [None req-ebd6ba36-9c1d-4c38-9af0-10a23794c64a 1842cce71ebc40529e30e4a7ebf001e3 a20c7767b1074115b62d60339bec4085 - - default default] 10.0.0.162 "PUT /v2.0/routers/89fb06be-8a19-43df-bdb1-14cb09ab8ab2/tags HTTP/1.1" status: 200 len: 212 time: 0.0556262
2026-04-27 13:14:31.491 10 INFO neutron.wsgi [None req-4728b1af-dbf5-448a-b3b8-96814c5af778 4aa5b6500fde49c79e0f519bdf4e2d6c 9a94c7ce2ee44f87b829b6b55c01ad77 - - default default] 10.0.0.162 "GET /v2.0/ports/48aa015d-1015-49bb-a093-91919f834005/tags HTTP/1.1" status: 200 len: 223 time: 0.0634425
2026-04-27 13:14:31.522 9 INFO neutron.wsgi [None req-41ab6db5-6f1a-40e7-a6fd-d81436423b03 daff809c20c0471ebdc5015d3d02a8ae 5f0cad3e4b874a51b6baea6ffefbceb0 - - default default] 10.0.0.162 "POST /v2.0/floatingips HTTP/1.1" status: 201 len: 1054 time: 1.9002860
2026-04-27 13:14:31.535 10 INFO neutron.db.ovn_revision_numbers_db [None req-f073a852-c335-4785-9520-a6d721b7f75e c517ae173a534c19b2056e9792252a97 3f39e3c30eba471790275b3bdd63032c - - default default] Successfully bumped revision number for resource 0eab2561-e5f3-47f7-845f-5269ecb19f74 (type: networks) to 1
2026-04-27 13:14:31.539 10 INFO neutron.api.v2.resource [None req-1337f565-21bb-47f8-af78-aaf1ffd6dd87 4aa5b6500fde49c79e0f519bdf4e2d6c 9a94c7ce2ee44f87b829b6b55c01ad77 - - default default] delete failed (client error): The resource could not be found.
2026-04-27 13:14:31.541 10 INFO neutron.wsgi [None req-1337f565-21bb-47f8-af78-aaf1ffd6dd87 4aa5b6500fde49c79e0f519bdf4e2d6c 9a94c7ce2ee44f87b829b6b55c01ad77 - - default default] 10.0.0.162 "DELETE /v2.0/ports/48aa015d-1015-49bb-a093-91919f834005/tags/green HTTP/1.1" status: 404 len: 299 time: 0.0341334
2026-04-27 13:14:31.564 9 INFO neutron.wsgi [None req-31d37ede-7057-4237-b14a-165f4c92544f 1842cce71ebc40529e30e4a7ebf001e3 a20c7767b1074115b62d60339bec4085 - - default default] 10.0.0.162 "GET /v2.0/routers?tags=red HTTP/1.1" status: 200 len: 1601 time: 0.0905867
2026-04-27 13:14:31.565 9 INFO neutron.notifiers.nova [-] Nova event matching ['req-67f00117-35a8-4569-add2-76d7c1d76b88'] response: {'name': 'network-changed', 'server_uuid': '988f44be-874c-4e03-a48c-b36052e8617e', 'tag': '44000849-1a46-4b65-a6ea-374bbb6d7578', 'status': 'completed', 'code': 200}
2026-04-27 13:14:31.613 10 INFO neutron.wsgi [None req-7fdcb753-eff9-441f-b5a3-7950863931fa daff809c20c0471ebdc5015d3d02a8ae 5f0cad3e4b874a51b6baea6ffefbceb0 - - default default] 10.0.0.162 "GET /v2.0/floatingips/73ce595f-c0a8-4ddd-a181-eed6265188e0 HTTP/1.1" status: 200 len: 1051 time: 0.0659521
2026-04-27 13:14:31.634 10 INFO neutron.wsgi [None req-3e393e51-5abd-4aeb-ba7c-81c191ef710c 4aa5b6500fde49c79e0f519bdf4e2d6c 9a94c7ce2ee44f87b829b6b55c01ad77 - - default default] 10.0.0.162 "DELETE /v2.0/ports/48aa015d-1015-49bb-a093-91919f834005/tags HTTP/1.1" status: 204 len: 168 time: 0.0861464
2026-04-27 13:14:31.679 10 INFO neutron.wsgi [None req-bddc83db-08df-44d7-921c-ccab0eb77c0d 4aa5b6500fde49c79e0f519bdf4e2d6c 9a94c7ce2ee44f87b829b6b55c01ad77 - - default default] 10.0.0.162 "GET /v2.0/ports/48aa015d-1015-49bb-a093-91919f834005/tags HTTP/1.1" status: 200 len: 205 time: 0.0360341
2026-04-27 13:14:31.681 9 INFO neutron.wsgi [req-cc303bf2-2ebc-48f3-9130-9b00cd311e2b req-f588aff7-93ad-4a5c-bfd1-3c596b6b7ac4 7f398acef5df4c33bca6183ae41ad068 387d00d45f3249d68f8ac214b63f1413 - - 57bd1b6a1e4c4b43a0b4474c3721d38b 57bd1b6a1e4c4b43a0b4474c3721d38b] 199.19.213.145 "GET /v2.0/ports?tenant_id=5f0cad3e4b874a51b6baea6ffefbceb0&device_id=988f44be-874c-4e03-a48c-b36052e8617e HTTP/1.1" status: 200 len: 1409 time: 0.0901074
