2026-06-28 21:09:18.014 6 INFO cinder.api.openstack.wsgi [None req-4e0786a3-dbce-427a-8725-6b7d222fc456 394864f304b34c498815eab595d37814 bfccfbbba6d34d95811556a3dabb5d67 - - default default] http://cinder-api.openstack.svc.cluster.local:8776/v3/bfccfbbba6d34d95811556a3dabb5d67/scheduler-stats/get_pools?detail=true returned with HTTP 200 [pid: 6|app: 0|req: 347/693] 10.0.0.112 () {28 vars in 696 bytes} [Sun Jun 28 21:09:17 2026] GET /v3/bfccfbbba6d34d95811556a3dabb5d67/scheduler-stats/get_pools?detail=true => generated 670 bytes in 755 msecs (HTTP/1.1 200) 7 headers in 285 bytes (1 switches on core 0)
2026-06-28 21:09:18.027 7 INFO cinder.api.openstack.wsgi [None req-2bcf4ca7-3966-462b-b7c1-4c293f35749f 394864f304b34c498815eab595d37814 bfccfbbba6d34d95811556a3dabb5d67 - - default default] GET http://cinder-api.openstack.svc.cluster.local:8776/v3/bfccfbbba6d34d95811556a3dabb5d67/os-services
2026-06-28 21:09:18.035 7 INFO cinder.api.openstack.wsgi [None req-2bcf4ca7-3966-462b-b7c1-4c293f35749f 394864f304b34c498815eab595d37814 bfccfbbba6d34d95811556a3dabb5d67 - - default default] http://cinder-api.openstack.svc.cluster.local:8776/v3/bfccfbbba6d34d95811556a3dabb5d67/os-services returned with HTTP 200 [pid: 7|app: 0|req: 347/694] 10.0.0.112 () {28 vars in 645 bytes} [Sun Jun 28 21:09:18 2026] GET /v3/bfccfbbba6d34d95811556a3dabb5d67/os-services => generated 646 bytes in 18 msecs (HTTP/1.1 200) 7 headers in 285 bytes (1 switches on core 0)
2026-06-28 21:09:18.218 6 INFO cinder.api.openstack.wsgi [None req-81955f41-e9c8-4812-b3ca-217c3dbbc949 394864f304b34c498815eab595d37814 bfccfbbba6d34d95811556a3dabb5d67 - - default default] GET http://cinder-api.openstack.svc.cluster.local:8776/v3/bfccfbbba6d34d95811556a3dabb5d67/os-quota-sets/0c30de83ca694077a1d851b416931c06?usage=true
2026-06-28 21:09:18.237 6 INFO cinder.api.openstack.wsgi [None req-81955f41-e9c8-4812-b3ca-217c3dbbc949 394864f304b34c498815eab595d37814 bfccfbbba6d34d95811556a3dabb5d67 - - default default] http://cinder-api.openstack.svc.cluster.local:8776/v3/bfccfbbba6d34d95811556a3dabb5d67/os-quota-sets/0c30de83ca694077a1d851b416931c06?usage=true returned with HTTP 200 [pid: 6|app: 0|req: 348/695] 10.0.0.112 () {28 vars in 736 bytes} [Sun Jun 28 21:09:18 2026] GET /v3/bfccfbbba6d34d95811556a3dabb5d67/os-quota-sets/0c30de83ca694077a1d851b416931c06?usage=true => generated 847 bytes in 26 msecs (HTTP/1.1 200) 7 headers in 285 bytes (1 switches on core 0)
2026-06-28 21:09:18.249 7 INFO cinder.api.openstack.wsgi [None req-236e93e1-01e8-4a06-90c4-3f49e6c96a53 394864f304b34c498815eab595d37814 bfccfbbba6d34d95811556a3dabb5d67 - - default default] GET http://cinder-api.openstack.svc.cluster.local:8776/v3/bfccfbbba6d34d95811556a3dabb5d67/os-quota-sets/1f410e13382141d386fad689520c323c?usage=true
2026-06-28 21:09:18.275 7 INFO cinder.api.openstack.wsgi [None req-236e93e1-01e8-4a06-90c4-3f49e6c96a53 394864f304b34c498815eab595d37814 bfccfbbba6d34d95811556a3dabb5d67 - - default default] http://cinder-api.openstack.svc.cluster.local:8776/v3/bfccfbbba6d34d95811556a3dabb5d67/os-quota-sets/1f410e13382141d386fad689520c323c?usage=true returned with HTTP 200 [pid: 7|app: 0|req: 348/696] 10.0.0.112 () {28 vars in 736 bytes} [Sun Jun 28 21:09:18 2026] GET /v3/bfccfbbba6d34d95811556a3dabb5d67/os-quota-sets/1f410e13382141d386fad689520c323c?usage=true => generated 847 bytes in 34 msecs (HTTP/1.1 200) 7 headers in 285 bytes (1 switches on core 0)
2026-06-28 21:09:18.297 6 INFO cinder.api.openstack.wsgi [None req-726fd557-6dc0-42f5-8533-e418f32632c8 394864f304b34c498815eab595d37814 bfccfbbba6d34d95811556a3dabb5d67 - - default default] GET http://cinder-api.openstack.svc.cluster.local:8776/v3/bfccfbbba6d34d95811556a3dabb5d67/os-quota-sets/5058f811e5b04784bced02d6dc2dbc88?usage=true
2026-06-28 21:09:18.339 6 INFO cinder.api.openstack.wsgi [None req-726fd557-6dc0-42f5-8533-e418f32632c8 394864f304b34c498815eab595d37814 bfccfbbba6d34d95811556a3dabb5d67 - - default default] http://cinder-api.openstack.svc.cluster.local:8776/v3/bfccfbbba6d34d95811556a3dabb5d67/os-quota-sets/5058f811e5b04784bced02d6dc2dbc88?usage=true returned with HTTP 200 [pid: 6|app: 0|req: 349/697] 10.0.0.112 () {28 vars in 736 bytes} [Sun Jun 28 21:09:18 2026] GET /v3/bfccfbbba6d34d95811556a3dabb5d67/os-quota-sets/5058f811e5b04784bced02d6dc2dbc88?usage=true => generated 847 bytes in 55 msecs (HTTP/1.1 200) 7 headers in 285 bytes (1 switches on core 0)
2026-06-28 21:09:18.351 7 INFO cinder.api.openstack.wsgi [None req-81d687db-376d-4fa7-a06b-f4fe14ba1d7d 394864f304b34c498815eab595d37814 bfccfbbba6d34d95811556a3dabb5d67 - - default default] GET http://cinder-api.openstack.svc.cluster.local:8776/v3/bfccfbbba6d34d95811556a3dabb5d67/os-quota-sets/604400f9ceee4a96a658af60537029c3?usage=true
2026-06-28 21:09:18.375 7 INFO cinder.api.openstack.wsgi [None req-81d687db-376d-4fa7-a06b-f4fe14ba1d7d 394864f304b34c498815eab595d37814 bfccfbbba6d34d95811556a3dabb5d67 - - default default] http://cinder-api.openstack.svc.cluster.local:8776/v3/bfccfbbba6d34d95811556a3dabb5d67/os-quota-sets/604400f9ceee4a96a658af60537029c3?usage=true returned with HTTP 200 [pid: 7|app: 0|req: 349/698] 10.0.0.112 () {28 vars in 736 bytes} [Sun Jun 28 21:09:18 2026] GET /v3/bfccfbbba6d34d95811556a3dabb5d67/os-quota-sets/604400f9ceee4a96a658af60537029c3?usage=true => generated 847 bytes in 33 msecs (HTTP/1.1 200) 7 headers in 285 bytes (1 switches on core 0)
2026-06-28 21:09:18.384 6 INFO cinder.api.openstack.wsgi [None req-dd8c872b-fdbf-4b13-923b-a5a7c94a30cf 394864f304b34c498815eab595d37814 bfccfbbba6d34d95811556a3dabb5d67 - - default default] GET http://cinder-api.openstack.svc.cluster.local:8776/v3/bfccfbbba6d34d95811556a3dabb5d67/os-quota-sets/bfccfbbba6d34d95811556a3dabb5d67?usage=true
2026-06-28 21:09:18.405 6 INFO cinder.api.openstack.wsgi [None req-dd8c872b-fdbf-4b13-923b-a5a7c94a30cf 394864f304b34c498815eab595d37814 bfccfbbba6d34d95811556a3dabb5d67 - - default default] http://cinder-api.openstack.svc.cluster.local:8776/v3/bfccfbbba6d34d95811556a3dabb5d67/os-quota-sets/bfccfbbba6d34d95811556a3dabb5d67?usage=true returned with HTTP 200 [pid: 6|app: 0|req: 350/699] 10.0.0.112 () {28 vars in 736 bytes} [Sun Jun 28 21:09:18 2026] GET /v3/bfccfbbba6d34d95811556a3dabb5d67/os-quota-sets/bfccfbbba6d34d95811556a3dabb5d67?usage=true => generated 845 bytes in 27 msecs (HTTP/1.1 200) 7 headers in 285 bytes (1 switches on core 0)
2026-06-28 21:09:18.414 7 INFO cinder.api.openstack.wsgi [None req-0c7d21f0-0386-4f7d-b2fc-ccfa50c33ce5 394864f304b34c498815eab595d37814 bfccfbbba6d34d95811556a3dabb5d67 - - default default] GET http://cinder-api.openstack.svc.cluster.local:8776/v3/bfccfbbba6d34d95811556a3dabb5d67/os-quota-sets/c53c628e986f42339e8e404819ecc6bf?usage=true
2026-06-28 21:09:18.442 7 INFO cinder.api.openstack.wsgi [None req-0c7d21f0-0386-4f7d-b2fc-ccfa50c33ce5 394864f304b34c498815eab595d37814 bfccfbbba6d34d95811556a3dabb5d67 - - default default] http://cinder-api.openstack.svc.cluster.local:8776/v3/bfccfbbba6d34d95811556a3dabb5d67/os-quota-sets/c53c628e986f42339e8e404819ecc6bf?usage=true returned with HTTP 200 [pid: 7|app: 0|req: 350/700] 10.0.0.112 () {28 vars in 736 bytes} [Sun Jun 28 21:09:18 2026] GET /v3/bfccfbbba6d34d95811556a3dabb5d67/os-quota-sets/c53c628e986f42339e8e404819ecc6bf?usage=true => generated 847 bytes in 34 msecs (HTTP/1.1 200) 7 headers in 285 bytes (1 switches on core 0)
2026-06-28 21:09:18.453 6 INFO cinder.api.openstack.wsgi [None req-c5fd44ab-db2b-46fe-8bf8-4ed7253c9bbf 394864f304b34c498815eab595d37814 bfccfbbba6d34d95811556a3dabb5d67 - - default default] GET http://cinder-api.openstack.svc.cluster.local:8776/v3/bfccfbbba6d34d95811556a3dabb5d67/os-quota-sets/d0ed84e3a3914aeb8f7bb213742f4486?usage=true
2026-06-28 21:09:18.472 6 INFO cinder.api.openstack.wsgi [None req-c5fd44ab-db2b-46fe-8bf8-4ed7253c9bbf 394864f304b34c498815eab595d37814 bfccfbbba6d34d95811556a3dabb5d67 - - default default] http://cinder-api.openstack.svc.cluster.local:8776/v3/bfccfbbba6d34d95811556a3dabb5d67/os-quota-sets/d0ed84e3a3914aeb8f7bb213742f4486?usage=true returned with HTTP 200 [pid: 6|app: 0|req: 351/701] 10.0.0.112 () {28 vars in 736 bytes} [Sun Jun 28 21:09:18 2026] GET /v3/bfccfbbba6d34d95811556a3dabb5d67/os-quota-sets/d0ed84e3a3914aeb8f7bb213742f4486?usage=true => generated 845 bytes in 27 msecs (HTTP/1.1 200) 7 headers in 285 bytes (1 switches on core 0)
2026-06-28 21:09:18.484 7 INFO cinder.api.openstack.wsgi [None req-71121878-8219-46ed-b0ec-09ed14643a3a 394864f304b34c498815eab595d37814 bfccfbbba6d34d95811556a3dabb5d67 - - default default] GET http://cinder-api.openstack.svc.cluster.local:8776/v3/bfccfbbba6d34d95811556a3dabb5d67/volumes/detail?all_tenants=true
2026-06-28 21:09:18.504 7 INFO cinder.volume.api [None req-71121878-8219-46ed-b0ec-09ed14643a3a 394864f304b34c498815eab595d37814 bfccfbbba6d34d95811556a3dabb5d67 - - default default] Get all volumes completed successfully.
2026-06-28 21:09:18.507 7 INFO cinder.api.openstack.wsgi [None req-71121878-8219-46ed-b0ec-09ed14643a3a 394864f304b34c498815eab595d37814 bfccfbbba6d34d95811556a3dabb5d67 - - default default] http://cinder-api.openstack.svc.cluster.local:8776/v3/bfccfbbba6d34d95811556a3dabb5d67/volumes/detail?all_tenants=true returned with HTTP 200 [pid: 7|app: 0|req: 351/702] 10.0.0.112 () {28 vars in 684 bytes} [Sun Jun 28 21:09:18 2026] GET /v3/bfccfbbba6d34d95811556a3dabb5d67/volumes/detail?all_tenants=true => generated 15 bytes in 28 msecs (HTTP/1.1 200) 7 headers in 284 bytes (1 switches on core 0)
2026-06-28 21:09:18.518 6 INFO cinder.api.openstack.wsgi [None req-3f420bf5-3902-466e-9276-65498f24576d 394864f304b34c498815eab595d37814 bfccfbbba6d34d95811556a3dabb5d67 - - default default] GET http://cinder-api.openstack.svc.cluster.local:8776/v3/bfccfbbba6d34d95811556a3dabb5d67/volumes/detail?all_tenants=true
2026-06-28 21:09:18.529 6 INFO cinder.volume.api [None req-3f420bf5-3902-466e-9276-65498f24576d 394864f304b34c498815eab595d37814 bfccfbbba6d34d95811556a3dabb5d67 - - default default] Get all volumes completed successfully.
2026-06-28 21:09:18.531 6 INFO cinder.api.openstack.wsgi [None req-3f420bf5-3902-466e-9276-65498f24576d 394864f304b34c498815eab595d37814 bfccfbbba6d34d95811556a3dabb5d67 - - default default] http://cinder-api.openstack.svc.cluster.local:8776/v3/bfccfbbba6d34d95811556a3dabb5d67/volumes/detail?all_tenants=true returned with HTTP 200 [pid: 6|app: 0|req: 352/703] 10.0.0.112 () {28 vars in 684 bytes} [Sun Jun 28 21:09:18 2026] GET /v3/bfccfbbba6d34d95811556a3dabb5d67/volumes/detail?all_tenants=true => generated 15 bytes in 19 msecs (HTTP/1.1 200) 7 headers in 284 bytes (1 switches on core 0)
2026-06-28 21:09:18.542 7 INFO cinder.api.openstack.wsgi [None req-1f2313e8-bd36-4fe4-96c2-6314195b1dfd 394864f304b34c498815eab595d37814 bfccfbbba6d34d95811556a3dabb5d67 - - default default] GET http://cinder-api.openstack.svc.cluster.local:8776/v3/bfccfbbba6d34d95811556a3dabb5d67/snapshots?all_tenants=true
2026-06-28 21:09:18.548 7 INFO cinder.volume.api [None req-1f2313e8-bd36-4fe4-96c2-6314195b1dfd 394864f304b34c498815eab595d37814 bfccfbbba6d34d95811556a3dabb5d67 - - default default] Get all snapshots completed successfully.
2026-06-28 21:09:18.549 7 INFO cinder.api.openstack.wsgi [None req-1f2313e8-bd36-4fe4-96c2-6314195b1dfd 394864f304b34c498815eab595d37814 bfccfbbba6d34d95811556a3dabb5d67 - - default default] http://cinder-api.openstack.svc.cluster.local:8776/v3/bfccfbbba6d34d95811556a3dabb5d67/snapshots?all_tenants=true returned with HTTP 200 [pid: 7|app: 0|req: 352/704] 10.0.0.112 () {28 vars in 674 bytes} [Sun Jun 28 21:09:18 2026] GET /v3/bfccfbbba6d34d95811556a3dabb5d67/snapshots?all_tenants=true => generated 17 bytes in 12 msecs (HTTP/1.1 200) 7 headers in 284 bytes (1 switches on core 0)
2026-06-28 21:09:21.506 7 INFO cinder.api.openstack.wsgi [None req-1f2313e8-bd36-4fe4-96c2-6314195b1dfd 394864f304b34c498815eab595d37814 bfccfbbba6d34d95811556a3dabb5d67 - - default default] GET http://10.0.0.126:8776/
2026-06-28 21:09:21.506 6 INFO cinder.api.openstack.wsgi [None req-3f420bf5-3902-466e-9276-65498f24576d 394864f304b34c498815eab595d37814 bfccfbbba6d34d95811556a3dabb5d67 - - default default] GET http://10.0.0.126:8776/
2026-06-28 21:09:21.508 7 INFO cinder.api.openstack.wsgi [None req-1f2313e8-bd36-4fe4-96c2-6314195b1dfd 394864f304b34c498815eab595d37814 bfccfbbba6d34d95811556a3dabb5d67 - - default default] http://10.0.0.126:8776/ returned with HTTP 300
2026-06-28 21:09:21.510 6 INFO cinder.api.openstack.wsgi [None req-3f420bf5-3902-466e-9276-65498f24576d 394864f304b34c498815eab595d37814 bfccfbbba6d34d95811556a3dabb5d67 - - default default] http://10.0.0.126:8776/ returned with HTTP 300
2026-06-28 21:09:31.507 7 INFO cinder.api.openstack.wsgi [None req-1f2313e8-bd36-4fe4-96c2-6314195b1dfd 394864f304b34c498815eab595d37814 bfccfbbba6d34d95811556a3dabb5d67 - - default default] GET http://10.0.0.126:8776/
2026-06-28 21:09:31.507 7 INFO cinder.api.openstack.wsgi [None req-1f2313e8-bd36-4fe4-96c2-6314195b1dfd 394864f304b34c498815eab595d37814 bfccfbbba6d34d95811556a3dabb5d67 - - default default] http://10.0.0.126:8776/ returned with HTTP 300
2026-06-28 21:09:31.508 6 INFO cinder.api.openstack.wsgi [None req-3f420bf5-3902-466e-9276-65498f24576d 394864f304b34c498815eab595d37814 bfccfbbba6d34d95811556a3dabb5d67 - - default default] GET http://10.0.0.126:8776/
2026-06-28 21:09:31.509 6 INFO cinder.api.openstack.wsgi [None req-3f420bf5-3902-466e-9276-65498f24576d 394864f304b34c498815eab595d37814 bfccfbbba6d34d95811556a3dabb5d67 - - default default] http://10.0.0.126:8776/ returned with HTTP 300
2026-06-28 21:09:41.507 6 INFO cinder.api.openstack.wsgi [None req-3f420bf5-3902-466e-9276-65498f24576d 394864f304b34c498815eab595d37814 bfccfbbba6d34d95811556a3dabb5d67 - - default default] GET http://10.0.0.126:8776/
2026-06-28 21:09:41.507 7 INFO cinder.api.openstack.wsgi [None req-1f2313e8-bd36-4fe4-96c2-6314195b1dfd 394864f304b34c498815eab595d37814 bfccfbbba6d34d95811556a3dabb5d67 - - default default] GET http://10.0.0.126:8776/
2026-06-28 21:09:41.508 6 INFO cinder.api.openstack.wsgi [None req-3f420bf5-3902-466e-9276-65498f24576d 394864f304b34c498815eab595d37814 bfccfbbba6d34d95811556a3dabb5d67 - - default default] http://10.0.0.126:8776/ returned with HTTP 300
2026-06-28 21:09:41.509 7 INFO cinder.api.openstack.wsgi [None req-1f2313e8-bd36-4fe4-96c2-6314195b1dfd 394864f304b34c498815eab595d37814 bfccfbbba6d34d95811556a3dabb5d67 - - default default] http://10.0.0.126:8776/ returned with HTTP 300
2026-06-28 21:09:51.507 7 INFO cinder.api.openstack.wsgi [None req-1f2313e8-bd36-4fe4-96c2-6314195b1dfd 394864f304b34c498815eab595d37814 bfccfbbba6d34d95811556a3dabb5d67 - - default default] GET http://10.0.0.126:8776/
2026-06-28 21:09:51.508 7 INFO cinder.api.openstack.wsgi [None req-1f2313e8-bd36-4fe4-96c2-6314195b1dfd 394864f304b34c498815eab595d37814 bfccfbbba6d34d95811556a3dabb5d67 - - default default] http://10.0.0.126:8776/ returned with HTTP 300
2026-06-28 21:09:51.510 6 INFO cinder.api.openstack.wsgi [None req-3f420bf5-3902-466e-9276-65498f24576d 394864f304b34c498815eab595d37814 bfccfbbba6d34d95811556a3dabb5d67 - - default default] GET http://10.0.0.126:8776/
2026-06-28 21:09:51.512 6 INFO cinder.api.openstack.wsgi [None req-3f420bf5-3902-466e-9276-65498f24576d 394864f304b34c498815eab595d37814 bfccfbbba6d34d95811556a3dabb5d67 - - default default] http://10.0.0.126:8776/ returned with HTTP 300
2026-06-28 21:10:01.288 7 INFO cinder.api.openstack.wsgi [req-9af66688-d267-4e3a-a451-1343d4e06769 req-decbe761-552f-4e63-a003-7aeb8661b08b 81f0bb9b268a4b8f95165481108f5e8d c53c628e986f42339e8e404819ecc6bf - - default default] GET http://cinder-api.openstack.svc.cluster.local:8776/v3/c53c628e986f42339e8e404819ecc6bf/attachments?instance_id=2211a82d-8050-486a-9136-aafca27421ad
2026-06-28 21:10:01.302 7 INFO cinder.api.openstack.wsgi [req-9af66688-d267-4e3a-a451-1343d4e06769 req-decbe761-552f-4e63-a003-7aeb8661b08b 81f0bb9b268a4b8f95165481108f5e8d c53c628e986f42339e8e404819ecc6bf - - default default] http://cinder-api.openstack.svc.cluster.local:8776/v3/c53c628e986f42339e8e404819ecc6bf/attachments?instance_id=2211a82d-8050-486a-9136-aafca27421ad returned with HTTP 200 [pid: 7|app: 0|req: 357/713] 199.204.45.223 () {36 vars in 1104 bytes} [Sun Jun 28 21:10:01 2026] GET /v3/c53c628e986f42339e8e404819ecc6bf/attachments?instance_id=2211a82d-8050-486a-9136-aafca27421ad => generated 19 bytes in 23 msecs (HTTP/1.1 200) 7 headers in 285 bytes (1 switches on core 0)
2026-06-28 21:10:01.506 7 INFO cinder.api.openstack.wsgi [req-9af66688-d267-4e3a-a451-1343d4e06769 req-decbe761-552f-4e63-a003-7aeb8661b08b 81f0bb9b268a4b8f95165481108f5e8d c53c628e986f42339e8e404819ecc6bf - - default default] GET http://10.0.0.126:8776/
2026-06-28 21:10:01.507 6 INFO cinder.api.openstack.wsgi [None req-3f420bf5-3902-466e-9276-65498f24576d 394864f304b34c498815eab595d37814 bfccfbbba6d34d95811556a3dabb5d67 - - default default] GET http://10.0.0.126:8776/
2026-06-28 21:10:01.508 7 INFO cinder.api.openstack.wsgi [req-9af66688-d267-4e3a-a451-1343d4e06769 req-decbe761-552f-4e63-a003-7aeb8661b08b 81f0bb9b268a4b8f95165481108f5e8d c53c628e986f42339e8e404819ecc6bf - - default default] http://10.0.0.126:8776/ returned with HTTP 300
2026-06-28 21:10:01.508 6 INFO cinder.api.openstack.wsgi [None req-3f420bf5-3902-466e-9276-65498f24576d 394864f304b34c498815eab595d37814 bfccfbbba6d34d95811556a3dabb5d67 - - default default] http://10.0.0.126:8776/ returned with HTTP 300
2026-06-28 21:10:11.506 6 INFO cinder.api.openstack.wsgi [None req-3f420bf5-3902-466e-9276-65498f24576d 394864f304b34c498815eab595d37814 bfccfbbba6d34d95811556a3dabb5d67 - - default default] GET http://10.0.0.126:8776/
2026-06-28 21:10:11.507 7 INFO cinder.api.openstack.wsgi [req-9af66688-d267-4e3a-a451-1343d4e06769 req-decbe761-552f-4e63-a003-7aeb8661b08b 81f0bb9b268a4b8f95165481108f5e8d c53c628e986f42339e8e404819ecc6bf - - default default] GET http://10.0.0.126:8776/
2026-06-28 21:10:11.508 7 INFO cinder.api.openstack.wsgi [req-9af66688-d267-4e3a-a451-1343d4e06769 req-decbe761-552f-4e63-a003-7aeb8661b08b 81f0bb9b268a4b8f95165481108f5e8d c53c628e986f42339e8e404819ecc6bf - - default default] http://10.0.0.126:8776/ returned with HTTP 300
2026-06-28 21:10:11.508 6 INFO cinder.api.openstack.wsgi [None req-3f420bf5-3902-466e-9276-65498f24576d 394864f304b34c498815eab595d37814 bfccfbbba6d34d95811556a3dabb5d67 - - default default] http://10.0.0.126:8776/ returned with HTTP 300
2026-06-28 21:10:17.575 7 INFO cinder.api.openstack.wsgi [None req-ad950d79-796f-4599-89cc-e8c66b1230f5 394864f304b34c498815eab595d37814 bfccfbbba6d34d95811556a3dabb5d67 - - default default] GET http://cinder-api.openstack.svc.cluster.local:8776/v3/bfccfbbba6d34d95811556a3dabb5d67/scheduler-stats/get_pools?detail=true
2026-06-28 21:10:18.079 7 INFO cinder.api.openstack.wsgi [None req-ad950d79-796f-4599-89cc-e8c66b1230f5 394864f304b34c498815eab595d37814 bfccfbbba6d34d95811556a3dabb5d67 - - default default] http://cinder-api.openstack.svc.cluster.local:8776/v3/bfccfbbba6d34d95811556a3dabb5d67/scheduler-stats/get_pools?detail=true returned with HTTP 200 [pid: 7|app: 0|req: 360/718] 10.0.0.112 () {28 vars in 696 bytes} [Sun Jun 28 21:10:17 2026] GET /v3/bfccfbbba6d34d95811556a3dabb5d67/scheduler-stats/get_pools?detail=true => generated 670 bytes in 779 msecs (HTTP/1.1 200) 7 headers in 285 bytes (1 switches on core 0)
2026-06-28 21:10:18.104 6 INFO cinder.api.openstack.wsgi [None req-7e8dc530-565d-43ff-a1d4-44c9da111568 394864f304b34c498815eab595d37814 bfccfbbba6d34d95811556a3dabb5d67 - - default default] GET http://cinder-api.openstack.svc.cluster.local:8776/v3/bfccfbbba6d34d95811556a3dabb5d67/os-services
2026-06-28 21:10:18.115 6 INFO cinder.api.openstack.wsgi [None req-7e8dc530-565d-43ff-a1d4-44c9da111568 394864f304b34c498815eab595d37814 bfccfbbba6d34d95811556a3dabb5d67 - - default default] http://cinder-api.openstack.svc.cluster.local:8776/v3/bfccfbbba6d34d95811556a3dabb5d67/os-services returned with HTTP 200 [pid: 6|app: 0|req: 359/719] 10.0.0.112 () {28 vars in 645 bytes} [Sun Jun 28 21:10:18 2026] GET /v3/bfccfbbba6d34d95811556a3dabb5d67/os-services => generated 646 bytes in 31 msecs (HTTP/1.1 200) 7 headers in 285 bytes (1 switches on core 0)
2026-06-28 21:10:18.126 7 INFO cinder.api.openstack.wsgi [None req-74d333de-aa23-41f5-ac43-803ef7113384 394864f304b34c498815eab595d37814 bfccfbbba6d34d95811556a3dabb5d67 - - default default] GET http://cinder-api.openstack.svc.cluster.local:8776/v3/bfccfbbba6d34d95811556a3dabb5d67/volumes/detail?all_tenants=true
2026-06-28 21:10:18.134 7 INFO cinder.volume.api [None req-74d333de-aa23-41f5-ac43-803ef7113384 394864f304b34c498815eab595d37814 bfccfbbba6d34d95811556a3dabb5d67 - - default default] Get all volumes completed successfully.
2026-06-28 21:10:18.136 7 INFO cinder.api.openstack.wsgi [None req-74d333de-aa23-41f5-ac43-803ef7113384 394864f304b34c498815eab595d37814 bfccfbbba6d34d95811556a3dabb5d67 - - default default] http://cinder-api.openstack.svc.cluster.local:8776/v3/bfccfbbba6d34d95811556a3dabb5d67/volumes/detail?all_tenants=true returned with HTTP 200 [pid: 7|app: 0|req: 361/720] 10.0.0.112 () {28 vars in 684 bytes} [Sun Jun 28 21:10:18 2026] GET /v3/bfccfbbba6d34d95811556a3dabb5d67/volumes/detail?all_tenants=true => generated 15 bytes in 16 msecs (HTTP/1.1 200) 7 headers in 284 bytes (1 switches on core 0)
2026-06-28 21:10:18.152 6 INFO cinder.api.openstack.wsgi [None req-c05a1f16-b5eb-44b1-9471-c1f809c9564d 394864f304b34c498815eab595d37814 bfccfbbba6d34d95811556a3dabb5d67 - - default default] GET http://cinder-api.openstack.svc.cluster.local:8776/v3/bfccfbbba6d34d95811556a3dabb5d67/snapshots?all_tenants=true
2026-06-28 21:10:18.160 6 INFO cinder.volume.api [None req-c05a1f16-b5eb-44b1-9471-c1f809c9564d 394864f304b34c498815eab595d37814 bfccfbbba6d34d95811556a3dabb5d67 - - default default] Get all snapshots completed successfully.
2026-06-28 21:10:18.160 6 INFO cinder.api.openstack.wsgi [None req-c05a1f16-b5eb-44b1-9471-c1f809c9564d 394864f304b34c498815eab595d37814 bfccfbbba6d34d95811556a3dabb5d67 - - default default] http://cinder-api.openstack.svc.cluster.local:8776/v3/bfccfbbba6d34d95811556a3dabb5d67/snapshots?all_tenants=true returned with HTTP 200 [pid: 6|app: 0|req: 360/721] 10.0.0.112 () {28 vars in 674 bytes} [Sun Jun 28 21:10:18 2026] GET /v3/bfccfbbba6d34d95811556a3dabb5d67/snapshots?all_tenants=true => generated 17 bytes in 15 msecs (HTTP/1.1 200) 7 headers in 284 bytes (1 switches on core 0)
2026-06-28 21:10:18.233 7 INFO cinder.api.openstack.wsgi [None req-114c001a-d8ed-44e0-9f1a-4e371a19b353 394864f304b34c498815eab595d37814 bfccfbbba6d34d95811556a3dabb5d67 - - default default] GET http://cinder-api.openstack.svc.cluster.local:8776/v3/bfccfbbba6d34d95811556a3dabb5d67/os-quota-sets/1f410e13382141d386fad689520c323c?usage=true
2026-06-28 21:10:18.265 7 INFO cinder.api.openstack.wsgi [None req-114c001a-d8ed-44e0-9f1a-4e371a19b353 394864f304b34c498815eab595d37814 bfccfbbba6d34d95811556a3dabb5d67 - - default default] http://cinder-api.openstack.svc.cluster.local:8776/v3/bfccfbbba6d34d95811556a3dabb5d67/os-quota-sets/1f410e13382141d386fad689520c323c?usage=true returned with HTTP 200 [pid: 7|app: 0|req: 362/722] 10.0.0.112 () {28 vars in 736 bytes} [Sun Jun 28 21:10:18 2026] GET /v3/bfccfbbba6d34d95811556a3dabb5d67/os-quota-sets/1f410e13382141d386fad689520c323c?usage=true => generated 847 bytes in 41 msecs (HTTP/1.1 200) 7 headers in 285 bytes (1 switches on core 0)
2026-06-28 21:10:18.274 6 INFO cinder.api.openstack.wsgi [None req-d0619b88-75cf-48a2-a4bb-d5603aba50c7 394864f304b34c498815eab595d37814 bfccfbbba6d34d95811556a3dabb5d67 - - default default] GET http://cinder-api.openstack.svc.cluster.local:8776/v3/bfccfbbba6d34d95811556a3dabb5d67/os-quota-sets/21d474bb3fdb47a9841b8862e25678ae?usage=true
2026-06-28 21:10:18.292 6 INFO cinder.api.openstack.wsgi [None req-d0619b88-75cf-48a2-a4bb-d5603aba50c7 394864f304b34c498815eab595d37814 bfccfbbba6d34d95811556a3dabb5d67 - - default default] http://cinder-api.openstack.svc.cluster.local:8776/v3/bfccfbbba6d34d95811556a3dabb5d67/os-quota-sets/21d474bb3fdb47a9841b8862e25678ae?usage=true returned with HTTP 200 [pid: 6|app: 0|req: 361/723] 10.0.0.112 () {28 vars in 736 bytes} [Sun Jun 28 21:10:18 2026] GET /v3/bfccfbbba6d34d95811556a3dabb5d67/os-quota-sets/21d474bb3fdb47a9841b8862e25678ae?usage=true => generated 847 bytes in 22 msecs (HTTP/1.1 200) 7 headers in 285 bytes (1 switches on core 0)
2026-06-28 21:10:18.303 7 INFO cinder.api.openstack.wsgi [None req-45292bdb-b481-420e-a5ad-15332a457c38 394864f304b34c498815eab595d37814 bfccfbbba6d34d95811556a3dabb5d67 - - default default] GET http://cinder-api.openstack.svc.cluster.local:8776/v3/bfccfbbba6d34d95811556a3dabb5d67/os-quota-sets/5058f811e5b04784bced02d6dc2dbc88?usage=true
2026-06-28 21:10:18.333 7 INFO cinder.api.openstack.wsgi [None req-45292bdb-b481-420e-a5ad-15332a457c38 394864f304b34c498815eab595d37814 bfccfbbba6d34d95811556a3dabb5d67 - - default default] http://cinder-api.openstack.svc.cluster.local:8776/v3/bfccfbbba6d34d95811556a3dabb5d67/os-quota-sets/5058f811e5b04784bced02d6dc2dbc88?usage=true returned with HTTP 200 [pid: 7|app: 0|req: 363/724] 10.0.0.112 () {28 vars in 736 bytes} [Sun Jun 28 21:10:18 2026] GET /v3/bfccfbbba6d34d95811556a3dabb5d67/os-quota-sets/5058f811e5b04784bced02d6dc2dbc88?usage=true => generated 847 bytes in 38 msecs (HTTP/1.1 200) 7 headers in 285 bytes (1 switches on core 0)
2026-06-28 21:10:18.340 6 INFO cinder.api.openstack.wsgi [None req-8eebbf39-6091-4b74-a73c-de50e56001b4 394864f304b34c498815eab595d37814 bfccfbbba6d34d95811556a3dabb5d67 - - default default] GET http://cinder-api.openstack.svc.cluster.local:8776/v3/bfccfbbba6d34d95811556a3dabb5d67/os-quota-sets/bfccfbbba6d34d95811556a3dabb5d67?usage=true
2026-06-28 21:10:18.360 6 INFO cinder.api.openstack.wsgi [None req-8eebbf39-6091-4b74-a73c-de50e56001b4 394864f304b34c498815eab595d37814 bfccfbbba6d34d95811556a3dabb5d67 - - default default] http://cinder-api.openstack.svc.cluster.local:8776/v3/bfccfbbba6d34d95811556a3dabb5d67/os-quota-sets/bfccfbbba6d34d95811556a3dabb5d67?usage=true returned with HTTP 200 [pid: 6|app: 0|req: 362/725] 10.0.0.112 () {28 vars in 736 bytes} [Sun Jun 28 21:10:18 2026] GET /v3/bfccfbbba6d34d95811556a3dabb5d67/os-quota-sets/bfccfbbba6d34d95811556a3dabb5d67?usage=true => generated 845 bytes in 23 msecs (HTTP/1.1 200) 7 headers in 285 bytes (1 switches on core 0)
2026-06-28 21:10:18.370 7 INFO cinder.api.openstack.wsgi [None req-9762bcff-10a2-4c44-9644-44b981988c28 394864f304b34c498815eab595d37814 bfccfbbba6d34d95811556a3dabb5d67 - - default default] GET http://cinder-api.openstack.svc.cluster.local:8776/v3/bfccfbbba6d34d95811556a3dabb5d67/os-quota-sets/c53c628e986f42339e8e404819ecc6bf?usage=true
2026-06-28 21:10:18.394 7 INFO cinder.api.openstack.wsgi [None req-9762bcff-10a2-4c44-9644-44b981988c28 394864f304b34c498815eab595d37814 bfccfbbba6d34d95811556a3dabb5d67 - - default default] http://cinder-api.openstack.svc.cluster.local:8776/v3/bfccfbbba6d34d95811556a3dabb5d67/os-quota-sets/c53c628e986f42339e8e404819ecc6bf?usage=true returned with HTTP 200 [pid: 7|app: 0|req: 364/726] 10.0.0.112 () {28 vars in 736 bytes} [Sun Jun 28 21:10:18 2026] GET /v3/bfccfbbba6d34d95811556a3dabb5d67/os-quota-sets/c53c628e986f42339e8e404819ecc6bf?usage=true => generated 847 bytes in 32 msecs (HTTP/1.1 200) 7 headers in 285 bytes (1 switches on core 0)
2026-06-28 21:10:18.406 6 INFO cinder.api.openstack.wsgi [None req-6d29f31e-1fa6-4297-977a-c403d9ceefad 394864f304b34c498815eab595d37814 bfccfbbba6d34d95811556a3dabb5d67 - - default default] GET http://cinder-api.openstack.svc.cluster.local:8776/v3/bfccfbbba6d34d95811556a3dabb5d67/os-quota-sets/d0ed84e3a3914aeb8f7bb213742f4486?usage=true
2026-06-28 21:10:18.428 6 INFO cinder.api.openstack.wsgi [None req-6d29f31e-1fa6-4297-977a-c403d9ceefad 394864f304b34c498815eab595d37814 bfccfbbba6d34d95811556a3dabb5d67 - - default default] http://cinder-api.openstack.svc.cluster.local:8776/v3/bfccfbbba6d34d95811556a3dabb5d67/os-quota-sets/d0ed84e3a3914aeb8f7bb213742f4486?usage=true returned with HTTP 200 [pid: 6|app: 0|req: 363/727] 10.0.0.112 () {28 vars in 736 bytes} [Sun Jun 28 21:10:18 2026] GET /v3/bfccfbbba6d34d95811556a3dabb5d67/os-quota-sets/d0ed84e3a3914aeb8f7bb213742f4486?usage=true => generated 845 bytes in 30 msecs (HTTP/1.1 200) 7 headers in 285 bytes (1 switches on core 0)
2026-06-28 21:10:18.439 7 INFO cinder.api.openstack.wsgi [None req-c185bbf9-7a4c-492c-a2ec-45dc3780a2c1 394864f304b34c498815eab595d37814 bfccfbbba6d34d95811556a3dabb5d67 - - default default] GET http://cinder-api.openstack.svc.cluster.local:8776/v3/bfccfbbba6d34d95811556a3dabb5d67/os-quota-sets/d5c21711797a48949e530640f765b129?usage=true
2026-06-28 21:10:18.479 7 INFO cinder.api.openstack.wsgi [None req-c185bbf9-7a4c-492c-a2ec-45dc3780a2c1 394864f304b34c498815eab595d37814 bfccfbbba6d34d95811556a3dabb5d67 - - default default] http://cinder-api.openstack.svc.cluster.local:8776/v3/bfccfbbba6d34d95811556a3dabb5d67/os-quota-sets/d5c21711797a48949e530640f765b129?usage=true returned with HTTP 200 [pid: 7|app: 0|req: 365/728] 10.0.0.112 () {28 vars in 736 bytes} [Sun Jun 28 21:10:18 2026] GET /v3/bfccfbbba6d34d95811556a3dabb5d67/os-quota-sets/d5c21711797a48949e530640f765b129?usage=true => generated 847 bytes in 47 msecs (HTTP/1.1 200) 7 headers in 285 bytes (1 switches on core 0)
2026-06-28 21:10:18.491 6 INFO cinder.api.openstack.wsgi [None req-de6c0bc8-d3b2-4caa-a32c-02dd7af8029f 394864f304b34c498815eab595d37814 bfccfbbba6d34d95811556a3dabb5d67 - - default default] GET http://cinder-api.openstack.svc.cluster.local:8776/v3/bfccfbbba6d34d95811556a3dabb5d67/volumes/detail?all_tenants=true
2026-06-28 21:10:18.501 6 INFO cinder.volume.api [None req-de6c0bc8-d3b2-4caa-a32c-02dd7af8029f 394864f304b34c498815eab595d37814 bfccfbbba6d34d95811556a3dabb5d67 - - default default] Get all volumes completed successfully.
2026-06-28 21:10:18.503 6 INFO cinder.api.openstack.wsgi [None req-de6c0bc8-d3b2-4caa-a32c-02dd7af8029f 394864f304b34c498815eab595d37814 bfccfbbba6d34d95811556a3dabb5d67 - - default default] http://cinder-api.openstack.svc.cluster.local:8776/v3/bfccfbbba6d34d95811556a3dabb5d67/volumes/detail?all_tenants=true returned with HTTP 200 [pid: 6|app: 0|req: 364/729] 10.0.0.112 () {28 vars in 684 bytes} [Sun Jun 28 21:10:18 2026] GET /v3/bfccfbbba6d34d95811556a3dabb5d67/volumes/detail?all_tenants=true => generated 15 bytes in 21 msecs (HTTP/1.1 200) 7 headers in 284 bytes (1 switches on core 0)
2026-06-28 21:10:21.507 7 INFO cinder.api.openstack.wsgi [None req-c185bbf9-7a4c-492c-a2ec-45dc3780a2c1 394864f304b34c498815eab595d37814 bfccfbbba6d34d95811556a3dabb5d67 - - default default] GET http://10.0.0.126:8776/
2026-06-28 21:10:21.507 6 INFO cinder.api.openstack.wsgi [None req-de6c0bc8-d3b2-4caa-a32c-02dd7af8029f 394864f304b34c498815eab595d37814 bfccfbbba6d34d95811556a3dabb5d67 - - default default] GET http://10.0.0.126:8776/
2026-06-28 21:10:21.508 7 INFO cinder.api.openstack.wsgi [None req-c185bbf9-7a4c-492c-a2ec-45dc3780a2c1 394864f304b34c498815eab595d37814 bfccfbbba6d34d95811556a3dabb5d67 - - default default] http://10.0.0.126:8776/ returned with HTTP 300
2026-06-28 21:10:21.508 6 INFO cinder.api.openstack.wsgi [None req-de6c0bc8-d3b2-4caa-a32c-02dd7af8029f 394864f304b34c498815eab595d37814 bfccfbbba6d34d95811556a3dabb5d67 - - default default] http://10.0.0.126:8776/ returned with HTTP 300
2026-06-28 21:10:29.310 6 INFO cinder.api.openstack.wsgi [None req-2b69d075-e9e0-4617-9e6c-4ff0f6d71c5a 5c576d4ff2bf406a87cc79fa2c5d6ee6 db4ae688776c4b2db1d3688eac38357c - - default default] POST http://cinder-api.openstack.svc.cluster.local:8776/v3/db4ae688776c4b2db1d3688eac38357c/volumes
2026-06-28 21:10:30.033 6 INFO cinder.api.v3.volumes [None req-2b69d075-e9e0-4617-9e6c-4ff0f6d71c5a 5c576d4ff2bf406a87cc79fa2c5d6ee6 db4ae688776c4b2db1d3688eac38357c - - default default] Create volume of 1 GB
2026-06-28 21:10:30.052 6 INFO cinder.volume.api [None req-2b69d075-e9e0-4617-9e6c-4ff0f6d71c5a 5c576d4ff2bf406a87cc79fa2c5d6ee6 db4ae688776c4b2db1d3688eac38357c - - default default] Availability Zones retrieved successfully.
2026-06-28 21:10:30.452 6 INFO cinder.volume.api [None req-2b69d075-e9e0-4617-9e6c-4ff0f6d71c5a 5c576d4ff2bf406a87cc79fa2c5d6ee6 db4ae688776c4b2db1d3688eac38357c - - default default] Create volume request issued successfully.
2026-06-28 21:10:30.455 6 INFO cinder.api.openstack.wsgi [None req-2b69d075-e9e0-4617-9e6c-4ff0f6d71c5a 5c576d4ff2bf406a87cc79fa2c5d6ee6 db4ae688776c4b2db1d3688eac38357c - - default default] http://cinder-api.openstack.svc.cluster.local:8776/v3/db4ae688776c4b2db1d3688eac38357c/volumes returned with HTTP 202 [pid: 6|app: 0|req: 366/732] 10.0.0.94 () {34 vars in 722 bytes} [Sun Jun 28 21:10:29 2026] POST /v3/db4ae688776c4b2db1d3688eac38357c/volumes => generated 865 bytes in 1150 msecs (HTTP/1.1 202) 7 headers in 291 bytes (1 switches on core 0)
2026-06-28 21:10:30.480 7 INFO cinder.api.openstack.wsgi [None req-999a72c5-ac01-4f6b-9a19-9b3d8ebe5736 5c576d4ff2bf406a87cc79fa2c5d6ee6 db4ae688776c4b2db1d3688eac38357c - - default default] GET http://cinder-api.openstack.svc.cluster.local:8776/v3/db4ae688776c4b2db1d3688eac38357c/volumes/3a138fc4-00fa-40f4-9d86-d4e534d850ad /var/lib/openstack/lib/python3.12/site-packages/oslo_context/context.py:100: DeprecationWarning: Policy enforcement is depending on the value of is_admin. This key is deprecated. Please update your policy file to use the standard policy values. warnings.warn('Policy enforcement is depending on the value of '
2026-06-28 21:10:30.538 7 INFO cinder.volume.api [None req-999a72c5-ac01-4f6b-9a19-9b3d8ebe5736 5c576d4ff2bf406a87cc79fa2c5d6ee6 db4ae688776c4b2db1d3688eac38357c - - default default] Volume info retrieved successfully.
2026-06-28 21:10:30.552 7 INFO cinder.api.openstack.wsgi [None req-999a72c5-ac01-4f6b-9a19-9b3d8ebe5736 5c576d4ff2bf406a87cc79fa2c5d6ee6 db4ae688776c4b2db1d3688eac38357c - - default default] http://cinder-api.openstack.svc.cluster.local:8776/v3/db4ae688776c4b2db1d3688eac38357c/volumes/3a138fc4-00fa-40f4-9d86-d4e534d850ad returned with HTTP 200 [pid: 7|app: 0|req: 367/733] 10.0.0.94 () {32 vars in 774 bytes} [Sun Jun 28 21:10:30 2026] GET /v3/db4ae688776c4b2db1d3688eac38357c/volumes/3a138fc4-00fa-40f4-9d86-d4e534d850ad => generated 933 bytes in 78 msecs (HTTP/1.1 200) 7 headers in 285 bytes (1 switches on core 0)
2026-06-28 21:10:31.506 7 INFO cinder.api.openstack.wsgi [None req-999a72c5-ac01-4f6b-9a19-9b3d8ebe5736 5c576d4ff2bf406a87cc79fa2c5d6ee6 db4ae688776c4b2db1d3688eac38357c - - default default] GET http://10.0.0.126:8776/
2026-06-28 21:10:31.507 6 INFO cinder.api.openstack.wsgi [None req-2b69d075-e9e0-4617-9e6c-4ff0f6d71c5a 5c576d4ff2bf406a87cc79fa2c5d6ee6 db4ae688776c4b2db1d3688eac38357c - - default default] GET http://10.0.0.126:8776/
2026-06-28 21:10:31.508 7 INFO cinder.api.openstack.wsgi [None req-999a72c5-ac01-4f6b-9a19-9b3d8ebe5736 5c576d4ff2bf406a87cc79fa2c5d6ee6 db4ae688776c4b2db1d3688eac38357c - - default default] http://10.0.0.126:8776/ returned with HTTP 300
2026-06-28 21:10:31.508 6 INFO cinder.api.openstack.wsgi [None req-2b69d075-e9e0-4617-9e6c-4ff0f6d71c5a 5c576d4ff2bf406a87cc79fa2c5d6ee6 db4ae688776c4b2db1d3688eac38357c - - default default] http://10.0.0.126:8776/ returned with HTTP 300 /var/lib/openstack/lib/python3.12/site-packages/pycadf/identifier.py:70: UserWarning: Invalid uuid: cinderv3. To ensure interoperability, identifiers should be a valid uuid. warnings.warn(('Invalid uuid: %s. To ensure interoperability, '
2026-06-28 21:10:31.582 7 INFO cinder.api.openstack.wsgi [None req-04b9844c-d656-42cf-8fbc-51e2f3f6eb47 5c576d4ff2bf406a87cc79fa2c5d6ee6 db4ae688776c4b2db1d3688eac38357c - - default default] GET http://cinder-api.openstack.svc.cluster.local:8776/v3/db4ae688776c4b2db1d3688eac38357c/volumes/3a138fc4-00fa-40f4-9d86-d4e534d850ad /var/lib/openstack/lib/python3.12/site-packages/oslo_context/context.py:100: DeprecationWarning: Policy enforcement is depending on the value of is_admin. This key is deprecated. Please update your policy file to use the standard policy values. warnings.warn('Policy enforcement is depending on the value of '
2026-06-28 21:10:31.599 7 INFO cinder.volume.api [None req-04b9844c-d656-42cf-8fbc-51e2f3f6eb47 5c576d4ff2bf406a87cc79fa2c5d6ee6 db4ae688776c4b2db1d3688eac38357c - - default default] Volume info retrieved successfully.
2026-06-28 21:10:31.604 7 INFO cinder.api.openstack.wsgi [None req-04b9844c-d656-42cf-8fbc-51e2f3f6eb47 5c576d4ff2bf406a87cc79fa2c5d6ee6 db4ae688776c4b2db1d3688eac38357c - - default default] http://cinder-api.openstack.svc.cluster.local:8776/v3/db4ae688776c4b2db1d3688eac38357c/volumes/3a138fc4-00fa-40f4-9d86-d4e534d850ad returned with HTTP 200 [pid: 7|app: 0|req: 369/736] 10.0.0.94 () {32 vars in 774 bytes} [Sun Jun 28 21:10:31 2026] GET /v3/db4ae688776c4b2db1d3688eac38357c/volumes/3a138fc4-00fa-40f4-9d86-d4e534d850ad => generated 957 bytes in 32 msecs (HTTP/1.1 200) 7 headers in 285 bytes (1 switches on core 0) /var/lib/openstack/lib/python3.12/site-packages/pycadf/identifier.py:70: UserWarning: Invalid uuid: cinderv3. To ensure interoperability, identifiers should be a valid uuid. warnings.warn(('Invalid uuid: %s. To ensure interoperability, '
2026-06-28 21:10:32.631 6 INFO cinder.api.openstack.wsgi [None req-7ebcac2d-e46e-462c-ab6a-eba0e298d43e 5c576d4ff2bf406a87cc79fa2c5d6ee6 db4ae688776c4b2db1d3688eac38357c - - default default] GET http://cinder-api.openstack.svc.cluster.local:8776/v3/db4ae688776c4b2db1d3688eac38357c/volumes/3a138fc4-00fa-40f4-9d86-d4e534d850ad /var/lib/openstack/lib/python3.12/site-packages/oslo_context/context.py:100: DeprecationWarning: Policy enforcement is depending on the value of is_admin. This key is deprecated. Please update your policy file to use the standard policy values. warnings.warn('Policy enforcement is depending on the value of '
2026-06-28 21:10:32.650 6 INFO cinder.volume.api [None req-7ebcac2d-e46e-462c-ab6a-eba0e298d43e 5c576d4ff2bf406a87cc79fa2c5d6ee6 db4ae688776c4b2db1d3688eac38357c - - default default] Volume info retrieved successfully.
2026-06-28 21:10:32.656 6 INFO cinder.api.openstack.wsgi [None req-7ebcac2d-e46e-462c-ab6a-eba0e298d43e 5c576d4ff2bf406a87cc79fa2c5d6ee6 db4ae688776c4b2db1d3688eac38357c - - default default] http://cinder-api.openstack.svc.cluster.local:8776/v3/db4ae688776c4b2db1d3688eac38357c/volumes/3a138fc4-00fa-40f4-9d86-d4e534d850ad returned with HTTP 200 [pid: 6|app: 0|req: 368/737] 10.0.0.94 () {32 vars in 774 bytes} [Sun Jun 28 21:10:32 2026] GET /v3/db4ae688776c4b2db1d3688eac38357c/volumes/3a138fc4-00fa-40f4-9d86-d4e534d850ad => generated 957 bytes in 36 msecs (HTTP/1.1 200) 7 headers in 285 bytes (1 switches on core 0) /var/lib/openstack/lib/python3.12/site-packages/pycadf/identifier.py:70: UserWarning: Invalid uuid: cinderv3. To ensure interoperability, identifiers should be a valid uuid. warnings.warn(('Invalid uuid: %s. To ensure interoperability, '
2026-06-28 21:10:33.680 7 INFO cinder.api.openstack.wsgi [None req-c03b7477-b119-4bc7-bcfb-792bd8cb81f3 5c576d4ff2bf406a87cc79fa2c5d6ee6 db4ae688776c4b2db1d3688eac38357c - - default default] GET http://cinder-api.openstack.svc.cluster.local:8776/v3/db4ae688776c4b2db1d3688eac38357c/volumes/3a138fc4-00fa-40f4-9d86-d4e534d850ad /var/lib/openstack/lib/python3.12/site-packages/oslo_context/context.py:100: DeprecationWarning: Policy enforcement is depending on the value of is_admin. This key is deprecated. Please update your policy file to use the standard policy values. warnings.warn('Policy enforcement is depending on the value of '
2026-06-28 21:10:33.700 7 INFO cinder.volume.api [None req-c03b7477-b119-4bc7-bcfb-792bd8cb81f3 5c576d4ff2bf406a87cc79fa2c5d6ee6 db4ae688776c4b2db1d3688eac38357c - - default default] Volume info retrieved successfully.
2026-06-28 21:10:33.709 7 INFO cinder.api.openstack.wsgi [None req-c03b7477-b119-4bc7-bcfb-792bd8cb81f3 5c576d4ff2bf406a87cc79fa2c5d6ee6 db4ae688776c4b2db1d3688eac38357c - - default default] http://cinder-api.openstack.svc.cluster.local:8776/v3/db4ae688776c4b2db1d3688eac38357c/volumes/3a138fc4-00fa-40f4-9d86-d4e534d850ad returned with HTTP 200 [pid: 7|app: 0|req: 370/738] 10.0.0.94 () {32 vars in 774 bytes} [Sun Jun 28 21:10:33 2026] GET /v3/db4ae688776c4b2db1d3688eac38357c/volumes/3a138fc4-00fa-40f4-9d86-d4e534d850ad => generated 1483 bytes in 36 msecs (HTTP/1.1 200) 7 headers in 286 bytes (1 switches on core 0) /var/lib/openstack/lib/python3.12/site-packages/pycadf/identifier.py:70: UserWarning: Invalid uuid: cinderv3. To ensure interoperability, identifiers should be a valid uuid. warnings.warn(('Invalid uuid: %s. To ensure interoperability, '
2026-06-28 21:10:33.807 6 INFO cinder.api.openstack.wsgi [req-91f4b72c-e09a-4a31-b313-031c9ea117ba req-3ef189c7-03fd-4611-ab8f-c66d652f5817 5c576d4ff2bf406a87cc79fa2c5d6ee6 db4ae688776c4b2db1d3688eac38357c - - default default] GET http://cinder-api.openstack.svc.cluster.local:8776/v3/db4ae688776c4b2db1d3688eac38357c/volumes/3a138fc4-00fa-40f4-9d86-d4e534d850ad /var/lib/openstack/lib/python3.12/site-packages/oslo_context/context.py:100: DeprecationWarning: Policy enforcement is depending on the value of is_admin. This key is deprecated. Please update your policy file to use the standard policy values. warnings.warn('Policy enforcement is depending on the value of '
2026-06-28 21:10:33.826 6 INFO cinder.volume.api [req-91f4b72c-e09a-4a31-b313-031c9ea117ba req-3ef189c7-03fd-4611-ab8f-c66d652f5817 5c576d4ff2bf406a87cc79fa2c5d6ee6 db4ae688776c4b2db1d3688eac38357c - - default default] Volume info retrieved successfully.
2026-06-28 21:10:33.833 6 INFO cinder.api.openstack.wsgi [req-91f4b72c-e09a-4a31-b313-031c9ea117ba req-3ef189c7-03fd-4611-ab8f-c66d652f5817 5c576d4ff2bf406a87cc79fa2c5d6ee6 db4ae688776c4b2db1d3688eac38357c - - default default] http://cinder-api.openstack.svc.cluster.local:8776/v3/db4ae688776c4b2db1d3688eac38357c/volumes/3a138fc4-00fa-40f4-9d86-d4e534d850ad returned with HTTP 200 [pid: 6|app: 0|req: 369/739] 10.0.0.244 () {34 vars in 1028 bytes} [Sun Jun 28 21:10:33 2026] GET /v3/db4ae688776c4b2db1d3688eac38357c/volumes/3a138fc4-00fa-40f4-9d86-d4e534d850ad => generated 1483 bytes in 37 msecs (HTTP/1.1 200) 7 headers in 286 bytes (1 switches on core 0) /var/lib/openstack/lib/python3.12/site-packages/pycadf/identifier.py:70: UserWarning: Invalid uuid: cinderv3. To ensure interoperability, identifiers should be a valid uuid. warnings.warn(('Invalid uuid: %s. To ensure interoperability, '
2026-06-28 21:10:36.431 7 INFO cinder.api.openstack.wsgi [req-91f4b72c-e09a-4a31-b313-031c9ea117ba req-60ac4c24-aac9-4d81-ae24-ff92eb39326b 5c576d4ff2bf406a87cc79fa2c5d6ee6 db4ae688776c4b2db1d3688eac38357c - - default default] GET http://cinder-api.openstack.svc.cluster.local:8776/v3/db4ae688776c4b2db1d3688eac38357c/volumes/3a138fc4-00fa-40f4-9d86-d4e534d850ad /var/lib/openstack/lib/python3.12/site-packages/oslo_context/context.py:100: DeprecationWarning: Policy enforcement is depending on the value of is_admin. This key is deprecated. Please update your policy file to use the standard policy values. warnings.warn('Policy enforcement is depending on the value of '
2026-06-28 21:10:36.449 7 INFO cinder.volume.api [req-91f4b72c-e09a-4a31-b313-031c9ea117ba req-60ac4c24-aac9-4d81-ae24-ff92eb39326b 5c576d4ff2bf406a87cc79fa2c5d6ee6 db4ae688776c4b2db1d3688eac38357c - - default default] Volume info retrieved successfully.
2026-06-28 21:10:36.461 7 INFO cinder.api.openstack.wsgi [req-91f4b72c-e09a-4a31-b313-031c9ea117ba req-60ac4c24-aac9-4d81-ae24-ff92eb39326b 5c576d4ff2bf406a87cc79fa2c5d6ee6 db4ae688776c4b2db1d3688eac38357c - - default default] http://cinder-api.openstack.svc.cluster.local:8776/v3/db4ae688776c4b2db1d3688eac38357c/volumes/3a138fc4-00fa-40f4-9d86-d4e534d850ad returned with HTTP 200 [pid: 7|app: 0|req: 371/740] 10.0.0.244 () {34 vars in 1028 bytes} [Sun Jun 28 21:10:36 2026] GET /v3/db4ae688776c4b2db1d3688eac38357c/volumes/3a138fc4-00fa-40f4-9d86-d4e534d850ad => generated 1483 bytes in 36 msecs (HTTP/1.1 200) 7 headers in 286 bytes (1 switches on core 0)
2026-06-28 21:10:36.472 6 INFO cinder.api.openstack.wsgi [req-91f4b72c-e09a-4a31-b313-031c9ea117ba req-3ef189c7-03fd-4611-ab8f-c66d652f5817 5c576d4ff2bf406a87cc79fa2c5d6ee6 db4ae688776c4b2db1d3688eac38357c - - default default] GET http://cinder-api.openstack.svc.cluster.local:8776/
2026-06-28 21:10:36.473 6 INFO cinder.api.openstack.wsgi [req-91f4b72c-e09a-4a31-b313-031c9ea117ba req-3ef189c7-03fd-4611-ab8f-c66d652f5817 5c576d4ff2bf406a87cc79fa2c5d6ee6 db4ae688776c4b2db1d3688eac38357c - - default default] http://cinder-api.openstack.svc.cluster.local:8776/ returned with HTTP 300 [pid: 6|app: 0|req: 370/741] 10.0.0.244 () {32 vars in 829 bytes} [Sun Jun 28 21:10:36 2026] GET / => generated 411 bytes in 3 msecs (HTTP/1.1 300) 5 headers in 169 bytes (1 switches on core 0) /var/lib/openstack/lib/python3.12/site-packages/pycadf/identifier.py:70: UserWarning: Invalid uuid: cinderv3. To ensure interoperability, identifiers should be a valid uuid. warnings.warn(('Invalid uuid: %s. To ensure interoperability, '
2026-06-28 21:10:36.488 7 INFO cinder.api.openstack.wsgi [req-91f4b72c-e09a-4a31-b313-031c9ea117ba req-9e667947-daa8-4653-bfed-cfa7976c6db0 5c576d4ff2bf406a87cc79fa2c5d6ee6 db4ae688776c4b2db1d3688eac38357c - - default default] POST http://cinder-api.openstack.svc.cluster.local:8776/v3/db4ae688776c4b2db1d3688eac38357c/attachments /var/lib/openstack/lib/python3.12/site-packages/oslo_context/context.py:100: DeprecationWarning: Policy enforcement is depending on the value of is_admin. This key is deprecated. Please update your policy file to use the standard policy values. warnings.warn('Policy enforcement is depending on the value of '
2026-06-28 21:10:36.580 7 INFO cinder.api.openstack.wsgi [req-91f4b72c-e09a-4a31-b313-031c9ea117ba req-9e667947-daa8-4653-bfed-cfa7976c6db0 5c576d4ff2bf406a87cc79fa2c5d6ee6 db4ae688776c4b2db1d3688eac38357c - - default default] http://cinder-api.openstack.svc.cluster.local:8776/v3/db4ae688776c4b2db1d3688eac38357c/attachments returned with HTTP 200 [pid: 7|app: 0|req: 372/742] 10.0.0.244 () {40 vars in 1057 bytes} [Sun Jun 28 21:10:36 2026] POST /v3/db4ae688776c4b2db1d3688eac38357c/attachments => generated 273 bytes in 101 msecs (HTTP/1.1 200) 7 headers in 286 bytes (1 switches on core 0) /var/lib/openstack/lib/python3.12/site-packages/pycadf/identifier.py:70: UserWarning: Invalid uuid: cinderv3. To ensure interoperability, identifiers should be a valid uuid. warnings.warn(('Invalid uuid: %s. To ensure interoperability, '
2026-06-28 21:10:38.150 6 INFO cinder.api.openstack.wsgi [None req-7e08ab02-04a3-49dd-ae5a-5e9ccafa79f3 63b7a69c7b674f50a2be4ab18a972658 b3a0397c375f4541b7d3baf58672b405 - - default default] POST http://cinder-api.openstack.svc.cluster.local:8776/v3/b3a0397c375f4541b7d3baf58672b405/volumes
2026-06-28 21:10:38.153 6 INFO cinder.api.v3.volumes [None req-7e08ab02-04a3-49dd-ae5a-5e9ccafa79f3 63b7a69c7b674f50a2be4ab18a972658 b3a0397c375f4541b7d3baf58672b405 - - default default] Create volume of 1 GB
2026-06-28 21:10:38.159 6 INFO cinder.volume.api [None req-7e08ab02-04a3-49dd-ae5a-5e9ccafa79f3 63b7a69c7b674f50a2be4ab18a972658 b3a0397c375f4541b7d3baf58672b405 - - default default] Availability Zones retrieved successfully.
2026-06-28 21:10:38.316 6 INFO cinder.volume.api [None req-7e08ab02-04a3-49dd-ae5a-5e9ccafa79f3 63b7a69c7b674f50a2be4ab18a972658 b3a0397c375f4541b7d3baf58672b405 - - default default] Create volume request issued successfully.
2026-06-28 21:10:38.317 6 INFO cinder.api.openstack.wsgi [None req-7e08ab02-04a3-49dd-ae5a-5e9ccafa79f3 63b7a69c7b674f50a2be4ab18a972658 b3a0397c375f4541b7d3baf58672b405 - - default default] http://cinder-api.openstack.svc.cluster.local:8776/v3/b3a0397c375f4541b7d3baf58672b405/volumes returned with HTTP 202 [pid: 6|app: 0|req: 371/743] 10.0.0.94 () {34 vars in 721 bytes} [Sun Jun 28 21:10:37 2026] POST /v3/b3a0397c375f4541b7d3baf58672b405/volumes => generated 861 bytes in 347 msecs (HTTP/1.1 202) 7 headers in 291 bytes (1 switches on core 0) /var/lib/openstack/lib/python3.12/site-packages/pycadf/identifier.py:70: UserWarning: Invalid uuid: cinderv3. To ensure interoperability, identifiers should be a valid uuid. warnings.warn(('Invalid uuid: %s. To ensure interoperability, '
2026-06-28 21:10:38.334 7 INFO cinder.api.openstack.wsgi [None req-a0901fa5-71ec-4031-b384-ba8895883bce 63b7a69c7b674f50a2be4ab18a972658 b3a0397c375f4541b7d3baf58672b405 - - default default] GET http://cinder-api.openstack.svc.cluster.local:8776/v3/b3a0397c375f4541b7d3baf58672b405/volumes/7befb2de-51e4-4ade-bc4a-1e67d5f0ef13 /var/lib/openstack/lib/python3.12/site-packages/oslo_context/context.py:100: DeprecationWarning: Policy enforcement is depending on the value of is_admin. This key is deprecated. Please update your policy file to use the standard policy values. warnings.warn('Policy enforcement is depending on the value of '
2026-06-28 21:10:38.346 7 INFO cinder.volume.api [None req-a0901fa5-71ec-4031-b384-ba8895883bce 63b7a69c7b674f50a2be4ab18a972658 b3a0397c375f4541b7d3baf58672b405 - - default default] Volume info retrieved successfully.
