2026-04-14 11:49:37.396 8 INFO placement.requestlog [None req-dfe6d387-7ffa-441f-95f6-be6410daee9c - - - - - -] 10.0.0.138 "GET /" status: 200 len: 136 microversion: 1.0
2026-04-14 11:49:47.396 8 INFO placement.requestlog [None req-bb82fa86-0659-4351-865e-361eaed8a32f - - - - - -] 10.0.0.138 "GET /" status: 200 len: 136 microversion: 1.0
2026-04-14 11:49:47.396 7 INFO placement.requestlog [None req-9026cffc-8c2f-43f6-bcbd-ce3b80263e80 - - - - - -] 10.0.0.138 "GET /" status: 200 len: 136 microversion: 1.0
2026-04-14 11:49:48.629 8 INFO placement.requestlog [req-75d5cbf4-3321-4cfc-8e12-792a1b816504 req-4e38f8fd-1115-4622-95be-0efaa9a4b1e8 b98dee5c08ee4169b2b9e5ffda433163 0c31bec5bdf845a283664e09e1899f7a - - dc0eecef081c41e1b715b9267cb45920 dc0eecef081c41e1b715b9267cb45920] 199.204.45.235 "GET /resource_providers/6777df86-ec60-420e-b0eb-e7adc426ee8c/allocations" status: 200 len: 54 microversion: 1.0 [pid: 8|app: 0|req: 292/582] 199.204.45.235 () {32 vars in 857 bytes} [Tue Apr 14 11:49:48 2026] GET /resource_providers/6777df86-ec60-420e-b0eb-e7adc426ee8c/allocations => generated 54 bytes in 20 msecs (HTTP/1.1 200) 6 headers in 223 bytes (1 switches on core 0)
2026-04-14 11:49:48.656 7 INFO placement.requestlog [req-75d5cbf4-3321-4cfc-8e12-792a1b816504 req-cb32a5f3-00ac-4580-914d-7c444ae7790c b98dee5c08ee4169b2b9e5ffda433163 0c31bec5bdf845a283664e09e1899f7a - - dc0eecef081c41e1b715b9267cb45920 dc0eecef081c41e1b715b9267cb45920] 199.204.45.235 "GET /resource_providers/6777df86-ec60-420e-b0eb-e7adc426ee8c/allocations" status: 200 len: 54 microversion: 1.0 [pid: 7|app: 0|req: 291/583] 199.204.45.235 () {32 vars in 857 bytes} [Tue Apr 14 11:49:48 2026] GET /resource_providers/6777df86-ec60-420e-b0eb-e7adc426ee8c/allocations => generated 54 bytes in 15 msecs (HTTP/1.1 200) 6 headers in 223 bytes (1 switches on core 0)
2026-04-14 11:49:57.396 8 INFO placement.requestlog [None req-79e33556-7739-4ac1-a1f8-947efecfe17d - - - - - -] 10.0.0.138 "GET /" status: 200 len: 136 microversion: 1.0
2026-04-14 11:49:57.397 7 INFO placement.requestlog [None req-0bf00ea2-3db8-4ae1-afb9-214934dc74e9 - - - - - -] 10.0.0.138 "GET /" status: 200 len: 136 microversion: 1.0
2026-04-14 11:50:07.396 8 INFO placement.requestlog [None req-43510556-2fb7-4fd7-91d4-bd9083fd8c63 - - - - - -] 10.0.0.138 "GET /" status: 200 len: 136 microversion: 1.0
2026-04-14 11:50:07.397 7 INFO placement.requestlog [None req-8863fe60-4172-4578-a618-c96692d61a7e - - - - - -] 10.0.0.138 "GET /" status: 200 len: 136 microversion: 1.0
2026-04-14 11:50:17.396 8 INFO placement.requestlog [None req-10bda53f-9147-4803-af82-e66428e7493a - - - - - -] 10.0.0.138 "GET /" status: 200 len: 136 microversion: 1.0
2026-04-14 11:50:17.398 7 INFO placement.requestlog [None req-47db041d-9854-4695-b85f-83972a6b2ad9 - - - - - -] 10.0.0.138 "GET /" status: 200 len: 136 microversion: 1.0
2026-04-14 11:50:27.396 8 INFO placement.requestlog [None req-165baa9a-a7f1-40e0-8960-c1aee51c362c - - - - - -] 10.0.0.138 "GET /" status: 200 len: 136 microversion: 1.0
2026-04-14 11:50:27.397 7 INFO placement.requestlog [None req-b874b29f-1db2-4765-bbd3-2dbaf24ab358 - - - - - -] 10.0.0.138 "GET /" status: 200 len: 136 microversion: 1.0
2026-04-14 11:50:37.396 8 INFO placement.requestlog [None req-8a462fc5-7dfb-4114-860a-0bcc8c8c0a2d - - - - - -] 10.0.0.138 "GET /" status: 200 len: 136 microversion: 1.0
2026-04-14 11:50:37.397 7 INFO placement.requestlog [None req-0ca98003-f472-42dd-81d9-7832821905dc - - - - - -] 10.0.0.138 "GET /" status: 200 len: 136 microversion: 1.0
2026-04-14 11:50:47.396 8 INFO placement.requestlog [None req-d8743a5c-cc76-42d6-8e79-a6113e947fcf - - - - - -] 10.0.0.138 "GET /" status: 200 len: 136 microversion: 1.0
2026-04-14 11:50:47.398 7 INFO placement.requestlog [None req-294a8a15-371b-4697-9ec5-e207d1eb0ad5 - - - - - -] 10.0.0.138 "GET /" status: 200 len: 136 microversion: 1.0
2026-04-14 11:50:49.585 8 INFO placement.requestlog [req-810adb7a-70f7-4e7a-aa1f-03973b760b16 req-e45769dd-95b0-4dbf-b706-c2d351601690 b98dee5c08ee4169b2b9e5ffda433163 0c31bec5bdf845a283664e09e1899f7a - - dc0eecef081c41e1b715b9267cb45920 dc0eecef081c41e1b715b9267cb45920] 199.204.45.235 "GET /resource_providers/6777df86-ec60-420e-b0eb-e7adc426ee8c/allocations" status: 200 len: 54 microversion: 1.0 [pid: 8|app: 0|req: 299/596] 199.204.45.235 () {32 vars in 857 bytes} [Tue Apr 14 11:50:49 2026] GET /resource_providers/6777df86-ec60-420e-b0eb-e7adc426ee8c/allocations => generated 54 bytes in 18 msecs (HTTP/1.1 200) 6 headers in 223 bytes (1 switches on core 0)
2026-04-14 11:50:49.621 7 INFO placement.requestlog [req-810adb7a-70f7-4e7a-aa1f-03973b760b16 req-cec98778-7186-450a-a249-449d30d93638 b98dee5c08ee4169b2b9e5ffda433163 0c31bec5bdf845a283664e09e1899f7a - - dc0eecef081c41e1b715b9267cb45920 dc0eecef081c41e1b715b9267cb45920] 199.204.45.235 "GET /resource_providers/6777df86-ec60-420e-b0eb-e7adc426ee8c/allocations" status: 200 len: 54 microversion: 1.0 [pid: 7|app: 0|req: 298/597] 199.204.45.235 () {32 vars in 857 bytes} [Tue Apr 14 11:50:49 2026] GET /resource_providers/6777df86-ec60-420e-b0eb-e7adc426ee8c/allocations => generated 54 bytes in 19 msecs (HTTP/1.1 200) 6 headers in 223 bytes (1 switches on core 0)
2026-04-14 11:50:57.396 8 INFO placement.requestlog [None req-d18f054f-462d-4951-9507-9ada22cfe163 - - - - - -] 10.0.0.138 "GET /" status: 200 len: 136 microversion: 1.0
2026-04-14 11:50:57.397 7 INFO placement.requestlog [None req-fc28198a-ac1e-4b2a-b106-050f55d7c432 - - - - - -] 10.0.0.138 "GET /" status: 200 len: 136 microversion: 1.0
2026-04-14 11:51:07.396 7 INFO placement.requestlog [None req-964b8045-7ccc-4309-bdfd-88d2403a551a - - - - - -] 10.0.0.138 "GET /" status: 200 len: 136 microversion: 1.0
2026-04-14 11:51:07.396 8 INFO placement.requestlog [None req-e13cd959-f376-4905-bf27-60cc428ca984 - - - - - -] 10.0.0.138 "GET /" status: 200 len: 136 microversion: 1.0
2026-04-14 11:51:17.396 7 INFO placement.requestlog [None req-465337d4-2fdf-47d9-b20b-cffedcd50ae6 - - - - - -] 10.0.0.138 "GET /" status: 200 len: 136 microversion: 1.0
2026-04-14 11:51:17.396 8 INFO placement.requestlog [None req-86ba270e-a13a-4d23-a0c3-4a4198fca252 - - - - - -] 10.0.0.138 "GET /" status: 200 len: 136 microversion: 1.0
2026-04-14 11:51:27.397 8 INFO placement.requestlog [None req-02eec816-5194-49d9-adbb-8f212b4d0029 - - - - - -] 10.0.0.138 "GET /" status: 200 len: 136 microversion: 1.0
2026-04-14 11:51:27.397 7 INFO placement.requestlog [None req-8bc09525-9722-4a82-9387-def05202351b - - - - - -] 10.0.0.138 "GET /" status: 200 len: 136 microversion: 1.0
2026-04-14 11:51:31.247 7 INFO placement.requestlog [None req-cc6a9c02-20ce-4753-b09c-97f58114e20a 2a2127f7cadc4c7cb9ce7e6a1477996b 0c31bec5bdf845a283664e09e1899f7a - - dc0eecef081c41e1b715b9267cb45920 dc0eecef081c41e1b715b9267cb45920] 10.0.0.198 "GET /resource_providers/0c714e33-3517-4b9c-bea6-1a8b17feaf40/aggregates" status: 404 len: 235 microversion: 1.1 [pid: 7|app: 0|req: 303/606] 10.0.0.198 () {32 vars in 816 bytes} [Tue Apr 14 11:51:31 2026] GET /resource_providers/0c714e33-3517-4b9c-bea6-1a8b17feaf40/aggregates => generated 235 bytes in 149 msecs (HTTP/1.1 404) 5 headers in 202 bytes (1 switches on core 0)
2026-04-14 11:51:31.284 8 INFO placement.requestlog [None req-72adcaf1-d06a-4c70-80cf-2c5b5cf4f5eb 2a2127f7cadc4c7cb9ce7e6a1477996b 0c31bec5bdf845a283664e09e1899f7a - - dc0eecef081c41e1b715b9267cb45920 dc0eecef081c41e1b715b9267cb45920] 10.0.0.198 "GET /resource_providers/0c714e33-3517-4b9c-bea6-1a8b17feaf40/aggregates" status: 404 len: 235 microversion: 1.1 [pid: 8|app: 0|req: 304/607] 10.0.0.198 () {32 vars in 816 bytes} [Tue Apr 14 11:51:31 2026] GET /resource_providers/0c714e33-3517-4b9c-bea6-1a8b17feaf40/aggregates => generated 235 bytes in 170 msecs (HTTP/1.1 404) 5 headers in 202 bytes (1 switches on core 0)
2026-04-14 11:51:31.359 7 INFO placement.requestlog [req-298f4823-e2e9-46ff-ad2c-7023d56385ba req-dcb32a9b-dabf-45f2-bbd1-968a77085d20 b98dee5c08ee4169b2b9e5ffda433163 0c31bec5bdf845a283664e09e1899f7a - - dc0eecef081c41e1b715b9267cb45920 dc0eecef081c41e1b715b9267cb45920] 10.0.0.88 "GET /allocation_candidates?limit=1000&resources=DISK_GB%3A1%2CMEMORY_MB%3A512%2CVCPU%3A1&root_required=%21COMPUTE_STATUS_DISABLED" status: 200 len: 2147 microversion: 1.36 [pid: 7|app: 0|req: 304/608] 10.0.0.88 () {34 vars in 1011 bytes} [Tue Apr 14 11:51:31 2026] GET /allocation_candidates?limit=1000&resources=DISK_GB%3A1%2CMEMORY_MB%3A512%2CVCPU%3A1&root_required=%21COMPUTE_STATUS_DISABLED => generated 2147 bytes in 112 msecs (HTTP/1.1 200) 8 headers in 297 bytes (1 switches on core 0)
2026-04-14 11:51:31.409 8 INFO placement.requestlog [req-298f4823-e2e9-46ff-ad2c-7023d56385ba req-15ae9166-4c65-4f43-aa20-93c8b969a12e b98dee5c08ee4169b2b9e5ffda433163 0c31bec5bdf845a283664e09e1899f7a - - dc0eecef081c41e1b715b9267cb45920 dc0eecef081c41e1b715b9267cb45920] 10.0.0.88 "GET /allocations/edf24058-e97d-4e72-a450-7c7b666b49a5" status: 200 len: 19 microversion: 1.28 [pid: 8|app: 0|req: 305/609] 10.0.0.88 () {34 vars in 860 bytes} [Tue Apr 14 11:51:31 2026] GET /allocations/edf24058-e97d-4e72-a450-7c7b666b49a5 => generated 19 bytes in 20 msecs (HTTP/1.1 200) 8 headers in 295 bytes (1 switches on core 0)
2026-04-14 11:51:31.481 7 INFO placement.requestlog [req-298f4823-e2e9-46ff-ad2c-7023d56385ba req-a9c8bc10-a3d3-439a-9667-97f38113965d b98dee5c08ee4169b2b9e5ffda433163 0c31bec5bdf845a283664e09e1899f7a - - dc0eecef081c41e1b715b9267cb45920 dc0eecef081c41e1b715b9267cb45920] 10.0.0.88 "PUT /allocations/edf24058-e97d-4e72-a450-7c7b666b49a5" status: 204 len: 0 microversion: 1.36 [pid: 7|app: 0|req: 305/610] 10.0.0.88 () {38 vars in 913 bytes} [Tue Apr 14 11:51:31 2026] PUT /allocations/edf24058-e97d-4e72-a450-7c7b666b49a5 => generated 0 bytes in 62 msecs (HTTP/1.1 204) 5 headers in 199 bytes (1 switches on core 0)
2026-04-14 11:51:31.649 8 INFO placement.requestlog [None req-f7be939d-5777-4a40-94fe-1fb94220389c 2a2127f7cadc4c7cb9ce7e6a1477996b 0c31bec5bdf845a283664e09e1899f7a - - dc0eecef081c41e1b715b9267cb45920 dc0eecef081c41e1b715b9267cb45920] 10.0.0.198 "DELETE /resource_providers/0c714e33-3517-4b9c-bea6-1a8b17feaf40" status: 404 len: 246 microversion: 1.1 [pid: 8|app: 0|req: 306/611] 10.0.0.198 () {34 vars in 816 bytes} [Tue Apr 14 11:51:31 2026] DELETE /resource_providers/0c714e33-3517-4b9c-bea6-1a8b17feaf40 => generated 246 bytes in 14 msecs (HTTP/1.1 404) 6 headers in 231 bytes (1 switches on core 0)
2026-04-14 11:51:31.656 7 INFO placement.requestlog [None req-c33078ba-cd76-44c8-b0e8-3561c2c436e7 2a2127f7cadc4c7cb9ce7e6a1477996b 0c31bec5bdf845a283664e09e1899f7a - - dc0eecef081c41e1b715b9267cb45920 dc0eecef081c41e1b715b9267cb45920] 10.0.0.198 "DELETE /resource_providers/0c714e33-3517-4b9c-bea6-1a8b17feaf40" status: 404 len: 246 microversion: 1.1 [pid: 7|app: 0|req: 306/612] 10.0.0.198 () {34 vars in 816 bytes} [Tue Apr 14 11:51:31 2026] DELETE /resource_providers/0c714e33-3517-4b9c-bea6-1a8b17feaf40 => generated 246 bytes in 12 msecs (HTTP/1.1 404) 6 headers in 231 bytes (1 switches on core 0)
2026-04-14 11:51:32.067 8 INFO placement.requestlog [req-298f4823-e2e9-46ff-ad2c-7023d56385ba req-3f51d212-e4e0-4fe4-8bee-b5a5c72ef9f8 b98dee5c08ee4169b2b9e5ffda433163 0c31bec5bdf845a283664e09e1899f7a - - dc0eecef081c41e1b715b9267cb45920 dc0eecef081c41e1b715b9267cb45920] 199.204.45.235 "GET /allocations/edf24058-e97d-4e72-a450-7c7b666b49a5" status: 200 len: 257 microversion: 1.28 [pid: 8|app: 0|req: 307/613] 199.204.45.235 () {34 vars in 863 bytes} [Tue Apr 14 11:51:32 2026] GET /allocations/edf24058-e97d-4e72-a450-7c7b666b49a5 => generated 257 bytes in 23 msecs (HTTP/1.1 200) 8 headers in 296 bytes (1 switches on core 0)
2026-04-14 11:51:32.220 7 INFO placement.requestlog [None req-c2e4fd05-d8ca-49be-8533-5d5ddfbfe427 2a2127f7cadc4c7cb9ce7e6a1477996b 0c31bec5bdf845a283664e09e1899f7a - - dc0eecef081c41e1b715b9267cb45920 dc0eecef081c41e1b715b9267cb45920] 10.0.0.198 "GET /resource_providers/89057301-9c15-4abe-a6b7-cd6f13ce665c/aggregates" status: 404 len: 235 microversion: 1.1 [pid: 7|app: 0|req: 307/614] 10.0.0.198 () {32 vars in 816 bytes} [Tue Apr 14 11:51:32 2026] GET /resource_providers/89057301-9c15-4abe-a6b7-cd6f13ce665c/aggregates => generated 235 bytes in 150 msecs (HTTP/1.1 404) 5 headers in 202 bytes (1 switches on core 0)
2026-04-14 11:51:32.241 7 INFO placement.requestlog [None req-b820cc2d-0ab4-4ffb-940d-f1cc111230e2 2a2127f7cadc4c7cb9ce7e6a1477996b 0c31bec5bdf845a283664e09e1899f7a - - dc0eecef081c41e1b715b9267cb45920 dc0eecef081c41e1b715b9267cb45920] 10.0.0.198 "DELETE /resource_providers/89057301-9c15-4abe-a6b7-cd6f13ce665c" status: 404 len: 246 microversion: 1.1 [pid: 7|app: 0|req: 308/615] 10.0.0.198 () {34 vars in 816 bytes} [Tue Apr 14 11:51:32 2026] DELETE /resource_providers/89057301-9c15-4abe-a6b7-cd6f13ce665c => generated 246 bytes in 11 msecs (HTTP/1.1 404) 6 headers in 231 bytes (1 switches on core 0)
2026-04-14 11:51:32.282 8 INFO placement.requestlog [None req-a4e6457b-eada-43d6-a086-b1418edeb528 2a2127f7cadc4c7cb9ce7e6a1477996b 0c31bec5bdf845a283664e09e1899f7a - - dc0eecef081c41e1b715b9267cb45920 dc0eecef081c41e1b715b9267cb45920] 10.0.0.198 "GET /resource_providers/89057301-9c15-4abe-a6b7-cd6f13ce665c/aggregates" status: 404 len: 235 microversion: 1.1 [pid: 8|app: 0|req: 308/616] 10.0.0.198 () {32 vars in 816 bytes} [Tue Apr 14 11:51:32 2026] GET /resource_providers/89057301-9c15-4abe-a6b7-cd6f13ce665c/aggregates => generated 235 bytes in 169 msecs (HTTP/1.1 404) 5 headers in 202 bytes (1 switches on core 0)
2026-04-14 11:51:32.297 7 INFO placement.requestlog [req-298f4823-e2e9-46ff-ad2c-7023d56385ba req-ca36093f-75c4-4e28-87ef-719bc7b87654 b98dee5c08ee4169b2b9e5ffda433163 0c31bec5bdf845a283664e09e1899f7a - - dc0eecef081c41e1b715b9267cb45920 dc0eecef081c41e1b715b9267cb45920] 199.204.45.235 "GET /resource_providers/6777df86-ec60-420e-b0eb-e7adc426ee8c/allocations" status: 200 len: 152 microversion: 1.0 [pid: 7|app: 0|req: 309/617] 199.204.45.235 () {32 vars in 857 bytes} [Tue Apr 14 11:51:32 2026] GET /resource_providers/6777df86-ec60-420e-b0eb-e7adc426ee8c/allocations => generated 152 bytes in 24 msecs (HTTP/1.1 200) 6 headers in 224 bytes (1 switches on core 0)
2026-04-14 11:51:32.301 8 INFO placement.requestlog [None req-dd9b57c5-6e96-4a51-9cbe-201eb477a0cb 2a2127f7cadc4c7cb9ce7e6a1477996b 0c31bec5bdf845a283664e09e1899f7a - - dc0eecef081c41e1b715b9267cb45920 dc0eecef081c41e1b715b9267cb45920] 10.0.0.198 "DELETE /resource_providers/89057301-9c15-4abe-a6b7-cd6f13ce665c" status: 404 len: 246 microversion: 1.1 [pid: 8|app: 0|req: 309/618] 10.0.0.198 () {34 vars in 816 bytes} [Tue Apr 14 11:51:32 2026] DELETE /resource_providers/89057301-9c15-4abe-a6b7-cd6f13ce665c => generated 246 bytes in 10 msecs (HTTP/1.1 404) 6 headers in 231 bytes (1 switches on core 0)
2026-04-14 11:51:32.327 7 INFO placement.requestlog [req-298f4823-e2e9-46ff-ad2c-7023d56385ba req-5a7ca575-92d5-4a0a-ba45-a6465805d85c b98dee5c08ee4169b2b9e5ffda433163 0c31bec5bdf845a283664e09e1899f7a - - dc0eecef081c41e1b715b9267cb45920 dc0eecef081c41e1b715b9267cb45920] 199.204.45.235 "GET /allocations/edf24058-e97d-4e72-a450-7c7b666b49a5" status: 200 len: 257 microversion: 1.28 [pid: 7|app: 0|req: 310/619] 199.204.45.235 () {34 vars in 863 bytes} [Tue Apr 14 11:51:32 2026] GET /allocations/edf24058-e97d-4e72-a450-7c7b666b49a5 => generated 257 bytes in 23 msecs (HTTP/1.1 200) 8 headers in 296 bytes (1 switches on core 0)
2026-04-14 11:51:33.944 8 INFO placement.requestlog [req-5d0b4c90-49f2-44a0-a184-446d03e106fc req-5a68dd6f-fe3b-436f-bdbe-648d0fd00d57 b98dee5c08ee4169b2b9e5ffda433163 0c31bec5bdf845a283664e09e1899f7a - - dc0eecef081c41e1b715b9267cb45920 dc0eecef081c41e1b715b9267cb45920] 10.0.0.88 "GET /allocation_candidates?limit=1000&resources=MEMORY_MB%3A512%2CVCPU%3A1&root_required=%21COMPUTE_STATUS_DISABLED" status: 200 len: 2135 microversion: 1.36 [pid: 8|app: 0|req: 310/620] 10.0.0.88 () {34 vars in 983 bytes} [Tue Apr 14 11:51:33 2026] GET /allocation_candidates?limit=1000&resources=MEMORY_MB%3A512%2CVCPU%3A1&root_required=%21COMPUTE_STATUS_DISABLED => generated 2135 bytes in 68 msecs (HTTP/1.1 200) 8 headers in 297 bytes (1 switches on core 0)
2026-04-14 11:51:33.986 7 INFO placement.requestlog [req-5d0b4c90-49f2-44a0-a184-446d03e106fc req-df8fe033-79f2-42e8-9f20-bcae81b55ae1 b98dee5c08ee4169b2b9e5ffda433163 0c31bec5bdf845a283664e09e1899f7a - - dc0eecef081c41e1b715b9267cb45920 dc0eecef081c41e1b715b9267cb45920] 10.0.0.88 "GET /allocations/baa1deb8-88a9-4fc0-a371-ce9e4dfbe76f" status: 200 len: 19 microversion: 1.28 [pid: 7|app: 0|req: 311/621] 10.0.0.88 () {34 vars in 860 bytes} [Tue Apr 14 11:51:33 2026] GET /allocations/baa1deb8-88a9-4fc0-a371-ce9e4dfbe76f => generated 19 bytes in 9 msecs (HTTP/1.1 200) 8 headers in 295 bytes (1 switches on core 0)
2026-04-14 11:51:34.088 8 INFO placement.requestlog [req-5d0b4c90-49f2-44a0-a184-446d03e106fc req-fce65ea6-636b-438e-bd6b-c261a1bcecba b98dee5c08ee4169b2b9e5ffda433163 0c31bec5bdf845a283664e09e1899f7a - - dc0eecef081c41e1b715b9267cb45920 dc0eecef081c41e1b715b9267cb45920] 10.0.0.88 "PUT /allocations/baa1deb8-88a9-4fc0-a371-ce9e4dfbe76f" status: 204 len: 0 microversion: 1.36 [pid: 8|app: 0|req: 311/622] 10.0.0.88 () {38 vars in 913 bytes} [Tue Apr 14 11:51:33 2026] PUT /allocations/baa1deb8-88a9-4fc0-a371-ce9e4dfbe76f => generated 0 bytes in 92 msecs (HTTP/1.1 204) 5 headers in 199 bytes (1 switches on core 0)
2026-04-14 11:51:34.639 7 INFO placement.requestlog [req-5d0b4c90-49f2-44a0-a184-446d03e106fc req-ae544230-0bfc-4d07-922b-7460cd685981 b98dee5c08ee4169b2b9e5ffda433163 0c31bec5bdf845a283664e09e1899f7a - - dc0eecef081c41e1b715b9267cb45920 dc0eecef081c41e1b715b9267cb45920] 199.204.45.235 "GET /allocations/baa1deb8-88a9-4fc0-a371-ce9e4dfbe76f" status: 200 len: 243 microversion: 1.28 [pid: 7|app: 0|req: 312/623] 199.204.45.235 () {34 vars in 863 bytes} [Tue Apr 14 11:51:34 2026] GET /allocations/baa1deb8-88a9-4fc0-a371-ce9e4dfbe76f => generated 243 bytes in 14 msecs (HTTP/1.1 200) 8 headers in 296 bytes (1 switches on core 0)
2026-04-14 11:51:34.837 8 INFO placement.requestlog [req-5d0b4c90-49f2-44a0-a184-446d03e106fc req-acfaba10-4d29-4257-9cec-19f25704b718 b98dee5c08ee4169b2b9e5ffda433163 0c31bec5bdf845a283664e09e1899f7a - - dc0eecef081c41e1b715b9267cb45920 dc0eecef081c41e1b715b9267cb45920] 199.204.45.235 "GET /resource_providers/6777df86-ec60-420e-b0eb-e7adc426ee8c/allocations" status: 200 len: 238 microversion: 1.0 [pid: 8|app: 0|req: 312/624] 199.204.45.235 () {32 vars in 857 bytes} [Tue Apr 14 11:51:34 2026] GET /resource_providers/6777df86-ec60-420e-b0eb-e7adc426ee8c/allocations => generated 238 bytes in 31 msecs (HTTP/1.1 200) 6 headers in 224 bytes (1 switches on core 0)
2026-04-14 11:51:34.864 7 INFO placement.requestlog [req-5d0b4c90-49f2-44a0-a184-446d03e106fc req-09387b40-508a-4784-bd2e-42127d7a9ee2 b98dee5c08ee4169b2b9e5ffda433163 0c31bec5bdf845a283664e09e1899f7a - - dc0eecef081c41e1b715b9267cb45920 dc0eecef081c41e1b715b9267cb45920] 199.204.45.235 "GET /allocations/edf24058-e97d-4e72-a450-7c7b666b49a5" status: 200 len: 257 microversion: 1.28 [pid: 7|app: 0|req: 313/625] 199.204.45.235 () {34 vars in 863 bytes} [Tue Apr 14 11:51:34 2026] GET /allocations/edf24058-e97d-4e72-a450-7c7b666b49a5 => generated 257 bytes in 15 msecs (HTTP/1.1 200) 8 headers in 296 bytes (1 switches on core 0)
2026-04-14 11:51:34.899 8 INFO placement.requestlog [req-5d0b4c90-49f2-44a0-a184-446d03e106fc req-c69e9cea-f75f-4a8c-a5f5-de3c05353a74 b98dee5c08ee4169b2b9e5ffda433163 0c31bec5bdf845a283664e09e1899f7a - - dc0eecef081c41e1b715b9267cb45920 dc0eecef081c41e1b715b9267cb45920] 199.204.45.235 "GET /allocations/baa1deb8-88a9-4fc0-a371-ce9e4dfbe76f" status: 200 len: 243 microversion: 1.28 [pid: 8|app: 0|req: 313/626] 199.204.45.235 () {34 vars in 863 bytes} [Tue Apr 14 11:51:34 2026] GET /allocations/baa1deb8-88a9-4fc0-a371-ce9e4dfbe76f => generated 243 bytes in 24 msecs (HTTP/1.1 200) 8 headers in 296 bytes (1 switches on core 0)
2026-04-14 11:51:37.396 7 INFO placement.requestlog [None req-aceda3e6-e341-4272-965d-0e1e0765fbcd - - - - - -] 10.0.0.138 "GET /" status: 200 len: 136 microversion: 1.0
2026-04-14 11:51:37.399 8 INFO placement.requestlog [None req-813f1b58-e0f1-43e3-a46b-646601a59341 - - - - - -] 10.0.0.138 "GET /" status: 200 len: 136 microversion: 1.0
2026-04-14 11:51:37.908 8 INFO placement.requestlog [None req-076c6f86-9dff-493f-a85b-807da4d9ad0c 2a2127f7cadc4c7cb9ce7e6a1477996b 0c31bec5bdf845a283664e09e1899f7a - - dc0eecef081c41e1b715b9267cb45920 dc0eecef081c41e1b715b9267cb45920] 10.0.0.198 "GET /resource_providers/3947629c-40ae-43b8-851c-a388d9a17249/aggregates" status: 404 len: 235 microversion: 1.1
2026-04-14 11:51:37.908 7 INFO placement.requestlog [None req-f77e8ab3-3064-431e-b064-465e78bdb358 2a2127f7cadc4c7cb9ce7e6a1477996b 0c31bec5bdf845a283664e09e1899f7a - - dc0eecef081c41e1b715b9267cb45920 dc0eecef081c41e1b715b9267cb45920] 10.0.0.198 "GET /resource_providers/3947629c-40ae-43b8-851c-a388d9a17249/aggregates" status: 404 len: 235 microversion: 1.1 [pid: 8|app: 0|req: 315/629] 10.0.0.198 () {32 vars in 816 bytes} [Tue Apr 14 11:51:37 2026] GET /resource_providers/3947629c-40ae-43b8-851c-a388d9a17249/aggregates => generated 235 bytes in 26 msecs (HTTP/1.1 404) 5 headers in 202 bytes (1 switches on core 0) [pid: 7|app: 0|req: 315/630] 10.0.0.198 () {32 vars in 816 bytes} [Tue Apr 14 11:51:37 2026] GET /resource_providers/3947629c-40ae-43b8-851c-a388d9a17249/aggregates => generated 235 bytes in 26 msecs (HTTP/1.1 404) 5 headers in 202 bytes (1 switches on core 0)
2026-04-14 11:51:37.926 8 INFO placement.requestlog [None req-7aec752c-6ef8-48b1-8c41-73fa9a2855c3 2a2127f7cadc4c7cb9ce7e6a1477996b 0c31bec5bdf845a283664e09e1899f7a - - dc0eecef081c41e1b715b9267cb45920 dc0eecef081c41e1b715b9267cb45920] 10.0.0.198 "DELETE /resource_providers/3947629c-40ae-43b8-851c-a388d9a17249" status: 404 len: 246 microversion: 1.1 [pid: 8|app: 0|req: 316/631] 10.0.0.198 () {34 vars in 816 bytes} [Tue Apr 14 11:51:37 2026] DELETE /resource_providers/3947629c-40ae-43b8-851c-a388d9a17249 => generated 246 bytes in 11 msecs (HTTP/1.1 404) 6 headers in 231 bytes (1 switches on core 0)
2026-04-14 11:51:37.935 7 INFO placement.requestlog [None req-8fb281b8-e40d-4cf6-af62-1fb594eb09bd 2a2127f7cadc4c7cb9ce7e6a1477996b 0c31bec5bdf845a283664e09e1899f7a - - dc0eecef081c41e1b715b9267cb45920 dc0eecef081c41e1b715b9267cb45920] 10.0.0.198 "DELETE /resource_providers/3947629c-40ae-43b8-851c-a388d9a17249" status: 404 len: 246 microversion: 1.1 [pid: 7|app: 0|req: 316/632] 10.0.0.198 () {34 vars in 816 bytes} [Tue Apr 14 11:51:37 2026] DELETE /resource_providers/3947629c-40ae-43b8-851c-a388d9a17249 => generated 246 bytes in 10 msecs (HTTP/1.1 404) 6 headers in 231 bytes (1 switches on core 0)
2026-04-14 11:51:39.960 8 INFO placement.requestlog [None req-c97a0f61-04e8-4b69-90ae-9e4cf91a4c32 2a2127f7cadc4c7cb9ce7e6a1477996b 0c31bec5bdf845a283664e09e1899f7a - - dc0eecef081c41e1b715b9267cb45920 dc0eecef081c41e1b715b9267cb45920] 10.0.0.198 "GET /resource_providers/b937f79a-3085-4987-8241-fecc2c50c1d0/aggregates" status: 404 len: 235 microversion: 1.1 [pid: 8|app: 0|req: 317/633] 10.0.0.198 () {32 vars in 816 bytes} [Tue Apr 14 11:51:39 2026] GET /resource_providers/b937f79a-3085-4987-8241-fecc2c50c1d0/aggregates => generated 235 bytes in 19 msecs (HTTP/1.1 404) 5 headers in 202 bytes (1 switches on core 0)
2026-04-14 11:51:39.961 7 INFO placement.requestlog [None req-f1545be6-c1b4-4b00-ab7f-0985e1ffc19b 2a2127f7cadc4c7cb9ce7e6a1477996b 0c31bec5bdf845a283664e09e1899f7a - - dc0eecef081c41e1b715b9267cb45920 dc0eecef081c41e1b715b9267cb45920] 10.0.0.198 "GET /resource_providers/b937f79a-3085-4987-8241-fecc2c50c1d0/aggregates" status: 404 len: 235 microversion: 1.1 [pid: 7|app: 0|req: 317/634] 10.0.0.198 () {32 vars in 816 bytes} [Tue Apr 14 11:51:39 2026] GET /resource_providers/b937f79a-3085-4987-8241-fecc2c50c1d0/aggregates => generated 235 bytes in 11 msecs (HTTP/1.1 404) 5 headers in 202 bytes (1 switches on core 0)
2026-04-14 11:51:39.992 8 INFO placement.requestlog [None req-fedb0e04-ddc6-4041-8eb1-3fa8b3d07f0a 2a2127f7cadc4c7cb9ce7e6a1477996b 0c31bec5bdf845a283664e09e1899f7a - - dc0eecef081c41e1b715b9267cb45920 dc0eecef081c41e1b715b9267cb45920] 10.0.0.198 "DELETE /resource_providers/b937f79a-3085-4987-8241-fecc2c50c1d0" status: 404 len: 246 microversion: 1.1 [pid: 8|app: 0|req: 318/635] 10.0.0.198 () {34 vars in 816 bytes} [Tue Apr 14 11:51:39 2026] DELETE /resource_providers/b937f79a-3085-4987-8241-fecc2c50c1d0 => generated 246 bytes in 16 msecs (HTTP/1.1 404) 6 headers in 231 bytes (1 switches on core 0)
2026-04-14 11:51:39.996 7 INFO placement.requestlog [None req-016b43c3-3856-49fd-99e5-f733e391f4bb 2a2127f7cadc4c7cb9ce7e6a1477996b 0c31bec5bdf845a283664e09e1899f7a - - dc0eecef081c41e1b715b9267cb45920 dc0eecef081c41e1b715b9267cb45920] 10.0.0.198 "DELETE /resource_providers/b937f79a-3085-4987-8241-fecc2c50c1d0" status: 404 len: 246 microversion: 1.1 [pid: 7|app: 0|req: 318/636] 10.0.0.198 () {34 vars in 816 bytes} [Tue Apr 14 11:51:39 2026] DELETE /resource_providers/b937f79a-3085-4987-8241-fecc2c50c1d0 => generated 246 bytes in 17 msecs (HTTP/1.1 404) 6 headers in 231 bytes (1 switches on core 0)
2026-04-14 11:51:43.927 8 INFO placement.requestlog [req-52c087b4-751b-4482-9e1c-794f0a5c8cd3 req-8beddb78-4720-4fc1-85e8-55d41cb3a150 b98dee5c08ee4169b2b9e5ffda433163 0c31bec5bdf845a283664e09e1899f7a - - dc0eecef081c41e1b715b9267cb45920 dc0eecef081c41e1b715b9267cb45920] 10.0.0.88 "GET /allocation_candidates?limit=1000&resources=DISK_GB%3A1%2CMEMORY_MB%3A512%2CVCPU%3A1&root_required=%21COMPUTE_STATUS_DISABLED" status: 200 len: 2150 microversion: 1.36 [pid: 8|app: 0|req: 319/637] 10.0.0.88 () {34 vars in 1011 bytes} [Tue Apr 14 11:51:43 2026] GET /allocation_candidates?limit=1000&resources=DISK_GB%3A1%2CMEMORY_MB%3A512%2CVCPU%3A1&root_required=%21COMPUTE_STATUS_DISABLED => generated 2150 bytes in 76 msecs (HTTP/1.1 200) 8 headers in 297 bytes (1 switches on core 0)
2026-04-14 11:51:43.972 7 INFO placement.requestlog [req-52c087b4-751b-4482-9e1c-794f0a5c8cd3 req-8f0a7c47-07c1-4645-85c1-8007ab321af0 b98dee5c08ee4169b2b9e5ffda433163 0c31bec5bdf845a283664e09e1899f7a - - dc0eecef081c41e1b715b9267cb45920 dc0eecef081c41e1b715b9267cb45920] 10.0.0.88 "GET /allocations/70722943-8aa2-4229-804d-545e7c4dc68c" status: 200 len: 19 microversion: 1.28 [pid: 7|app: 0|req: 319/638] 10.0.0.88 () {34 vars in 860 bytes} [Tue Apr 14 11:51:43 2026] GET /allocations/70722943-8aa2-4229-804d-545e7c4dc68c => generated 19 bytes in 12 msecs (HTTP/1.1 200) 8 headers in 295 bytes (1 switches on core 0)
2026-04-14 11:51:44.074 8 INFO placement.requestlog [req-52c087b4-751b-4482-9e1c-794f0a5c8cd3 req-edac6894-88ef-4ff0-8336-e4b42ce69e90 b98dee5c08ee4169b2b9e5ffda433163 0c31bec5bdf845a283664e09e1899f7a - - dc0eecef081c41e1b715b9267cb45920 dc0eecef081c41e1b715b9267cb45920] 10.0.0.88 "PUT /allocations/70722943-8aa2-4229-804d-545e7c4dc68c" status: 204 len: 0 microversion: 1.36 [pid: 8|app: 0|req: 320/639] 10.0.0.88 () {38 vars in 913 bytes} [Tue Apr 14 11:51:43 2026] PUT /allocations/70722943-8aa2-4229-804d-545e7c4dc68c => generated 0 bytes in 84 msecs (HTTP/1.1 204) 5 headers in 199 bytes (1 switches on core 0)
2026-04-14 11:51:44.367 7 INFO placement.requestlog [req-52c087b4-751b-4482-9e1c-794f0a5c8cd3 req-b4cc2c07-b89f-4745-b049-8dde984f21a7 b98dee5c08ee4169b2b9e5ffda433163 0c31bec5bdf845a283664e09e1899f7a - - dc0eecef081c41e1b715b9267cb45920 dc0eecef081c41e1b715b9267cb45920] 199.204.45.235 "GET /allocations/70722943-8aa2-4229-804d-545e7c4dc68c" status: 200 len: 257 microversion: 1.28 [pid: 7|app: 0|req: 320/640] 199.204.45.235 () {34 vars in 863 bytes} [Tue Apr 14 11:51:44 2026] GET /allocations/70722943-8aa2-4229-804d-545e7c4dc68c => generated 257 bytes in 13 msecs (HTTP/1.1 200) 8 headers in 296 bytes (1 switches on core 0)
2026-04-14 11:51:44.488 8 INFO placement.requestlog [req-52c087b4-751b-4482-9e1c-794f0a5c8cd3 req-2c63ebf5-da6d-4d95-9d71-00e28e80d99b b98dee5c08ee4169b2b9e5ffda433163 0c31bec5bdf845a283664e09e1899f7a - - dc0eecef081c41e1b715b9267cb45920 dc0eecef081c41e1b715b9267cb45920] 199.204.45.235 "GET /resource_providers/6777df86-ec60-420e-b0eb-e7adc426ee8c/allocations" status: 200 len: 338 microversion: 1.0 [pid: 8|app: 0|req: 321/641] 199.204.45.235 () {32 vars in 857 bytes} [Tue Apr 14 11:51:44 2026] GET /resource_providers/6777df86-ec60-420e-b0eb-e7adc426ee8c/allocations => generated 338 bytes in 18 msecs (HTTP/1.1 200) 6 headers in 224 bytes (1 switches on core 0)
2026-04-14 11:51:44.511 7 INFO placement.requestlog [req-52c087b4-751b-4482-9e1c-794f0a5c8cd3 req-a3cf219d-b1e1-4235-b91e-944a21228268 b98dee5c08ee4169b2b9e5ffda433163 0c31bec5bdf845a283664e09e1899f7a - - dc0eecef081c41e1b715b9267cb45920 dc0eecef081c41e1b715b9267cb45920] 199.204.45.235 "GET /allocations/edf24058-e97d-4e72-a450-7c7b666b49a5" status: 200 len: 257 microversion: 1.28 [pid: 7|app: 0|req: 321/642] 199.204.45.235 () {34 vars in 863 bytes} [Tue Apr 14 11:51:44 2026] GET /allocations/edf24058-e97d-4e72-a450-7c7b666b49a5 => generated 257 bytes in 15 msecs (HTTP/1.1 200) 8 headers in 296 bytes (1 switches on core 0)
2026-04-14 11:51:44.537 8 INFO placement.requestlog [req-52c087b4-751b-4482-9e1c-794f0a5c8cd3 req-d17f4aa7-e8c5-44e3-a3a5-219da0c722b9 b98dee5c08ee4169b2b9e5ffda433163 0c31bec5bdf845a283664e09e1899f7a - - dc0eecef081c41e1b715b9267cb45920 dc0eecef081c41e1b715b9267cb45920] 199.204.45.235 "GET /allocations/baa1deb8-88a9-4fc0-a371-ce9e4dfbe76f" status: 200 len: 243 microversion: 1.28 [pid: 8|app: 0|req: 322/643] 199.204.45.235 () {34 vars in 863 bytes} [Tue Apr 14 11:51:44 2026] GET /allocations/baa1deb8-88a9-4fc0-a371-ce9e4dfbe76f => generated 243 bytes in 14 msecs (HTTP/1.1 200) 8 headers in 296 bytes (1 switches on core 0)
2026-04-14 11:51:44.573 7 INFO placement.requestlog [req-52c087b4-751b-4482-9e1c-794f0a5c8cd3 req-757b6add-c187-4910-8174-a3120390a708 b98dee5c08ee4169b2b9e5ffda433163 0c31bec5bdf845a283664e09e1899f7a - - dc0eecef081c41e1b715b9267cb45920 dc0eecef081c41e1b715b9267cb45920] 199.204.45.235 "GET /allocations/70722943-8aa2-4229-804d-545e7c4dc68c" status: 200 len: 257 microversion: 1.28 [pid: 7|app: 0|req: 322/644] 199.204.45.235 () {34 vars in 863 bytes} [Tue Apr 14 11:51:44 2026] GET /allocations/70722943-8aa2-4229-804d-545e7c4dc68c => generated 257 bytes in 18 msecs (HTTP/1.1 200) 8 headers in 296 bytes (1 switches on core 0)
2026-04-14 11:51:47.396 8 INFO placement.requestlog [None req-53c0628e-5cdc-4222-8823-64b06f12b969 - - - - - -] 10.0.0.138 "GET /" status: 200 len: 136 microversion: 1.0
2026-04-14 11:51:47.397 7 INFO placement.requestlog [None req-36ebd9b3-ca19-43c4-a99a-53c81038eca5 - - - - - -] 10.0.0.138 "GET /" status: 200 len: 136 microversion: 1.0
2026-04-14 11:51:50.008 7 INFO placement.requestlog [req-de38854a-a24b-497c-b5ea-ed05eb374dac req-d7e462f5-0fa3-4e9e-afab-8710578c6bf8 b98dee5c08ee4169b2b9e5ffda433163 0c31bec5bdf845a283664e09e1899f7a - - dc0eecef081c41e1b715b9267cb45920 dc0eecef081c41e1b715b9267cb45920] 199.204.45.235 "GET /resource_providers/6777df86-ec60-420e-b0eb-e7adc426ee8c/allocations" status: 200 len: 338 microversion: 1.0 [pid: 7|app: 0|req: 324/647] 199.204.45.235 () {32 vars in 857 bytes} [Tue Apr 14 11:51:49 2026] GET /resource_providers/6777df86-ec60-420e-b0eb-e7adc426ee8c/allocations => generated 338 bytes in 36 msecs (HTTP/1.1 200) 6 headers in 224 bytes (1 switches on core 0)
2026-04-14 11:51:50.208 8 INFO placement.requestlog [req-de38854a-a24b-497c-b5ea-ed05eb374dac req-82d83b92-01e3-44f5-80d4-a30d5ac296ae b98dee5c08ee4169b2b9e5ffda433163 0c31bec5bdf845a283664e09e1899f7a - - dc0eecef081c41e1b715b9267cb45920 dc0eecef081c41e1b715b9267cb45920] 199.204.45.235 "GET /resource_providers/6777df86-ec60-420e-b0eb-e7adc426ee8c/allocations" status: 200 len: 338 microversion: 1.0 [pid: 8|app: 0|req: 324/648] 199.204.45.235 () {32 vars in 857 bytes} [Tue Apr 14 11:51:50 2026] GET /resource_providers/6777df86-ec60-420e-b0eb-e7adc426ee8c/allocations => generated 338 bytes in 20 msecs (HTTP/1.1 200) 6 headers in 224 bytes (1 switches on core 0)
2026-04-14 11:51:50.276 7 INFO placement.requestlog [req-de38854a-a24b-497c-b5ea-ed05eb374dac req-53006a1b-0474-4393-9fa6-0214b2af2c36 b98dee5c08ee4169b2b9e5ffda433163 0c31bec5bdf845a283664e09e1899f7a - - dc0eecef081c41e1b715b9267cb45920 dc0eecef081c41e1b715b9267cb45920] 199.204.45.235 "GET /allocations/edf24058-e97d-4e72-a450-7c7b666b49a5" status: 200 len: 257 microversion: 1.28 [pid: 7|app: 0|req: 325/649] 199.204.45.235 () {34 vars in 863 bytes} [Tue Apr 14 11:51:50 2026] GET /allocations/edf24058-e97d-4e72-a450-7c7b666b49a5 => generated 257 bytes in 54 msecs (HTTP/1.1 200) 8 headers in 296 bytes (1 switches on core 0)
2026-04-14 11:51:50.305 8 INFO placement.requestlog [req-de38854a-a24b-497c-b5ea-ed05eb374dac req-b15cf37f-6bbd-439e-9031-62f85cd6e740 b98dee5c08ee4169b2b9e5ffda433163 0c31bec5bdf845a283664e09e1899f7a - - dc0eecef081c41e1b715b9267cb45920 dc0eecef081c41e1b715b9267cb45920] 199.204.45.235 "GET /allocations/baa1deb8-88a9-4fc0-a371-ce9e4dfbe76f" status: 200 len: 243 microversion: 1.28 [pid: 8|app: 0|req: 325/650] 199.204.45.235 () {34 vars in 863 bytes} [Tue Apr 14 11:51:50 2026] GET /allocations/baa1deb8-88a9-4fc0-a371-ce9e4dfbe76f => generated 243 bytes in 18 msecs (HTTP/1.1 200) 8 headers in 296 bytes (1 switches on core 0)
2026-04-14 11:51:50.337 7 INFO placement.requestlog [req-de38854a-a24b-497c-b5ea-ed05eb374dac req-3eda7d4d-9898-476d-805f-242aece1ea3b b98dee5c08ee4169b2b9e5ffda433163 0c31bec5bdf845a283664e09e1899f7a - - dc0eecef081c41e1b715b9267cb45920 dc0eecef081c41e1b715b9267cb45920] 199.204.45.235 "GET /allocations/70722943-8aa2-4229-804d-545e7c4dc68c" status: 200 len: 257 microversion: 1.28 [pid: 7|app: 0|req: 326/651] 199.204.45.235 () {34 vars in 863 bytes} [Tue Apr 14 11:51:50 2026] GET /allocations/70722943-8aa2-4229-804d-545e7c4dc68c => generated 257 bytes in 25 msecs (HTTP/1.1 200) 8 headers in 296 bytes (1 switches on core 0)
2026-04-14 11:51:50.658 8 INFO placement.requestlog [req-fe8ed64e-75dc-49a7-b062-93243ef2feb7 req-2c7a9606-4228-4890-ab3e-c3306d58cf0d b98dee5c08ee4169b2b9e5ffda433163 0c31bec5bdf845a283664e09e1899f7a - - dc0eecef081c41e1b715b9267cb45920 dc0eecef081c41e1b715b9267cb45920] 199.204.45.235 "GET /resource_providers/6777df86-ec60-420e-b0eb-e7adc426ee8c/allocations" status: 200 len: 338 microversion: 1.0 [pid: 8|app: 0|req: 326/652] 199.204.45.235 () {32 vars in 857 bytes} [Tue Apr 14 11:51:50 2026] GET /resource_providers/6777df86-ec60-420e-b0eb-e7adc426ee8c/allocations => generated 338 bytes in 21 msecs (HTTP/1.1 200) 6 headers in 224 bytes (1 switches on core 0)
2026-04-14 11:51:50.684 7 INFO placement.requestlog [req-fe8ed64e-75dc-49a7-b062-93243ef2feb7 req-59c9d98f-62c1-4007-9f58-caefa833fcbb b98dee5c08ee4169b2b9e5ffda433163 0c31bec5bdf845a283664e09e1899f7a - - dc0eecef081c41e1b715b9267cb45920 dc0eecef081c41e1b715b9267cb45920] 199.204.45.235 "GET /allocations/edf24058-e97d-4e72-a450-7c7b666b49a5" status: 200 len: 257 microversion: 1.28 [pid: 7|app: 0|req: 327/653] 199.204.45.235 () {34 vars in 863 bytes} [Tue Apr 14 11:51:50 2026] GET /allocations/edf24058-e97d-4e72-a450-7c7b666b49a5 => generated 257 bytes in 18 msecs (HTTP/1.1 200) 8 headers in 296 bytes (1 switches on core 0)
2026-04-14 11:51:50.703 8 INFO placement.requestlog [req-fe8ed64e-75dc-49a7-b062-93243ef2feb7 req-a89f0399-8493-474a-894a-22f80e9941b5 b98dee5c08ee4169b2b9e5ffda433163 0c31bec5bdf845a283664e09e1899f7a - - dc0eecef081c41e1b715b9267cb45920 dc0eecef081c41e1b715b9267cb45920] 199.204.45.235 "GET /allocations/baa1deb8-88a9-4fc0-a371-ce9e4dfbe76f" status: 200 len: 243 microversion: 1.28 [pid: 8|app: 0|req: 327/654] 199.204.45.235 () {34 vars in 863 bytes} [Tue Apr 14 11:51:50 2026] GET /allocations/baa1deb8-88a9-4fc0-a371-ce9e4dfbe76f => generated 243 bytes in 11 msecs (HTTP/1.1 200) 8 headers in 296 bytes (1 switches on core 0)
2026-04-14 11:51:50.729 7 INFO placement.requestlog [req-fe8ed64e-75dc-49a7-b062-93243ef2feb7 req-eece7ed1-88d8-4267-b039-8e1f6f3c6e30 b98dee5c08ee4169b2b9e5ffda433163 0c31bec5bdf845a283664e09e1899f7a - - dc0eecef081c41e1b715b9267cb45920 dc0eecef081c41e1b715b9267cb45920] 199.204.45.235 "GET /allocations/70722943-8aa2-4229-804d-545e7c4dc68c" status: 200 len: 257 microversion: 1.28 [pid: 7|app: 0|req: 328/655] 199.204.45.235 () {34 vars in 863 bytes} [Tue Apr 14 11:51:50 2026] GET /allocations/70722943-8aa2-4229-804d-545e7c4dc68c => generated 257 bytes in 19 msecs (HTTP/1.1 200) 8 headers in 296 bytes (1 switches on core 0)
2026-04-14 11:51:50.792 8 INFO placement.requestlog [req-fe8ed64e-75dc-49a7-b062-93243ef2feb7 req-154f00a8-1dd6-4e45-bff2-c7e3b5177a88 b98dee5c08ee4169b2b9e5ffda433163 0c31bec5bdf845a283664e09e1899f7a - - dc0eecef081c41e1b715b9267cb45920 dc0eecef081c41e1b715b9267cb45920] 199.204.45.235 "DELETE /allocations/baa1deb8-88a9-4fc0-a371-ce9e4dfbe76f" status: 204 len: 0 microversion: 1.0 [pid: 8|app: 0|req: 328/656] 199.204.45.235 () {34 vars in 841 bytes} [Tue Apr 14 11:51:50 2026] DELETE /allocations/baa1deb8-88a9-4fc0-a371-ce9e4dfbe76f => generated 0 bytes in 22 msecs (HTTP/1.1 204) 5 headers in 198 bytes (1 switches on core 0)
2026-04-14 11:51:55.193 8 INFO placement.requestlog [None req-a9604399-9ce7-497d-afcb-28653fb3e943 2a2127f7cadc4c7cb9ce7e6a1477996b 0c31bec5bdf845a283664e09e1899f7a - - dc0eecef081c41e1b715b9267cb45920 dc0eecef081c41e1b715b9267cb45920] 10.0.0.198 "GET /resource_providers/4431fd3a-2800-4828-91fc-1886aa0c5fec/aggregates" status: 404 len: 235 microversion: 1.1 [pid: 8|app: 0|req: 329/657] 10.0.0.198 () {32 vars in 816 bytes} [Tue Apr 14 11:51:55 2026] GET /resource_providers/4431fd3a-2800-4828-91fc-1886aa0c5fec/aggregates => generated 235 bytes in 12 msecs (HTTP/1.1 404) 5 headers in 202 bytes (1 switches on core 0)
2026-04-14 11:51:55.194 7 INFO placement.requestlog [None req-17030059-3f7a-44e2-ba61-40e720c6e025 2a2127f7cadc4c7cb9ce7e6a1477996b 0c31bec5bdf845a283664e09e1899f7a - - dc0eecef081c41e1b715b9267cb45920 dc0eecef081c41e1b715b9267cb45920] 10.0.0.198 "GET /resource_providers/4431fd3a-2800-4828-91fc-1886aa0c5fec/aggregates" status: 404 len: 235 microversion: 1.1 [pid: 7|app: 0|req: 329/658] 10.0.0.198 () {32 vars in 816 bytes} [Tue Apr 14 11:51:55 2026] GET /resource_providers/4431fd3a-2800-4828-91fc-1886aa0c5fec/aggregates => generated 235 bytes in 14 msecs (HTTP/1.1 404) 5 headers in 202 bytes (1 switches on core 0)
2026-04-14 11:51:55.228 8 INFO placement.requestlog [None req-1de73546-6885-47d0-b0e2-bea61731c9e4 2a2127f7cadc4c7cb9ce7e6a1477996b 0c31bec5bdf845a283664e09e1899f7a - - dc0eecef081c41e1b715b9267cb45920 dc0eecef081c41e1b715b9267cb45920] 10.0.0.198 "DELETE /resource_providers/4431fd3a-2800-4828-91fc-1886aa0c5fec" status: 404 len: 246 microversion: 1.1 [pid: 8|app: 0|req: 330/659] 10.0.0.198 () {34 vars in 816 bytes} [Tue Apr 14 11:51:55 2026] DELETE /resource_providers/4431fd3a-2800-4828-91fc-1886aa0c5fec => generated 246 bytes in 11 msecs (HTTP/1.1 404) 6 headers in 231 bytes (1 switches on core 0)
2026-04-14 11:51:55.235 7 INFO placement.requestlog [None req-3fb43fda-ff7e-4d85-876f-6d364b474302 2a2127f7cadc4c7cb9ce7e6a1477996b 0c31bec5bdf845a283664e09e1899f7a - - dc0eecef081c41e1b715b9267cb45920 dc0eecef081c41e1b715b9267cb45920] 10.0.0.198 "DELETE /resource_providers/4431fd3a-2800-4828-91fc-1886aa0c5fec" status: 404 len: 246 microversion: 1.1 [pid: 7|app: 0|req: 330/660] 10.0.0.198 () {34 vars in 816 bytes} [Tue Apr 14 11:51:55 2026] DELETE /resource_providers/4431fd3a-2800-4828-91fc-1886aa0c5fec => generated 246 bytes in 16 msecs (HTTP/1.1 404) 6 headers in 231 bytes (1 switches on core 0)
2026-04-14 11:51:56.301 8 INFO placement.requestlog [None req-4c070300-ae7d-4723-b9be-f93c20d1ebc0 2a2127f7cadc4c7cb9ce7e6a1477996b 0c31bec5bdf845a283664e09e1899f7a - - dc0eecef081c41e1b715b9267cb45920 dc0eecef081c41e1b715b9267cb45920] 10.0.0.198 "GET /resource_providers/b5e1be10-5ba8-4553-a558-9287541b9c6d/aggregates" status: 404 len: 235 microversion: 1.1 [pid: 8|app: 0|req: 331/661] 10.0.0.198 () {32 vars in 816 bytes} [Tue Apr 14 11:51:56 2026] GET /resource_providers/b5e1be10-5ba8-4553-a558-9287541b9c6d/aggregates => generated 235 bytes in 8 msecs (HTTP/1.1 404) 5 headers in 202 bytes (1 switches on core 0)
2026-04-14 11:51:56.309 7 INFO placement.requestlog [None req-87ba361f-ba91-4873-8912-667c723c37b3 2a2127f7cadc4c7cb9ce7e6a1477996b 0c31bec5bdf845a283664e09e1899f7a - - dc0eecef081c41e1b715b9267cb45920 dc0eecef081c41e1b715b9267cb45920] 10.0.0.198 "GET /resource_providers/b5e1be10-5ba8-4553-a558-9287541b9c6d/aggregates" status: 404 len: 235 microversion: 1.1 [pid: 7|app: 0|req: 331/662] 10.0.0.198 () {32 vars in 816 bytes} [Tue Apr 14 11:51:56 2026] GET /resource_providers/b5e1be10-5ba8-4553-a558-9287541b9c6d/aggregates => generated 235 bytes in 15 msecs (HTTP/1.1 404) 5 headers in 202 bytes (1 switches on core 0)
2026-04-14 11:51:56.311 8 INFO placement.requestlog [None req-63a691b2-6969-463d-ab13-47e64bc5dd07 2a2127f7cadc4c7cb9ce7e6a1477996b 0c31bec5bdf845a283664e09e1899f7a - - dc0eecef081c41e1b715b9267cb45920 dc0eecef081c41e1b715b9267cb45920] 10.0.0.198 "DELETE /resource_providers/b5e1be10-5ba8-4553-a558-9287541b9c6d" status: 404 len: 246 microversion: 1.1 [pid: 8|app: 0|req: 332/663] 10.0.0.198 () {34 vars in 816 bytes} [Tue Apr 14 11:51:56 2026] DELETE /resource_providers/b5e1be10-5ba8-4553-a558-9287541b9c6d => generated 246 bytes in 5 msecs (HTTP/1.1 404) 6 headers in 231 bytes (1 switches on core 0)
2026-04-14 11:51:56.335 7 INFO placement.requestlog [None req-f57bc0b1-c36a-41d3-85ac-9697c55016cb 2a2127f7cadc4c7cb9ce7e6a1477996b 0c31bec5bdf845a283664e09e1899f7a - - dc0eecef081c41e1b715b9267cb45920 dc0eecef081c41e1b715b9267cb45920] 10.0.0.198 "DELETE /resource_providers/b5e1be10-5ba8-4553-a558-9287541b9c6d" status: 404 len: 246 microversion: 1.1 [pid: 7|app: 0|req: 332/664] 10.0.0.198 () {34 vars in 816 bytes} [Tue Apr 14 11:51:56 2026] DELETE /resource_providers/b5e1be10-5ba8-4553-a558-9287541b9c6d => generated 246 bytes in 9 msecs (HTTP/1.1 404) 6 headers in 231 bytes (1 switches on core 0)
2026-04-14 11:51:57.396 8 INFO placement.requestlog [None req-3ef6ee4b-9f75-4a27-805f-74d6e5f40499 - - - - - -] 10.0.0.138 "GET /" status: 200 len: 136 microversion: 1.0
2026-04-14 11:51:57.397 7 INFO placement.requestlog [None req-519a2dc9-17e8-4b3b-919d-6ba0b0d18077 - - - - - -] 10.0.0.138 "GET /" status: 200 len: 136 microversion: 1.0
2026-04-14 11:51:58.345 8 INFO placement.requestlog [None req-c1904484-8079-4492-9bed-a7bd2a2929ce 2a2127f7cadc4c7cb9ce7e6a1477996b 0c31bec5bdf845a283664e09e1899f7a - - dc0eecef081c41e1b715b9267cb45920 dc0eecef081c41e1b715b9267cb45920] 10.0.0.198 "GET /resource_providers/c56d53dd-8a41-40e6-8d82-2d994f3a4540/aggregates" status: 404 len: 235 microversion: 1.1 [pid: 8|app: 0|req: 334/667] 10.0.0.198 () {32 vars in 816 bytes} [Tue Apr 14 11:51:58 2026] GET /resource_providers/c56d53dd-8a41-40e6-8d82-2d994f3a4540/aggregates => generated 235 bytes in 15 msecs (HTTP/1.1 404) 5 headers in 202 bytes (1 switches on core 0)
2026-04-14 11:51:58.364 8 INFO placement.requestlog [None req-42fb0d0d-666d-481a-a31b-beed8d959d68 2a2127f7cadc4c7cb9ce7e6a1477996b 0c31bec5bdf845a283664e09e1899f7a - - dc0eecef081c41e1b715b9267cb45920 dc0eecef081c41e1b715b9267cb45920] 10.0.0.198 "DELETE /resource_providers/c56d53dd-8a41-40e6-8d82-2d994f3a4540" status: 404 len: 246 microversion: 1.1 [pid: 8|app: 0|req: 335/668] 10.0.0.198 () {34 vars in 816 bytes} [Tue Apr 14 11:51:58 2026] DELETE /resource_providers/c56d53dd-8a41-40e6-8d82-2d994f3a4540 => generated 246 bytes in 10 msecs (HTTP/1.1 404) 6 headers in 231 bytes (1 switches on core 0)
2026-04-14 11:51:58.366 7 INFO placement.requestlog [None req-222c7c8d-d115-4b39-8b54-03dbf0ae35e1 2a2127f7cadc4c7cb9ce7e6a1477996b 0c31bec5bdf845a283664e09e1899f7a - - dc0eecef081c41e1b715b9267cb45920 dc0eecef081c41e1b715b9267cb45920] 10.0.0.198 "GET /resource_providers/c56d53dd-8a41-40e6-8d82-2d994f3a4540/aggregates" status: 404 len: 235 microversion: 1.1 [pid: 7|app: 0|req: 334/669] 10.0.0.198 () {32 vars in 816 bytes} [Tue Apr 14 11:51:58 2026] GET /resource_providers/c56d53dd-8a41-40e6-8d82-2d994f3a4540/aggregates => generated 235 bytes in 12 msecs (HTTP/1.1 404) 5 headers in 202 bytes (1 switches on core 0)
2026-04-14 11:51:58.386 8 INFO placement.requestlog [None req-a30a47da-de1f-4da0-901c-5ed1975e9b72 2a2127f7cadc4c7cb9ce7e6a1477996b 0c31bec5bdf845a283664e09e1899f7a - - dc0eecef081c41e1b715b9267cb45920 dc0eecef081c41e1b715b9267cb45920] 10.0.0.198 "DELETE /resource_providers/c56d53dd-8a41-40e6-8d82-2d994f3a4540" status: 404 len: 246 microversion: 1.1 [pid: 8|app: 0|req: 336/670] 10.0.0.198 () {34 vars in 816 bytes} [Tue Apr 14 11:51:58 2026] DELETE /resource_providers/c56d53dd-8a41-40e6-8d82-2d994f3a4540 => generated 246 bytes in 11 msecs (HTTP/1.1 404) 6 headers in 231 bytes (1 switches on core 0)
2026-04-14 11:52:00.783 8 INFO placement.requestlog [None req-d7a3258c-25af-43e3-b44b-bed00e186601 2a2127f7cadc4c7cb9ce7e6a1477996b 0c31bec5bdf845a283664e09e1899f7a - - dc0eecef081c41e1b715b9267cb45920 dc0eecef081c41e1b715b9267cb45920] 10.0.0.198 "GET /resource_providers/c56d53dd-8a41-40e6-8d82-2d994f3a4540/aggregates" status: 404 len: 235 microversion: 1.1 [pid: 8|app: 0|req: 337/671] 10.0.0.198 () {32 vars in 816 bytes} [Tue Apr 14 11:52:00 2026] GET /resource_providers/c56d53dd-8a41-40e6-8d82-2d994f3a4540/aggregates => generated 235 bytes in 10 msecs (HTTP/1.1 404) 5 headers in 202 bytes (1 switches on core 0)
2026-04-14 11:52:00.799 7 INFO placement.requestlog [None req-84ff9e0a-9bd3-4b26-9f1d-1f5013f193d3 2a2127f7cadc4c7cb9ce7e6a1477996b 0c31bec5bdf845a283664e09e1899f7a - - dc0eecef081c41e1b715b9267cb45920 dc0eecef081c41e1b715b9267cb45920] 10.0.0.198 "GET /resource_providers/c56d53dd-8a41-40e6-8d82-2d994f3a4540/aggregates" status: 404 len: 235 microversion: 1.1 [pid: 7|app: 0|req: 335/672] 10.0.0.198 () {32 vars in 816 bytes} [Tue Apr 14 11:52:00 2026] GET /resource_providers/c56d53dd-8a41-40e6-8d82-2d994f3a4540/aggregates => generated 235 bytes in 26 msecs (HTTP/1.1 404) 5 headers in 202 bytes (1 switches on core 0)
2026-04-14 11:52:00.800 8 INFO placement.requestlog [None req-f2c3b819-7ffa-403a-87f9-aca0fe43ab51 2a2127f7cadc4c7cb9ce7e6a1477996b 0c31bec5bdf845a283664e09e1899f7a - - dc0eecef081c41e1b715b9267cb45920 dc0eecef081c41e1b715b9267cb45920] 10.0.0.198 "DELETE /resource_providers/c56d53dd-8a41-40e6-8d82-2d994f3a4540" status: 404 len: 246 microversion: 1.1 [pid: 8|app: 0|req: 338/673] 10.0.0.198 () {34 vars in 816 bytes} [Tue Apr 14 11:52:00 2026] DELETE /resource_providers/c56d53dd-8a41-40e6-8d82-2d994f3a4540 => generated 246 bytes in 9 msecs (HTTP/1.1 404) 6 headers in 231 bytes (1 switches on core 0)
2026-04-14 11:52:00.821 7 INFO placement.requestlog [None req-89ebe009-f0aa-4758-be71-9ca35af15918 2a2127f7cadc4c7cb9ce7e6a1477996b 0c31bec5bdf845a283664e09e1899f7a - - dc0eecef081c41e1b715b9267cb45920 dc0eecef081c41e1b715b9267cb45920] 10.0.0.198 "DELETE /resource_providers/c56d53dd-8a41-40e6-8d82-2d994f3a4540" status: 404 len: 246 microversion: 1.1
2026-04-14 11:52:00.821 8 INFO placement.requestlog [None req-092236f2-b801-4d87-ae92-76b75a4c3592 2a2127f7cadc4c7cb9ce7e6a1477996b 0c31bec5bdf845a283664e09e1899f7a - - dc0eecef081c41e1b715b9267cb45920 dc0eecef081c41e1b715b9267cb45920] 10.0.0.198 "GET /resource_providers/b737a98e-38bd-4ace-b40b-b7e1fb6ce606/aggregates" status: 404 len: 235 microversion: 1.1 [pid: 7|app: 0|req: 336/674] 10.0.0.198 () {34 vars in 816 bytes} [Tue Apr 14 11:52:00 2026] DELETE /resource_providers/c56d53dd-8a41-40e6-8d82-2d994f3a4540 => generated 246 bytes in 12 msecs (HTTP/1.1 404) 6 headers in 231 bytes (1 switches on core 0) [pid: 8|app: 0|req: 339/675] 10.0.0.198 () {32 vars in 816 bytes} [Tue Apr 14 11:52:00 2026] GET /resource_providers/b737a98e-38bd-4ace-b40b-b7e1fb6ce606/aggregates => generated 235 bytes in 13 msecs (HTTP/1.1 404) 5 headers in 202 bytes (1 switches on core 0)
2026-04-14 11:52:00.841 7 INFO placement.requestlog [None req-1ef869f5-5001-4ef6-9fbb-bc6c1fd04c17 2a2127f7cadc4c7cb9ce7e6a1477996b 0c31bec5bdf845a283664e09e1899f7a - - dc0eecef081c41e1b715b9267cb45920 dc0eecef081c41e1b715b9267cb45920] 10.0.0.198 "GET /resource_providers/b737a98e-38bd-4ace-b40b-b7e1fb6ce606/aggregates" status: 404 len: 235 microversion: 1.1 [pid: 7|app: 0|req: 337/676] 10.0.0.198 () {32 vars in 816 bytes} [Tue Apr 14 11:52:00 2026] GET /resource_providers/b737a98e-38bd-4ace-b40b-b7e1fb6ce606/aggregates => generated 235 bytes in 11 msecs (HTTP/1.1 404) 5 headers in 202 bytes (1 switches on core 0)
2026-04-14 11:52:00.848 8 INFO placement.requestlog [None req-c6219a58-e571-4384-955b-e6f2d17c1f96 2a2127f7cadc4c7cb9ce7e6a1477996b 0c31bec5bdf845a283664e09e1899f7a - - dc0eecef081c41e1b715b9267cb45920 dc0eecef081c41e1b715b9267cb45920] 10.0.0.198 "DELETE /resource_providers/b737a98e-38bd-4ace-b40b-b7e1fb6ce606" status: 404 len: 246 microversion: 1.1 [pid: 8|app: 0|req: 340/677] 10.0.0.198 () {34 vars in 816 bytes} [Tue Apr 14 11:52:00 2026] DELETE /resource_providers/b737a98e-38bd-4ace-b40b-b7e1fb6ce606 => generated 246 bytes in 12 msecs (HTTP/1.1 404) 6 headers in 231 bytes (1 switches on core 0)
2026-04-14 11:52:00.854 7 INFO placement.requestlog [None req-9d35bfb9-8e91-46a3-bba2-eab7742d84d1 2a2127f7cadc4c7cb9ce7e6a1477996b 0c31bec5bdf845a283664e09e1899f7a - - dc0eecef081c41e1b715b9267cb45920 dc0eecef081c41e1b715b9267cb45920] 10.0.0.198 "DELETE /resource_providers/b737a98e-38bd-4ace-b40b-b7e1fb6ce606" status: 404 len: 246 microversion: 1.1 [pid: 7|app: 0|req: 338/678] 10.0.0.198 () {34 vars in 816 bytes} [Tue Apr 14 11:52:00 2026] DELETE /resource_providers/b737a98e-38bd-4ace-b40b-b7e1fb6ce606 => generated 246 bytes in 7 msecs (HTTP/1.1 404) 6 headers in 231 bytes (1 switches on core 0)
2026-04-14 11:52:07.402 8 INFO placement.requestlog [None req-2f86121c-7988-4fb1-941c-8c4eca8d93ef - - - - - -] 10.0.0.138 "GET /" status: 200 len: 136 microversion: 1.0
