2026-06-16 01:46:34.349 8 INFO placement.requestlog [req-19866330-7114-450b-9991-20359b3518eb req-38230270-ba99-4ddd-9116-b36ad3b7b2f3 920aac0e47cd4145b405c16f9fd7a5f6 d369c8c7c1af4934bbe0d00622b5bf27 - - a33f361a3d174300b36eddef0483a1aa a33f361a3d174300b36eddef0483a1aa] 199.19.213.138 "GET /allocations/64d4801c-5fb8-4159-a6f1-8708a854e466" status: 200 len: 257 microversion: 1.28 [pid: 8|app: 0|req: 339/677] 199.19.213.138 () {34 vars in 862 bytes} [Tue Jun 16 01:46:34 2026] GET /allocations/64d4801c-5fb8-4159-a6f1-8708a854e466 => generated 257 bytes in 14 msecs (HTTP/1.1 200) 8 headers in 296 bytes (1 switches on core 0)
2026-06-16 01:46:34.367 7 INFO placement.requestlog [req-19866330-7114-450b-9991-20359b3518eb req-e4f23af6-156f-4afa-b4fd-5ac2e85fbff5 920aac0e47cd4145b405c16f9fd7a5f6 d369c8c7c1af4934bbe0d00622b5bf27 - - a33f361a3d174300b36eddef0483a1aa a33f361a3d174300b36eddef0483a1aa] 199.19.213.138 "GET /allocations/49bdd0dd-4bde-4ea1-ba65-953d2f7645e2" status: 200 len: 257 microversion: 1.28 [pid: 7|app: 0|req: 339/678] 199.19.213.138 () {34 vars in 862 bytes} [Tue Jun 16 01:46:34 2026] GET /allocations/49bdd0dd-4bde-4ea1-ba65-953d2f7645e2 => generated 257 bytes in 14 msecs (HTTP/1.1 200) 8 headers in 296 bytes (1 switches on core 0)
2026-06-16 01:46:35.151 8 INFO placement.requestlog [None req-faee1fd4-e21f-4329-92ce-47f2915f2b77 - - - - - -] 10.0.0.32 "GET /" status: 200 len: 136 microversion: 1.0
2026-06-16 01:46:35.151 7 INFO placement.requestlog [None req-5156d8d3-dee4-4741-ad7a-da81c6bc211b - - - - - -] 10.0.0.32 "GET /" status: 200 len: 136 microversion: 1.0
2026-06-16 01:46:36.439 8 INFO placement.requestlog [req-577b6e21-5b3f-4cbc-91b5-5bc98feef56f req-6df2221a-9f47-40ab-9bf0-a68bdfcbec4a 920aac0e47cd4145b405c16f9fd7a5f6 d369c8c7c1af4934bbe0d00622b5bf27 - - a33f361a3d174300b36eddef0483a1aa a33f361a3d174300b36eddef0483a1aa] 199.19.213.138 "GET /resource_providers/807a0143-d44e-4890-b006-1cd44ca68a4e/allocations" status: 200 len: 352 microversion: 1.0 [pid: 8|app: 0|req: 341/681] 199.19.213.138 () {32 vars in 856 bytes} [Tue Jun 16 01:46:36 2026] GET /resource_providers/807a0143-d44e-4890-b006-1cd44ca68a4e/allocations => generated 352 bytes in 20 msecs (HTTP/1.1 200) 6 headers in 224 bytes (1 switches on core 0)
2026-06-16 01:46:36.456 7 INFO placement.requestlog [req-577b6e21-5b3f-4cbc-91b5-5bc98feef56f req-17d2bb3d-62b4-4a83-8874-dca5ce687a4a 920aac0e47cd4145b405c16f9fd7a5f6 d369c8c7c1af4934bbe0d00622b5bf27 - - a33f361a3d174300b36eddef0483a1aa a33f361a3d174300b36eddef0483a1aa] 199.19.213.138 "GET /allocations/fe2e656e-1e79-4048-ab11-f60230f79bbb" status: 200 len: 257 microversion: 1.28 [pid: 7|app: 0|req: 341/682] 199.19.213.138 () {34 vars in 862 bytes} [Tue Jun 16 01:46:36 2026] GET /allocations/fe2e656e-1e79-4048-ab11-f60230f79bbb => generated 257 bytes in 9 msecs (HTTP/1.1 200) 8 headers in 296 bytes (1 switches on core 0)
2026-06-16 01:46:36.468 8 INFO placement.requestlog [req-577b6e21-5b3f-4cbc-91b5-5bc98feef56f req-86567fee-fbec-4006-8252-a2948f0e5a50 920aac0e47cd4145b405c16f9fd7a5f6 d369c8c7c1af4934bbe0d00622b5bf27 - - a33f361a3d174300b36eddef0483a1aa a33f361a3d174300b36eddef0483a1aa] 199.19.213.138 "GET /allocations/64d4801c-5fb8-4159-a6f1-8708a854e466" status: 200 len: 257 microversion: 1.28 [pid: 8|app: 0|req: 342/683] 199.19.213.138 () {34 vars in 862 bytes} [Tue Jun 16 01:46:36 2026] GET /allocations/64d4801c-5fb8-4159-a6f1-8708a854e466 => generated 257 bytes in 9 msecs (HTTP/1.1 200) 8 headers in 296 bytes (1 switches on core 0)
2026-06-16 01:46:36.481 7 INFO placement.requestlog [req-577b6e21-5b3f-4cbc-91b5-5bc98feef56f req-26db3736-7588-441b-91e1-c9c24f40ec1d 920aac0e47cd4145b405c16f9fd7a5f6 d369c8c7c1af4934bbe0d00622b5bf27 - - a33f361a3d174300b36eddef0483a1aa a33f361a3d174300b36eddef0483a1aa] 199.19.213.138 "GET /allocations/49bdd0dd-4bde-4ea1-ba65-953d2f7645e2" status: 200 len: 257 microversion: 1.28 [pid: 7|app: 0|req: 342/684] 199.19.213.138 () {34 vars in 862 bytes} [Tue Jun 16 01:46:36 2026] GET /allocations/49bdd0dd-4bde-4ea1-ba65-953d2f7645e2 => generated 257 bytes in 9 msecs (HTTP/1.1 200) 8 headers in 296 bytes (1 switches on core 0)
2026-06-16 01:46:40.177 8 INFO placement.requestlog [None req-72fad23a-a52f-4e52-b3e3-af7164dbd826 a192894358ed4fbe8e2c379048eac271 d369c8c7c1af4934bbe0d00622b5bf27 - - a33f361a3d174300b36eddef0483a1aa a33f361a3d174300b36eddef0483a1aa] 10.0.0.170 "GET /resource_providers/36eb28c9-df7f-4ad3-9d74-cf1008bcc60b/aggregates" status: 404 len: 235 microversion: 1.1
2026-06-16 01:46:40.178 7 INFO placement.requestlog [None req-6b975783-9b07-4678-8866-c23feb6da895 a192894358ed4fbe8e2c379048eac271 d369c8c7c1af4934bbe0d00622b5bf27 - - a33f361a3d174300b36eddef0483a1aa a33f361a3d174300b36eddef0483a1aa] 10.0.0.170 "GET /resource_providers/36eb28c9-df7f-4ad3-9d74-cf1008bcc60b/aggregates" status: 404 len: 235 microversion: 1.1 [pid: 8|app: 0|req: 343/686] 10.0.0.170 () {32 vars in 815 bytes} [Tue Jun 16 01:46:40 2026] GET /resource_providers/36eb28c9-df7f-4ad3-9d74-cf1008bcc60b/aggregates => generated 235 bytes in 10 msecs (HTTP/1.1 404) 5 headers in 202 bytes (1 switches on core 0) [pid: 7|app: 0|req: 343/686] 10.0.0.170 () {32 vars in 815 bytes} [Tue Jun 16 01:46:40 2026] GET /resource_providers/36eb28c9-df7f-4ad3-9d74-cf1008bcc60b/aggregates => generated 235 bytes in 10 msecs (HTTP/1.1 404) 5 headers in 202 bytes (1 switches on core 0)
2026-06-16 01:46:40.206 7 INFO placement.requestlog [None req-dbb06bc5-1afa-4b4a-ba4d-bab2682d293a a192894358ed4fbe8e2c379048eac271 d369c8c7c1af4934bbe0d00622b5bf27 - - a33f361a3d174300b36eddef0483a1aa a33f361a3d174300b36eddef0483a1aa] 10.0.0.170 "DELETE /resource_providers/36eb28c9-df7f-4ad3-9d74-cf1008bcc60b" status: 404 len: 246 microversion: 1.1 [pid: 7|app: 0|req: 344/687] 10.0.0.170 () {34 vars in 815 bytes} [Tue Jun 16 01:46:40 2026] DELETE /resource_providers/36eb28c9-df7f-4ad3-9d74-cf1008bcc60b => generated 246 bytes in 14 msecs (HTTP/1.1 404) 6 headers in 231 bytes (1 switches on core 0)
2026-06-16 01:46:40.207 8 INFO placement.requestlog [None req-c140c0bc-d3be-4bdb-9733-c7d4983632a4 a192894358ed4fbe8e2c379048eac271 d369c8c7c1af4934bbe0d00622b5bf27 - - a33f361a3d174300b36eddef0483a1aa a33f361a3d174300b36eddef0483a1aa] 10.0.0.170 "DELETE /resource_providers/36eb28c9-df7f-4ad3-9d74-cf1008bcc60b" status: 404 len: 246 microversion: 1.1 [pid: 8|app: 0|req: 344/688] 10.0.0.170 () {34 vars in 815 bytes} [Tue Jun 16 01:46:40 2026] DELETE /resource_providers/36eb28c9-df7f-4ad3-9d74-cf1008bcc60b => generated 246 bytes in 13 msecs (HTTP/1.1 404) 6 headers in 231 bytes (1 switches on core 0)
2026-06-16 01:46:42.847 7 INFO placement.requestlog [None req-e3895f59-b3e3-475a-b892-8aef2fd99146 a192894358ed4fbe8e2c379048eac271 d369c8c7c1af4934bbe0d00622b5bf27 - - a33f361a3d174300b36eddef0483a1aa a33f361a3d174300b36eddef0483a1aa] 10.0.0.170 "GET /resource_providers/0e7bb0ca-aaaf-40ae-81ff-2f6f0d7f7b95/aggregates" status: 404 len: 235 microversion: 1.1 [pid: 7|app: 0|req: 345/689] 10.0.0.170 () {32 vars in 815 bytes} [Tue Jun 16 01:46:42 2026] GET /resource_providers/0e7bb0ca-aaaf-40ae-81ff-2f6f0d7f7b95/aggregates => generated 235 bytes in 12 msecs (HTTP/1.1 404) 5 headers in 202 bytes (1 switches on core 0)
2026-06-16 01:46:42.855 8 INFO placement.requestlog [None req-5ec09d01-bd04-4e96-9300-d6714cd1f518 a192894358ed4fbe8e2c379048eac271 d369c8c7c1af4934bbe0d00622b5bf27 - - a33f361a3d174300b36eddef0483a1aa a33f361a3d174300b36eddef0483a1aa] 10.0.0.170 "GET /resource_providers/0e7bb0ca-aaaf-40ae-81ff-2f6f0d7f7b95/aggregates" status: 404 len: 235 microversion: 1.1 [pid: 8|app: 0|req: 345/690] 10.0.0.170 () {32 vars in 815 bytes} [Tue Jun 16 01:46:42 2026] GET /resource_providers/0e7bb0ca-aaaf-40ae-81ff-2f6f0d7f7b95/aggregates => generated 235 bytes in 10 msecs (HTTP/1.1 404) 5 headers in 202 bytes (1 switches on core 0)
2026-06-16 01:46:42.891 7 INFO placement.requestlog [None req-2316f1c6-c18d-4ade-9e59-4127482162f4 a192894358ed4fbe8e2c379048eac271 d369c8c7c1af4934bbe0d00622b5bf27 - - a33f361a3d174300b36eddef0483a1aa a33f361a3d174300b36eddef0483a1aa] 10.0.0.170 "DELETE /resource_providers/0e7bb0ca-aaaf-40ae-81ff-2f6f0d7f7b95" status: 404 len: 246 microversion: 1.1 [pid: 7|app: 0|req: 346/691] 10.0.0.170 () {34 vars in 815 bytes} [Tue Jun 16 01:46:42 2026] DELETE /resource_providers/0e7bb0ca-aaaf-40ae-81ff-2f6f0d7f7b95 => generated 246 bytes in 15 msecs (HTTP/1.1 404) 6 headers in 231 bytes (1 switches on core 0)
2026-06-16 01:46:42.892 8 INFO placement.requestlog [None req-c86fa7e9-5132-45ea-ab0c-34e7d8f63cc1 a192894358ed4fbe8e2c379048eac271 d369c8c7c1af4934bbe0d00622b5bf27 - - a33f361a3d174300b36eddef0483a1aa a33f361a3d174300b36eddef0483a1aa] 10.0.0.170 "DELETE /resource_providers/0e7bb0ca-aaaf-40ae-81ff-2f6f0d7f7b95" status: 404 len: 246 microversion: 1.1 [pid: 8|app: 0|req: 346/692] 10.0.0.170 () {34 vars in 815 bytes} [Tue Jun 16 01:46:42 2026] DELETE /resource_providers/0e7bb0ca-aaaf-40ae-81ff-2f6f0d7f7b95 => generated 246 bytes in 8 msecs (HTTP/1.1 404) 6 headers in 231 bytes (1 switches on core 0)
2026-06-16 01:46:44.390 7 INFO placement.requestlog [req-3cc7e5ab-fdec-473c-9470-b00e433f3450 req-85d9abe2-808a-4da7-8a85-3873b15c4ea0 920aac0e47cd4145b405c16f9fd7a5f6 d369c8c7c1af4934bbe0d00622b5bf27 - - a33f361a3d174300b36eddef0483a1aa a33f361a3d174300b36eddef0483a1aa] 199.19.213.138 "GET /resource_providers/807a0143-d44e-4890-b006-1cd44ca68a4e/allocations" status: 200 len: 352 microversion: 1.0 [pid: 7|app: 0|req: 347/693] 199.19.213.138 () {32 vars in 856 bytes} [Tue Jun 16 01:46:44 2026] GET /resource_providers/807a0143-d44e-4890-b006-1cd44ca68a4e/allocations => generated 352 bytes in 18 msecs (HTTP/1.1 200) 6 headers in 224 bytes (1 switches on core 0)
2026-06-16 01:46:44.419 8 INFO placement.requestlog [req-3cc7e5ab-fdec-473c-9470-b00e433f3450 req-6db030d4-acde-41eb-b8d4-43b2f69f83ec 920aac0e47cd4145b405c16f9fd7a5f6 d369c8c7c1af4934bbe0d00622b5bf27 - - a33f361a3d174300b36eddef0483a1aa a33f361a3d174300b36eddef0483a1aa] 199.19.213.138 "GET /allocations/fe2e656e-1e79-4048-ab11-f60230f79bbb" status: 200 len: 257 microversion: 1.28 [pid: 8|app: 0|req: 347/694] 199.19.213.138 () {34 vars in 862 bytes} [Tue Jun 16 01:46:44 2026] GET /allocations/fe2e656e-1e79-4048-ab11-f60230f79bbb => generated 257 bytes in 24 msecs (HTTP/1.1 200) 8 headers in 296 bytes (1 switches on core 0)
2026-06-16 01:46:44.440 7 INFO placement.requestlog [req-3cc7e5ab-fdec-473c-9470-b00e433f3450 req-ab7a77d5-e35b-4c97-9260-022103d46fb2 920aac0e47cd4145b405c16f9fd7a5f6 d369c8c7c1af4934bbe0d00622b5bf27 - - a33f361a3d174300b36eddef0483a1aa a33f361a3d174300b36eddef0483a1aa] 199.19.213.138 "GET /allocations/64d4801c-5fb8-4159-a6f1-8708a854e466" status: 200 len: 257 microversion: 1.28 [pid: 7|app: 0|req: 348/695] 199.19.213.138 () {34 vars in 862 bytes} [Tue Jun 16 01:46:44 2026] GET /allocations/64d4801c-5fb8-4159-a6f1-8708a854e466 => generated 257 bytes in 16 msecs (HTTP/1.1 200) 8 headers in 296 bytes (1 switches on core 0)
2026-06-16 01:46:44.461 8 INFO placement.requestlog [req-3cc7e5ab-fdec-473c-9470-b00e433f3450 req-07fbf10f-3c5f-4bf4-a62d-026a5e8951ee 920aac0e47cd4145b405c16f9fd7a5f6 d369c8c7c1af4934bbe0d00622b5bf27 - - a33f361a3d174300b36eddef0483a1aa a33f361a3d174300b36eddef0483a1aa] 199.19.213.138 "GET /allocations/49bdd0dd-4bde-4ea1-ba65-953d2f7645e2" status: 200 len: 257 microversion: 1.28 [pid: 8|app: 0|req: 348/696] 199.19.213.138 () {34 vars in 862 bytes} [Tue Jun 16 01:46:44 2026] GET /allocations/49bdd0dd-4bde-4ea1-ba65-953d2f7645e2 => generated 257 bytes in 16 msecs (HTTP/1.1 200) 8 headers in 296 bytes (1 switches on core 0)
2026-06-16 01:46:45.151 7 INFO placement.requestlog [None req-adbb7186-e0ca-4327-8d67-32d05dd56f6b - - - - - -] 10.0.0.32 "GET /" status: 200 len: 136 microversion: 1.0
2026-06-16 01:46:45.154 8 INFO placement.requestlog [None req-8db33874-0e1a-4b97-ab0c-bf786590ff37 - - - - - -] 10.0.0.32 "GET /" status: 200 len: 136 microversion: 1.0
2026-06-16 01:46:45.295 8 INFO placement.requestlog [None req-3fe5afd6-be27-4aaf-baad-4600f7b2f676 a192894358ed4fbe8e2c379048eac271 d369c8c7c1af4934bbe0d00622b5bf27 - - a33f361a3d174300b36eddef0483a1aa a33f361a3d174300b36eddef0483a1aa] 10.0.0.170 "GET /resource_providers/3676037e-a429-4129-bd1c-c52dadd0dd0a/aggregates" status: 404 len: 235 microversion: 1.1
2026-06-16 01:46:45.295 7 INFO placement.requestlog [None req-9c28cbb3-a9dd-433d-b596-aadf05bfc7f0 a192894358ed4fbe8e2c379048eac271 d369c8c7c1af4934bbe0d00622b5bf27 - - a33f361a3d174300b36eddef0483a1aa a33f361a3d174300b36eddef0483a1aa] 10.0.0.170 "GET /resource_providers/3676037e-a429-4129-bd1c-c52dadd0dd0a/aggregates" status: 404 len: 235 microversion: 1.1 [pid: 8|app: 0|req: 350/699] 10.0.0.170 () {32 vars in 815 bytes} [Tue Jun 16 01:46:45 2026] GET /resource_providers/3676037e-a429-4129-bd1c-c52dadd0dd0a/aggregates => generated 235 bytes in 13 msecs (HTTP/1.1 404) 5 headers in 202 bytes (1 switches on core 0) [pid: 7|app: 0|req: 350/700] 10.0.0.170 () {32 vars in 815 bytes} [Tue Jun 16 01:46:45 2026] GET /resource_providers/3676037e-a429-4129-bd1c-c52dadd0dd0a/aggregates => generated 235 bytes in 17 msecs (HTTP/1.1 404) 5 headers in 202 bytes (1 switches on core 0)
2026-06-16 01:46:45.320 8 INFO placement.requestlog [None req-087388e5-a697-4f08-b280-c4a0bfee2925 a192894358ed4fbe8e2c379048eac271 d369c8c7c1af4934bbe0d00622b5bf27 - - a33f361a3d174300b36eddef0483a1aa a33f361a3d174300b36eddef0483a1aa] 10.0.0.170 "DELETE /resource_providers/3676037e-a429-4129-bd1c-c52dadd0dd0a" status: 404 len: 246 microversion: 1.1 [pid: 8|app: 0|req: 351/701] 10.0.0.170 () {34 vars in 815 bytes} [Tue Jun 16 01:46:45 2026] DELETE /resource_providers/3676037e-a429-4129-bd1c-c52dadd0dd0a => generated 246 bytes in 7 msecs (HTTP/1.1 404) 6 headers in 231 bytes (1 switches on core 0)
2026-06-16 01:46:45.326 7 INFO placement.requestlog [None req-03bcbc6a-0b2c-409d-8f52-c81424d2c7b9 a192894358ed4fbe8e2c379048eac271 d369c8c7c1af4934bbe0d00622b5bf27 - - a33f361a3d174300b36eddef0483a1aa a33f361a3d174300b36eddef0483a1aa] 10.0.0.170 "DELETE /resource_providers/3676037e-a429-4129-bd1c-c52dadd0dd0a" status: 404 len: 246 microversion: 1.1 [pid: 7|app: 0|req: 351/702] 10.0.0.170 () {34 vars in 815 bytes} [Tue Jun 16 01:46:45 2026] DELETE /resource_providers/3676037e-a429-4129-bd1c-c52dadd0dd0a => generated 246 bytes in 10 msecs (HTTP/1.1 404) 6 headers in 231 bytes (1 switches on core 0)
2026-06-16 01:46:45.522 8 INFO placement.requestlog [req-3cc7e5ab-fdec-473c-9470-b00e433f3450 req-9d4c7596-f9f2-456d-81e1-41f699478e4a 920aac0e47cd4145b405c16f9fd7a5f6 d369c8c7c1af4934bbe0d00622b5bf27 - - a33f361a3d174300b36eddef0483a1aa a33f361a3d174300b36eddef0483a1aa] 199.19.213.138 "DELETE /allocations/fe2e656e-1e79-4048-ab11-f60230f79bbb" status: 204 len: 0 microversion: 1.0 [pid: 8|app: 0|req: 352/703] 199.19.213.138 () {34 vars in 840 bytes} [Tue Jun 16 01:46:45 2026] DELETE /allocations/fe2e656e-1e79-4048-ab11-f60230f79bbb => generated 0 bytes in 31 msecs (HTTP/1.1 204) 5 headers in 198 bytes (1 switches on core 0)
2026-06-16 01:46:49.152 7 INFO placement.requestlog [None req-3fd6b612-3382-4265-8c77-8d8524ac86fc a192894358ed4fbe8e2c379048eac271 d369c8c7c1af4934bbe0d00622b5bf27 - - a33f361a3d174300b36eddef0483a1aa a33f361a3d174300b36eddef0483a1aa] 10.0.0.170 "GET /resource_providers/3ffb5d83-8860-406a-a345-c40c33be525c/aggregates" status: 404 len: 235 microversion: 1.1 [pid: 7|app: 0|req: 352/704] 10.0.0.170 () {32 vars in 815 bytes} [Tue Jun 16 01:46:49 2026] GET /resource_providers/3ffb5d83-8860-406a-a345-c40c33be525c/aggregates => generated 235 bytes in 22 msecs (HTTP/1.1 404) 5 headers in 202 bytes (1 switches on core 0)
2026-06-16 01:46:49.155 8 INFO placement.requestlog [None req-5ee9728a-b3c5-4b7e-a3fa-c10e9908ea7a a192894358ed4fbe8e2c379048eac271 d369c8c7c1af4934bbe0d00622b5bf27 - - a33f361a3d174300b36eddef0483a1aa a33f361a3d174300b36eddef0483a1aa] 10.0.0.170 "GET /resource_providers/3ffb5d83-8860-406a-a345-c40c33be525c/aggregates" status: 404 len: 235 microversion: 1.1 [pid: 8|app: 0|req: 353/705] 10.0.0.170 () {32 vars in 815 bytes} [Tue Jun 16 01:46:49 2026] GET /resource_providers/3ffb5d83-8860-406a-a345-c40c33be525c/aggregates => generated 235 bytes in 19 msecs (HTTP/1.1 404) 5 headers in 202 bytes (1 switches on core 0)
2026-06-16 01:46:49.181 8 INFO placement.requestlog [None req-df8dd296-fa7d-463f-bb4a-ec967d91aefa a192894358ed4fbe8e2c379048eac271 d369c8c7c1af4934bbe0d00622b5bf27 - - a33f361a3d174300b36eddef0483a1aa a33f361a3d174300b36eddef0483a1aa] 10.0.0.170 "DELETE /resource_providers/3ffb5d83-8860-406a-a345-c40c33be525c" status: 404 len: 246 microversion: 1.1 [pid: 8|app: 0|req: 354/706] 10.0.0.170 () {34 vars in 815 bytes} [Tue Jun 16 01:46:49 2026] DELETE /resource_providers/3ffb5d83-8860-406a-a345-c40c33be525c => generated 246 bytes in 10 msecs (HTTP/1.1 404) 6 headers in 231 bytes (1 switches on core 0)
2026-06-16 01:46:49.182 7 INFO placement.requestlog [None req-e5293dcc-b073-4fec-ad97-2f32885851a4 a192894358ed4fbe8e2c379048eac271 d369c8c7c1af4934bbe0d00622b5bf27 - - a33f361a3d174300b36eddef0483a1aa a33f361a3d174300b36eddef0483a1aa] 10.0.0.170 "DELETE /resource_providers/3ffb5d83-8860-406a-a345-c40c33be525c" status: 404 len: 246 microversion: 1.1 [pid: 7|app: 0|req: 353/707] 10.0.0.170 () {34 vars in 815 bytes} [Tue Jun 16 01:46:49 2026] DELETE /resource_providers/3ffb5d83-8860-406a-a345-c40c33be525c => generated 246 bytes in 17 msecs (HTTP/1.1 404) 6 headers in 231 bytes (1 switches on core 0)
2026-06-16 01:46:49.920 8 INFO placement.requestlog [req-aeb5a58e-9f2d-41dc-9bb9-999f5a3ea7c6 req-e4adb746-66c4-41d0-babf-dcc4232f5723 920aac0e47cd4145b405c16f9fd7a5f6 d369c8c7c1af4934bbe0d00622b5bf27 - - a33f361a3d174300b36eddef0483a1aa a33f361a3d174300b36eddef0483a1aa] 199.19.213.138 "GET /resource_providers/807a0143-d44e-4890-b006-1cd44ca68a4e/allocations" status: 200 len: 252 microversion: 1.0 [pid: 8|app: 0|req: 355/708] 199.19.213.138 () {32 vars in 856 bytes} [Tue Jun 16 01:46:49 2026] GET /resource_providers/807a0143-d44e-4890-b006-1cd44ca68a4e/allocations => generated 252 bytes in 21 msecs (HTTP/1.1 200) 6 headers in 224 bytes (1 switches on core 0)
2026-06-16 01:46:49.954 7 INFO placement.requestlog [req-aeb5a58e-9f2d-41dc-9bb9-999f5a3ea7c6 req-7287aa74-ee68-4dda-9c27-20e2bdff98ac 920aac0e47cd4145b405c16f9fd7a5f6 d369c8c7c1af4934bbe0d00622b5bf27 - - a33f361a3d174300b36eddef0483a1aa a33f361a3d174300b36eddef0483a1aa] 199.19.213.138 "GET /allocations/64d4801c-5fb8-4159-a6f1-8708a854e466" status: 200 len: 257 microversion: 1.28 [pid: 7|app: 0|req: 354/709] 199.19.213.138 () {34 vars in 862 bytes} [Tue Jun 16 01:46:49 2026] GET /allocations/64d4801c-5fb8-4159-a6f1-8708a854e466 => generated 257 bytes in 24 msecs (HTTP/1.1 200) 8 headers in 296 bytes (1 switches on core 0)
2026-06-16 01:46:49.974 8 INFO placement.requestlog [req-aeb5a58e-9f2d-41dc-9bb9-999f5a3ea7c6 req-56cf7b28-1268-48c3-9c71-3b2a600873a3 920aac0e47cd4145b405c16f9fd7a5f6 d369c8c7c1af4934bbe0d00622b5bf27 - - a33f361a3d174300b36eddef0483a1aa a33f361a3d174300b36eddef0483a1aa] 199.19.213.138 "GET /allocations/49bdd0dd-4bde-4ea1-ba65-953d2f7645e2" status: 200 len: 257 microversion: 1.28 [pid: 8|app: 0|req: 356/710] 199.19.213.138 () {34 vars in 862 bytes} [Tue Jun 16 01:46:49 2026] GET /allocations/49bdd0dd-4bde-4ea1-ba65-953d2f7645e2 => generated 257 bytes in 15 msecs (HTTP/1.1 200) 8 headers in 296 bytes (1 switches on core 0)
2026-06-16 01:46:51.020 7 INFO placement.requestlog [req-aeb5a58e-9f2d-41dc-9bb9-999f5a3ea7c6 req-2c274b4f-ae6b-4f94-85a1-81e99f6b3685 920aac0e47cd4145b405c16f9fd7a5f6 d369c8c7c1af4934bbe0d00622b5bf27 - - a33f361a3d174300b36eddef0483a1aa a33f361a3d174300b36eddef0483a1aa] 199.19.213.138 "DELETE /allocations/49bdd0dd-4bde-4ea1-ba65-953d2f7645e2" status: 204 len: 0 microversion: 1.0 [pid: 7|app: 0|req: 355/711] 199.19.213.138 () {34 vars in 840 bytes} [Tue Jun 16 01:46:50 2026] DELETE /allocations/49bdd0dd-4bde-4ea1-ba65-953d2f7645e2 => generated 0 bytes in 24 msecs (HTTP/1.1 204) 5 headers in 198 bytes (1 switches on core 0)
2026-06-16 01:46:53.312 8 INFO placement.requestlog [None req-1a301788-cc90-4ed0-aaba-92fcf6138718 a192894358ed4fbe8e2c379048eac271 d369c8c7c1af4934bbe0d00622b5bf27 - - a33f361a3d174300b36eddef0483a1aa a33f361a3d174300b36eddef0483a1aa] 10.0.0.170 "GET /resource_providers/94125c61-895b-4e67-8971-8de22199657e/aggregates" status: 404 len: 235 microversion: 1.1 [pid: 8|app: 0|req: 357/712] 10.0.0.170 () {32 vars in 815 bytes} [Tue Jun 16 01:46:53 2026] GET /resource_providers/94125c61-895b-4e67-8971-8de22199657e/aggregates => generated 235 bytes in 10 msecs (HTTP/1.1 404) 5 headers in 202 bytes (1 switches on core 0)
2026-06-16 01:46:53.318 7 INFO placement.requestlog [None req-ea9fcd43-e81f-4355-8370-3e0a9ec3b474 a192894358ed4fbe8e2c379048eac271 d369c8c7c1af4934bbe0d00622b5bf27 - - a33f361a3d174300b36eddef0483a1aa a33f361a3d174300b36eddef0483a1aa] 10.0.0.170 "GET /resource_providers/94125c61-895b-4e67-8971-8de22199657e/aggregates" status: 404 len: 235 microversion: 1.1 [pid: 7|app: 0|req: 356/713] 10.0.0.170 () {32 vars in 815 bytes} [Tue Jun 16 01:46:53 2026] GET /resource_providers/94125c61-895b-4e67-8971-8de22199657e/aggregates => generated 235 bytes in 11 msecs (HTTP/1.1 404) 5 headers in 202 bytes (1 switches on core 0)
2026-06-16 01:46:53.340 8 INFO placement.requestlog [None req-9c7a27af-3403-4e6c-aa8a-f623c9f6c052 a192894358ed4fbe8e2c379048eac271 d369c8c7c1af4934bbe0d00622b5bf27 - - a33f361a3d174300b36eddef0483a1aa a33f361a3d174300b36eddef0483a1aa] 10.0.0.170 "DELETE /resource_providers/94125c61-895b-4e67-8971-8de22199657e" status: 404 len: 246 microversion: 1.1 [pid: 8|app: 0|req: 358/714] 10.0.0.170 () {34 vars in 815 bytes} [Tue Jun 16 01:46:53 2026] DELETE /resource_providers/94125c61-895b-4e67-8971-8de22199657e => generated 246 bytes in 13 msecs (HTTP/1.1 404) 6 headers in 231 bytes (1 switches on core 0)
2026-06-16 01:46:53.344 7 INFO placement.requestlog [None req-3857ddd3-58aa-44b2-9b07-550b2b6cef5d a192894358ed4fbe8e2c379048eac271 d369c8c7c1af4934bbe0d00622b5bf27 - - a33f361a3d174300b36eddef0483a1aa a33f361a3d174300b36eddef0483a1aa] 10.0.0.170 "DELETE /resource_providers/94125c61-895b-4e67-8971-8de22199657e" status: 404 len: 246 microversion: 1.1 [pid: 7|app: 0|req: 357/715] 10.0.0.170 () {34 vars in 815 bytes} [Tue Jun 16 01:46:53 2026] DELETE /resource_providers/94125c61-895b-4e67-8971-8de22199657e => generated 246 bytes in 15 msecs (HTTP/1.1 404) 6 headers in 231 bytes (1 switches on core 0)
2026-06-16 01:46:55.150 7 INFO placement.requestlog [None req-2f553131-54e6-4829-9dbd-a25b16c55fd6 - - - - - -] 10.0.0.32 "GET /" status: 200 len: 136 microversion: 1.0
2026-06-16 01:46:55.151 8 INFO placement.requestlog [None req-56ceb0ec-2dc6-4926-be6c-79682c154fef - - - - - -] 10.0.0.32 "GET /" status: 200 len: 136 microversion: 1.0
2026-06-16 01:46:55.740 7 INFO placement.requestlog [None req-42a43fc6-7c69-4480-972c-0b1df67efbd0 a192894358ed4fbe8e2c379048eac271 d369c8c7c1af4934bbe0d00622b5bf27 - - a33f361a3d174300b36eddef0483a1aa a33f361a3d174300b36eddef0483a1aa] 10.0.0.170 "GET /resource_providers/6e056bf1-31bf-4db9-a467-267599fabab2/aggregates" status: 404 len: 235 microversion: 1.1 [pid: 7|app: 0|req: 359/718] 10.0.0.170 () {32 vars in 815 bytes} [Tue Jun 16 01:46:55 2026] GET /resource_providers/6e056bf1-31bf-4db9-a467-267599fabab2/aggregates => generated 235 bytes in 8 msecs (HTTP/1.1 404) 5 headers in 202 bytes (1 switches on core 0)
2026-06-16 01:46:55.750 8 INFO placement.requestlog [None req-fc116800-e0d2-4f1e-b282-7b7c89ad84f7 a192894358ed4fbe8e2c379048eac271 d369c8c7c1af4934bbe0d00622b5bf27 - - a33f361a3d174300b36eddef0483a1aa a33f361a3d174300b36eddef0483a1aa] 10.0.0.170 "GET /resource_providers/6e056bf1-31bf-4db9-a467-267599fabab2/aggregates" status: 404 len: 235 microversion: 1.1 [pid: 8|app: 0|req: 360/719] 10.0.0.170 () {32 vars in 815 bytes} [Tue Jun 16 01:46:55 2026] GET /resource_providers/6e056bf1-31bf-4db9-a467-267599fabab2/aggregates => generated 235 bytes in 16 msecs (HTTP/1.1 404) 5 headers in 202 bytes (1 switches on core 0)
2026-06-16 01:46:55.753 7 INFO placement.requestlog [None req-1b0fe219-3db6-4f96-b2f0-f0e710300526 a192894358ed4fbe8e2c379048eac271 d369c8c7c1af4934bbe0d00622b5bf27 - - a33f361a3d174300b36eddef0483a1aa a33f361a3d174300b36eddef0483a1aa] 10.0.0.170 "DELETE /resource_providers/6e056bf1-31bf-4db9-a467-267599fabab2" status: 404 len: 246 microversion: 1.1 [pid: 7|app: 0|req: 360/720] 10.0.0.170 () {34 vars in 815 bytes} [Tue Jun 16 01:46:55 2026] DELETE /resource_providers/6e056bf1-31bf-4db9-a467-267599fabab2 => generated 246 bytes in 6 msecs (HTTP/1.1 404) 6 headers in 231 bytes (1 switches on core 0)
2026-06-16 01:46:55.774 8 INFO placement.requestlog [None req-64d19cb6-1d04-478e-89a5-3ee69d788676 a192894358ed4fbe8e2c379048eac271 d369c8c7c1af4934bbe0d00622b5bf27 - - a33f361a3d174300b36eddef0483a1aa a33f361a3d174300b36eddef0483a1aa] 10.0.0.170 "DELETE /resource_providers/6e056bf1-31bf-4db9-a467-267599fabab2" status: 404 len: 246 microversion: 1.1 [pid: 8|app: 0|req: 361/721] 10.0.0.170 () {34 vars in 815 bytes} [Tue Jun 16 01:46:55 2026] DELETE /resource_providers/6e056bf1-31bf-4db9-a467-267599fabab2 => generated 246 bytes in 11 msecs (HTTP/1.1 404) 6 headers in 231 bytes (1 switches on core 0)
2026-06-16 01:46:57.778 7 INFO placement.requestlog [None req-f026a995-46c2-4980-a703-06bf93ce7bb6 a192894358ed4fbe8e2c379048eac271 d369c8c7c1af4934bbe0d00622b5bf27 - - a33f361a3d174300b36eddef0483a1aa a33f361a3d174300b36eddef0483a1aa] 10.0.0.170 "GET /resource_providers/3728567d-b4ce-4fbe-ad9c-708f291d55f2/aggregates" status: 404 len: 235 microversion: 1.1 [pid: 7|app: 0|req: 361/722] 10.0.0.170 () {32 vars in 815 bytes} [Tue Jun 16 01:46:57 2026] GET /resource_providers/3728567d-b4ce-4fbe-ad9c-708f291d55f2/aggregates => generated 235 bytes in 9 msecs (HTTP/1.1 404) 5 headers in 202 bytes (1 switches on core 0)
2026-06-16 01:46:57.795 8 INFO placement.requestlog [None req-936b8cda-8c63-4339-8272-4b50e0bbfc36 a192894358ed4fbe8e2c379048eac271 d369c8c7c1af4934bbe0d00622b5bf27 - - a33f361a3d174300b36eddef0483a1aa a33f361a3d174300b36eddef0483a1aa] 10.0.0.170 "GET /resource_providers/3728567d-b4ce-4fbe-ad9c-708f291d55f2/aggregates" status: 404 len: 235 microversion: 1.1 [pid: 8|app: 0|req: 362/723] 10.0.0.170 () {32 vars in 815 bytes} [Tue Jun 16 01:46:57 2026] GET /resource_providers/3728567d-b4ce-4fbe-ad9c-708f291d55f2/aggregates => generated 235 bytes in 7 msecs (HTTP/1.1 404) 5 headers in 202 bytes (1 switches on core 0)
2026-06-16 01:46:57.797 7 INFO placement.requestlog [None req-3cb7e199-dd3f-4d1b-be0b-41bab1fa20ae a192894358ed4fbe8e2c379048eac271 d369c8c7c1af4934bbe0d00622b5bf27 - - a33f361a3d174300b36eddef0483a1aa a33f361a3d174300b36eddef0483a1aa] 10.0.0.170 "DELETE /resource_providers/3728567d-b4ce-4fbe-ad9c-708f291d55f2" status: 404 len: 246 microversion: 1.1 [pid: 7|app: 0|req: 362/724] 10.0.0.170 () {34 vars in 815 bytes} [Tue Jun 16 01:46:57 2026] DELETE /resource_providers/3728567d-b4ce-4fbe-ad9c-708f291d55f2 => generated 246 bytes in 7 msecs (HTTP/1.1 404) 6 headers in 231 bytes (1 switches on core 0)
2026-06-16 01:46:57.817 8 INFO placement.requestlog [None req-93872c08-fcad-42ed-89c0-5717b8d8deaa a192894358ed4fbe8e2c379048eac271 d369c8c7c1af4934bbe0d00622b5bf27 - - a33f361a3d174300b36eddef0483a1aa a33f361a3d174300b36eddef0483a1aa] 10.0.0.170 "DELETE /resource_providers/3728567d-b4ce-4fbe-ad9c-708f291d55f2" status: 404 len: 246 microversion: 1.1 [pid: 8|app: 0|req: 363/725] 10.0.0.170 () {34 vars in 815 bytes} [Tue Jun 16 01:46:57 2026] DELETE /resource_providers/3728567d-b4ce-4fbe-ad9c-708f291d55f2 => generated 246 bytes in 8 msecs (HTTP/1.1 404) 6 headers in 231 bytes (1 switches on core 0)
2026-06-16 01:47:00.065 8 INFO placement.requestlog [None req-918d974c-f0e0-4f4b-b7d6-5dbf64920b3a a192894358ed4fbe8e2c379048eac271 d369c8c7c1af4934bbe0d00622b5bf27 - - a33f361a3d174300b36eddef0483a1aa a33f361a3d174300b36eddef0483a1aa] 10.0.0.170 "GET /resource_providers/e4423fae-b0a8-4a97-9253-356c36122002/aggregates" status: 404 len: 235 microversion: 1.1 [pid: 8|app: 0|req: 364/726] 10.0.0.170 () {32 vars in 815 bytes} [Tue Jun 16 01:47:00 2026] GET /resource_providers/e4423fae-b0a8-4a97-9253-356c36122002/aggregates => generated 235 bytes in 9 msecs (HTTP/1.1 404) 5 headers in 202 bytes (1 switches on core 0)
2026-06-16 01:47:00.069 7 INFO placement.requestlog [None req-ce591cef-61f8-47e2-ac15-e2474bf3dba5 a192894358ed4fbe8e2c379048eac271 d369c8c7c1af4934bbe0d00622b5bf27 - - a33f361a3d174300b36eddef0483a1aa a33f361a3d174300b36eddef0483a1aa] 10.0.0.170 "GET /resource_providers/e4423fae-b0a8-4a97-9253-356c36122002/aggregates" status: 404 len: 235 microversion: 1.1 [pid: 7|app: 0|req: 363/727] 10.0.0.170 () {32 vars in 815 bytes} [Tue Jun 16 01:47:00 2026] GET /resource_providers/e4423fae-b0a8-4a97-9253-356c36122002/aggregates => generated 235 bytes in 12 msecs (HTTP/1.1 404) 5 headers in 202 bytes (1 switches on core 0)
2026-06-16 01:47:00.091 8 INFO placement.requestlog [None req-0173843f-047f-4710-ab3c-036210c5e8e8 a192894358ed4fbe8e2c379048eac271 d369c8c7c1af4934bbe0d00622b5bf27 - - a33f361a3d174300b36eddef0483a1aa a33f361a3d174300b36eddef0483a1aa] 10.0.0.170 "DELETE /resource_providers/e4423fae-b0a8-4a97-9253-356c36122002" status: 404 len: 246 microversion: 1.1 [pid: 8|app: 0|req: 365/728] 10.0.0.170 () {34 vars in 815 bytes} [Tue Jun 16 01:47:00 2026] DELETE /resource_providers/e4423fae-b0a8-4a97-9253-356c36122002 => generated 246 bytes in 11 msecs (HTTP/1.1 404) 6 headers in 231 bytes (1 switches on core 0)
2026-06-16 01:47:00.095 7 INFO placement.requestlog [None req-efaffe17-edd8-4162-96d9-b40b017e9fec a192894358ed4fbe8e2c379048eac271 d369c8c7c1af4934bbe0d00622b5bf27 - - a33f361a3d174300b36eddef0483a1aa a33f361a3d174300b36eddef0483a1aa] 10.0.0.170 "DELETE /resource_providers/e4423fae-b0a8-4a97-9253-356c36122002" status: 404 len: 246 microversion: 1.1 [pid: 7|app: 0|req: 364/729] 10.0.0.170 () {34 vars in 815 bytes} [Tue Jun 16 01:47:00 2026] DELETE /resource_providers/e4423fae-b0a8-4a97-9253-356c36122002 => generated 246 bytes in 5 msecs (HTTP/1.1 404) 6 headers in 231 bytes (1 switches on core 0)
2026-06-16 01:47:05.151 8 INFO placement.requestlog [None req-2a717a1b-235d-4af0-aa22-c3f9e480874f - - - - - -] 10.0.0.32 "GET /" status: 200 len: 136 microversion: 1.0
2026-06-16 01:47:05.151 7 INFO placement.requestlog [None req-9556e3fb-ba16-45e9-888c-580546d73683 - - - - - -] 10.0.0.32 "GET /" status: 200 len: 136 microversion: 1.0
2026-06-16 01:47:07.618 8 INFO placement.requestlog [req-bbd12cbb-79e1-4bd1-8c32-43296378857a req-be03124a-88f9-4781-9522-2b61f7d36d6a 920aac0e47cd4145b405c16f9fd7a5f6 d369c8c7c1af4934bbe0d00622b5bf27 - - a33f361a3d174300b36eddef0483a1aa a33f361a3d174300b36eddef0483a1aa] 10.0.0.85 "GET /allocation_candidates?limit=1000&resources=MEMORY_MB%3A512%2CVCPU%3A1&root_required=%21COMPUTE_STATUS_DISABLED" status: 200 len: 2628 microversion: 1.36 [pid: 8|app: 0|req: 367/732] 10.0.0.85 () {34 vars in 982 bytes} [Tue Jun 16 01:47:07 2026] GET /allocation_candidates?limit=1000&resources=MEMORY_MB%3A512%2CVCPU%3A1&root_required=%21COMPUTE_STATUS_DISABLED => generated 2628 bytes in 40 msecs (HTTP/1.1 200) 8 headers in 297 bytes (1 switches on core 0)
2026-06-16 01:47:07.648 7 INFO placement.requestlog [req-bbd12cbb-79e1-4bd1-8c32-43296378857a req-d770ab20-0da2-4496-87e1-f475838afbfe 920aac0e47cd4145b405c16f9fd7a5f6 d369c8c7c1af4934bbe0d00622b5bf27 - - a33f361a3d174300b36eddef0483a1aa a33f361a3d174300b36eddef0483a1aa] 10.0.0.85 "GET /allocations/7594d97c-3aad-4c09-8fa5-1c482e36bef9" status: 200 len: 19 microversion: 1.28 [pid: 7|app: 0|req: 366/733] 10.0.0.85 () {34 vars in 859 bytes} [Tue Jun 16 01:47:07 2026] GET /allocations/7594d97c-3aad-4c09-8fa5-1c482e36bef9 => generated 19 bytes in 14 msecs (HTTP/1.1 200) 8 headers in 295 bytes (1 switches on core 0)
2026-06-16 01:47:07.708 8 INFO placement.requestlog [req-bbd12cbb-79e1-4bd1-8c32-43296378857a req-e07b1b18-a04b-4e56-b88d-92b1a6d7580a 920aac0e47cd4145b405c16f9fd7a5f6 d369c8c7c1af4934bbe0d00622b5bf27 - - a33f361a3d174300b36eddef0483a1aa a33f361a3d174300b36eddef0483a1aa] 10.0.0.85 "PUT /allocations/7594d97c-3aad-4c09-8fa5-1c482e36bef9" status: 204 len: 0 microversion: 1.36 [pid: 8|app: 0|req: 368/734] 10.0.0.85 () {38 vars in 912 bytes} [Tue Jun 16 01:47:07 2026] PUT /allocations/7594d97c-3aad-4c09-8fa5-1c482e36bef9 => generated 0 bytes in 56 msecs (HTTP/1.1 204) 5 headers in 199 bytes (1 switches on core 0)
2026-06-16 01:47:09.211 7 INFO placement.requestlog [req-bbd12cbb-79e1-4bd1-8c32-43296378857a req-10bc1ab0-b482-4101-9552-4d2119ae7743 920aac0e47cd4145b405c16f9fd7a5f6 d369c8c7c1af4934bbe0d00622b5bf27 - - a33f361a3d174300b36eddef0483a1aa a33f361a3d174300b36eddef0483a1aa] 199.19.213.138 "GET /allocations/7594d97c-3aad-4c09-8fa5-1c482e36bef9" status: 200 len: 243 microversion: 1.28 [pid: 7|app: 0|req: 367/735] 199.19.213.138 () {34 vars in 862 bytes} [Tue Jun 16 01:47:09 2026] GET /allocations/7594d97c-3aad-4c09-8fa5-1c482e36bef9 => generated 243 bytes in 12 msecs (HTTP/1.1 200) 8 headers in 296 bytes (1 switches on core 0)
2026-06-16 01:47:10.252 8 INFO placement.requestlog [req-bbd12cbb-79e1-4bd1-8c32-43296378857a req-e1104697-bf4e-44fb-ab1b-955d23911ea0 920aac0e47cd4145b405c16f9fd7a5f6 d369c8c7c1af4934bbe0d00622b5bf27 - - a33f361a3d174300b36eddef0483a1aa a33f361a3d174300b36eddef0483a1aa] 199.19.213.138 "GET /resource_providers/807a0143-d44e-4890-b006-1cd44ca68a4e/allocations" status: 200 len: 238 microversion: 1.0 [pid: 8|app: 0|req: 369/736] 199.19.213.138 () {32 vars in 856 bytes} [Tue Jun 16 01:47:10 2026] GET /resource_providers/807a0143-d44e-4890-b006-1cd44ca68a4e/allocations => generated 238 bytes in 19 msecs (HTTP/1.1 200) 6 headers in 224 bytes (1 switches on core 0)
2026-06-16 01:47:10.273 7 INFO placement.requestlog [req-bbd12cbb-79e1-4bd1-8c32-43296378857a req-43c02416-e5b2-4b4e-a3cd-c2437f7b2956 920aac0e47cd4145b405c16f9fd7a5f6 d369c8c7c1af4934bbe0d00622b5bf27 - - a33f361a3d174300b36eddef0483a1aa a33f361a3d174300b36eddef0483a1aa] 199.19.213.138 "GET /allocations/64d4801c-5fb8-4159-a6f1-8708a854e466" status: 200 len: 257 microversion: 1.28 [pid: 7|app: 0|req: 368/737] 199.19.213.138 () {34 vars in 862 bytes} [Tue Jun 16 01:47:10 2026] GET /allocations/64d4801c-5fb8-4159-a6f1-8708a854e466 => generated 257 bytes in 14 msecs (HTTP/1.1 200) 8 headers in 296 bytes (1 switches on core 0)
2026-06-16 01:47:10.288 8 INFO placement.requestlog [req-bbd12cbb-79e1-4bd1-8c32-43296378857a req-8f032fe9-421e-445d-b31b-c47f26ec2396 920aac0e47cd4145b405c16f9fd7a5f6 d369c8c7c1af4934bbe0d00622b5bf27 - - a33f361a3d174300b36eddef0483a1aa a33f361a3d174300b36eddef0483a1aa] 199.19.213.138 "GET /allocations/7594d97c-3aad-4c09-8fa5-1c482e36bef9" status: 200 len: 243 microversion: 1.28 [pid: 8|app: 0|req: 370/738] 199.19.213.138 () {34 vars in 862 bytes} [Tue Jun 16 01:47:10 2026] GET /allocations/7594d97c-3aad-4c09-8fa5-1c482e36bef9 => generated 243 bytes in 9 msecs (HTTP/1.1 200) 8 headers in 296 bytes (1 switches on core 0)
2026-06-16 01:47:15.127 8 INFO placement.requestlog [None req-7d8b0148-214c-491f-b1b6-984df5971fb9 a192894358ed4fbe8e2c379048eac271 d369c8c7c1af4934bbe0d00622b5bf27 - - a33f361a3d174300b36eddef0483a1aa a33f361a3d174300b36eddef0483a1aa] 10.0.0.170 "GET /resource_providers/41fc68d7-e50d-4690-9359-587eb0df7f3f/aggregates" status: 404 len: 235 microversion: 1.1 [pid: 8|app: 0|req: 371/739] 10.0.0.170 () {32 vars in 815 bytes} [Tue Jun 16 01:47:15 2026] GET /resource_providers/41fc68d7-e50d-4690-9359-587eb0df7f3f/aggregates => generated 235 bytes in 11 msecs (HTTP/1.1 404) 5 headers in 202 bytes (1 switches on core 0)
2026-06-16 01:47:15.128 7 INFO placement.requestlog [None req-302ac277-9da1-4553-80c0-37e56fb47592 a192894358ed4fbe8e2c379048eac271 d369c8c7c1af4934bbe0d00622b5bf27 - - a33f361a3d174300b36eddef0483a1aa a33f361a3d174300b36eddef0483a1aa] 10.0.0.170 "GET /resource_providers/41fc68d7-e50d-4690-9359-587eb0df7f3f/aggregates" status: 404 len: 235 microversion: 1.1 [pid: 7|app: 0|req: 369/740] 10.0.0.170 () {32 vars in 815 bytes} [Tue Jun 16 01:47:15 2026] GET /resource_providers/41fc68d7-e50d-4690-9359-587eb0df7f3f/aggregates => generated 235 bytes in 13 msecs (HTTP/1.1 404) 5 headers in 202 bytes (1 switches on core 0)
2026-06-16 01:47:15.153 7 INFO placement.requestlog [None req-61704dcb-6c02-4b44-9d6f-f114e4690b24 a192894358ed4fbe8e2c379048eac271 d369c8c7c1af4934bbe0d00622b5bf27 - - a33f361a3d174300b36eddef0483a1aa a33f361a3d174300b36eddef0483a1aa] 10.0.0.170 "DELETE /resource_providers/41fc68d7-e50d-4690-9359-587eb0df7f3f" status: 404 len: 246 microversion: 1.1 [pid: 7|app: 0|req: 370/741] 10.0.0.170 () {34 vars in 815 bytes} [Tue Jun 16 01:47:15 2026] DELETE /resource_providers/41fc68d7-e50d-4690-9359-587eb0df7f3f => generated 246 bytes in 9 msecs (HTTP/1.1 404) 6 headers in 231 bytes (1 switches on core 0)
2026-06-16 01:47:15.154 7 INFO placement.requestlog [None req-3c868a8b-3502-405d-a673-54ac0e328ace - - - - - -] 10.0.0.32 "GET /" status: 200 len: 136 microversion: 1.0
2026-06-16 01:47:15.155 7 INFO placement.requestlog [None req-ea3b373a-1017-4506-af9d-8eb6096ae7a2 - - - - - -] 10.0.0.32 "GET /" status: 200 len: 136 microversion: 1.0
2026-06-16 01:47:15.160 8 INFO placement.requestlog [None req-6d18b583-12bf-4d2d-b9a2-09ec6f7d76da a192894358ed4fbe8e2c379048eac271 d369c8c7c1af4934bbe0d00622b5bf27 - - a33f361a3d174300b36eddef0483a1aa a33f361a3d174300b36eddef0483a1aa] 10.0.0.170 "DELETE /resource_providers/41fc68d7-e50d-4690-9359-587eb0df7f3f" status: 404 len: 246 microversion: 1.1 [pid: 8|app: 0|req: 372/744] 10.0.0.170 () {34 vars in 815 bytes} [Tue Jun 16 01:47:15 2026] DELETE /resource_providers/41fc68d7-e50d-4690-9359-587eb0df7f3f => generated 246 bytes in 17 msecs (HTTP/1.1 404) 6 headers in 231 bytes (1 switches on core 0)
2026-06-16 01:47:17.182 7 INFO placement.requestlog [None req-91aa8fc0-3a16-4e95-a9af-a4249e07b5ac a192894358ed4fbe8e2c379048eac271 d369c8c7c1af4934bbe0d00622b5bf27 - - a33f361a3d174300b36eddef0483a1aa a33f361a3d174300b36eddef0483a1aa] 10.0.0.170 "GET /resource_providers/4d219344-1e82-4861-8b9e-af201bb073ea/aggregates" status: 404 len: 235 microversion: 1.1 [pid: 7|app: 0|req: 373/745] 10.0.0.170 () {32 vars in 815 bytes} [Tue Jun 16 01:47:17 2026] GET /resource_providers/4d219344-1e82-4861-8b9e-af201bb073ea/aggregates => generated 235 bytes in 8 msecs (HTTP/1.1 404) 5 headers in 202 bytes (1 switches on core 0)
2026-06-16 01:47:17.187 8 INFO placement.requestlog [None req-98e1db09-2886-4275-9b21-39afc06b8de8 a192894358ed4fbe8e2c379048eac271 d369c8c7c1af4934bbe0d00622b5bf27 - - a33f361a3d174300b36eddef0483a1aa a33f361a3d174300b36eddef0483a1aa] 10.0.0.170 "GET /resource_providers/4d219344-1e82-4861-8b9e-af201bb073ea/aggregates" status: 404 len: 235 microversion: 1.1 [pid: 8|app: 0|req: 373/746] 10.0.0.170 () {32 vars in 815 bytes} [Tue Jun 16 01:47:17 2026] GET /resource_providers/4d219344-1e82-4861-8b9e-af201bb073ea/aggregates => generated 235 bytes in 11 msecs (HTTP/1.1 404) 5 headers in 202 bytes (1 switches on core 0)
2026-06-16 01:47:17.197 7 INFO placement.requestlog [None req-4e5f0230-7532-491c-a544-9409667212a9 a192894358ed4fbe8e2c379048eac271 d369c8c7c1af4934bbe0d00622b5bf27 - - a33f361a3d174300b36eddef0483a1aa a33f361a3d174300b36eddef0483a1aa] 10.0.0.170 "DELETE /resource_providers/4d219344-1e82-4861-8b9e-af201bb073ea" status: 404 len: 246 microversion: 1.1 [pid: 7|app: 0|req: 374/747] 10.0.0.170 () {34 vars in 815 bytes} [Tue Jun 16 01:47:17 2026] DELETE /resource_providers/4d219344-1e82-4861-8b9e-af201bb073ea => generated 246 bytes in 7 msecs (HTTP/1.1 404) 6 headers in 231 bytes (1 switches on core 0)
2026-06-16 01:47:17.207 8 INFO placement.requestlog [None req-0650a458-e3d7-43dd-bffa-ad932c9c956d a192894358ed4fbe8e2c379048eac271 d369c8c7c1af4934bbe0d00622b5bf27 - - a33f361a3d174300b36eddef0483a1aa a33f361a3d174300b36eddef0483a1aa] 10.0.0.170 "DELETE /resource_providers/4d219344-1e82-4861-8b9e-af201bb073ea" status: 404 len: 246 microversion: 1.1 [pid: 8|app: 0|req: 374/748] 10.0.0.170 () {34 vars in 815 bytes} [Tue Jun 16 01:47:17 2026] DELETE /resource_providers/4d219344-1e82-4861-8b9e-af201bb073ea => generated 246 bytes in 10 msecs (HTTP/1.1 404) 6 headers in 231 bytes (1 switches on core 0)
2026-06-16 01:47:20.696 8 INFO placement.requestlog [None req-08c0f5df-aab1-403a-ac35-ec225fbb4392 a192894358ed4fbe8e2c379048eac271 d369c8c7c1af4934bbe0d00622b5bf27 - - a33f361a3d174300b36eddef0483a1aa a33f361a3d174300b36eddef0483a1aa] 10.0.0.170 "GET /resource_providers/96349861-d73c-42d7-ace1-bc591dd0867b/aggregates" status: 404 len: 235 microversion: 1.1 [pid: 8|app: 0|req: 375/749] 10.0.0.170 () {32 vars in 815 bytes} [Tue Jun 16 01:47:20 2026] GET /resource_providers/96349861-d73c-42d7-ace1-bc591dd0867b/aggregates => generated 235 bytes in 7 msecs (HTTP/1.1 404) 5 headers in 202 bytes (1 switches on core 0)
2026-06-16 01:47:20.698 7 INFO placement.requestlog [None req-9a7f7287-3e25-4c15-b1ae-d79c667c6638 a192894358ed4fbe8e2c379048eac271 d369c8c7c1af4934bbe0d00622b5bf27 - - a33f361a3d174300b36eddef0483a1aa a33f361a3d174300b36eddef0483a1aa] 10.0.0.170 "GET /resource_providers/96349861-d73c-42d7-ace1-bc591dd0867b/aggregates" status: 404 len: 235 microversion: 1.1 [pid: 7|app: 0|req: 375/750] 10.0.0.170 () {32 vars in 815 bytes} [Tue Jun 16 01:47:20 2026] GET /resource_providers/96349861-d73c-42d7-ace1-bc591dd0867b/aggregates => generated 235 bytes in 19 msecs (HTTP/1.1 404) 5 headers in 202 bytes (1 switches on core 0)
2026-06-16 01:47:20.725 8 INFO placement.requestlog [None req-ad1b20f3-54f0-40c7-8bcd-1ccdb53a87f6 a192894358ed4fbe8e2c379048eac271 d369c8c7c1af4934bbe0d00622b5bf27 - - a33f361a3d174300b36eddef0483a1aa a33f361a3d174300b36eddef0483a1aa] 10.0.0.170 "DELETE /resource_providers/96349861-d73c-42d7-ace1-bc591dd0867b" status: 404 len: 246 microversion: 1.1 [pid: 8|app: 0|req: 376/751] 10.0.0.170 () {34 vars in 815 bytes} [Tue Jun 16 01:47:20 2026] DELETE /resource_providers/96349861-d73c-42d7-ace1-bc591dd0867b => generated 246 bytes in 14 msecs (HTTP/1.1 404) 6 headers in 231 bytes (1 switches on core 0)
2026-06-16 01:47:20.733 7 INFO placement.requestlog [None req-4af3c0e9-411b-4414-b8ac-b1dfa4078879 a192894358ed4fbe8e2c379048eac271 d369c8c7c1af4934bbe0d00622b5bf27 - - a33f361a3d174300b36eddef0483a1aa a33f361a3d174300b36eddef0483a1aa] 10.0.0.170 "DELETE /resource_providers/96349861-d73c-42d7-ace1-bc591dd0867b" status: 404 len: 246 microversion: 1.1 [pid: 7|app: 0|req: 376/752] 10.0.0.170 () {34 vars in 815 bytes} [Tue Jun 16 01:47:20 2026] DELETE /resource_providers/96349861-d73c-42d7-ace1-bc591dd0867b => generated 246 bytes in 21 msecs (HTTP/1.1 404) 6 headers in 231 bytes (1 switches on core 0)
2026-06-16 01:47:25.151 8 INFO placement.requestlog [None req-01b7f444-a7e0-414a-b5f4-e6e249020aa6 - - - - - -] 10.0.0.32 "GET /" status: 200 len: 136 microversion: 1.0
2026-06-16 01:47:25.152 7 INFO placement.requestlog [None req-d0cd94e8-3ad1-454a-9903-e73af94dcc92 - - - - - -] 10.0.0.32 "GET /" status: 200 len: 136 microversion: 1.0
2026-06-16 01:47:25.951 8 INFO placement.requestlog [None req-d68ae366-67bf-4a79-ae77-5953f654f392 a192894358ed4fbe8e2c379048eac271 d369c8c7c1af4934bbe0d00622b5bf27 - - a33f361a3d174300b36eddef0483a1aa a33f361a3d174300b36eddef0483a1aa] 10.0.0.170 "GET /resource_providers/df7ace4d-5e55-495e-96ad-136c47bdccf3/aggregates" status: 404 len: 235 microversion: 1.1 [pid: 8|app: 0|req: 378/755] 10.0.0.170 () {32 vars in 815 bytes} [Tue Jun 16 01:47:25 2026] GET /resource_providers/df7ace4d-5e55-495e-96ad-136c47bdccf3/aggregates => generated 235 bytes in 11 msecs (HTTP/1.1 404) 5 headers in 202 bytes (1 switches on core 0)
2026-06-16 01:47:25.957 7 INFO placement.requestlog [None req-2b540ea1-c216-46fb-b61f-ee96bdede242 a192894358ed4fbe8e2c379048eac271 d369c8c7c1af4934bbe0d00622b5bf27 - - a33f361a3d174300b36eddef0483a1aa a33f361a3d174300b36eddef0483a1aa] 10.0.0.170 "GET /resource_providers/df7ace4d-5e55-495e-96ad-136c47bdccf3/aggregates" status: 404 len: 235 microversion: 1.1 [pid: 7|app: 0|req: 378/756] 10.0.0.170 () {32 vars in 815 bytes} [Tue Jun 16 01:47:25 2026] GET /resource_providers/df7ace4d-5e55-495e-96ad-136c47bdccf3/aggregates => generated 235 bytes in 13 msecs (HTTP/1.1 404) 5 headers in 202 bytes (1 switches on core 0)
2026-06-16 01:47:25.976 7 INFO placement.requestlog [None req-65c5bb70-6133-4fa5-9a24-148eae781c24 a192894358ed4fbe8e2c379048eac271 d369c8c7c1af4934bbe0d00622b5bf27 - - a33f361a3d174300b36eddef0483a1aa a33f361a3d174300b36eddef0483a1aa] 10.0.0.170 "DELETE /resource_providers/df7ace4d-5e55-495e-96ad-136c47bdccf3" status: 404 len: 246 microversion: 1.1 [pid: 7|app: 0|req: 379/757] 10.0.0.170 () {34 vars in 815 bytes} [Tue Jun 16 01:47:25 2026] DELETE /resource_providers/df7ace4d-5e55-495e-96ad-136c47bdccf3 => generated 246 bytes in 10 msecs (HTTP/1.1 404) 6 headers in 231 bytes (1 switches on core 0)
2026-06-16 01:47:25.977 8 INFO placement.requestlog [None req-b6fb8ca3-80c4-4054-856c-ce608760474c a192894358ed4fbe8e2c379048eac271 d369c8c7c1af4934bbe0d00622b5bf27 - - a33f361a3d174300b36eddef0483a1aa a33f361a3d174300b36eddef0483a1aa] 10.0.0.170 "DELETE /resource_providers/df7ace4d-5e55-495e-96ad-136c47bdccf3" status: 404 len: 246 microversion: 1.1 [pid: 8|app: 0|req: 379/758] 10.0.0.170 () {34 vars in 815 bytes} [Tue Jun 16 01:47:25 2026] DELETE /resource_providers/df7ace4d-5e55-495e-96ad-136c47bdccf3 => generated 246 bytes in 12 msecs (HTTP/1.1 404) 6 headers in 231 bytes (1 switches on core 0)
2026-06-16 01:47:31.348 7 INFO placement.requestlog [req-597d8758-ea46-47cd-b336-33dab31268a9 req-653f06ff-2b58-46bd-ae04-d45a06547230 920aac0e47cd4145b405c16f9fd7a5f6 d369c8c7c1af4934bbe0d00622b5bf27 - - a33f361a3d174300b36eddef0483a1aa a33f361a3d174300b36eddef0483a1aa] 199.19.213.138 "GET /resource_providers/807a0143-d44e-4890-b006-1cd44ca68a4e/allocations" status: 200 len: 238 microversion: 1.0 [pid: 7|app: 0|req: 380/759] 199.19.213.138 () {32 vars in 856 bytes} [Tue Jun 16 01:47:31 2026] GET /resource_providers/807a0143-d44e-4890-b006-1cd44ca68a4e/allocations => generated 238 bytes in 29 msecs (HTTP/1.1 200) 6 headers in 224 bytes (1 switches on core 0)
2026-06-16 01:47:31.372 8 INFO placement.requestlog [req-597d8758-ea46-47cd-b336-33dab31268a9 req-026ef847-1ea8-4dda-8674-248973190d29 920aac0e47cd4145b405c16f9fd7a5f6 d369c8c7c1af4934bbe0d00622b5bf27 - - a33f361a3d174300b36eddef0483a1aa a33f361a3d174300b36eddef0483a1aa] 199.19.213.138 "GET /resource_providers/807a0143-d44e-4890-b006-1cd44ca68a4e/allocations" status: 200 len: 238 microversion: 1.0 [pid: 8|app: 0|req: 380/760] 199.19.213.138 () {32 vars in 856 bytes} [Tue Jun 16 01:47:31 2026] GET /resource_providers/807a0143-d44e-4890-b006-1cd44ca68a4e/allocations => generated 238 bytes in 15 msecs (HTTP/1.1 200) 6 headers in 224 bytes (1 switches on core 0)
2026-06-16 01:47:31.395 7 INFO placement.requestlog [req-597d8758-ea46-47cd-b336-33dab31268a9 req-b77c0550-cb8d-4cb4-9740-575bf16c32b4 920aac0e47cd4145b405c16f9fd7a5f6 d369c8c7c1af4934bbe0d00622b5bf27 - - a33f361a3d174300b36eddef0483a1aa a33f361a3d174300b36eddef0483a1aa] 199.19.213.138 "GET /allocations/64d4801c-5fb8-4159-a6f1-8708a854e466" status: 200 len: 257 microversion: 1.28 [pid: 7|app: 0|req: 381/761] 199.19.213.138 () {34 vars in 862 bytes} [Tue Jun 16 01:47:31 2026] GET /allocations/64d4801c-5fb8-4159-a6f1-8708a854e466 => generated 257 bytes in 18 msecs (HTTP/1.1 200) 8 headers in 296 bytes (1 switches on core 0)
2026-06-16 01:47:31.413 8 INFO placement.requestlog [req-597d8758-ea46-47cd-b336-33dab31268a9 req-4bf94d93-c53f-4a2a-a16f-bc0c7920f9ac 920aac0e47cd4145b405c16f9fd7a5f6 d369c8c7c1af4934bbe0d00622b5bf27 - - a33f361a3d174300b36eddef0483a1aa a33f361a3d174300b36eddef0483a1aa] 199.19.213.138 "GET /allocations/7594d97c-3aad-4c09-8fa5-1c482e36bef9" status: 200 len: 243 microversion: 1.28 [pid: 8|app: 0|req: 381/762] 199.19.213.138 () {34 vars in 862 bytes} [Tue Jun 16 01:47:31 2026] GET /allocations/7594d97c-3aad-4c09-8fa5-1c482e36bef9 => generated 243 bytes in 14 msecs (HTTP/1.1 200) 8 headers in 296 bytes (1 switches on core 0)
2026-06-16 01:47:32.458 7 INFO placement.requestlog [req-77c60922-5ffe-4b7f-954a-8f0e915ea69c req-c4bf3232-d6a2-456f-92da-234b2c1e193f 920aac0e47cd4145b405c16f9fd7a5f6 d369c8c7c1af4934bbe0d00622b5bf27 - - a33f361a3d174300b36eddef0483a1aa a33f361a3d174300b36eddef0483a1aa] 199.19.213.138 "GET /resource_providers/807a0143-d44e-4890-b006-1cd44ca68a4e/allocations" status: 200 len: 238 microversion: 1.0 [pid: 7|app: 0|req: 382/763] 199.19.213.138 () {32 vars in 856 bytes} [Tue Jun 16 01:47:32 2026] GET /resource_providers/807a0143-d44e-4890-b006-1cd44ca68a4e/allocations => generated 238 bytes in 17 msecs (HTTP/1.1 200) 6 headers in 224 bytes (1 switches on core 0)
2026-06-16 01:47:32.475 8 INFO placement.requestlog [req-77c60922-5ffe-4b7f-954a-8f0e915ea69c req-4d48b0b8-1a29-4729-885c-0d7426171b14 920aac0e47cd4145b405c16f9fd7a5f6 d369c8c7c1af4934bbe0d00622b5bf27 - - a33f361a3d174300b36eddef0483a1aa a33f361a3d174300b36eddef0483a1aa] 199.19.213.138 "GET /allocations/64d4801c-5fb8-4159-a6f1-8708a854e466" status: 200 len: 257 microversion: 1.28 [pid: 8|app: 0|req: 382/764] 199.19.213.138 () {34 vars in 862 bytes} [Tue Jun 16 01:47:32 2026] GET /allocations/64d4801c-5fb8-4159-a6f1-8708a854e466 => generated 257 bytes in 12 msecs (HTTP/1.1 200) 8 headers in 296 bytes (1 switches on core 0)
