2026-06-16 01:48:31.496 8 INFO neutron.services.segments.plugin [-] Segment 05ffdc2b-bae0-423e-94b5-dd9005f4794d resource provider aggregate not found [pid: 7|app: 0|req: 859/1869] 10.0.0.202 () {32 vars in 774 bytes} [Tue Jun 16 01:48:31 2026] GET /v2.0/security-groups?tenant_id=18a5fc0dcc0e4599bd3621c4535bfc0f&name=default => generated 2925 bytes in 148 msecs (HTTP/1.1 200) 4 headers in 158 bytes (1 switches on core 0)
2026-06-16 01:48:31.522 8 INFO neutron.services.segments.plugin [-] Segment 05ffdc2b-bae0-423e-94b5-dd9005f4794d resource provider not found; error: Placement Client Error (4xx): {"errors": [{"status": 404, "title": "Not Found", "detail": "The resource could not be found.\n\n No resource provider with uuid 05ffdc2b-bae0-423e-94b5-dd9005f4794d found for delete ", "request_id": "req-fdaad192-6c48-46f8-b0cb-2cd3983ee1c2"}]}
2026-06-16 01:48:31.522 8 INFO neutron.services.segments.plugin [-] Segment 05ffdc2b-bae0-423e-94b5-dd9005f4794d resource provider not found; error: Placement Client Error (4xx): {"errors": [{"status": 404, "title": "Not Found", "detail": "The resource could not be found.\n\n No resource provider with uuid 05ffdc2b-bae0-423e-94b5-dd9005f4794d found for delete ", "request_id": "req-32decf81-d92a-44dc-8a1c-710f4f283b69"}]} [pid: 8|app: 0|req: 1011/1870] 10.0.0.202 () {32 vars in 726 bytes} [Tue Jun 16 01:48:31 2026] DELETE /v2.0/networks/6c4c4c97-51b7-435f-8d87-deb0c15add94 => generated 0 bytes in 342 msecs (HTTP/1.1 204) 3 headers in 131 bytes (1 switches on core 0) [pid: 7|app: 0|req: 860/1871] 199.19.213.138 () {34 vars in 986 bytes} [Tue Jun 16 01:48:31 2026] GET /v2.0/networks?id=9d04752a-22d5-47c6-8835-da17d2bf1962 => generated 798 bytes in 41 msecs (HTTP/1.1 200) 4 headers in 157 bytes (1 switches on core 0)
2026-06-16 01:48:31.688 8 INFO neutron_taas.services.taas.taas_plugin [None req-cf359349-fc40-4f30-95a4-1420ad93b078 da68f85516a14f75a05ed141f01f15aa dd54c800f7d9491e93313473cc837a5d - - default default] TaaS: Handle Delete Port: 487109f0-b119-4c4c-9d34-f5f0ea90ae90
2026-06-16 01:48:31.691 8 INFO neutron_taas.services.taas.tap_mirror_plugin [None req-cf359349-fc40-4f30-95a4-1420ad93b078 da68f85516a14f75a05ed141f01f15aa dd54c800f7d9491e93313473cc837a5d - - default default] Tap Mirror: Handle Delete Port: 487109f0-b119-4c4c-9d34-f5f0ea90ae90 [pid: 8|app: 0|req: 1012/1872] 10.0.0.202 () {32 vars in 720 bytes} [Tue Jun 16 01:48:31 2026] DELETE /v2.0/ports/487109f0-b119-4c4c-9d34-f5f0ea90ae90 => generated 0 bytes in 274 msecs (HTTP/1.1 204) 3 headers in 131 bytes (1 switches on core 0) [pid: 7|app: 0|req: 861/1873] 10.0.0.202 () {32 vars in 740 bytes} [Tue Jun 16 01:48:31 2026] DELETE /v2.0/security-groups/986e473e-e155-41e5-bf3c-89441c3c7c2f => generated 0 bytes in 251 msecs (HTTP/1.1 204) 2 headers in 112 bytes (1 switches on core 0) [pid: 7|app: 0|req: 862/1874] 199.19.213.138 () {34 vars in 1058 bytes} [Tue Jun 16 01:48:31 2026] GET /v2.0/floatingips?fixed_ip_address=10.100.0.8&port_id=c540973e-7638-4b52-8241-e667ff2cbadd => generated 860 bytes in 34 msecs (HTTP/1.1 200) 4 headers in 157 bytes (1 switches on core 0)
2026-06-16 01:48:31.898 8 INFO neutron.db.segments_db [None req-32b5a6ca-8145-40a0-a3b8-cc94fb83a618 4c03e2902141402192d8f7feeb9a0ad2 4a6848987a244c88aae84cb8f9db0560 - - default default] Added segment fe154438-4d33-4816-ba0f-95d16b2539ed of type geneve for network 10bd6eee-9e42-4cd5-85e5-f18fcd714dc1
2026-06-16 01:48:31.969 7 INFO neutron_taas.services.taas.taas_plugin [None req-14d75d02-7bea-41e5-8b95-29c0d436ff79 da68f85516a14f75a05ed141f01f15aa dd54c800f7d9491e93313473cc837a5d - - default default] TaaS: Handle Delete Port: 72d80ab3-71af-46e8-b5de-16d9ecdf7de4
2026-06-16 01:48:31.972 7 INFO neutron_taas.services.taas.tap_mirror_plugin [None req-14d75d02-7bea-41e5-8b95-29c0d436ff79 da68f85516a14f75a05ed141f01f15aa dd54c800f7d9491e93313473cc837a5d - - default default] Tap Mirror: Handle Delete Port: 72d80ab3-71af-46e8-b5de-16d9ecdf7de4
2026-06-16 01:48:32.004 8 INFO neutron.db.ovn_revision_numbers_db [None req-32b5a6ca-8145-40a0-a3b8-cc94fb83a618 4c03e2902141402192d8f7feeb9a0ad2 4a6848987a244c88aae84cb8f9db0560 - - default default] Successfully bumped revision number for resource 10bd6eee-9e42-4cd5-85e5-f18fcd714dc1 (type: networks) to 1 [pid: 7|app: 0|req: 863/1875] 10.0.0.202 () {32 vars in 720 bytes} [Tue Jun 16 01:48:31 2026] DELETE /v2.0/ports/72d80ab3-71af-46e8-b5de-16d9ecdf7de4 => generated 0 bytes in 241 msecs (HTTP/1.1 204) 3 headers in 131 bytes (1 switches on core 0) [pid: 7|app: 0|req: 864/1876] 199.19.213.138 () {34 vars in 984 bytes} [Tue Jun 16 01:48:32 2026] GET /v2.0/subnets?id=3ee2bd9d-6921-4ef6-b0bc-493d0d682856 => generated 677 bytes in 22 msecs (HTTP/1.1 200) 4 headers in 157 bytes (1 switches on core 0)
2026-06-16 01:48:32.172 8 WARNING neutron.scheduler.dhcp_agent_scheduler [None req-32b5a6ca-8145-40a0-a3b8-cc94fb83a618 4c03e2902141402192d8f7feeb9a0ad2 4a6848987a244c88aae84cb8f9db0560 - - default default] No more DHCP agents
2026-06-16 01:48:32.174 8 WARNING neutron.api.rpc.agentnotifiers.dhcp_rpc_agent_api [None req-32b5a6ca-8145-40a0-a3b8-cc94fb83a618 4c03e2902141402192d8f7feeb9a0ad2 4a6848987a244c88aae84cb8f9db0560 - - default default] Unable to schedule network 10bd6eee-9e42-4cd5-85e5-f18fcd714dc1: no agents available; will retry on subsequent port and subnet creation events.
2026-06-16 01:48:32.239 7 INFO neutron_taas.services.taas.taas_plugin [None req-c6782943-b02a-405d-ae30-fb3a37c5ce88 da68f85516a14f75a05ed141f01f15aa dd54c800f7d9491e93313473cc837a5d - - default default] TaaS: Handle Delete Port: 326949a0-8fe0-45af-8bfe-05926f84d29a
2026-06-16 01:48:32.242 7 INFO neutron_taas.services.taas.tap_mirror_plugin [None req-c6782943-b02a-405d-ae30-fb3a37c5ce88 da68f85516a14f75a05ed141f01f15aa dd54c800f7d9491e93313473cc837a5d - - default default] Tap Mirror: Handle Delete Port: 326949a0-8fe0-45af-8bfe-05926f84d29a
2026-06-16 01:48:32.258 8 INFO neutron.db.ovn_revision_numbers_db [None req-32b5a6ca-8145-40a0-a3b8-cc94fb83a618 4c03e2902141402192d8f7feeb9a0ad2 4a6848987a244c88aae84cb8f9db0560 - - default default] Successfully bumped revision number for resource efdf581e-7fb6-488d-9467-f4cac977c0bd (type: ports) to 1 [pid: 8|app: 0|req: 1013/1877] 10.0.0.202 () {34 vars in 670 bytes} [Tue Jun 16 01:48:31 2026] POST /v2.0/networks => generated 667 bytes in 471 msecs (HTTP/1.1 201) 4 headers in 162 bytes (1 switches on core 0) [pid: 8|app: 0|req: 1014/1878] 199.19.213.138 () {34 vars in 1052 bytes} [Tue Jun 16 01:48:32 2026] GET /v2.0/ports?network_id=9d04752a-22d5-47c6-8835-da17d2bf1962&device_owner=network%3Adhcp => generated 12 bytes in 16 msecs (HTTP/1.1 200) 4 headers in 156 bytes (1 switches on core 0) [pid: 7|app: 0|req: 865/1879] 10.0.0.202 () {32 vars in 720 bytes} [Tue Jun 16 01:48:32 2026] DELETE /v2.0/ports/326949a0-8fe0-45af-8bfe-05926f84d29a => generated 0 bytes in 266 msecs (HTTP/1.1 204) 3 headers in 131 bytes (1 switches on core 0) [pid: 7|app: 0|req: 866/1880] 199.19.213.138 () {34 vars in 1012 bytes} [Tue Jun 16 01:48:32 2026] GET /v2.0/networks/9d04752a-22d5-47c6-8835-da17d2bf1962?fields=segments => generated 14 bytes in 38 msecs (HTTP/1.1 200) 4 headers in 156 bytes (1 switches on core 0)
2026-06-16 01:48:32.514 8 WARNING neutron.scheduler.dhcp_agent_scheduler [None req-58f58072-1adf-4889-b26a-d258419cc2b1 4c03e2902141402192d8f7feeb9a0ad2 4a6848987a244c88aae84cb8f9db0560 - - default default] No more DHCP agents
2026-06-16 01:48:32.516 8 WARNING neutron.api.rpc.agentnotifiers.dhcp_rpc_agent_api [None req-58f58072-1adf-4889-b26a-d258419cc2b1 4c03e2902141402192d8f7feeb9a0ad2 4a6848987a244c88aae84cb8f9db0560 - - default default] Unable to schedule network 10bd6eee-9e42-4cd5-85e5-f18fcd714dc1: no agents available; will retry on subsequent port and subnet creation events.
2026-06-16 01:48:32.549 7 INFO neutron_taas.services.taas.taas_plugin [None req-1ec3ad12-c210-4985-bfd2-fcaa6ff52131 da68f85516a14f75a05ed141f01f15aa dd54c800f7d9491e93313473cc837a5d - - default default] TaaS: Handle Delete Port: 01b98390-9897-43c5-b798-843942718328
2026-06-16 01:48:32.553 7 INFO neutron_taas.services.taas.tap_mirror_plugin [None req-1ec3ad12-c210-4985-bfd2-fcaa6ff52131 da68f85516a14f75a05ed141f01f15aa dd54c800f7d9491e93313473cc837a5d - - default default] Tap Mirror: Handle Delete Port: 01b98390-9897-43c5-b798-843942718328 [pid: 7|app: 0|req: 867/1881] 10.0.0.202 () {32 vars in 720 bytes} [Tue Jun 16 01:48:32 2026] DELETE /v2.0/ports/01b98390-9897-43c5-b798-843942718328 => generated 0 bytes in 253 msecs (HTTP/1.1 204) 3 headers in 131 bytes (1 switches on core 0) [pid: 7|app: 0|req: 868/1882] 199.19.213.138 () {34 vars in 1112 bytes} [Tue Jun 16 01:48:32 2026] GET /v2.0/networks/9d04752a-22d5-47c6-8835-da17d2bf1962?fields=provider%3Aphysical_network&fields=provider%3Anetwork_type => generated 79 bytes in 58 msecs (HTTP/1.1 200) 4 headers in 156 bytes (1 switches on core 0)
2026-06-16 01:48:32.862 7 INFO neutron_taas.services.taas.taas_plugin [None req-ce932489-c2d9-46dd-9a34-7aecc8a3fa21 da68f85516a14f75a05ed141f01f15aa dd54c800f7d9491e93313473cc837a5d - - default default] TaaS: Handle Delete Port: 8969f66f-8bad-41fd-b151-164e12898e3b
2026-06-16 01:48:32.866 7 INFO neutron_taas.services.taas.tap_mirror_plugin [None req-ce932489-c2d9-46dd-9a34-7aecc8a3fa21 da68f85516a14f75a05ed141f01f15aa dd54c800f7d9491e93313473cc837a5d - - default default] Tap Mirror: Handle Delete Port: 8969f66f-8bad-41fd-b151-164e12898e3b [pid: 7|app: 0|req: 871/1885] 10.0.0.202 () {32 vars in 720 bytes} [Tue Jun 16 01:48:32 2026] DELETE /v2.0/ports/8969f66f-8bad-41fd-b151-164e12898e3b => generated 0 bytes in 246 msecs (HTTP/1.1 204) 3 headers in 131 bytes (1 switches on core 0)
2026-06-16 01:48:32.978 8 INFO neutron.db.ovn_revision_numbers_db [None req-5b4ea7b1-1c54-4331-9750-df40aef937fe - - - - - -] Successfully bumped revision number for resource efdf581e-7fb6-488d-9467-f4cac977c0bd (type: ports) to 2
2026-06-16 01:48:33.008 8 INFO neutron.db.ovn_revision_numbers_db [None req-5b4ea7b1-1c54-4331-9750-df40aef937fe - - - - - -] Successfully bumped revision number for resource 9c693d9b-e637-4fcb-8381-531b66d3aa55 (type: subnets) to 0 [pid: 8|app: 0|req: 1015/1886] 10.0.0.202 () {34 vars in 669 bytes} [Tue Jun 16 01:48:32 2026] POST /v2.0/subnets => generated 626 bytes in 733 msecs (HTTP/1.1 201) 4 headers in 162 bytes (1 switches on core 0)
2026-06-16 01:48:33.095 7 INFO neutron_taas.services.taas.taas_plugin [None req-9ceda8ef-ec54-401d-aa28-b562b80591d1 da68f85516a14f75a05ed141f01f15aa dd54c800f7d9491e93313473cc837a5d - - default default] TaaS: Handle Delete Port: c08b52c0-b33f-465a-b27a-d139f58abfbb
2026-06-16 01:48:33.098 7 INFO neutron_taas.services.taas.tap_mirror_plugin [None req-9ceda8ef-ec54-401d-aa28-b562b80591d1 da68f85516a14f75a05ed141f01f15aa dd54c800f7d9491e93313473cc837a5d - - default default] Tap Mirror: Handle Delete Port: c08b52c0-b33f-465a-b27a-d139f58abfbb
2026-06-16 01:48:33.143 8 INFO neutron.db.ovn_revision_numbers_db [None req-88f743da-fc1e-4bbd-8e0e-77f0b2f2c9a5 4c03e2902141402192d8f7feeb9a0ad2 4a6848987a244c88aae84cb8f9db0560 - - default default] Successfully bumped revision number for resource 09a73f44-d80d-4b87-8192-6aca572ef0f6 (type: routers) to 1
2026-06-16 01:48:33.163 8 WARNING neutron.plugins.ml2.drivers.ovn.mech_driver.ovsdb.ovn_client [None req-26b41493-13ca-45f4-82c6-9eead0da0af7 - - - - - -] No port found with ID 07044950-0e68-4f3b-b2c2-14e287407c49: RuntimeError: No port found with ID 07044950-0e68-4f3b-b2c2-14e287407c49 [pid: 8|app: 0|req: 1016/1887] 10.0.0.202 () {34 vars in 669 bytes} [Tue Jun 16 01:48:33 2026] POST /v2.0/routers => generated 602 bytes in 173 msecs (HTTP/1.1 201) 4 headers in 162 bytes (1 switches on core 0) /var/lib/openstack/lib/python3.12/site-packages/pycadf/identifier.py:70: UserWarning: Invalid uuid: neutron. To ensure interoperability, identifiers should be a valid uuid. warnings.warn(('Invalid uuid: %s. To ensure interoperability, '
2026-06-16 01:48:33.226 8 INFO neutron.plugins.ml2.drivers.ovn.mech_driver.mech_driver [None req-26b41493-13ca-45f4-82c6-9eead0da0af7 - - - - - -] OVN reports status down for port: efdf581e-7fb6-488d-9467-f4cac977c0bd
2026-06-16 01:48:33.286 7 INFO neutron.services.segments.plugin [-] Segment 0d857668-f39f-435a-82d3-36cf1e323d40 resource provider aggregate not found
2026-06-16 01:48:33.297 7 INFO neutron.services.segments.plugin [-] Segment 0d857668-f39f-435a-82d3-36cf1e323d40 resource provider aggregate not found
2026-06-16 01:48:33.303 7 INFO neutron.services.segments.plugin [-] Segment 0d857668-f39f-435a-82d3-36cf1e323d40 resource provider not found; error: Placement Client Error (4xx): {"errors": [{"status": 404, "title": "Not Found", "detail": "The resource could not be found.\n\n No resource provider with uuid 0d857668-f39f-435a-82d3-36cf1e323d40 found for delete ", "request_id": "req-c7ade76f-5439-4708-807d-a3b78418e1ea"}]}
2026-06-16 01:48:33.321 7 INFO neutron.services.segments.plugin [-] Segment 0d857668-f39f-435a-82d3-36cf1e323d40 resource provider not found; error: Placement Client Error (4xx): {"errors": [{"status": 404, "title": "Not Found", "detail": "The resource could not be found.\n\n No resource provider with uuid 0d857668-f39f-435a-82d3-36cf1e323d40 found for delete ", "request_id": "req-ac202d5f-ebf5-4af2-93c2-7fba886f00fb"}]} [pid: 7|app: 0|req: 872/1888] 10.0.0.202 () {32 vars in 726 bytes} [Tue Jun 16 01:48:32 2026] DELETE /v2.0/networks/646a8cc9-b839-4d2c-b1b9-41a2f4bb26b3 => generated 0 bytes in 354 msecs (HTTP/1.1 204) 3 headers in 131 bytes (1 switches on core 0)
2026-06-16 01:48:33.461 7 INFO neutron_taas.services.taas.taas_plugin [None req-ff76ba33-dec3-470d-85af-998e540066a7 da68f85516a14f75a05ed141f01f15aa dd54c800f7d9491e93313473cc837a5d - - default default] TaaS: Handle Delete Port: efa449ee-b4e8-4de3-bb3e-4593cf9eb9eb
2026-06-16 01:48:33.464 7 INFO neutron_taas.services.taas.tap_mirror_plugin [None req-ff76ba33-dec3-470d-85af-998e540066a7 da68f85516a14f75a05ed141f01f15aa dd54c800f7d9491e93313473cc837a5d - - default default] Tap Mirror: Handle Delete Port: efa449ee-b4e8-4de3-bb3e-4593cf9eb9eb [pid: 7|app: 0|req: 873/1889] 10.0.0.202 () {32 vars in 726 bytes} [Tue Jun 16 01:48:33 2026] DELETE /v2.0/networks/9bcf1bbd-ab5e-4b44-81a9-7049a09267f2 => generated 0 bytes in 311 msecs (HTTP/1.1 204) 3 headers in 131 bytes (1 switches on core 0)
2026-06-16 01:48:33.951 7 INFO neutron.db.ovn_revision_numbers_db [None req-b8dc4c8f-35b8-42a4-9bef-5d36fd371622 7b205d66f376468aa4c4f55f4df6d0bb 8a7a2bdcd4f9422b8ee4b1001a5ba5ba - - default default] Successfully bumped revision number for resource 72d9ed74-9d1f-4060-a5de-8a00fbe6dc22 (type: security_groups) to 1
2026-06-16 01:48:33.970 7 INFO neutron.db.ovn_revision_numbers_db [None req-b8dc4c8f-35b8-42a4-9bef-5d36fd371622 7b205d66f376468aa4c4f55f4df6d0bb 8a7a2bdcd4f9422b8ee4b1001a5ba5ba - - default default] Successfully bumped revision number for resource 0156ac38-10a1-4d82-8ce6-fc02047dd8b1 (type: security_group_rules) to 0
2026-06-16 01:48:33.987 7 INFO neutron.db.ovn_revision_numbers_db [None req-b8dc4c8f-35b8-42a4-9bef-5d36fd371622 7b205d66f376468aa4c4f55f4df6d0bb 8a7a2bdcd4f9422b8ee4b1001a5ba5ba - - default default] Successfully bumped revision number for resource 27905257-fd45-40f5-8d06-f60ba506cf70 (type: security_group_rules) to 0
2026-06-16 01:48:34.009 7 INFO neutron.db.ovn_revision_numbers_db [None req-b8dc4c8f-35b8-42a4-9bef-5d36fd371622 7b205d66f376468aa4c4f55f4df6d0bb 8a7a2bdcd4f9422b8ee4b1001a5ba5ba - - default default] Successfully bumped revision number for resource 56a47fd6-1eb3-4c28-8418-188c6ffe1c0d (type: security_group_rules) to 0
2026-06-16 01:48:34.024 7 INFO neutron.db.ovn_revision_numbers_db [None req-b8dc4c8f-35b8-42a4-9bef-5d36fd371622 7b205d66f376468aa4c4f55f4df6d0bb 8a7a2bdcd4f9422b8ee4b1001a5ba5ba - - default default] Successfully bumped revision number for resource f46c306a-8f19-4531-8255-9124b1d62925 (type: security_group_rules) to 0
2026-06-16 01:48:34.107 7 INFO neutron.db.segments_db [None req-b8dc4c8f-35b8-42a4-9bef-5d36fd371622 7b205d66f376468aa4c4f55f4df6d0bb 8a7a2bdcd4f9422b8ee4b1001a5ba5ba - - default default] Added segment ad69b6db-ad3f-4eb2-91a7-91ead5b52dfb of type geneve for network 6061175a-1553-481d-bf40-01bb19c57975
2026-06-16 01:48:34.166 8 WARNING neutron.scheduler.dhcp_agent_scheduler [None req-e382b30d-3d29-4264-97da-435d88e85792 4c03e2902141402192d8f7feeb9a0ad2 4a6848987a244c88aae84cb8f9db0560 - - default default] No more DHCP agents
2026-06-16 01:48:34.167 8 WARNING neutron.api.rpc.agentnotifiers.dhcp_rpc_agent_api [None req-e382b30d-3d29-4264-97da-435d88e85792 4c03e2902141402192d8f7feeb9a0ad2 4a6848987a244c88aae84cb8f9db0560 - - default default] Unable to schedule network 10bd6eee-9e42-4cd5-85e5-f18fcd714dc1: no agents available; will retry on subsequent port and subnet creation events.
2026-06-16 01:48:34.231 7 INFO neutron.db.ovn_revision_numbers_db [None req-b8dc4c8f-35b8-42a4-9bef-5d36fd371622 7b205d66f376468aa4c4f55f4df6d0bb 8a7a2bdcd4f9422b8ee4b1001a5ba5ba - - default default] Successfully bumped revision number for resource 6061175a-1553-481d-bf40-01bb19c57975 (type: networks) to 1
2026-06-16 01:48:34.291 7 INFO neutron.plugins.ml2.drivers.ovn.mech_driver.mech_driver [None req-7570ae4f-eda7-44e0-aff0-187fb601058b - - - - - -] OVN reports status down for port: c0ee471f-90b6-41f5-bee8-cbe889d98698
2026-06-16 01:48:34.328 8 INFO neutron.db.ovn_revision_numbers_db [None req-e382b30d-3d29-4264-97da-435d88e85792 4c03e2902141402192d8f7feeb9a0ad2 4a6848987a244c88aae84cb8f9db0560 - - default default] Successfully bumped revision number for resource c0ee471f-90b6-41f5-bee8-cbe889d98698 (type: ports) to 1
2026-06-16 01:48:34.460 7 WARNING neutron.scheduler.dhcp_agent_scheduler [None req-b8dc4c8f-35b8-42a4-9bef-5d36fd371622 7b205d66f376468aa4c4f55f4df6d0bb 8a7a2bdcd4f9422b8ee4b1001a5ba5ba - - default default] No more DHCP agents
2026-06-16 01:48:34.462 7 WARNING neutron.api.rpc.agentnotifiers.dhcp_rpc_agent_api [None req-b8dc4c8f-35b8-42a4-9bef-5d36fd371622 7b205d66f376468aa4c4f55f4df6d0bb 8a7a2bdcd4f9422b8ee4b1001a5ba5ba - - default default] Unable to schedule network 6061175a-1553-481d-bf40-01bb19c57975: no agents available; will retry on subsequent port and subnet creation events.
2026-06-16 01:48:34.510 8 INFO neutron.plugins.ml2.drivers.ovn.mech_driver.mech_driver [None req-26b41493-13ca-45f4-82c6-9eead0da0af7 - - - - - -] OVN reports status down for port: 3ec06e21-0e39-4967-a392-23c4b829e27a
2026-06-16 01:48:34.533 7 INFO neutron.db.ovn_revision_numbers_db [None req-b8dc4c8f-35b8-42a4-9bef-5d36fd371622 7b205d66f376468aa4c4f55f4df6d0bb 8a7a2bdcd4f9422b8ee4b1001a5ba5ba - - default default] Successfully bumped revision number for resource 3ec06e21-0e39-4967-a392-23c4b829e27a (type: ports) to 1 [pid: 7|app: 0|req: 874/1890] 10.0.0.202 () {34 vars in 670 bytes} [Tue Jun 16 01:48:33 2026] POST /v2.0/networks => generated 685 bytes in 899 msecs (HTTP/1.1 201) 4 headers in 162 bytes (1 switches on core 0)
2026-06-16 01:48:34.663 7 INFO neutron_taas.services.taas.taas_plugin [None req-097282c2-8942-45bc-9470-92629d52dc12 da68f85516a14f75a05ed141f01f15aa dd54c800f7d9491e93313473cc837a5d - - default default] TaaS: Handle Delete Port: aefd7d5d-4708-4442-9b79-db26f1929d8f
2026-06-16 01:48:34.665 7 INFO neutron_taas.services.taas.tap_mirror_plugin [None req-097282c2-8942-45bc-9470-92629d52dc12 da68f85516a14f75a05ed141f01f15aa dd54c800f7d9491e93313473cc837a5d - - default default] Tap Mirror: Handle Delete Port: aefd7d5d-4708-4442-9b79-db26f1929d8f [pid: 7|app: 0|req: 875/1891] 10.0.0.202 () {32 vars in 726 bytes} [Tue Jun 16 01:48:34 2026] DELETE /v2.0/networks/bf5323c3-d11d-4a4b-a48e-cb03c68b1e7f => generated 0 bytes in 316 msecs (HTTP/1.1 204) 3 headers in 131 bytes (1 switches on core 0)
2026-06-16 01:48:34.897 7 INFO neutron.plugins.ml2.drivers.ovn.mech_driver.mech_driver [None req-7570ae4f-eda7-44e0-aff0-187fb601058b - - - - - -] OVN reports status up for port: c0ee471f-90b6-41f5-bee8-cbe889d98698
2026-06-16 01:48:34.926 7 INFO neutron.plugins.ml2.plugin [None req-7570ae4f-eda7-44e0-aff0-187fb601058b - - - - - -] Attempt 1 to provision port c0ee471f-90b6-41f5-bee8-cbe889d98698
2026-06-16 01:48:34.982 8 WARNING neutron.scheduler.dhcp_agent_scheduler [None req-e382b30d-3d29-4264-97da-435d88e85792 4c03e2902141402192d8f7feeb9a0ad2 4a6848987a244c88aae84cb8f9db0560 - - default default] No more DHCP agents
2026-06-16 01:48:34.985 8 WARNING neutron.api.rpc.agentnotifiers.dhcp_rpc_agent_api [None req-e382b30d-3d29-4264-97da-435d88e85792 4c03e2902141402192d8f7feeb9a0ad2 4a6848987a244c88aae84cb8f9db0560 - - default default] Unable to schedule network 10bd6eee-9e42-4cd5-85e5-f18fcd714dc1: no agents available; will retry on subsequent port and subnet creation events.
2026-06-16 01:48:35.106 7 INFO neutron_taas.services.taas.taas_plugin [None req-268899d4-c7d9-41f6-9a2f-c9840752b71e da68f85516a14f75a05ed141f01f15aa dd54c800f7d9491e93313473cc837a5d - - default default] TaaS: Handle Delete Port: 812939c4-ea63-4991-8461-3d5bf1bed92b
2026-06-16 01:48:35.111 7 INFO neutron_taas.services.taas.tap_mirror_plugin [None req-268899d4-c7d9-41f6-9a2f-c9840752b71e da68f85516a14f75a05ed141f01f15aa dd54c800f7d9491e93313473cc837a5d - - default default] Tap Mirror: Handle Delete Port: 812939c4-ea63-4991-8461-3d5bf1bed92b
2026-06-16 01:48:35.149 8 INFO neutron.db.ovn_revision_numbers_db [None req-e382b30d-3d29-4264-97da-435d88e85792 4c03e2902141402192d8f7feeb9a0ad2 4a6848987a244c88aae84cb8f9db0560 - - default default] Successfully bumped revision number for resource c0ee471f-90b6-41f5-bee8-cbe889d98698 (type: router_ports) to 1 [pid: 8|app: 0|req: 1017/1892] 10.0.0.202 () {34 vars in 783 bytes} [Tue Jun 16 01:48:33 2026] PUT /v2.0/routers/09a73f44-d80d-4b87-8192-6aca572ef0f6/add_router_interface => generated 309 bytes in 1947 msecs (HTTP/1.1 200) 4 headers in 157 bytes (1 switches on core 0)
2026-06-16 01:48:35.327 8 WARNING neutron.scheduler.dhcp_agent_scheduler [None req-d031eaf6-a289-4dbc-b40f-3e398d43e067 7b205d66f376468aa4c4f55f4df6d0bb 8a7a2bdcd4f9422b8ee4b1001a5ba5ba - - default default] No more DHCP agents
2026-06-16 01:48:35.328 7 INFO neutron.services.segments.plugin [-] Segment de355db7-f7c6-4255-954d-457d2530535c resource provider aggregate not found
2026-06-16 01:48:35.328 8 WARNING neutron.api.rpc.agentnotifiers.dhcp_rpc_agent_api [None req-d031eaf6-a289-4dbc-b40f-3e398d43e067 7b205d66f376468aa4c4f55f4df6d0bb 8a7a2bdcd4f9422b8ee4b1001a5ba5ba - - default default] Unable to schedule network 6061175a-1553-481d-bf40-01bb19c57975: no agents available; will retry on subsequent port and subnet creation events.
2026-06-16 01:48:35.349 7 INFO neutron.services.segments.plugin [-] Segment de355db7-f7c6-4255-954d-457d2530535c resource provider aggregate not found
2026-06-16 01:48:35.349 7 INFO neutron.services.segments.plugin [-] Segment de355db7-f7c6-4255-954d-457d2530535c resource provider not found; error: Placement Client Error (4xx): {"errors": [{"status": 404, "title": "Not Found", "detail": "The resource could not be found.\n\n No resource provider with uuid de355db7-f7c6-4255-954d-457d2530535c found for delete ", "request_id": "req-ba1c90ba-0f5b-453d-a45b-49756ef03ce4"}]}
2026-06-16 01:48:35.355 8 INFO neutron.db.ovn_revision_numbers_db [None req-d031eaf6-a289-4dbc-b40f-3e398d43e067 7b205d66f376468aa4c4f55f4df6d0bb 8a7a2bdcd4f9422b8ee4b1001a5ba5ba - - default default] Successfully bumped revision number for resource 8b27e44f-7226-4740-b744-b6beb388fd42 (type: subnets) to 0
2026-06-16 01:48:35.364 7 INFO neutron.services.segments.plugin [-] Segment 72a97dd8-6d10-47f0-b848-4048559de747 resource provider aggregate not found
2026-06-16 01:48:35.373 7 INFO neutron.services.segments.plugin [-] Segment de355db7-f7c6-4255-954d-457d2530535c resource provider not found; error: Placement Client Error (4xx): {"errors": [{"status": 404, "title": "Not Found", "detail": "The resource could not be found.\n\n No resource provider with uuid de355db7-f7c6-4255-954d-457d2530535c found for delete ", "request_id": "req-fc5e89e7-c380-42e0-9f08-156c31cad83f"}]} [pid: 8|app: 0|req: 1018/1893] 10.0.0.202 () {34 vars in 669 bytes} [Tue Jun 16 01:48:35 2026] POST /v2.0/subnets => generated 673 bytes in 219 msecs (HTTP/1.1 201) 4 headers in 162 bytes (1 switches on core 0)
2026-06-16 01:48:35.389 7 INFO neutron.services.segments.plugin [-] Segment 72a97dd8-6d10-47f0-b848-4048559de747 resource provider not found; error: Placement Client Error (4xx): {"errors": [{"status": 404, "title": "Not Found", "detail": "The resource could not be found.\n\n No resource provider with uuid 72a97dd8-6d10-47f0-b848-4048559de747 found for delete ", "request_id": "req-3b983d07-20fe-4e6f-a6a9-e67379910477"}]}
2026-06-16 01:48:35.392 7 INFO neutron.services.segments.plugin [-] Segment 72a97dd8-6d10-47f0-b848-4048559de747 resource provider aggregate not found [pid: 8|app: 0|req: 1019/1894] 10.0.0.202 () {32 vars in 717 bytes} [Tue Jun 16 01:48:35 2026] GET /v2.0/ports/c0ee471f-90b6-41f5-bee8-cbe889d98698 => generated 943 bytes in 36 msecs (HTTP/1.1 200) 4 headers in 157 bytes (1 switches on core 0)
2026-06-16 01:48:35.419 7 INFO neutron.services.segments.plugin [-] Segment 72a97dd8-6d10-47f0-b848-4048559de747 resource provider not found; error: Placement Client Error (4xx): {"errors": [{"status": 404, "title": "Not Found", "detail": "The resource could not be found.\n\n No resource provider with uuid 72a97dd8-6d10-47f0-b848-4048559de747 found for delete ", "request_id": "req-ecb6ccf0-77d6-4fda-8168-0ffce514622f"}]}
2026-06-16 01:48:35.487 8 INFO neutron.db.segments_db [None req-7e6fe941-ebcc-4531-bf84-f3a8e4496555 7b205d66f376468aa4c4f55f4df6d0bb 8a7a2bdcd4f9422b8ee4b1001a5ba5ba - - default default] Added segment 0cef54bc-374f-4b99-ab29-4fe244f3b175 of type geneve for network b045c5c8-e662-48ee-8300-6240a34b0b0d
2026-06-16 01:48:35.598 7 INFO neutron.db.ovn_revision_numbers_db [None req-7570ae4f-eda7-44e0-aff0-187fb601058b - - - - - -] Successfully bumped revision number for resource c0ee471f-90b6-41f5-bee8-cbe889d98698 (type: ports) to 2 [pid: 7|app: 0|req: 876/1895] 10.0.0.202 () {32 vars in 726 bytes} [Tue Jun 16 01:48:34 2026] DELETE /v2.0/networks/08a2c9cc-a975-499b-91fc-7c11381fd269 => generated 0 bytes in 731 msecs (HTTP/1.1 204) 3 headers in 131 bytes (1 switches on core 0)
2026-06-16 01:48:35.610 8 INFO neutron.db.ovn_revision_numbers_db [None req-7e6fe941-ebcc-4531-bf84-f3a8e4496555 7b205d66f376468aa4c4f55f4df6d0bb 8a7a2bdcd4f9422b8ee4b1001a5ba5ba - - default default] Successfully bumped revision number for resource b045c5c8-e662-48ee-8300-6240a34b0b0d (type: networks) to 1 [pid: 7|app: 0|req: 877/1896] 10.0.0.202 () {32 vars in 717 bytes} [Tue Jun 16 01:48:35 2026] GET /v2.0/ports/c0ee471f-90b6-41f5-bee8-cbe889d98698 => generated 943 bytes in 112 msecs (HTTP/1.1 200) 4 headers in 157 bytes (1 switches on core 0)
2026-06-16 01:48:35.773 8 WARNING neutron.scheduler.dhcp_agent_scheduler [None req-7e6fe941-ebcc-4531-bf84-f3a8e4496555 7b205d66f376468aa4c4f55f4df6d0bb 8a7a2bdcd4f9422b8ee4b1001a5ba5ba - - default default] No more DHCP agents
2026-06-16 01:48:35.775 8 WARNING neutron.api.rpc.agentnotifiers.dhcp_rpc_agent_api [None req-7e6fe941-ebcc-4531-bf84-f3a8e4496555 7b205d66f376468aa4c4f55f4df6d0bb 8a7a2bdcd4f9422b8ee4b1001a5ba5ba - - default default] Unable to schedule network b045c5c8-e662-48ee-8300-6240a34b0b0d: no agents available; will retry on subsequent port and subnet creation events.
2026-06-16 01:48:35.811 8 INFO neutron.plugins.ml2.drivers.ovn.mech_driver.mech_driver [None req-26b41493-13ca-45f4-82c6-9eead0da0af7 - - - - - -] OVN reports status down for port: 55a675d4-2344-472b-aef9-d22b7e24d679
2026-06-16 01:48:35.880 8 INFO neutron.db.ovn_revision_numbers_db [None req-7e6fe941-ebcc-4531-bf84-f3a8e4496555 7b205d66f376468aa4c4f55f4df6d0bb 8a7a2bdcd4f9422b8ee4b1001a5ba5ba - - default default] Successfully bumped revision number for resource 55a675d4-2344-472b-aef9-d22b7e24d679 (type: ports) to 1
2026-06-16 01:48:35.898 7 INFO neutron_taas.services.taas.taas_plugin [None req-6cfa8bae-df18-4215-832c-596a0d5a4411 da68f85516a14f75a05ed141f01f15aa dd54c800f7d9491e93313473cc837a5d - - default default] TaaS: Handle Delete Port: 0592bb73-f7e8-49d0-b280-d072e7243c30
2026-06-16 01:48:35.901 7 INFO neutron_taas.services.taas.tap_mirror_plugin [None req-6cfa8bae-df18-4215-832c-596a0d5a4411 da68f85516a14f75a05ed141f01f15aa dd54c800f7d9491e93313473cc837a5d - - default default] Tap Mirror: Handle Delete Port: 0592bb73-f7e8-49d0-b280-d072e7243c30 [pid: 8|app: 0|req: 1020/1897] 10.0.0.202 () {34 vars in 670 bytes} [Tue Jun 16 01:48:35 2026] POST /v2.0/networks => generated 686 bytes in 511 msecs (HTTP/1.1 201) 4 headers in 162 bytes (1 switches on core 0) [pid: 7|app: 0|req: 878/1898] 10.0.0.202 () {32 vars in 726 bytes} [Tue Jun 16 01:48:35 2026] DELETE /v2.0/networks/8af9a982-8e50-4633-82bc-d6c3e86b5cc9 => generated 0 bytes in 388 msecs (HTTP/1.1 204) 3 headers in 131 bytes (1 switches on core 0)
2026-06-16 01:48:36.206 8 INFO neutron_taas.services.taas.taas_plugin [None req-407373bf-9983-4aca-9ac4-508d24858808 4c03e2902141402192d8f7feeb9a0ad2 4a6848987a244c88aae84cb8f9db0560 - - default default] TaaS: Handle Delete Port: c0ee471f-90b6-41f5-bee8-cbe889d98698
2026-06-16 01:48:36.209 8 INFO neutron_taas.services.taas.tap_mirror_plugin [None req-407373bf-9983-4aca-9ac4-508d24858808 4c03e2902141402192d8f7feeb9a0ad2 4a6848987a244c88aae84cb8f9db0560 - - default default] Tap Mirror: Handle Delete Port: c0ee471f-90b6-41f5-bee8-cbe889d98698
2026-06-16 01:48:36.229 7 INFO neutron.db.ovn_revision_numbers_db [None req-60a63af6-8ca1-4cc4-a6c9-dacd94c6b9f9 7b205d66f376468aa4c4f55f4df6d0bb 8a7a2bdcd4f9422b8ee4b1001a5ba5ba - - default default] Successfully bumped revision number for resource b045c5c8-e662-48ee-8300-6240a34b0b0d (type: networks) to 2 [pid: 7|app: 0|req: 879/1899] 10.0.0.202 () {34 vars in 743 bytes} [Tue Jun 16 01:48:36 2026] PUT /v2.0/networks/b045c5c8-e662-48ee-8300-6240a34b0b0d => generated 636 bytes in 126 msecs (HTTP/1.1 200) 4 headers in 157 bytes (1 switches on core 0)
2026-06-16 01:48:36.417 7 WARNING neutron.scheduler.dhcp_agent_scheduler [None req-343485ec-091f-455c-b890-0367a502bdc4 7b205d66f376468aa4c4f55f4df6d0bb 8a7a2bdcd4f9422b8ee4b1001a5ba5ba - - default default] No more DHCP agents
2026-06-16 01:48:36.418 7 WARNING neutron.api.rpc.agentnotifiers.dhcp_rpc_agent_api [None req-343485ec-091f-455c-b890-0367a502bdc4 7b205d66f376468aa4c4f55f4df6d0bb 8a7a2bdcd4f9422b8ee4b1001a5ba5ba - - default default] Unable to schedule network b045c5c8-e662-48ee-8300-6240a34b0b0d: no agents available; will retry on subsequent port and subnet creation events.
2026-06-16 01:48:36.449 7 INFO neutron.db.ovn_revision_numbers_db [None req-343485ec-091f-455c-b890-0367a502bdc4 7b205d66f376468aa4c4f55f4df6d0bb 8a7a2bdcd4f9422b8ee4b1001a5ba5ba - - default default] Successfully bumped revision number for resource d46964dd-0397-4944-8960-7a5ecce3e705 (type: subnets) to 0 [pid: 7|app: 0|req: 880/1900] 10.0.0.202 () {34 vars in 669 bytes} [Tue Jun 16 01:48:36 2026] POST /v2.0/subnets => generated 646 bytes in 229 msecs (HTTP/1.1 201) 4 headers in 162 bytes (1 switches on core 0) [pid: 8|app: 0|req: 1021/1901] 10.0.0.202 () {34 vars in 789 bytes} [Tue Jun 16 01:48:35 2026] PUT /v2.0/routers/09a73f44-d80d-4b87-8192-6aca572ef0f6/remove_router_interface => generated 309 bytes in 567 msecs (HTTP/1.1 200) 4 headers in 157 bytes (1 switches on core 0) /var/lib/openstack/lib/python3.12/site-packages/pycadf/identifier.py:70: UserWarning: Invalid uuid: neutron. To ensure interoperability, identifiers should be a valid uuid. warnings.warn(('Invalid uuid: %s. To ensure interoperability, ' [pid: 8|app: 0|req: 1022/1902] 10.0.0.202 () {32 vars in 736 bytes} [Tue Jun 16 01:48:36 2026] GET /v2.0/ports?device_id=09a73f44-d80d-4b87-8192-6aca572ef0f6 => generated 12 bytes in 19 msecs (HTTP/1.1 200) 4 headers in 156 bytes (1 switches on core 0) [pid: 8|app: 0|req: 1023/1903] 10.0.0.202 () {32 vars in 724 bytes} [Tue Jun 16 01:48:36 2026] DELETE /v2.0/routers/09a73f44-d80d-4b87-8192-6aca572ef0f6 => generated 0 bytes in 168 msecs (HTTP/1.1 204) 2 headers in 112 bytes (1 switches on core 0) [pid: 8|app: 0|req: 1024/1904] 10.0.0.202 () {32 vars in 724 bytes} [Tue Jun 16 01:48:36 2026] DELETE /v2.0/subnets/9c693d9b-e637-4fcb-8381-531b66d3aa55 => generated 0 bytes in 169 msecs (HTTP/1.1 204) 3 headers in 131 bytes (1 switches on core 0)
2026-06-16 01:48:36.981 8 INFO neutron_taas.services.taas.taas_plugin [None req-75d21f68-cfa5-4ab7-92b0-49405f60abad 4c03e2902141402192d8f7feeb9a0ad2 4a6848987a244c88aae84cb8f9db0560 - - default default] TaaS: Handle Delete Port: efdf581e-7fb6-488d-9467-f4cac977c0bd
2026-06-16 01:48:36.985 8 INFO neutron_taas.services.taas.tap_mirror_plugin [None req-75d21f68-cfa5-4ab7-92b0-49405f60abad 4c03e2902141402192d8f7feeb9a0ad2 4a6848987a244c88aae84cb8f9db0560 - - default default] Tap Mirror: Handle Delete Port: efdf581e-7fb6-488d-9467-f4cac977c0bd
2026-06-16 01:48:37.041 7 INFO neutron.db.ovn_revision_numbers_db [None req-c17ab2e3-1306-4f17-8939-53869c57cbfc - - - - - -] Successfully bumped revision number for resource 55a675d4-2344-472b-aef9-d22b7e24d679 (type: ports) to 2
2026-06-16 01:48:37.076 7 INFO neutron.db.ovn_revision_numbers_db [None req-c17ab2e3-1306-4f17-8939-53869c57cbfc - - - - - -] Successfully bumped revision number for resource d46964dd-0397-4944-8960-7a5ecce3e705 (type: subnets) to 1 [pid: 7|app: 0|req: 881/1905] 10.0.0.202 () {34 vars in 741 bytes} [Tue Jun 16 01:48:36 2026] PUT /v2.0/subnets/d46964dd-0397-4944-8960-7a5ecce3e705 => generated 656 bytes in 613 msecs (HTTP/1.1 200) 4 headers in 157 bytes (1 switches on core 0)
2026-06-16 01:48:37.168 8 INFO neutron.services.segments.plugin [-] Segment fe154438-4d33-4816-ba0f-95d16b2539ed resource provider aggregate not found
2026-06-16 01:48:37.171 8 INFO neutron.services.segments.plugin [-] Segment fe154438-4d33-4816-ba0f-95d16b2539ed resource provider aggregate not found
2026-06-16 01:48:37.185 8 INFO neutron.services.segments.plugin [-] Segment fe154438-4d33-4816-ba0f-95d16b2539ed resource provider not found; error: Placement Client Error (4xx): {"errors": [{"status": 404, "title": "Not Found", "detail": "The resource could not be found.\n\n No resource provider with uuid fe154438-4d33-4816-ba0f-95d16b2539ed found for delete ", "request_id": "req-5c1c09eb-bed6-4c71-b338-7284ef59b53f"}]}
2026-06-16 01:48:37.185 8 INFO neutron.services.segments.plugin [-] Segment fe154438-4d33-4816-ba0f-95d16b2539ed resource provider not found; error: Placement Client Error (4xx): {"errors": [{"status": 404, "title": "Not Found", "detail": "The resource could not be found.\n\n No resource provider with uuid fe154438-4d33-4816-ba0f-95d16b2539ed found for delete ", "request_id": "req-79df7e91-1403-4abd-971b-863b1813f412"}]} [pid: 8|app: 0|req: 1025/1906] 10.0.0.202 () {32 vars in 726 bytes} [Tue Jun 16 01:48:36 2026] DELETE /v2.0/networks/10bd6eee-9e42-4cd5-85e5-f18fcd714dc1 => generated 0 bytes in 344 msecs (HTTP/1.1 204) 3 headers in 131 bytes (1 switches on core 0) [pid: 7|app: 0|req: 882/1907] 10.0.0.202 () {32 vars in 774 bytes} [Tue Jun 16 01:48:37 2026] GET /v2.0/security-groups?tenant_id=dd54c800f7d9491e93313473cc837a5d&name=default => generated 2925 bytes in 158 msecs (HTTP/1.1 200) 4 headers in 158 bytes (1 switches on core 0)
2026-06-16 01:48:37.341 8 INFO neutron_taas.services.taas.taas_plugin [None req-b9847400-6673-417a-9096-229b3004a67d 7b205d66f376468aa4c4f55f4df6d0bb 8a7a2bdcd4f9422b8ee4b1001a5ba5ba - - default default] TaaS: Handle Delete Port: 55a675d4-2344-472b-aef9-d22b7e24d679
2026-06-16 01:48:37.344 8 INFO neutron_taas.services.taas.tap_mirror_plugin [None req-b9847400-6673-417a-9096-229b3004a67d 7b205d66f376468aa4c4f55f4df6d0bb 8a7a2bdcd4f9422b8ee4b1001a5ba5ba - - default default] Tap Mirror: Handle Delete Port: 55a675d4-2344-472b-aef9-d22b7e24d679
2026-06-16 01:48:37.410 7 INFO neutron.services.segments.plugin [-] Segment dcce3a79-c3ec-4654-a6ba-2e4d44cb3b6a resource provider aggregate not found
2026-06-16 01:48:37.453 7 INFO neutron.services.segments.plugin [-] Segment dcce3a79-c3ec-4654-a6ba-2e4d44cb3b6a resource provider aggregate not found
2026-06-16 01:48:37.457 7 INFO neutron.services.segments.plugin [-] Segment dcce3a79-c3ec-4654-a6ba-2e4d44cb3b6a resource provider not found; error: Placement Client Error (4xx): {"errors": [{"status": 404, "title": "Not Found", "detail": "The resource could not be found.\n\n No resource provider with uuid dcce3a79-c3ec-4654-a6ba-2e4d44cb3b6a found for delete ", "request_id": "req-26ad9336-d918-4653-8f32-d496c01fd909"}]}
2026-06-16 01:48:37.470 7 INFO neutron.services.segments.plugin [-] Segment dcce3a79-c3ec-4654-a6ba-2e4d44cb3b6a resource provider not found; error: Placement Client Error (4xx): {"errors": [{"status": 404, "title": "Not Found", "detail": "The resource could not be found.\n\n No resource provider with uuid dcce3a79-c3ec-4654-a6ba-2e4d44cb3b6a found for delete ", "request_id": "req-53c4bc82-88f3-4fb2-8a45-e90e57c82fe2"}]}
2026-06-16 01:48:37.486 7 INFO neutron.services.segments.plugin [-] Segment 02a82fbf-f18e-4b6c-9c88-0a0ecc328e7e resource provider aggregate not found
2026-06-16 01:48:37.495 7 INFO neutron.services.segments.plugin [-] Segment 02a82fbf-f18e-4b6c-9c88-0a0ecc328e7e resource provider aggregate not found
2026-06-16 01:48:37.511 7 INFO neutron.services.segments.plugin [-] Segment 02a82fbf-f18e-4b6c-9c88-0a0ecc328e7e resource provider not found; error: Placement Client Error (4xx): {"errors": [{"status": 404, "title": "Not Found", "detail": "The resource could not be found.\n\n No resource provider with uuid 02a82fbf-f18e-4b6c-9c88-0a0ecc328e7e found for delete ", "request_id": "req-36654a3a-97fe-44a8-8388-105ef685c0ae"}]}
2026-06-16 01:48:37.514 7 INFO neutron.services.segments.plugin [-] Segment 02a82fbf-f18e-4b6c-9c88-0a0ecc328e7e resource provider not found; error: Placement Client Error (4xx): {"errors": [{"status": 404, "title": "Not Found", "detail": "The resource could not be found.\n\n No resource provider with uuid 02a82fbf-f18e-4b6c-9c88-0a0ecc328e7e found for delete ", "request_id": "req-40dd97a9-f80a-4ca7-9fab-d8530fb6d099"}]} [pid: 8|app: 0|req: 1026/1908] 10.0.0.202 () {32 vars in 726 bytes} [Tue Jun 16 01:48:37 2026] DELETE /v2.0/networks/b045c5c8-e662-48ee-8300-6240a34b0b0d => generated 0 bytes in 404 msecs (HTTP/1.1 204) 3 headers in 131 bytes (1 switches on core 0)
2026-06-16 01:48:37.710 7 WARNING neutron.scheduler.dhcp_agent_scheduler [None req-5f1714e5-d81b-422a-8ff7-448122d896c4 4c03e2902141402192d8f7feeb9a0ad2 4a6848987a244c88aae84cb8f9db0560 - - default default] No more DHCP agents
2026-06-16 01:48:37.712 7 WARNING neutron.api.rpc.agentnotifiers.dhcp_rpc_agent_api [None req-5f1714e5-d81b-422a-8ff7-448122d896c4 4c03e2902141402192d8f7feeb9a0ad2 4a6848987a244c88aae84cb8f9db0560 - - default default] Unable to schedule network 633eed28-7b23-49aa-af7e-d4cd55d009ec: no agents available; will retry on subsequent port and subnet creation events.
2026-06-16 01:48:37.827 8 INFO neutron.plugins.ml2.drivers.ovn.mech_driver.mech_driver [None req-26b41493-13ca-45f4-82c6-9eead0da0af7 - - - - - -] OVN reports status down for port: 744e33db-5ae0-4661-8c77-2f6680e52fa0 [pid: 8|app: 0|req: 1027/1909] 10.0.0.202 () {32 vars in 740 bytes} [Tue Jun 16 01:48:37 2026] DELETE /v2.0/security-groups/9be00135-697f-43c0-a7b6-5ed79a674cd4 => generated 0 bytes in 243 msecs (HTTP/1.1 204) 2 headers in 112 bytes (1 switches on core 0)
2026-06-16 01:48:37.858 7 INFO neutron.db.ovn_revision_numbers_db [None req-5f1714e5-d81b-422a-8ff7-448122d896c4 4c03e2902141402192d8f7feeb9a0ad2 4a6848987a244c88aae84cb8f9db0560 - - default default] Successfully bumped revision number for resource 744e33db-5ae0-4661-8c77-2f6680e52fa0 (type: ports) to 1
2026-06-16 01:48:37.888 8 INFO neutron.pecan_wsgi.hooks.translation [None req-50e3142e-f11c-4be4-8c79-f3d05ce9f65c 7b205d66f376468aa4c4f55f4df6d0bb 8a7a2bdcd4f9422b8ee4b1001a5ba5ba - - default default] DELETE failed (client error): The resource could not be found. [pid: 8|app: 0|req: 1028/1910] 10.0.0.202 () {32 vars in 726 bytes} [Tue Jun 16 01:48:37 2026] DELETE /v2.0/networks/b045c5c8-e662-48ee-8300-6240a34b0b0d => generated 138 bytes in 38 msecs (HTTP/1.1 404) 4 headers in 164 bytes (1 switches on core 0) [pid: 8|app: 0|req: 1029/1911] 10.0.0.202 () {32 vars in 694 bytes} [Tue Jun 16 01:48:37 2026] GET /v2.0/networks?router%3Aexternal=True => generated 689 bytes in 114 msecs (HTTP/1.1 200) 4 headers in 157 bytes (1 switches on core 0)
2026-06-16 01:48:38.151 8 INFO neutron.db.ovn_revision_numbers_db [None req-9f7b3a73-427f-4575-9b43-c695cce23508 e9fa536ffda94dacb4c44eef5826d5a7 5dd99d2d5be941e08924039d363da37d - - default default] Successfully bumped revision number for resource 6f966331-e077-4d47-b982-be9f955cbb67 (type: security_groups) to 1
2026-06-16 01:48:38.161 8 INFO neutron.db.ovn_revision_numbers_db [None req-9f7b3a73-427f-4575-9b43-c695cce23508 e9fa536ffda94dacb4c44eef5826d5a7 5dd99d2d5be941e08924039d363da37d - - default default] Successfully bumped revision number for resource 3d68e6e5-c515-4b33-9bdf-fcb6592b382f (type: security_group_rules) to 0
2026-06-16 01:48:38.176 8 INFO neutron.db.ovn_revision_numbers_db [None req-9f7b3a73-427f-4575-9b43-c695cce23508 e9fa536ffda94dacb4c44eef5826d5a7 5dd99d2d5be941e08924039d363da37d - - default default] Successfully bumped revision number for resource 5985d95b-4fae-46f1-9cea-024a9f30cbb6 (type: security_group_rules) to 0
2026-06-16 01:48:38.193 8 INFO neutron.db.ovn_revision_numbers_db [None req-9f7b3a73-427f-4575-9b43-c695cce23508 e9fa536ffda94dacb4c44eef5826d5a7 5dd99d2d5be941e08924039d363da37d - - default default] Successfully bumped revision number for resource e281f175-989c-48b8-a416-7139e52d6405 (type: security_group_rules) to 0
2026-06-16 01:48:38.202 8 INFO neutron.db.ovn_revision_numbers_db [None req-9f7b3a73-427f-4575-9b43-c695cce23508 e9fa536ffda94dacb4c44eef5826d5a7 5dd99d2d5be941e08924039d363da37d - - default default] Successfully bumped revision number for resource e635760c-74a0-495d-b568-c317068715be (type: security_group_rules) to 0 [pid: 8|app: 0|req: 1030/1912] 10.0.0.202 () {32 vars in 774 bytes} [Tue Jun 16 01:48:38 2026] GET /v2.0/security-groups?tenant_id=d92f9342a8a34766b613a0d3e9bbe15d&name=default => generated 2925 bytes in 224 msecs (HTTP/1.1 200) 4 headers in 158 bytes (1 switches on core 0) [pid: 8|app: 0|req: 1031/1913] 10.0.0.202 () {32 vars in 742 bytes} [Tue Jun 16 01:48:38 2026] GET /v2.0/subnets?network_id=633eed28-7b23-49aa-af7e-d4cd55d009ec => generated 649 bytes in 41 msecs (HTTP/1.1 200) 4 headers in 157 bytes (1 switches on core 0) [pid: 8|app: 0|req: 1032/1914] 10.0.0.202 () {32 vars in 740 bytes} [Tue Jun 16 01:48:38 2026] DELETE /v2.0/security-groups/6f966331-e077-4d47-b982-be9f955cbb67 => generated 0 bytes in 200 msecs (HTTP/1.1 204) 2 headers in 112 bytes (1 switches on core 0) [pid: 8|app: 0|req: 1033/1915] 10.0.0.202 () {32 vars in 653 bytes} [Tue Jun 16 01:48:38 2026] GET /v2.0/extensions => generated 20541 bytes in 6 msecs (HTTP/1.1 200) 4 headers in 159 bytes (1 switches on core 0)
2026-06-16 01:48:38.497 7 INFO neutron.plugins.ml2.drivers.ovn.mech_driver.ovsdb.commands [None req-384cbd04-1113-416c-9467-76f88e8df397 - - - - - -] Schedule LRP lrp-744e33db-5ae0-4661-8c77-2f6680e52fa0 on gateway 2a68304e-039c-4c6a-81c7-7207118fb117 with priority 1
2026-06-16 01:48:38.516 8 INFO neutron.plugins.ml2.drivers.ovn.mech_driver.mech_driver [None req-26b41493-13ca-45f4-82c6-9eead0da0af7 - - - - - -] OVN reports status up for port: 744e33db-5ae0-4661-8c77-2f6680e52fa0
2026-06-16 01:48:38.537 8 INFO neutron.plugins.ml2.plugin [None req-26b41493-13ca-45f4-82c6-9eead0da0af7 - - - - - -] Attempt 1 to provision port 744e33db-5ae0-4661-8c77-2f6680e52fa0 [pid: 8|app: 0|req: 1034/1916] 10.0.0.159 () {34 vars in 990 bytes} [Tue Jun 16 01:48:38 2026] GET /v2.0/ports?device_id=165c47f0-2cbb-4394-bad0-6b662e6906de => generated 1209 bytes in 49 msecs (HTTP/1.1 200) 4 headers in 158 bytes (1 switches on core 0)
2026-06-16 01:48:38.546 7 INFO neutron.db.ovn_revision_numbers_db [None req-5f1714e5-d81b-422a-8ff7-448122d896c4 4c03e2902141402192d8f7feeb9a0ad2 4a6848987a244c88aae84cb8f9db0560 - - default default] Successfully bumped revision number for resource 744e33db-5ae0-4661-8c77-2f6680e52fa0 (type: router_ports) to 1
2026-06-16 01:48:38.603 7 INFO neutron.db.ovn_revision_numbers_db [None req-5f1714e5-d81b-422a-8ff7-448122d896c4 4c03e2902141402192d8f7feeb9a0ad2 4a6848987a244c88aae84cb8f9db0560 - - default default] Successfully bumped revision number for resource 32f618ec-d60c-423d-a3d1-165b1f4747ab (type: routers) to 2 [pid: 8|app: 0|req: 1035/1917] 10.0.0.202 () {32 vars in 649 bytes} [Tue Jun 16 01:48:38 2026] GET /v2.0/networks => generated 1388 bytes in 70 msecs (HTTP/1.1 200) 4 headers in 158 bytes (1 switches on core 0) [pid: 7|app: 0|req: 883/1918] 10.0.0.202 () {34 vars in 669 bytes} [Tue Jun 16 01:48:37 2026] POST /v2.0/routers => generated 947 bytes in 1377 msecs (HTTP/1.1 201) 4 headers in 162 bytes (1 switches on core 0) [pid: 7|app: 0|req: 884/1919] 10.0.0.202 () {32 vars in 647 bytes} [Tue Jun 16 01:48:38 2026] GET /v2.0/subnets => generated 1312 bytes in 25 msecs (HTTP/1.1 200) 4 headers in 158 bytes (1 switches on core 0) [pid: 8|app: 0|req: 1036/1920] 10.0.0.159 () {34 vars in 1040 bytes} [Tue Jun 16 01:48:38 2026] GET /v2.0/security-groups?id=574cf975-f31e-416e-8ad1-7720855c2389&fields=id&fields=name => generated 113 bytes in 55 msecs (HTTP/1.1 200) 4 headers in 157 bytes (1 switches on core 0) [pid: 8|app: 0|req: 1037/1921] 10.0.0.202 () {32 vars in 721 bytes} [Tue Jun 16 01:48:38 2026] GET /v2.0/routers/32f618ec-d60c-423d-a3d1-165b1f4747ab => generated 953 bytes in 69 msecs (HTTP/1.1 200) 4 headers in 157 bytes (1 switches on core 0)
2026-06-16 01:48:38.744 7 INFO neutron.db.ovn_revision_numbers_db [None req-b99a8150-149a-44ba-bff8-3c752e46daf0 e9fa536ffda94dacb4c44eef5826d5a7 5dd99d2d5be941e08924039d363da37d - - default default] Successfully bumped revision number for resource 78280c0e-7177-4f25-a76d-8e4ccb44f265 (type: security_groups) to 1
2026-06-16 01:48:38.754 7 INFO neutron.db.ovn_revision_numbers_db [None req-b99a8150-149a-44ba-bff8-3c752e46daf0 e9fa536ffda94dacb4c44eef5826d5a7 5dd99d2d5be941e08924039d363da37d - - default default] Successfully bumped revision number for resource 1d077ced-47c3-49f4-adcb-fd1e71d146fb (type: security_group_rules) to 0
2026-06-16 01:48:38.766 7 INFO neutron.db.ovn_revision_numbers_db [None req-b99a8150-149a-44ba-bff8-3c752e46daf0 e9fa536ffda94dacb4c44eef5826d5a7 5dd99d2d5be941e08924039d363da37d - - default default] Successfully bumped revision number for resource 5b02eb98-0ffa-4c18-969a-7a4e671e37ec (type: security_group_rules) to 0 [pid: 8|app: 0|req: 1038/1922] 10.0.0.202 () {32 vars in 723 bytes} [Tue Jun 16 01:48:38 2026] GET /v2.0/networks/6061175a-1553-481d-bf40-01bb19c57975 => generated 710 bytes in 43 msecs (HTTP/1.1 200) 4 headers in 157 bytes (1 switches on core 0)
2026-06-16 01:48:38.777 7 INFO neutron.db.ovn_revision_numbers_db [None req-b99a8150-149a-44ba-bff8-3c752e46daf0 e9fa536ffda94dacb4c44eef5826d5a7 5dd99d2d5be941e08924039d363da37d - - default default] Successfully bumped revision number for resource adf28030-d0aa-42b8-869a-bcc63aedc7ca (type: security_group_rules) to 0
2026-06-16 01:48:38.789 7 INFO neutron.db.ovn_revision_numbers_db [None req-b99a8150-149a-44ba-bff8-3c752e46daf0 e9fa536ffda94dacb4c44eef5826d5a7 5dd99d2d5be941e08924039d363da37d - - default default] Successfully bumped revision number for resource ec97813b-44e3-4ed4-ba2e-3f8bb6f9f268 (type: security_group_rules) to 0 [pid: 7|app: 0|req: 885/1923] 10.0.0.202 () {32 vars in 774 bytes} [Tue Jun 16 01:48:38 2026] GET /v2.0/security-groups?tenant_id=5ba569110b5a4d219af2d56cc61059e1&name=default => generated 2925 bytes in 172 msecs (HTTP/1.1 200) 4 headers in 158 bytes (1 switches on core 0) [pid: 8|app: 0|req: 1039/1924] 10.0.0.202 () {32 vars in 647 bytes} [Tue Jun 16 01:48:38 2026] GET /v2.0/routers => generated 956 bytes in 56 msecs (HTTP/1.1 200) 4 headers in 157 bytes (1 switches on core 0) [pid: 7|app: 0|req: 886/1925] 10.0.0.202 () {32 vars in 721 bytes} [Tue Jun 16 01:48:38 2026] GET /v2.0/subnets/8b27e44f-7226-4740-b744-b6beb388fd42 => generated 673 bytes in 24 msecs (HTTP/1.1 200) 4 headers in 157 bytes (1 switches on core 0) [pid: 8|app: 0|req: 1040/1926] 10.0.0.202 () {32 vars in 740 bytes} [Tue Jun 16 01:48:38 2026] DELETE /v2.0/security-groups/78280c0e-7177-4f25-a76d-8e4ccb44f265 => generated 0 bytes in 269 msecs (HTTP/1.1 204) 2 headers in 112 bytes (1 switches on core 0)
2026-06-16 01:48:39.116 8 INFO neutron.pecan_wsgi.hooks.translation [None req-8e098569-e0bb-40ed-a3c0-7a10b6cffab8 7b205d66f376468aa4c4f55f4df6d0bb 8a7a2bdcd4f9422b8ee4b1001a5ba5ba - - default default] DELETE failed (client error): The resource could not be found. [pid: 8|app: 0|req: 1041/1927] 10.0.0.202 () {32 vars in 724 bytes} [Tue Jun 16 01:48:39 2026] DELETE /v2.0/subnets/d46964dd-0397-4944-8960-7a5ecce3e705 => generated 136 bytes in 15 msecs (HTTP/1.1 404) 4 headers in 164 bytes (1 switches on core 0)
2026-06-16 01:48:39.135 8 INFO neutron.pecan_wsgi.hooks.translation [None req-790cdd6c-3d5b-480c-880a-c150b09fc530 7b205d66f376468aa4c4f55f4df6d0bb 8a7a2bdcd4f9422b8ee4b1001a5ba5ba - - default default] DELETE failed (client error): The resource could not be found. [pid: 8|app: 0|req: 1042/1928] 10.0.0.202 () {32 vars in 726 bytes} [Tue Jun 16 01:48:39 2026] DELETE /v2.0/networks/b045c5c8-e662-48ee-8300-6240a34b0b0d => generated 138 bytes in 14 msecs (HTTP/1.1 404) 4 headers in 164 bytes (1 switches on core 0)
2026-06-16 01:48:39.214 8 INFO neutron.services.segments.plugin [-] Segment 0cef54bc-374f-4b99-ab29-4fe244f3b175 resource provider aggregate not found
