2026-06-16 01:54:56.961 8 INFO neutron.notifiers.nova [-] Nova event matching ['req-a6fc17b1-71b9-4e89-b890-bb2da7d000f9'] response: {'server_uuid': '8bf2985a-9f00-44ac-affe-a5a28feee282', 'name': 'network-vif-unplugged', 'status': 'completed', 'tag': '55584bf8-ccc4-452d-b2cc-17843f8bcc11', 'code': 200} /var/lib/openstack/lib/python3.12/site-packages/pycadf/identifier.py:70: UserWarning: Invalid uuid: neutron. To ensure interoperability, identifiers should be a valid uuid. warnings.warn(('Invalid uuid: %s. To ensure interoperability, ' [pid: 8|app: 0|req: 1840/3605] 199.19.213.138 () {34 vars in 1080 bytes} [Tue Jun 16 01:54:57 2026] GET /v2.0/ports?tenant_id=65bbc80af462451eb95bda0e04ed43d6&device_id=8bf2985a-9f00-44ac-affe-a5a28feee282 => generated 1436 bytes in 36 msecs (HTTP/1.1 200) 4 headers in 158 bytes (1 switches on core 0) [pid: 7|app: 0|req: 1766/3606] 199.19.213.138 () {34 vars in 986 bytes} [Tue Jun 16 01:54:57 2026] GET /v2.0/networks?id=ec1de7c6-b12c-4cf8-880e-1f6200b7caf9 => generated 842 bytes in 45 msecs (HTTP/1.1 200) 4 headers in 157 bytes (1 switches on core 0) [pid: 8|app: 0|req: 1841/3607] 199.19.213.138 () {34 vars in 1058 bytes} [Tue Jun 16 01:54:57 2026] GET /v2.0/floatingips?fixed_ip_address=10.2.2.182&port_id=55584bf8-ccc4-452d-b2cc-17843f8bcc11 => generated 19 bytes in 22 msecs (HTTP/1.1 200) 4 headers in 156 bytes (1 switches on core 0) [pid: 7|app: 0|req: 1767/3608] 199.19.213.138 () {34 vars in 1104 bytes} [Tue Jun 16 01:54:57 2026] GET /v2.0/floatingips?fixed_ip_address=fd77%3A1457%3A4cf0%3A26a8%3A%3Ab4&port_id=55584bf8-ccc4-452d-b2cc-17843f8bcc11 => generated 19 bytes in 20 msecs (HTTP/1.1 200) 4 headers in 156 bytes (1 switches on core 0) [pid: 8|app: 0|req: 1842/3609] 199.19.213.138 () {34 vars in 1064 bytes} [Tue Jun 16 01:54:57 2026] GET /v2.0/subnets?id=73568816-210d-454d-b98b-2d2faac9fc5c&id=cd0f7498-7d7d-45d8-a7f7-a5ddd248c0e3 => generated 1415 bytes in 34 msecs (HTTP/1.1 200) 4 headers in 158 bytes (1 switches on core 0) [pid: 7|app: 0|req: 1768/3610] 199.19.213.138 () {34 vars in 1052 bytes} [Tue Jun 16 01:54:57 2026] GET /v2.0/ports?network_id=ec1de7c6-b12c-4cf8-880e-1f6200b7caf9&device_owner=network%3Adhcp => generated 12 bytes in 22 msecs (HTTP/1.1 200) 4 headers in 156 bytes (1 switches on core 0) [pid: 8|app: 0|req: 1843/3611] 199.19.213.138 () {34 vars in 1052 bytes} [Tue Jun 16 01:54:57 2026] GET /v2.0/ports?network_id=ec1de7c6-b12c-4cf8-880e-1f6200b7caf9&device_owner=network%3Adhcp => generated 12 bytes in 20 msecs (HTTP/1.1 200) 4 headers in 156 bytes (1 switches on core 0) [pid: 7|app: 0|req: 1769/3612] 199.19.213.138 () {34 vars in 1012 bytes} [Tue Jun 16 01:54:57 2026] GET /v2.0/networks/ec1de7c6-b12c-4cf8-880e-1f6200b7caf9?fields=segments => generated 14 bytes in 43 msecs (HTTP/1.1 200) 4 headers in 156 bytes (1 switches on core 0) [pid: 8|app: 0|req: 1844/3613] 199.19.213.138 () {34 vars in 1112 bytes} [Tue Jun 16 01:54:57 2026] GET /v2.0/networks/ec1de7c6-b12c-4cf8-880e-1f6200b7caf9?fields=provider%3Aphysical_network&fields=provider%3Anetwork_type => generated 79 bytes in 47 msecs (HTTP/1.1 200) 4 headers in 156 bytes (1 switches on core 0) [pid: 7|app: 0|req: 1770/3614] 199.19.213.138 () {34 vars in 994 bytes} [Tue Jun 16 01:54:57 2026] GET /v2.0/ports?device_id=8bf2985a-9f00-44ac-affe-a5a28feee282 => generated 1198 bytes in 88 msecs (HTTP/1.1 200) 4 headers in 158 bytes (1 switches on core 0)
2026-06-16 01:54:58.106 8 INFO neutron_taas.services.taas.taas_plugin [req-6170b8d1-4683-4b01-b870-f4207b8c5f10 req-3fcf6b52-dfab-4c8b-84b6-f8abb6a04e1c 71470a2c612f42bfa47f0ed8c1d5adbe 65bbc80af462451eb95bda0e04ed43d6 - - default default] TaaS: Handle Delete Port: 55584bf8-ccc4-452d-b2cc-17843f8bcc11
2026-06-16 01:54:58.110 8 INFO neutron_taas.services.taas.tap_mirror_plugin [req-6170b8d1-4683-4b01-b870-f4207b8c5f10 req-3fcf6b52-dfab-4c8b-84b6-f8abb6a04e1c 71470a2c612f42bfa47f0ed8c1d5adbe 65bbc80af462451eb95bda0e04ed43d6 - - default default] Tap Mirror: Handle Delete Port: 55584bf8-ccc4-452d-b2cc-17843f8bcc11 [pid: 8|app: 0|req: 1845/3615] 199.19.213.138 () {36 vars in 997 bytes} [Tue Jun 16 01:54:57 2026] DELETE /v2.0/ports/55584bf8-ccc4-452d-b2cc-17843f8bcc11 => generated 0 bytes in 302 msecs (HTTP/1.1 204) 3 headers in 131 bytes (1 switches on core 0)
2026-06-16 01:54:59.007 8 INFO neutron.notifiers.nova [-] Nova event matching ['req-485b7cba-8707-458e-b18f-b928900e8f0c'] response: {'server_uuid': '8bf2985a-9f00-44ac-affe-a5a28feee282', 'name': 'network-vif-unplugged', 'status': 'completed', 'tag': '55584bf8-ccc4-452d-b2cc-17843f8bcc11', 'code': 200}
2026-06-16 01:54:59.008 8 INFO neutron.notifiers.nova [-] Nova event matching ['req-485b7cba-8707-458e-b18f-b928900e8f0c'] response: {'server_uuid': '8bf2985a-9f00-44ac-affe-a5a28feee282', 'name': 'network-vif-deleted', 'tag': '55584bf8-ccc4-452d-b2cc-17843f8bcc11', 'status': 'completed', 'code': 200} [pid: 7|app: 0|req: 1771/3616] 10.0.0.147 () {34 vars in 990 bytes} [Tue Jun 16 01:55:00 2026] GET /v2.0/ports?device_id=8bf2985a-9f00-44ac-affe-a5a28feee282 => generated 12 bytes in 17 msecs (HTTP/1.1 200) 4 headers in 156 bytes (1 switches on core 0)
2026-06-16 01:55:06.101 7 INFO neutron_taas.services.taas.taas_plugin [None req-98400d1f-fa80-45a7-a978-0f3f6be16e63 71470a2c612f42bfa47f0ed8c1d5adbe 65bbc80af462451eb95bda0e04ed43d6 - - default default] TaaS: Handle Delete Port: f59ac46a-aa82-4e36-b7bb-973c4e231bad
2026-06-16 01:55:06.104 7 INFO neutron_taas.services.taas.tap_mirror_plugin [None req-98400d1f-fa80-45a7-a978-0f3f6be16e63 71470a2c612f42bfa47f0ed8c1d5adbe 65bbc80af462451eb95bda0e04ed43d6 - - default default] Tap Mirror: Handle Delete Port: f59ac46a-aa82-4e36-b7bb-973c4e231bad
2026-06-16 01:55:06.374 7 INFO neutron.db.l3_db [None req-98400d1f-fa80-45a7-a978-0f3f6be16e63 71470a2c612f42bfa47f0ed8c1d5adbe 65bbc80af462451eb95bda0e04ed43d6 - - default default] Floating IP 8b5059ed-a948-47fd-b5cf-1775a68a9e2d disassociated (deleted). External IP: 10.96.250.211, port: 0b55cf6f-847d-4b11-aeab-2342cf185879. [pid: 7|app: 0|req: 1773/3619] 10.0.0.202 () {32 vars in 732 bytes} [Tue Jun 16 01:55:05 2026] DELETE /v2.0/floatingips/8b5059ed-a948-47fd-b5cf-1775a68a9e2d => generated 0 bytes in 504 msecs (HTTP/1.1 204) 2 headers in 112 bytes (1 switches on core 0)
2026-06-16 01:55:06.431 8 INFO neutron.api.v2.resource [None req-5154f98c-5ba4-4810-b05f-65bfe39e63ba 71470a2c612f42bfa47f0ed8c1d5adbe 65bbc80af462451eb95bda0e04ed43d6 - - default default] show failed (client error): The resource could not be found. [pid: 8|app: 0|req: 1847/3620] 10.0.0.202 () {32 vars in 729 bytes} [Tue Jun 16 01:55:06 2026] GET /v2.0/floatingips/8b5059ed-a948-47fd-b5cf-1775a68a9e2d => generated 144 bytes in 20 msecs (HTTP/1.1 404) 4 headers in 164 bytes (1 switches on core 0)
2026-06-16 01:55:06.451 7 INFO neutron.notifiers.nova [-] Nova event matching ['req-0efb0ec5-2bdb-4389-85ef-0ee9425096ea'] response: {'name': 'network-changed', 'server_uuid': '535e22c4-5b00-4ff9-9d53-35352fce39ef', 'tag': '0b55cf6f-847d-4b11-aeab-2342cf185879', 'status': 'completed', 'code': 200} /var/lib/openstack/lib/python3.12/site-packages/pycadf/identifier.py:70: UserWarning: Invalid uuid: neutron. To ensure interoperability, identifiers should be a valid uuid. warnings.warn(('Invalid uuid: %s. To ensure interoperability, ' [pid: 7|app: 0|req: 1774/3621] 10.0.0.147 () {34 vars in 990 bytes} [Tue Jun 16 01:55:06 2026] GET /v2.0/ports?device_id=535e22c4-5b00-4ff9-9d53-35352fce39ef => generated 1200 bytes in 82 msecs (HTTP/1.1 200) 4 headers in 158 bytes (1 switches on core 0) [pid: 8|app: 0|req: 1848/3622] 10.0.0.147 () {34 vars in 1040 bytes} [Tue Jun 16 01:55:06 2026] GET /v2.0/security-groups?id=bd9edf86-815d-44fb-89c4-75e945e22ed5&fields=id&fields=name => generated 112 bytes in 62 msecs (HTTP/1.1 200) 4 headers in 157 bytes (1 switches on core 0) [pid: 7|app: 0|req: 1775/3623] 199.19.213.138 () {34 vars in 1080 bytes} [Tue Jun 16 01:55:06 2026] GET /v2.0/ports?tenant_id=65bbc80af462451eb95bda0e04ed43d6&device_id=535e22c4-5b00-4ff9-9d53-35352fce39ef => generated 1438 bytes in 41 msecs (HTTP/1.1 200) 4 headers in 158 bytes (1 switches on core 0) [pid: 8|app: 0|req: 1849/3624] 199.19.213.138 () {34 vars in 986 bytes} [Tue Jun 16 01:55:07 2026] GET /v2.0/networks?id=8298e6c3-61fc-445d-aa22-eb6de220de13 => generated 842 bytes in 54 msecs (HTTP/1.1 200) 4 headers in 157 bytes (1 switches on core 0) [pid: 7|app: 0|req: 1776/3625] 199.19.213.138 () {34 vars in 1058 bytes} [Tue Jun 16 01:55:07 2026] GET /v2.0/floatingips?fixed_ip_address=10.2.1.135&port_id=0b55cf6f-847d-4b11-aeab-2342cf185879 => generated 19 bytes in 25 msecs (HTTP/1.1 200) 4 headers in 156 bytes (1 switches on core 0) [pid: 8|app: 0|req: 1850/3626] 199.19.213.138 () {34 vars in 1104 bytes} [Tue Jun 16 01:55:07 2026] GET /v2.0/floatingips?fixed_ip_address=fd7b%3Af9f7%3Afff%3A4eca%3A%3A1f9&port_id=0b55cf6f-847d-4b11-aeab-2342cf185879 => generated 19 bytes in 22 msecs (HTTP/1.1 200) 4 headers in 156 bytes (1 switches on core 0) [pid: 7|app: 0|req: 1777/3627] 199.19.213.138 () {34 vars in 1064 bytes} [Tue Jun 16 01:55:07 2026] GET /v2.0/subnets?id=19fa3dfb-e92f-4cbf-bc71-3ebc19f6b9e3&id=8ae7b86a-4c39-4369-848e-7f17304ccc81 => generated 1410 bytes in 37 msecs (HTTP/1.1 200) 4 headers in 158 bytes (1 switches on core 0) [pid: 8|app: 0|req: 1851/3628] 199.19.213.138 () {34 vars in 1052 bytes} [Tue Jun 16 01:55:07 2026] GET /v2.0/ports?network_id=8298e6c3-61fc-445d-aa22-eb6de220de13&device_owner=network%3Adhcp => generated 12 bytes in 22 msecs (HTTP/1.1 200) 4 headers in 156 bytes (1 switches on core 0) [pid: 7|app: 0|req: 1778/3629] 199.19.213.138 () {34 vars in 1052 bytes} [Tue Jun 16 01:55:07 2026] GET /v2.0/ports?network_id=8298e6c3-61fc-445d-aa22-eb6de220de13&device_owner=network%3Adhcp => generated 12 bytes in 20 msecs (HTTP/1.1 200) 4 headers in 156 bytes (1 switches on core 0) [pid: 8|app: 0|req: 1852/3630] 199.19.213.138 () {34 vars in 1012 bytes} [Tue Jun 16 01:55:07 2026] GET /v2.0/networks/8298e6c3-61fc-445d-aa22-eb6de220de13?fields=segments => generated 14 bytes in 42 msecs (HTTP/1.1 200) 4 headers in 156 bytes (1 switches on core 0) [pid: 7|app: 0|req: 1779/3631] 199.19.213.138 () {34 vars in 1112 bytes} [Tue Jun 16 01:55:07 2026] GET /v2.0/networks/8298e6c3-61fc-445d-aa22-eb6de220de13?fields=provider%3Aphysical_network&fields=provider%3Anetwork_type => generated 79 bytes in 41 msecs (HTTP/1.1 200) 4 headers in 156 bytes (1 switches on core 0)
2026-06-16 01:55:07.667 7 INFO neutron.plugins.ml2.drivers.ovn.mech_driver.mech_driver [None req-7e0b6493-b607-493d-81f1-81627ee3c8cb - - - - - -] OVN reports status down for port: 0b55cf6f-847d-4b11-aeab-2342cf185879
2026-06-16 01:55:07.940 7 INFO neutron.db.ovn_revision_numbers_db [None req-7e0b6493-b607-493d-81f1-81627ee3c8cb - - - - - -] Successfully bumped revision number for resource 0b55cf6f-847d-4b11-aeab-2342cf185879 (type: ports) to 6
2026-06-16 01:55:08.489 7 INFO neutron.notifiers.nova [-] Nova event matching ['req-855969e9-38e7-44f5-9e53-d440f400b565'] response: {'server_uuid': '535e22c4-5b00-4ff9-9d53-35352fce39ef', 'name': 'network-vif-unplugged', 'status': 'completed', 'tag': '0b55cf6f-847d-4b11-aeab-2342cf185879', 'code': 200}
2026-06-16 01:55:08.490 7 INFO neutron.notifiers.nova [-] Nova event matching ['req-855969e9-38e7-44f5-9e53-d440f400b565'] response: {'server_uuid': '535e22c4-5b00-4ff9-9d53-35352fce39ef', 'name': 'network-vif-unplugged', 'status': 'completed', 'tag': '0b55cf6f-847d-4b11-aeab-2342cf185879', 'code': 200} [pid: 8|app: 0|req: 1853/3632] 199.19.213.138 () {34 vars in 994 bytes} [Tue Jun 16 01:55:08 2026] GET /v2.0/ports?device_id=535e22c4-5b00-4ff9-9d53-35352fce39ef => generated 1198 bytes in 78 msecs (HTTP/1.1 200) 4 headers in 158 bytes (1 switches on core 0) /var/lib/openstack/lib/python3.12/site-packages/pycadf/identifier.py:70: UserWarning: Invalid uuid: neutron. To ensure interoperability, identifiers should be a valid uuid. warnings.warn(('Invalid uuid: %s. To ensure interoperability, '
2026-06-16 01:55:09.058 7 INFO neutron_taas.services.taas.taas_plugin [req-1b6c82c9-8c9c-41b7-a24d-5cbf5f0a1f11 req-6a514cab-238a-444e-928b-d82f19669cd7 71470a2c612f42bfa47f0ed8c1d5adbe 65bbc80af462451eb95bda0e04ed43d6 - - default default] TaaS: Handle Delete Port: 0b55cf6f-847d-4b11-aeab-2342cf185879
2026-06-16 01:55:09.064 7 INFO neutron_taas.services.taas.tap_mirror_plugin [req-1b6c82c9-8c9c-41b7-a24d-5cbf5f0a1f11 req-6a514cab-238a-444e-928b-d82f19669cd7 71470a2c612f42bfa47f0ed8c1d5adbe 65bbc80af462451eb95bda0e04ed43d6 - - default default] Tap Mirror: Handle Delete Port: 0b55cf6f-847d-4b11-aeab-2342cf185879 [pid: 7|app: 0|req: 1780/3633] 199.19.213.138 () {36 vars in 997 bytes} [Tue Jun 16 01:55:08 2026] DELETE /v2.0/ports/0b55cf6f-847d-4b11-aeab-2342cf185879 => generated 0 bytes in 334 msecs (HTTP/1.1 204) 3 headers in 131 bytes (1 switches on core 0)
2026-06-16 01:55:10.533 7 INFO neutron.notifiers.nova [-] Nova event matching ['req-3116767f-d4f5-4789-ac20-aae8e0e4dfb1'] response: {'server_uuid': '535e22c4-5b00-4ff9-9d53-35352fce39ef', 'name': 'network-vif-deleted', 'tag': '0b55cf6f-847d-4b11-aeab-2342cf185879', 'status': 'completed', 'code': 200} [pid: 8|app: 0|req: 1854/3634] 10.0.0.147 () {34 vars in 990 bytes} [Tue Jun 16 01:55:11 2026] GET /v2.0/ports?device_id=535e22c4-5b00-4ff9-9d53-35352fce39ef => generated 12 bytes in 18 msecs (HTTP/1.1 200) 4 headers in 156 bytes (1 switches on core 0) [pid: 7|app: 0|req: 1781/3635] 10.0.0.202 () {32 vars in 750 bytes} [Tue Jun 16 01:55:16 2026] DELETE /v2.0/security-group-rules/29a0e98a-92dc-4e35-b909-eaaecbfe88f4 => generated 0 bytes in 166 msecs (HTTP/1.1 204) 2 headers in 112 bytes (1 switches on core 0)
2026-06-16 01:55:17.107 8 INFO neutron.api.v2.resource [None req-78e2f37e-5242-492f-9256-cb157d7e7c82 71470a2c612f42bfa47f0ed8c1d5adbe 65bbc80af462451eb95bda0e04ed43d6 - - default default] show failed (client error): The resource could not be found. [pid: 8|app: 0|req: 1855/3636] 10.0.0.202 () {32 vars in 747 bytes} [Tue Jun 16 01:55:17 2026] GET /v2.0/security-group-rules/29a0e98a-92dc-4e35-b909-eaaecbfe88f4 => generated 155 bytes in 12 msecs (HTTP/1.1 404) 4 headers in 164 bytes (1 switches on core 0) [pid: 7|app: 0|req: 1782/3637] 10.0.0.202 () {32 vars in 750 bytes} [Tue Jun 16 01:55:17 2026] DELETE /v2.0/security-group-rules/7201bea1-b78b-492b-9ea7-80aad1435db4 => generated 0 bytes in 130 msecs (HTTP/1.1 204) 2 headers in 112 bytes (1 switches on core 0)
2026-06-16 01:55:17.256 8 INFO neutron.api.v2.resource [None req-99819bde-6665-49d3-9265-04bad6ca6840 71470a2c612f42bfa47f0ed8c1d5adbe 65bbc80af462451eb95bda0e04ed43d6 - - default default] show failed (client error): The resource could not be found. [pid: 8|app: 0|req: 1856/3638] 10.0.0.202 () {32 vars in 747 bytes} [Tue Jun 16 01:55:17 2026] GET /v2.0/security-group-rules/7201bea1-b78b-492b-9ea7-80aad1435db4 => generated 155 bytes in 10 msecs (HTTP/1.1 404) 4 headers in 164 bytes (1 switches on core 0) [pid: 7|app: 0|req: 1783/3639] 10.0.0.202 () {32 vars in 750 bytes} [Tue Jun 16 01:55:17 2026] DELETE /v2.0/security-group-rules/86000918-59b9-4415-8375-9b7c6d57290a => generated 0 bytes in 127 msecs (HTTP/1.1 204) 2 headers in 112 bytes (1 switches on core 0)
2026-06-16 01:55:17.404 8 INFO neutron.api.v2.resource [None req-00b00087-7d6d-4ec2-a804-cb220f7d1810 71470a2c612f42bfa47f0ed8c1d5adbe 65bbc80af462451eb95bda0e04ed43d6 - - default default] show failed (client error): The resource could not be found. [pid: 8|app: 0|req: 1857/3640] 10.0.0.202 () {32 vars in 747 bytes} [Tue Jun 16 01:55:17 2026] GET /v2.0/security-group-rules/86000918-59b9-4415-8375-9b7c6d57290a => generated 155 bytes in 12 msecs (HTTP/1.1 404) 4 headers in 164 bytes (1 switches on core 0) [pid: 7|app: 0|req: 1784/3641] 10.0.0.202 () {32 vars in 750 bytes} [Tue Jun 16 01:55:17 2026] DELETE /v2.0/security-group-rules/deb5f62c-2beb-46e1-9953-ec626d7b4f98 => generated 0 bytes in 133 msecs (HTTP/1.1 204) 2 headers in 112 bytes (1 switches on core 0)
2026-06-16 01:55:17.559 8 INFO neutron.api.v2.resource [None req-f0c75a65-1f21-4b17-b6d8-c1de2b1b66ce 71470a2c612f42bfa47f0ed8c1d5adbe 65bbc80af462451eb95bda0e04ed43d6 - - default default] show failed (client error): The resource could not be found. [pid: 8|app: 0|req: 1858/3642] 10.0.0.202 () {32 vars in 747 bytes} [Tue Jun 16 01:55:17 2026] GET /v2.0/security-group-rules/deb5f62c-2beb-46e1-9953-ec626d7b4f98 => generated 155 bytes in 13 msecs (HTTP/1.1 404) 4 headers in 164 bytes (1 switches on core 0) [pid: 7|app: 0|req: 1785/3645] 10.0.0.202 () {32 vars in 750 bytes} [Tue Jun 16 01:55:17 2026] DELETE /v2.0/security-group-rules/93bd41ea-b944-4e01-a18d-93572f13c612 => generated 0 bytes in 139 msecs (HTTP/1.1 204) 2 headers in 112 bytes (1 switches on core 0)
2026-06-16 01:55:17.720 8 INFO neutron.api.v2.resource [None req-3d6acfdd-c9d2-49f6-87ae-2edc115d9118 71470a2c612f42bfa47f0ed8c1d5adbe 65bbc80af462451eb95bda0e04ed43d6 - - default default] show failed (client error): The resource could not be found. [pid: 8|app: 0|req: 1861/3646] 10.0.0.202 () {32 vars in 747 bytes} [Tue Jun 16 01:55:17 2026] GET /v2.0/security-group-rules/93bd41ea-b944-4e01-a18d-93572f13c612 => generated 155 bytes in 13 msecs (HTTP/1.1 404) 4 headers in 164 bytes (1 switches on core 0) [pid: 7|app: 0|req: 1786/3647] 10.0.0.202 () {32 vars in 750 bytes} [Tue Jun 16 01:55:17 2026] DELETE /v2.0/security-group-rules/57110bf1-943f-4978-8dcb-492722f2d735 => generated 0 bytes in 148 msecs (HTTP/1.1 204) 2 headers in 112 bytes (1 switches on core 0)
2026-06-16 01:55:17.892 8 INFO neutron.api.v2.resource [None req-3df285f4-00b9-4c94-af96-b83e7356679c 71470a2c612f42bfa47f0ed8c1d5adbe 65bbc80af462451eb95bda0e04ed43d6 - - default default] show failed (client error): The resource could not be found. [pid: 8|app: 0|req: 1862/3648] 10.0.0.202 () {32 vars in 747 bytes} [Tue Jun 16 01:55:17 2026] GET /v2.0/security-group-rules/57110bf1-943f-4978-8dcb-492722f2d735 => generated 155 bytes in 13 msecs (HTTP/1.1 404) 4 headers in 164 bytes (1 switches on core 0) [pid: 7|app: 0|req: 1787/3649] 10.0.0.202 () {32 vars in 750 bytes} [Tue Jun 16 01:55:17 2026] DELETE /v2.0/security-group-rules/395a950f-8de3-45bc-ae86-13a7a0e9f235 => generated 0 bytes in 151 msecs (HTTP/1.1 204) 2 headers in 112 bytes (1 switches on core 0)
2026-06-16 01:55:18.063 8 INFO neutron.api.v2.resource [None req-04388a3b-0b7a-42ae-b47d-49148f78b5a2 71470a2c612f42bfa47f0ed8c1d5adbe 65bbc80af462451eb95bda0e04ed43d6 - - default default] show failed (client error): The resource could not be found. [pid: 8|app: 0|req: 1863/3650] 10.0.0.202 () {32 vars in 747 bytes} [Tue Jun 16 01:55:18 2026] GET /v2.0/security-group-rules/395a950f-8de3-45bc-ae86-13a7a0e9f235 => generated 155 bytes in 12 msecs (HTTP/1.1 404) 4 headers in 164 bytes (1 switches on core 0) [pid: 7|app: 0|req: 1788/3651] 10.0.0.202 () {32 vars in 750 bytes} [Tue Jun 16 01:55:18 2026] DELETE /v2.0/security-group-rules/b462dc23-1eee-44a5-8dbe-262f67cd807a => generated 0 bytes in 124 msecs (HTTP/1.1 204) 2 headers in 112 bytes (1 switches on core 0)
2026-06-16 01:55:18.213 8 INFO neutron.api.v2.resource [None req-53c2e5ef-c906-4b19-a6d3-1703fe69ff79 71470a2c612f42bfa47f0ed8c1d5adbe 65bbc80af462451eb95bda0e04ed43d6 - - default default] show failed (client error): The resource could not be found. [pid: 8|app: 0|req: 1864/3652] 10.0.0.202 () {32 vars in 747 bytes} [Tue Jun 16 01:55:18 2026] GET /v2.0/security-group-rules/b462dc23-1eee-44a5-8dbe-262f67cd807a => generated 155 bytes in 11 msecs (HTTP/1.1 404) 4 headers in 164 bytes (1 switches on core 0) [pid: 7|app: 0|req: 1789/3653] 10.0.0.202 () {32 vars in 750 bytes} [Tue Jun 16 01:55:18 2026] DELETE /v2.0/security-group-rules/157d26eb-fc5f-4349-9fba-2f51bccdb6ec => generated 0 bytes in 114 msecs (HTTP/1.1 204) 2 headers in 112 bytes (1 switches on core 0)
2026-06-16 01:55:18.352 8 INFO neutron.api.v2.resource [None req-11bcb088-84a1-4d50-9ed3-2cb5bbfd4cc2 71470a2c612f42bfa47f0ed8c1d5adbe 65bbc80af462451eb95bda0e04ed43d6 - - default default] show failed (client error): The resource could not be found. [pid: 8|app: 0|req: 1865/3654] 10.0.0.202 () {32 vars in 747 bytes} [Tue Jun 16 01:55:18 2026] GET /v2.0/security-group-rules/157d26eb-fc5f-4349-9fba-2f51bccdb6ec => generated 155 bytes in 14 msecs (HTTP/1.1 404) 4 headers in 164 bytes (1 switches on core 0) [pid: 7|app: 0|req: 1790/3655] 10.0.0.202 () {32 vars in 750 bytes} [Tue Jun 16 01:55:18 2026] DELETE /v2.0/security-group-rules/d709f575-1e05-4b51-89ca-24ca55f9e4af => generated 0 bytes in 123 msecs (HTTP/1.1 204) 2 headers in 112 bytes (1 switches on core 0)
2026-06-16 01:55:18.499 8 INFO neutron.api.v2.resource [None req-be5bc8f1-f930-4813-9a31-2289d5d2006e 71470a2c612f42bfa47f0ed8c1d5adbe 65bbc80af462451eb95bda0e04ed43d6 - - default default] show failed (client error): The resource could not be found. [pid: 8|app: 0|req: 1866/3656] 10.0.0.202 () {32 vars in 747 bytes} [Tue Jun 16 01:55:18 2026] GET /v2.0/security-group-rules/d709f575-1e05-4b51-89ca-24ca55f9e4af => generated 155 bytes in 13 msecs (HTTP/1.1 404) 4 headers in 164 bytes (1 switches on core 0) [pid: 7|app: 0|req: 1791/3657] 10.0.0.202 () {32 vars in 750 bytes} [Tue Jun 16 01:55:18 2026] DELETE /v2.0/security-group-rules/2baa878e-293d-41f4-97cb-69ce150ec0f7 => generated 0 bytes in 120 msecs (HTTP/1.1 204) 2 headers in 112 bytes (1 switches on core 0)
2026-06-16 01:55:18.640 8 INFO neutron.api.v2.resource [None req-9074fb00-0453-4feb-838a-430d0323e82e 71470a2c612f42bfa47f0ed8c1d5adbe 65bbc80af462451eb95bda0e04ed43d6 - - default default] show failed (client error): The resource could not be found. [pid: 8|app: 0|req: 1867/3658] 10.0.0.202 () {32 vars in 747 bytes} [Tue Jun 16 01:55:18 2026] GET /v2.0/security-group-rules/2baa878e-293d-41f4-97cb-69ce150ec0f7 => generated 155 bytes in 13 msecs (HTTP/1.1 404) 4 headers in 164 bytes (1 switches on core 0) [pid: 7|app: 0|req: 1792/3659] 10.0.0.202 () {32 vars in 740 bytes} [Tue Jun 16 01:55:18 2026] DELETE /v2.0/security-groups/bd9edf86-815d-44fb-89c4-75e945e22ed5 => generated 0 bytes in 108 msecs (HTTP/1.1 204) 2 headers in 112 bytes (1 switches on core 0)
2026-06-16 01:55:18.772 8 INFO neutron.api.v2.resource [None req-67e918f4-1ca6-484f-8b64-75b7a399c6f5 71470a2c612f42bfa47f0ed8c1d5adbe 65bbc80af462451eb95bda0e04ed43d6 - - default default] show failed (client error): The resource could not be found. [pid: 8|app: 0|req: 1868/3660] 10.0.0.202 () {32 vars in 737 bytes} [Tue Jun 16 01:55:18 2026] GET /v2.0/security-groups/bd9edf86-815d-44fb-89c4-75e945e22ed5 => generated 146 bytes in 14 msecs (HTTP/1.1 404) 4 headers in 164 bytes (1 switches on core 0)
2026-06-16 01:55:19.239 7 INFO neutron_taas.services.taas.taas_plugin [None req-e72800de-5ff7-4d41-ab1b-cfd9054c7cd3 71470a2c612f42bfa47f0ed8c1d5adbe 65bbc80af462451eb95bda0e04ed43d6 - - default default] TaaS: Handle Delete Port: 9464cabf-d2c0-4744-b83b-bfb4c3235d34
2026-06-16 01:55:19.242 7 INFO neutron_taas.services.taas.tap_mirror_plugin [None req-e72800de-5ff7-4d41-ab1b-cfd9054c7cd3 71470a2c612f42bfa47f0ed8c1d5adbe 65bbc80af462451eb95bda0e04ed43d6 - - default default] Tap Mirror: Handle Delete Port: 9464cabf-d2c0-4744-b83b-bfb4c3235d34 [pid: 7|app: 0|req: 1793/3661] 10.0.0.202 () {34 vars in 789 bytes} [Tue Jun 16 01:55:18 2026] PUT /v2.0/routers/aec34a65-4993-4c89-b55c-83e86915091f/remove_router_interface => generated 309 bytes in 920 msecs (HTTP/1.1 200) 4 headers in 157 bytes (1 switches on core 0)
2026-06-16 01:55:19.847 8 INFO neutron.api.v2.resource [None req-32af6f7a-f7ba-4cfb-ad0a-ad2f27bf20be 71470a2c612f42bfa47f0ed8c1d5adbe 65bbc80af462451eb95bda0e04ed43d6 - - default default] remove_router_interface failed (client error): The resource could not be found. [pid: 8|app: 0|req: 1869/3662] 10.0.0.202 () {34 vars in 789 bytes} [Tue Jun 16 01:55:19 2026] PUT /v2.0/routers/aec34a65-4993-4c89-b55c-83e86915091f/remove_router_interface => generated 198 bytes in 105 msecs (HTTP/1.1 404) 4 headers in 164 bytes (1 switches on core 0) /var/lib/openstack/lib/python3.12/site-packages/pycadf/identifier.py:70: UserWarning: Invalid uuid: neutron. To ensure interoperability, identifiers should be a valid uuid. warnings.warn(('Invalid uuid: %s. To ensure interoperability, '
2026-06-16 01:55:20.171 7 INFO neutron_taas.services.taas.taas_plugin [None req-4ad0981d-93bf-4968-ba37-15ffc3be1a59 71470a2c612f42bfa47f0ed8c1d5adbe 65bbc80af462451eb95bda0e04ed43d6 - - default default] TaaS: Handle Delete Port: fa9c2e77-a0fd-45d0-bd22-959b8ac89861
2026-06-16 01:55:20.175 7 INFO neutron_taas.services.taas.tap_mirror_plugin [None req-4ad0981d-93bf-4968-ba37-15ffc3be1a59 71470a2c612f42bfa47f0ed8c1d5adbe 65bbc80af462451eb95bda0e04ed43d6 - - default default] Tap Mirror: Handle Delete Port: fa9c2e77-a0fd-45d0-bd22-959b8ac89861 [pid: 7|app: 0|req: 1794/3663] 10.0.0.202 () {34 vars in 789 bytes} [Tue Jun 16 01:55:19 2026] PUT /v2.0/routers/aec34a65-4993-4c89-b55c-83e86915091f/remove_router_interface => generated 309 bytes in 890 msecs (HTTP/1.1 200) 4 headers in 157 bytes (1 switches on core 0)
2026-06-16 01:55:20.853 8 INFO neutron.api.v2.resource [None req-a0700027-9a47-4a73-893d-432c034e4bea 71470a2c612f42bfa47f0ed8c1d5adbe 65bbc80af462451eb95bda0e04ed43d6 - - default default] remove_router_interface failed (client error): The resource could not be found. [pid: 8|app: 0|req: 1870/3664] 10.0.0.202 () {34 vars in 789 bytes} [Tue Jun 16 01:55:20 2026] PUT /v2.0/routers/aec34a65-4993-4c89-b55c-83e86915091f/remove_router_interface => generated 198 bytes in 102 msecs (HTTP/1.1 404) 4 headers in 164 bytes (1 switches on core 0) /var/lib/openstack/lib/python3.12/site-packages/pycadf/identifier.py:70: UserWarning: Invalid uuid: neutron. To ensure interoperability, identifiers should be a valid uuid. warnings.warn(('Invalid uuid: %s. To ensure interoperability, '
2026-06-16 01:55:21.177 7 INFO neutron_taas.services.taas.taas_plugin [None req-fd30a375-cbdd-4393-8d3a-8c5f5e01265c 71470a2c612f42bfa47f0ed8c1d5adbe 65bbc80af462451eb95bda0e04ed43d6 - - default default] TaaS: Handle Delete Port: 97ca6351-bc52-4149-a94d-587359efbebc
2026-06-16 01:55:21.180 7 INFO neutron_taas.services.taas.tap_mirror_plugin [None req-fd30a375-cbdd-4393-8d3a-8c5f5e01265c 71470a2c612f42bfa47f0ed8c1d5adbe 65bbc80af462451eb95bda0e04ed43d6 - - default default] Tap Mirror: Handle Delete Port: 97ca6351-bc52-4149-a94d-587359efbebc [pid: 7|app: 0|req: 1795/3665] 10.0.0.202 () {34 vars in 789 bytes} [Tue Jun 16 01:55:20 2026] PUT /v2.0/routers/aec34a65-4993-4c89-b55c-83e86915091f/remove_router_interface => generated 309 bytes in 836 msecs (HTTP/1.1 200) 4 headers in 157 bytes (1 switches on core 0)
2026-06-16 01:55:21.804 8 INFO neutron.api.v2.resource [None req-df80c7c1-de28-423f-8d10-738fede7bc6d 71470a2c612f42bfa47f0ed8c1d5adbe 65bbc80af462451eb95bda0e04ed43d6 - - default default] remove_router_interface failed (client error): The resource could not be found. [pid: 8|app: 0|req: 1871/3666] 10.0.0.202 () {34 vars in 789 bytes} [Tue Jun 16 01:55:21 2026] PUT /v2.0/routers/aec34a65-4993-4c89-b55c-83e86915091f/remove_router_interface => generated 198 bytes in 106 msecs (HTTP/1.1 404) 4 headers in 164 bytes (1 switches on core 0) /var/lib/openstack/lib/python3.12/site-packages/pycadf/identifier.py:70: UserWarning: Invalid uuid: neutron. To ensure interoperability, identifiers should be a valid uuid. warnings.warn(('Invalid uuid: %s. To ensure interoperability, '
2026-06-16 01:55:22.166 7 INFO neutron_taas.services.taas.taas_plugin [None req-20d70d95-3e86-4485-bc2c-3cba2aad0a9a 71470a2c612f42bfa47f0ed8c1d5adbe 65bbc80af462451eb95bda0e04ed43d6 - - default default] TaaS: Handle Delete Port: 2624dd65-1eb7-4082-98b5-641a362ad346
2026-06-16 01:55:22.169 7 INFO neutron_taas.services.taas.tap_mirror_plugin [None req-20d70d95-3e86-4485-bc2c-3cba2aad0a9a 71470a2c612f42bfa47f0ed8c1d5adbe 65bbc80af462451eb95bda0e04ed43d6 - - default default] Tap Mirror: Handle Delete Port: 2624dd65-1eb7-4082-98b5-641a362ad346 [pid: 7|app: 0|req: 1796/3667] 10.0.0.202 () {32 vars in 724 bytes} [Tue Jun 16 01:55:21 2026] DELETE /v2.0/routers/aec34a65-4993-4c89-b55c-83e86915091f => generated 0 bytes in 744 msecs (HTTP/1.1 204) 2 headers in 112 bytes (1 switches on core 0)
2026-06-16 01:55:22.579 8 INFO neutron.api.v2.resource [None req-d6e6f475-bb9b-4ba6-8532-b368dff7c7bb 71470a2c612f42bfa47f0ed8c1d5adbe 65bbc80af462451eb95bda0e04ed43d6 - - default default] show failed (client error): The resource could not be found. [pid: 8|app: 0|req: 1872/3668] 10.0.0.202 () {32 vars in 721 bytes} [Tue Jun 16 01:55:22 2026] GET /v2.0/routers/aec34a65-4993-4c89-b55c-83e86915091f => generated 135 bytes in 21 msecs (HTTP/1.1 404) 4 headers in 164 bytes (1 switches on core 0) [pid: 7|app: 0|req: 1797/3669] 10.0.0.202 () {32 vars in 724 bytes} [Tue Jun 16 01:55:22 2026] DELETE /v2.0/subnets/cd0f7498-7d7d-45d8-a7f7-a5ddd248c0e3 => generated 0 bytes in 143 msecs (HTTP/1.1 204) 3 headers in 131 bytes (1 switches on core 0)
2026-06-16 01:55:22.744 8 INFO neutron.pecan_wsgi.hooks.translation [None req-3472d972-744e-4b32-9f4e-87abf20f6195 71470a2c612f42bfa47f0ed8c1d5adbe 65bbc80af462451eb95bda0e04ed43d6 - - default default] GET failed (client error): The resource could not be found. [pid: 8|app: 0|req: 1873/3670] 10.0.0.202 () {32 vars in 721 bytes} [Tue Jun 16 01:55:22 2026] GET /v2.0/subnets/cd0f7498-7d7d-45d8-a7f7-a5ddd248c0e3 => generated 136 bytes in 13 msecs (HTTP/1.1 404) 4 headers in 164 bytes (1 switches on core 0) [pid: 7|app: 0|req: 1798/3671] 10.0.0.202 () {32 vars in 724 bytes} [Tue Jun 16 01:55:22 2026] DELETE /v2.0/subnets/73568816-210d-454d-b98b-2d2faac9fc5c => generated 0 bytes in 214 msecs (HTTP/1.1 204) 3 headers in 131 bytes (1 switches on core 0)
2026-06-16 01:55:22.986 8 INFO neutron.pecan_wsgi.hooks.translation [None req-bd4a978c-9530-4e11-876a-4a527e0c9c16 71470a2c612f42bfa47f0ed8c1d5adbe 65bbc80af462451eb95bda0e04ed43d6 - - default default] GET failed (client error): The resource could not be found. [pid: 8|app: 0|req: 1874/3672] 10.0.0.202 () {32 vars in 721 bytes} [Tue Jun 16 01:55:22 2026] GET /v2.0/subnets/73568816-210d-454d-b98b-2d2faac9fc5c => generated 136 bytes in 19 msecs (HTTP/1.1 404) 4 headers in 164 bytes (1 switches on core 0)
2026-06-16 01:55:23.101 7 INFO neutron_taas.services.taas.taas_plugin [None req-ef4a187c-5d77-4a46-a4ad-55778db12911 71470a2c612f42bfa47f0ed8c1d5adbe 65bbc80af462451eb95bda0e04ed43d6 - - default default] TaaS: Handle Delete Port: 597fd0e2-bf79-4b8f-b511-9377f49f7882
2026-06-16 01:55:23.104 7 INFO neutron_taas.services.taas.tap_mirror_plugin [None req-ef4a187c-5d77-4a46-a4ad-55778db12911 71470a2c612f42bfa47f0ed8c1d5adbe 65bbc80af462451eb95bda0e04ed43d6 - - default default] Tap Mirror: Handle Delete Port: 597fd0e2-bf79-4b8f-b511-9377f49f7882
2026-06-16 01:55:23.333 7 INFO neutron.services.segments.plugin [-] Segment 0dc8939d-5272-4a27-94be-157b7ee8c2e3 resource provider aggregate not found [pid: 7|app: 0|req: 1799/3673] 10.0.0.202 () {32 vars in 726 bytes} [Tue Jun 16 01:55:22 2026] DELETE /v2.0/networks/ec1de7c6-b12c-4cf8-880e-1f6200b7caf9 => generated 0 bytes in 350 msecs (HTTP/1.1 204) 3 headers in 131 bytes (1 switches on core 0)
2026-06-16 01:55:23.371 7 INFO neutron.services.segments.plugin [-] Segment 0dc8939d-5272-4a27-94be-157b7ee8c2e3 resource provider not found; error: Placement Client Error (4xx): {"errors": [{"status": 404, "title": "Not Found", "detail": "The resource could not be found.\n\n No resource provider with uuid 0dc8939d-5272-4a27-94be-157b7ee8c2e3 found for delete ", "request_id": "req-9ba48942-18bf-4109-8c20-daf479f984f2"}]}
2026-06-16 01:55:23.376 8 INFO neutron.pecan_wsgi.hooks.translation [None req-84a9e864-c465-4aeb-b23e-4350cc52cce2 71470a2c612f42bfa47f0ed8c1d5adbe 65bbc80af462451eb95bda0e04ed43d6 - - default default] GET failed (client error): The resource could not be found. [pid: 8|app: 0|req: 1875/3674] 10.0.0.202 () {32 vars in 723 bytes} [Tue Jun 16 01:55:23 2026] GET /v2.0/networks/ec1de7c6-b12c-4cf8-880e-1f6200b7caf9 => generated 138 bytes in 28 msecs (HTTP/1.1 404) 4 headers in 164 bytes (1 switches on core 0)
2026-06-16 01:55:23.415 7 INFO neutron.services.segments.plugin [-] Segment 0dc8939d-5272-4a27-94be-157b7ee8c2e3 resource provider aggregate not found
2026-06-16 01:55:23.435 7 INFO neutron.services.segments.plugin [-] Segment 0dc8939d-5272-4a27-94be-157b7ee8c2e3 resource provider not found; error: Placement Client Error (4xx): {"errors": [{"status": 404, "title": "Not Found", "detail": "The resource could not be found.\n\n No resource provider with uuid 0dc8939d-5272-4a27-94be-157b7ee8c2e3 found for delete ", "request_id": "req-a490b928-e1d0-48de-817b-3492fc519e8e"}]} [pid: 7|app: 0|req: 1800/3675] 10.0.0.202 () {32 vars in 724 bytes} [Tue Jun 16 01:55:23 2026] DELETE /v2.0/subnets/19fa3dfb-e92f-4cbf-bc71-3ebc19f6b9e3 => generated 0 bytes in 135 msecs (HTTP/1.1 204) 3 headers in 131 bytes (1 switches on core 0)
2026-06-16 01:55:23.537 8 INFO neutron.pecan_wsgi.hooks.translation [None req-56f2037f-c80a-404e-810b-be0828ff470f 71470a2c612f42bfa47f0ed8c1d5adbe 65bbc80af462451eb95bda0e04ed43d6 - - default default] GET failed (client error): The resource could not be found. [pid: 8|app: 0|req: 1876/3676] 10.0.0.202 () {32 vars in 721 bytes} [Tue Jun 16 01:55:23 2026] GET /v2.0/subnets/19fa3dfb-e92f-4cbf-bc71-3ebc19f6b9e3 => generated 136 bytes in 18 msecs (HTTP/1.1 404) 4 headers in 164 bytes (1 switches on core 0) [pid: 7|app: 0|req: 1801/3677] 10.0.0.202 () {32 vars in 724 bytes} [Tue Jun 16 01:55:23 2026] DELETE /v2.0/subnets/8ae7b86a-4c39-4369-848e-7f17304ccc81 => generated 0 bytes in 180 msecs (HTTP/1.1 204) 3 headers in 131 bytes (1 switches on core 0)
2026-06-16 01:55:23.742 8 INFO neutron.pecan_wsgi.hooks.translation [None req-62655789-8b2b-4772-bc43-68b8d3ef43bb 71470a2c612f42bfa47f0ed8c1d5adbe 65bbc80af462451eb95bda0e04ed43d6 - - default default] GET failed (client error): The resource could not be found. [pid: 8|app: 0|req: 1877/3678] 10.0.0.202 () {32 vars in 721 bytes} [Tue Jun 16 01:55:23 2026] GET /v2.0/subnets/8ae7b86a-4c39-4369-848e-7f17304ccc81 => generated 136 bytes in 18 msecs (HTTP/1.1 404) 4 headers in 164 bytes (1 switches on core 0)
2026-06-16 01:55:23.868 7 INFO neutron_taas.services.taas.taas_plugin [None req-1c45547e-f62c-486a-a8b4-1a05698354f2 71470a2c612f42bfa47f0ed8c1d5adbe 65bbc80af462451eb95bda0e04ed43d6 - - default default] TaaS: Handle Delete Port: 3eaba609-c496-47d4-abcc-f5fa6b637ff3
2026-06-16 01:55:23.870 7 INFO neutron_taas.services.taas.tap_mirror_plugin [None req-1c45547e-f62c-486a-a8b4-1a05698354f2 71470a2c612f42bfa47f0ed8c1d5adbe 65bbc80af462451eb95bda0e04ed43d6 - - default default] Tap Mirror: Handle Delete Port: 3eaba609-c496-47d4-abcc-f5fa6b637ff3 [pid: 7|app: 0|req: 1802/3679] 10.0.0.202 () {32 vars in 726 bytes} [Tue Jun 16 01:55:23 2026] DELETE /v2.0/networks/8298e6c3-61fc-445d-aa22-eb6de220de13 => generated 0 bytes in 375 msecs (HTTP/1.1 204) 3 headers in 131 bytes (1 switches on core 0)
2026-06-16 01:55:24.145 8 INFO neutron.pecan_wsgi.hooks.translation [None req-ba9b0aeb-b5ca-4b0b-8def-739d95868b32 71470a2c612f42bfa47f0ed8c1d5adbe 65bbc80af462451eb95bda0e04ed43d6 - - default default] GET failed (client error): The resource could not be found. [pid: 8|app: 0|req: 1878/3680] 10.0.0.202 () {32 vars in 723 bytes} [Tue Jun 16 01:55:24 2026] GET /v2.0/networks/8298e6c3-61fc-445d-aa22-eb6de220de13 => generated 138 bytes in 20 msecs (HTTP/1.1 404) 4 headers in 164 bytes (1 switches on core 0) [pid: 7|app: 0|req: 1803/3681] 10.0.0.202 () {32 vars in 724 bytes} [Tue Jun 16 01:55:24 2026] DELETE /v2.0/subnets/1ed6ca1d-9ac4-4959-a835-7aa8f7606a24 => generated 0 bytes in 168 msecs (HTTP/1.1 204) 3 headers in 131 bytes (1 switches on core 0)
2026-06-16 01:55:24.343 8 INFO neutron.pecan_wsgi.hooks.translation [None req-4e75c1dc-aea7-4cf0-b40e-b1efcd9d5a9b 71470a2c612f42bfa47f0ed8c1d5adbe 65bbc80af462451eb95bda0e04ed43d6 - - default default] GET failed (client error): The resource could not be found. [pid: 8|app: 0|req: 1879/3682] 10.0.0.202 () {32 vars in 721 bytes} [Tue Jun 16 01:55:24 2026] GET /v2.0/subnets/1ed6ca1d-9ac4-4959-a835-7aa8f7606a24 => generated 136 bytes in 21 msecs (HTTP/1.1 404) 4 headers in 164 bytes (1 switches on core 0) [pid: 7|app: 0|req: 1804/3683] 10.0.0.202 () {32 vars in 724 bytes} [Tue Jun 16 01:55:24 2026] DELETE /v2.0/subnets/42bf6f62-575d-4107-a828-d7a5220e9e7c => generated 0 bytes in 168 msecs (HTTP/1.1 204) 3 headers in 131 bytes (1 switches on core 0)
2026-06-16 01:55:24.537 8 INFO neutron.pecan_wsgi.hooks.translation [None req-42828418-0ce6-4a0b-82d1-5174ec8630d1 71470a2c612f42bfa47f0ed8c1d5adbe 65bbc80af462451eb95bda0e04ed43d6 - - default default] GET failed (client error): The resource could not be found. [pid: 8|app: 0|req: 1880/3684] 10.0.0.202 () {32 vars in 721 bytes} [Tue Jun 16 01:55:24 2026] GET /v2.0/subnets/42bf6f62-575d-4107-a828-d7a5220e9e7c => generated 136 bytes in 16 msecs (HTTP/1.1 404) 4 headers in 164 bytes (1 switches on core 0)
2026-06-16 01:55:24.665 7 INFO neutron_taas.services.taas.taas_plugin [None req-eeea02f3-11fe-4d23-be3e-2f3ee9d21233 71470a2c612f42bfa47f0ed8c1d5adbe 65bbc80af462451eb95bda0e04ed43d6 - - default default] TaaS: Handle Delete Port: d316e338-48fc-464e-ab88-ba5638acca06
2026-06-16 01:55:24.668 7 INFO neutron_taas.services.taas.tap_mirror_plugin [None req-eeea02f3-11fe-4d23-be3e-2f3ee9d21233 71470a2c612f42bfa47f0ed8c1d5adbe 65bbc80af462451eb95bda0e04ed43d6 - - default default] Tap Mirror: Handle Delete Port: d316e338-48fc-464e-ab88-ba5638acca06 [pid: 7|app: 0|req: 1805/3685] 10.0.0.202 () {32 vars in 726 bytes} [Tue Jun 16 01:55:24 2026] DELETE /v2.0/networks/4b5801bb-a5fb-4837-acdc-b1009bca45d2 => generated 0 bytes in 335 msecs (HTTP/1.1 204) 3 headers in 131 bytes (1 switches on core 0)
2026-06-16 01:55:24.897 8 INFO neutron.pecan_wsgi.hooks.translation [None req-e28feb1b-5478-46b9-8a87-49cbf1a0dc05 71470a2c612f42bfa47f0ed8c1d5adbe 65bbc80af462451eb95bda0e04ed43d6 - - default default] GET failed (client error): The resource could not be found. [pid: 8|app: 0|req: 1881/3686] 10.0.0.202 () {32 vars in 723 bytes} [Tue Jun 16 01:55:24 2026] GET /v2.0/networks/4b5801bb-a5fb-4837-acdc-b1009bca45d2 => generated 138 bytes in 15 msecs (HTTP/1.1 404) 4 headers in 164 bytes (1 switches on core 0)
2026-06-16 01:55:25.390 7 INFO neutron.services.segments.plugin [-] Segment 571cace8-1b98-46f6-8967-72ecedc3d729 resource provider aggregate not found
2026-06-16 01:55:25.406 7 INFO neutron.services.segments.plugin [-] Segment 571cace8-1b98-46f6-8967-72ecedc3d729 resource provider not found; error: Placement Client Error (4xx): {"errors": [{"status": 404, "title": "Not Found", "detail": "The resource could not be found.\n\n No resource provider with uuid 571cace8-1b98-46f6-8967-72ecedc3d729 found for delete ", "request_id": "req-afffea51-e713-4223-9306-2525b12bab63"}]}
2026-06-16 01:55:25.420 7 INFO neutron.services.segments.plugin [-] Segment 0866e158-5ebe-49bb-b2c1-56bd51b9f958 resource provider aggregate not found
2026-06-16 01:55:25.437 7 INFO neutron.services.segments.plugin [-] Segment 0866e158-5ebe-49bb-b2c1-56bd51b9f958 resource provider not found; error: Placement Client Error (4xx): {"errors": [{"status": 404, "title": "Not Found", "detail": "The resource could not be found.\n\n No resource provider with uuid 0866e158-5ebe-49bb-b2c1-56bd51b9f958 found for delete ", "request_id": "req-9bebeca1-6fc9-4cb6-98f4-633ccab88f29"}]}
2026-06-16 01:55:25.457 7 INFO neutron.services.segments.plugin [-] Segment 571cace8-1b98-46f6-8967-72ecedc3d729 resource provider aggregate not found
2026-06-16 01:55:25.470 7 INFO neutron.services.segments.plugin [-] Segment 571cace8-1b98-46f6-8967-72ecedc3d729 resource provider not found; error: Placement Client Error (4xx): {"errors": [{"status": 404, "title": "Not Found", "detail": "The resource could not be found.\n\n No resource provider with uuid 571cace8-1b98-46f6-8967-72ecedc3d729 found for delete ", "request_id": "req-3a4baa23-4571-44f1-a22e-ce9626bab2db"}]}
2026-06-16 01:55:25.488 7 INFO neutron.services.segments.plugin [-] Segment 0866e158-5ebe-49bb-b2c1-56bd51b9f958 resource provider aggregate not found
2026-06-16 01:55:25.503 7 INFO neutron.services.segments.plugin [-] Segment 0866e158-5ebe-49bb-b2c1-56bd51b9f958 resource provider not found; error: Placement Client Error (4xx): {"errors": [{"status": 404, "title": "Not Found", "detail": "The resource could not be found.\n\n No resource provider with uuid 0866e158-5ebe-49bb-b2c1-56bd51b9f958 found for delete ", "request_id": "req-14e432d6-39b6-4ac4-a0d0-08b1ac23136b"}]}
2026-06-16 01:55:27.061 7 INFO neutron.db.ovn_revision_numbers_db [None req-387d041c-f1c7-4fb1-bb08-3ccd44351459 e9fa536ffda94dacb4c44eef5826d5a7 5dd99d2d5be941e08924039d363da37d - - default default] Successfully bumped revision number for resource e07eb1f2-3548-4ac3-bab4-1459e8b89e49 (type: security_groups) to 1
2026-06-16 01:55:27.073 7 INFO neutron.db.ovn_revision_numbers_db [None req-387d041c-f1c7-4fb1-bb08-3ccd44351459 e9fa536ffda94dacb4c44eef5826d5a7 5dd99d2d5be941e08924039d363da37d - - default default] Successfully bumped revision number for resource 0026ed51-a1f6-42b0-bfe8-96d0e6aecbd5 (type: security_group_rules) to 0
2026-06-16 01:55:27.085 7 INFO neutron.db.ovn_revision_numbers_db [None req-387d041c-f1c7-4fb1-bb08-3ccd44351459 e9fa536ffda94dacb4c44eef5826d5a7 5dd99d2d5be941e08924039d363da37d - - default default] Successfully bumped revision number for resource 043c4b1e-0edc-4777-babe-ad044a98d42e (type: security_group_rules) to 0
2026-06-16 01:55:27.097 7 INFO neutron.db.ovn_revision_numbers_db [None req-387d041c-f1c7-4fb1-bb08-3ccd44351459 e9fa536ffda94dacb4c44eef5826d5a7 5dd99d2d5be941e08924039d363da37d - - default default] Successfully bumped revision number for resource 24ecbb60-cda6-4165-ad30-d4fec26c397c (type: security_group_rules) to 0
2026-06-16 01:55:27.112 7 INFO neutron.db.ovn_revision_numbers_db [None req-387d041c-f1c7-4fb1-bb08-3ccd44351459 e9fa536ffda94dacb4c44eef5826d5a7 5dd99d2d5be941e08924039d363da37d - - default default] Successfully bumped revision number for resource b72cde40-b478-4003-8d02-54551d0ab72a (type: security_group_rules) to 0 [pid: 7|app: 0|req: 1806/3687] 10.0.0.202 () {32 vars in 774 bytes} [Tue Jun 16 01:55:26 2026] GET /v2.0/security-groups?tenant_id=598332d03b914121ace56699a40a351e&name=default => generated 2929 bytes in 411 msecs (HTTP/1.1 200) 4 headers in 158 bytes (1 switches on core 0) [pid: 8|app: 0|req: 1882/3688] 10.0.0.202 () {32 vars in 740 bytes} [Tue Jun 16 01:55:27 2026] DELETE /v2.0/security-groups/e07eb1f2-3548-4ac3-bab4-1459e8b89e49 => generated 0 bytes in 295 msecs (HTTP/1.1 204) 2 headers in 112 bytes (1 switches on core 0)
2026-06-16 01:55:27.657 7 INFO neutron.db.ovn_revision_numbers_db [None req-98f9030e-ae66-4a7f-b969-1b7c9c9a8cad e9fa536ffda94dacb4c44eef5826d5a7 5dd99d2d5be941e08924039d363da37d - - default default] Successfully bumped revision number for resource a2b0d43d-88fa-4fa7-9eac-6762ea30c43d (type: security_groups) to 1
2026-06-16 01:55:27.668 7 INFO neutron.db.ovn_revision_numbers_db [None req-98f9030e-ae66-4a7f-b969-1b7c9c9a8cad e9fa536ffda94dacb4c44eef5826d5a7 5dd99d2d5be941e08924039d363da37d - - default default] Successfully bumped revision number for resource 9cffa57a-3591-4ad8-950e-9fb90645a022 (type: security_group_rules) to 0
2026-06-16 01:55:27.680 7 INFO neutron.db.ovn_revision_numbers_db [None req-98f9030e-ae66-4a7f-b969-1b7c9c9a8cad e9fa536ffda94dacb4c44eef5826d5a7 5dd99d2d5be941e08924039d363da37d - - default default] Successfully bumped revision number for resource e97610c2-e7ca-4d9a-b5f9-1a2558b83839 (type: security_group_rules) to 0
2026-06-16 01:55:27.693 7 INFO neutron.db.ovn_revision_numbers_db [None req-98f9030e-ae66-4a7f-b969-1b7c9c9a8cad e9fa536ffda94dacb4c44eef5826d5a7 5dd99d2d5be941e08924039d363da37d - - default default] Successfully bumped revision number for resource ee5dd4b2-d731-401e-a0bd-44da88d75f2f (type: security_group_rules) to 0
2026-06-16 01:55:27.704 7 INFO neutron.db.ovn_revision_numbers_db [None req-98f9030e-ae66-4a7f-b969-1b7c9c9a8cad e9fa536ffda94dacb4c44eef5826d5a7 5dd99d2d5be941e08924039d363da37d - - default default] Successfully bumped revision number for resource fd2c477a-0118-4bf6-8ae0-03e1b0f326ed (type: security_group_rules) to 0 [pid: 7|app: 0|req: 1807/3689] 10.0.0.202 () {32 vars in 774 bytes} [Tue Jun 16 01:55:27 2026] GET /v2.0/security-groups?tenant_id=5c8f60a3e5e544bebcefad35fa5d2bd5&name=default => generated 2929 bytes in 214 msecs (HTTP/1.1 200) 4 headers in 158 bytes (1 switches on core 0) [pid: 8|app: 0|req: 1883/3690] 10.0.0.202 () {32 vars in 740 bytes} [Tue Jun 16 01:55:27 2026] DELETE /v2.0/security-groups/a2b0d43d-88fa-4fa7-9eac-6762ea30c43d => generated 0 bytes in 231 msecs (HTTP/1.1 204) 2 headers in 112 bytes (1 switches on core 0)
2026-06-16 01:55:28.251 7 INFO neutron.db.ovn_revision_numbers_db [None req-5ea093f6-5c3d-41d8-89aa-807c413d9f8d e9fa536ffda94dacb4c44eef5826d5a7 5dd99d2d5be941e08924039d363da37d - - default default] Successfully bumped revision number for resource 39702381-3717-4f04-b7e9-2270cc6f71ea (type: security_groups) to 1
2026-06-16 01:55:28.262 7 INFO neutron.db.ovn_revision_numbers_db [None req-5ea093f6-5c3d-41d8-89aa-807c413d9f8d e9fa536ffda94dacb4c44eef5826d5a7 5dd99d2d5be941e08924039d363da37d - - default default] Successfully bumped revision number for resource 142f864d-2d2d-4f11-acce-c975f5cb06e5 (type: security_group_rules) to 0
2026-06-16 01:55:28.276 7 INFO neutron.db.ovn_revision_numbers_db [None req-5ea093f6-5c3d-41d8-89aa-807c413d9f8d e9fa536ffda94dacb4c44eef5826d5a7 5dd99d2d5be941e08924039d363da37d - - default default] Successfully bumped revision number for resource 39559b35-1aac-4366-abc5-7f85ce81648f (type: security_group_rules) to 0
2026-06-16 01:55:28.287 7 INFO neutron.db.ovn_revision_numbers_db [None req-5ea093f6-5c3d-41d8-89aa-807c413d9f8d e9fa536ffda94dacb4c44eef5826d5a7 5dd99d2d5be941e08924039d363da37d - - default default] Successfully bumped revision number for resource 85a37314-92df-408d-92eb-183d812c3ac3 (type: security_group_rules) to 0
2026-06-16 01:55:28.298 7 INFO neutron.db.ovn_revision_numbers_db [None req-5ea093f6-5c3d-41d8-89aa-807c413d9f8d e9fa536ffda94dacb4c44eef5826d5a7 5dd99d2d5be941e08924039d363da37d - - default default] Successfully bumped revision number for resource e7f998a1-ae25-457a-8132-f958e1b5f68f (type: security_group_rules) to 0 [pid: 7|app: 0|req: 1808/3691] 10.0.0.202 () {32 vars in 774 bytes} [Tue Jun 16 01:55:28 2026] GET /v2.0/security-groups?tenant_id=8829b54c36154acbaf4f44d10f525c2d&name=default => generated 2929 bytes in 226 msecs (HTTP/1.1 200) 4 headers in 158 bytes (1 switches on core 0) [pid: 8|app: 0|req: 1884/3692] 10.0.0.202 () {32 vars in 740 bytes} [Tue Jun 16 01:55:28 2026] DELETE /v2.0/security-groups/39702381-3717-4f04-b7e9-2270cc6f71ea => generated 0 bytes in 214 msecs (HTTP/1.1 204) 2 headers in 112 bytes (1 switches on core 0)
2026-06-16 01:55:28.819 7 INFO neutron.db.ovn_revision_numbers_db [None req-7f5a0039-1d0f-4932-a5ec-13ba144e4d56 e9fa536ffda94dacb4c44eef5826d5a7 5dd99d2d5be941e08924039d363da37d - - default default] Successfully bumped revision number for resource b05d00a5-8cb9-4d20-8f84-a27441722822 (type: security_groups) to 1
2026-06-16 01:55:28.832 7 INFO neutron.db.ovn_revision_numbers_db [None req-7f5a0039-1d0f-4932-a5ec-13ba144e4d56 e9fa536ffda94dacb4c44eef5826d5a7 5dd99d2d5be941e08924039d363da37d - - default default] Successfully bumped revision number for resource 2c0afb35-6176-4cc2-bd2d-201b114116d7 (type: security_group_rules) to 0
2026-06-16 01:55:28.844 7 INFO neutron.db.ovn_revision_numbers_db [None req-7f5a0039-1d0f-4932-a5ec-13ba144e4d56 e9fa536ffda94dacb4c44eef5826d5a7 5dd99d2d5be941e08924039d363da37d - - default default] Successfully bumped revision number for resource 433c3611-59fd-4a87-b693-4d3094b63cd7 (type: security_group_rules) to 0
2026-06-16 01:55:28.858 7 INFO neutron.db.ovn_revision_numbers_db [None req-7f5a0039-1d0f-4932-a5ec-13ba144e4d56 e9fa536ffda94dacb4c44eef5826d5a7 5dd99d2d5be941e08924039d363da37d - - default default] Successfully bumped revision number for resource c074d3f9-dc9f-45d9-a0e4-44c52be1575e (type: security_group_rules) to 0
2026-06-16 01:55:28.873 7 INFO neutron.db.ovn_revision_numbers_db [None req-7f5a0039-1d0f-4932-a5ec-13ba144e4d56 e9fa536ffda94dacb4c44eef5826d5a7 5dd99d2d5be941e08924039d363da37d - - default default] Successfully bumped revision number for resource c7218514-2f70-4c57-8d42-dcba703758ad (type: security_group_rules) to 0 [pid: 7|app: 0|req: 1809/3693] 10.0.0.202 () {32 vars in 774 bytes} [Tue Jun 16 01:55:28 2026] GET /v2.0/security-groups?tenant_id=f545b870fb654f91a9d482257e775df6&name=default => generated 2929 bytes in 244 msecs (HTTP/1.1 200) 4 headers in 158 bytes (1 switches on core 0) [pid: 8|app: 0|req: 1885/3694] 10.0.0.202 () {32 vars in 740 bytes} [Tue Jun 16 01:55:28 2026] DELETE /v2.0/security-groups/b05d00a5-8cb9-4d20-8f84-a27441722822 => generated 0 bytes in 246 msecs (HTTP/1.1 204) 2 headers in 112 bytes (1 switches on core 0)
2026-06-16 01:55:29.425 7 INFO neutron.db.ovn_revision_numbers_db [None req-397e505e-a1b3-4316-89d8-8b105e54cb14 e9fa536ffda94dacb4c44eef5826d5a7 5dd99d2d5be941e08924039d363da37d - - default default] Successfully bumped revision number for resource bee24dc6-6471-462e-9c4a-fbc487bf9997 (type: security_groups) to 1
2026-06-16 01:55:29.438 7 INFO neutron.db.ovn_revision_numbers_db [None req-397e505e-a1b3-4316-89d8-8b105e54cb14 e9fa536ffda94dacb4c44eef5826d5a7 5dd99d2d5be941e08924039d363da37d - - default default] Successfully bumped revision number for resource 151fd4fe-1c01-4e52-a4b0-ba75a927d549 (type: security_group_rules) to 0
