Apr 21 13:55:07.972778 np0000168718 devstack@neutron-api.service[104195]: DEBUG neutron_lib.callbacks.manager [None req-54f5816c-f2b4-4044-bf74-84f2526e6f1f None None] Subscribe: > qos_plugin after_init 55550000, False {{(pid=104195) subscribe /opt/stack/data/venv/lib/python3.12/site-packages/neutron_lib/callbacks/manager.py:52}}
Apr 21 13:55:07.973161 np0000168718 devstack@neutron-api.service[104195]: DEBUG neutron_lib.callbacks.manager [None req-54f5816c-f2b4-4044-bf74-84f2526e6f1f None None] Subscribe: > trunk_plugin after_init 55550000, False {{(pid=104195) subscribe /opt/stack/data/venv/lib/python3.12/site-packages/neutron_lib/callbacks/manager.py:52}}
Apr 21 13:55:07.973337 np0000168718 devstack@neutron-api.service[104193]: DEBUG neutron.services.provider_configuration [None req-0679f28a-687a-4d10-bfbc-9b614d864823 None None] Service providers = [] {{(pid=104193) parse_service_provider_opt /opt/stack/neutron/neutron/services/provider_configuration.py:170}}
Apr 21 13:55:07.973337 np0000168718 devstack@neutron-api.service[104193]: DEBUG neutron.db.servicetype_db [None req-0679f28a-687a-4d10-bfbc-9b614d864823 None None] Adding provider configuration for service L3_ROUTER_NAT {{(pid=104193) add_provider_configuration /opt/stack/neutron/neutron/db/servicetype_db.py:42}}
Apr 21 13:55:07.973525 np0000168718 devstack@neutron-api.service[104195]: DEBUG neutron_lib.callbacks.manager [None req-54f5816c-f2b4-4044-bf74-84f2526e6f1f None None] Subscribe: > logging-plugin after_init 55550000, False {{(pid=104195) subscribe /opt/stack/data/venv/lib/python3.12/site-packages/neutron_lib/callbacks/manager.py:52}}
Apr 21 13:55:07.974550 np0000168718 devstack@neutron-api.service[104193]: DEBUG neutron_lib.callbacks.manager [None req-0679f28a-687a-4d10-bfbc-9b614d864823 None None] Subscribe: > router precommit_create 55549900, False {{(pid=104193) subscribe /opt/stack/data/venv/lib/python3.12/site-packages/neutron_lib/callbacks/manager.py:52}}
Apr 21 13:55:07.974637 np0000168718 devstack@neutron-api.service[104195]: INFO neutron.services.logapi.drivers.ovn.driver [None req-54f5816c-f2b4-4044-bf74-84f2526e6f1f None None] OVN logging driver registered
Apr 21 13:55:07.974698 np0000168718 devstack@neutron-api.service[104193]: DEBUG neutron_lib.callbacks.manager [None req-0679f28a-687a-4d10-bfbc-9b614d864823 None None] Subscribe: > router_interface after_create 55550000, False {{(pid=104193) subscribe /opt/stack/data/venv/lib/python3.12/site-packages/neutron_lib/callbacks/manager.py:52}}
Apr 21 13:55:07.974842 np0000168718 devstack@neutron-api.service[104193]: DEBUG neutron_lib.callbacks.manager [None req-0679f28a-687a-4d10-bfbc-9b614d864823 None None] Subscribe: > floatingip after_create 55550000, False {{(pid=104193) subscribe /opt/stack/data/venv/lib/python3.12/site-packages/neutron_lib/callbacks/manager.py:52}}
Apr 21 13:55:07.974979 np0000168718 devstack@neutron-api.service[104193]: DEBUG neutron_lib.callbacks.manager [None req-0679f28a-687a-4d10-bfbc-9b614d864823 None None] Subscribe: > floatingip precommit_create 55550000, False {{(pid=104193) subscribe /opt/stack/data/venv/lib/python3.12/site-packages/neutron_lib/callbacks/manager.py:52}}
Apr 21 13:55:07.975062 np0000168718 devstack@neutron-api.service[104193]: DEBUG neutron_lib.callbacks.manager [None req-0679f28a-687a-4d10-bfbc-9b614d864823 None None] Subscribe: > floatingip precommit_update 55550000, False {{(pid=104193) subscribe /opt/stack/data/venv/lib/python3.12/site-packages/neutron_lib/callbacks/manager.py:52}}
Apr 21 13:55:07.975154 np0000168718 devstack@neutron-api.service[104193]: DEBUG neutron_lib.callbacks.manager [None req-0679f28a-687a-4d10-bfbc-9b614d864823 None None] Subscribe: > floatingip after_delete 55550000, False {{(pid=104193) subscribe /opt/stack/data/venv/lib/python3.12/site-packages/neutron_lib/callbacks/manager.py:52}}
Apr 21 13:55:07.975253 np0000168718 devstack@neutron-api.service[104193]: DEBUG neutron_lib.callbacks.manager [None req-0679f28a-687a-4d10-bfbc-9b614d864823 None None] Subscribe: > floatingip after_status_update 55550000, False {{(pid=104193) subscribe /opt/stack/data/venv/lib/python3.12/site-packages/neutron_lib/callbacks/manager.py:52}}
Apr 21 13:55:07.975544 np0000168718 devstack@neutron-api.service[104193]: DEBUG neutron_lib.callbacks.manager [None req-0679f28a-687a-4d10-bfbc-9b614d864823 None None] Subscribe: > floatingip after_update 55550000, False {{(pid=104193) subscribe /opt/stack/data/venv/lib/python3.12/site-packages/neutron_lib/callbacks/manager.py:52}}
Apr 21 13:55:07.975544 np0000168718 devstack@neutron-api.service[104193]: DEBUG neutron_lib.callbacks.manager [None req-0679f28a-687a-4d10-bfbc-9b614d864823 None None] Subscribe: > port_forwarding after_create 55550000, False {{(pid=104193) subscribe /opt/stack/data/venv/lib/python3.12/site-packages/neutron_lib/callbacks/manager.py:52}}
Apr 21 13:55:07.975544 np0000168718 devstack@neutron-api.service[104193]: DEBUG neutron_lib.callbacks.manager [None req-0679f28a-687a-4d10-bfbc-9b614d864823 None None] Subscribe: > router_interface after_delete 55550000, False {{(pid=104193) subscribe /opt/stack/data/venv/lib/python3.12/site-packages/neutron_lib/callbacks/manager.py:52}}
Apr 21 13:55:07.975790 np0000168718 devstack@neutron-api.service[104193]: DEBUG neutron_lib.callbacks.manager [None req-0679f28a-687a-4d10-bfbc-9b614d864823 None None] Subscribe: > router after_create 55550000, False {{(pid=104193) subscribe /opt/stack/data/venv/lib/python3.12/site-packages/neutron_lib/callbacks/manager.py:52}}
Apr 21 13:55:07.975790 np0000168718 devstack@neutron-api.service[104193]: DEBUG neutron_lib.callbacks.manager [None req-0679f28a-687a-4d10-bfbc-9b614d864823 None None] Subscribe: > router precommit_create 55550000, False {{(pid=104193) subscribe /opt/stack/data/venv/lib/python3.12/site-packages/neutron_lib/callbacks/manager.py:52}}
Apr 21 13:55:07.975959 np0000168718 devstack@neutron-api.service[104193]: DEBUG neutron_lib.callbacks.manager [None req-0679f28a-687a-4d10-bfbc-9b614d864823 None None] Subscribe: > router after_delete 55550000, False {{(pid=104193) subscribe /opt/stack/data/venv/lib/python3.12/site-packages/neutron_lib/callbacks/manager.py:52}}
Apr 21 13:55:07.975959 np0000168718 devstack@neutron-api.service[104193]: DEBUG neutron_lib.callbacks.manager [None req-0679f28a-687a-4d10-bfbc-9b614d864823 None None] Subscribe: > router after_update 55550000, False {{(pid=104193) subscribe /opt/stack/data/venv/lib/python3.12/site-packages/neutron_lib/callbacks/manager.py:52}}
Apr 21 13:55:07.976162 np0000168718 devstack@neutron-api.service[104193]: DEBUG neutron.services.service_base [None req-0679f28a-687a-4d10-bfbc-9b614d864823 None None] Loaded 'neutron.services.ovn_l3.service_providers.ovn.OvnDriver' provider for service L3_ROUTER_NAT {{(pid=104193) load_drivers /opt/stack/neutron/neutron/services/service_base.py:49}}
Apr 21 13:55:07.976241 np0000168718 devstack@neutron-api.service[104193]: DEBUG neutron_lib.callbacks.manager [None req-0679f28a-687a-4d10-bfbc-9b614d864823 None None] Subscribe: > process after_init 55550001, True {{(pid=104193) subscribe /opt/stack/data/venv/lib/python3.12/site-packages/neutron_lib/callbacks/manager.py:52}}
Apr 21 13:55:07.976360 np0000168718 devstack@neutron-api.service[104193]: DEBUG neutron.manager [None req-0679f28a-687a-4d10-bfbc-9b614d864823 None None] Successfully loaded L3_ROUTER_NAT plugin. Description: L3 Router Service Plugin for basic L3 forwarding using OVN {{(pid=104193) _create_and_add_service_plugin /opt/stack/neutron/neutron/manager.py:239}}
Apr 21 13:55:07.976410 np0000168718 devstack@neutron-api.service[104193]: INFO neutron.manager [None req-0679f28a-687a-4d10-bfbc-9b614d864823 None None] Loading Plugin: auto_allocate
Apr 21 13:55:07.977373 np0000168718 devstack@neutron-api.service[104193]: DEBUG neutron_lib.callbacks.manager [None req-0679f28a-687a-4d10-bfbc-9b614d864823 None None] Subscribe: network precommit_update 55550000, False {{(pid=104193) subscribe /opt/stack/data/venv/lib/python3.12/site-packages/neutron_lib/callbacks/manager.py:52}}
Apr 21 13:55:07.977503 np0000168718 devstack@neutron-api.service[104193]: DEBUG neutron_lib.callbacks.manager [None req-0679f28a-687a-4d10-bfbc-9b614d864823 None None] Subscribe: network precommit_create 55550000, False {{(pid=104193) subscribe /opt/stack/data/venv/lib/python3.12/site-packages/neutron_lib/callbacks/manager.py:52}}
Apr 21 13:55:07.977723 np0000168718 devstack@neutron-api.service[104193]: DEBUG neutron.manager [None req-0679f28a-687a-4d10-bfbc-9b614d864823 None None] Successfully loaded auto-allocated-topology plugin. Description: Auto Allocated Topology - aka get me a network. {{(pid=104193) _create_and_add_service_plugin /opt/stack/neutron/neutron/manager.py:239}}
Apr 21 13:55:07.977877 np0000168718 devstack@neutron-api.service[104193]: INFO neutron.manager [None req-0679f28a-687a-4d10-bfbc-9b614d864823 None None] Loading Plugin: tag
Apr 21 13:55:07.978615 np0000168718 devstack@neutron-api.service[104195]: DEBUG neutron.plugins.ml2.plugin [None req-54f5816c-f2b4-4044-bf74-84f2526e6f1f None None] neutron.plugins.ml2.plugin.Ml2Plugin method _start_rpc_notifiers called with arguments () {} {{(pid=104195) wrapper /opt/stack/data/venv/lib/python3.12/site-packages/oslo_log/helpers.py:77}}
Apr 21 13:55:07.979053 np0000168718 devstack@neutron-api.service[104195]: DEBUG neutron_lib.callbacks.manager [None req-54f5816c-f2b4-4044-bf74-84f2526e6f1f None None] Subscribe: > port after_create 55550000, False {{(pid=104195) subscribe /opt/stack/data/venv/lib/python3.12/site-packages/neutron_lib/callbacks/manager.py:52}}
Apr 21 13:55:07.979298 np0000168718 devstack@neutron-api.service[104195]: DEBUG neutron_lib.callbacks.manager [None req-54f5816c-f2b4-4044-bf74-84f2526e6f1f None None] Subscribe: > port after_update 55550000, False {{(pid=104195) subscribe /opt/stack/data/venv/lib/python3.12/site-packages/neutron_lib/callbacks/manager.py:52}}
Apr 21 13:55:07.979457 np0000168718 devstack@neutron-api.service[104195]: DEBUG neutron_lib.callbacks.manager [None req-54f5816c-f2b4-4044-bf74-84f2526e6f1f None None] Subscribe: > port after_delete 55550000, False {{(pid=104195) subscribe /opt/stack/data/venv/lib/python3.12/site-packages/neutron_lib/callbacks/manager.py:52}}
Apr 21 13:55:07.979631 np0000168718 devstack@neutron-api.service[104195]: DEBUG neutron_lib.callbacks.manager [None req-54f5816c-f2b4-4044-bf74-84f2526e6f1f None None] Subscribe: > subnet after_create 55550000, False {{(pid=104195) subscribe /opt/stack/data/venv/lib/python3.12/site-packages/neutron_lib/callbacks/manager.py:52}}
Apr 21 13:55:07.979887 np0000168718 devstack@neutron-api.service[104195]: DEBUG neutron_lib.callbacks.manager [None req-54f5816c-f2b4-4044-bf74-84f2526e6f1f None None] Subscribe: > subnet after_update 55550000, False {{(pid=104195) subscribe /opt/stack/data/venv/lib/python3.12/site-packages/neutron_lib/callbacks/manager.py:52}}
Apr 21 13:55:07.980077 np0000168718 devstack@neutron-api.service[104195]: DEBUG neutron_lib.callbacks.manager [None req-54f5816c-f2b4-4044-bf74-84f2526e6f1f None None] Subscribe: > subnet after_delete 55550000, False {{(pid=104195) subscribe /opt/stack/data/venv/lib/python3.12/site-packages/neutron_lib/callbacks/manager.py:52}}
Apr 21 13:55:07.980280 np0000168718 devstack@neutron-api.service[104195]: DEBUG neutron_lib.callbacks.manager [None req-54f5816c-f2b4-4044-bf74-84f2526e6f1f None None] Subscribe: > network after_create 55550000, False {{(pid=104195) subscribe /opt/stack/data/venv/lib/python3.12/site-packages/neutron_lib/callbacks/manager.py:52}}
Apr 21 13:55:07.980449 np0000168718 devstack@neutron-api.service[104195]: DEBUG neutron_lib.callbacks.manager [None req-54f5816c-f2b4-4044-bf74-84f2526e6f1f None None] Subscribe: > network after_update 55550000, False {{(pid=104195) subscribe /opt/stack/data/venv/lib/python3.12/site-packages/neutron_lib/callbacks/manager.py:52}}
Apr 21 13:55:07.980709 np0000168718 devstack@neutron-api.service[104195]: DEBUG neutron_lib.callbacks.manager [None req-54f5816c-f2b4-4044-bf74-84f2526e6f1f None None] Subscribe: > network after_delete 55550000, False {{(pid=104195) subscribe /opt/stack/data/venv/lib/python3.12/site-packages/neutron_lib/callbacks/manager.py:52}}
Apr 21 13:55:07.980747 np0000168718 devstack@neutron-api.service[104193]: DEBUG neutron.manager [None req-0679f28a-687a-4d10-bfbc-9b614d864823 None None] Successfully loaded TAG plugin. Description: Tag support {{(pid=104193) _create_and_add_service_plugin /opt/stack/neutron/neutron/manager.py:239}}
Apr 21 13:55:07.980890 np0000168718 devstack@neutron-api.service[104193]: INFO neutron.manager [None req-0679f28a-687a-4d10-bfbc-9b614d864823 None None] Loading Plugin: timestamp
Apr 21 13:55:07.980961 np0000168718 devstack@neutron-api.service[104195]: DEBUG neutron_lib.callbacks.manager [None req-54f5816c-f2b4-4044-bf74-84f2526e6f1f None None] Subscribe: > security_group after_create 55550000, False {{(pid=104195) subscribe /opt/stack/data/venv/lib/python3.12/site-packages/neutron_lib/callbacks/manager.py:52}}
Apr 21 13:55:07.981105 np0000168718 devstack@neutron-api.service[104195]: DEBUG neutron_lib.callbacks.manager [None req-54f5816c-f2b4-4044-bf74-84f2526e6f1f None None] Subscribe: > security_group after_update 55550000, False {{(pid=104195) subscribe /opt/stack/data/venv/lib/python3.12/site-packages/neutron_lib/callbacks/manager.py:52}}
Apr 21 13:55:07.981339 np0000168718 devstack@neutron-api.service[104195]: DEBUG neutron_lib.callbacks.manager [None req-54f5816c-f2b4-4044-bf74-84f2526e6f1f None None] Subscribe: > security_group after_delete 55550000, False {{(pid=104195) subscribe /opt/stack/data/venv/lib/python3.12/site-packages/neutron_lib/callbacks/manager.py:52}}
Apr 21 13:55:07.981436 np0000168718 devstack@neutron-api.service[104195]: DEBUG neutron_lib.callbacks.manager [None req-54f5816c-f2b4-4044-bf74-84f2526e6f1f None None] Subscribe: > security_group_rule after_create 55550000, False {{(pid=104195) subscribe /opt/stack/data/venv/lib/python3.12/site-packages/neutron_lib/callbacks/manager.py:52}}
Apr 21 13:55:07.981683 np0000168718 devstack@neutron-api.service[104195]: DEBUG neutron_lib.callbacks.manager [None req-54f5816c-f2b4-4044-bf74-84f2526e6f1f None None] Subscribe: > security_group_rule after_update 55550000, False {{(pid=104195) subscribe /opt/stack/data/venv/lib/python3.12/site-packages/neutron_lib/callbacks/manager.py:52}}
Apr 21 13:55:07.981943 np0000168718 devstack@neutron-api.service[104195]: DEBUG neutron_lib.callbacks.manager [None req-54f5816c-f2b4-4044-bf74-84f2526e6f1f None None] Subscribe: > security_group_rule after_delete 55550000, False {{(pid=104195) subscribe /opt/stack/data/venv/lib/python3.12/site-packages/neutron_lib/callbacks/manager.py:52}}
Apr 21 13:55:07.982102 np0000168718 devstack@neutron-api.service[104195]: DEBUG neutron_lib.callbacks.manager [None req-54f5816c-f2b4-4044-bf74-84f2526e6f1f None None] Subscribe: > address_group after_create 55550000, False {{(pid=104195) subscribe /opt/stack/data/venv/lib/python3.12/site-packages/neutron_lib/callbacks/manager.py:52}}
Apr 21 13:55:07.982146 np0000168718 devstack@neutron-api.service[104193]: DEBUG neutron.manager [None req-0679f28a-687a-4d10-bfbc-9b614d864823 None None] Successfully loaded timestamp plugin. Description: Adds timestamps to Neutron resources with standard attributes {{(pid=104193) _create_and_add_service_plugin /opt/stack/neutron/neutron/manager.py:239}}
Apr 21 13:55:07.982273 np0000168718 devstack@neutron-api.service[104193]: INFO neutron.manager [None req-0679f28a-687a-4d10-bfbc-9b614d864823 None None] Loading Plugin: network_ip_availability
Apr 21 13:55:07.982319 np0000168718 devstack@neutron-api.service[104195]: DEBUG neutron_lib.callbacks.manager [None req-54f5816c-f2b4-4044-bf74-84f2526e6f1f None None] Subscribe: > address_group after_update 55550000, False {{(pid=104195) subscribe /opt/stack/data/venv/lib/python3.12/site-packages/neutron_lib/callbacks/manager.py:52}}
Apr 21 13:55:07.982583 np0000168718 devstack@neutron-api.service[104195]: DEBUG neutron_lib.callbacks.manager [None req-54f5816c-f2b4-4044-bf74-84f2526e6f1f None None] Subscribe: > address_group after_delete 55550000, False {{(pid=104195) subscribe /opt/stack/data/venv/lib/python3.12/site-packages/neutron_lib/callbacks/manager.py:52}}
Apr 21 13:55:07.982853 np0000168718 devstack@neutron-api.service[104195]: DEBUG neutron.plugins.ml2.ovo_rpc [None req-54f5816c-f2b4-4044-bf74-84f2526e6f1f None None] ML2 OVO RPC backend initialized. {{(pid=104195) __init__ /opt/stack/neutron/neutron/plugins/ml2/ovo_rpc.py:117}}
Apr 21 13:55:07.983749 np0000168718 devstack@neutron-api.service[104193]: DEBUG neutron.manager [None req-0679f28a-687a-4d10-bfbc-9b614d864823 None None] Successfully loaded network-ip-availability plugin. Description: Provides IP availability data for each network and subnet. {{(pid=104193) _create_and_add_service_plugin /opt/stack/neutron/neutron/manager.py:239}}
Apr 21 13:55:07.983848 np0000168718 devstack@neutron-api.service[104193]: INFO neutron.manager [None req-0679f28a-687a-4d10-bfbc-9b614d864823 None None] Loading Plugin: flavors
Apr 21 13:55:07.984490 np0000168718 devstack@neutron-api.service[104195]: INFO neutron.quota [None req-54f5816c-f2b4-4044-bf74-84f2526e6f1f None None] Loaded quota_driver: .
Apr 21 13:55:07.984718 np0000168718 devstack@neutron-api.service[104195]: INFO neutron.plugins.ml2.plugin [None req-54f5816c-f2b4-4044-bf74-84f2526e6f1f None None] Modular L2 Plugin initialization complete
Apr 21 13:55:07.984800 np0000168718 devstack@neutron-api.service[104193]: DEBUG neutron.manager [None req-0679f28a-687a-4d10-bfbc-9b614d864823 None None] Successfully loaded FLAVORS plugin. Description: Neutron Flavors and Service Profiles manager plugin {{(pid=104193) _create_and_add_service_plugin /opt/stack/neutron/neutron/manager.py:239}}
Apr 21 13:55:07.984896 np0000168718 devstack@neutron-api.service[104193]: INFO neutron.manager [None req-0679f28a-687a-4d10-bfbc-9b614d864823 None None] Loading Plugin: revisions
Apr 21 13:55:07.985035 np0000168718 devstack@neutron-api.service[104195]: DEBUG neutron.manager [None req-54f5816c-f2b4-4044-bf74-84f2526e6f1f None None] Loading services supported by the core plugin {{(pid=104195) _load_services_from_core_plugin /opt/stack/neutron/neutron/manager.py:170}}
Apr 21 13:55:07.985298 np0000168718 devstack@neutron-api.service[104195]: INFO neutron.plugins.ml2.managers [None req-54f5816c-f2b4-4044-bf74-84f2526e6f1f None None] Got port-security extension from driver 'port_security'
Apr 21 13:55:07.985910 np0000168718 devstack@neutron-api.service[104195]: DEBUG neutron.manager [None req-54f5816c-f2b4-4044-bf74-84f2526e6f1f None None] Loading service plugins: ['ovn-router', 'auto_allocate', 'tag', 'timestamp', 'network_ip_availability', 'flavors', 'revisions'] {{(pid=104195) _load_service_plugins /opt/stack/neutron/neutron/manager.py:195}}
Apr 21 13:55:07.985952 np0000168718 devstack@neutron-api.service[104193]: DEBUG neutron.manager [None req-0679f28a-687a-4d10-bfbc-9b614d864823 None None] Successfully loaded revision_plugin plugin. Description: Adds revision numbers to resources. {{(pid=104193) _create_and_add_service_plugin /opt/stack/neutron/neutron/manager.py:239}}
Apr 21 13:55:07.986134 np0000168718 devstack@neutron-api.service[104195]: INFO neutron.manager [None req-54f5816c-f2b4-4044-bf74-84f2526e6f1f None None] Loading Plugin: ovn-router
Apr 21 13:55:07.986184 np0000168718 devstack@neutron-api.service[104193]: DEBUG oslo_concurrency.lockutils [None req-0679f28a-687a-4d10-bfbc-9b614d864823 None None] Lock "manager" "released" by "neutron.manager.NeutronManager._create_instance" :: held 4.807s {{(pid=104193) inner /opt/stack/data/venv/lib/python3.12/site-packages/oslo_concurrency/lockutils.py:538}}
Apr 21 13:55:07.986312 np0000168718 devstack@neutron-api.service[104193]: DEBUG neutron.api.extensions [None req-0679f28a-687a-4d10-bfbc-9b614d864823 None None] get_extension_paths = OrderedDict({'/opt/stack/neutron/neutron/extensions': 1}) {{(pid=104193) get_extensions_path /opt/stack/neutron/neutron/api/extensions.py:640}}
Apr 21 13:55:07.986445 np0000168718 devstack@neutron-api.service[104193]: INFO neutron.api.extensions [None req-0679f28a-687a-4d10-bfbc-9b614d864823 None None] Initializing extension manager.
Apr 21 13:55:07.986727 np0000168718 devstack@neutron-api.service[104193]: DEBUG neutron.api.extensions [None req-0679f28a-687a-4d10-bfbc-9b614d864823 None None] Loading extension file: __init__.py {{(pid=104193) _load_all_extensions_from_path /opt/stack/neutron/neutron/api/extensions.py:449}}
Apr 21 13:55:07.986814 np0000168718 devstack@neutron-api.service[104193]: DEBUG neutron.api.extensions [None req-0679f28a-687a-4d10-bfbc-9b614d864823 None None] Loading extension file: __pycache__ {{(pid=104193) _load_all_extensions_from_path /opt/stack/neutron/neutron/api/extensions.py:449}}
Apr 21 13:55:07.987060 np0000168718 devstack@neutron-api.service[104193]: DEBUG neutron.api.extensions [None req-0679f28a-687a-4d10-bfbc-9b614d864823 None None] Loading extension file: address_group.py {{(pid=104193) _load_all_extensions_from_path /opt/stack/neutron/neutron/api/extensions.py:449}}
Apr 21 13:55:07.987270 np0000168718 devstack@neutron-api.service[104193]: DEBUG neutron.api.extensions [None req-0679f28a-687a-4d10-bfbc-9b614d864823 None None] Ext name="Address group" alias="address-group" description="Support address group" updated="2020-07-15T10:00:00-00:00" {{(pid=104193) _check_extension /opt/stack/neutron/neutron/api/extensions.py:415}}
Apr 21 13:55:07.987667 np0000168718 devstack@neutron-api.service[104193]: INFO neutron.api.extensions [None req-0679f28a-687a-4d10-bfbc-9b614d864823 None None] Loaded extension: address-group
Apr 21 13:55:07.987667 np0000168718 devstack@neutron-api.service[104193]: DEBUG neutron.api.extensions [None req-0679f28a-687a-4d10-bfbc-9b614d864823 None None] Loading extension file: address_scope.py {{(pid=104193) _load_all_extensions_from_path /opt/stack/neutron/neutron/api/extensions.py:449}}
Apr 21 13:55:07.988036 np0000168718 devstack@neutron-api.service[104193]: DEBUG neutron.api.extensions [None req-0679f28a-687a-4d10-bfbc-9b614d864823 None None] Ext name="Address scope" alias="address-scope" description="Address scopes extension." updated="2015-07-26T10:00:00-00:00" {{(pid=104193) _check_extension /opt/stack/neutron/neutron/api/extensions.py:415}}
Apr 21 13:55:07.988132 np0000168718 devstack@neutron-api.service[104193]: INFO neutron.api.extensions [None req-0679f28a-687a-4d10-bfbc-9b614d864823 None None] Loaded extension: address-scope
Apr 21 13:55:07.988257 np0000168718 devstack@neutron-api.service[104193]: DEBUG neutron.api.extensions [None req-0679f28a-687a-4d10-bfbc-9b614d864823 None None] Loading extension file: admin_state_down_before_update.py {{(pid=104193) _load_all_extensions_from_path /opt/stack/neutron/neutron/api/extensions.py:449}}
Apr 21 13:55:07.988408 np0000168718 devstack@neutron-api.service[104193]: DEBUG neutron.api.extensions [None req-0679f28a-687a-4d10-bfbc-9b614d864823 None None] Ext name="Enforce Router's Admin State Down Before Update Extension" alias="router-admin-state-down-before-update" description="Ensure that the admin state of a router is DOWN (admin_state_up=False) before updating the distributed attribute" updated="2019-07-02T15:56:00" {{(pid=104193) _check_extension /opt/stack/neutron/neutron/api/extensions.py:415}}
Apr 21 13:55:07.988567 np0000168718 devstack@neutron-api.service[104193]: INFO neutron.api.extensions [None req-0679f28a-687a-4d10-bfbc-9b614d864823 None None] Extension router-admin-state-down-before-update not supported by any of loaded plugins
Apr 21 13:55:07.988676 np0000168718 devstack@neutron-api.service[104193]: DEBUG neutron.api.extensions [None req-0679f28a-687a-4d10-bfbc-9b614d864823 None None] Loading extension file: agent.py {{(pid=104193) _load_all_extensions_from_path /opt/stack/neutron/neutron/api/extensions.py:449}}
Apr 21 13:55:07.988990 np0000168718 devstack@neutron-api.service[104193]: DEBUG neutron.api.extensions [None req-0679f28a-687a-4d10-bfbc-9b614d864823 None None] Ext name="agent" alias="agent" description="The agent management extension." updated="2013-02-03T10:00:00-00:00" {{(pid=104193) _check_extension /opt/stack/neutron/neutron/api/extensions.py:415}}
Apr 21 13:55:07.989165 np0000168718 devstack@neutron-api.service[104193]: INFO neutron.api.extensions [None req-0679f28a-687a-4d10-bfbc-9b614d864823 None None] Loaded extension: agent
Apr 21 13:55:07.989250 np0000168718 devstack@neutron-api.service[104193]: DEBUG neutron.api.extensions [None req-0679f28a-687a-4d10-bfbc-9b614d864823 None None] Loading extension file: agent_resources_synced.py {{(pid=104193) _load_all_extensions_from_path /opt/stack/neutron/neutron/api/extensions.py:449}}
Apr 21 13:55:07.989483 np0000168718 devstack@neutron-api.service[104193]: DEBUG neutron.api.extensions [None req-0679f28a-687a-4d10-bfbc-9b614d864823 None None] Ext name="Agent's Resource View Synced to Placement" alias="agent-resources-synced" description="Stores success/failure of last sync to Placement" updated="2018-12-19T00:00:00-00:00" {{(pid=104193) _check_extension /opt/stack/neutron/neutron/api/extensions.py:415}}
Apr 21 13:55:07.989738 np0000168718 devstack@neutron-api.service[104193]: INFO neutron.api.extensions [None req-0679f28a-687a-4d10-bfbc-9b614d864823 None None] Extension agent-resources-synced not supported by any of loaded plugins
Apr 21 13:55:07.989780 np0000168718 devstack@neutron-api.service[104193]: DEBUG neutron.api.extensions [None req-0679f28a-687a-4d10-bfbc-9b614d864823 None None] Loading extension file: allowedaddresspairs.py {{(pid=104193) _load_all_extensions_from_path /opt/stack/neutron/neutron/api/extensions.py:449}}
Apr 21 13:55:07.990551 np0000168718 devstack@neutron-api.service[104193]: DEBUG neutron.api.extensions [None req-0679f28a-687a-4d10-bfbc-9b614d864823 None None] Ext name="Allowed Address Pairs" alias="allowed-address-pairs" description="Provides allowed address pairs" updated="2013-07-23T10:00:00-00:00" {{(pid=104193) _check_extension /opt/stack/neutron/neutron/api/extensions.py:415}}
Apr 21 13:55:07.990722 np0000168718 devstack@neutron-api.service[104193]: INFO neutron.api.extensions [None req-0679f28a-687a-4d10-bfbc-9b614d864823 None None] Loaded extension: allowed-address-pairs
Apr 21 13:55:07.990854 np0000168718 devstack@neutron-api.service[104193]: DEBUG neutron.api.extensions [None req-0679f28a-687a-4d10-bfbc-9b614d864823 None None] Loading extension file: auto_allocated_topology.py {{(pid=104193) _load_all_extensions_from_path /opt/stack/neutron/neutron/api/extensions.py:449}}
Apr 21 13:55:07.991174 np0000168718 devstack@neutron-api.service[104193]: DEBUG neutron.api.extensions [None req-0679f28a-687a-4d10-bfbc-9b614d864823 None None] Ext name="Auto Allocated Topology Services" alias="auto-allocated-topology" description="Auto Allocated Topology Services." updated="2016-01-01T00:00:00-00:00" {{(pid=104193) _check_extension /opt/stack/neutron/neutron/api/extensions.py:415}}
Apr 21 13:55:07.991357 np0000168718 devstack@neutron-api.service[104193]: INFO neutron.api.extensions [None req-0679f28a-687a-4d10-bfbc-9b614d864823 None None] Loaded extension: auto-allocated-topology
Apr 21 13:55:07.991450 np0000168718 devstack@neutron-api.service[104193]: DEBUG neutron.api.extensions [None req-0679f28a-687a-4d10-bfbc-9b614d864823 None None] Loading extension file: availability_zone.py {{(pid=104193) _load_all_extensions_from_path /opt/stack/neutron/neutron/api/extensions.py:449}}
Apr 21 13:55:07.991769 np0000168718 devstack@neutron-api.service[104193]: DEBUG neutron.api.extensions [None req-0679f28a-687a-4d10-bfbc-9b614d864823 None None] Ext name="Availability Zone" alias="availability_zone" description="The availability zone extension." updated="2015-01-01T10:00:00-00:00" {{(pid=104193) _check_extension /opt/stack/neutron/neutron/api/extensions.py:415}}
Apr 21 13:55:07.991953 np0000168718 devstack@neutron-api.service[104193]: INFO neutron.api.extensions [None req-0679f28a-687a-4d10-bfbc-9b614d864823 None None] Loaded extension: availability_zone
Apr 21 13:55:07.992041 np0000168718 devstack@neutron-api.service[104193]: DEBUG neutron.api.extensions [None req-0679f28a-687a-4d10-bfbc-9b614d864823 None None] Loading extension file: availability_zone_filter.py {{(pid=104193) _load_all_extensions_from_path /opt/stack/neutron/neutron/api/extensions.py:449}}
Apr 21 13:55:07.992285 np0000168718 devstack@neutron-api.service[104193]: DEBUG neutron.api.extensions [None req-0679f28a-687a-4d10-bfbc-9b614d864823 None None] Ext name="Availability Zone Filter Extension" alias="availability_zone_filter" description="Add filter parameters to AvailabilityZone resource" updated="2018-06-22T10:00:00-00:00" {{(pid=104193) _check_extension /opt/stack/neutron/neutron/api/extensions.py:415}}
Apr 21 13:55:07.992455 np0000168718 devstack@neutron-api.service[104193]: INFO neutron.api.extensions [None req-0679f28a-687a-4d10-bfbc-9b614d864823 None None] Extension availability_zone_filter not supported by any of loaded plugins
Apr 21 13:55:07.992548 np0000168718 devstack@neutron-api.service[104193]: DEBUG neutron.api.extensions [None req-0679f28a-687a-4d10-bfbc-9b614d864823 None None] Loading extension file: data_plane_status.py {{(pid=104193) _load_all_extensions_from_path /opt/stack/neutron/neutron/api/extensions.py:449}}
Apr 21 13:55:07.993101 np0000168718 devstack@neutron-api.service[104193]: DEBUG neutron.api.extensions [None req-0679f28a-687a-4d10-bfbc-9b614d864823 None None] Ext name="Port data plane status extension" alias="data-plane-status" description="Expose status of underlying data plane" updated="2017-01-24T10:00:00-00:00" {{(pid=104193) _check_extension /opt/stack/neutron/neutron/api/extensions.py:415}}
Apr 21 13:55:07.993101 np0000168718 devstack@neutron-api.service[104193]: INFO neutron.api.extensions [None req-0679f28a-687a-4d10-bfbc-9b614d864823 None None] Extension data-plane-status not supported by any of loaded plugins
Apr 21 13:55:07.993101 np0000168718 devstack@neutron-api.service[104193]: DEBUG neutron.api.extensions [None req-0679f28a-687a-4d10-bfbc-9b614d864823 None None] Loading extension file: default_subnetpools.py {{(pid=104193) _load_all_extensions_from_path /opt/stack/neutron/neutron/api/extensions.py:449}}
Apr 21 13:55:07.993295 np0000168718 devstack@neutron-api.service[104193]: DEBUG neutron.api.extensions [None req-0679f28a-687a-4d10-bfbc-9b614d864823 None None] Ext name="Default Subnetpools" alias="default-subnetpools" description="Provides ability to mark and use a subnetpool as the default." updated="2016-02-18T18:00:00-00:00" {{(pid=104193) _check_extension /opt/stack/neutron/neutron/api/extensions.py:415}}
Apr 21 13:55:07.993472 np0000168718 devstack@neutron-api.service[104193]: INFO neutron.api.extensions [None req-0679f28a-687a-4d10-bfbc-9b614d864823 None None] Loaded extension: default-subnetpools
Apr 21 13:55:07.993564 np0000168718 devstack@neutron-api.service[104193]: DEBUG neutron.api.extensions [None req-0679f28a-687a-4d10-bfbc-9b614d864823 None None] Loading extension file: dhcpagentscheduler.py {{(pid=104193) _load_all_extensions_from_path /opt/stack/neutron/neutron/api/extensions.py:449}}
Apr 21 13:55:07.993995 np0000168718 devstack@neutron-api.service[104193]: DEBUG neutron.api.extensions [None req-0679f28a-687a-4d10-bfbc-9b614d864823 None None] Ext name="DHCP Agent Scheduler" alias="dhcp_agent_scheduler" description="Schedule networks among dhcp agents" updated="2013-02-07T10:00:00-00:00" {{(pid=104193) _check_extension /opt/stack/neutron/neutron/api/extensions.py:415}}
Apr 21 13:55:07.994192 np0000168718 devstack@neutron-api.service[104193]: INFO neutron.api.extensions [None req-0679f28a-687a-4d10-bfbc-9b614d864823 None None] Loaded extension: dhcp_agent_scheduler
Apr 21 13:55:07.994286 np0000168718 devstack@neutron-api.service[104193]: DEBUG neutron.api.extensions [None req-0679f28a-687a-4d10-bfbc-9b614d864823 None None] Loading extension file: dns.py {{(pid=104193) _load_all_extensions_from_path /opt/stack/neutron/neutron/api/extensions.py:449}}
Apr 21 13:55:07.994533 np0000168718 devstack@neutron-api.service[104193]: DEBUG neutron.api.extensions [None req-0679f28a-687a-4d10-bfbc-9b614d864823 None None] Ext name="DNS Integration" alias="dns-integration" description="Provides integration with DNS." updated="2015-08-15T18:00:00-00:00" {{(pid=104193) _check_extension /opt/stack/neutron/neutron/api/extensions.py:415}}
Apr 21 13:55:07.994725 np0000168718 devstack@neutron-api.service[104193]: INFO neutron.api.extensions [None req-0679f28a-687a-4d10-bfbc-9b614d864823 None None] Loaded extension: dns-integration
Apr 21 13:55:07.994844 np0000168718 devstack@neutron-api.service[104193]: DEBUG neutron.api.extensions [None req-0679f28a-687a-4d10-bfbc-9b614d864823 None None] Loading extension file: dns_domain_ports.py {{(pid=104193) _load_all_extensions_from_path /opt/stack/neutron/neutron/api/extensions.py:449}}
Apr 21 13:55:07.995093 np0000168718 devstack@neutron-api.service[104193]: DEBUG neutron.api.extensions [None req-0679f28a-687a-4d10-bfbc-9b614d864823 None None] Ext name="dns_domain for ports" alias="dns-domain-ports" description="Allows the DNS domain to be specified for a network port." updated="2017-04-24T10:00:00-00:00" {{(pid=104193) _check_extension /opt/stack/neutron/neutron/api/extensions.py:415}}
Apr 21 13:55:07.995262 np0000168718 devstack@neutron-api.service[104193]: INFO neutron.api.extensions [None req-0679f28a-687a-4d10-bfbc-9b614d864823 None None] Loaded extension: dns-domain-ports
Apr 21 13:55:07.995352 np0000168718 devstack@neutron-api.service[104193]: DEBUG neutron.api.extensions [None req-0679f28a-687a-4d10-bfbc-9b614d864823 None None] Loading extension file: dns_integration_domain_keywords.py {{(pid=104193) _load_all_extensions_from_path /opt/stack/neutron/neutron/api/extensions.py:449}}
Apr 21 13:55:07.995583 np0000168718 devstack@neutron-api.service[104193]: DEBUG neutron.api.extensions [None req-0679f28a-687a-4d10-bfbc-9b614d864823 None None] Ext name="DNS domain names with keywords allowed" alias="dns-integration-domain-keywords" description="Allows to use keywords like , , and as DNS domain name" updated="2020-06-15T18:00:00-00:00" {{(pid=104193) _check_extension /opt/stack/neutron/neutron/api/extensions.py:415}}
Apr 21 13:55:07.995791 np0000168718 devstack@neutron-api.service[104193]: INFO neutron.api.extensions [None req-0679f28a-687a-4d10-bfbc-9b614d864823 None None] Loaded extension: dns-integration-domain-keywords
Apr 21 13:55:07.995881 np0000168718 devstack@neutron-api.service[104193]: DEBUG neutron.api.extensions [None req-0679f28a-687a-4d10-bfbc-9b614d864823 None None] Loading extension file: dvr.py {{(pid=104193) _load_all_extensions_from_path /opt/stack/neutron/neutron/api/extensions.py:449}}
Apr 21 13:55:07.996155 np0000168718 devstack@neutron-api.service[104193]: DEBUG neutron.api.extensions [None req-0679f28a-687a-4d10-bfbc-9b614d864823 None None] Ext name="Distributed Virtual Router" alias="dvr" description="Enables configuration of Distributed Virtual Routers." updated="2014-06-1T10:00:00-00:00" {{(pid=104193) _check_extension /opt/stack/neutron/neutron/api/extensions.py:415}}
Apr 21 13:55:07.996320 np0000168718 devstack@neutron-api.service[104193]: INFO neutron.api.extensions [None req-0679f28a-687a-4d10-bfbc-9b614d864823 None None] Extension dvr not supported by any of loaded plugins
Apr 21 13:55:07.996410 np0000168718 devstack@neutron-api.service[104193]: DEBUG neutron.api.extensions [None req-0679f28a-687a-4d10-bfbc-9b614d864823 None None] Loading extension file: ecmp_routes.py {{(pid=104193) _load_all_extensions_from_path /opt/stack/neutron/neutron/api/extensions.py:449}}
Apr 21 13:55:07.996641 np0000168718 devstack@neutron-api.service[104193]: DEBUG neutron.api.extensions [None req-0679f28a-687a-4d10-bfbc-9b614d864823 None None] Ext name="Equal Cost Multipath Routing" alias="ecmp_routes" description="Allows traffic to reach thesame destination via multiple different links " updated="2020-11-26T18:00:00-00:00" {{(pid=104193) _check_extension /opt/stack/neutron/neutron/api/extensions.py:415}}
Apr 21 13:55:07.996841 np0000168718 devstack@neutron-api.service[104193]: INFO neutron.api.extensions [None req-0679f28a-687a-4d10-bfbc-9b614d864823 None None] Extension ecmp_routes not supported by any of loaded plugins
Apr 21 13:55:07.996935 np0000168718 devstack@neutron-api.service[104193]: DEBUG neutron.api.extensions [None req-0679f28a-687a-4d10-bfbc-9b614d864823 None None] Loading extension file: empty_string_filtering.py {{(pid=104193) _load_all_extensions_from_path /opt/stack/neutron/neutron/api/extensions.py:449}}
Apr 21 13:55:07.997170 np0000168718 devstack@neutron-api.service[104193]: DEBUG neutron.api.extensions [None req-0679f28a-687a-4d10-bfbc-9b614d864823 None None] Ext name="Empty String Filtering Extension" alias="empty-string-filtering" description="Allow filtering by attributes with empty string value" updated="2018-05-01T10:00:00-00:00" {{(pid=104193) _check_extension /opt/stack/neutron/neutron/api/extensions.py:415}}
Apr 21 13:55:07.997345 np0000168718 devstack@neutron-api.service[104193]: INFO neutron.api.extensions [None req-0679f28a-687a-4d10-bfbc-9b614d864823 None None] Loaded extension: empty-string-filtering
Apr 21 13:55:07.997436 np0000168718 devstack@neutron-api.service[104193]: DEBUG neutron.api.extensions [None req-0679f28a-687a-4d10-bfbc-9b614d864823 None None] Loading extension file: expose_l3_conntrack_helper.py {{(pid=104193) _load_all_extensions_from_path /opt/stack/neutron/neutron/api/extensions.py:449}}
Apr 21 13:55:07.997691 np0000168718 devstack@neutron-api.service[104193]: DEBUG neutron.api.extensions [None req-0679f28a-687a-4d10-bfbc-9b614d864823 None None] Ext name="Expose CT target rules for conntrack helper" alias="expose-l3-conntrack-helper" description="Expose allow adding CT target rules for conntrack helper" updated="2019-04-04T10:00:00-00:00" {{(pid=104193) _check_extension /opt/stack/neutron/neutron/api/extensions.py:415}}
Apr 21 13:55:07.997918 np0000168718 devstack@neutron-api.service[104193]: INFO neutron.api.extensions [None req-0679f28a-687a-4d10-bfbc-9b614d864823 None None] Extension expose-l3-conntrack-helper not supported by any of loaded plugins
Apr 21 13:55:07.998002 np0000168718 devstack@neutron-api.service[104193]: DEBUG neutron.api.extensions [None req-0679f28a-687a-4d10-bfbc-9b614d864823 None None] Loading extension file: expose_port_forwarding_in_fip.py {{(pid=104193) _load_all_extensions_from_path /opt/stack/neutron/neutron/api/extensions.py:449}}
Apr 21 13:55:07.998249 np0000168718 devstack@neutron-api.service[104193]: DEBUG neutron.api.extensions [None req-0679f28a-687a-4d10-bfbc-9b614d864823 None None] Ext name="Expose Floating IP port forwardings" alias="expose-port-forwarding-in-fip" description="Expose port forwarding fields in floating IP response" updated="2018-06-28T16:00:00-00:00" {{(pid=104193) _check_extension /opt/stack/neutron/neutron/api/extensions.py:415}}
Apr 21 13:55:07.998410 np0000168718 devstack@neutron-api.service[104193]: INFO neutron.api.extensions [None req-0679f28a-687a-4d10-bfbc-9b614d864823 None None] Extension expose-port-forwarding-in-fip not supported by any of loaded plugins
Apr 21 13:55:07.998501 np0000168718 devstack@neutron-api.service[104193]: DEBUG neutron.api.extensions [None req-0679f28a-687a-4d10-bfbc-9b614d864823 None None] Loading extension file: external_net.py {{(pid=104193) _load_all_extensions_from_path /opt/stack/neutron/neutron/api/extensions.py:449}}
Apr 21 13:55:07.998960 np0000168718 devstack@neutron-api.service[104193]: DEBUG neutron.api.extensions [None req-0679f28a-687a-4d10-bfbc-9b614d864823 None None] Ext name="Neutron external network" alias="external-net" description="Adds external network attribute to network resource." updated="2013-01-14T10:00:00-00:00" {{(pid=104193) _check_extension /opt/stack/neutron/neutron/api/extensions.py:415}}
Apr 21 13:55:07.999139 np0000168718 devstack@neutron-api.service[104193]: INFO neutron.api.extensions [None req-0679f28a-687a-4d10-bfbc-9b614d864823 None None] Loaded extension: external-net
Apr 21 13:55:07.999229 np0000168718 devstack@neutron-api.service[104193]: DEBUG neutron.api.extensions [None req-0679f28a-687a-4d10-bfbc-9b614d864823 None None] Loading extension file: extra_dhcp_opt.py {{(pid=104193) _load_all_extensions_from_path /opt/stack/neutron/neutron/api/extensions.py:449}}
Apr 21 13:55:07.999506 np0000168718 devstack@neutron-api.service[104193]: DEBUG neutron.api.extensions [None req-0679f28a-687a-4d10-bfbc-9b614d864823 None None] Ext name="Neutron Extra DHCP options" alias="extra_dhcp_opt" description="Extra options configuration for DHCP. For example PXE boot options to DHCP clients can be specified (e.g. tftp-server, server-ip-address, bootfile-name)" updated="2013-03-17T12:00:00-00:00" {{(pid=104193) _check_extension /opt/stack/neutron/neutron/api/extensions.py:415}}
Apr 21 13:55:07.999609 np0000168718 devstack@neutron-api.service[104195]: DEBUG neutron_lib.callbacks.manager [None req-54f5816c-f2b4-4044-bf74-84f2526e6f1f None None] Subscribe: > router before_delete 55550000, False {{(pid=104195) subscribe /opt/stack/data/venv/lib/python3.12/site-packages/neutron_lib/callbacks/manager.py:52}}
Apr 21 13:55:07.999694 np0000168718 devstack@neutron-api.service[104193]: INFO neutron.api.extensions [None req-0679f28a-687a-4d10-bfbc-9b614d864823 None None] Loaded extension: extra_dhcp_opt
Apr 21 13:55:07.999820 np0000168718 devstack@neutron-api.service[104193]: DEBUG neutron.api.extensions [None req-0679f28a-687a-4d10-bfbc-9b614d864823 None None] Loading extension file: extraroute.py {{(pid=104193) _load_all_extensions_from_path /opt/stack/neutron/neutron/api/extensions.py:449}}
Apr 21 13:55:07.999867 np0000168718 devstack@neutron-api.service[104195]: DEBUG neutron_lib.callbacks.manager [None req-54f5816c-f2b4-4044-bf74-84f2526e6f1f None None] Subscribe: port after_update 55550000, False {{(pid=104195) subscribe /opt/stack/data/venv/lib/python3.12/site-packages/neutron_lib/callbacks/manager.py:52}}
Apr 21 13:55:07.999956 np0000168718 devstack@neutron-api.service[104195]: DEBUG neutron_lib.callbacks.manager [None req-54f5816c-f2b4-4044-bf74-84f2526e6f1f None None] Subscribe: port after_delete 55550000, False {{(pid=104195) subscribe /opt/stack/data/venv/lib/python3.12/site-packages/neutron_lib/callbacks/manager.py:52}}
Apr 21 13:55:08.000050 np0000168718 devstack@neutron-api.service[104193]: DEBUG neutron.api.extensions [None req-0679f28a-687a-4d10-bfbc-9b614d864823 None None] Ext name="Neutron Extra Route" alias="extraroute" description="Extra routes configuration for L3 router" updated="2013-02-01T10:00:00-00:00" {{(pid=104193) _check_extension /opt/stack/neutron/neutron/api/extensions.py:415}}
Apr 21 13:55:08.000095 np0000168718 devstack@neutron-api.service[104195]: DEBUG neutron_lib.callbacks.manager [None req-54f5816c-f2b4-4044-bf74-84f2526e6f1f None None] Subscribe: subnet after_update 55550000, False {{(pid=104195) subscribe /opt/stack/data/venv/lib/python3.12/site-packages/neutron_lib/callbacks/manager.py:52}}
Apr 21 13:55:08.000225 np0000168718 devstack@neutron-api.service[104195]: DEBUG neutron_lib.callbacks.manager [None req-54f5816c-f2b4-4044-bf74-84f2526e6f1f None None] Subscribe: subnetpool_address_scope after_update 55550000, False {{(pid=104195) subscribe /opt/stack/data/venv/lib/python3.12/site-packages/neutron_lib/callbacks/manager.py:52}}
Apr 21 13:55:08.000280 np0000168718 devstack@neutron-api.service[104193]: INFO neutron.api.extensions [None req-0679f28a-687a-4d10-bfbc-9b614d864823 None None] Loaded extension: extraroute
Apr 21 13:55:08.000341 np0000168718 devstack@neutron-api.service[104193]: DEBUG neutron.api.extensions [None req-0679f28a-687a-4d10-bfbc-9b614d864823 None None] Loading extension file: extraroute_atomic.py {{(pid=104193) _load_all_extensions_from_path /opt/stack/neutron/neutron/api/extensions.py:449}}
Apr 21 13:55:08.000385 np0000168718 devstack@neutron-api.service[104195]: DEBUG neutron_lib.callbacks.manager [None req-54f5816c-f2b4-4044-bf74-84f2526e6f1f None None] Subscribe: port before_update 55550000, False {{(pid=104195) subscribe /opt/stack/data/venv/lib/python3.12/site-packages/neutron_lib/callbacks/manager.py:52}}
Apr 21 13:55:08.000494 np0000168718 devstack@neutron-api.service[104195]: DEBUG neutron_lib.callbacks.manager [None req-54f5816c-f2b4-4044-bf74-84f2526e6f1f None None] Subscribe: port after_update 55550000, False {{(pid=104195) subscribe /opt/stack/data/venv/lib/python3.12/site-packages/neutron_lib/callbacks/manager.py:52}}
Apr 21 13:55:08.000581 np0000168718 devstack@neutron-api.service[104193]: DEBUG neutron.api.extensions [None req-0679f28a-687a-4d10-bfbc-9b614d864823 None None] Ext name="Atomically add/remove extra routes" alias="extraroute-atomic" description="Edit extra routes of a router on server side by atomically adding/removing extra routes" updated="2019-07-10T00:00:00+00:00" {{(pid=104193) _check_extension /opt/stack/neutron/neutron/api/extensions.py:415}}
Apr 21 13:55:08.000631 np0000168718 devstack@neutron-api.service[104195]: DEBUG neutron_lib.callbacks.manager [None req-54f5816c-f2b4-4044-bf74-84f2526e6f1f None None] Subscribe: > port precommit_delete 55550000, False {{(pid=104195) subscribe /opt/stack/data/venv/lib/python3.12/site-packages/neutron_lib/callbacks/manager.py:52}}
Apr 21 13:55:08.000800 np0000168718 devstack@neutron-api.service[104193]: INFO neutron.api.extensions [None req-0679f28a-687a-4d10-bfbc-9b614d864823 None None] Loaded extension: extraroute-atomic
Apr 21 13:55:08.000856 np0000168718 devstack@neutron-api.service[104195]: DEBUG neutron_lib.callbacks.manager [None req-54f5816c-f2b4-4044-bf74-84f2526e6f1f None None] Subscribe: port before_update 55550000, False {{(pid=104195) subscribe /opt/stack/data/venv/lib/python3.12/site-packages/neutron_lib/callbacks/manager.py:52}}
Apr 21 13:55:08.000909 np0000168718 devstack@neutron-api.service[104193]: DEBUG neutron.api.extensions [None req-0679f28a-687a-4d10-bfbc-9b614d864823 None None] Loading extension file: filter_validation.py {{(pid=104193) _load_all_extensions_from_path /opt/stack/neutron/neutron/api/extensions.py:449}}
Apr 21 13:55:08.001010 np0000168718 devstack@neutron-api.service[104195]: DEBUG neutron_lib.callbacks.manager [None req-54f5816c-f2b4-4044-bf74-84f2526e6f1f None None] Subscribe: port before_delete 55550000, False {{(pid=104195) subscribe /opt/stack/data/venv/lib/python3.12/site-packages/neutron_lib/callbacks/manager.py:52}}
Apr 21 13:55:08.001046 np0000168718 devstack@neutron-api.service[104195]: DEBUG neutron_lib.callbacks.manager [None req-54f5816c-f2b4-4044-bf74-84f2526e6f1f None None] Subscribe: > router precommit_create 55550000, False {{(pid=104195) subscribe /opt/stack/data/venv/lib/python3.12/site-packages/neutron_lib/callbacks/manager.py:52}}
Apr 21 13:55:08.001128 np0000168718 devstack@neutron-api.service[104193]: DEBUG neutron.api.extensions [None req-0679f28a-687a-4d10-bfbc-9b614d864823 None None] Ext name="Filter parameters validation" alias="filter-validation" description="Provides validation on filter parameters." updated="2018-07-04T10:00:00-00:00" {{(pid=104193) _check_extension /opt/stack/neutron/neutron/api/extensions.py:415}}
Apr 21 13:55:08.001193 np0000168718 devstack@neutron-api.service[104195]: DEBUG neutron_lib.callbacks.manager [None req-54f5816c-f2b4-4044-bf74-84f2526e6f1f None None] Subscribe: > router precommit_create 55550000, False {{(pid=104195) subscribe /opt/stack/data/venv/lib/python3.12/site-packages/neutron_lib/callbacks/manager.py:52}}
Apr 21 13:55:08.001345 np0000168718 devstack@neutron-api.service[104195]: DEBUG neutron_lib.callbacks.manager [None req-54f5816c-f2b4-4044-bf74-84f2526e6f1f None None] Subscribe: > router precommit_update 55550000, False {{(pid=104195) subscribe /opt/stack/data/venv/lib/python3.12/site-packages/neutron_lib/callbacks/manager.py:52}}
Apr 21 13:55:08.001565 np0000168718 devstack@neutron-api.service[104193]: INFO neutron.api.extensions [None req-0679f28a-687a-4d10-bfbc-9b614d864823 None None] Loaded extension: filter-validation
Apr 21 13:55:08.001688 np0000168718 devstack@neutron-api.service[104195]: DEBUG neutron_lib.callbacks.manager [None req-54f5816c-f2b4-4044-bf74-84f2526e6f1f None None] Subscribe: subnet after_update 55550000, False {{(pid=104195) subscribe /opt/stack/data/venv/lib/python3.12/site-packages/neutron_lib/callbacks/manager.py:52}}
Apr 21 13:55:08.001758 np0000168718 devstack@neutron-api.service[104193]: DEBUG neutron.api.extensions [None req-0679f28a-687a-4d10-bfbc-9b614d864823 None None] Loading extension file: fip_pf_description.py {{(pid=104193) _load_all_extensions_from_path /opt/stack/neutron/neutron/api/extensions.py:449}}
Apr 21 13:55:08.001817 np0000168718 devstack@neutron-api.service[104193]: DEBUG neutron.api.extensions [None req-0679f28a-687a-4d10-bfbc-9b614d864823 None None] Ext name="Floating IP Port Forwarding new attribute description" alias="floating-ip-port-forwarding-description" description="Add a description field to Port Forwarding rules" updated="2019-11-01T10:00:00-00:00" {{(pid=104193) _check_extension /opt/stack/neutron/neutron/api/extensions.py:415}}
Apr 21 13:55:08.002117 np0000168718 devstack@neutron-api.service[104193]: INFO neutron.api.extensions [None req-0679f28a-687a-4d10-bfbc-9b614d864823 None None] Extension floating-ip-port-forwarding-description not supported by any of loaded plugins
Apr 21 13:55:08.002247 np0000168718 devstack@neutron-api.service[104193]: DEBUG neutron.api.extensions [None req-0679f28a-687a-4d10-bfbc-9b614d864823 None None] Loading extension file: fip_pf_detail.py {{(pid=104193) _load_all_extensions_from_path /opt/stack/neutron/neutron/api/extensions.py:449}}
