2026-03-08 03:44:22.488 8 INFO placement.requestlog [None req-a639e150-6f02-4900-ab0a-9c1c4d00a7ad 21f42e2037a44e4eb57e9740880008a0 51d47253cd0b4ff698dd29f93f5e8f8f - - 5e81739fff6c48b2b57ec94be753b37f 5e81739fff6c48b2b57ec94be753b37f] 10.0.0.209 "DELETE /resource_providers/3c199546-8ca4-4243-92eb-60ff10520148" status: 404 len: 246 microversion: 1.1 [pid: 8|app: 0|req: 486/970] 10.0.0.209 () {34 vars in 816 bytes} [Sun Mar 8 03:44:22 2026] DELETE /resource_providers/3c199546-8ca4-4243-92eb-60ff10520148 => generated 246 bytes in 15 msecs (HTTP/1.1 404) 6 headers in 231 bytes (1 switches on core 0)
2026-03-08 03:44:22.512 8 INFO placement.requestlog [None req-c6bbcf26-049a-41b0-83f3-cf18d931cce1 21f42e2037a44e4eb57e9740880008a0 51d47253cd0b4ff698dd29f93f5e8f8f - - 5e81739fff6c48b2b57ec94be753b37f 5e81739fff6c48b2b57ec94be753b37f] 10.0.0.209 "GET /resource_providers/c636f52d-1728-4186-aa9b-3ec7e714f49c/aggregates" status: 404 len: 235 microversion: 1.1
2026-03-08 03:44:22.512 7 INFO placement.requestlog [None req-4eefec13-fc59-432a-976a-e3087f1279b5 21f42e2037a44e4eb57e9740880008a0 51d47253cd0b4ff698dd29f93f5e8f8f - - 5e81739fff6c48b2b57ec94be753b37f 5e81739fff6c48b2b57ec94be753b37f] 10.0.0.209 "GET /resource_providers/c636f52d-1728-4186-aa9b-3ec7e714f49c/aggregates" status: 404 len: 235 microversion: 1.1 [pid: 8|app: 0|req: 487/971] 10.0.0.209 () {32 vars in 816 bytes} [Sun Mar 8 03:44:22 2026] GET /resource_providers/c636f52d-1728-4186-aa9b-3ec7e714f49c/aggregates => generated 235 bytes in 9 msecs (HTTP/1.1 404) 5 headers in 202 bytes (1 switches on core 0) [pid: 7|app: 0|req: 485/972] 10.0.0.209 () {32 vars in 816 bytes} [Sun Mar 8 03:44:22 2026] GET /resource_providers/c636f52d-1728-4186-aa9b-3ec7e714f49c/aggregates => generated 235 bytes in 12 msecs (HTTP/1.1 404) 5 headers in 202 bytes (1 switches on core 0)
2026-03-08 03:44:22.529 8 INFO placement.requestlog [None req-b35fdac9-c032-4922-b610-0cdcaf9f46df 21f42e2037a44e4eb57e9740880008a0 51d47253cd0b4ff698dd29f93f5e8f8f - - 5e81739fff6c48b2b57ec94be753b37f 5e81739fff6c48b2b57ec94be753b37f] 10.0.0.209 "DELETE /resource_providers/c636f52d-1728-4186-aa9b-3ec7e714f49c" status: 404 len: 246 microversion: 1.1 [pid: 8|app: 0|req: 488/973] 10.0.0.209 () {34 vars in 816 bytes} [Sun Mar 8 03:44:22 2026] DELETE /resource_providers/c636f52d-1728-4186-aa9b-3ec7e714f49c => generated 246 bytes in 7 msecs (HTTP/1.1 404) 6 headers in 231 bytes (1 switches on core 0)
2026-03-08 03:44:22.536 7 INFO placement.requestlog [None req-d2d8fe08-63cc-484e-8422-de6851335927 21f42e2037a44e4eb57e9740880008a0 51d47253cd0b4ff698dd29f93f5e8f8f - - 5e81739fff6c48b2b57ec94be753b37f 5e81739fff6c48b2b57ec94be753b37f] 10.0.0.209 "DELETE /resource_providers/c636f52d-1728-4186-aa9b-3ec7e714f49c" status: 404 len: 246 microversion: 1.1 [pid: 7|app: 0|req: 486/974] 10.0.0.209 () {34 vars in 816 bytes} [Sun Mar 8 03:44:22 2026] DELETE /resource_providers/c636f52d-1728-4186-aa9b-3ec7e714f49c => generated 246 bytes in 9 msecs (HTTP/1.1 404) 6 headers in 231 bytes (1 switches on core 0)
2026-03-08 03:44:22.545 8 INFO placement.requestlog [None req-d8294957-6268-48ac-8226-3de042c35801 21f42e2037a44e4eb57e9740880008a0 51d47253cd0b4ff698dd29f93f5e8f8f - - 5e81739fff6c48b2b57ec94be753b37f 5e81739fff6c48b2b57ec94be753b37f] 10.0.0.209 "GET /resource_providers/96996911-35c5-4a7d-b8fb-9bba53794f28/aggregates" status: 404 len: 235 microversion: 1.1 [pid: 8|app: 0|req: 489/975] 10.0.0.209 () {32 vars in 816 bytes} [Sun Mar 8 03:44:22 2026] GET /resource_providers/96996911-35c5-4a7d-b8fb-9bba53794f28/aggregates => generated 235 bytes in 9 msecs (HTTP/1.1 404) 5 headers in 202 bytes (1 switches on core 0)
2026-03-08 03:44:22.549 7 INFO placement.requestlog [None req-db87e6c7-2bfd-46d4-85fa-295770e6289f 21f42e2037a44e4eb57e9740880008a0 51d47253cd0b4ff698dd29f93f5e8f8f - - 5e81739fff6c48b2b57ec94be753b37f 5e81739fff6c48b2b57ec94be753b37f] 10.0.0.209 "GET /resource_providers/96996911-35c5-4a7d-b8fb-9bba53794f28/aggregates" status: 404 len: 235 microversion: 1.1 [pid: 7|app: 0|req: 487/976] 10.0.0.209 () {32 vars in 816 bytes} [Sun Mar 8 03:44:22 2026] GET /resource_providers/96996911-35c5-4a7d-b8fb-9bba53794f28/aggregates => generated 235 bytes in 6 msecs (HTTP/1.1 404) 5 headers in 202 bytes (1 switches on core 0)
2026-03-08 03:44:22.568 8 INFO placement.requestlog [None req-de7c0cd6-c2af-4fb4-90be-d76dc13a7e1c 21f42e2037a44e4eb57e9740880008a0 51d47253cd0b4ff698dd29f93f5e8f8f - - 5e81739fff6c48b2b57ec94be753b37f 5e81739fff6c48b2b57ec94be753b37f] 10.0.0.209 "DELETE /resource_providers/96996911-35c5-4a7d-b8fb-9bba53794f28" status: 404 len: 246 microversion: 1.1
2026-03-08 03:44:22.568 7 INFO placement.requestlog [None req-0ce79bd2-5846-408a-a3ce-49a6248ffd96 21f42e2037a44e4eb57e9740880008a0 51d47253cd0b4ff698dd29f93f5e8f8f - - 5e81739fff6c48b2b57ec94be753b37f 5e81739fff6c48b2b57ec94be753b37f] 10.0.0.209 "DELETE /resource_providers/96996911-35c5-4a7d-b8fb-9bba53794f28" status: 404 len: 246 microversion: 1.1 [pid: 8|app: 0|req: 490/977] 10.0.0.209 () {34 vars in 816 bytes} [Sun Mar 8 03:44:22 2026] DELETE /resource_providers/96996911-35c5-4a7d-b8fb-9bba53794f28 => generated 246 bytes in 12 msecs (HTTP/1.1 404) 6 headers in 231 bytes (1 switches on core 0) [pid: 7|app: 0|req: 488/978] 10.0.0.209 () {34 vars in 816 bytes} [Sun Mar 8 03:44:22 2026] DELETE /resource_providers/96996911-35c5-4a7d-b8fb-9bba53794f28 => generated 246 bytes in 11 msecs (HTTP/1.1 404) 6 headers in 231 bytes (1 switches on core 0)
2026-03-08 03:44:23.396 8 INFO placement.requestlog [None req-e7da7e3f-bc97-430e-950a-437cc15b26fe - - - - - -] 10.0.0.192 "GET /" status: 200 len: 136 microversion: 1.0
2026-03-08 03:44:23.396 7 INFO placement.requestlog [None req-bba431d6-8c72-466d-bf3c-419b1d4df236 - - - - - -] 10.0.0.192 "GET /" status: 200 len: 136 microversion: 1.0
2026-03-08 03:44:25.311 8 INFO placement.requestlog [req-3452685f-7d3d-449c-999a-5279105ac23f req-9bdb5c6d-4ad8-4d67-b5da-33b88f927cc3 d6848b84d2e9434b8c2b15b4415046e1 51d47253cd0b4ff698dd29f93f5e8f8f - - 5e81739fff6c48b2b57ec94be753b37f 5e81739fff6c48b2b57ec94be753b37f] 10.0.0.245 "GET /allocation_candidates?limit=1000&resources=DISK_GB%3A1%2CMEMORY_MB%3A512%2CVCPU%3A1&root_required=%21COMPUTE_STATUS_DISABLED" status: 200 len: 2784 microversion: 1.36 [pid: 8|app: 0|req: 492/981] 10.0.0.245 () {34 vars in 1012 bytes} [Sun Mar 8 03:44:25 2026] GET /allocation_candidates?limit=1000&resources=DISK_GB%3A1%2CMEMORY_MB%3A512%2CVCPU%3A1&root_required=%21COMPUTE_STATUS_DISABLED => generated 2784 bytes in 53 msecs (HTTP/1.1 200) 8 headers in 297 bytes (1 switches on core 0)
2026-03-08 03:44:25.347 7 INFO placement.requestlog [req-3452685f-7d3d-449c-999a-5279105ac23f req-267447c7-bb85-4a5b-b763-13b0079e7e46 d6848b84d2e9434b8c2b15b4415046e1 51d47253cd0b4ff698dd29f93f5e8f8f - - 5e81739fff6c48b2b57ec94be753b37f 5e81739fff6c48b2b57ec94be753b37f] 10.0.0.245 "GET /allocations/4f1f1031-17c4-4ff6-aafe-53240d7fbeb5" status: 200 len: 19 microversion: 1.28 [pid: 7|app: 0|req: 490/982] 10.0.0.245 () {34 vars in 861 bytes} [Sun Mar 8 03:44:25 2026] GET /allocations/4f1f1031-17c4-4ff6-aafe-53240d7fbeb5 => generated 19 bytes in 12 msecs (HTTP/1.1 200) 8 headers in 295 bytes (1 switches on core 0)
2026-03-08 03:44:25.403 8 INFO placement.requestlog [req-3452685f-7d3d-449c-999a-5279105ac23f req-68465219-a42f-40fc-ab5a-37ea3af69e80 d6848b84d2e9434b8c2b15b4415046e1 51d47253cd0b4ff698dd29f93f5e8f8f - - 5e81739fff6c48b2b57ec94be753b37f 5e81739fff6c48b2b57ec94be753b37f] 10.0.0.245 "PUT /allocations/4f1f1031-17c4-4ff6-aafe-53240d7fbeb5" status: 204 len: 0 microversion: 1.36 [pid: 8|app: 0|req: 493/983] 10.0.0.245 () {38 vars in 914 bytes} [Sun Mar 8 03:44:25 2026] PUT /allocations/4f1f1031-17c4-4ff6-aafe-53240d7fbeb5 => generated 0 bytes in 51 msecs (HTTP/1.1 204) 5 headers in 199 bytes (1 switches on core 0)
2026-03-08 03:44:26.936 7 INFO placement.requestlog [req-3452685f-7d3d-449c-999a-5279105ac23f req-3230a062-9b28-46da-a961-71c1a3e8a791 d6848b84d2e9434b8c2b15b4415046e1 51d47253cd0b4ff698dd29f93f5e8f8f - - 5e81739fff6c48b2b57ec94be753b37f 5e81739fff6c48b2b57ec94be753b37f] 199.204.45.23 "GET /allocations/4f1f1031-17c4-4ff6-aafe-53240d7fbeb5" status: 200 len: 258 microversion: 1.28 [pid: 7|app: 0|req: 491/984] 199.204.45.23 () {34 vars in 862 bytes} [Sun Mar 8 03:44:26 2026] GET /allocations/4f1f1031-17c4-4ff6-aafe-53240d7fbeb5 => generated 258 bytes in 13 msecs (HTTP/1.1 200) 8 headers in 296 bytes (1 switches on core 0)
2026-03-08 03:44:27.976 8 INFO placement.requestlog [req-3452685f-7d3d-449c-999a-5279105ac23f req-3634a4c1-a1a3-4d07-973b-aa47114561ef d6848b84d2e9434b8c2b15b4415046e1 51d47253cd0b4ff698dd29f93f5e8f8f - - 5e81739fff6c48b2b57ec94be753b37f 5e81739fff6c48b2b57ec94be753b37f] 199.204.45.23 "GET /resource_providers/3160a809-f8b0-4c29-80b2-80f84f655698/allocations" status: 200 len: 353 microversion: 1.0 [pid: 8|app: 0|req: 494/985] 199.204.45.23 () {32 vars in 856 bytes} [Sun Mar 8 03:44:27 2026] GET /resource_providers/3160a809-f8b0-4c29-80b2-80f84f655698/allocations => generated 353 bytes in 13 msecs (HTTP/1.1 200) 6 headers in 224 bytes (1 switches on core 0)
2026-03-08 03:44:28.004 7 INFO placement.requestlog [req-3452685f-7d3d-449c-999a-5279105ac23f req-c2e4d0e7-59e8-41f5-965a-1f4c5eacfaf5 d6848b84d2e9434b8c2b15b4415046e1 51d47253cd0b4ff698dd29f93f5e8f8f - - 5e81739fff6c48b2b57ec94be753b37f 5e81739fff6c48b2b57ec94be753b37f] 199.204.45.23 "GET /allocations/d052ce69-217c-4b13-aeb1-37ba685292ae" status: 200 len: 258 microversion: 1.28 [pid: 7|app: 0|req: 492/986] 199.204.45.23 () {34 vars in 862 bytes} [Sun Mar 8 03:44:27 2026] GET /allocations/d052ce69-217c-4b13-aeb1-37ba685292ae => generated 258 bytes in 20 msecs (HTTP/1.1 200) 8 headers in 296 bytes (1 switches on core 0)
2026-03-08 03:44:28.031 8 INFO placement.requestlog [req-3452685f-7d3d-449c-999a-5279105ac23f req-2ef838c7-1ea5-41c6-8d58-f800fd652c85 d6848b84d2e9434b8c2b15b4415046e1 51d47253cd0b4ff698dd29f93f5e8f8f - - 5e81739fff6c48b2b57ec94be753b37f 5e81739fff6c48b2b57ec94be753b37f] 199.204.45.23 "GET /allocations/2d60058f-ab9c-4c54-ba2c-7c9fbe01c1cb" status: 200 len: 258 microversion: 1.28 [pid: 8|app: 0|req: 495/987] 199.204.45.23 () {34 vars in 862 bytes} [Sun Mar 8 03:44:28 2026] GET /allocations/2d60058f-ab9c-4c54-ba2c-7c9fbe01c1cb => generated 258 bytes in 19 msecs (HTTP/1.1 200) 8 headers in 296 bytes (1 switches on core 0)
2026-03-08 03:44:28.050 7 INFO placement.requestlog [req-3452685f-7d3d-449c-999a-5279105ac23f req-e9926fb8-fb89-4536-894c-7ebe9730eb2d d6848b84d2e9434b8c2b15b4415046e1 51d47253cd0b4ff698dd29f93f5e8f8f - - 5e81739fff6c48b2b57ec94be753b37f 5e81739fff6c48b2b57ec94be753b37f] 199.204.45.23 "GET /allocations/4f1f1031-17c4-4ff6-aafe-53240d7fbeb5" status: 200 len: 258 microversion: 1.28 [pid: 7|app: 0|req: 493/988] 199.204.45.23 () {34 vars in 862 bytes} [Sun Mar 8 03:44:28 2026] GET /allocations/4f1f1031-17c4-4ff6-aafe-53240d7fbeb5 => generated 258 bytes in 12 msecs (HTTP/1.1 200) 8 headers in 296 bytes (1 switches on core 0)
2026-03-08 03:44:33.386 7 INFO placement.requestlog [None req-0be9a2cc-33bd-49fb-ae0d-c3652f85df7d - - - - - -] 10.0.0.192 "GET /" status: 200 len: 136 microversion: 1.0
2026-03-08 03:44:33.387 8 INFO placement.requestlog [None req-a5e60a59-d82e-46bc-adad-dc5eff305456 - - - - - -] 10.0.0.192 "GET /" status: 200 len: 136 microversion: 1.0
2026-03-08 03:44:43.385 7 INFO placement.requestlog [None req-51895b33-b4ff-43d9-bf41-f03d77c216ad - - - - - -] 10.0.0.192 "GET /" status: 200 len: 136 microversion: 1.0
2026-03-08 03:44:43.386 8 INFO placement.requestlog [None req-a49cb8e3-9195-4ccd-84c2-e4bbfa8d7b50 - - - - - -] 10.0.0.192 "GET /" status: 200 len: 136 microversion: 1.0
2026-03-08 03:44:47.806 7 INFO placement.requestlog [req-97f0f000-9533-48b8-8e53-404c9df1deff req-e441a036-e046-4214-bf28-eadb042808c0 d6848b84d2e9434b8c2b15b4415046e1 51d47253cd0b4ff698dd29f93f5e8f8f - - 5e81739fff6c48b2b57ec94be753b37f 5e81739fff6c48b2b57ec94be753b37f] 199.204.45.23 "GET /resource_providers/3160a809-f8b0-4c29-80b2-80f84f655698/allocations" status: 200 len: 353 microversion: 1.0 [pid: 7|app: 0|req: 496/993] 199.204.45.23 () {32 vars in 856 bytes} [Sun Mar 8 03:44:47 2026] GET /resource_providers/3160a809-f8b0-4c29-80b2-80f84f655698/allocations => generated 353 bytes in 22 msecs (HTTP/1.1 200) 6 headers in 224 bytes (1 switches on core 0)
2026-03-08 03:44:47.833 8 INFO placement.requestlog [req-97f0f000-9533-48b8-8e53-404c9df1deff req-d7b5d6b3-74a9-4e93-8412-ca7cff077add d6848b84d2e9434b8c2b15b4415046e1 51d47253cd0b4ff698dd29f93f5e8f8f - - 5e81739fff6c48b2b57ec94be753b37f 5e81739fff6c48b2b57ec94be753b37f] 199.204.45.23 "GET /allocations/d052ce69-217c-4b13-aeb1-37ba685292ae" status: 200 len: 258 microversion: 1.28 [pid: 8|app: 0|req: 498/994] 199.204.45.23 () {34 vars in 862 bytes} [Sun Mar 8 03:44:47 2026] GET /allocations/d052ce69-217c-4b13-aeb1-37ba685292ae => generated 258 bytes in 22 msecs (HTTP/1.1 200) 8 headers in 296 bytes (1 switches on core 0)
2026-03-08 03:44:47.856 7 INFO placement.requestlog [req-97f0f000-9533-48b8-8e53-404c9df1deff req-7782c521-bf04-406d-8fb5-bc278e5690d4 d6848b84d2e9434b8c2b15b4415046e1 51d47253cd0b4ff698dd29f93f5e8f8f - - 5e81739fff6c48b2b57ec94be753b37f 5e81739fff6c48b2b57ec94be753b37f] 199.204.45.23 "GET /allocations/2d60058f-ab9c-4c54-ba2c-7c9fbe01c1cb" status: 200 len: 258 microversion: 1.28 [pid: 7|app: 0|req: 497/995] 199.204.45.23 () {34 vars in 862 bytes} [Sun Mar 8 03:44:47 2026] GET /allocations/2d60058f-ab9c-4c54-ba2c-7c9fbe01c1cb => generated 258 bytes in 14 msecs (HTTP/1.1 200) 8 headers in 296 bytes (1 switches on core 0)
2026-03-08 03:44:47.879 8 INFO placement.requestlog [req-97f0f000-9533-48b8-8e53-404c9df1deff req-fe7cb034-8509-4ede-a6be-72de1b76d8a2 d6848b84d2e9434b8c2b15b4415046e1 51d47253cd0b4ff698dd29f93f5e8f8f - - 5e81739fff6c48b2b57ec94be753b37f 5e81739fff6c48b2b57ec94be753b37f] 199.204.45.23 "GET /allocations/4f1f1031-17c4-4ff6-aafe-53240d7fbeb5" status: 200 len: 258 microversion: 1.28 [pid: 8|app: 0|req: 499/996] 199.204.45.23 () {34 vars in 862 bytes} [Sun Mar 8 03:44:47 2026] GET /allocations/4f1f1031-17c4-4ff6-aafe-53240d7fbeb5 => generated 258 bytes in 15 msecs (HTTP/1.1 200) 8 headers in 296 bytes (1 switches on core 0)
2026-03-08 03:44:48.941 7 INFO placement.requestlog [req-97f0f000-9533-48b8-8e53-404c9df1deff req-0ed0b2eb-aaaf-4e47-946c-ad1b27eddf44 d6848b84d2e9434b8c2b15b4415046e1 51d47253cd0b4ff698dd29f93f5e8f8f - - 5e81739fff6c48b2b57ec94be753b37f 5e81739fff6c48b2b57ec94be753b37f] 199.204.45.23 "DELETE /allocations/d052ce69-217c-4b13-aeb1-37ba685292ae" status: 204 len: 0 microversion: 1.0 [pid: 7|app: 0|req: 498/997] 199.204.45.23 () {34 vars in 840 bytes} [Sun Mar 8 03:44:48 2026] DELETE /allocations/d052ce69-217c-4b13-aeb1-37ba685292ae => generated 0 bytes in 36 msecs (HTTP/1.1 204) 5 headers in 198 bytes (1 switches on core 0)
2026-03-08 03:44:49.455 8 INFO placement.requestlog [None req-870afee6-3c4d-43c4-b98f-8e8b8e6133d5 21f42e2037a44e4eb57e9740880008a0 51d47253cd0b4ff698dd29f93f5e8f8f - - 5e81739fff6c48b2b57ec94be753b37f 5e81739fff6c48b2b57ec94be753b37f] 10.0.0.209 "GET /resource_providers/c78902a3-6f43-4f12-b790-e4190344579f/aggregates" status: 404 len: 235 microversion: 1.1 [pid: 8|app: 0|req: 500/998] 10.0.0.209 () {32 vars in 816 bytes} [Sun Mar 8 03:44:49 2026] GET /resource_providers/c78902a3-6f43-4f12-b790-e4190344579f/aggregates => generated 235 bytes in 10 msecs (HTTP/1.1 404) 5 headers in 202 bytes (1 switches on core 0)
2026-03-08 03:44:49.462 7 INFO placement.requestlog [None req-a660247d-be1a-4d8a-8ac6-64bd0473f811 21f42e2037a44e4eb57e9740880008a0 51d47253cd0b4ff698dd29f93f5e8f8f - - 5e81739fff6c48b2b57ec94be753b37f 5e81739fff6c48b2b57ec94be753b37f] 10.0.0.209 "GET /resource_providers/c78902a3-6f43-4f12-b790-e4190344579f/aggregates" status: 404 len: 235 microversion: 1.1 [pid: 7|app: 0|req: 499/999] 10.0.0.209 () {32 vars in 816 bytes} [Sun Mar 8 03:44:49 2026] GET /resource_providers/c78902a3-6f43-4f12-b790-e4190344579f/aggregates => generated 235 bytes in 9 msecs (HTTP/1.1 404) 5 headers in 202 bytes (1 switches on core 0)
2026-03-08 03:44:49.484 8 INFO placement.requestlog [None req-b6aab6f4-8980-44df-9a7d-e57b8e46a3bc 21f42e2037a44e4eb57e9740880008a0 51d47253cd0b4ff698dd29f93f5e8f8f - - 5e81739fff6c48b2b57ec94be753b37f 5e81739fff6c48b2b57ec94be753b37f] 10.0.0.209 "DELETE /resource_providers/c78902a3-6f43-4f12-b790-e4190344579f" status: 404 len: 246 microversion: 1.1 [pid: 8|app: 0|req: 501/1000] 10.0.0.209 () {34 vars in 816 bytes} [Sun Mar 8 03:44:49 2026] DELETE /resource_providers/c78902a3-6f43-4f12-b790-e4190344579f => generated 246 bytes in 11 msecs (HTTP/1.1 404) 6 headers in 231 bytes (1 switches on core 0)
2026-03-08 03:44:49.486 7 INFO placement.requestlog [None req-82aadee5-8dc8-4ca8-a22a-4c814dbcba13 21f42e2037a44e4eb57e9740880008a0 51d47253cd0b4ff698dd29f93f5e8f8f - - 5e81739fff6c48b2b57ec94be753b37f 5e81739fff6c48b2b57ec94be753b37f] 10.0.0.209 "DELETE /resource_providers/c78902a3-6f43-4f12-b790-e4190344579f" status: 404 len: 246 microversion: 1.1 [pid: 7|app: 0|req: 500/1001] 10.0.0.209 () {34 vars in 816 bytes} [Sun Mar 8 03:44:49 2026] DELETE /resource_providers/c78902a3-6f43-4f12-b790-e4190344579f => generated 246 bytes in 10 msecs (HTTP/1.1 404) 6 headers in 231 bytes (1 switches on core 0)
2026-03-08 03:44:49.570 7 INFO placement.requestlog [None req-3746a5ac-d7eb-45ec-ae46-785da8a75bb6 21f42e2037a44e4eb57e9740880008a0 51d47253cd0b4ff698dd29f93f5e8f8f - - 5e81739fff6c48b2b57ec94be753b37f 5e81739fff6c48b2b57ec94be753b37f] 10.0.0.209 "GET /resource_providers/aed81938-0091-4788-9716-c0910cb44557/aggregates" status: 404 len: 235 microversion: 1.1 [pid: 7|app: 0|req: 501/1002] 10.0.0.209 () {32 vars in 816 bytes} [Sun Mar 8 03:44:49 2026] GET /resource_providers/aed81938-0091-4788-9716-c0910cb44557/aggregates => generated 235 bytes in 11 msecs (HTTP/1.1 404) 5 headers in 202 bytes (1 switches on core 0)
2026-03-08 03:44:49.573 8 INFO placement.requestlog [None req-5eef8e6f-edf2-42e7-b10d-2db49f74a7c6 21f42e2037a44e4eb57e9740880008a0 51d47253cd0b4ff698dd29f93f5e8f8f - - 5e81739fff6c48b2b57ec94be753b37f 5e81739fff6c48b2b57ec94be753b37f] 10.0.0.209 "GET /resource_providers/aed81938-0091-4788-9716-c0910cb44557/aggregates" status: 404 len: 235 microversion: 1.1 [pid: 8|app: 0|req: 502/1003] 10.0.0.209 () {32 vars in 816 bytes} [Sun Mar 8 03:44:49 2026] GET /resource_providers/aed81938-0091-4788-9716-c0910cb44557/aggregates => generated 235 bytes in 13 msecs (HTTP/1.1 404) 5 headers in 202 bytes (1 switches on core 0)
2026-03-08 03:44:49.601 8 INFO placement.requestlog [None req-ec2fe914-13d6-4578-845c-a259a47df218 21f42e2037a44e4eb57e9740880008a0 51d47253cd0b4ff698dd29f93f5e8f8f - - 5e81739fff6c48b2b57ec94be753b37f 5e81739fff6c48b2b57ec94be753b37f] 10.0.0.209 "DELETE /resource_providers/aed81938-0091-4788-9716-c0910cb44557" status: 404 len: 246 microversion: 1.1 [pid: 8|app: 0|req: 503/1004] 10.0.0.209 () {34 vars in 816 bytes} [Sun Mar 8 03:44:49 2026] DELETE /resource_providers/aed81938-0091-4788-9716-c0910cb44557 => generated 246 bytes in 9 msecs (HTTP/1.1 404) 6 headers in 231 bytes (1 switches on core 0)
2026-03-08 03:44:49.602 7 INFO placement.requestlog [None req-cb954bd1-9418-4177-a265-099296c4374c 21f42e2037a44e4eb57e9740880008a0 51d47253cd0b4ff698dd29f93f5e8f8f - - 5e81739fff6c48b2b57ec94be753b37f 5e81739fff6c48b2b57ec94be753b37f] 10.0.0.209 "DELETE /resource_providers/aed81938-0091-4788-9716-c0910cb44557" status: 404 len: 246 microversion: 1.1 [pid: 7|app: 0|req: 502/1005] 10.0.0.209 () {34 vars in 816 bytes} [Sun Mar 8 03:44:49 2026] DELETE /resource_providers/aed81938-0091-4788-9716-c0910cb44557 => generated 246 bytes in 12 msecs (HTTP/1.1 404) 6 headers in 231 bytes (1 switches on core 0)
2026-03-08 03:44:51.513 8 INFO placement.requestlog [None req-07c5d0ce-ffe6-4d12-9882-1fb07991a66a 21f42e2037a44e4eb57e9740880008a0 51d47253cd0b4ff698dd29f93f5e8f8f - - 5e81739fff6c48b2b57ec94be753b37f 5e81739fff6c48b2b57ec94be753b37f] 10.0.0.209 "GET /resource_providers/cb8456ad-7f48-4b49-a187-b20372c74dbd/aggregates" status: 404 len: 235 microversion: 1.1 [pid: 8|app: 0|req: 504/1006] 10.0.0.209 () {32 vars in 816 bytes} [Sun Mar 8 03:44:51 2026] GET /resource_providers/cb8456ad-7f48-4b49-a187-b20372c74dbd/aggregates => generated 235 bytes in 11 msecs (HTTP/1.1 404) 5 headers in 202 bytes (1 switches on core 0)
2026-03-08 03:44:51.517 7 INFO placement.requestlog [None req-8f0f9442-818d-4adc-91b7-56b38c7dab2e 21f42e2037a44e4eb57e9740880008a0 51d47253cd0b4ff698dd29f93f5e8f8f - - 5e81739fff6c48b2b57ec94be753b37f 5e81739fff6c48b2b57ec94be753b37f] 10.0.0.209 "GET /resource_providers/cb8456ad-7f48-4b49-a187-b20372c74dbd/aggregates" status: 404 len: 235 microversion: 1.1 [pid: 7|app: 0|req: 503/1007] 10.0.0.209 () {32 vars in 816 bytes} [Sun Mar 8 03:44:51 2026] GET /resource_providers/cb8456ad-7f48-4b49-a187-b20372c74dbd/aggregates => generated 235 bytes in 11 msecs (HTTP/1.1 404) 5 headers in 202 bytes (1 switches on core 0)
2026-03-08 03:44:51.537 7 INFO placement.requestlog [None req-67ce9662-4a10-4c26-9913-5281275a6349 21f42e2037a44e4eb57e9740880008a0 51d47253cd0b4ff698dd29f93f5e8f8f - - 5e81739fff6c48b2b57ec94be753b37f 5e81739fff6c48b2b57ec94be753b37f] 10.0.0.209 "DELETE /resource_providers/cb8456ad-7f48-4b49-a187-b20372c74dbd" status: 404 len: 246 microversion: 1.1 [pid: 7|app: 0|req: 504/1008] 10.0.0.209 () {34 vars in 816 bytes} [Sun Mar 8 03:44:51 2026] DELETE /resource_providers/cb8456ad-7f48-4b49-a187-b20372c74dbd => generated 246 bytes in 9 msecs (HTTP/1.1 404) 6 headers in 231 bytes (1 switches on core 0)
2026-03-08 03:44:51.539 8 INFO placement.requestlog [None req-5e6b54c6-a983-466d-aa0a-dfc60fd43645 21f42e2037a44e4eb57e9740880008a0 51d47253cd0b4ff698dd29f93f5e8f8f - - 5e81739fff6c48b2b57ec94be753b37f 5e81739fff6c48b2b57ec94be753b37f] 10.0.0.209 "DELETE /resource_providers/cb8456ad-7f48-4b49-a187-b20372c74dbd" status: 404 len: 246 microversion: 1.1 [pid: 8|app: 0|req: 505/1009] 10.0.0.209 () {34 vars in 816 bytes} [Sun Mar 8 03:44:51 2026] DELETE /resource_providers/cb8456ad-7f48-4b49-a187-b20372c74dbd => generated 246 bytes in 14 msecs (HTTP/1.1 404) 6 headers in 231 bytes (1 switches on core 0)
2026-03-08 03:44:51.560 7 INFO placement.requestlog [None req-a8dc464c-e395-414d-975f-305dc8585ddc 21f42e2037a44e4eb57e9740880008a0 51d47253cd0b4ff698dd29f93f5e8f8f - - 5e81739fff6c48b2b57ec94be753b37f 5e81739fff6c48b2b57ec94be753b37f] 10.0.0.209 "GET /resource_providers/1c2ec4d5-7be1-4836-85f5-963e36033d03/aggregates" status: 404 len: 235 microversion: 1.1 [pid: 7|app: 0|req: 505/1010] 10.0.0.209 () {32 vars in 816 bytes} [Sun Mar 8 03:44:51 2026] GET /resource_providers/1c2ec4d5-7be1-4836-85f5-963e36033d03/aggregates => generated 235 bytes in 11 msecs (HTTP/1.1 404) 5 headers in 202 bytes (1 switches on core 0)
2026-03-08 03:44:51.562 8 INFO placement.requestlog [None req-dda510c8-cb51-4ae8-bd8a-8b5a0dfd9264 21f42e2037a44e4eb57e9740880008a0 51d47253cd0b4ff698dd29f93f5e8f8f - - 5e81739fff6c48b2b57ec94be753b37f 5e81739fff6c48b2b57ec94be753b37f] 10.0.0.209 "GET /resource_providers/1c2ec4d5-7be1-4836-85f5-963e36033d03/aggregates" status: 404 len: 235 microversion: 1.1 [pid: 8|app: 0|req: 506/1011] 10.0.0.209 () {32 vars in 816 bytes} [Sun Mar 8 03:44:51 2026] GET /resource_providers/1c2ec4d5-7be1-4836-85f5-963e36033d03/aggregates => generated 235 bytes in 11 msecs (HTTP/1.1 404) 5 headers in 202 bytes (1 switches on core 0)
2026-03-08 03:44:51.583 8 INFO placement.requestlog [None req-4aefe44c-fb63-4a19-bcca-fcc7f1d8c670 21f42e2037a44e4eb57e9740880008a0 51d47253cd0b4ff698dd29f93f5e8f8f - - 5e81739fff6c48b2b57ec94be753b37f 5e81739fff6c48b2b57ec94be753b37f] 10.0.0.209 "DELETE /resource_providers/1c2ec4d5-7be1-4836-85f5-963e36033d03" status: 404 len: 246 microversion: 1.1 [pid: 8|app: 0|req: 507/1012] 10.0.0.209 () {34 vars in 816 bytes} [Sun Mar 8 03:44:51 2026] DELETE /resource_providers/1c2ec4d5-7be1-4836-85f5-963e36033d03 => generated 246 bytes in 9 msecs (HTTP/1.1 404) 6 headers in 231 bytes (1 switches on core 0)
2026-03-08 03:44:51.584 7 INFO placement.requestlog [None req-69f2b334-cbc0-4414-8864-ec421fe92842 21f42e2037a44e4eb57e9740880008a0 51d47253cd0b4ff698dd29f93f5e8f8f - - 5e81739fff6c48b2b57ec94be753b37f 5e81739fff6c48b2b57ec94be753b37f] 10.0.0.209 "DELETE /resource_providers/1c2ec4d5-7be1-4836-85f5-963e36033d03" status: 404 len: 246 microversion: 1.1 [pid: 7|app: 0|req: 506/1013] 10.0.0.209 () {34 vars in 816 bytes} [Sun Mar 8 03:44:51 2026] DELETE /resource_providers/1c2ec4d5-7be1-4836-85f5-963e36033d03 => generated 246 bytes in 10 msecs (HTTP/1.1 404) 6 headers in 231 bytes (1 switches on core 0)
2026-03-08 03:44:51.617 8 INFO placement.requestlog [None req-8007ecc6-16cc-4462-acc2-a5ad595ac855 21f42e2037a44e4eb57e9740880008a0 51d47253cd0b4ff698dd29f93f5e8f8f - - 5e81739fff6c48b2b57ec94be753b37f 5e81739fff6c48b2b57ec94be753b37f] 10.0.0.209 "GET /resource_providers/069712d4-836c-44c8-8197-e1a28c42efa2/aggregates" status: 404 len: 235 microversion: 1.1 [pid: 8|app: 0|req: 508/1014] 10.0.0.209 () {32 vars in 816 bytes} [Sun Mar 8 03:44:51 2026] GET /resource_providers/069712d4-836c-44c8-8197-e1a28c42efa2/aggregates => generated 235 bytes in 13 msecs (HTTP/1.1 404) 5 headers in 202 bytes (1 switches on core 0)
2026-03-08 03:44:51.620 7 INFO placement.requestlog [None req-4545210d-63ed-4b24-8d96-1abee381a26f 21f42e2037a44e4eb57e9740880008a0 51d47253cd0b4ff698dd29f93f5e8f8f - - 5e81739fff6c48b2b57ec94be753b37f 5e81739fff6c48b2b57ec94be753b37f] 10.0.0.209 "GET /resource_providers/069712d4-836c-44c8-8197-e1a28c42efa2/aggregates" status: 404 len: 235 microversion: 1.1 [pid: 7|app: 0|req: 507/1015] 10.0.0.209 () {32 vars in 816 bytes} [Sun Mar 8 03:44:51 2026] GET /resource_providers/069712d4-836c-44c8-8197-e1a28c42efa2/aggregates => generated 235 bytes in 14 msecs (HTTP/1.1 404) 5 headers in 202 bytes (1 switches on core 0)
2026-03-08 03:44:51.632 8 INFO placement.requestlog [None req-ab77c8b1-c01c-4fda-bacb-86709d52cae3 21f42e2037a44e4eb57e9740880008a0 51d47253cd0b4ff698dd29f93f5e8f8f - - 5e81739fff6c48b2b57ec94be753b37f 5e81739fff6c48b2b57ec94be753b37f] 10.0.0.209 "GET /resource_providers/1ccf27a2-6f89-44e9-8caa-4e1f4d38a343/aggregates" status: 404 len: 235 microversion: 1.1 [pid: 8|app: 0|req: 509/1016] 10.0.0.209 () {32 vars in 816 bytes} [Sun Mar 8 03:44:51 2026] GET /resource_providers/1ccf27a2-6f89-44e9-8caa-4e1f4d38a343/aggregates => generated 235 bytes in 11 msecs (HTTP/1.1 404) 5 headers in 202 bytes (1 switches on core 0)
2026-03-08 03:44:51.638 7 INFO placement.requestlog [None req-a235956d-53c0-4eb7-ab58-37b501d332f7 21f42e2037a44e4eb57e9740880008a0 51d47253cd0b4ff698dd29f93f5e8f8f - - 5e81739fff6c48b2b57ec94be753b37f 5e81739fff6c48b2b57ec94be753b37f] 10.0.0.209 "GET /resource_providers/1ccf27a2-6f89-44e9-8caa-4e1f4d38a343/aggregates" status: 404 len: 235 microversion: 1.1 [pid: 7|app: 0|req: 508/1017] 10.0.0.209 () {32 vars in 816 bytes} [Sun Mar 8 03:44:51 2026] GET /resource_providers/1ccf27a2-6f89-44e9-8caa-4e1f4d38a343/aggregates => generated 235 bytes in 13 msecs (HTTP/1.1 404) 5 headers in 202 bytes (1 switches on core 0)
2026-03-08 03:44:51.645 8 INFO placement.requestlog [None req-f1184b7f-49f0-437a-9ca8-bd0fc69fd89b 21f42e2037a44e4eb57e9740880008a0 51d47253cd0b4ff698dd29f93f5e8f8f - - 5e81739fff6c48b2b57ec94be753b37f 5e81739fff6c48b2b57ec94be753b37f] 10.0.0.209 "DELETE /resource_providers/1ccf27a2-6f89-44e9-8caa-4e1f4d38a343" status: 404 len: 246 microversion: 1.1 [pid: 8|app: 0|req: 510/1018] 10.0.0.209 () {34 vars in 816 bytes} [Sun Mar 8 03:44:51 2026] DELETE /resource_providers/1ccf27a2-6f89-44e9-8caa-4e1f4d38a343 => generated 246 bytes in 6 msecs (HTTP/1.1 404) 6 headers in 231 bytes (1 switches on core 0)
2026-03-08 03:44:51.652 8 INFO placement.requestlog [None req-43befa8f-f327-4fa4-8d12-a03d50662a84 21f42e2037a44e4eb57e9740880008a0 51d47253cd0b4ff698dd29f93f5e8f8f - - 5e81739fff6c48b2b57ec94be753b37f 5e81739fff6c48b2b57ec94be753b37f] 10.0.0.209 "DELETE /resource_providers/069712d4-836c-44c8-8197-e1a28c42efa2" status: 404 len: 246 microversion: 1.1 [pid: 8|app: 0|req: 511/1019] 10.0.0.209 () {34 vars in 816 bytes} [Sun Mar 8 03:44:51 2026] DELETE /resource_providers/069712d4-836c-44c8-8197-e1a28c42efa2 => generated 246 bytes in 6 msecs (HTTP/1.1 404) 6 headers in 231 bytes (1 switches on core 0)
2026-03-08 03:44:51.654 7 INFO placement.requestlog [None req-e1e51397-3c23-4afa-87bb-53c20b751c2d 21f42e2037a44e4eb57e9740880008a0 51d47253cd0b4ff698dd29f93f5e8f8f - - 5e81739fff6c48b2b57ec94be753b37f 5e81739fff6c48b2b57ec94be753b37f] 10.0.0.209 "DELETE /resource_providers/069712d4-836c-44c8-8197-e1a28c42efa2" status: 404 len: 246 microversion: 1.1 [pid: 7|app: 0|req: 509/1020] 10.0.0.209 () {34 vars in 816 bytes} [Sun Mar 8 03:44:51 2026] DELETE /resource_providers/069712d4-836c-44c8-8197-e1a28c42efa2 => generated 246 bytes in 12 msecs (HTTP/1.1 404) 6 headers in 231 bytes (1 switches on core 0)
2026-03-08 03:44:51.659 8 INFO placement.requestlog [None req-3b5acdc5-b1dc-47fd-b89e-df8c3c994367 21f42e2037a44e4eb57e9740880008a0 51d47253cd0b4ff698dd29f93f5e8f8f - - 5e81739fff6c48b2b57ec94be753b37f 5e81739fff6c48b2b57ec94be753b37f] 10.0.0.209 "DELETE /resource_providers/1ccf27a2-6f89-44e9-8caa-4e1f4d38a343" status: 404 len: 246 microversion: 1.1 [pid: 8|app: 0|req: 512/1021] 10.0.0.209 () {34 vars in 816 bytes} [Sun Mar 8 03:44:51 2026] DELETE /resource_providers/1ccf27a2-6f89-44e9-8caa-4e1f4d38a343 => generated 246 bytes in 6 msecs (HTTP/1.1 404) 6 headers in 231 bytes (1 switches on core 0)
2026-03-08 03:44:51.666 7 INFO placement.requestlog [None req-3f7a6504-2db5-4b9e-b266-072dab2ad663 21f42e2037a44e4eb57e9740880008a0 51d47253cd0b4ff698dd29f93f5e8f8f - - 5e81739fff6c48b2b57ec94be753b37f 5e81739fff6c48b2b57ec94be753b37f] 10.0.0.209 "GET /resource_providers/8c035cce-0b97-41ce-a538-03cde50b128c/aggregates" status: 404 len: 235 microversion: 1.1 [pid: 7|app: 0|req: 510/1022] 10.0.0.209 () {32 vars in 816 bytes} [Sun Mar 8 03:44:51 2026] GET /resource_providers/8c035cce-0b97-41ce-a538-03cde50b128c/aggregates => generated 235 bytes in 9 msecs (HTTP/1.1 404) 5 headers in 202 bytes (1 switches on core 0)
2026-03-08 03:44:51.683 7 INFO placement.requestlog [None req-9a088ac3-acc5-426c-9461-b5a9db3c8354 21f42e2037a44e4eb57e9740880008a0 51d47253cd0b4ff698dd29f93f5e8f8f - - 5e81739fff6c48b2b57ec94be753b37f 5e81739fff6c48b2b57ec94be753b37f] 10.0.0.209 "DELETE /resource_providers/8c035cce-0b97-41ce-a538-03cde50b128c" status: 404 len: 246 microversion: 1.1 [pid: 7|app: 0|req: 511/1023] 10.0.0.209 () {34 vars in 816 bytes} [Sun Mar 8 03:44:51 2026] DELETE /resource_providers/8c035cce-0b97-41ce-a538-03cde50b128c => generated 246 bytes in 10 msecs (HTTP/1.1 404) 6 headers in 231 bytes (1 switches on core 0)
2026-03-08 03:44:51.685 8 INFO placement.requestlog [None req-e7b79a0d-858e-4f07-a8af-68863eec5d34 21f42e2037a44e4eb57e9740880008a0 51d47253cd0b4ff698dd29f93f5e8f8f - - 5e81739fff6c48b2b57ec94be753b37f 5e81739fff6c48b2b57ec94be753b37f] 10.0.0.209 "GET /resource_providers/8c035cce-0b97-41ce-a538-03cde50b128c/aggregates" status: 404 len: 235 microversion: 1.1 [pid: 8|app: 0|req: 513/1024] 10.0.0.209 () {32 vars in 816 bytes} [Sun Mar 8 03:44:51 2026] GET /resource_providers/8c035cce-0b97-41ce-a538-03cde50b128c/aggregates => generated 235 bytes in 14 msecs (HTTP/1.1 404) 5 headers in 202 bytes (1 switches on core 0)
2026-03-08 03:44:51.705 7 INFO placement.requestlog [None req-06a459f4-bf3c-477b-a988-6da0a702392b 21f42e2037a44e4eb57e9740880008a0 51d47253cd0b4ff698dd29f93f5e8f8f - - 5e81739fff6c48b2b57ec94be753b37f 5e81739fff6c48b2b57ec94be753b37f] 10.0.0.209 "DELETE /resource_providers/8c035cce-0b97-41ce-a538-03cde50b128c" status: 404 len: 246 microversion: 1.1 [pid: 7|app: 0|req: 512/1025] 10.0.0.209 () {34 vars in 816 bytes} [Sun Mar 8 03:44:51 2026] DELETE /resource_providers/8c035cce-0b97-41ce-a538-03cde50b128c => generated 246 bytes in 11 msecs (HTTP/1.1 404) 6 headers in 231 bytes (1 switches on core 0)
2026-03-08 03:44:53.386 8 INFO placement.requestlog [None req-3c3ae45f-839a-4188-a0a6-3251b0f1f9f0 - - - - - -] 10.0.0.192 "GET /" status: 200 len: 136 microversion: 1.0
2026-03-08 03:44:53.390 7 INFO placement.requestlog [None req-1b00090f-017e-4068-8997-d3eb2ebc1231 - - - - - -] 10.0.0.192 "GET /" status: 200 len: 136 microversion: 1.0
2026-03-08 03:44:53.679 8 INFO placement.requestlog [None req-6375be84-8ef8-4259-bfab-510e8a00825c 21f42e2037a44e4eb57e9740880008a0 51d47253cd0b4ff698dd29f93f5e8f8f - - 5e81739fff6c48b2b57ec94be753b37f 5e81739fff6c48b2b57ec94be753b37f] 10.0.0.209 "GET /resource_providers/771f4b92-37f7-4382-adff-942f96cd67af/aggregates" status: 404 len: 235 microversion: 1.1 [pid: 8|app: 0|req: 515/1028] 10.0.0.209 () {32 vars in 816 bytes} [Sun Mar 8 03:44:53 2026] GET /resource_providers/771f4b92-37f7-4382-adff-942f96cd67af/aggregates => generated 235 bytes in 12 msecs (HTTP/1.1 404) 5 headers in 202 bytes (1 switches on core 0)
2026-03-08 03:44:53.689 7 INFO placement.requestlog [None req-647e4eb8-069c-4b5a-9a61-5315d66c7678 21f42e2037a44e4eb57e9740880008a0 51d47253cd0b4ff698dd29f93f5e8f8f - - 5e81739fff6c48b2b57ec94be753b37f 5e81739fff6c48b2b57ec94be753b37f] 10.0.0.209 "GET /resource_providers/771f4b92-37f7-4382-adff-942f96cd67af/aggregates" status: 404 len: 235 microversion: 1.1 [pid: 7|app: 0|req: 514/1029] 10.0.0.209 () {32 vars in 816 bytes} [Sun Mar 8 03:44:53 2026] GET /resource_providers/771f4b92-37f7-4382-adff-942f96cd67af/aggregates => generated 235 bytes in 11 msecs (HTTP/1.1 404) 5 headers in 202 bytes (1 switches on core 0)
2026-03-08 03:44:53.704 8 INFO placement.requestlog [None req-05cb8e9e-1f46-4f8e-ab6e-3c0d8ee2d6d4 21f42e2037a44e4eb57e9740880008a0 51d47253cd0b4ff698dd29f93f5e8f8f - - 5e81739fff6c48b2b57ec94be753b37f 5e81739fff6c48b2b57ec94be753b37f] 10.0.0.209 "GET /resource_providers/2e93d64c-d47a-45ab-9c0e-c94da868f766/aggregates" status: 404 len: 235 microversion: 1.1 [pid: 8|app: 0|req: 516/1030] 10.0.0.209 () {32 vars in 816 bytes} [Sun Mar 8 03:44:53 2026] GET /resource_providers/2e93d64c-d47a-45ab-9c0e-c94da868f766/aggregates => generated 235 bytes in 12 msecs (HTTP/1.1 404) 5 headers in 202 bytes (1 switches on core 0)
2026-03-08 03:44:53.714 7 INFO placement.requestlog [None req-a509ba93-82a6-456a-942b-44b3fa5cd2e0 21f42e2037a44e4eb57e9740880008a0 51d47253cd0b4ff698dd29f93f5e8f8f - - 5e81739fff6c48b2b57ec94be753b37f 5e81739fff6c48b2b57ec94be753b37f] 10.0.0.209 "DELETE /resource_providers/771f4b92-37f7-4382-adff-942f96cd67af" status: 404 len: 246 microversion: 1.1 [pid: 7|app: 0|req: 515/1031] 10.0.0.209 () {34 vars in 816 bytes} [Sun Mar 8 03:44:53 2026] DELETE /resource_providers/771f4b92-37f7-4382-adff-942f96cd67af => generated 246 bytes in 11 msecs (HTTP/1.1 404) 6 headers in 231 bytes (1 switches on core 0)
2026-03-08 03:44:53.724 8 INFO placement.requestlog [None req-12b99a9f-6d92-4b84-9a7c-47476077ffee 21f42e2037a44e4eb57e9740880008a0 51d47253cd0b4ff698dd29f93f5e8f8f - - 5e81739fff6c48b2b57ec94be753b37f 5e81739fff6c48b2b57ec94be753b37f] 10.0.0.209 "DELETE /resource_providers/771f4b92-37f7-4382-adff-942f96cd67af" status: 404 len: 246 microversion: 1.1 [pid: 8|app: 0|req: 517/1032] 10.0.0.209 () {34 vars in 816 bytes} [Sun Mar 8 03:44:53 2026] DELETE /resource_providers/771f4b92-37f7-4382-adff-942f96cd67af => generated 246 bytes in 10 msecs (HTTP/1.1 404) 6 headers in 231 bytes (1 switches on core 0)
2026-03-08 03:44:53.730 8 INFO placement.requestlog [None req-834e79bf-3d0f-4266-81af-1afff0277415 21f42e2037a44e4eb57e9740880008a0 51d47253cd0b4ff698dd29f93f5e8f8f - - 5e81739fff6c48b2b57ec94be753b37f 5e81739fff6c48b2b57ec94be753b37f] 10.0.0.209 "GET /resource_providers/2e93d64c-d47a-45ab-9c0e-c94da868f766/aggregates" status: 404 len: 235 microversion: 1.1 [pid: 8|app: 0|req: 518/1033] 10.0.0.209 () {32 vars in 816 bytes} [Sun Mar 8 03:44:53 2026] GET /resource_providers/2e93d64c-d47a-45ab-9c0e-c94da868f766/aggregates => generated 235 bytes in 5 msecs (HTTP/1.1 404) 5 headers in 202 bytes (1 switches on core 0)
2026-03-08 03:44:53.748 7 INFO placement.requestlog [None req-aa960cd0-b566-40b9-b8e3-6ff41b0fcebb 21f42e2037a44e4eb57e9740880008a0 51d47253cd0b4ff698dd29f93f5e8f8f - - 5e81739fff6c48b2b57ec94be753b37f 5e81739fff6c48b2b57ec94be753b37f] 10.0.0.209 "DELETE /resource_providers/2e93d64c-d47a-45ab-9c0e-c94da868f766" status: 404 len: 246 microversion: 1.1 [pid: 7|app: 0|req: 516/1034] 10.0.0.209 () {34 vars in 816 bytes} [Sun Mar 8 03:44:53 2026] DELETE /resource_providers/2e93d64c-d47a-45ab-9c0e-c94da868f766 => generated 246 bytes in 33 msecs (HTTP/1.1 404) 6 headers in 231 bytes (1 switches on core 0)
2026-03-08 03:44:53.749 8 INFO placement.requestlog [None req-dfc919d3-f7b4-4a2e-8526-27d031abda4e 21f42e2037a44e4eb57e9740880008a0 51d47253cd0b4ff698dd29f93f5e8f8f - - 5e81739fff6c48b2b57ec94be753b37f 5e81739fff6c48b2b57ec94be753b37f] 10.0.0.209 "DELETE /resource_providers/2e93d64c-d47a-45ab-9c0e-c94da868f766" status: 404 len: 246 microversion: 1.1 [pid: 8|app: 0|req: 519/1035] 10.0.0.209 () {34 vars in 816 bytes} [Sun Mar 8 03:44:53 2026] DELETE /resource_providers/2e93d64c-d47a-45ab-9c0e-c94da868f766 => generated 246 bytes in 10 msecs (HTTP/1.1 404) 6 headers in 231 bytes (1 switches on core 0)
2026-03-08 03:44:55.731 7 INFO placement.requestlog [None req-415e5c3d-b26c-4150-890e-4e12365f7938 21f42e2037a44e4eb57e9740880008a0 51d47253cd0b4ff698dd29f93f5e8f8f - - 5e81739fff6c48b2b57ec94be753b37f 5e81739fff6c48b2b57ec94be753b37f] 10.0.0.209 "GET /resource_providers/22e5be2b-6044-408b-94c1-67a97268b0ce/aggregates" status: 404 len: 235 microversion: 1.1 [pid: 7|app: 0|req: 517/1036] 10.0.0.209 () {32 vars in 816 bytes} [Sun Mar 8 03:44:55 2026] GET /resource_providers/22e5be2b-6044-408b-94c1-67a97268b0ce/aggregates => generated 235 bytes in 8 msecs (HTTP/1.1 404) 5 headers in 202 bytes (1 switches on core 0)
2026-03-08 03:44:55.772 7 INFO placement.requestlog [None req-1c30340f-5a55-4644-9e75-9f85eba67acf 21f42e2037a44e4eb57e9740880008a0 51d47253cd0b4ff698dd29f93f5e8f8f - - 5e81739fff6c48b2b57ec94be753b37f 5e81739fff6c48b2b57ec94be753b37f] 10.0.0.209 "GET /resource_providers/22e5be2b-6044-408b-94c1-67a97268b0ce/aggregates" status: 404 len: 235 microversion: 1.1 [pid: 7|app: 0|req: 518/1037] 10.0.0.209 () {32 vars in 816 bytes} [Sun Mar 8 03:44:55 2026] GET /resource_providers/22e5be2b-6044-408b-94c1-67a97268b0ce/aggregates => generated 235 bytes in 7 msecs (HTTP/1.1 404) 5 headers in 202 bytes (1 switches on core 0)
2026-03-08 03:44:55.775 8 INFO placement.requestlog [None req-a2a43f90-7c21-4484-b9cf-d574a6ab21ce 21f42e2037a44e4eb57e9740880008a0 51d47253cd0b4ff698dd29f93f5e8f8f - - 5e81739fff6c48b2b57ec94be753b37f 5e81739fff6c48b2b57ec94be753b37f] 10.0.0.209 "DELETE /resource_providers/22e5be2b-6044-408b-94c1-67a97268b0ce" status: 404 len: 246 microversion: 1.1 [pid: 8|app: 0|req: 520/1038] 10.0.0.209 () {34 vars in 816 bytes} [Sun Mar 8 03:44:55 2026] DELETE /resource_providers/22e5be2b-6044-408b-94c1-67a97268b0ce => generated 246 bytes in 23 msecs (HTTP/1.1 404) 6 headers in 231 bytes (1 switches on core 0)
2026-03-08 03:44:55.794 7 INFO placement.requestlog [None req-4f85a045-fe38-433e-b94f-77483a4d4404 21f42e2037a44e4eb57e9740880008a0 51d47253cd0b4ff698dd29f93f5e8f8f - - 5e81739fff6c48b2b57ec94be753b37f 5e81739fff6c48b2b57ec94be753b37f] 10.0.0.209 "DELETE /resource_providers/22e5be2b-6044-408b-94c1-67a97268b0ce" status: 404 len: 246 microversion: 1.1 [pid: 7|app: 0|req: 519/1039] 10.0.0.209 () {34 vars in 816 bytes} [Sun Mar 8 03:44:55 2026] DELETE /resource_providers/22e5be2b-6044-408b-94c1-67a97268b0ce => generated 246 bytes in 9 msecs (HTTP/1.1 404) 6 headers in 231 bytes (1 switches on core 0)
2026-03-08 03:44:57.799 8 INFO placement.requestlog [None req-43b948e9-3673-4b04-bed3-ecd0eb4592b7 21f42e2037a44e4eb57e9740880008a0 51d47253cd0b4ff698dd29f93f5e8f8f - - 5e81739fff6c48b2b57ec94be753b37f 5e81739fff6c48b2b57ec94be753b37f] 10.0.0.209 "GET /resource_providers/f22739c7-78ea-4d7a-b94f-edd2efc09ee5/aggregates" status: 404 len: 235 microversion: 1.1 [pid: 8|app: 0|req: 521/1040] 10.0.0.209 () {32 vars in 816 bytes} [Sun Mar 8 03:44:57 2026] GET /resource_providers/f22739c7-78ea-4d7a-b94f-edd2efc09ee5/aggregates => generated 235 bytes in 9 msecs (HTTP/1.1 404) 5 headers in 202 bytes (1 switches on core 0)
2026-03-08 03:44:57.819 7 INFO placement.requestlog [None req-a3d163ec-8ccc-483a-b610-12a252e2d02f 21f42e2037a44e4eb57e9740880008a0 51d47253cd0b4ff698dd29f93f5e8f8f - - 5e81739fff6c48b2b57ec94be753b37f 5e81739fff6c48b2b57ec94be753b37f] 10.0.0.209 "DELETE /resource_providers/f22739c7-78ea-4d7a-b94f-edd2efc09ee5" status: 404 len: 246 microversion: 1.1 [pid: 7|app: 0|req: 520/1041] 10.0.0.209 () {34 vars in 816 bytes} [Sun Mar 8 03:44:57 2026] DELETE /resource_providers/f22739c7-78ea-4d7a-b94f-edd2efc09ee5 => generated 246 bytes in 10 msecs (HTTP/1.1 404) 6 headers in 231 bytes (1 switches on core 0)
2026-03-08 03:44:57.823 8 INFO placement.requestlog [None req-7d37973b-7618-4994-9fa9-54115dd1790d 21f42e2037a44e4eb57e9740880008a0 51d47253cd0b4ff698dd29f93f5e8f8f - - 5e81739fff6c48b2b57ec94be753b37f 5e81739fff6c48b2b57ec94be753b37f] 10.0.0.209 "GET /resource_providers/f22739c7-78ea-4d7a-b94f-edd2efc09ee5/aggregates" status: 404 len: 235 microversion: 1.1 [pid: 8|app: 0|req: 522/1042] 10.0.0.209 () {32 vars in 816 bytes} [Sun Mar 8 03:44:57 2026] GET /resource_providers/f22739c7-78ea-4d7a-b94f-edd2efc09ee5/aggregates => generated 235 bytes in 8 msecs (HTTP/1.1 404) 5 headers in 202 bytes (1 switches on core 0)
2026-03-08 03:44:57.850 7 INFO placement.requestlog [None req-bffe15c9-e99a-4c30-9bb4-14091c3343f7 21f42e2037a44e4eb57e9740880008a0 51d47253cd0b4ff698dd29f93f5e8f8f - - 5e81739fff6c48b2b57ec94be753b37f 5e81739fff6c48b2b57ec94be753b37f] 10.0.0.209 "DELETE /resource_providers/f22739c7-78ea-4d7a-b94f-edd2efc09ee5" status: 404 len: 246 microversion: 1.1 [pid: 7|app: 0|req: 521/1043] 10.0.0.209 () {34 vars in 816 bytes} [Sun Mar 8 03:44:57 2026] DELETE /resource_providers/f22739c7-78ea-4d7a-b94f-edd2efc09ee5 => generated 246 bytes in 9 msecs (HTTP/1.1 404) 6 headers in 231 bytes (1 switches on core 0)
2026-03-08 03:44:59.846 8 INFO placement.requestlog [None req-3637a0f2-3400-41c6-9c21-11690ca0aab8 21f42e2037a44e4eb57e9740880008a0 51d47253cd0b4ff698dd29f93f5e8f8f - - 5e81739fff6c48b2b57ec94be753b37f 5e81739fff6c48b2b57ec94be753b37f] 10.0.0.209 "GET /resource_providers/c7ffa283-71de-4a98-a0e0-92262080ff87/aggregates" status: 404 len: 235 microversion: 1.1 [pid: 8|app: 0|req: 523/1044] 10.0.0.209 () {32 vars in 816 bytes} [Sun Mar 8 03:44:59 2026] GET /resource_providers/c7ffa283-71de-4a98-a0e0-92262080ff87/aggregates => generated 235 bytes in 9 msecs (HTTP/1.1 404) 5 headers in 202 bytes (1 switches on core 0)
2026-03-08 03:44:59.865 7 INFO placement.requestlog [None req-be5b3bfe-6510-43df-9403-0446499c56dd 21f42e2037a44e4eb57e9740880008a0 51d47253cd0b4ff698dd29f93f5e8f8f - - 5e81739fff6c48b2b57ec94be753b37f 5e81739fff6c48b2b57ec94be753b37f] 10.0.0.209 "DELETE /resource_providers/c7ffa283-71de-4a98-a0e0-92262080ff87" status: 404 len: 246 microversion: 1.1 [pid: 7|app: 0|req: 522/1045] 10.0.0.209 () {34 vars in 816 bytes} [Sun Mar 8 03:44:59 2026] DELETE /resource_providers/c7ffa283-71de-4a98-a0e0-92262080ff87 => generated 246 bytes in 13 msecs (HTTP/1.1 404) 6 headers in 231 bytes (1 switches on core 0)
2026-03-08 03:44:59.874 8 INFO placement.requestlog [None req-8fe101e1-b8ad-4247-a7e2-e8ce39cf1f4e 21f42e2037a44e4eb57e9740880008a0 51d47253cd0b4ff698dd29f93f5e8f8f - - 5e81739fff6c48b2b57ec94be753b37f 5e81739fff6c48b2b57ec94be753b37f] 10.0.0.209 "GET /resource_providers/c7ffa283-71de-4a98-a0e0-92262080ff87/aggregates" status: 404 len: 235 microversion: 1.1 [pid: 8|app: 0|req: 524/1046] 10.0.0.209 () {32 vars in 816 bytes} [Sun Mar 8 03:44:59 2026] GET /resource_providers/c7ffa283-71de-4a98-a0e0-92262080ff87/aggregates => generated 235 bytes in 12 msecs (HTTP/1.1 404) 5 headers in 202 bytes (1 switches on core 0)
2026-03-08 03:44:59.894 7 INFO placement.requestlog [None req-0882d940-61b4-40a7-af4d-85fe14dd674d 21f42e2037a44e4eb57e9740880008a0 51d47253cd0b4ff698dd29f93f5e8f8f - - 5e81739fff6c48b2b57ec94be753b37f 5e81739fff6c48b2b57ec94be753b37f] 10.0.0.209 "DELETE /resource_providers/c7ffa283-71de-4a98-a0e0-92262080ff87" status: 404 len: 246 microversion: 1.1 [pid: 7|app: 0|req: 523/1047] 10.0.0.209 () {34 vars in 816 bytes} [Sun Mar 8 03:44:59 2026] DELETE /resource_providers/c7ffa283-71de-4a98-a0e0-92262080ff87 => generated 246 bytes in 11 msecs (HTTP/1.1 404) 6 headers in 231 bytes (1 switches on core 0)
2026-03-08 03:45:01.220 8 INFO placement.requestlog [None req-5dad21b5-c133-4a13-b849-94b78756f98e 6e720701a440407d89fafbfd20e3c126 f6582afdeef14dc6a41b17f5fdea0e18 - - default default] 10.0.0.16 "GET /resource_providers" status: 200 len: 406 microversion: 1.0 [pid: 8|app: 0|req: 525/1048] 10.0.0.16 () {28 vars in 592 bytes} [Sun Mar 8 03:45:00 2026] GET /resource_providers => generated 406 bytes in 447 msecs (HTTP/1.1 200) 6 headers in 224 bytes (1 switches on core 0)
2026-03-08 03:45:01.250 7 INFO placement.requestlog [None req-3328b7f3-b0f4-4587-9a3f-53880a8056bb 6e720701a440407d89fafbfd20e3c126 f6582afdeef14dc6a41b17f5fdea0e18 - - default default] 10.0.0.16 "GET /resource_providers/3160a809-f8b0-4c29-80b2-80f84f655698/inventories" status: 200 len: 401 microversion: 1.0 [pid: 7|app: 0|req: 524/1049] 10.0.0.16 () {28 vars in 690 bytes} [Sun Mar 8 03:45:01 2026] GET /resource_providers/3160a809-f8b0-4c29-80b2-80f84f655698/inventories => generated 401 bytes in 24 msecs (HTTP/1.1 200) 6 headers in 224 bytes (1 switches on core 0)
2026-03-08 03:45:01.276 8 INFO placement.requestlog [None req-16eb5a4d-675b-4b3f-bd91-1dd544d612ee 6e720701a440407d89fafbfd20e3c126 f6582afdeef14dc6a41b17f5fdea0e18 - - default default] 10.0.0.16 "GET /resource_providers/3160a809-f8b0-4c29-80b2-80f84f655698/usages" status: 200 len: 92 microversion: 1.0 [pid: 8|app: 0|req: 526/1050] 10.0.0.16 () {28 vars in 680 bytes} [Sun Mar 8 03:45:01 2026] GET /resource_providers/3160a809-f8b0-4c29-80b2-80f84f655698/usages => generated 92 bytes in 19 msecs (HTTP/1.1 200) 6 headers in 223 bytes (1 switches on core 0)
2026-03-08 03:45:03.386 7 INFO placement.requestlog [None req-3e494d54-6aad-4c6b-b1b8-c10c326b6f8f - - - - - -] 10.0.0.192 "GET /" status: 200 len: 136 microversion: 1.0
2026-03-08 03:45:03.386 8 INFO placement.requestlog [None req-a4da042c-bfe6-4526-ad9b-6eab97d4dd9b - - - - - -] 10.0.0.192 "GET /" status: 200 len: 136 microversion: 1.0
2026-03-08 03:45:03.759 7 INFO placement.requestlog [req-08b369e5-a204-4c4d-acff-a557aa8b0f28 req-342cd0d7-ef0d-4dd6-b482-adb5d07a9186 d6848b84d2e9434b8c2b15b4415046e1 51d47253cd0b4ff698dd29f93f5e8f8f - - 5e81739fff6c48b2b57ec94be753b37f 5e81739fff6c48b2b57ec94be753b37f] 199.204.45.23 "GET /resource_providers/3160a809-f8b0-4c29-80b2-80f84f655698/allocations" status: 200 len: 253 microversion: 1.0 [pid: 7|app: 0|req: 526/1053] 199.204.45.23 () {32 vars in 856 bytes} [Sun Mar 8 03:45:03 2026] GET /resource_providers/3160a809-f8b0-4c29-80b2-80f84f655698/allocations => generated 253 bytes in 18 msecs (HTTP/1.1 200) 6 headers in 224 bytes (1 switches on core 0)
2026-03-08 03:45:03.780 8 INFO placement.requestlog [req-08b369e5-a204-4c4d-acff-a557aa8b0f28 req-4e57c494-8a4b-4885-9c0c-d45bf8ef0ed3 d6848b84d2e9434b8c2b15b4415046e1 51d47253cd0b4ff698dd29f93f5e8f8f - - 5e81739fff6c48b2b57ec94be753b37f 5e81739fff6c48b2b57ec94be753b37f] 199.204.45.23 "GET /allocations/2d60058f-ab9c-4c54-ba2c-7c9fbe01c1cb" status: 200 len: 258 microversion: 1.28 [pid: 8|app: 0|req: 528/1054] 199.204.45.23 () {34 vars in 862 bytes} [Sun Mar 8 03:45:03 2026] GET /allocations/2d60058f-ab9c-4c54-ba2c-7c9fbe01c1cb => generated 258 bytes in 15 msecs (HTTP/1.1 200) 8 headers in 296 bytes (1 switches on core 0)
2026-03-08 03:45:03.804 7 INFO placement.requestlog [req-08b369e5-a204-4c4d-acff-a557aa8b0f28 req-0739c82a-ca73-4efa-af68-542034654e81 d6848b84d2e9434b8c2b15b4415046e1 51d47253cd0b4ff698dd29f93f5e8f8f - - 5e81739fff6c48b2b57ec94be753b37f 5e81739fff6c48b2b57ec94be753b37f] 199.204.45.23 "GET /allocations/4f1f1031-17c4-4ff6-aafe-53240d7fbeb5" status: 200 len: 258 microversion: 1.28 [pid: 7|app: 0|req: 527/1055] 199.204.45.23 () {34 vars in 862 bytes} [Sun Mar 8 03:45:03 2026] GET /allocations/4f1f1031-17c4-4ff6-aafe-53240d7fbeb5 => generated 258 bytes in 13 msecs (HTTP/1.1 200) 8 headers in 296 bytes (1 switches on core 0)
2026-03-08 03:45:04.857 8 INFO placement.requestlog [req-08b369e5-a204-4c4d-acff-a557aa8b0f28 req-393f8487-87ab-433c-bbef-e69a3286cbd7 d6848b84d2e9434b8c2b15b4415046e1 51d47253cd0b4ff698dd29f93f5e8f8f - - 5e81739fff6c48b2b57ec94be753b37f 5e81739fff6c48b2b57ec94be753b37f] 199.204.45.23 "DELETE /allocations/4f1f1031-17c4-4ff6-aafe-53240d7fbeb5" status: 204 len: 0 microversion: 1.0 [pid: 8|app: 0|req: 529/1056] 199.204.45.23 () {34 vars in 840 bytes} [Sun Mar 8 03:45:04 2026] DELETE /allocations/4f1f1031-17c4-4ff6-aafe-53240d7fbeb5 => generated 0 bytes in 31 msecs (HTTP/1.1 204) 5 headers in 198 bytes (1 switches on core 0)
2026-03-08 03:45:10.484 8 INFO placement.requestlog [None req-60c5bffa-d438-41f8-9905-710456b0c9b6 21f42e2037a44e4eb57e9740880008a0 51d47253cd0b4ff698dd29f93f5e8f8f - - 5e81739fff6c48b2b57ec94be753b37f 5e81739fff6c48b2b57ec94be753b37f] 10.0.0.209 "GET /resource_providers/3cc8c3f9-0249-45c7-aeed-3b03970c44ce/aggregates" status: 404 len: 235 microversion: 1.1 [pid: 8|app: 0|req: 530/1057] 10.0.0.209 () {32 vars in 816 bytes} [Sun Mar 8 03:45:10 2026] GET /resource_providers/3cc8c3f9-0249-45c7-aeed-3b03970c44ce/aggregates => generated 235 bytes in 9 msecs (HTTP/1.1 404) 5 headers in 202 bytes (1 switches on core 0)
