2026-03-08 03:43:01.051 8 INFO placement.requestlog [None req-2e028b1f-c865-4658-a15f-6679e0ae535a 6e720701a440407d89fafbfd20e3c126 f6582afdeef14dc6a41b17f5fdea0e18 - - default default] 10.0.0.16 "GET /resource_providers/3160a809-f8b0-4c29-80b2-80f84f655698/usages" status: 200 len: 90 microversion: 1.0 [pid: 8|app: 0|req: 398/797] 10.0.0.16 () {28 vars in 680 bytes} [Sun Mar 8 03:43:01 2026] GET /resource_providers/3160a809-f8b0-4c29-80b2-80f84f655698/usages => generated 90 bytes in 13 msecs (HTTP/1.1 200) 6 headers in 223 bytes (1 switches on core 0)
2026-03-08 03:43:01.853 7 INFO placement.requestlog [None req-b7218a3c-8816-48e0-81db-86a706960ab9 21f42e2037a44e4eb57e9740880008a0 51d47253cd0b4ff698dd29f93f5e8f8f - - 5e81739fff6c48b2b57ec94be753b37f 5e81739fff6c48b2b57ec94be753b37f] 10.0.0.209 "GET /resource_providers/06271920-3dc4-4053-8483-341b5ee1a4c4/aggregates" status: 404 len: 235 microversion: 1.1 [pid: 7|app: 0|req: 400/798] 10.0.0.209 () {32 vars in 816 bytes} [Sun Mar 8 03:43:01 2026] GET /resource_providers/06271920-3dc4-4053-8483-341b5ee1a4c4/aggregates => generated 235 bytes in 11 msecs (HTTP/1.1 404) 5 headers in 202 bytes (1 switches on core 0)
2026-03-08 03:43:01.859 8 INFO placement.requestlog [None req-306824cf-00fe-41cc-a1a1-c1de28c72b43 21f42e2037a44e4eb57e9740880008a0 51d47253cd0b4ff698dd29f93f5e8f8f - - 5e81739fff6c48b2b57ec94be753b37f 5e81739fff6c48b2b57ec94be753b37f] 10.0.0.209 "GET /resource_providers/06271920-3dc4-4053-8483-341b5ee1a4c4/aggregates" status: 404 len: 235 microversion: 1.1 [pid: 8|app: 0|req: 399/799] 10.0.0.209 () {32 vars in 816 bytes} [Sun Mar 8 03:43:01 2026] GET /resource_providers/06271920-3dc4-4053-8483-341b5ee1a4c4/aggregates => generated 235 bytes in 12 msecs (HTTP/1.1 404) 5 headers in 202 bytes (1 switches on core 0)
2026-03-08 03:43:01.878 7 INFO placement.requestlog [None req-e3f89890-972a-4fe4-82d3-2231e61f20a0 21f42e2037a44e4eb57e9740880008a0 51d47253cd0b4ff698dd29f93f5e8f8f - - 5e81739fff6c48b2b57ec94be753b37f 5e81739fff6c48b2b57ec94be753b37f] 10.0.0.209 "DELETE /resource_providers/06271920-3dc4-4053-8483-341b5ee1a4c4" status: 404 len: 246 microversion: 1.1 [pid: 7|app: 0|req: 401/800] 10.0.0.209 () {34 vars in 816 bytes} [Sun Mar 8 03:43:01 2026] DELETE /resource_providers/06271920-3dc4-4053-8483-341b5ee1a4c4 => generated 246 bytes in 12 msecs (HTTP/1.1 404) 6 headers in 231 bytes (1 switches on core 0)
2026-03-08 03:43:01.881 8 INFO placement.requestlog [None req-6ff13617-7d85-4275-a0ac-6c2801845eaf 21f42e2037a44e4eb57e9740880008a0 51d47253cd0b4ff698dd29f93f5e8f8f - - 5e81739fff6c48b2b57ec94be753b37f 5e81739fff6c48b2b57ec94be753b37f] 10.0.0.209 "DELETE /resource_providers/06271920-3dc4-4053-8483-341b5ee1a4c4" status: 404 len: 246 microversion: 1.1 [pid: 8|app: 0|req: 400/801] 10.0.0.209 () {34 vars in 816 bytes} [Sun Mar 8 03:43:01 2026] DELETE /resource_providers/06271920-3dc4-4053-8483-341b5ee1a4c4 => generated 246 bytes in 10 msecs (HTTP/1.1 404) 6 headers in 231 bytes (1 switches on core 0)
2026-03-08 03:43:02.334 7 INFO placement.requestlog [None req-31485510-be44-4edb-96ce-e2184b9d5efd 21f42e2037a44e4eb57e9740880008a0 51d47253cd0b4ff698dd29f93f5e8f8f - - 5e81739fff6c48b2b57ec94be753b37f 5e81739fff6c48b2b57ec94be753b37f] 10.0.0.209 "GET /resource_providers/f3a1fbba-845c-426a-96d6-39b7b366b07e/aggregates" status: 404 len: 235 microversion: 1.1 [pid: 7|app: 0|req: 402/802] 10.0.0.209 () {32 vars in 816 bytes} [Sun Mar 8 03:43:02 2026] GET /resource_providers/f3a1fbba-845c-426a-96d6-39b7b366b07e/aggregates => generated 235 bytes in 13 msecs (HTTP/1.1 404) 5 headers in 202 bytes (1 switches on core 0)
2026-03-08 03:43:02.334 8 INFO placement.requestlog [None req-9060afac-18d3-489e-9d0d-832a86c2d6a7 21f42e2037a44e4eb57e9740880008a0 51d47253cd0b4ff698dd29f93f5e8f8f - - 5e81739fff6c48b2b57ec94be753b37f 5e81739fff6c48b2b57ec94be753b37f] 10.0.0.209 "GET /resource_providers/f3a1fbba-845c-426a-96d6-39b7b366b07e/aggregates" status: 404 len: 235 microversion: 1.1 [pid: 8|app: 0|req: 401/803] 10.0.0.209 () {32 vars in 816 bytes} [Sun Mar 8 03:43:02 2026] GET /resource_providers/f3a1fbba-845c-426a-96d6-39b7b366b07e/aggregates => generated 235 bytes in 16 msecs (HTTP/1.1 404) 5 headers in 202 bytes (1 switches on core 0)
2026-03-08 03:43:02.361 7 INFO placement.requestlog [None req-94ee7a05-57c4-4829-9d61-17d4d7044974 21f42e2037a44e4eb57e9740880008a0 51d47253cd0b4ff698dd29f93f5e8f8f - - 5e81739fff6c48b2b57ec94be753b37f 5e81739fff6c48b2b57ec94be753b37f] 10.0.0.209 "DELETE /resource_providers/f3a1fbba-845c-426a-96d6-39b7b366b07e" status: 404 len: 246 microversion: 1.1 [pid: 7|app: 0|req: 403/804] 10.0.0.209 () {34 vars in 816 bytes} [Sun Mar 8 03:43:02 2026] DELETE /resource_providers/f3a1fbba-845c-426a-96d6-39b7b366b07e => generated 246 bytes in 16 msecs (HTTP/1.1 404) 6 headers in 231 bytes (1 switches on core 0)
2026-03-08 03:43:02.362 8 INFO placement.requestlog [None req-e573ef14-6060-4f16-874d-d33faa67109c 21f42e2037a44e4eb57e9740880008a0 51d47253cd0b4ff698dd29f93f5e8f8f - - 5e81739fff6c48b2b57ec94be753b37f 5e81739fff6c48b2b57ec94be753b37f] 10.0.0.209 "DELETE /resource_providers/f3a1fbba-845c-426a-96d6-39b7b366b07e" status: 404 len: 246 microversion: 1.1 [pid: 8|app: 0|req: 402/805] 10.0.0.209 () {34 vars in 816 bytes} [Sun Mar 8 03:43:02 2026] DELETE /resource_providers/f3a1fbba-845c-426a-96d6-39b7b366b07e => generated 246 bytes in 15 msecs (HTTP/1.1 404) 6 headers in 231 bytes (1 switches on core 0)
2026-03-08 03:43:02.398 7 INFO placement.requestlog [None req-929975ea-f545-4a4e-9ab4-fbccce57185e 21f42e2037a44e4eb57e9740880008a0 51d47253cd0b4ff698dd29f93f5e8f8f - - 5e81739fff6c48b2b57ec94be753b37f 5e81739fff6c48b2b57ec94be753b37f] 10.0.0.209 "GET /resource_providers/9bb6ced6-6f51-4812-864d-6e10c30ef519/aggregates" status: 404 len: 235 microversion: 1.1 [pid: 7|app: 0|req: 404/806] 10.0.0.209 () {32 vars in 816 bytes} [Sun Mar 8 03:43:02 2026] GET /resource_providers/9bb6ced6-6f51-4812-864d-6e10c30ef519/aggregates => generated 235 bytes in 19 msecs (HTTP/1.1 404) 5 headers in 202 bytes (1 switches on core 0)
2026-03-08 03:43:02.399 8 INFO placement.requestlog [None req-4edd429e-539f-411d-8f9f-59df95330b54 21f42e2037a44e4eb57e9740880008a0 51d47253cd0b4ff698dd29f93f5e8f8f - - 5e81739fff6c48b2b57ec94be753b37f 5e81739fff6c48b2b57ec94be753b37f] 10.0.0.209 "GET /resource_providers/9bb6ced6-6f51-4812-864d-6e10c30ef519/aggregates" status: 404 len: 235 microversion: 1.1 [pid: 8|app: 0|req: 403/807] 10.0.0.209 () {32 vars in 816 bytes} [Sun Mar 8 03:43:02 2026] GET /resource_providers/9bb6ced6-6f51-4812-864d-6e10c30ef519/aggregates => generated 235 bytes in 9 msecs (HTTP/1.1 404) 5 headers in 202 bytes (1 switches on core 0)
2026-03-08 03:43:02.427 8 INFO placement.requestlog [None req-06f3da3a-cfbf-4556-9816-7eb3d07f493d 21f42e2037a44e4eb57e9740880008a0 51d47253cd0b4ff698dd29f93f5e8f8f - - 5e81739fff6c48b2b57ec94be753b37f 5e81739fff6c48b2b57ec94be753b37f] 10.0.0.209 "DELETE /resource_providers/9bb6ced6-6f51-4812-864d-6e10c30ef519" status: 404 len: 246 microversion: 1.1 [pid: 8|app: 0|req: 404/808] 10.0.0.209 () {34 vars in 816 bytes} [Sun Mar 8 03:43:02 2026] DELETE /resource_providers/9bb6ced6-6f51-4812-864d-6e10c30ef519 => generated 246 bytes in 12 msecs (HTTP/1.1 404) 6 headers in 231 bytes (1 switches on core 0)
2026-03-08 03:43:02.428 7 INFO placement.requestlog [None req-1a80d271-2e64-4410-bf5b-f9bd85b07179 21f42e2037a44e4eb57e9740880008a0 51d47253cd0b4ff698dd29f93f5e8f8f - - 5e81739fff6c48b2b57ec94be753b37f 5e81739fff6c48b2b57ec94be753b37f] 10.0.0.209 "DELETE /resource_providers/9bb6ced6-6f51-4812-864d-6e10c30ef519" status: 404 len: 246 microversion: 1.1 [pid: 7|app: 0|req: 405/809] 10.0.0.209 () {34 vars in 816 bytes} [Sun Mar 8 03:43:02 2026] DELETE /resource_providers/9bb6ced6-6f51-4812-864d-6e10c30ef519 => generated 246 bytes in 16 msecs (HTTP/1.1 404) 6 headers in 231 bytes (1 switches on core 0)
2026-03-08 03:43:02.451 8 INFO placement.requestlog [None req-a08c5e41-dee6-41b8-b617-9d723242793f 21f42e2037a44e4eb57e9740880008a0 51d47253cd0b4ff698dd29f93f5e8f8f - - 5e81739fff6c48b2b57ec94be753b37f 5e81739fff6c48b2b57ec94be753b37f] 10.0.0.209 "GET /resource_providers/275ecb45-138f-48b2-9e5b-7b3c13387325/aggregates" status: 404 len: 235 microversion: 1.1 [pid: 8|app: 0|req: 405/810] 10.0.0.209 () {32 vars in 816 bytes} [Sun Mar 8 03:43:02 2026] GET /resource_providers/275ecb45-138f-48b2-9e5b-7b3c13387325/aggregates => generated 235 bytes in 12 msecs (HTTP/1.1 404) 5 headers in 202 bytes (1 switches on core 0)
2026-03-08 03:43:02.456 7 INFO placement.requestlog [None req-01e753f8-5d23-4828-8227-0b534bc9cb78 21f42e2037a44e4eb57e9740880008a0 51d47253cd0b4ff698dd29f93f5e8f8f - - 5e81739fff6c48b2b57ec94be753b37f 5e81739fff6c48b2b57ec94be753b37f] 10.0.0.209 "GET /resource_providers/275ecb45-138f-48b2-9e5b-7b3c13387325/aggregates" status: 404 len: 235 microversion: 1.1 [pid: 7|app: 0|req: 406/811] 10.0.0.209 () {32 vars in 816 bytes} [Sun Mar 8 03:43:02 2026] GET /resource_providers/275ecb45-138f-48b2-9e5b-7b3c13387325/aggregates => generated 235 bytes in 14 msecs (HTTP/1.1 404) 5 headers in 202 bytes (1 switches on core 0)
2026-03-08 03:43:02.469 8 INFO placement.requestlog [None req-b3e2b715-c642-45cf-83e2-456f39a5ab67 21f42e2037a44e4eb57e9740880008a0 51d47253cd0b4ff698dd29f93f5e8f8f - - 5e81739fff6c48b2b57ec94be753b37f 5e81739fff6c48b2b57ec94be753b37f] 10.0.0.209 "DELETE /resource_providers/275ecb45-138f-48b2-9e5b-7b3c13387325" status: 404 len: 246 microversion: 1.1 [pid: 8|app: 0|req: 406/812] 10.0.0.209 () {34 vars in 816 bytes} [Sun Mar 8 03:43:02 2026] DELETE /resource_providers/275ecb45-138f-48b2-9e5b-7b3c13387325 => generated 246 bytes in 9 msecs (HTTP/1.1 404) 6 headers in 231 bytes (1 switches on core 0)
2026-03-08 03:43:02.475 7 INFO placement.requestlog [None req-85e6b55b-b4d6-445b-ab77-f1cae45327a4 21f42e2037a44e4eb57e9740880008a0 51d47253cd0b4ff698dd29f93f5e8f8f - - 5e81739fff6c48b2b57ec94be753b37f 5e81739fff6c48b2b57ec94be753b37f] 10.0.0.209 "DELETE /resource_providers/275ecb45-138f-48b2-9e5b-7b3c13387325" status: 404 len: 246 microversion: 1.1 [pid: 7|app: 0|req: 407/813] 10.0.0.209 () {34 vars in 816 bytes} [Sun Mar 8 03:43:02 2026] DELETE /resource_providers/275ecb45-138f-48b2-9e5b-7b3c13387325 => generated 246 bytes in 11 msecs (HTTP/1.1 404) 6 headers in 231 bytes (1 switches on core 0)
2026-03-08 03:43:03.387 8 INFO placement.requestlog [None req-411c718e-0ea8-4b0a-8303-571123860fa2 - - - - - -] 10.0.0.192 "GET /" status: 200 len: 136 microversion: 1.0
2026-03-08 03:43:03.387 7 INFO placement.requestlog [None req-9737f250-bd87-41ee-9037-b24a2e873c85 - - - - - -] 10.0.0.192 "GET /" status: 200 len: 136 microversion: 1.0
2026-03-08 03:43:04.899 8 INFO placement.requestlog [None req-8df3cacc-aa0e-477d-8f14-e67b6337f722 21f42e2037a44e4eb57e9740880008a0 51d47253cd0b4ff698dd29f93f5e8f8f - - 5e81739fff6c48b2b57ec94be753b37f 5e81739fff6c48b2b57ec94be753b37f] 10.0.0.209 "GET /resource_providers/3f215521-fbda-49b3-af8f-ad0cae6d5aac/aggregates" status: 404 len: 235 microversion: 1.1 [pid: 8|app: 0|req: 408/816] 10.0.0.209 () {32 vars in 816 bytes} [Sun Mar 8 03:43:04 2026] GET /resource_providers/3f215521-fbda-49b3-af8f-ad0cae6d5aac/aggregates => generated 235 bytes in 12 msecs (HTTP/1.1 404) 5 headers in 202 bytes (1 switches on core 0)
2026-03-08 03:43:04.906 7 INFO placement.requestlog [None req-493c5b7a-0e74-417b-b569-8751b144a8d0 21f42e2037a44e4eb57e9740880008a0 51d47253cd0b4ff698dd29f93f5e8f8f - - 5e81739fff6c48b2b57ec94be753b37f 5e81739fff6c48b2b57ec94be753b37f] 10.0.0.209 "GET /resource_providers/3f215521-fbda-49b3-af8f-ad0cae6d5aac/aggregates" status: 404 len: 235 microversion: 1.1 [pid: 7|app: 0|req: 409/817] 10.0.0.209 () {32 vars in 816 bytes} [Sun Mar 8 03:43:04 2026] GET /resource_providers/3f215521-fbda-49b3-af8f-ad0cae6d5aac/aggregates => generated 235 bytes in 10 msecs (HTTP/1.1 404) 5 headers in 202 bytes (1 switches on core 0)
2026-03-08 03:43:04.919 8 INFO placement.requestlog [None req-13afb272-d9c4-4586-aa20-c688d0fde77f 21f42e2037a44e4eb57e9740880008a0 51d47253cd0b4ff698dd29f93f5e8f8f - - 5e81739fff6c48b2b57ec94be753b37f 5e81739fff6c48b2b57ec94be753b37f] 10.0.0.209 "DELETE /resource_providers/3f215521-fbda-49b3-af8f-ad0cae6d5aac" status: 404 len: 246 microversion: 1.1 [pid: 8|app: 0|req: 409/818] 10.0.0.209 () {34 vars in 816 bytes} [Sun Mar 8 03:43:04 2026] DELETE /resource_providers/3f215521-fbda-49b3-af8f-ad0cae6d5aac => generated 246 bytes in 8 msecs (HTTP/1.1 404) 6 headers in 231 bytes (1 switches on core 0)
2026-03-08 03:43:04.928 7 INFO placement.requestlog [None req-a1379225-5da0-4933-97ed-b81fb9c3b965 21f42e2037a44e4eb57e9740880008a0 51d47253cd0b4ff698dd29f93f5e8f8f - - 5e81739fff6c48b2b57ec94be753b37f 5e81739fff6c48b2b57ec94be753b37f] 10.0.0.209 "DELETE /resource_providers/3f215521-fbda-49b3-af8f-ad0cae6d5aac" status: 404 len: 246 microversion: 1.1 [pid: 7|app: 0|req: 410/819] 10.0.0.209 () {34 vars in 816 bytes} [Sun Mar 8 03:43:04 2026] DELETE /resource_providers/3f215521-fbda-49b3-af8f-ad0cae6d5aac => generated 246 bytes in 9 msecs (HTTP/1.1 404) 6 headers in 231 bytes (1 switches on core 0)
2026-03-08 03:43:06.950 7 INFO placement.requestlog [None req-6280f7a1-5689-41a9-b531-dc49f1a8dc3c 21f42e2037a44e4eb57e9740880008a0 51d47253cd0b4ff698dd29f93f5e8f8f - - 5e81739fff6c48b2b57ec94be753b37f 5e81739fff6c48b2b57ec94be753b37f] 10.0.0.209 "GET /resource_providers/12e76595-8c3f-4734-989b-0f40203f47d5/aggregates" status: 404 len: 235 microversion: 1.1 [pid: 7|app: 0|req: 411/820] 10.0.0.209 () {32 vars in 816 bytes} [Sun Mar 8 03:43:06 2026] GET /resource_providers/12e76595-8c3f-4734-989b-0f40203f47d5/aggregates => generated 235 bytes in 13 msecs (HTTP/1.1 404) 5 headers in 202 bytes (1 switches on core 0)
2026-03-08 03:43:06.950 8 INFO placement.requestlog [None req-068a12e3-33bb-4e71-809e-5a62f9ec9072 21f42e2037a44e4eb57e9740880008a0 51d47253cd0b4ff698dd29f93f5e8f8f - - 5e81739fff6c48b2b57ec94be753b37f 5e81739fff6c48b2b57ec94be753b37f] 10.0.0.209 "GET /resource_providers/12e76595-8c3f-4734-989b-0f40203f47d5/aggregates" status: 404 len: 235 microversion: 1.1 [pid: 8|app: 0|req: 410/821] 10.0.0.209 () {32 vars in 816 bytes} [Sun Mar 8 03:43:06 2026] GET /resource_providers/12e76595-8c3f-4734-989b-0f40203f47d5/aggregates => generated 235 bytes in 17 msecs (HTTP/1.1 404) 5 headers in 202 bytes (1 switches on core 0)
2026-03-08 03:43:06.981 7 INFO placement.requestlog [None req-67cffd7b-cebb-4dcc-85da-4cbaca33e181 21f42e2037a44e4eb57e9740880008a0 51d47253cd0b4ff698dd29f93f5e8f8f - - 5e81739fff6c48b2b57ec94be753b37f 5e81739fff6c48b2b57ec94be753b37f] 10.0.0.209 "DELETE /resource_providers/12e76595-8c3f-4734-989b-0f40203f47d5" status: 404 len: 246 microversion: 1.1 [pid: 7|app: 0|req: 412/822] 10.0.0.209 () {34 vars in 816 bytes} [Sun Mar 8 03:43:06 2026] DELETE /resource_providers/12e76595-8c3f-4734-989b-0f40203f47d5 => generated 246 bytes in 13 msecs (HTTP/1.1 404) 6 headers in 231 bytes (1 switches on core 0)
2026-03-08 03:43:07.006 8 INFO placement.requestlog [None req-5ee3a1b7-c454-4bbf-bf4c-fc1c2d2161da 21f42e2037a44e4eb57e9740880008a0 51d47253cd0b4ff698dd29f93f5e8f8f - - 5e81739fff6c48b2b57ec94be753b37f 5e81739fff6c48b2b57ec94be753b37f] 10.0.0.209 "DELETE /resource_providers/12e76595-8c3f-4734-989b-0f40203f47d5" status: 404 len: 246 microversion: 1.1 [pid: 8|app: 0|req: 411/823] 10.0.0.209 () {34 vars in 816 bytes} [Sun Mar 8 03:43:06 2026] DELETE /resource_providers/12e76595-8c3f-4734-989b-0f40203f47d5 => generated 246 bytes in 31 msecs (HTTP/1.1 404) 6 headers in 231 bytes (1 switches on core 0)
2026-03-08 03:43:07.948 8 INFO placement.requestlog [None req-287f0c4f-2f07-410d-bae9-a207eced8fbc 21f42e2037a44e4eb57e9740880008a0 51d47253cd0b4ff698dd29f93f5e8f8f - - 5e81739fff6c48b2b57ec94be753b37f 5e81739fff6c48b2b57ec94be753b37f] 10.0.0.209 "GET /resource_providers/3600e084-5e06-410e-9859-cca8f4d6eda4/aggregates" status: 404 len: 235 microversion: 1.1
2026-03-08 03:43:07.948 7 INFO placement.requestlog [None req-38ba6a73-aa1a-480f-91a8-972c668592fe 21f42e2037a44e4eb57e9740880008a0 51d47253cd0b4ff698dd29f93f5e8f8f - - 5e81739fff6c48b2b57ec94be753b37f 5e81739fff6c48b2b57ec94be753b37f] 10.0.0.209 "GET /resource_providers/3600e084-5e06-410e-9859-cca8f4d6eda4/aggregates" status: 404 len: 235 microversion: 1.1 [pid: 8|app: 0|req: 412/825] 10.0.0.209 () {32 vars in 816 bytes} [Sun Mar 8 03:43:07 2026] GET /resource_providers/3600e084-5e06-410e-9859-cca8f4d6eda4/aggregates => generated 235 bytes in 15 msecs (HTTP/1.1 404) 5 headers in 202 bytes (1 switches on core 0) [pid: 7|app: 0|req: 413/825] 10.0.0.209 () {32 vars in 816 bytes} [Sun Mar 8 03:43:07 2026] GET /resource_providers/3600e084-5e06-410e-9859-cca8f4d6eda4/aggregates => generated 235 bytes in 15 msecs (HTTP/1.1 404) 5 headers in 202 bytes (1 switches on core 0)
2026-03-08 03:43:07.976 8 INFO placement.requestlog [None req-2b03473d-5ad6-46bd-ba60-5aa6a2f94ed6 21f42e2037a44e4eb57e9740880008a0 51d47253cd0b4ff698dd29f93f5e8f8f - - 5e81739fff6c48b2b57ec94be753b37f 5e81739fff6c48b2b57ec94be753b37f] 10.0.0.209 "DELETE /resource_providers/3600e084-5e06-410e-9859-cca8f4d6eda4" status: 404 len: 246 microversion: 1.1 [pid: 8|app: 0|req: 413/826] 10.0.0.209 () {34 vars in 816 bytes} [Sun Mar 8 03:43:07 2026] DELETE /resource_providers/3600e084-5e06-410e-9859-cca8f4d6eda4 => generated 246 bytes in 11 msecs (HTTP/1.1 404) 6 headers in 231 bytes (1 switches on core 0)
2026-03-08 03:43:07.977 7 INFO placement.requestlog [None req-8381196a-bf7b-41ea-8052-3ca33e54b83c 21f42e2037a44e4eb57e9740880008a0 51d47253cd0b4ff698dd29f93f5e8f8f - - 5e81739fff6c48b2b57ec94be753b37f 5e81739fff6c48b2b57ec94be753b37f] 10.0.0.209 "DELETE /resource_providers/3600e084-5e06-410e-9859-cca8f4d6eda4" status: 404 len: 246 microversion: 1.1 [pid: 7|app: 0|req: 414/827] 10.0.0.209 () {34 vars in 816 bytes} [Sun Mar 8 03:43:07 2026] DELETE /resource_providers/3600e084-5e06-410e-9859-cca8f4d6eda4 => generated 246 bytes in 10 msecs (HTTP/1.1 404) 6 headers in 231 bytes (1 switches on core 0)
2026-03-08 03:43:09.010 8 INFO placement.requestlog [None req-b719028a-b8b0-440f-98b7-0dfe0b81b4f3 21f42e2037a44e4eb57e9740880008a0 51d47253cd0b4ff698dd29f93f5e8f8f - - 5e81739fff6c48b2b57ec94be753b37f 5e81739fff6c48b2b57ec94be753b37f] 10.0.0.209 "GET /resource_providers/517a6d20-f926-4dbc-be66-844b0aa3c7cc/aggregates" status: 404 len: 235 microversion: 1.1 [pid: 8|app: 0|req: 414/828] 10.0.0.209 () {32 vars in 816 bytes} [Sun Mar 8 03:43:08 2026] GET /resource_providers/517a6d20-f926-4dbc-be66-844b0aa3c7cc/aggregates => generated 235 bytes in 15 msecs (HTTP/1.1 404) 5 headers in 202 bytes (1 switches on core 0)
2026-03-08 03:43:09.035 8 INFO placement.requestlog [None req-5a80f1b9-5298-4fe5-bd42-b74dc14ab223 21f42e2037a44e4eb57e9740880008a0 51d47253cd0b4ff698dd29f93f5e8f8f - - 5e81739fff6c48b2b57ec94be753b37f 5e81739fff6c48b2b57ec94be753b37f] 10.0.0.209 "DELETE /resource_providers/517a6d20-f926-4dbc-be66-844b0aa3c7cc" status: 404 len: 246 microversion: 1.1 [pid: 8|app: 0|req: 415/829] 10.0.0.209 () {34 vars in 816 bytes} [Sun Mar 8 03:43:09 2026] DELETE /resource_providers/517a6d20-f926-4dbc-be66-844b0aa3c7cc => generated 246 bytes in 12 msecs (HTTP/1.1 404) 6 headers in 231 bytes (1 switches on core 0)
2026-03-08 03:43:09.036 7 INFO placement.requestlog [None req-1cfb6812-e374-48a0-991b-709362419376 21f42e2037a44e4eb57e9740880008a0 51d47253cd0b4ff698dd29f93f5e8f8f - - 5e81739fff6c48b2b57ec94be753b37f 5e81739fff6c48b2b57ec94be753b37f] 10.0.0.209 "GET /resource_providers/517a6d20-f926-4dbc-be66-844b0aa3c7cc/aggregates" status: 404 len: 235 microversion: 1.1 [pid: 7|app: 0|req: 415/830] 10.0.0.209 () {32 vars in 816 bytes} [Sun Mar 8 03:43:09 2026] GET /resource_providers/517a6d20-f926-4dbc-be66-844b0aa3c7cc/aggregates => generated 235 bytes in 14 msecs (HTTP/1.1 404) 5 headers in 202 bytes (1 switches on core 0)
2026-03-08 03:43:09.056 8 INFO placement.requestlog [None req-a4822faf-c884-4e05-80dd-dccf3a6c6639 21f42e2037a44e4eb57e9740880008a0 51d47253cd0b4ff698dd29f93f5e8f8f - - 5e81739fff6c48b2b57ec94be753b37f 5e81739fff6c48b2b57ec94be753b37f] 10.0.0.209 "DELETE /resource_providers/517a6d20-f926-4dbc-be66-844b0aa3c7cc" status: 404 len: 246 microversion: 1.1 [pid: 8|app: 0|req: 416/831] 10.0.0.209 () {34 vars in 816 bytes} [Sun Mar 8 03:43:09 2026] DELETE /resource_providers/517a6d20-f926-4dbc-be66-844b0aa3c7cc => generated 246 bytes in 12 msecs (HTTP/1.1 404) 6 headers in 231 bytes (1 switches on core 0)
2026-03-08 03:43:11.808 7 INFO placement.requestlog [req-76bcf41b-2018-41b5-bb18-3fb82504a24e req-dfbde928-eb1a-4c8b-a5ca-9fc82fe940fb d6848b84d2e9434b8c2b15b4415046e1 51d47253cd0b4ff698dd29f93f5e8f8f - - 5e81739fff6c48b2b57ec94be753b37f 5e81739fff6c48b2b57ec94be753b37f] 199.204.45.23 "GET /resource_providers/3160a809-f8b0-4c29-80b2-80f84f655698/allocations" status: 200 len: 152 microversion: 1.0 [pid: 7|app: 0|req: 416/832] 199.204.45.23 () {32 vars in 856 bytes} [Sun Mar 8 03:43:11 2026] GET /resource_providers/3160a809-f8b0-4c29-80b2-80f84f655698/allocations => generated 152 bytes in 201 msecs (HTTP/1.1 200) 6 headers in 224 bytes (1 switches on core 0)
2026-03-08 03:43:11.832 8 INFO placement.requestlog [req-76bcf41b-2018-41b5-bb18-3fb82504a24e req-7854789e-3b36-4bd8-aa20-84685c8833bf d6848b84d2e9434b8c2b15b4415046e1 51d47253cd0b4ff698dd29f93f5e8f8f - - 5e81739fff6c48b2b57ec94be753b37f 5e81739fff6c48b2b57ec94be753b37f] 199.204.45.23 "GET /resource_providers?in_tree=3160a809-f8b0-4c29-80b2-80f84f655698" status: 200 len: 797 microversion: 1.14 [pid: 8|app: 0|req: 417/833] 199.204.45.23 () {34 vars in 891 bytes} [Sun Mar 8 03:43:11 2026] GET /resource_providers?in_tree=3160a809-f8b0-4c29-80b2-80f84f655698 => generated 797 bytes in 14 msecs (HTTP/1.1 200) 6 headers in 225 bytes (1 switches on core 0)
2026-03-08 03:43:11.852 7 INFO placement.requestlog [req-76bcf41b-2018-41b5-bb18-3fb82504a24e req-b3378119-be34-4a59-b7c8-30590cfd5a5b d6848b84d2e9434b8c2b15b4415046e1 51d47253cd0b4ff698dd29f93f5e8f8f - - 5e81739fff6c48b2b57ec94be753b37f 5e81739fff6c48b2b57ec94be753b37f] 199.204.45.23 "GET /resource_providers/3160a809-f8b0-4c29-80b2-80f84f655698/inventories" status: 200 len: 400 microversion: 1.0 [pid: 7|app: 0|req: 417/834] 199.204.45.23 () {32 vars in 856 bytes} [Sun Mar 8 03:43:11 2026] GET /resource_providers/3160a809-f8b0-4c29-80b2-80f84f655698/inventories => generated 400 bytes in 16 msecs (HTTP/1.1 200) 6 headers in 224 bytes (1 switches on core 0)
2026-03-08 03:43:11.884 8 INFO placement.requestlog [req-76bcf41b-2018-41b5-bb18-3fb82504a24e req-e01ca5b7-6e63-4fa5-a8c3-b428d81feeed d6848b84d2e9434b8c2b15b4415046e1 51d47253cd0b4ff698dd29f93f5e8f8f - - 5e81739fff6c48b2b57ec94be753b37f 5e81739fff6c48b2b57ec94be753b37f] 199.204.45.23 "GET /resource_providers/3160a809-f8b0-4c29-80b2-80f84f655698/aggregates" status: 200 len: 53 microversion: 1.19 [pid: 8|app: 0|req: 418/835] 199.204.45.23 () {34 vars in 898 bytes} [Sun Mar 8 03:43:11 2026] GET /resource_providers/3160a809-f8b0-4c29-80b2-80f84f655698/aggregates => generated 53 bytes in 19 msecs (HTTP/1.1 200) 8 headers in 295 bytes (1 switches on core 0)
2026-03-08 03:43:11.912 7 INFO placement.requestlog [req-76bcf41b-2018-41b5-bb18-3fb82504a24e req-e69f5428-2a2d-4fa3-916a-a5717c4948d8 d6848b84d2e9434b8c2b15b4415046e1 51d47253cd0b4ff698dd29f93f5e8f8f - - 5e81739fff6c48b2b57ec94be753b37f 5e81739fff6c48b2b57ec94be753b37f] 199.204.45.23 "GET /resource_providers/3160a809-f8b0-4c29-80b2-80f84f655698/traits" status: 200 len: 2316 microversion: 1.6 [pid: 7|app: 0|req: 418/836] 199.204.45.23 () {34 vars in 889 bytes} [Sun Mar 8 03:43:11 2026] GET /resource_providers/3160a809-f8b0-4c29-80b2-80f84f655698/traits => generated 2316 bytes in 20 msecs (HTTP/1.1 200) 6 headers in 225 bytes (1 switches on core 0)
2026-03-08 03:43:11.938 8 INFO placement.requestlog [req-76bcf41b-2018-41b5-bb18-3fb82504a24e req-da7343f8-497f-452c-8622-e4d8dc1ee70a d6848b84d2e9434b8c2b15b4415046e1 51d47253cd0b4ff698dd29f93f5e8f8f - - 5e81739fff6c48b2b57ec94be753b37f 5e81739fff6c48b2b57ec94be753b37f] 199.204.45.23 "GET /resource_providers/3160a809-f8b0-4c29-80b2-80f84f655698/allocations" status: 200 len: 152 microversion: 1.0 [pid: 8|app: 0|req: 419/837] 199.204.45.23 () {32 vars in 856 bytes} [Sun Mar 8 03:43:11 2026] GET /resource_providers/3160a809-f8b0-4c29-80b2-80f84f655698/allocations => generated 152 bytes in 18 msecs (HTTP/1.1 200) 6 headers in 224 bytes (1 switches on core 0)
2026-03-08 03:43:11.958 7 INFO placement.requestlog [req-76bcf41b-2018-41b5-bb18-3fb82504a24e req-f0dcdb79-c6da-44a4-aed6-266287040731 d6848b84d2e9434b8c2b15b4415046e1 51d47253cd0b4ff698dd29f93f5e8f8f - - 5e81739fff6c48b2b57ec94be753b37f 5e81739fff6c48b2b57ec94be753b37f] 199.204.45.23 "GET /allocations/85cf6a5e-3365-47d8-92df-1c468735b45f" status: 200 len: 257 microversion: 1.28 [pid: 7|app: 0|req: 419/838] 199.204.45.23 () {34 vars in 862 bytes} [Sun Mar 8 03:43:11 2026] GET /allocations/85cf6a5e-3365-47d8-92df-1c468735b45f => generated 257 bytes in 14 msecs (HTTP/1.1 200) 8 headers in 296 bytes (1 switches on core 0)
2026-03-08 03:43:13.386 8 INFO placement.requestlog [None req-8e02ea3d-4476-45b9-9c0b-739b6f4aa81b - - - - - -] 10.0.0.192 "GET /" status: 200 len: 136 microversion: 1.0
2026-03-08 03:43:13.386 7 INFO placement.requestlog [None req-651b50fc-3a5e-4e4f-8676-f2544b4b013f - - - - - -] 10.0.0.192 "GET /" status: 200 len: 136 microversion: 1.0
2026-03-08 03:43:15.738 8 INFO placement.requestlog [req-a0cb81e4-4523-4c22-8821-c5eb7894417e req-588003e9-bb9a-43a9-98ec-21e195784592 d6848b84d2e9434b8c2b15b4415046e1 51d47253cd0b4ff698dd29f93f5e8f8f - - 5e81739fff6c48b2b57ec94be753b37f 5e81739fff6c48b2b57ec94be753b37f] 10.0.0.245 "GET /allocation_candidates?limit=1000&resources=DISK_GB%3A1%2CMEMORY_MB%3A512%2CVCPU%3A1&root_required=%21COMPUTE_STATUS_DISABLED" status: 200 len: 2783 microversion: 1.36 [pid: 8|app: 0|req: 421/841] 10.0.0.245 () {34 vars in 1012 bytes} [Sun Mar 8 03:43:15 2026] GET /allocation_candidates?limit=1000&resources=DISK_GB%3A1%2CMEMORY_MB%3A512%2CVCPU%3A1&root_required=%21COMPUTE_STATUS_DISABLED => generated 2783 bytes in 53 msecs (HTTP/1.1 200) 8 headers in 297 bytes (1 switches on core 0)
2026-03-08 03:43:15.783 7 INFO placement.requestlog [req-a0cb81e4-4523-4c22-8821-c5eb7894417e req-cd252f12-aeda-4e6a-bf96-e6319a30fca4 d6848b84d2e9434b8c2b15b4415046e1 51d47253cd0b4ff698dd29f93f5e8f8f - - 5e81739fff6c48b2b57ec94be753b37f 5e81739fff6c48b2b57ec94be753b37f] 10.0.0.245 "GET /allocations/d052ce69-217c-4b13-aeb1-37ba685292ae" status: 200 len: 19 microversion: 1.28 [pid: 7|app: 0|req: 421/842] 10.0.0.245 () {34 vars in 861 bytes} [Sun Mar 8 03:43:15 2026] GET /allocations/d052ce69-217c-4b13-aeb1-37ba685292ae => generated 19 bytes in 22 msecs (HTTP/1.1 200) 8 headers in 295 bytes (1 switches on core 0)
2026-03-08 03:43:15.872 8 INFO placement.requestlog [req-a0cb81e4-4523-4c22-8821-c5eb7894417e req-f4069dd4-b011-4871-9755-7eb0f94165ec d6848b84d2e9434b8c2b15b4415046e1 51d47253cd0b4ff698dd29f93f5e8f8f - - 5e81739fff6c48b2b57ec94be753b37f 5e81739fff6c48b2b57ec94be753b37f] 10.0.0.245 "PUT /allocations/d052ce69-217c-4b13-aeb1-37ba685292ae" status: 204 len: 0 microversion: 1.36 [pid: 8|app: 0|req: 422/843] 10.0.0.245 () {38 vars in 914 bytes} [Sun Mar 8 03:43:15 2026] PUT /allocations/d052ce69-217c-4b13-aeb1-37ba685292ae => generated 0 bytes in 80 msecs (HTTP/1.1 204) 5 headers in 199 bytes (1 switches on core 0)
2026-03-08 03:43:17.347 7 INFO placement.requestlog [req-a0cb81e4-4523-4c22-8821-c5eb7894417e req-9a086980-f5da-4a4c-9754-7df189edcbce d6848b84d2e9434b8c2b15b4415046e1 51d47253cd0b4ff698dd29f93f5e8f8f - - 5e81739fff6c48b2b57ec94be753b37f 5e81739fff6c48b2b57ec94be753b37f] 199.204.45.23 "GET /allocations/d052ce69-217c-4b13-aeb1-37ba685292ae" status: 200 len: 257 microversion: 1.28 [pid: 7|app: 0|req: 422/844] 199.204.45.23 () {34 vars in 862 bytes} [Sun Mar 8 03:43:17 2026] GET /allocations/d052ce69-217c-4b13-aeb1-37ba685292ae => generated 257 bytes in 10 msecs (HTTP/1.1 200) 8 headers in 296 bytes (1 switches on core 0)
2026-03-08 03:43:18.412 8 INFO placement.requestlog [req-a0cb81e4-4523-4c22-8821-c5eb7894417e req-4f832516-3fff-4be7-9460-08339779d4f8 d6848b84d2e9434b8c2b15b4415046e1 51d47253cd0b4ff698dd29f93f5e8f8f - - 5e81739fff6c48b2b57ec94be753b37f 5e81739fff6c48b2b57ec94be753b37f] 199.204.45.23 "GET /resource_providers/3160a809-f8b0-4c29-80b2-80f84f655698/allocations" status: 200 len: 252 microversion: 1.0 [pid: 8|app: 0|req: 423/845] 199.204.45.23 () {32 vars in 856 bytes} [Sun Mar 8 03:43:18 2026] GET /resource_providers/3160a809-f8b0-4c29-80b2-80f84f655698/allocations => generated 252 bytes in 36 msecs (HTTP/1.1 200) 6 headers in 224 bytes (1 switches on core 0)
2026-03-08 03:43:18.442 7 INFO placement.requestlog [req-a0cb81e4-4523-4c22-8821-c5eb7894417e req-76df17ef-19d7-4849-bd10-65bc4c3f9015 d6848b84d2e9434b8c2b15b4415046e1 51d47253cd0b4ff698dd29f93f5e8f8f - - 5e81739fff6c48b2b57ec94be753b37f 5e81739fff6c48b2b57ec94be753b37f] 199.204.45.23 "GET /allocations/d052ce69-217c-4b13-aeb1-37ba685292ae" status: 200 len: 257 microversion: 1.28 [pid: 7|app: 0|req: 423/846] 199.204.45.23 () {34 vars in 862 bytes} [Sun Mar 8 03:43:18 2026] GET /allocations/d052ce69-217c-4b13-aeb1-37ba685292ae => generated 257 bytes in 10 msecs (HTTP/1.1 200) 8 headers in 296 bytes (1 switches on core 0)
2026-03-08 03:43:18.461 8 INFO placement.requestlog [req-a0cb81e4-4523-4c22-8821-c5eb7894417e req-3f14a5a0-86f5-4914-8f82-9740a1878b77 d6848b84d2e9434b8c2b15b4415046e1 51d47253cd0b4ff698dd29f93f5e8f8f - - 5e81739fff6c48b2b57ec94be753b37f 5e81739fff6c48b2b57ec94be753b37f] 199.204.45.23 "GET /allocations/85cf6a5e-3365-47d8-92df-1c468735b45f" status: 200 len: 257 microversion: 1.28 [pid: 8|app: 0|req: 424/847] 199.204.45.23 () {34 vars in 862 bytes} [Sun Mar 8 03:43:18 2026] GET /allocations/85cf6a5e-3365-47d8-92df-1c468735b45f => generated 257 bytes in 13 msecs (HTTP/1.1 200) 8 headers in 296 bytes (1 switches on core 0)
2026-03-08 03:43:18.648 7 INFO placement.requestlog [None req-bd627e5d-3eef-4199-b0bf-9170cfd3ecb7 21f42e2037a44e4eb57e9740880008a0 51d47253cd0b4ff698dd29f93f5e8f8f - - 5e81739fff6c48b2b57ec94be753b37f 5e81739fff6c48b2b57ec94be753b37f] 10.0.0.209 "GET /resource_providers/f2c39912-2c52-46f5-974c-135da1db27fc/aggregates" status: 404 len: 235 microversion: 1.1 [pid: 7|app: 0|req: 424/848] 10.0.0.209 () {32 vars in 816 bytes} [Sun Mar 8 03:43:18 2026] GET /resource_providers/f2c39912-2c52-46f5-974c-135da1db27fc/aggregates => generated 235 bytes in 11 msecs (HTTP/1.1 404) 5 headers in 202 bytes (1 switches on core 0)
2026-03-08 03:43:18.652 8 INFO placement.requestlog [None req-92e18af3-8f44-48b2-96c5-1fc7aa9ae447 21f42e2037a44e4eb57e9740880008a0 51d47253cd0b4ff698dd29f93f5e8f8f - - 5e81739fff6c48b2b57ec94be753b37f 5e81739fff6c48b2b57ec94be753b37f] 10.0.0.209 "GET /resource_providers/f2c39912-2c52-46f5-974c-135da1db27fc/aggregates" status: 404 len: 235 microversion: 1.1 [pid: 8|app: 0|req: 425/849] 10.0.0.209 () {32 vars in 816 bytes} [Sun Mar 8 03:43:18 2026] GET /resource_providers/f2c39912-2c52-46f5-974c-135da1db27fc/aggregates => generated 235 bytes in 10 msecs (HTTP/1.1 404) 5 headers in 202 bytes (1 switches on core 0)
2026-03-08 03:43:18.678 7 INFO placement.requestlog [None req-d7a48234-82e0-4500-b55a-f9f98b8d1e85 21f42e2037a44e4eb57e9740880008a0 51d47253cd0b4ff698dd29f93f5e8f8f - - 5e81739fff6c48b2b57ec94be753b37f 5e81739fff6c48b2b57ec94be753b37f] 10.0.0.209 "DELETE /resource_providers/f2c39912-2c52-46f5-974c-135da1db27fc" status: 404 len: 246 microversion: 1.1 [pid: 7|app: 0|req: 425/850] 10.0.0.209 () {34 vars in 816 bytes} [Sun Mar 8 03:43:18 2026] DELETE /resource_providers/f2c39912-2c52-46f5-974c-135da1db27fc => generated 246 bytes in 11 msecs (HTTP/1.1 404) 6 headers in 231 bytes (1 switches on core 0)
2026-03-08 03:43:18.680 8 INFO placement.requestlog [None req-c91d2045-cf1d-4656-853f-5f909d97e94f 21f42e2037a44e4eb57e9740880008a0 51d47253cd0b4ff698dd29f93f5e8f8f - - 5e81739fff6c48b2b57ec94be753b37f 5e81739fff6c48b2b57ec94be753b37f] 10.0.0.209 "DELETE /resource_providers/f2c39912-2c52-46f5-974c-135da1db27fc" status: 404 len: 246 microversion: 1.1 [pid: 8|app: 0|req: 426/851] 10.0.0.209 () {34 vars in 816 bytes} [Sun Mar 8 03:43:18 2026] DELETE /resource_providers/f2c39912-2c52-46f5-974c-135da1db27fc => generated 246 bytes in 9 msecs (HTTP/1.1 404) 6 headers in 231 bytes (1 switches on core 0)
2026-03-08 03:43:19.140 7 INFO placement.requestlog [None req-fe136abb-1b89-4658-a8fb-ecd82c266e2d 21f42e2037a44e4eb57e9740880008a0 51d47253cd0b4ff698dd29f93f5e8f8f - - 5e81739fff6c48b2b57ec94be753b37f 5e81739fff6c48b2b57ec94be753b37f] 10.0.0.209 "GET /resource_providers/d272d54d-e28a-4bf1-8a95-da12ed8fffde/aggregates" status: 404 len: 235 microversion: 1.1 [pid: 7|app: 0|req: 426/852] 10.0.0.209 () {32 vars in 816 bytes} [Sun Mar 8 03:43:19 2026] GET /resource_providers/d272d54d-e28a-4bf1-8a95-da12ed8fffde/aggregates => generated 235 bytes in 14 msecs (HTTP/1.1 404) 5 headers in 202 bytes (1 switches on core 0)
2026-03-08 03:43:19.147 8 INFO placement.requestlog [None req-d648662e-304a-4b59-abd4-90527a66e536 21f42e2037a44e4eb57e9740880008a0 51d47253cd0b4ff698dd29f93f5e8f8f - - 5e81739fff6c48b2b57ec94be753b37f 5e81739fff6c48b2b57ec94be753b37f] 10.0.0.209 "GET /resource_providers/d272d54d-e28a-4bf1-8a95-da12ed8fffde/aggregates" status: 404 len: 235 microversion: 1.1 [pid: 8|app: 0|req: 427/853] 10.0.0.209 () {32 vars in 816 bytes} [Sun Mar 8 03:43:19 2026] GET /resource_providers/d272d54d-e28a-4bf1-8a95-da12ed8fffde/aggregates => generated 235 bytes in 17 msecs (HTTP/1.1 404) 5 headers in 202 bytes (1 switches on core 0)
2026-03-08 03:43:19.163 7 INFO placement.requestlog [None req-f625c467-b941-4823-841a-367c3f7e8851 21f42e2037a44e4eb57e9740880008a0 51d47253cd0b4ff698dd29f93f5e8f8f - - 5e81739fff6c48b2b57ec94be753b37f 5e81739fff6c48b2b57ec94be753b37f] 10.0.0.209 "DELETE /resource_providers/d272d54d-e28a-4bf1-8a95-da12ed8fffde" status: 404 len: 246 microversion: 1.1 [pid: 7|app: 0|req: 427/854] 10.0.0.209 () {34 vars in 816 bytes} [Sun Mar 8 03:43:19 2026] DELETE /resource_providers/d272d54d-e28a-4bf1-8a95-da12ed8fffde => generated 246 bytes in 10 msecs (HTTP/1.1 404) 6 headers in 231 bytes (1 switches on core 0)
2026-03-08 03:43:19.165 8 INFO placement.requestlog [None req-b749358b-a8ee-4768-b81c-db149e79f5ae 21f42e2037a44e4eb57e9740880008a0 51d47253cd0b4ff698dd29f93f5e8f8f - - 5e81739fff6c48b2b57ec94be753b37f 5e81739fff6c48b2b57ec94be753b37f] 10.0.0.209 "DELETE /resource_providers/d272d54d-e28a-4bf1-8a95-da12ed8fffde" status: 404 len: 246 microversion: 1.1 [pid: 8|app: 0|req: 428/855] 10.0.0.209 () {34 vars in 816 bytes} [Sun Mar 8 03:43:19 2026] DELETE /resource_providers/d272d54d-e28a-4bf1-8a95-da12ed8fffde => generated 246 bytes in 7 msecs (HTTP/1.1 404) 6 headers in 231 bytes (1 switches on core 0)
2026-03-08 03:43:19.519 7 INFO placement.requestlog [req-5a3b5fa8-04af-413b-995e-cbca840a132e req-2f989b1f-907c-4d3d-b64e-a77d633ee06e d6848b84d2e9434b8c2b15b4415046e1 51d47253cd0b4ff698dd29f93f5e8f8f - - 5e81739fff6c48b2b57ec94be753b37f 5e81739fff6c48b2b57ec94be753b37f] 199.204.45.23 "GET /resource_providers/3160a809-f8b0-4c29-80b2-80f84f655698/allocations" status: 200 len: 252 microversion: 1.0 [pid: 7|app: 0|req: 428/856] 199.204.45.23 () {32 vars in 856 bytes} [Sun Mar 8 03:43:19 2026] GET /resource_providers/3160a809-f8b0-4c29-80b2-80f84f655698/allocations => generated 252 bytes in 19 msecs (HTTP/1.1 200) 6 headers in 224 bytes (1 switches on core 0)
2026-03-08 03:43:19.546 8 INFO placement.requestlog [req-5a3b5fa8-04af-413b-995e-cbca840a132e req-b40f9594-f05e-4bf2-af03-5cf11f2f07e8 d6848b84d2e9434b8c2b15b4415046e1 51d47253cd0b4ff698dd29f93f5e8f8f - - 5e81739fff6c48b2b57ec94be753b37f 5e81739fff6c48b2b57ec94be753b37f] 199.204.45.23 "GET /allocations/d052ce69-217c-4b13-aeb1-37ba685292ae" status: 200 len: 257 microversion: 1.28 [pid: 8|app: 0|req: 429/857] 199.204.45.23 () {34 vars in 862 bytes} [Sun Mar 8 03:43:19 2026] GET /allocations/d052ce69-217c-4b13-aeb1-37ba685292ae => generated 257 bytes in 22 msecs (HTTP/1.1 200) 8 headers in 296 bytes (1 switches on core 0)
2026-03-08 03:43:19.566 7 INFO placement.requestlog [req-5a3b5fa8-04af-413b-995e-cbca840a132e req-ada5e5cc-3e5c-4733-915d-24fa6d6e8a03 d6848b84d2e9434b8c2b15b4415046e1 51d47253cd0b4ff698dd29f93f5e8f8f - - 5e81739fff6c48b2b57ec94be753b37f 5e81739fff6c48b2b57ec94be753b37f] 199.204.45.23 "GET /allocations/85cf6a5e-3365-47d8-92df-1c468735b45f" status: 200 len: 257 microversion: 1.28 [pid: 7|app: 0|req: 429/858] 199.204.45.23 () {34 vars in 862 bytes} [Sun Mar 8 03:43:19 2026] GET /allocations/85cf6a5e-3365-47d8-92df-1c468735b45f => generated 257 bytes in 11 msecs (HTTP/1.1 200) 8 headers in 296 bytes (1 switches on core 0)
2026-03-08 03:43:20.618 8 INFO placement.requestlog [req-5a3b5fa8-04af-413b-995e-cbca840a132e req-c1e8e957-8684-4e4d-af36-031e6dc25e5f d6848b84d2e9434b8c2b15b4415046e1 51d47253cd0b4ff698dd29f93f5e8f8f - - 5e81739fff6c48b2b57ec94be753b37f 5e81739fff6c48b2b57ec94be753b37f] 199.204.45.23 "DELETE /allocations/85cf6a5e-3365-47d8-92df-1c468735b45f" status: 204 len: 0 microversion: 1.0 [pid: 8|app: 0|req: 430/859] 199.204.45.23 () {34 vars in 840 bytes} [Sun Mar 8 03:43:20 2026] DELETE /allocations/85cf6a5e-3365-47d8-92df-1c468735b45f => generated 0 bytes in 27 msecs (HTTP/1.1 204) 5 headers in 198 bytes (1 switches on core 0)
2026-03-08 03:43:20.702 7 INFO placement.requestlog [None req-d5d16ee2-a63b-4261-a836-8cf2b88b397b 21f42e2037a44e4eb57e9740880008a0 51d47253cd0b4ff698dd29f93f5e8f8f - - 5e81739fff6c48b2b57ec94be753b37f 5e81739fff6c48b2b57ec94be753b37f] 10.0.0.209 "GET /resource_providers/3ecedabf-9224-4638-99ef-ea6ae30b1fba/aggregates" status: 404 len: 235 microversion: 1.1 [pid: 7|app: 0|req: 430/860] 10.0.0.209 () {32 vars in 816 bytes} [Sun Mar 8 03:43:20 2026] GET /resource_providers/3ecedabf-9224-4638-99ef-ea6ae30b1fba/aggregates => generated 235 bytes in 9 msecs (HTTP/1.1 404) 5 headers in 202 bytes (1 switches on core 0)
2026-03-08 03:43:20.706 8 INFO placement.requestlog [None req-7f944525-dd55-484d-9c5b-4c2a4e216150 21f42e2037a44e4eb57e9740880008a0 51d47253cd0b4ff698dd29f93f5e8f8f - - 5e81739fff6c48b2b57ec94be753b37f 5e81739fff6c48b2b57ec94be753b37f] 10.0.0.209 "GET /resource_providers/3ecedabf-9224-4638-99ef-ea6ae30b1fba/aggregates" status: 404 len: 235 microversion: 1.1 [pid: 8|app: 0|req: 431/861] 10.0.0.209 () {32 vars in 816 bytes} [Sun Mar 8 03:43:20 2026] GET /resource_providers/3ecedabf-9224-4638-99ef-ea6ae30b1fba/aggregates => generated 235 bytes in 11 msecs (HTTP/1.1 404) 5 headers in 202 bytes (1 switches on core 0)
2026-03-08 03:43:20.730 7 INFO placement.requestlog [None req-ebf26cb0-d553-408a-98cb-e6304dc2c0e8 21f42e2037a44e4eb57e9740880008a0 51d47253cd0b4ff698dd29f93f5e8f8f - - 5e81739fff6c48b2b57ec94be753b37f 5e81739fff6c48b2b57ec94be753b37f] 10.0.0.209 "DELETE /resource_providers/3ecedabf-9224-4638-99ef-ea6ae30b1fba" status: 404 len: 246 microversion: 1.1
2026-03-08 03:43:20.730 8 INFO placement.requestlog [None req-618a9bee-b93c-4b73-aa8e-1cf426f76c05 21f42e2037a44e4eb57e9740880008a0 51d47253cd0b4ff698dd29f93f5e8f8f - - 5e81739fff6c48b2b57ec94be753b37f 5e81739fff6c48b2b57ec94be753b37f] 10.0.0.209 "DELETE /resource_providers/3ecedabf-9224-4638-99ef-ea6ae30b1fba" status: 404 len: 246 microversion: 1.1 [pid: 8|app: 0|req: 432/863] 10.0.0.209 () {34 vars in 816 bytes} [Sun Mar 8 03:43:20 2026] DELETE /resource_providers/3ecedabf-9224-4638-99ef-ea6ae30b1fba => generated 246 bytes in 8 msecs (HTTP/1.1 404) 6 headers in 231 bytes (1 switches on core 0) [pid: 7|app: 0|req: 431/863] 10.0.0.209 () {34 vars in 816 bytes} [Sun Mar 8 03:43:20 2026] DELETE /resource_providers/3ecedabf-9224-4638-99ef-ea6ae30b1fba => generated 246 bytes in 12 msecs (HTTP/1.1 404) 6 headers in 231 bytes (1 switches on core 0)
2026-03-08 03:43:23.390 7 INFO placement.requestlog [None req-05c9dc8e-7080-4102-920c-6b9206ad59b7 - - - - - -] 10.0.0.192 "GET /" status: 200 len: 136 microversion: 1.0
2026-03-08 03:43:23.390 8 INFO placement.requestlog [None req-da9b68eb-830c-4040-9dd0-17f7b0476227 - - - - - -] 10.0.0.192 "GET /" status: 200 len: 136 microversion: 1.0
2026-03-08 03:43:24.748 7 INFO placement.requestlog [None req-5cd8f1bb-5e95-4438-afc2-b71cccaa6cfa 21f42e2037a44e4eb57e9740880008a0 51d47253cd0b4ff698dd29f93f5e8f8f - - 5e81739fff6c48b2b57ec94be753b37f 5e81739fff6c48b2b57ec94be753b37f] 10.0.0.209 "GET /resource_providers/e87539bd-5925-4645-992f-04d48498c810/aggregates" status: 404 len: 235 microversion: 1.1 [pid: 7|app: 0|req: 433/866] 10.0.0.209 () {32 vars in 816 bytes} [Sun Mar 8 03:43:24 2026] GET /resource_providers/e87539bd-5925-4645-992f-04d48498c810/aggregates => generated 235 bytes in 9 msecs (HTTP/1.1 404) 5 headers in 202 bytes (1 switches on core 0)
2026-03-08 03:43:24.755 8 INFO placement.requestlog [None req-bb4310cb-dc0b-4d25-8353-f1390be8705d 21f42e2037a44e4eb57e9740880008a0 51d47253cd0b4ff698dd29f93f5e8f8f - - 5e81739fff6c48b2b57ec94be753b37f 5e81739fff6c48b2b57ec94be753b37f] 10.0.0.209 "GET /resource_providers/e87539bd-5925-4645-992f-04d48498c810/aggregates" status: 404 len: 235 microversion: 1.1 [pid: 8|app: 0|req: 434/867] 10.0.0.209 () {32 vars in 816 bytes} [Sun Mar 8 03:43:24 2026] GET /resource_providers/e87539bd-5925-4645-992f-04d48498c810/aggregates => generated 235 bytes in 14 msecs (HTTP/1.1 404) 5 headers in 202 bytes (1 switches on core 0)
2026-03-08 03:43:24.778 8 INFO placement.requestlog [None req-76a671c1-604d-4300-bb00-877d700cb257 21f42e2037a44e4eb57e9740880008a0 51d47253cd0b4ff698dd29f93f5e8f8f - - 5e81739fff6c48b2b57ec94be753b37f 5e81739fff6c48b2b57ec94be753b37f] 10.0.0.209 "DELETE /resource_providers/e87539bd-5925-4645-992f-04d48498c810" status: 404 len: 246 microversion: 1.1
2026-03-08 03:43:24.778 7 INFO placement.requestlog [None req-0f8c6c18-23e2-4e8e-abca-020fa3b29fa5 21f42e2037a44e4eb57e9740880008a0 51d47253cd0b4ff698dd29f93f5e8f8f - - 5e81739fff6c48b2b57ec94be753b37f 5e81739fff6c48b2b57ec94be753b37f] 10.0.0.209 "DELETE /resource_providers/e87539bd-5925-4645-992f-04d48498c810" status: 404 len: 246 microversion: 1.1 [pid: 8|app: 0|req: 435/868] 10.0.0.209 () {34 vars in 816 bytes} [Sun Mar 8 03:43:24 2026] DELETE /resource_providers/e87539bd-5925-4645-992f-04d48498c810 => generated 246 bytes in 12 msecs (HTTP/1.1 404) 6 headers in 231 bytes (1 switches on core 0) [pid: 7|app: 0|req: 434/869] 10.0.0.209 () {34 vars in 816 bytes} [Sun Mar 8 03:43:24 2026] DELETE /resource_providers/e87539bd-5925-4645-992f-04d48498c810 => generated 246 bytes in 16 msecs (HTTP/1.1 404) 6 headers in 231 bytes (1 switches on core 0)
2026-03-08 03:43:24.821 7 INFO placement.requestlog [None req-868eabac-789f-4caf-86d5-aa1c56409aa0 21f42e2037a44e4eb57e9740880008a0 51d47253cd0b4ff698dd29f93f5e8f8f - - 5e81739fff6c48b2b57ec94be753b37f 5e81739fff6c48b2b57ec94be753b37f] 10.0.0.209 "GET /resource_providers/c554f168-9761-4119-ab8c-333138241a30/aggregates" status: 404 len: 235 microversion: 1.1 [pid: 7|app: 0|req: 435/870] 10.0.0.209 () {32 vars in 816 bytes} [Sun Mar 8 03:43:24 2026] GET /resource_providers/c554f168-9761-4119-ab8c-333138241a30/aggregates => generated 235 bytes in 8 msecs (HTTP/1.1 404) 5 headers in 202 bytes (1 switches on core 0)
2026-03-08 03:43:24.824 8 INFO placement.requestlog [None req-c11aae74-22ae-4cff-b12f-b1863812b021 21f42e2037a44e4eb57e9740880008a0 51d47253cd0b4ff698dd29f93f5e8f8f - - 5e81739fff6c48b2b57ec94be753b37f 5e81739fff6c48b2b57ec94be753b37f] 10.0.0.209 "GET /resource_providers/c554f168-9761-4119-ab8c-333138241a30/aggregates" status: 404 len: 235 microversion: 1.1 [pid: 8|app: 0|req: 436/871] 10.0.0.209 () {32 vars in 816 bytes} [Sun Mar 8 03:43:24 2026] GET /resource_providers/c554f168-9761-4119-ab8c-333138241a30/aggregates => generated 235 bytes in 11 msecs (HTTP/1.1 404) 5 headers in 202 bytes (1 switches on core 0)
2026-03-08 03:43:24.849 7 INFO placement.requestlog [None req-f9bf4b79-5f61-46bd-88a7-52a2e32e5337 21f42e2037a44e4eb57e9740880008a0 51d47253cd0b4ff698dd29f93f5e8f8f - - 5e81739fff6c48b2b57ec94be753b37f 5e81739fff6c48b2b57ec94be753b37f] 10.0.0.209 "DELETE /resource_providers/c554f168-9761-4119-ab8c-333138241a30" status: 404 len: 246 microversion: 1.1 [pid: 7|app: 0|req: 436/872] 10.0.0.209 () {34 vars in 816 bytes} [Sun Mar 8 03:43:24 2026] DELETE /resource_providers/c554f168-9761-4119-ab8c-333138241a30 => generated 246 bytes in 14 msecs (HTTP/1.1 404) 6 headers in 231 bytes (1 switches on core 0)
2026-03-08 03:43:24.859 8 INFO placement.requestlog [None req-f53b0ff9-bc57-4f12-b0bb-80a7058d3105 21f42e2037a44e4eb57e9740880008a0 51d47253cd0b4ff698dd29f93f5e8f8f - - 5e81739fff6c48b2b57ec94be753b37f 5e81739fff6c48b2b57ec94be753b37f] 10.0.0.209 "DELETE /resource_providers/c554f168-9761-4119-ab8c-333138241a30" status: 404 len: 246 microversion: 1.1 [pid: 8|app: 0|req: 437/873] 10.0.0.209 () {34 vars in 816 bytes} [Sun Mar 8 03:43:24 2026] DELETE /resource_providers/c554f168-9761-4119-ab8c-333138241a30 => generated 246 bytes in 16 msecs (HTTP/1.1 404) 6 headers in 231 bytes (1 switches on core 0)
2026-03-08 03:43:26.806 7 INFO placement.requestlog [None req-917fc296-f53d-4c6b-89ce-afb6b9152a56 21f42e2037a44e4eb57e9740880008a0 51d47253cd0b4ff698dd29f93f5e8f8f - - 5e81739fff6c48b2b57ec94be753b37f 5e81739fff6c48b2b57ec94be753b37f] 10.0.0.209 "GET /resource_providers/19e35624-ebc6-4fbc-854f-ff8d05bad122/aggregates" status: 404 len: 235 microversion: 1.1 [pid: 7|app: 0|req: 437/874] 10.0.0.209 () {32 vars in 816 bytes} [Sun Mar 8 03:43:26 2026] GET /resource_providers/19e35624-ebc6-4fbc-854f-ff8d05bad122/aggregates => generated 235 bytes in 11 msecs (HTTP/1.1 404) 5 headers in 202 bytes (1 switches on core 0)
2026-03-08 03:43:26.813 8 INFO placement.requestlog [None req-e25c1f31-00a7-492d-abcc-708c33ae702e 21f42e2037a44e4eb57e9740880008a0 51d47253cd0b4ff698dd29f93f5e8f8f - - 5e81739fff6c48b2b57ec94be753b37f 5e81739fff6c48b2b57ec94be753b37f] 10.0.0.209 "GET /resource_providers/19e35624-ebc6-4fbc-854f-ff8d05bad122/aggregates" status: 404 len: 235 microversion: 1.1 [pid: 8|app: 0|req: 438/875] 10.0.0.209 () {32 vars in 816 bytes} [Sun Mar 8 03:43:26 2026] GET /resource_providers/19e35624-ebc6-4fbc-854f-ff8d05bad122/aggregates => generated 235 bytes in 15 msecs (HTTP/1.1 404) 5 headers in 202 bytes (1 switches on core 0)
2026-03-08 03:43:26.834 7 INFO placement.requestlog [None req-a57879cc-85fa-449c-8e69-f77670389be1 21f42e2037a44e4eb57e9740880008a0 51d47253cd0b4ff698dd29f93f5e8f8f - - 5e81739fff6c48b2b57ec94be753b37f 5e81739fff6c48b2b57ec94be753b37f] 10.0.0.209 "DELETE /resource_providers/19e35624-ebc6-4fbc-854f-ff8d05bad122" status: 404 len: 246 microversion: 1.1 [pid: 7|app: 0|req: 438/876] 10.0.0.209 () {34 vars in 816 bytes} [Sun Mar 8 03:43:26 2026] DELETE /resource_providers/19e35624-ebc6-4fbc-854f-ff8d05bad122 => generated 246 bytes in 10 msecs (HTTP/1.1 404) 6 headers in 231 bytes (1 switches on core 0)
2026-03-08 03:43:26.835 8 INFO placement.requestlog [None req-dc6b4e3b-6681-447e-adaa-cb505b5a152f 21f42e2037a44e4eb57e9740880008a0 51d47253cd0b4ff698dd29f93f5e8f8f - - 5e81739fff6c48b2b57ec94be753b37f 5e81739fff6c48b2b57ec94be753b37f] 10.0.0.209 "DELETE /resource_providers/19e35624-ebc6-4fbc-854f-ff8d05bad122" status: 404 len: 246 microversion: 1.1 [pid: 8|app: 0|req: 439/877] 10.0.0.209 () {34 vars in 816 bytes} [Sun Mar 8 03:43:26 2026] DELETE /resource_providers/19e35624-ebc6-4fbc-854f-ff8d05bad122 => generated 246 bytes in 10 msecs (HTTP/1.1 404) 6 headers in 231 bytes (1 switches on core 0)
2026-03-08 03:43:26.864 8 INFO placement.requestlog [None req-eb807d3e-66ab-46ed-8d29-566f3c792f0f 21f42e2037a44e4eb57e9740880008a0 51d47253cd0b4ff698dd29f93f5e8f8f - - 5e81739fff6c48b2b57ec94be753b37f 5e81739fff6c48b2b57ec94be753b37f] 10.0.0.209 "GET /resource_providers/81df6fe3-2bdd-4de4-b0fe-84cdc1794ead/aggregates" status: 404 len: 235 microversion: 1.1 [pid: 8|app: 0|req: 440/878] 10.0.0.209 () {32 vars in 816 bytes} [Sun Mar 8 03:43:26 2026] GET /resource_providers/81df6fe3-2bdd-4de4-b0fe-84cdc1794ead/aggregates => generated 235 bytes in 9 msecs (HTTP/1.1 404) 5 headers in 202 bytes (1 switches on core 0)
2026-03-08 03:43:26.866 7 INFO placement.requestlog [None req-3133221f-b50c-4cd6-8afe-936b21547f7a 21f42e2037a44e4eb57e9740880008a0 51d47253cd0b4ff698dd29f93f5e8f8f - - 5e81739fff6c48b2b57ec94be753b37f 5e81739fff6c48b2b57ec94be753b37f] 10.0.0.209 "GET /resource_providers/81df6fe3-2bdd-4de4-b0fe-84cdc1794ead/aggregates" status: 404 len: 235 microversion: 1.1 [pid: 7|app: 0|req: 439/879] 10.0.0.209 () {32 vars in 816 bytes} [Sun Mar 8 03:43:26 2026] GET /resource_providers/81df6fe3-2bdd-4de4-b0fe-84cdc1794ead/aggregates => generated 235 bytes in 11 msecs (HTTP/1.1 404) 5 headers in 202 bytes (1 switches on core 0)
2026-03-08 03:43:26.901 8 INFO placement.requestlog [None req-e326adb2-0937-4e25-ae57-e6f7547a9c28 21f42e2037a44e4eb57e9740880008a0 51d47253cd0b4ff698dd29f93f5e8f8f - - 5e81739fff6c48b2b57ec94be753b37f 5e81739fff6c48b2b57ec94be753b37f] 10.0.0.209 "DELETE /resource_providers/81df6fe3-2bdd-4de4-b0fe-84cdc1794ead" status: 404 len: 246 microversion: 1.1 [pid: 8|app: 0|req: 441/880] 10.0.0.209 () {34 vars in 816 bytes} [Sun Mar 8 03:43:26 2026] DELETE /resource_providers/81df6fe3-2bdd-4de4-b0fe-84cdc1794ead => generated 246 bytes in 19 msecs (HTTP/1.1 404) 6 headers in 231 bytes (1 switches on core 0)
2026-03-08 03:43:26.905 7 INFO placement.requestlog [None req-21efd435-f6c7-47e7-a3dc-fc5063b8a7c3 21f42e2037a44e4eb57e9740880008a0 51d47253cd0b4ff698dd29f93f5e8f8f - - 5e81739fff6c48b2b57ec94be753b37f 5e81739fff6c48b2b57ec94be753b37f] 10.0.0.209 "DELETE /resource_providers/81df6fe3-2bdd-4de4-b0fe-84cdc1794ead" status: 404 len: 246 microversion: 1.1 [pid: 7|app: 0|req: 440/881] 10.0.0.209 () {34 vars in 816 bytes} [Sun Mar 8 03:43:26 2026] DELETE /resource_providers/81df6fe3-2bdd-4de4-b0fe-84cdc1794ead => generated 246 bytes in 11 msecs (HTTP/1.1 404) 6 headers in 231 bytes (1 switches on core 0)
