2026-04-07 04:35:32.931 7 INFO placement.requestlog [req-0c951a29-7b5a-43b6-af96-d736044c77d1 req-ef004b38-4b50-4b47-ae11-c1767cbd1c56 72675ee021574c6380f37cf5040ef9e9 0ab4658171754cebb22bbebac8d2fa48 - - 9d2d97acb87d409f957af17d557d5a78 9d2d97acb87d409f957af17d557d5a78] 199.204.45.109 "GET /allocations/47bff90c-7710-4db2-ba78-e3792a23cc71" status: 200 len: 257 microversion: 1.28 [pid: 7|app: 0|req: 336/665] 199.204.45.109 () {34 vars in 861 bytes} [Tue Apr 7 04:35:32 2026] GET /allocations/47bff90c-7710-4db2-ba78-e3792a23cc71 => generated 257 bytes in 8 msecs (HTTP/1.1 200) 8 headers in 296 bytes (1 switches on core 0)
2026-04-07 04:35:33.977 8 INFO placement.requestlog [req-0c951a29-7b5a-43b6-af96-d736044c77d1 req-dd3c8b12-8fbb-4b31-96ea-d128e4c669b3 72675ee021574c6380f37cf5040ef9e9 0ab4658171754cebb22bbebac8d2fa48 - - 9d2d97acb87d409f957af17d557d5a78 9d2d97acb87d409f957af17d557d5a78] 199.204.45.109 "DELETE /allocations/47bff90c-7710-4db2-ba78-e3792a23cc71" status: 204 len: 0 microversion: 1.0 [pid: 8|app: 0|req: 330/666] 199.204.45.109 () {34 vars in 839 bytes} [Tue Apr 7 04:35:33 2026] DELETE /allocations/47bff90c-7710-4db2-ba78-e3792a23cc71 => generated 0 bytes in 23 msecs (HTTP/1.1 204) 5 headers in 198 bytes (1 switches on core 0)
2026-04-07 04:35:34.021 8 INFO placement.requestlog [None req-7bab6d23-5c13-4883-a069-7d634cbb73a7 49777cede69f438e9a269db18f80881f 0ab4658171754cebb22bbebac8d2fa48 - - 9d2d97acb87d409f957af17d557d5a78 9d2d97acb87d409f957af17d557d5a78] 10.0.0.193 "GET /resource_providers/c9a0c93f-df22-4de6-a26e-07b42f36235b/aggregates" status: 404 len: 235 microversion: 1.1
2026-04-07 04:35:34.021 7 INFO placement.requestlog [None req-8ce852b5-6db8-4fba-a7b3-43f0d5fafb4c 49777cede69f438e9a269db18f80881f 0ab4658171754cebb22bbebac8d2fa48 - - 9d2d97acb87d409f957af17d557d5a78 9d2d97acb87d409f957af17d557d5a78] 10.0.0.193 "GET /resource_providers/c9a0c93f-df22-4de6-a26e-07b42f36235b/aggregates" status: 404 len: 235 microversion: 1.1 [pid: 8|app: 0|req: 331/667] 10.0.0.193 () {32 vars in 814 bytes} [Tue Apr 7 04:35:34 2026] GET /resource_providers/c9a0c93f-df22-4de6-a26e-07b42f36235b/aggregates => generated 235 bytes in 9 msecs (HTTP/1.1 404) 5 headers in 202 bytes (1 switches on core 0) [pid: 7|app: 0|req: 337/668] 10.0.0.193 () {32 vars in 814 bytes} [Tue Apr 7 04:35:34 2026] GET /resource_providers/c9a0c93f-df22-4de6-a26e-07b42f36235b/aggregates => generated 235 bytes in 9 msecs (HTTP/1.1 404) 5 headers in 202 bytes (1 switches on core 0)
2026-04-07 04:35:34.037 8 INFO placement.requestlog [None req-d829f0e9-6595-452d-90ef-85c2d6e56bb2 49777cede69f438e9a269db18f80881f 0ab4658171754cebb22bbebac8d2fa48 - - 9d2d97acb87d409f957af17d557d5a78 9d2d97acb87d409f957af17d557d5a78] 10.0.0.193 "DELETE /resource_providers/c9a0c93f-df22-4de6-a26e-07b42f36235b" status: 404 len: 246 microversion: 1.1 [pid: 8|app: 0|req: 332/669] 10.0.0.193 () {34 vars in 814 bytes} [Tue Apr 7 04:35:34 2026] DELETE /resource_providers/c9a0c93f-df22-4de6-a26e-07b42f36235b => generated 246 bytes in 6 msecs (HTTP/1.1 404) 6 headers in 231 bytes (1 switches on core 0)
2026-04-07 04:35:34.040 7 INFO placement.requestlog [None req-72fde26c-76f2-42e1-a349-6e594d617086 49777cede69f438e9a269db18f80881f 0ab4658171754cebb22bbebac8d2fa48 - - 9d2d97acb87d409f957af17d557d5a78 9d2d97acb87d409f957af17d557d5a78] 10.0.0.193 "DELETE /resource_providers/c9a0c93f-df22-4de6-a26e-07b42f36235b" status: 404 len: 246 microversion: 1.1 [pid: 7|app: 0|req: 338/670] 10.0.0.193 () {34 vars in 814 bytes} [Tue Apr 7 04:35:34 2026] DELETE /resource_providers/c9a0c93f-df22-4de6-a26e-07b42f36235b => generated 246 bytes in 8 msecs (HTTP/1.1 404) 6 headers in 231 bytes (1 switches on core 0)
2026-04-07 04:35:34.650 8 INFO placement.requestlog [None req-b30d16db-f312-4f19-bccf-2ff9682766df 49777cede69f438e9a269db18f80881f 0ab4658171754cebb22bbebac8d2fa48 - - 9d2d97acb87d409f957af17d557d5a78 9d2d97acb87d409f957af17d557d5a78] 10.0.0.193 "GET /resource_providers/11f6b764-29e9-48eb-9f31-af0d8f549a26/aggregates" status: 404 len: 235 microversion: 1.1 [pid: 8|app: 0|req: 333/671] 10.0.0.193 () {32 vars in 814 bytes} [Tue Apr 7 04:35:34 2026] GET /resource_providers/11f6b764-29e9-48eb-9f31-af0d8f549a26/aggregates => generated 235 bytes in 6 msecs (HTTP/1.1 404) 5 headers in 202 bytes (1 switches on core 0)
2026-04-07 04:35:34.660 7 INFO placement.requestlog [None req-5a23a1ec-c98c-45cf-8ae7-a3294b993914 49777cede69f438e9a269db18f80881f 0ab4658171754cebb22bbebac8d2fa48 - - 9d2d97acb87d409f957af17d557d5a78 9d2d97acb87d409f957af17d557d5a78] 10.0.0.193 "GET /resource_providers/11f6b764-29e9-48eb-9f31-af0d8f549a26/aggregates" status: 404 len: 235 microversion: 1.1 [pid: 7|app: 0|req: 339/672] 10.0.0.193 () {32 vars in 814 bytes} [Tue Apr 7 04:35:34 2026] GET /resource_providers/11f6b764-29e9-48eb-9f31-af0d8f549a26/aggregates => generated 235 bytes in 11 msecs (HTTP/1.1 404) 5 headers in 202 bytes (1 switches on core 0)
2026-04-07 04:35:34.667 8 INFO placement.requestlog [None req-4cc81ca9-6e2d-48ff-a08f-b59837226965 49777cede69f438e9a269db18f80881f 0ab4658171754cebb22bbebac8d2fa48 - - 9d2d97acb87d409f957af17d557d5a78 9d2d97acb87d409f957af17d557d5a78] 10.0.0.193 "DELETE /resource_providers/11f6b764-29e9-48eb-9f31-af0d8f549a26" status: 404 len: 246 microversion: 1.1 [pid: 8|app: 0|req: 334/673] 10.0.0.193 () {34 vars in 814 bytes} [Tue Apr 7 04:35:34 2026] DELETE /resource_providers/11f6b764-29e9-48eb-9f31-af0d8f549a26 => generated 246 bytes in 11 msecs (HTTP/1.1 404) 6 headers in 231 bytes (1 switches on core 0)
2026-04-07 04:35:34.672 7 INFO placement.requestlog [None req-90ff7bd5-d88b-48b3-950e-850b23d6cfd8 49777cede69f438e9a269db18f80881f 0ab4658171754cebb22bbebac8d2fa48 - - 9d2d97acb87d409f957af17d557d5a78 9d2d97acb87d409f957af17d557d5a78] 10.0.0.193 "DELETE /resource_providers/11f6b764-29e9-48eb-9f31-af0d8f549a26" status: 404 len: 246 microversion: 1.1 [pid: 7|app: 0|req: 340/674] 10.0.0.193 () {34 vars in 814 bytes} [Tue Apr 7 04:35:34 2026] DELETE /resource_providers/11f6b764-29e9-48eb-9f31-af0d8f549a26 => generated 246 bytes in 6 msecs (HTTP/1.1 404) 6 headers in 231 bytes (1 switches on core 0)
2026-04-07 04:35:34.862 8 INFO placement.requestlog [None req-5f4aa11c-13b7-4f59-9fd8-ff3e95332494 - - - - - -] 10.0.0.236 "GET /" status: 200 len: 136 microversion: 1.0
2026-04-07 04:35:34.862 7 INFO placement.requestlog [None req-0f4b4c01-37ba-4eeb-9f39-79c85f55cee1 - - - - - -] 10.0.0.236 "GET /" status: 200 len: 136 microversion: 1.0
2026-04-07 04:35:36.062 7 INFO placement.requestlog [None req-7669c1a4-668e-49b9-aa4d-248458c887c4 49777cede69f438e9a269db18f80881f 0ab4658171754cebb22bbebac8d2fa48 - - 9d2d97acb87d409f957af17d557d5a78 9d2d97acb87d409f957af17d557d5a78] 10.0.0.193 "GET /resource_providers/a853de1e-db07-46d2-9b2b-bb6fe817a893/aggregates" status: 404 len: 235 microversion: 1.1 [pid: 7|app: 0|req: 342/677] 10.0.0.193 () {32 vars in 814 bytes} [Tue Apr 7 04:35:36 2026] GET /resource_providers/a853de1e-db07-46d2-9b2b-bb6fe817a893/aggregates => generated 235 bytes in 11 msecs (HTTP/1.1 404) 5 headers in 202 bytes (1 switches on core 0)
2026-04-07 04:35:36.065 8 INFO placement.requestlog [None req-d3c0dff0-4cdc-4c6e-8d8c-dd8ed4531b4e 49777cede69f438e9a269db18f80881f 0ab4658171754cebb22bbebac8d2fa48 - - 9d2d97acb87d409f957af17d557d5a78 9d2d97acb87d409f957af17d557d5a78] 10.0.0.193 "GET /resource_providers/a853de1e-db07-46d2-9b2b-bb6fe817a893/aggregates" status: 404 len: 235 microversion: 1.1 [pid: 8|app: 0|req: 336/678] 10.0.0.193 () {32 vars in 814 bytes} [Tue Apr 7 04:35:36 2026] GET /resource_providers/a853de1e-db07-46d2-9b2b-bb6fe817a893/aggregates => generated 235 bytes in 14 msecs (HTTP/1.1 404) 5 headers in 202 bytes (1 switches on core 0)
2026-04-07 04:35:36.081 8 INFO placement.requestlog [None req-32a6b76e-be66-43a8-98ab-bb1177ff5168 49777cede69f438e9a269db18f80881f 0ab4658171754cebb22bbebac8d2fa48 - - 9d2d97acb87d409f957af17d557d5a78 9d2d97acb87d409f957af17d557d5a78] 10.0.0.193 "DELETE /resource_providers/a853de1e-db07-46d2-9b2b-bb6fe817a893" status: 404 len: 246 microversion: 1.1 [pid: 8|app: 0|req: 337/679] 10.0.0.193 () {34 vars in 814 bytes} [Tue Apr 7 04:35:36 2026] DELETE /resource_providers/a853de1e-db07-46d2-9b2b-bb6fe817a893 => generated 246 bytes in 7 msecs (HTTP/1.1 404) 6 headers in 231 bytes (1 switches on core 0)
2026-04-07 04:35:36.082 7 INFO placement.requestlog [None req-48d0c3c9-3fc4-4078-a0cd-cd099c587b05 49777cede69f438e9a269db18f80881f 0ab4658171754cebb22bbebac8d2fa48 - - 9d2d97acb87d409f957af17d557d5a78 9d2d97acb87d409f957af17d557d5a78] 10.0.0.193 "DELETE /resource_providers/a853de1e-db07-46d2-9b2b-bb6fe817a893" status: 404 len: 246 microversion: 1.1 [pid: 7|app: 0|req: 343/680] 10.0.0.193 () {34 vars in 814 bytes} [Tue Apr 7 04:35:36 2026] DELETE /resource_providers/a853de1e-db07-46d2-9b2b-bb6fe817a893 => generated 246 bytes in 9 msecs (HTTP/1.1 404) 6 headers in 231 bytes (1 switches on core 0)
2026-04-07 04:35:36.690 8 INFO placement.requestlog [None req-19a02ce1-2288-4cfa-9374-cacade91f0d0 49777cede69f438e9a269db18f80881f 0ab4658171754cebb22bbebac8d2fa48 - - 9d2d97acb87d409f957af17d557d5a78 9d2d97acb87d409f957af17d557d5a78] 10.0.0.193 "GET /resource_providers/219a3753-80b4-4cee-a2cb-6b0c93607bfe/aggregates" status: 404 len: 235 microversion: 1.1 [pid: 8|app: 0|req: 338/681] 10.0.0.193 () {32 vars in 814 bytes} [Tue Apr 7 04:35:36 2026] GET /resource_providers/219a3753-80b4-4cee-a2cb-6b0c93607bfe/aggregates => generated 235 bytes in 10 msecs (HTTP/1.1 404) 5 headers in 202 bytes (1 switches on core 0)
2026-04-07 04:35:36.696 7 INFO placement.requestlog [None req-9fcf4806-71a2-40ca-a160-c8d490791af9 49777cede69f438e9a269db18f80881f 0ab4658171754cebb22bbebac8d2fa48 - - 9d2d97acb87d409f957af17d557d5a78 9d2d97acb87d409f957af17d557d5a78] 10.0.0.193 "GET /resource_providers/219a3753-80b4-4cee-a2cb-6b0c93607bfe/aggregates" status: 404 len: 235 microversion: 1.1 [pid: 7|app: 0|req: 344/682] 10.0.0.193 () {32 vars in 814 bytes} [Tue Apr 7 04:35:36 2026] GET /resource_providers/219a3753-80b4-4cee-a2cb-6b0c93607bfe/aggregates => generated 235 bytes in 12 msecs (HTTP/1.1 404) 5 headers in 202 bytes (1 switches on core 0)
2026-04-07 04:35:36.708 8 INFO placement.requestlog [None req-3ddbc2c4-80eb-45d1-ac57-442cfca6afea 49777cede69f438e9a269db18f80881f 0ab4658171754cebb22bbebac8d2fa48 - - 9d2d97acb87d409f957af17d557d5a78 9d2d97acb87d409f957af17d557d5a78] 10.0.0.193 "DELETE /resource_providers/219a3753-80b4-4cee-a2cb-6b0c93607bfe" status: 404 len: 246 microversion: 1.1 [pid: 8|app: 0|req: 339/683] 10.0.0.193 () {34 vars in 814 bytes} [Tue Apr 7 04:35:36 2026] DELETE /resource_providers/219a3753-80b4-4cee-a2cb-6b0c93607bfe => generated 246 bytes in 7 msecs (HTTP/1.1 404) 6 headers in 231 bytes (1 switches on core 0)
2026-04-07 04:35:36.719 7 INFO placement.requestlog [None req-fb0d3f50-42b5-4048-9676-c8920b689f5b 49777cede69f438e9a269db18f80881f 0ab4658171754cebb22bbebac8d2fa48 - - 9d2d97acb87d409f957af17d557d5a78 9d2d97acb87d409f957af17d557d5a78] 10.0.0.193 "DELETE /resource_providers/219a3753-80b4-4cee-a2cb-6b0c93607bfe" status: 404 len: 246 microversion: 1.1 [pid: 7|app: 0|req: 345/684] 10.0.0.193 () {34 vars in 814 bytes} [Tue Apr 7 04:35:36 2026] DELETE /resource_providers/219a3753-80b4-4cee-a2cb-6b0c93607bfe => generated 246 bytes in 10 msecs (HTTP/1.1 404) 6 headers in 231 bytes (1 switches on core 0)
2026-04-07 04:35:37.266 8 INFO placement.requestlog [req-0156f69d-5812-40f0-a36f-6215fc2a9470 req-68140f70-c226-4efa-9580-aade2d74abaf 72675ee021574c6380f37cf5040ef9e9 0ab4658171754cebb22bbebac8d2fa48 - - 9d2d97acb87d409f957af17d557d5a78 9d2d97acb87d409f957af17d557d5a78] 199.204.45.109 "GET /resource_providers/f0740f0b-cb17-4548-99e5-a5a4d71d6c7e/allocations" status: 200 len: 54 microversion: 1.0 [pid: 8|app: 0|req: 340/685] 199.204.45.109 () {32 vars in 855 bytes} [Tue Apr 7 04:35:37 2026] GET /resource_providers/f0740f0b-cb17-4548-99e5-a5a4d71d6c7e/allocations => generated 54 bytes in 14 msecs (HTTP/1.1 200) 6 headers in 223 bytes (1 switches on core 0)
2026-04-07 04:35:37.284 7 INFO placement.requestlog [req-0156f69d-5812-40f0-a36f-6215fc2a9470 req-157c5804-8757-4669-82ea-cfa9fc54df5b 72675ee021574c6380f37cf5040ef9e9 0ab4658171754cebb22bbebac8d2fa48 - - 9d2d97acb87d409f957af17d557d5a78 9d2d97acb87d409f957af17d557d5a78] 199.204.45.109 "GET /resource_providers/f0740f0b-cb17-4548-99e5-a5a4d71d6c7e/allocations" status: 200 len: 54 microversion: 1.0 [pid: 7|app: 0|req: 346/686] 199.204.45.109 () {32 vars in 855 bytes} [Tue Apr 7 04:35:37 2026] GET /resource_providers/f0740f0b-cb17-4548-99e5-a5a4d71d6c7e/allocations => generated 54 bytes in 10 msecs (HTTP/1.1 200) 6 headers in 223 bytes (1 switches on core 0)
2026-04-07 04:35:38.109 8 INFO placement.requestlog [None req-d2c9edb2-694b-44c3-bbd1-2b90e5a6ecb8 49777cede69f438e9a269db18f80881f 0ab4658171754cebb22bbebac8d2fa48 - - 9d2d97acb87d409f957af17d557d5a78 9d2d97acb87d409f957af17d557d5a78] 10.0.0.193 "GET /resource_providers/0a52bcce-d5ec-4051-bfe6-751edfefba74/aggregates" status: 404 len: 235 microversion: 1.1
2026-04-07 04:35:38.109 7 INFO placement.requestlog [None req-6245c753-adbe-45ae-b82b-f3b2ffdbc055 49777cede69f438e9a269db18f80881f 0ab4658171754cebb22bbebac8d2fa48 - - 9d2d97acb87d409f957af17d557d5a78 9d2d97acb87d409f957af17d557d5a78] 10.0.0.193 "GET /resource_providers/0a52bcce-d5ec-4051-bfe6-751edfefba74/aggregates" status: 404 len: 235 microversion: 1.1 [pid: 8|app: 0|req: 341/687] 10.0.0.193 () {32 vars in 814 bytes} [Tue Apr 7 04:35:38 2026] GET /resource_providers/0a52bcce-d5ec-4051-bfe6-751edfefba74/aggregates => generated 235 bytes in 11 msecs (HTTP/1.1 404) 5 headers in 202 bytes (1 switches on core 0) [pid: 7|app: 0|req: 347/688] 10.0.0.193 () {32 vars in 814 bytes} [Tue Apr 7 04:35:38 2026] GET /resource_providers/0a52bcce-d5ec-4051-bfe6-751edfefba74/aggregates => generated 235 bytes in 11 msecs (HTTP/1.1 404) 5 headers in 202 bytes (1 switches on core 0)
2026-04-07 04:35:38.131 8 INFO placement.requestlog [None req-83030c67-6658-4093-88e9-a23635aa07ff 49777cede69f438e9a269db18f80881f 0ab4658171754cebb22bbebac8d2fa48 - - 9d2d97acb87d409f957af17d557d5a78 9d2d97acb87d409f957af17d557d5a78] 10.0.0.193 "DELETE /resource_providers/0a52bcce-d5ec-4051-bfe6-751edfefba74" status: 404 len: 246 microversion: 1.1
2026-04-07 04:35:38.131 7 INFO placement.requestlog [None req-fc92f159-9cce-4e2d-a8ae-7e059c51849a 49777cede69f438e9a269db18f80881f 0ab4658171754cebb22bbebac8d2fa48 - - 9d2d97acb87d409f957af17d557d5a78 9d2d97acb87d409f957af17d557d5a78] 10.0.0.193 "DELETE /resource_providers/0a52bcce-d5ec-4051-bfe6-751edfefba74" status: 404 len: 246 microversion: 1.1 [pid: 7|app: 0|req: 348/689] 10.0.0.193 () {34 vars in 814 bytes} [Tue Apr 7 04:35:38 2026] DELETE /resource_providers/0a52bcce-d5ec-4051-bfe6-751edfefba74 => generated 246 bytes in 9 msecs (HTTP/1.1 404) 6 headers in 231 bytes (1 switches on core 0) [pid: 8|app: 0|req: 342/690] 10.0.0.193 () {34 vars in 814 bytes} [Tue Apr 7 04:35:38 2026] DELETE /resource_providers/0a52bcce-d5ec-4051-bfe6-751edfefba74 => generated 246 bytes in 9 msecs (HTTP/1.1 404) 6 headers in 231 bytes (1 switches on core 0)
2026-04-07 04:35:38.159 8 INFO placement.requestlog [None req-095ca305-410d-4fc5-a3d5-77673135cae9 49777cede69f438e9a269db18f80881f 0ab4658171754cebb22bbebac8d2fa48 - - 9d2d97acb87d409f957af17d557d5a78 9d2d97acb87d409f957af17d557d5a78] 10.0.0.193 "GET /resource_providers/cc746d65-e087-4115-bd3b-04987ef3560b/aggregates" status: 404 len: 235 microversion: 1.1 [pid: 8|app: 0|req: 343/691] 10.0.0.193 () {32 vars in 814 bytes} [Tue Apr 7 04:35:38 2026] GET /resource_providers/cc746d65-e087-4115-bd3b-04987ef3560b/aggregates => generated 235 bytes in 9 msecs (HTTP/1.1 404) 5 headers in 202 bytes (1 switches on core 0)
2026-04-07 04:35:38.161 7 INFO placement.requestlog [None req-0ee0dfc2-bd9a-4f38-bae8-3f2cece00f54 49777cede69f438e9a269db18f80881f 0ab4658171754cebb22bbebac8d2fa48 - - 9d2d97acb87d409f957af17d557d5a78 9d2d97acb87d409f957af17d557d5a78] 10.0.0.193 "GET /resource_providers/cc746d65-e087-4115-bd3b-04987ef3560b/aggregates" status: 404 len: 235 microversion: 1.1 [pid: 7|app: 0|req: 349/692] 10.0.0.193 () {32 vars in 814 bytes} [Tue Apr 7 04:35:38 2026] GET /resource_providers/cc746d65-e087-4115-bd3b-04987ef3560b/aggregates => generated 235 bytes in 12 msecs (HTTP/1.1 404) 5 headers in 202 bytes (1 switches on core 0)
2026-04-07 04:35:38.189 8 INFO placement.requestlog [None req-3473fdf5-3a1e-4908-b1db-e672105a9a60 49777cede69f438e9a269db18f80881f 0ab4658171754cebb22bbebac8d2fa48 - - 9d2d97acb87d409f957af17d557d5a78 9d2d97acb87d409f957af17d557d5a78] 10.0.0.193 "DELETE /resource_providers/cc746d65-e087-4115-bd3b-04987ef3560b" status: 404 len: 246 microversion: 1.1 [pid: 8|app: 0|req: 344/693] 10.0.0.193 () {34 vars in 814 bytes} [Tue Apr 7 04:35:38 2026] DELETE /resource_providers/cc746d65-e087-4115-bd3b-04987ef3560b => generated 246 bytes in 8 msecs (HTTP/1.1 404) 6 headers in 231 bytes (1 switches on core 0)
2026-04-07 04:35:38.200 7 INFO placement.requestlog [None req-9df408ba-d454-406d-b738-2559b3501ea0 49777cede69f438e9a269db18f80881f 0ab4658171754cebb22bbebac8d2fa48 - - 9d2d97acb87d409f957af17d557d5a78 9d2d97acb87d409f957af17d557d5a78] 10.0.0.193 "DELETE /resource_providers/cc746d65-e087-4115-bd3b-04987ef3560b" status: 404 len: 246 microversion: 1.1 [pid: 7|app: 0|req: 350/694] 10.0.0.193 () {34 vars in 814 bytes} [Tue Apr 7 04:35:38 2026] DELETE /resource_providers/cc746d65-e087-4115-bd3b-04987ef3560b => generated 246 bytes in 9 msecs (HTTP/1.1 404) 6 headers in 231 bytes (1 switches on core 0)
2026-04-07 04:35:38.732 8 INFO placement.requestlog [None req-7d7ff992-c2cc-48d9-96eb-a9810a3d8fda 49777cede69f438e9a269db18f80881f 0ab4658171754cebb22bbebac8d2fa48 - - 9d2d97acb87d409f957af17d557d5a78 9d2d97acb87d409f957af17d557d5a78] 10.0.0.193 "GET /resource_providers/cf658d8c-3180-4a14-8d9b-a98130741163/aggregates" status: 404 len: 235 microversion: 1.1 [pid: 8|app: 0|req: 345/695] 10.0.0.193 () {32 vars in 814 bytes} [Tue Apr 7 04:35:38 2026] GET /resource_providers/cf658d8c-3180-4a14-8d9b-a98130741163/aggregates => generated 235 bytes in 13 msecs (HTTP/1.1 404) 5 headers in 202 bytes (1 switches on core 0)
2026-04-07 04:35:38.738 7 INFO placement.requestlog [None req-3854e745-5cf4-480b-9788-09359dcefe7e 49777cede69f438e9a269db18f80881f 0ab4658171754cebb22bbebac8d2fa48 - - 9d2d97acb87d409f957af17d557d5a78 9d2d97acb87d409f957af17d557d5a78] 10.0.0.193 "GET /resource_providers/cf658d8c-3180-4a14-8d9b-a98130741163/aggregates" status: 404 len: 235 microversion: 1.1 [pid: 7|app: 0|req: 351/696] 10.0.0.193 () {32 vars in 814 bytes} [Tue Apr 7 04:35:38 2026] GET /resource_providers/cf658d8c-3180-4a14-8d9b-a98130741163/aggregates => generated 235 bytes in 7 msecs (HTTP/1.1 404) 5 headers in 202 bytes (1 switches on core 0)
2026-04-07 04:35:38.747 8 INFO placement.requestlog [None req-ba26494d-dd3d-42b8-98c1-04a6da41d573 49777cede69f438e9a269db18f80881f 0ab4658171754cebb22bbebac8d2fa48 - - 9d2d97acb87d409f957af17d557d5a78 9d2d97acb87d409f957af17d557d5a78] 10.0.0.193 "DELETE /resource_providers/cf658d8c-3180-4a14-8d9b-a98130741163" status: 404 len: 246 microversion: 1.1 [pid: 8|app: 0|req: 346/697] 10.0.0.193 () {34 vars in 814 bytes} [Tue Apr 7 04:35:38 2026] DELETE /resource_providers/cf658d8c-3180-4a14-8d9b-a98130741163 => generated 246 bytes in 8 msecs (HTTP/1.1 404) 6 headers in 231 bytes (1 switches on core 0)
2026-04-07 04:35:38.748 7 INFO placement.requestlog [None req-96e50b82-4646-4f05-b5e4-7ee6e6fe5fb8 49777cede69f438e9a269db18f80881f 0ab4658171754cebb22bbebac8d2fa48 - - 9d2d97acb87d409f957af17d557d5a78 9d2d97acb87d409f957af17d557d5a78] 10.0.0.193 "DELETE /resource_providers/cf658d8c-3180-4a14-8d9b-a98130741163" status: 404 len: 246 microversion: 1.1 [pid: 7|app: 0|req: 352/698] 10.0.0.193 () {34 vars in 814 bytes} [Tue Apr 7 04:35:38 2026] DELETE /resource_providers/cf658d8c-3180-4a14-8d9b-a98130741163 => generated 246 bytes in 4 msecs (HTTP/1.1 404) 6 headers in 231 bytes (1 switches on core 0)
2026-04-07 04:35:43.280 8 INFO placement.requestlog [None req-c2026330-2962-402e-8e23-771bcaa1940a 49777cede69f438e9a269db18f80881f 0ab4658171754cebb22bbebac8d2fa48 - - 9d2d97acb87d409f957af17d557d5a78 9d2d97acb87d409f957af17d557d5a78] 10.0.0.193 "GET /resource_providers/819859e4-ebf6-4740-a9e8-732026b6dbe3/aggregates" status: 404 len: 235 microversion: 1.1 [pid: 8|app: 0|req: 347/699] 10.0.0.193 () {32 vars in 814 bytes} [Tue Apr 7 04:35:43 2026] GET /resource_providers/819859e4-ebf6-4740-a9e8-732026b6dbe3/aggregates => generated 235 bytes in 9 msecs (HTTP/1.1 404) 5 headers in 202 bytes (1 switches on core 0)
2026-04-07 04:35:43.281 7 INFO placement.requestlog [None req-b826fb28-c7d6-49b3-8756-2ba7fcb92571 49777cede69f438e9a269db18f80881f 0ab4658171754cebb22bbebac8d2fa48 - - 9d2d97acb87d409f957af17d557d5a78 9d2d97acb87d409f957af17d557d5a78] 10.0.0.193 "GET /resource_providers/819859e4-ebf6-4740-a9e8-732026b6dbe3/aggregates" status: 404 len: 235 microversion: 1.1 [pid: 7|app: 0|req: 353/700] 10.0.0.193 () {32 vars in 814 bytes} [Tue Apr 7 04:35:43 2026] GET /resource_providers/819859e4-ebf6-4740-a9e8-732026b6dbe3/aggregates => generated 235 bytes in 8 msecs (HTTP/1.1 404) 5 headers in 202 bytes (1 switches on core 0)
2026-04-07 04:35:43.303 8 INFO placement.requestlog [None req-ccdf4352-b71a-4943-9e56-6308621716cd 49777cede69f438e9a269db18f80881f 0ab4658171754cebb22bbebac8d2fa48 - - 9d2d97acb87d409f957af17d557d5a78 9d2d97acb87d409f957af17d557d5a78] 10.0.0.193 "DELETE /resource_providers/819859e4-ebf6-4740-a9e8-732026b6dbe3" status: 404 len: 246 microversion: 1.1 [pid: 8|app: 0|req: 348/701] 10.0.0.193 () {34 vars in 814 bytes} [Tue Apr 7 04:35:43 2026] DELETE /resource_providers/819859e4-ebf6-4740-a9e8-732026b6dbe3 => generated 246 bytes in 10 msecs (HTTP/1.1 404) 6 headers in 231 bytes (1 switches on core 0)
2026-04-07 04:35:43.305 7 INFO placement.requestlog [None req-aabd0689-391b-418c-a5e4-059a3a76b8f3 49777cede69f438e9a269db18f80881f 0ab4658171754cebb22bbebac8d2fa48 - - 9d2d97acb87d409f957af17d557d5a78 9d2d97acb87d409f957af17d557d5a78] 10.0.0.193 "DELETE /resource_providers/819859e4-ebf6-4740-a9e8-732026b6dbe3" status: 404 len: 246 microversion: 1.1 [pid: 7|app: 0|req: 354/702] 10.0.0.193 () {34 vars in 814 bytes} [Tue Apr 7 04:35:43 2026] DELETE /resource_providers/819859e4-ebf6-4740-a9e8-732026b6dbe3 => generated 246 bytes in 11 msecs (HTTP/1.1 404) 6 headers in 231 bytes (1 switches on core 0)
2026-04-07 04:35:44.862 7 INFO placement.requestlog [None req-d2eddb24-5393-4d68-922c-c9606291c45d - - - - - -] 10.0.0.236 "GET /" status: 200 len: 136 microversion: 1.0
2026-04-07 04:35:44.862 8 INFO placement.requestlog [None req-b32dac81-8c16-49b0-a80b-548c292974e8 - - - - - -] 10.0.0.236 "GET /" status: 200 len: 136 microversion: 1.0
2026-04-07 04:35:48.448 7 INFO placement.requestlog [None req-4c916f6a-d8c6-49e8-a650-3d6d398e6733 49777cede69f438e9a269db18f80881f 0ab4658171754cebb22bbebac8d2fa48 - - 9d2d97acb87d409f957af17d557d5a78 9d2d97acb87d409f957af17d557d5a78] 10.0.0.193 "GET /resource_providers/91b30998-3dfd-4758-a87b-2d463416e6c5/aggregates" status: 404 len: 235 microversion: 1.1 [pid: 7|app: 0|req: 356/705] 10.0.0.193 () {32 vars in 814 bytes} [Tue Apr 7 04:35:48 2026] GET /resource_providers/91b30998-3dfd-4758-a87b-2d463416e6c5/aggregates => generated 235 bytes in 7 msecs (HTTP/1.1 404) 5 headers in 202 bytes (1 switches on core 0)
2026-04-07 04:35:48.464 8 INFO placement.requestlog [None req-536c1df1-186a-4e31-9ed4-902c53dd5683 49777cede69f438e9a269db18f80881f 0ab4658171754cebb22bbebac8d2fa48 - - 9d2d97acb87d409f957af17d557d5a78 9d2d97acb87d409f957af17d557d5a78] 10.0.0.193 "GET /resource_providers/91b30998-3dfd-4758-a87b-2d463416e6c5/aggregates" status: 404 len: 235 microversion: 1.1 [pid: 8|app: 0|req: 350/706] 10.0.0.193 () {32 vars in 814 bytes} [Tue Apr 7 04:35:48 2026] GET /resource_providers/91b30998-3dfd-4758-a87b-2d463416e6c5/aggregates => generated 235 bytes in 11 msecs (HTTP/1.1 404) 5 headers in 202 bytes (1 switches on core 0)
2026-04-07 04:35:48.471 7 INFO placement.requestlog [None req-8ed31c95-0020-4ad5-b1f5-2e837a6f984f 49777cede69f438e9a269db18f80881f 0ab4658171754cebb22bbebac8d2fa48 - - 9d2d97acb87d409f957af17d557d5a78 9d2d97acb87d409f957af17d557d5a78] 10.0.0.193 "DELETE /resource_providers/91b30998-3dfd-4758-a87b-2d463416e6c5" status: 404 len: 246 microversion: 1.1 [pid: 7|app: 0|req: 357/707] 10.0.0.193 () {34 vars in 814 bytes} [Tue Apr 7 04:35:48 2026] DELETE /resource_providers/91b30998-3dfd-4758-a87b-2d463416e6c5 => generated 246 bytes in 10 msecs (HTTP/1.1 404) 6 headers in 231 bytes (1 switches on core 0)
2026-04-07 04:35:48.504 8 INFO placement.requestlog [None req-400a5fb4-ad37-4fc9-a9b9-b11ad95987e7 49777cede69f438e9a269db18f80881f 0ab4658171754cebb22bbebac8d2fa48 - - 9d2d97acb87d409f957af17d557d5a78 9d2d97acb87d409f957af17d557d5a78] 10.0.0.193 "DELETE /resource_providers/91b30998-3dfd-4758-a87b-2d463416e6c5" status: 404 len: 246 microversion: 1.1 [pid: 8|app: 0|req: 351/708] 10.0.0.193 () {34 vars in 814 bytes} [Tue Apr 7 04:35:48 2026] DELETE /resource_providers/91b30998-3dfd-4758-a87b-2d463416e6c5 => generated 246 bytes in 19 msecs (HTTP/1.1 404) 6 headers in 231 bytes (1 switches on core 0)
2026-04-07 04:35:54.861 7 INFO placement.requestlog [None req-0053c21e-cd43-4a1d-8f03-15e041d1ffa3 - - - - - -] 10.0.0.236 "GET /" status: 200 len: 136 microversion: 1.0
2026-04-07 04:35:54.861 8 INFO placement.requestlog [None req-93e63cea-1b69-4558-9264-fa847eb66800 - - - - - -] 10.0.0.236 "GET /" status: 200 len: 136 microversion: 1.0
2026-04-07 04:35:55.150 7 INFO placement.requestlog [req-d2a63ef3-1d18-4914-9de5-6f9ef7d5d5e5 req-e624ca35-0041-4911-a2bf-f6578bdbac0c 72675ee021574c6380f37cf5040ef9e9 0ab4658171754cebb22bbebac8d2fa48 - - 9d2d97acb87d409f957af17d557d5a78 9d2d97acb87d409f957af17d557d5a78] 10.0.0.154 "GET /allocation_candidates?limit=1000&resources=MEMORY_MB%3A512%2CVCPU%3A1&root_required=%21COMPUTE_STATUS_DISABLED" status: 200 len: 2767 microversion: 1.36 [pid: 7|app: 0|req: 359/711] 10.0.0.154 () {34 vars in 982 bytes} [Tue Apr 7 04:35:55 2026] GET /allocation_candidates?limit=1000&resources=MEMORY_MB%3A512%2CVCPU%3A1&root_required=%21COMPUTE_STATUS_DISABLED => generated 2767 bytes in 35 msecs (HTTP/1.1 200) 8 headers in 297 bytes (1 switches on core 0)
2026-04-07 04:35:55.175 8 INFO placement.requestlog [req-d2a63ef3-1d18-4914-9de5-6f9ef7d5d5e5 req-a6d7b687-7536-4172-992a-213c1ff14170 72675ee021574c6380f37cf5040ef9e9 0ab4658171754cebb22bbebac8d2fa48 - - 9d2d97acb87d409f957af17d557d5a78 9d2d97acb87d409f957af17d557d5a78] 10.0.0.154 "GET /allocations/ab057be9-8661-48d4-b668-16c930aa70a3" status: 200 len: 19 microversion: 1.28 [pid: 8|app: 0|req: 353/712] 10.0.0.154 () {34 vars in 859 bytes} [Tue Apr 7 04:35:55 2026] GET /allocations/ab057be9-8661-48d4-b668-16c930aa70a3 => generated 19 bytes in 8 msecs (HTTP/1.1 200) 8 headers in 295 bytes (1 switches on core 0)
2026-04-07 04:35:55.225 7 INFO placement.requestlog [req-d2a63ef3-1d18-4914-9de5-6f9ef7d5d5e5 req-959b40ed-ed40-4905-8983-8a2c92b4699f 72675ee021574c6380f37cf5040ef9e9 0ab4658171754cebb22bbebac8d2fa48 - - 9d2d97acb87d409f957af17d557d5a78 9d2d97acb87d409f957af17d557d5a78] 10.0.0.154 "PUT /allocations/ab057be9-8661-48d4-b668-16c930aa70a3" status: 204 len: 0 microversion: 1.36 [pid: 7|app: 0|req: 360/713] 10.0.0.154 () {38 vars in 912 bytes} [Tue Apr 7 04:35:55 2026] PUT /allocations/ab057be9-8661-48d4-b668-16c930aa70a3 => generated 0 bytes in 45 msecs (HTTP/1.1 204) 5 headers in 199 bytes (1 switches on core 0)
2026-04-07 04:35:56.756 8 INFO placement.requestlog [req-d2a63ef3-1d18-4914-9de5-6f9ef7d5d5e5 req-fdb3d4f9-278e-4467-bc75-ad6bb86f26c3 72675ee021574c6380f37cf5040ef9e9 0ab4658171754cebb22bbebac8d2fa48 - - 9d2d97acb87d409f957af17d557d5a78 9d2d97acb87d409f957af17d557d5a78] 199.204.45.109 "GET /allocations/ab057be9-8661-48d4-b668-16c930aa70a3" status: 200 len: 243 microversion: 1.28 [pid: 8|app: 0|req: 354/714] 199.204.45.109 () {34 vars in 861 bytes} [Tue Apr 7 04:35:56 2026] GET /allocations/ab057be9-8661-48d4-b668-16c930aa70a3 => generated 243 bytes in 24 msecs (HTTP/1.1 200) 8 headers in 296 bytes (1 switches on core 0)
2026-04-07 04:35:57.285 7 INFO placement.requestlog [req-864344b8-8c1c-41b9-bdcd-c04f88636a22 req-d993a01b-42cc-4dbd-b053-eb9222211944 72675ee021574c6380f37cf5040ef9e9 0ab4658171754cebb22bbebac8d2fa48 - - 9d2d97acb87d409f957af17d557d5a78 9d2d97acb87d409f957af17d557d5a78] 10.0.0.154 "GET /allocation_candidates?limit=1000&resources=DISK_GB%3A1%2CMEMORY_MB%3A512%2CVCPU%3A1&root_required=%21COMPUTE_STATUS_DISABLED" status: 200 len: 2783 microversion: 1.36 [pid: 7|app: 0|req: 361/715] 10.0.0.154 () {34 vars in 1010 bytes} [Tue Apr 7 04:35:57 2026] GET /allocation_candidates?limit=1000&resources=DISK_GB%3A1%2CMEMORY_MB%3A512%2CVCPU%3A1&root_required=%21COMPUTE_STATUS_DISABLED => generated 2783 bytes in 35 msecs (HTTP/1.1 200) 8 headers in 297 bytes (1 switches on core 0)
2026-04-07 04:35:57.320 8 INFO placement.requestlog [req-864344b8-8c1c-41b9-bdcd-c04f88636a22 req-e0a76c08-914d-442a-9836-e36eb4a41002 72675ee021574c6380f37cf5040ef9e9 0ab4658171754cebb22bbebac8d2fa48 - - 9d2d97acb87d409f957af17d557d5a78 9d2d97acb87d409f957af17d557d5a78] 10.0.0.154 "GET /allocations/a093508a-35bb-45ac-aee1-38f222be8a0f" status: 200 len: 19 microversion: 1.28 [pid: 8|app: 0|req: 355/716] 10.0.0.154 () {34 vars in 859 bytes} [Tue Apr 7 04:35:57 2026] GET /allocations/a093508a-35bb-45ac-aee1-38f222be8a0f => generated 19 bytes in 11 msecs (HTTP/1.1 200) 8 headers in 295 bytes (1 switches on core 0)
2026-04-07 04:35:57.377 7 INFO placement.requestlog [req-864344b8-8c1c-41b9-bdcd-c04f88636a22 req-b60506ff-7efb-4f85-b16d-6d024b22a1b6 72675ee021574c6380f37cf5040ef9e9 0ab4658171754cebb22bbebac8d2fa48 - - 9d2d97acb87d409f957af17d557d5a78 9d2d97acb87d409f957af17d557d5a78] 10.0.0.154 "PUT /allocations/a093508a-35bb-45ac-aee1-38f222be8a0f" status: 204 len: 0 microversion: 1.36 [pid: 7|app: 0|req: 362/717] 10.0.0.154 () {38 vars in 912 bytes} [Tue Apr 7 04:35:57 2026] PUT /allocations/a093508a-35bb-45ac-aee1-38f222be8a0f => generated 0 bytes in 51 msecs (HTTP/1.1 204) 5 headers in 199 bytes (1 switches on core 0)
2026-04-07 04:35:57.793 8 INFO placement.requestlog [req-d2a63ef3-1d18-4914-9de5-6f9ef7d5d5e5 req-b9bdd817-efef-4b4f-90e6-32b7b511cf68 72675ee021574c6380f37cf5040ef9e9 0ab4658171754cebb22bbebac8d2fa48 - - 9d2d97acb87d409f957af17d557d5a78 9d2d97acb87d409f957af17d557d5a78] 199.204.45.109 "GET /resource_providers/f0740f0b-cb17-4548-99e5-a5a4d71d6c7e/allocations" status: 200 len: 238 microversion: 1.0 [pid: 8|app: 0|req: 356/718] 199.204.45.109 () {32 vars in 855 bytes} [Tue Apr 7 04:35:57 2026] GET /resource_providers/f0740f0b-cb17-4548-99e5-a5a4d71d6c7e/allocations => generated 238 bytes in 13 msecs (HTTP/1.1 200) 6 headers in 224 bytes (1 switches on core 0)
2026-04-07 04:35:57.813 7 INFO placement.requestlog [req-d2a63ef3-1d18-4914-9de5-6f9ef7d5d5e5 req-4ac36cfc-80b1-469f-8d7d-35bd268b342e 72675ee021574c6380f37cf5040ef9e9 0ab4658171754cebb22bbebac8d2fa48 - - 9d2d97acb87d409f957af17d557d5a78 9d2d97acb87d409f957af17d557d5a78] 199.204.45.109 "GET /allocations/ab057be9-8661-48d4-b668-16c930aa70a3" status: 200 len: 243 microversion: 1.28 [pid: 7|app: 0|req: 363/719] 199.204.45.109 () {34 vars in 861 bytes} [Tue Apr 7 04:35:57 2026] GET /allocations/ab057be9-8661-48d4-b668-16c930aa70a3 => generated 243 bytes in 15 msecs (HTTP/1.1 200) 8 headers in 296 bytes (1 switches on core 0)
2026-04-07 04:35:57.830 8 INFO placement.requestlog [req-d2a63ef3-1d18-4914-9de5-6f9ef7d5d5e5 req-d67b9858-29a2-417b-a0cf-fcf3835132bc 72675ee021574c6380f37cf5040ef9e9 0ab4658171754cebb22bbebac8d2fa48 - - 9d2d97acb87d409f957af17d557d5a78 9d2d97acb87d409f957af17d557d5a78] 199.204.45.109 "GET /allocations/a093508a-35bb-45ac-aee1-38f222be8a0f" status: 200 len: 257 microversion: 1.28 [pid: 8|app: 0|req: 357/720] 199.204.45.109 () {34 vars in 861 bytes} [Tue Apr 7 04:35:57 2026] GET /allocations/a093508a-35bb-45ac-aee1-38f222be8a0f => generated 257 bytes in 10 msecs (HTTP/1.1 200) 8 headers in 296 bytes (1 switches on core 0)
2026-04-07 04:35:58.886 7 INFO placement.requestlog [req-864344b8-8c1c-41b9-bdcd-c04f88636a22 req-95cb8bcc-83ea-4400-a42f-c74c257c56f9 72675ee021574c6380f37cf5040ef9e9 0ab4658171754cebb22bbebac8d2fa48 - - 9d2d97acb87d409f957af17d557d5a78 9d2d97acb87d409f957af17d557d5a78] 199.204.45.109 "GET /allocations/a093508a-35bb-45ac-aee1-38f222be8a0f" status: 200 len: 257 microversion: 1.28 [pid: 7|app: 0|req: 364/721] 199.204.45.109 () {34 vars in 861 bytes} [Tue Apr 7 04:35:58 2026] GET /allocations/a093508a-35bb-45ac-aee1-38f222be8a0f => generated 257 bytes in 10 msecs (HTTP/1.1 200) 8 headers in 296 bytes (1 switches on core 0)
2026-04-07 04:35:59.931 8 INFO placement.requestlog [req-864344b8-8c1c-41b9-bdcd-c04f88636a22 req-7250b377-2066-4e18-946f-82075bb28414 72675ee021574c6380f37cf5040ef9e9 0ab4658171754cebb22bbebac8d2fa48 - - 9d2d97acb87d409f957af17d557d5a78 9d2d97acb87d409f957af17d557d5a78] 199.204.45.109 "GET /resource_providers/f0740f0b-cb17-4548-99e5-a5a4d71d6c7e/allocations" status: 200 len: 238 microversion: 1.0 [pid: 8|app: 0|req: 358/722] 199.204.45.109 () {32 vars in 855 bytes} [Tue Apr 7 04:35:59 2026] GET /resource_providers/f0740f0b-cb17-4548-99e5-a5a4d71d6c7e/allocations => generated 238 bytes in 15 msecs (HTTP/1.1 200) 6 headers in 224 bytes (1 switches on core 0)
2026-04-07 04:35:59.949 7 INFO placement.requestlog [req-864344b8-8c1c-41b9-bdcd-c04f88636a22 req-65d5cd94-eb63-4784-a4e8-5dd080bd5e2c 72675ee021574c6380f37cf5040ef9e9 0ab4658171754cebb22bbebac8d2fa48 - - 9d2d97acb87d409f957af17d557d5a78 9d2d97acb87d409f957af17d557d5a78] 199.204.45.109 "GET /allocations/ab057be9-8661-48d4-b668-16c930aa70a3" status: 200 len: 243 microversion: 1.28 [pid: 7|app: 0|req: 365/723] 199.204.45.109 () {34 vars in 861 bytes} [Tue Apr 7 04:35:59 2026] GET /allocations/ab057be9-8661-48d4-b668-16c930aa70a3 => generated 243 bytes in 13 msecs (HTTP/1.1 200) 8 headers in 296 bytes (1 switches on core 0)
2026-04-07 04:35:59.973 8 INFO placement.requestlog [req-864344b8-8c1c-41b9-bdcd-c04f88636a22 req-f4781cfa-bf70-40e8-82c4-f516b17d7787 72675ee021574c6380f37cf5040ef9e9 0ab4658171754cebb22bbebac8d2fa48 - - 9d2d97acb87d409f957af17d557d5a78 9d2d97acb87d409f957af17d557d5a78] 199.204.45.109 "GET /allocations/a093508a-35bb-45ac-aee1-38f222be8a0f" status: 200 len: 257 microversion: 1.28 [pid: 8|app: 0|req: 359/724] 199.204.45.109 () {34 vars in 861 bytes} [Tue Apr 7 04:35:59 2026] GET /allocations/a093508a-35bb-45ac-aee1-38f222be8a0f => generated 257 bytes in 12 msecs (HTTP/1.1 200) 8 headers in 296 bytes (1 switches on core 0)
2026-04-07 04:36:04.106 7 INFO placement.requestlog [None req-2b5d86db-aac2-4afd-ab4b-c0b3e6387ba2 49777cede69f438e9a269db18f80881f 0ab4658171754cebb22bbebac8d2fa48 - - 9d2d97acb87d409f957af17d557d5a78 9d2d97acb87d409f957af17d557d5a78] 10.0.0.193 "GET /resource_providers/8d1e336c-109a-4782-bc85-397cde42a1e7/aggregates" status: 404 len: 235 microversion: 1.1 [pid: 7|app: 0|req: 366/725] 10.0.0.193 () {32 vars in 814 bytes} [Tue Apr 7 04:36:04 2026] GET /resource_providers/8d1e336c-109a-4782-bc85-397cde42a1e7/aggregates => generated 235 bytes in 12 msecs (HTTP/1.1 404) 5 headers in 202 bytes (1 switches on core 0)
2026-04-07 04:36:04.108 8 INFO placement.requestlog [None req-a40c1705-271f-4cb1-b9b4-3f95aeadc633 49777cede69f438e9a269db18f80881f 0ab4658171754cebb22bbebac8d2fa48 - - 9d2d97acb87d409f957af17d557d5a78 9d2d97acb87d409f957af17d557d5a78] 10.0.0.193 "GET /resource_providers/8d1e336c-109a-4782-bc85-397cde42a1e7/aggregates" status: 404 len: 235 microversion: 1.1 [pid: 8|app: 0|req: 360/726] 10.0.0.193 () {32 vars in 814 bytes} [Tue Apr 7 04:36:04 2026] GET /resource_providers/8d1e336c-109a-4782-bc85-397cde42a1e7/aggregates => generated 235 bytes in 11 msecs (HTTP/1.1 404) 5 headers in 202 bytes (1 switches on core 0)
2026-04-07 04:36:04.128 7 INFO placement.requestlog [None req-3f499dd9-c160-44ff-8e7a-c798eaa4c637 49777cede69f438e9a269db18f80881f 0ab4658171754cebb22bbebac8d2fa48 - - 9d2d97acb87d409f957af17d557d5a78 9d2d97acb87d409f957af17d557d5a78] 10.0.0.193 "DELETE /resource_providers/8d1e336c-109a-4782-bc85-397cde42a1e7" status: 404 len: 246 microversion: 1.1 [pid: 7|app: 0|req: 367/727] 10.0.0.193 () {34 vars in 814 bytes} [Tue Apr 7 04:36:04 2026] DELETE /resource_providers/8d1e336c-109a-4782-bc85-397cde42a1e7 => generated 246 bytes in 10 msecs (HTTP/1.1 404) 6 headers in 231 bytes (1 switches on core 0)
2026-04-07 04:36:04.131 8 INFO placement.requestlog [None req-5562a6c0-91cc-478c-b4db-db0d4e60237c 49777cede69f438e9a269db18f80881f 0ab4658171754cebb22bbebac8d2fa48 - - 9d2d97acb87d409f957af17d557d5a78 9d2d97acb87d409f957af17d557d5a78] 10.0.0.193 "DELETE /resource_providers/8d1e336c-109a-4782-bc85-397cde42a1e7" status: 404 len: 246 microversion: 1.1 [pid: 8|app: 0|req: 361/728] 10.0.0.193 () {34 vars in 814 bytes} [Tue Apr 7 04:36:04 2026] DELETE /resource_providers/8d1e336c-109a-4782-bc85-397cde42a1e7 => generated 246 bytes in 10 msecs (HTTP/1.1 404) 6 headers in 231 bytes (1 switches on core 0)
2026-04-07 04:36:04.862 7 INFO placement.requestlog [None req-d46312c6-6fe4-4b8f-a635-00416bd9da56 - - - - - -] 10.0.0.236 "GET /" status: 200 len: 136 microversion: 1.0
2026-04-07 04:36:04.863 8 INFO placement.requestlog [None req-6ff5a432-fd4f-4865-8497-6a7d49b50a0e - - - - - -] 10.0.0.236 "GET /" status: 200 len: 136 microversion: 1.0
2026-04-07 04:36:06.157 7 INFO placement.requestlog [None req-5dfa177b-f43a-4fdd-835e-0075c80db378 49777cede69f438e9a269db18f80881f 0ab4658171754cebb22bbebac8d2fa48 - - 9d2d97acb87d409f957af17d557d5a78 9d2d97acb87d409f957af17d557d5a78] 10.0.0.193 "GET /resource_providers/c4ba074d-6d2c-4fba-a2d3-48fbb1f19e9e/aggregates" status: 404 len: 235 microversion: 1.1 [pid: 7|app: 0|req: 369/731] 10.0.0.193 () {32 vars in 814 bytes} [Tue Apr 7 04:36:06 2026] GET /resource_providers/c4ba074d-6d2c-4fba-a2d3-48fbb1f19e9e/aggregates => generated 235 bytes in 14 msecs (HTTP/1.1 404) 5 headers in 202 bytes (1 switches on core 0)
2026-04-07 04:36:06.159 8 INFO placement.requestlog [None req-b7d321e2-7990-460d-9bab-966e45fa2c91 49777cede69f438e9a269db18f80881f 0ab4658171754cebb22bbebac8d2fa48 - - 9d2d97acb87d409f957af17d557d5a78 9d2d97acb87d409f957af17d557d5a78] 10.0.0.193 "GET /resource_providers/c4ba074d-6d2c-4fba-a2d3-48fbb1f19e9e/aggregates" status: 404 len: 235 microversion: 1.1 [pid: 8|app: 0|req: 363/732] 10.0.0.193 () {32 vars in 814 bytes} [Tue Apr 7 04:36:06 2026] GET /resource_providers/c4ba074d-6d2c-4fba-a2d3-48fbb1f19e9e/aggregates => generated 235 bytes in 12 msecs (HTTP/1.1 404) 5 headers in 202 bytes (1 switches on core 0)
2026-04-07 04:36:06.191 7 INFO placement.requestlog [None req-2f5e5dfa-5910-4853-acbb-908e19c926c1 49777cede69f438e9a269db18f80881f 0ab4658171754cebb22bbebac8d2fa48 - - 9d2d97acb87d409f957af17d557d5a78 9d2d97acb87d409f957af17d557d5a78] 10.0.0.193 "DELETE /resource_providers/c4ba074d-6d2c-4fba-a2d3-48fbb1f19e9e" status: 404 len: 246 microversion: 1.1 [pid: 7|app: 0|req: 370/733] 10.0.0.193 () {34 vars in 814 bytes} [Tue Apr 7 04:36:06 2026] DELETE /resource_providers/c4ba074d-6d2c-4fba-a2d3-48fbb1f19e9e => generated 246 bytes in 12 msecs (HTTP/1.1 404) 6 headers in 231 bytes (1 switches on core 0)
2026-04-07 04:36:06.194 8 INFO placement.requestlog [None req-97ce3b61-a86d-4da5-9199-249be08fb2fa 49777cede69f438e9a269db18f80881f 0ab4658171754cebb22bbebac8d2fa48 - - 9d2d97acb87d409f957af17d557d5a78 9d2d97acb87d409f957af17d557d5a78] 10.0.0.193 "DELETE /resource_providers/c4ba074d-6d2c-4fba-a2d3-48fbb1f19e9e" status: 404 len: 246 microversion: 1.1 [pid: 8|app: 0|req: 364/734] 10.0.0.193 () {34 vars in 814 bytes} [Tue Apr 7 04:36:06 2026] DELETE /resource_providers/c4ba074d-6d2c-4fba-a2d3-48fbb1f19e9e => generated 246 bytes in 8 msecs (HTTP/1.1 404) 6 headers in 231 bytes (1 switches on core 0)
2026-04-07 04:36:08.783 8 INFO placement.requestlog [None req-0da52c64-abea-441a-a272-de1eee7e24db 49777cede69f438e9a269db18f80881f 0ab4658171754cebb22bbebac8d2fa48 - - 9d2d97acb87d409f957af17d557d5a78 9d2d97acb87d409f957af17d557d5a78] 10.0.0.193 "GET /resource_providers/577e67c7-9f22-41e6-a8cd-1913eacbbae3/aggregates" status: 404 len: 235 microversion: 1.1 [pid: 8|app: 0|req: 365/735] 10.0.0.193 () {32 vars in 814 bytes} [Tue Apr 7 04:36:08 2026] GET /resource_providers/577e67c7-9f22-41e6-a8cd-1913eacbbae3/aggregates => generated 235 bytes in 7 msecs (HTTP/1.1 404) 5 headers in 202 bytes (1 switches on core 0)
2026-04-07 04:36:08.785 7 INFO placement.requestlog [None req-4bba100a-349d-4d4b-9c5e-bf8981f4b88a 49777cede69f438e9a269db18f80881f 0ab4658171754cebb22bbebac8d2fa48 - - 9d2d97acb87d409f957af17d557d5a78 9d2d97acb87d409f957af17d557d5a78] 10.0.0.193 "GET /resource_providers/577e67c7-9f22-41e6-a8cd-1913eacbbae3/aggregates" status: 404 len: 235 microversion: 1.1 [pid: 7|app: 0|req: 371/736] 10.0.0.193 () {32 vars in 814 bytes} [Tue Apr 7 04:36:08 2026] GET /resource_providers/577e67c7-9f22-41e6-a8cd-1913eacbbae3/aggregates => generated 235 bytes in 9 msecs (HTTP/1.1 404) 5 headers in 202 bytes (1 switches on core 0)
2026-04-07 04:36:08.813 7 INFO placement.requestlog [None req-b75a9de9-34c4-4f2f-a1d3-0f2d394e760e 49777cede69f438e9a269db18f80881f 0ab4658171754cebb22bbebac8d2fa48 - - 9d2d97acb87d409f957af17d557d5a78 9d2d97acb87d409f957af17d557d5a78] 10.0.0.193 "DELETE /resource_providers/577e67c7-9f22-41e6-a8cd-1913eacbbae3" status: 404 len: 246 microversion: 1.1 [pid: 7|app: 0|req: 372/737] 10.0.0.193 () {34 vars in 814 bytes} [Tue Apr 7 04:36:08 2026] DELETE /resource_providers/577e67c7-9f22-41e6-a8cd-1913eacbbae3 => generated 246 bytes in 10 msecs (HTTP/1.1 404) 6 headers in 231 bytes (1 switches on core 0)
2026-04-07 04:36:08.815 8 INFO placement.requestlog [None req-b4fce904-d40b-49e4-8b77-42da9c544657 49777cede69f438e9a269db18f80881f 0ab4658171754cebb22bbebac8d2fa48 - - 9d2d97acb87d409f957af17d557d5a78 9d2d97acb87d409f957af17d557d5a78] 10.0.0.193 "DELETE /resource_providers/577e67c7-9f22-41e6-a8cd-1913eacbbae3" status: 404 len: 246 microversion: 1.1 [pid: 8|app: 0|req: 366/738] 10.0.0.193 () {34 vars in 814 bytes} [Tue Apr 7 04:36:08 2026] DELETE /resource_providers/577e67c7-9f22-41e6-a8cd-1913eacbbae3 => generated 246 bytes in 13 msecs (HTTP/1.1 404) 6 headers in 231 bytes (1 switches on core 0)
2026-04-07 04:36:14.862 8 INFO placement.requestlog [None req-11e8a839-6cc8-414d-b38d-2e4c1a696fdd - - - - - -] 10.0.0.236 "GET /" status: 200 len: 136 microversion: 1.0
2026-04-07 04:36:14.862 7 INFO placement.requestlog [None req-ad49ad02-79f9-45df-9870-7a8b55975264 - - - - - -] 10.0.0.236 "GET /" status: 200 len: 136 microversion: 1.0
2026-04-07 04:36:17.883 8 INFO placement.requestlog [req-929b6ab6-b4bf-4422-afba-28d4258cfed5 req-cca1c886-f3f9-4759-b823-917e65c90fc3 72675ee021574c6380f37cf5040ef9e9 0ab4658171754cebb22bbebac8d2fa48 - - 9d2d97acb87d409f957af17d557d5a78 9d2d97acb87d409f957af17d557d5a78] 199.204.45.109 "GET /resource_providers/f0740f0b-cb17-4548-99e5-a5a4d71d6c7e/allocations" status: 200 len: 238 microversion: 1.0 [pid: 8|app: 0|req: 368/741] 199.204.45.109 () {32 vars in 855 bytes} [Tue Apr 7 04:36:17 2026] GET /resource_providers/f0740f0b-cb17-4548-99e5-a5a4d71d6c7e/allocations => generated 238 bytes in 17 msecs (HTTP/1.1 200) 6 headers in 224 bytes (1 switches on core 0)
2026-04-07 04:36:17.904 7 INFO placement.requestlog [req-929b6ab6-b4bf-4422-afba-28d4258cfed5 req-56c673ca-1db8-4055-bf20-3b2528c86d0e 72675ee021574c6380f37cf5040ef9e9 0ab4658171754cebb22bbebac8d2fa48 - - 9d2d97acb87d409f957af17d557d5a78 9d2d97acb87d409f957af17d557d5a78] 199.204.45.109 "GET /allocations/ab057be9-8661-48d4-b668-16c930aa70a3" status: 200 len: 243 microversion: 1.28 [pid: 7|app: 0|req: 374/742] 199.204.45.109 () {34 vars in 861 bytes} [Tue Apr 7 04:36:17 2026] GET /allocations/ab057be9-8661-48d4-b668-16c930aa70a3 => generated 243 bytes in 14 msecs (HTTP/1.1 200) 8 headers in 296 bytes (1 switches on core 0)
2026-04-07 04:36:17.928 8 INFO placement.requestlog [req-929b6ab6-b4bf-4422-afba-28d4258cfed5 req-10ff5561-471b-468e-826b-badb4e0b209d 72675ee021574c6380f37cf5040ef9e9 0ab4658171754cebb22bbebac8d2fa48 - - 9d2d97acb87d409f957af17d557d5a78 9d2d97acb87d409f957af17d557d5a78] 199.204.45.109 "GET /allocations/a093508a-35bb-45ac-aee1-38f222be8a0f" status: 200 len: 257 microversion: 1.28 [pid: 8|app: 0|req: 369/743] 199.204.45.109 () {34 vars in 861 bytes} [Tue Apr 7 04:36:17 2026] GET /allocations/a093508a-35bb-45ac-aee1-38f222be8a0f => generated 257 bytes in 17 msecs (HTTP/1.1 200) 8 headers in 296 bytes (1 switches on core 0)
2026-04-07 04:36:18.998 7 INFO placement.requestlog [req-929b6ab6-b4bf-4422-afba-28d4258cfed5 req-91f5c601-fa59-449b-9d04-eec3d59ab559 72675ee021574c6380f37cf5040ef9e9 0ab4658171754cebb22bbebac8d2fa48 - - 9d2d97acb87d409f957af17d557d5a78 9d2d97acb87d409f957af17d557d5a78] 199.204.45.109 "DELETE /allocations/ab057be9-8661-48d4-b668-16c930aa70a3" status: 204 len: 0 microversion: 1.0 [pid: 7|app: 0|req: 375/744] 199.204.45.109 () {34 vars in 839 bytes} [Tue Apr 7 04:36:18 2026] DELETE /allocations/ab057be9-8661-48d4-b668-16c930aa70a3 => generated 0 bytes in 43 msecs (HTTP/1.1 204) 5 headers in 198 bytes (1 switches on core 0)
2026-04-07 04:36:19.636 8 INFO placement.requestlog [req-364aaab7-2fa9-41c1-aacc-3f1f90310597 req-38c0e22e-b74d-4375-914b-15b160bac2c0 72675ee021574c6380f37cf5040ef9e9 0ab4658171754cebb22bbebac8d2fa48 - - 9d2d97acb87d409f957af17d557d5a78 9d2d97acb87d409f957af17d557d5a78] 10.0.0.154 "GET /allocation_candidates?limit=1000&resources=DISK_GB%3A1%2CMEMORY_MB%3A512%2CVCPU%3A1&root_required=%21COMPUTE_STATUS_DISABLED" status: 200 len: 2783 microversion: 1.36 [pid: 8|app: 0|req: 370/745] 10.0.0.154 () {34 vars in 1010 bytes} [Tue Apr 7 04:36:19 2026] GET /allocation_candidates?limit=1000&resources=DISK_GB%3A1%2CMEMORY_MB%3A512%2CVCPU%3A1&root_required=%21COMPUTE_STATUS_DISABLED => generated 2783 bytes in 67 msecs (HTTP/1.1 200) 8 headers in 297 bytes (1 switches on core 0)
2026-04-07 04:36:19.669 7 INFO placement.requestlog [req-364aaab7-2fa9-41c1-aacc-3f1f90310597 req-ec3364fa-a8f6-4eea-a7e3-738438cafc40 72675ee021574c6380f37cf5040ef9e9 0ab4658171754cebb22bbebac8d2fa48 - - 9d2d97acb87d409f957af17d557d5a78 9d2d97acb87d409f957af17d557d5a78] 10.0.0.154 "GET /allocations/668da353-5155-4e3a-ab7c-b9a63a241491" status: 200 len: 19 microversion: 1.28 [pid: 7|app: 0|req: 376/746] 10.0.0.154 () {34 vars in 859 bytes} [Tue Apr 7 04:36:19 2026] GET /allocations/668da353-5155-4e3a-ab7c-b9a63a241491 => generated 19 bytes in 12 msecs (HTTP/1.1 200) 8 headers in 295 bytes (1 switches on core 0)
2026-04-07 04:36:19.744 8 INFO placement.requestlog [req-364aaab7-2fa9-41c1-aacc-3f1f90310597 req-ac858459-5f4e-4a17-ae98-530de51450e0 72675ee021574c6380f37cf5040ef9e9 0ab4658171754cebb22bbebac8d2fa48 - - 9d2d97acb87d409f957af17d557d5a78 9d2d97acb87d409f957af17d557d5a78] 10.0.0.154 "PUT /allocations/668da353-5155-4e3a-ab7c-b9a63a241491" status: 204 len: 0 microversion: 1.36 [pid: 8|app: 0|req: 371/747] 10.0.0.154 () {38 vars in 912 bytes} [Tue Apr 7 04:36:19 2026] PUT /allocations/668da353-5155-4e3a-ab7c-b9a63a241491 => generated 0 bytes in 69 msecs (HTTP/1.1 204) 5 headers in 199 bytes (1 switches on core 0)
2026-04-07 04:36:21.265 7 INFO placement.requestlog [req-364aaab7-2fa9-41c1-aacc-3f1f90310597 req-31fb38d5-a8a8-45f2-b31b-5d5f9f7972f3 72675ee021574c6380f37cf5040ef9e9 0ab4658171754cebb22bbebac8d2fa48 - - 9d2d97acb87d409f957af17d557d5a78 9d2d97acb87d409f957af17d557d5a78] 199.204.45.109 "GET /allocations/668da353-5155-4e3a-ab7c-b9a63a241491" status: 200 len: 257 microversion: 1.28 [pid: 7|app: 0|req: 377/748] 199.204.45.109 () {34 vars in 861 bytes} [Tue Apr 7 04:36:21 2026] GET /allocations/668da353-5155-4e3a-ab7c-b9a63a241491 => generated 257 bytes in 14 msecs (HTTP/1.1 200) 8 headers in 296 bytes (1 switches on core 0)
2026-04-07 04:36:22.304 8 INFO placement.requestlog [req-364aaab7-2fa9-41c1-aacc-3f1f90310597 req-c9cfc93d-f912-4666-b62a-389daae16874 72675ee021574c6380f37cf5040ef9e9 0ab4658171754cebb22bbebac8d2fa48 - - 9d2d97acb87d409f957af17d557d5a78 9d2d97acb87d409f957af17d557d5a78] 199.204.45.109 "GET /resource_providers/f0740f0b-cb17-4548-99e5-a5a4d71d6c7e/allocations" status: 200 len: 252 microversion: 1.0 [pid: 8|app: 0|req: 372/749] 199.204.45.109 () {32 vars in 855 bytes} [Tue Apr 7 04:36:22 2026] GET /resource_providers/f0740f0b-cb17-4548-99e5-a5a4d71d6c7e/allocations => generated 252 bytes in 17 msecs (HTTP/1.1 200) 6 headers in 224 bytes (1 switches on core 0)
2026-04-07 04:36:22.324 7 INFO placement.requestlog [req-364aaab7-2fa9-41c1-aacc-3f1f90310597 req-36a9a5e6-18d7-4b72-83e5-5e773978e753 72675ee021574c6380f37cf5040ef9e9 0ab4658171754cebb22bbebac8d2fa48 - - 9d2d97acb87d409f957af17d557d5a78 9d2d97acb87d409f957af17d557d5a78] 199.204.45.109 "GET /allocations/a093508a-35bb-45ac-aee1-38f222be8a0f" status: 200 len: 257 microversion: 1.28 [pid: 7|app: 0|req: 378/750] 199.204.45.109 () {34 vars in 861 bytes} [Tue Apr 7 04:36:22 2026] GET /allocations/a093508a-35bb-45ac-aee1-38f222be8a0f => generated 257 bytes in 13 msecs (HTTP/1.1 200) 8 headers in 296 bytes (1 switches on core 0)
2026-04-07 04:36:22.340 8 INFO placement.requestlog [req-364aaab7-2fa9-41c1-aacc-3f1f90310597 req-aa704eab-5668-4356-9561-91c848dd6a30 72675ee021574c6380f37cf5040ef9e9 0ab4658171754cebb22bbebac8d2fa48 - - 9d2d97acb87d409f957af17d557d5a78 9d2d97acb87d409f957af17d557d5a78] 199.204.45.109 "GET /allocations/668da353-5155-4e3a-ab7c-b9a63a241491" status: 200 len: 257 microversion: 1.28 [pid: 8|app: 0|req: 373/751] 199.204.45.109 () {34 vars in 861 bytes} [Tue Apr 7 04:36:22 2026] GET /allocations/668da353-5155-4e3a-ab7c-b9a63a241491 => generated 257 bytes in 10 msecs (HTTP/1.1 200) 8 headers in 296 bytes (1 switches on core 0)
