2026-04-07 04:36:07.503 8 WARNING neutron.api.rpc.agentnotifiers.dhcp_rpc_agent_api [None req-8fc33ca0-b8ab-4eb8-bc50-df0358801e77 6c9c9a6fd604479dae305972a99e79e0 d07b06b8229d4d0e8217cab4d3d67632 - - default default] Unable to schedule network e08ec6f2-8d55-4a6d-8a61-95f62ac53549: no agents available; will retry on subsequent port and subnet creation events. [pid: 7|app: 0|req: 639/1285] 10.0.0.127 () {34 vars in 1040 bytes} [Tue Apr 7 04:36:07 2026] GET /v2.0/security-groups?id=44baf9f0-7941-4f3e-bfd8-98a76cf44323&fields=id&fields=name => generated 114 bytes in 27 msecs (HTTP/1.1 200) 4 headers in 157 bytes (1 switches on core 0)
2026-04-07 04:36:07.754 8 INFO neutron.db.ovn_revision_numbers_db [None req-98a6bbdf-76de-44d8-9bf3-3f16ecbf4f66 - - - - - -] Successfully bumped revision number for resource 71c7cd41-7a2f-41ac-9442-0c7be7ba7e5b (type: ports) to 4
2026-04-07 04:36:07.827 8 INFO neutron.db.ovn_revision_numbers_db [None req-8fc33ca0-b8ab-4eb8-bc50-df0358801e77 6c9c9a6fd604479dae305972a99e79e0 d07b06b8229d4d0e8217cab4d3d67632 - - default default] Successfully bumped revision number for resource 776576eb-8d8e-400d-be8d-852d2d93e3fb (type: ports) to 1 [pid: 7|app: 0|req: 640/1286] 10.0.0.16 () {32 vars in 722 bytes} [Tue Apr 7 04:36:07 2026] GET /v2.0/networks/0d973fd1-3fca-46b0-ac2a-d6bd958b6eb1 => generated 692 bytes in 87 msecs (HTTP/1.1 200) 4 headers in 157 bytes (1 switches on core 0) [pid: 7|app: 0|req: 641/1287] 10.0.0.127 () {34 vars in 990 bytes} [Tue Apr 7 04:36:08 2026] GET /v2.0/ports?device_id=a093508a-35bb-45ac-aee1-38f222be8a0f => generated 969 bytes in 77 msecs (HTTP/1.1 200) 4 headers in 157 bytes (1 switches on core 0) [pid: 7|app: 0|req: 642/1288] 10.0.0.127 () {34 vars in 1040 bytes} [Tue Apr 7 04:36:08 2026] GET /v2.0/security-groups?id=607e3b8e-5ed6-4641-85e0-26bed3a709f4&fields=id&fields=name => generated 88 bytes in 36 msecs (HTTP/1.1 200) 4 headers in 156 bytes (1 switches on core 0)
2026-04-07 04:36:08.255 7 INFO neutron.pecan_wsgi.hooks.translation [None req-fa297954-0784-44ef-9428-281a1de80376 ad52f18eca3f4f3fb568653dcd9948df 725dc425a1df41ab9e5d1863cd110392 - - default default] GET failed (client error): The resource could not be found. [pid: 7|app: 0|req: 643/1289] 10.0.0.16 () {32 vars in 722 bytes} [Tue Apr 7 04:36:08 2026] GET /v2.0/networks/0d973fd1-3fca-46b0-ac2a-d6bd958b6eb1 => generated 138 bytes in 41 msecs (HTTP/1.1 404) 4 headers in 164 bytes (1 switches on core 0)
2026-04-07 04:36:08.378 8 INFO neutron.db.ovn_revision_numbers_db [None req-98a6bbdf-76de-44d8-9bf3-3f16ecbf4f66 - - - - - -] Successfully bumped revision number for resource 71c7cd41-7a2f-41ac-9442-0c7be7ba7e5b (type: ports) to 5
2026-04-07 04:36:08.485 7 INFO neutron_taas.services.taas.taas_plugin [None req-10bcc5dd-503d-4245-b02d-8a90af68a373 08ec87896c0d499e82cc4c829c4324a6 1912b34840574f478ba8c9c6c924b598 - - default default] TaaS: Handle Delete Port: f48e9af5-9b4b-4aeb-9499-e2ae9bcc6677
2026-04-07 04:36:08.487 7 INFO neutron_taas.services.taas.tap_mirror_plugin [None req-10bcc5dd-503d-4245-b02d-8a90af68a373 08ec87896c0d499e82cc4c829c4324a6 1912b34840574f478ba8c9c6c924b598 - - default default] Tap Mirror: Handle Delete Port: f48e9af5-9b4b-4aeb-9499-e2ae9bcc6677
2026-04-07 04:36:08.785 7 INFO neutron.services.segments.plugin [-] Segment 577e67c7-9f22-41e6-a8cd-1913eacbbae3 resource provider aggregate not found
2026-04-07 04:36:08.789 7 INFO neutron.services.segments.plugin [-] Segment 577e67c7-9f22-41e6-a8cd-1913eacbbae3 resource provider aggregate not found
2026-04-07 04:36:08.815 7 INFO neutron.services.segments.plugin [-] Segment 577e67c7-9f22-41e6-a8cd-1913eacbbae3 resource provider not found; error: Placement Client Error (4xx): {"errors": [{"status": 404, "title": "Not Found", "detail": "The resource could not be found.\n\n No resource provider with uuid 577e67c7-9f22-41e6-a8cd-1913eacbbae3 found for delete ", "request_id": "req-b75a9de9-34c4-4f2f-a1d3-0f2d394e760e"}]}
2026-04-07 04:36:08.823 7 INFO neutron.services.segments.plugin [-] Segment 577e67c7-9f22-41e6-a8cd-1913eacbbae3 resource provider not found; error: Placement Client Error (4xx): {"errors": [{"status": 404, "title": "Not Found", "detail": "The resource could not be found.\n\n No resource provider with uuid 577e67c7-9f22-41e6-a8cd-1913eacbbae3 found for delete ", "request_id": "req-b4fce904-d40b-49e4-8b77-42da9c544657"}]} [pid: 7|app: 0|req: 644/1290] 10.0.0.16 () {32 vars in 725 bytes} [Tue Apr 7 04:36:08 2026] DELETE /v2.0/networks/0d973fd1-3fca-46b0-ac2a-d6bd958b6eb1 => generated 0 bytes in 591 msecs (HTTP/1.1 204) 3 headers in 131 bytes (1 switches on core 0)
2026-04-07 04:36:08.876 8 WARNING neutron.scheduler.dhcp_agent_scheduler [None req-8fc33ca0-b8ab-4eb8-bc50-df0358801e77 6c9c9a6fd604479dae305972a99e79e0 d07b06b8229d4d0e8217cab4d3d67632 - - default default] No more DHCP agents
2026-04-07 04:36:08.877 8 WARNING neutron.api.rpc.agentnotifiers.dhcp_rpc_agent_api [None req-8fc33ca0-b8ab-4eb8-bc50-df0358801e77 6c9c9a6fd604479dae305972a99e79e0 d07b06b8229d4d0e8217cab4d3d67632 - - default default] Unable to schedule network e08ec6f2-8d55-4a6d-8a61-95f62ac53549: no agents available; will retry on subsequent port and subnet creation events. [pid: 7|app: 0|req: 645/1291] 10.0.0.127 () {34 vars in 990 bytes} [Tue Apr 7 04:36:08 2026] GET /v2.0/ports?device_id=ab057be9-8661-48d4-b668-16c930aa70a3 => generated 973 bytes in 30 msecs (HTTP/1.1 200) 4 headers in 157 bytes (1 switches on core 0)
2026-04-07 04:36:08.901 7 INFO neutron.pecan_wsgi.hooks.translation [None req-41ac37c4-7bb7-4129-acbf-6751dc49fc35 08ec87896c0d499e82cc4c829c4324a6 1912b34840574f478ba8c9c6c924b598 - - default default] DELETE failed (client error): The resource could not be found. [pid: 7|app: 0|req: 646/1292] 10.0.0.16 () {32 vars in 723 bytes} [Tue Apr 7 04:36:08 2026] DELETE /v2.0/subnets/c18cbf14-efc8-43a2-a9cb-6468592d7358 => generated 136 bytes in 22 msecs (HTTP/1.1 404) 4 headers in 164 bytes (1 switches on core 0) [pid: 7|app: 0|req: 647/1293] 10.0.0.127 () {34 vars in 1040 bytes} [Tue Apr 7 04:36:08 2026] GET /v2.0/security-groups?id=44baf9f0-7941-4f3e-bfd8-98a76cf44323&fields=id&fields=name => generated 114 bytes in 25 msecs (HTTP/1.1 200) 4 headers in 157 bytes (1 switches on core 0)
2026-04-07 04:36:08.939 7 INFO neutron.pecan_wsgi.hooks.translation [None req-441e3120-96f4-49aa-8cf7-f3f7008c5bac 08ec87896c0d499e82cc4c829c4324a6 1912b34840574f478ba8c9c6c924b598 - - default default] DELETE failed (client error): The resource could not be found. [pid: 7|app: 0|req: 648/1294] 10.0.0.16 () {32 vars in 723 bytes} [Tue Apr 7 04:36:08 2026] DELETE /v2.0/subnets/83a8ed9d-23a6-4f06-86bd-92e4807756da => generated 136 bytes in 10 msecs (HTTP/1.1 404) 4 headers in 164 bytes (1 switches on core 0)
2026-04-07 04:36:08.959 7 INFO neutron.pecan_wsgi.hooks.translation [None req-7c5aaac6-8696-4b27-a799-3f467e19f48a 08ec87896c0d499e82cc4c829c4324a6 1912b34840574f478ba8c9c6c924b598 - - default default] DELETE failed (client error): The resource could not be found. [pid: 7|app: 0|req: 649/1295] 10.0.0.16 () {32 vars in 723 bytes} [Tue Apr 7 04:36:08 2026] DELETE /v2.0/subnets/44df5fe8-aace-4d99-811a-f06e399ac34b => generated 136 bytes in 17 msecs (HTTP/1.1 404) 4 headers in 164 bytes (1 switches on core 0) [pid: 7|app: 0|req: 650/1296] 10.0.0.127 () {34 vars in 990 bytes} [Tue Apr 7 04:36:09 2026] GET /v2.0/ports?device_id=a093508a-35bb-45ac-aee1-38f222be8a0f => generated 969 bytes in 38 msecs (HTTP/1.1 200) 4 headers in 157 bytes (1 switches on core 0)
2026-04-07 04:36:09.376 8 INFO neutron.plugins.ml2.drivers.ovn.mech_driver.mech_driver [None req-6d2dec64-98bb-469f-b026-65881b3ca258 - - - - - -] OVN reports status down for port: f48e9af5-9b4b-4aeb-9499-e2ae9bcc6677 [pid: 7|app: 0|req: 651/1297] 10.0.0.127 () {34 vars in 1040 bytes} [Tue Apr 7 04:36:09 2026] GET /v2.0/security-groups?id=607e3b8e-5ed6-4641-85e0-26bed3a709f4&fields=id&fields=name => generated 88 bytes in 34 msecs (HTTP/1.1 200) 4 headers in 156 bytes (1 switches on core 0)
2026-04-07 04:36:09.398 8 INFO neutron.plugins.ml2.drivers.ovn.mech_driver.mech_driver [None req-6d2dec64-98bb-469f-b026-65881b3ca258 - - - - - -] OVN reports status up for port: 1340912a-206c-4f06-b05e-bc0627cdce30
2026-04-07 04:36:09.410 8 INFO neutron.db.ovn_revision_numbers_db [None req-8fc33ca0-b8ab-4eb8-bc50-df0358801e77 6c9c9a6fd604479dae305972a99e79e0 d07b06b8229d4d0e8217cab4d3d67632 - - default default] Successfully bumped revision number for resource 776576eb-8d8e-400d-be8d-852d2d93e3fb (type: router_ports) to 1
2026-04-07 04:36:09.412 8 INFO neutron.plugins.ml2.plugin [None req-6d2dec64-98bb-469f-b026-65881b3ca258 - - - - - -] Attempt 1 to provision port 1340912a-206c-4f06-b05e-bc0627cdce30 [pid: 8|app: 0|req: 647/1298] 10.0.0.16 () {34 vars in 782 bytes} [Tue Apr 7 04:36:06 2026] PUT /v2.0/routers/b1b7e4e8-d040-4677-81bc-5c93b8d1b9d9/add_router_interface => generated 309 bytes in 2684 msecs (HTTP/1.1 200) 4 headers in 157 bytes (1 switches on core 0)
2026-04-07 04:36:09.560 8 INFO neutron.notifiers.nova [-] Nova event matching ['req-3925f01f-0398-4d3d-9aa9-3e427347aa48'] response: {'server_uuid': 'ab057be9-8661-48d4-b668-16c930aa70a3', 'name': 'network-vif-plugged', 'status': 'completed', 'tag': '1340912a-206c-4f06-b05e-bc0627cdce30', 'code': 200}
2026-04-07 04:36:09.683 8 INFO neutron.db.ovn_revision_numbers_db [None req-6d2dec64-98bb-469f-b026-65881b3ca258 - - - - - -] Successfully bumped revision number for resource 1340912a-206c-4f06-b05e-bc0627cdce30 (type: ports) to 5
2026-04-07 04:36:09.756 8 INFO neutron.plugins.ml2.drivers.ovn.mech_driver.mech_driver [None req-2e60d5db-7abc-45e2-aa45-6b4e4c50bfd6 - - - - - -] OVN reports status down for port: 776576eb-8d8e-400d-be8d-852d2d93e3fb
2026-04-07 04:36:09.808 8 WARNING neutron.plugins.ml2.drivers.ovn.mech_driver.ovsdb.ovn_client [None req-2e60d5db-7abc-45e2-aa45-6b4e4c50bfd6 - - - - - -] Logical_Switch_Port %s host information not removed, the port state is up
2026-04-07 04:36:09.808 8 INFO neutron.plugins.ml2.drivers.ovn.mech_driver.mech_driver [None req-2e60d5db-7abc-45e2-aa45-6b4e4c50bfd6 - - - - - -] OVN reports status up for port: 776576eb-8d8e-400d-be8d-852d2d93e3fb
2026-04-07 04:36:09.818 8 INFO neutron.plugins.ml2.plugin [None req-2e60d5db-7abc-45e2-aa45-6b4e4c50bfd6 - - - - - -] Attempt 1 to provision port 776576eb-8d8e-400d-be8d-852d2d93e3fb
2026-04-07 04:36:09.986 7 INFO neutron.db.ovn_revision_numbers_db [None req-e5d748a6-ce78-4fa8-960f-1e6483051ea2 6c9c9a6fd604479dae305972a99e79e0 d07b06b8229d4d0e8217cab4d3d67632 - - default default] Successfully bumped revision number for resource 7b2e1932-b0cd-4451-a4eb-10c03330f136 (type: security_groups) to 1
2026-04-07 04:36:10.026 7 INFO neutron.db.ovn_revision_numbers_db [None req-e5d748a6-ce78-4fa8-960f-1e6483051ea2 6c9c9a6fd604479dae305972a99e79e0 d07b06b8229d4d0e8217cab4d3d67632 - - default default] Successfully bumped revision number for resource 1e077ff0-c65d-4631-a190-c69a9c6c4a8e (type: security_group_rules) to 0
2026-04-07 04:36:10.057 7 INFO neutron.db.ovn_revision_numbers_db [None req-e5d748a6-ce78-4fa8-960f-1e6483051ea2 6c9c9a6fd604479dae305972a99e79e0 d07b06b8229d4d0e8217cab4d3d67632 - - default default] Successfully bumped revision number for resource 3772a14c-381d-42d8-9f84-d24e423267b8 (type: security_group_rules) to 0 /var/lib/openstack/lib/python3.12/site-packages/pycadf/identifier.py:70: UserWarning: Invalid uuid: neutron. To ensure interoperability, identifiers should be a valid uuid. warnings.warn(('Invalid uuid: %s. To ensure interoperability, '
2026-04-07 04:36:10.071 7 INFO neutron.db.ovn_revision_numbers_db [None req-e5d748a6-ce78-4fa8-960f-1e6483051ea2 6c9c9a6fd604479dae305972a99e79e0 d07b06b8229d4d0e8217cab4d3d67632 - - default default] Successfully bumped revision number for resource 87f75b71-6d8c-432c-ae55-d1b28f284b04 (type: security_group_rules) to 0
2026-04-07 04:36:10.094 7 INFO neutron.db.ovn_revision_numbers_db [None req-e5d748a6-ce78-4fa8-960f-1e6483051ea2 6c9c9a6fd604479dae305972a99e79e0 d07b06b8229d4d0e8217cab4d3d67632 - - default default] Successfully bumped revision number for resource ea4cbcd9-736c-45b9-9630-f01dbe02ca81 (type: security_group_rules) to 0 [pid: 7|app: 0|req: 652/1299] 10.0.0.16 () {32 vars in 773 bytes} [Tue Apr 7 04:36:09 2026] GET /v2.0/security-groups?tenant_id=725dc425a1df41ab9e5d1863cd110392&name=default => generated 2925 bytes in 474 msecs (HTTP/1.1 200) 4 headers in 158 bytes (1 switches on core 0) [pid: 8|app: 0|req: 648/1300] 10.0.0.127 () {34 vars in 990 bytes} [Tue Apr 7 04:36:10 2026] GET /v2.0/ports?device_id=ab057be9-8661-48d4-b668-16c930aa70a3 => generated 975 bytes in 216 msecs (HTTP/1.1 200) 4 headers in 157 bytes (1 switches on core 0) [pid: 8|app: 0|req: 649/1301] 10.0.0.127 () {34 vars in 1040 bytes} [Tue Apr 7 04:36:10 2026] GET /v2.0/security-groups?id=44baf9f0-7941-4f3e-bfd8-98a76cf44323&fields=id&fields=name => generated 114 bytes in 73 msecs (HTTP/1.1 200) 4 headers in 157 bytes (1 switches on core 0) [pid: 7|app: 0|req: 653/1302] 10.0.0.16 () {32 vars in 739 bytes} [Tue Apr 7 04:36:10 2026] DELETE /v2.0/security-groups/7b2e1932-b0cd-4451-a4eb-10c03330f136 => generated 0 bytes in 266 msecs (HTTP/1.1 204) 2 headers in 112 bytes (1 switches on core 0)
2026-04-07 04:36:10.550 8 INFO neutron.db.ovn_revision_numbers_db [None req-2e60d5db-7abc-45e2-aa45-6b4e4c50bfd6 - - - - - -] Successfully bumped revision number for resource 776576eb-8d8e-400d-be8d-852d2d93e3fb (type: ports) to 2 [pid: 8|app: 0|req: 650/1303] 10.0.0.127 () {34 vars in 990 bytes} [Tue Apr 7 04:36:10 2026] GET /v2.0/ports?device_id=a093508a-35bb-45ac-aee1-38f222be8a0f => generated 969 bytes in 151 msecs (HTTP/1.1 200) 4 headers in 157 bytes (1 switches on core 0)
2026-04-07 04:36:10.661 7 INFO neutron.db.ovn_revision_numbers_db [None req-e64461ef-04b5-4a60-ab38-9a9be77799ca 6c9c9a6fd604479dae305972a99e79e0 d07b06b8229d4d0e8217cab4d3d67632 - - default default] Successfully bumped revision number for resource bcdb0d5a-3d15-41cf-9095-3113de4a5939 (type: security_groups) to 1
2026-04-07 04:36:10.679 7 INFO neutron.db.ovn_revision_numbers_db [None req-e64461ef-04b5-4a60-ab38-9a9be77799ca 6c9c9a6fd604479dae305972a99e79e0 d07b06b8229d4d0e8217cab4d3d67632 - - default default] Successfully bumped revision number for resource 1eec2dd9-a451-467e-9206-42deb0ca043a (type: security_group_rules) to 0 [pid: 8|app: 0|req: 651/1304] 10.0.0.16 () {32 vars in 773 bytes} [Tue Apr 7 04:36:10 2026] GET /v2.0/security-groups?tenant_id=1912b34840574f478ba8c9c6c924b598&name=default => generated 2925 bytes in 70 msecs (HTTP/1.1 200) 4 headers in 158 bytes (1 switches on core 0)
2026-04-07 04:36:10.695 7 INFO neutron.db.ovn_revision_numbers_db [None req-e64461ef-04b5-4a60-ab38-9a9be77799ca 6c9c9a6fd604479dae305972a99e79e0 d07b06b8229d4d0e8217cab4d3d67632 - - default default] Successfully bumped revision number for resource 46dcf7cc-1090-415f-8c60-487a80317739 (type: security_group_rules) to 0
2026-04-07 04:36:10.709 7 INFO neutron.db.ovn_revision_numbers_db [None req-e64461ef-04b5-4a60-ab38-9a9be77799ca 6c9c9a6fd604479dae305972a99e79e0 d07b06b8229d4d0e8217cab4d3d67632 - - default default] Successfully bumped revision number for resource 54b93d82-bc19-4930-90b3-2cfb229f5c9a (type: security_group_rules) to 0
2026-04-07 04:36:10.724 7 INFO neutron.db.ovn_revision_numbers_db [None req-e64461ef-04b5-4a60-ab38-9a9be77799ca 6c9c9a6fd604479dae305972a99e79e0 d07b06b8229d4d0e8217cab4d3d67632 - - default default] Successfully bumped revision number for resource 6c56b201-f214-46e9-8605-53791b3ef58e (type: security_group_rules) to 0 [pid: 8|app: 0|req: 652/1305] 10.0.0.127 () {34 vars in 1040 bytes} [Tue Apr 7 04:36:10 2026] GET /v2.0/security-groups?id=607e3b8e-5ed6-4641-85e0-26bed3a709f4&fields=id&fields=name => generated 88 bytes in 52 msecs (HTTP/1.1 200) 4 headers in 156 bytes (1 switches on core 0)
2026-04-07 04:36:10.795 7 INFO neutron.db.segments_db [None req-e64461ef-04b5-4a60-ab38-9a9be77799ca 6c9c9a6fd604479dae305972a99e79e0 d07b06b8229d4d0e8217cab4d3d67632 - - default default] Added segment c0710692-554d-48d4-9e42-d3bbab9f6da8 of type geneve for network 739f727c-97c0-4488-b1e8-52cd79476929
2026-04-07 04:36:10.931 7 INFO neutron.db.ovn_revision_numbers_db [None req-e64461ef-04b5-4a60-ab38-9a9be77799ca 6c9c9a6fd604479dae305972a99e79e0 d07b06b8229d4d0e8217cab4d3d67632 - - default default] Successfully bumped revision number for resource 739f727c-97c0-4488-b1e8-52cd79476929 (type: networks) to 1 [pid: 8|app: 0|req: 653/1306] 10.0.0.16 () {32 vars in 739 bytes} [Tue Apr 7 04:36:10 2026] DELETE /v2.0/security-groups/2c00c440-abf6-4479-b5b8-f494c0bc24a0 => generated 0 bytes in 221 msecs (HTTP/1.1 204) 2 headers in 112 bytes (1 switches on core 0)
2026-04-07 04:36:11.090 7 WARNING neutron.scheduler.dhcp_agent_scheduler [None req-e64461ef-04b5-4a60-ab38-9a9be77799ca 6c9c9a6fd604479dae305972a99e79e0 d07b06b8229d4d0e8217cab4d3d67632 - - default default] No more DHCP agents
2026-04-07 04:36:11.091 7 WARNING neutron.api.rpc.agentnotifiers.dhcp_rpc_agent_api [None req-e64461ef-04b5-4a60-ab38-9a9be77799ca 6c9c9a6fd604479dae305972a99e79e0 d07b06b8229d4d0e8217cab4d3d67632 - - default default] Unable to schedule network 739f727c-97c0-4488-b1e8-52cd79476929: no agents available; will retry on subsequent port and subnet creation events.
2026-04-07 04:36:11.145 7 INFO neutron.plugins.ml2.drivers.ovn.mech_driver.mech_driver [None req-20253379-0029-4a38-b60a-eafea249c797 - - - - - -] OVN reports status down for port: 9d0d5e40-ea94-4620-a2b0-6c18e5b29989
2026-04-07 04:36:11.194 7 INFO neutron.db.ovn_revision_numbers_db [None req-e64461ef-04b5-4a60-ab38-9a9be77799ca 6c9c9a6fd604479dae305972a99e79e0 d07b06b8229d4d0e8217cab4d3d67632 - - default default] Successfully bumped revision number for resource 9d0d5e40-ea94-4620-a2b0-6c18e5b29989 (type: ports) to 1
2026-04-07 04:36:11.240 8 INFO neutron.db.ovn_revision_numbers_db [None req-47c1aeed-fc4a-4e91-8888-6cd80917cdc0 6c9c9a6fd604479dae305972a99e79e0 d07b06b8229d4d0e8217cab4d3d67632 - - default default] Successfully bumped revision number for resource ad3e14e9-d7fc-4212-8627-74fd98917852 (type: security_groups) to 1 [pid: 7|app: 0|req: 654/1307] 10.0.0.16 () {34 vars in 670 bytes} [Tue Apr 7 04:36:10 2026] POST /v2.0/networks => generated 762 bytes in 775 msecs (HTTP/1.1 201) 4 headers in 162 bytes (1 switches on core 0)
2026-04-07 04:36:11.263 8 INFO neutron.db.ovn_revision_numbers_db [None req-47c1aeed-fc4a-4e91-8888-6cd80917cdc0 6c9c9a6fd604479dae305972a99e79e0 d07b06b8229d4d0e8217cab4d3d67632 - - default default] Successfully bumped revision number for resource 2548b0be-fee5-42df-80e9-df6a397f570a (type: security_group_rules) to 0
2026-04-07 04:36:11.283 8 INFO neutron.db.ovn_revision_numbers_db [None req-47c1aeed-fc4a-4e91-8888-6cd80917cdc0 6c9c9a6fd604479dae305972a99e79e0 d07b06b8229d4d0e8217cab4d3d67632 - - default default] Successfully bumped revision number for resource 491cb090-7803-4726-960c-a2cdd2670b3c (type: security_group_rules) to 0
2026-04-07 04:36:11.300 8 INFO neutron.db.ovn_revision_numbers_db [None req-47c1aeed-fc4a-4e91-8888-6cd80917cdc0 6c9c9a6fd604479dae305972a99e79e0 d07b06b8229d4d0e8217cab4d3d67632 - - default default] Successfully bumped revision number for resource 7ac9a67a-fd23-4116-a58c-d172ba877166 (type: security_group_rules) to 0
2026-04-07 04:36:11.312 8 INFO neutron.db.ovn_revision_numbers_db [None req-47c1aeed-fc4a-4e91-8888-6cd80917cdc0 6c9c9a6fd604479dae305972a99e79e0 d07b06b8229d4d0e8217cab4d3d67632 - - default default] Successfully bumped revision number for resource bd1f6141-e78d-40c3-b3f9-06288e3eb6d9 (type: security_group_rules) to 0 [pid: 8|app: 0|req: 654/1308] 10.0.0.16 () {32 vars in 773 bytes} [Tue Apr 7 04:36:11 2026] GET /v2.0/security-groups?tenant_id=076e0624661343c48e2880bb8c87033e&name=default => generated 2925 bytes in 265 msecs (HTTP/1.1 200) 4 headers in 158 bytes (1 switches on core 0)
2026-04-07 04:36:11.367 7 WARNING neutron.scheduler.dhcp_agent_scheduler [None req-c507e18b-b82a-4278-b3ef-ed01b3887d36 6c9c9a6fd604479dae305972a99e79e0 d07b06b8229d4d0e8217cab4d3d67632 - - default default] No more DHCP agents
2026-04-07 04:36:11.374 7 WARNING neutron.api.rpc.agentnotifiers.dhcp_rpc_agent_api [None req-c507e18b-b82a-4278-b3ef-ed01b3887d36 6c9c9a6fd604479dae305972a99e79e0 d07b06b8229d4d0e8217cab4d3d67632 - - default default] Unable to schedule network 739f727c-97c0-4488-b1e8-52cd79476929: no agents available; will retry on subsequent port and subnet creation events. [pid: 8|app: 0|req: 655/1309] 10.0.0.16 () {32 vars in 739 bytes} [Tue Apr 7 04:36:11 2026] DELETE /v2.0/security-groups/ad3e14e9-d7fc-4212-8627-74fd98917852 => generated 0 bytes in 199 msecs (HTTP/1.1 204) 2 headers in 112 bytes (1 switches on core 0) [pid: 8|app: 0|req: 656/1310] 10.0.0.127 () {34 vars in 990 bytes} [Tue Apr 7 04:36:11 2026] GET /v2.0/ports?device_id=ab057be9-8661-48d4-b668-16c930aa70a3 => generated 975 bytes in 33 msecs (HTTP/1.1 200) 4 headers in 157 bytes (1 switches on core 0)
2026-04-07 04:36:11.609 8 INFO neutron.notifiers.nova [-] Nova event matching ['req-b22ea7ef-d391-4359-92d3-81393d7247b3'] response: {'server_uuid': 'ab057be9-8661-48d4-b668-16c930aa70a3', 'name': 'network-vif-plugged', 'status': 'completed', 'tag': '1340912a-206c-4f06-b05e-bc0627cdce30', 'code': 200} [pid: 8|app: 0|req: 657/1311] 10.0.0.127 () {34 vars in 1040 bytes} [Tue Apr 7 04:36:11 2026] GET /v2.0/security-groups?id=44baf9f0-7941-4f3e-bfd8-98a76cf44323&fields=id&fields=name => generated 114 bytes in 38 msecs (HTTP/1.1 200) 4 headers in 157 bytes (1 switches on core 0) [pid: 8|app: 0|req: 658/1312] 10.0.0.127 () {34 vars in 990 bytes} [Tue Apr 7 04:36:11 2026] GET /v2.0/ports?device_id=ab057be9-8661-48d4-b668-16c930aa70a3 => generated 975 bytes in 32 msecs (HTTP/1.1 200) 4 headers in 157 bytes (1 switches on core 0)
2026-04-07 04:36:11.839 7 INFO neutron.db.ovn_revision_numbers_db [None req-1821b4f7-f0c6-4638-bed5-4d9510cf8c8b - - - - - -] Successfully bumped revision number for resource 9d0d5e40-ea94-4620-a2b0-6c18e5b29989 (type: ports) to 2
2026-04-07 04:36:11.875 7 INFO neutron.db.ovn_revision_numbers_db [None req-1821b4f7-f0c6-4638-bed5-4d9510cf8c8b - - - - - -] Successfully bumped revision number for resource 0f6c9f3c-3d64-402e-a8e2-d3caac49f779 (type: subnets) to 0 [pid: 7|app: 0|req: 655/1313] 10.0.0.16 () {34 vars in 668 bytes} [Tue Apr 7 04:36:11 2026] POST /v2.0/subnets => generated 687 bytes in 624 msecs (HTTP/1.1 201) 4 headers in 162 bytes (1 switches on core 0) [pid: 7|app: 0|req: 656/1314] 10.0.0.127 () {34 vars in 990 bytes} [Tue Apr 7 04:36:11 2026] GET /v2.0/ports?device_id=a093508a-35bb-45ac-aee1-38f222be8a0f => generated 969 bytes in 36 msecs (HTTP/1.1 200) 4 headers in 157 bytes (1 switches on core 0)
2026-04-07 04:36:12.350 8 INFO neutron.db.ovn_revision_numbers_db [None req-93e22a61-1a84-4159-a8fb-8c7ac658b2a7 57a3e72860714b86bae5fe7c2cfc842f 4bb0cb229fbe421f83e2c1911e8c1284 - - default default] Successfully bumped revision number for resource 0d33d380-a71a-4caa-9c65-d1e8b20e82fc (type: floatingips) to 1
2026-04-07 04:36:12.453 8 INFO neutron.db.ovn_revision_numbers_db [None req-93e22a61-1a84-4159-a8fb-8c7ac658b2a7 57a3e72860714b86bae5fe7c2cfc842f 4bb0cb229fbe421f83e2c1911e8c1284 - - default default] Successfully bumped revision number for resource 0d33d380-a71a-4caa-9c65-d1e8b20e82fc (type: floatingips) to 2
2026-04-07 04:36:12.454 8 INFO neutron.db.l3_db [None req-93e22a61-1a84-4159-a8fb-8c7ac658b2a7 57a3e72860714b86bae5fe7c2cfc842f 4bb0cb229fbe421f83e2c1911e8c1284 - - default default] Floating IP 0d33d380-a71a-4caa-9c65-d1e8b20e82fc associated. External IP: 10.96.250.214, port: 1340912a-206c-4f06-b05e-bc0627cdce30. [pid: 8|app: 0|req: 659/1315] 10.0.0.16 () {34 vars in 748 bytes} [Tue Apr 7 04:36:11 2026] PUT /v2.0/floatingips/0d33d380-a71a-4caa-9c65-d1e8b20e82fc => generated 856 bytes in 739 msecs (HTTP/1.1 200) 4 headers in 157 bytes (1 switches on core 0) [pid: 8|app: 0|req: 660/1316] 10.0.0.127 () {34 vars in 1040 bytes} [Tue Apr 7 04:36:12 2026] GET /v2.0/security-groups?id=607e3b8e-5ed6-4641-85e0-26bed3a709f4&fields=id&fields=name => generated 88 bytes in 27 msecs (HTTP/1.1 200) 4 headers in 156 bytes (1 switches on core 0) [pid: 8|app: 0|req: 661/1317] 10.0.0.127 () {34 vars in 990 bytes} [Tue Apr 7 04:36:12 2026] GET /v2.0/ports?device_id=ab057be9-8661-48d4-b668-16c930aa70a3 => generated 975 bytes in 34 msecs (HTTP/1.1 200) 4 headers in 157 bytes (1 switches on core 0) [pid: 8|app: 0|req: 662/1318] 10.0.0.127 () {34 vars in 1040 bytes} [Tue Apr 7 04:36:12 2026] GET /v2.0/security-groups?id=44baf9f0-7941-4f3e-bfd8-98a76cf44323&fields=id&fields=name => generated 114 bytes in 29 msecs (HTTP/1.1 200) 4 headers in 157 bytes (1 switches on core 0)
2026-04-07 04:36:12.763 7 WARNING neutron.scheduler.dhcp_agent_scheduler [None req-f7ff6693-a915-420a-bb16-44380b9f5865 6c9c9a6fd604479dae305972a99e79e0 d07b06b8229d4d0e8217cab4d3d67632 - - default default] No more DHCP agents
2026-04-07 04:36:12.765 7 WARNING neutron.api.rpc.agentnotifiers.dhcp_rpc_agent_api [None req-f7ff6693-a915-420a-bb16-44380b9f5865 6c9c9a6fd604479dae305972a99e79e0 d07b06b8229d4d0e8217cab4d3d67632 - - default default] Unable to schedule network f978d8f7-c7ea-4364-97fa-1f8da6916a8b: no agents available; will retry on subsequent port and subnet creation events. [pid: 8|app: 0|req: 665/1321] 10.0.0.127 () {34 vars in 990 bytes} [Tue Apr 7 04:36:12 2026] GET /v2.0/ports?device_id=ab057be9-8661-48d4-b668-16c930aa70a3 => generated 975 bytes in 93 msecs (HTTP/1.1 200) 4 headers in 157 bytes (1 switches on core 0)
2026-04-07 04:36:12.901 7 INFO neutron.db.ovn_revision_numbers_db [None req-f7ff6693-a915-420a-bb16-44380b9f5865 6c9c9a6fd604479dae305972a99e79e0 d07b06b8229d4d0e8217cab4d3d67632 - - default default] Successfully bumped revision number for resource c627d6ff-9837-4a72-a4d5-2544a376fbbe (type: ports) to 1 [pid: 8|app: 0|req: 666/1322] 10.0.0.127 () {34 vars in 1040 bytes} [Tue Apr 7 04:36:12 2026] GET /v2.0/security-groups?id=44baf9f0-7941-4f3e-bfd8-98a76cf44323&fields=id&fields=name => generated 114 bytes in 37 msecs (HTTP/1.1 200) 4 headers in 157 bytes (1 switches on core 0)
2026-04-07 04:36:13.483 7 INFO neutron.plugins.ml2.drivers.ovn.mech_driver.ovsdb.commands [None req-47b9818b-5a56-4c80-b369-dceaaec19e5a - - - - - -] Schedule LRP lrp-c627d6ff-9837-4a72-a4d5-2544a376fbbe on gateway be879a15-501c-4a1c-8cf0-b189c0e3c3f2 with priority 1
2026-04-07 04:36:13.547 7 INFO neutron.plugins.ml2.drivers.ovn.mech_driver.ovsdb.ovsdb_monitor [None req-ca3e855f-ca37-4920-8533-2bf25d0dfefd - - - - - -] Router aa08edce-4382-48ad-b862-e59f9d9d2b9c is bound to host instance
2026-04-07 04:36:13.589 7 INFO neutron.db.ovn_revision_numbers_db [None req-f7ff6693-a915-420a-bb16-44380b9f5865 6c9c9a6fd604479dae305972a99e79e0 d07b06b8229d4d0e8217cab4d3d67632 - - default default] Successfully bumped revision number for resource c627d6ff-9837-4a72-a4d5-2544a376fbbe (type: router_ports) to 1 [pid: 8|app: 0|req: 667/1323] 10.0.0.127 () {34 vars in 990 bytes} [Tue Apr 7 04:36:13 2026] GET /v2.0/ports?device_id=a093508a-35bb-45ac-aee1-38f222be8a0f => generated 969 bytes in 47 msecs (HTTP/1.1 200) 4 headers in 157 bytes (1 switches on core 0)
2026-04-07 04:36:13.653 8 INFO neutron.notifiers.nova [-] Nova event matching ['req-f3b36d90-e0f2-42d2-a38e-6597413917c7'] response: {'name': 'network-changed', 'server_uuid': 'ab057be9-8661-48d4-b668-16c930aa70a3', 'tag': '1340912a-206c-4f06-b05e-bc0627cdce30', 'status': 'completed', 'code': 200} [pid: 8|app: 0|req: 668/1324] 10.0.0.127 () {34 vars in 1040 bytes} [Tue Apr 7 04:36:13 2026] GET /v2.0/security-groups?id=607e3b8e-5ed6-4641-85e0-26bed3a709f4&fields=id&fields=name => generated 88 bytes in 43 msecs (HTTP/1.1 200) 4 headers in 156 bytes (1 switches on core 0)
2026-04-07 04:36:13.758 7 INFO neutron.db.ovn_revision_numbers_db [None req-f7ff6693-a915-420a-bb16-44380b9f5865 6c9c9a6fd604479dae305972a99e79e0 d07b06b8229d4d0e8217cab4d3d67632 - - default default] Successfully bumped revision number for resource aa08edce-4382-48ad-b862-e59f9d9d2b9c (type: routers) to 2 [pid: 7|app: 0|req: 657/1325] 10.0.0.16 () {34 vars in 668 bytes} [Tue Apr 7 04:36:11 2026] POST /v2.0/routers => generated 965 bytes in 1866 msecs (HTTP/1.1 201) 4 headers in 162 bytes (1 switches on core 0) /var/lib/openstack/lib/python3.12/site-packages/pycadf/identifier.py:70: UserWarning: Invalid uuid: neutron. To ensure interoperability, identifiers should be a valid uuid. warnings.warn(('Invalid uuid: %s. To ensure interoperability, ' [pid: 7|app: 0|req: 658/1326] 10.0.0.127 () {34 vars in 990 bytes} [Tue Apr 7 04:36:14 2026] GET /v2.0/ports?device_id=ab057be9-8661-48d4-b668-16c930aa70a3 => generated 975 bytes in 176 msecs (HTTP/1.1 200) 4 headers in 157 bytes (1 switches on core 0) [pid: 7|app: 0|req: 659/1327] 199.204.45.109 () {34 vars in 1080 bytes} [Tue Apr 7 04:36:14 2026] GET /v2.0/ports?tenant_id=4bb0cb229fbe421f83e2c1911e8c1284&device_id=ab057be9-8661-48d4-b668-16c930aa70a3 => generated 1213 bytes in 55 msecs (HTTP/1.1 200) 4 headers in 158 bytes (1 switches on core 0)
2026-04-07 04:36:14.280 8 WARNING neutron.scheduler.dhcp_agent_scheduler [None req-dd0c231a-4cf1-4dd7-89aa-66c7424531e7 6c9c9a6fd604479dae305972a99e79e0 d07b06b8229d4d0e8217cab4d3d67632 - - default default] No more DHCP agents
2026-04-07 04:36:14.281 8 WARNING neutron.api.rpc.agentnotifiers.dhcp_rpc_agent_api [None req-dd0c231a-4cf1-4dd7-89aa-66c7424531e7 6c9c9a6fd604479dae305972a99e79e0 d07b06b8229d4d0e8217cab4d3d67632 - - default default] Unable to schedule network 739f727c-97c0-4488-b1e8-52cd79476929: no agents available; will retry on subsequent port and subnet creation events. [pid: 7|app: 0|req: 660/1328] 10.0.0.127 () {34 vars in 1040 bytes} [Tue Apr 7 04:36:14 2026] GET /v2.0/security-groups?id=44baf9f0-7941-4f3e-bfd8-98a76cf44323&fields=id&fields=name => generated 114 bytes in 56 msecs (HTTP/1.1 200) 4 headers in 157 bytes (1 switches on core 0) [pid: 7|app: 0|req: 661/1329] 199.204.45.109 () {34 vars in 986 bytes} [Tue Apr 7 04:36:14 2026] GET /v2.0/networks?id=6245cb80-ecdc-42c5-8f6f-b6b41be735b8 => generated 817 bytes in 88 msecs (HTTP/1.1 200) 4 headers in 157 bytes (1 switches on core 0)
2026-04-07 04:36:14.414 8 INFO neutron.db.ovn_revision_numbers_db [None req-dd0c231a-4cf1-4dd7-89aa-66c7424531e7 6c9c9a6fd604479dae305972a99e79e0 d07b06b8229d4d0e8217cab4d3d67632 - - default default] Successfully bumped revision number for resource d897137d-9e2d-4821-9c2f-921e0d102b04 (type: ports) to 1 [pid: 7|app: 0|req: 662/1330] 199.204.45.109 () {34 vars in 1060 bytes} [Tue Apr 7 04:36:14 2026] GET /v2.0/floatingips?fixed_ip_address=10.100.0.11&port_id=1340912a-206c-4f06-b05e-bc0627cdce30 => generated 861 bytes in 62 msecs (HTTP/1.1 200) 4 headers in 157 bytes (1 switches on core 0) [pid: 7|app: 0|req: 663/1331] 199.204.45.109 () {34 vars in 984 bytes} [Tue Apr 7 04:36:14 2026] GET /v2.0/subnets?id=1b9566f2-57e2-4623-ac55-02d28186983b => generated 698 bytes in 82 msecs (HTTP/1.1 200) 4 headers in 157 bytes (1 switches on core 0) [pid: 7|app: 0|req: 664/1332] 199.204.45.109 () {34 vars in 1052 bytes} [Tue Apr 7 04:36:14 2026] GET /v2.0/ports?network_id=6245cb80-ecdc-42c5-8f6f-b6b41be735b8&device_owner=network%3Adhcp => generated 12 bytes in 34 msecs (HTTP/1.1 200) 4 headers in 156 bytes (1 switches on core 0) [pid: 7|app: 0|req: 665/1333] 199.204.45.109 () {34 vars in 1012 bytes} [Tue Apr 7 04:36:14 2026] GET /v2.0/networks/6245cb80-ecdc-42c5-8f6f-b6b41be735b8?fields=segments => generated 14 bytes in 77 msecs (HTTP/1.1 200) 4 headers in 156 bytes (1 switches on core 0)
2026-04-07 04:36:14.702 7 INFO neutron.db.ovn_revision_numbers_db [None req-b314663f-9ee7-4b12-afd7-1162ac00f7ba - - - - - -] Successfully bumped revision number for resource c627d6ff-9837-4a72-a4d5-2544a376fbbe (type: ports) to 4 [pid: 7|app: 0|req: 666/1334] 199.204.45.109 () {34 vars in 1112 bytes} [Tue Apr 7 04:36:14 2026] GET /v2.0/networks/6245cb80-ecdc-42c5-8f6f-b6b41be735b8?fields=provider%3Aphysical_network&fields=provider%3Anetwork_type => generated 79 bytes in 71 msecs (HTTP/1.1 200) 4 headers in 156 bytes (1 switches on core 0) [pid: 7|app: 0|req: 667/1335] 10.0.0.127 () {34 vars in 990 bytes} [Tue Apr 7 04:36:14 2026] GET /v2.0/ports?device_id=a093508a-35bb-45ac-aee1-38f222be8a0f => generated 969 bytes in 140 msecs (HTTP/1.1 200) 4 headers in 157 bytes (1 switches on core 0) [pid: 7|app: 0|req: 668/1336] 10.0.0.127 () {34 vars in 1040 bytes} [Tue Apr 7 04:36:14 2026] GET /v2.0/security-groups?id=607e3b8e-5ed6-4641-85e0-26bed3a709f4&fields=id&fields=name => generated 88 bytes in 47 msecs (HTTP/1.1 200) 4 headers in 156 bytes (1 switches on core 0)
2026-04-07 04:36:14.968 8 WARNING neutron.scheduler.dhcp_agent_scheduler [None req-dd0c231a-4cf1-4dd7-89aa-66c7424531e7 6c9c9a6fd604479dae305972a99e79e0 d07b06b8229d4d0e8217cab4d3d67632 - - default default] No more DHCP agents
2026-04-07 04:36:14.969 8 WARNING neutron.api.rpc.agentnotifiers.dhcp_rpc_agent_api [None req-dd0c231a-4cf1-4dd7-89aa-66c7424531e7 6c9c9a6fd604479dae305972a99e79e0 d07b06b8229d4d0e8217cab4d3d67632 - - default default] Unable to schedule network 739f727c-97c0-4488-b1e8-52cd79476929: no agents available; will retry on subsequent port and subnet creation events. [pid: 7|app: 0|req: 669/1337] 199.204.45.109 () {34 vars in 994 bytes} [Tue Apr 7 04:36:15 2026] GET /v2.0/ports?device_id=ab057be9-8661-48d4-b668-16c930aa70a3 => generated 975 bytes in 73 msecs (HTTP/1.1 200) 4 headers in 157 bytes (1 switches on core 0)
2026-04-07 04:36:15.149 7 INFO neutron.db.ovn_revision_numbers_db [None req-b314663f-9ee7-4b12-afd7-1162ac00f7ba - - - - - -] Successfully bumped revision number for resource c627d6ff-9837-4a72-a4d5-2544a376fbbe (type: ports) to 5
2026-04-07 04:36:15.329 7 INFO neutron_taas.services.taas.taas_plugin [req-929b6ab6-b4bf-4422-afba-28d4258cfed5 req-b78b7fb7-e283-42aa-a12d-b58d5078f747 57a3e72860714b86bae5fe7c2cfc842f 4bb0cb229fbe421f83e2c1911e8c1284 - - default default] TaaS: Handle Delete Port: 1340912a-206c-4f06-b05e-bc0627cdce30
2026-04-07 04:36:15.344 7 INFO neutron_taas.services.taas.tap_mirror_plugin [req-929b6ab6-b4bf-4422-afba-28d4258cfed5 req-b78b7fb7-e283-42aa-a12d-b58d5078f747 57a3e72860714b86bae5fe7c2cfc842f 4bb0cb229fbe421f83e2c1911e8c1284 - - default default] Tap Mirror: Handle Delete Port: 1340912a-206c-4f06-b05e-bc0627cdce30
2026-04-07 04:36:15.466 8 INFO neutron.db.ovn_revision_numbers_db [None req-dd0c231a-4cf1-4dd7-89aa-66c7424531e7 6c9c9a6fd604479dae305972a99e79e0 d07b06b8229d4d0e8217cab4d3d67632 - - default default] Successfully bumped revision number for resource d897137d-9e2d-4821-9c2f-921e0d102b04 (type: router_ports) to 1 [pid: 8|app: 0|req: 669/1338] 10.0.0.16 () {34 vars in 782 bytes} [Tue Apr 7 04:36:13 2026] PUT /v2.0/routers/aa08edce-4382-48ad-b862-e59f9d9d2b9c/add_router_interface => generated 309 bytes in 1672 msecs (HTTP/1.1 200) 4 headers in 157 bytes (1 switches on core 0) [pid: 8|app: 0|req: 670/1339] 10.0.0.127 () {34 vars in 990 bytes} [Tue Apr 7 04:36:15 2026] GET /v2.0/ports?device_id=ab057be9-8661-48d4-b668-16c930aa70a3 => generated 975 bytes in 82 msecs (HTTP/1.1 200) 4 headers in 157 bytes (1 switches on core 0)
2026-04-07 04:36:15.567 7 INFO neutron.db.l3_db [req-929b6ab6-b4bf-4422-afba-28d4258cfed5 req-b78b7fb7-e283-42aa-a12d-b58d5078f747 57a3e72860714b86bae5fe7c2cfc842f 4bb0cb229fbe421f83e2c1911e8c1284 - - default default] Floating IP 0d33d380-a71a-4caa-9c65-d1e8b20e82fc disassociated. External IP: 10.96.250.214, port: 1340912a-206c-4f06-b05e-bc0627cdce30.
2026-04-07 04:36:15.647 8 WARNING neutron.plugins.ml2.drivers.ovn.mech_driver.ovsdb.ovn_client [None req-175715ef-905c-4e2d-abe8-de5945d24add - - - - - -] No hosting information found for port 776576eb-8d8e-400d-be8d-852d2d93e3fb: RuntimeError: No hosting information found for port 776576eb-8d8e-400d-be8d-852d2d93e3fb [pid: 7|app: 0|req: 670/1340] 199.204.45.109 () {36 vars in 997 bytes} [Tue Apr 7 04:36:15 2026] DELETE /v2.0/ports/1340912a-206c-4f06-b05e-bc0627cdce30 => generated 0 bytes in 540 msecs (HTTP/1.1 204) 3 headers in 131 bytes (1 switches on core 0) /var/lib/openstack/lib/python3.12/site-packages/pycadf/identifier.py:70: UserWarning: Invalid uuid: neutron. To ensure interoperability, identifiers should be a valid uuid. warnings.warn(('Invalid uuid: %s. To ensure interoperability, '
2026-04-07 04:36:15.722 7 INFO neutron.notifiers.nova [-] Nova event matching ['req-947b1fef-b163-48e7-9a88-b4055fd1bd9d'] response: {'server_uuid': 'ab057be9-8661-48d4-b668-16c930aa70a3', 'name': 'network-vif-deleted', 'tag': '1340912a-206c-4f06-b05e-bc0627cdce30', 'status': 'completed', 'code': 200} [pid: 7|app: 0|req: 671/1341] 10.0.0.127 () {34 vars in 1040 bytes} [Tue Apr 7 04:36:15 2026] GET /v2.0/security-groups?id=44baf9f0-7941-4f3e-bfd8-98a76cf44323&fields=id&fields=name => generated 114 bytes in 46 msecs (HTTP/1.1 200) 4 headers in 157 bytes (1 switches on core 0) [pid: 8|app: 0|req: 671/1342] 10.0.0.16 () {34 vars in 677 bytes} [Tue Apr 7 04:36:15 2026] POST /v2.0/qos/policies => generated 359 bytes in 218 msecs (HTTP/1.1 201) 4 headers in 162 bytes (1 switches on core 0)
2026-04-07 04:36:15.801 8 INFO neutron.db.ovn_revision_numbers_db [None req-175715ef-905c-4e2d-abe8-de5945d24add - - - - - -] Successfully bumped revision number for resource 776576eb-8d8e-400d-be8d-852d2d93e3fb (type: router_ports) to 2
2026-04-07 04:36:15.802 8 INFO neutron.plugins.ml2.drivers.ovn.mech_driver.mech_driver [None req-175715ef-905c-4e2d-abe8-de5945d24add - - - - - -] OVN reports status up for port: 6e402e7e-5af7-4889-a08d-faec151095da
2026-04-07 04:36:15.811 8 INFO neutron.plugins.ml2.plugin [None req-175715ef-905c-4e2d-abe8-de5945d24add - - - - - -] Attempt 1 to provision port 6e402e7e-5af7-4889-a08d-faec151095da [pid: 7|app: 0|req: 672/1343] 10.0.0.16 () {34 vars in 677 bytes} [Tue Apr 7 04:36:15 2026] POST /v2.0/qos/policies => generated 359 bytes in 55 msecs (HTTP/1.1 201) 4 headers in 162 bytes (1 switches on core 0) [pid: 8|app: 0|req: 672/1344] 10.0.0.16 () {34 vars in 677 bytes} [Tue Apr 7 04:36:15 2026] POST /v2.0/qos/policies => generated 359 bytes in 61 msecs (HTTP/1.1 201) 4 headers in 162 bytes (1 switches on core 0)
2026-04-07 04:36:15.941 8 INFO neutron.notifiers.nova [-] Nova event matching ['req-8ce96bef-2a46-4cda-837b-b2e97c56b1ea'] response: {'server_uuid': 'a093508a-35bb-45ac-aee1-38f222be8a0f', 'name': 'network-vif-plugged', 'status': 'completed', 'tag': '6e402e7e-5af7-4889-a08d-faec151095da', 'code': 200} [pid: 7|app: 0|req: 673/1345] 10.0.0.16 () {34 vars in 677 bytes} [Tue Apr 7 04:36:15 2026] POST /v2.0/qos/policies => generated 359 bytes in 40 msecs (HTTP/1.1 201) 4 headers in 162 bytes (1 switches on core 0) [pid: 8|app: 0|req: 673/1346] 10.0.0.16 () {34 vars in 677 bytes} [Tue Apr 7 04:36:15 2026] POST /v2.0/qos/policies => generated 359 bytes in 67 msecs (HTTP/1.1 201) 4 headers in 162 bytes (1 switches on core 0) [pid: 7|app: 0|req: 674/1347] 10.0.0.16 () {34 vars in 752 bytes} [Tue Apr 7 04:36:16 2026] PUT /v2.0/policies/ceaf7676-407e-4567-9cb9-0a873a9ee7c5/tags => generated 17 bytes in 45 msecs (HTTP/1.1 200) 4 headers in 156 bytes (1 switches on core 0)
2026-04-07 04:36:16.158 8 INFO neutron.db.ovn_revision_numbers_db [None req-175715ef-905c-4e2d-abe8-de5945d24add - - - - - -] Successfully bumped revision number for resource 6e402e7e-5af7-4889-a08d-faec151095da (type: ports) to 5
2026-04-07 04:36:16.193 7 INFO neutron.db.ovn_revision_numbers_db [None req-bad46188-5855-4953-ae81-2cb6744801f6 bd6cfd1dd1eb45e0b62250bd2437841f 9123c4a10aba4f4fbc8448605c53b5d2 - - default default] Successfully bumped revision number for resource eec9113f-fd40-420f-ba25-7f9971d56e6c (type: security_groups) to 1 [pid: 8|app: 0|req: 674/1348] 10.0.0.127 () {34 vars in 990 bytes} [Tue Apr 7 04:36:16 2026] GET /v2.0/ports?device_id=a093508a-35bb-45ac-aee1-38f222be8a0f => generated 971 bytes in 170 msecs (HTTP/1.1 200) 4 headers in 157 bytes (1 switches on core 0)
2026-04-07 04:36:16.204 7 INFO neutron.db.ovn_revision_numbers_db [None req-bad46188-5855-4953-ae81-2cb6744801f6 bd6cfd1dd1eb45e0b62250bd2437841f 9123c4a10aba4f4fbc8448605c53b5d2 - - default default] Successfully bumped revision number for resource 285ab2be-d4eb-4bf9-a54a-3cb60277ac28 (type: security_group_rules) to 0
2026-04-07 04:36:16.216 7 INFO neutron.db.ovn_revision_numbers_db [None req-bad46188-5855-4953-ae81-2cb6744801f6 bd6cfd1dd1eb45e0b62250bd2437841f 9123c4a10aba4f4fbc8448605c53b5d2 - - default default] Successfully bumped revision number for resource 453d4925-af6f-42ab-869a-7e4b9db98f0a (type: security_group_rules) to 0 [pid: 7|app: 0|req: 675/1349] 10.0.0.16 () {34 vars in 684 bytes} [Tue Apr 7 04:36:16 2026] POST /v2.0/security-groups => generated 1675 bytes in 201 msecs (HTTP/1.1 201) 4 headers in 163 bytes (1 switches on core 0) [pid: 8|app: 0|req: 675/1350] 10.0.0.16 () {34 vars in 752 bytes} [Tue Apr 7 04:36:16 2026] PUT /v2.0/policies/0193e5bc-2de2-4bcd-902c-69b25c5454d8/tags => generated 25 bytes in 108 msecs (HTTP/1.1 200) 4 headers in 156 bytes (1 switches on core 0) [pid: 7|app: 0|req: 676/1351] 10.0.0.127 () {34 vars in 1040 bytes} [Tue Apr 7 04:36:16 2026] GET /v2.0/security-groups?id=607e3b8e-5ed6-4641-85e0-26bed3a709f4&fields=id&fields=name => generated 88 bytes in 42 msecs (HTTP/1.1 200) 4 headers in 156 bytes (1 switches on core 0) /var/lib/openstack/lib/python3.12/site-packages/pycadf/identifier.py:70: UserWarning: Invalid uuid: neutron. To ensure interoperability, identifiers should be a valid uuid. warnings.warn(('Invalid uuid: %s. To ensure interoperability, ' [pid: 7|app: 0|req: 677/1352] 10.0.0.16 () {34 vars in 752 bytes} [Tue Apr 7 04:36:16 2026] PUT /v2.0/policies/0e5b1875-29bc-421c-9928-89ecaf85cab8/tags => generated 34 bytes in 55 msecs (HTTP/1.1 200) 4 headers in 156 bytes (1 switches on core 0)
2026-04-07 04:36:16.392 8 INFO neutron.plugins.ml2.drivers.ovn.mech_driver.mech_driver [None req-9eb186d2-195b-460a-a6ad-c1d61e738eeb - - - - - -] OVN reports status down for port: c627d6ff-9837-4a72-a4d5-2544a376fbbe [pid: 7|app: 0|req: 678/1353] 10.0.0.16 () {34 vars in 752 bytes} [Tue Apr 7 04:36:16 2026] PUT /v2.0/policies/948f991c-a597-4943-aa5d-5f93e01799a0/tags => generated 19 bytes in 46 msecs (HTTP/1.1 200) 4 headers in 156 bytes (1 switches on core 0)
2026-04-07 04:36:16.548 8 INFO neutron.db.ovn_revision_numbers_db [None req-fe612a2a-0d4e-4636-8a11-2125bb6053cc bd6cfd1dd1eb45e0b62250bd2437841f 9123c4a10aba4f4fbc8448605c53b5d2 - - default default] Successfully bumped revision number for resource 4f227821-8f1d-49b3-a16d-41e43fe30f7e (type: security_group_rules) to 0 [pid: 8|app: 0|req: 676/1354] 10.0.0.16 () {34 vars in 694 bytes} [Tue Apr 7 04:36:16 2026] POST /v2.0/security-group-rules => generated 597 bytes in 294 msecs (HTTP/1.1 201) 4 headers in 162 bytes (1 switches on core 0)
2026-04-07 04:36:16.734 8 INFO neutron.db.ovn_revision_numbers_db [None req-9eb186d2-195b-460a-a6ad-c1d61e738eeb - - - - - -] Successfully bumped revision number for resource c627d6ff-9837-4a72-a4d5-2544a376fbbe (type: ports) to 6
2026-04-07 04:36:16.799 7 INFO neutron.db.ovn_revision_numbers_db [None req-1d9885d5-5ced-4485-a307-ecfa878abf4e bd6cfd1dd1eb45e0b62250bd2437841f 9123c4a10aba4f4fbc8448605c53b5d2 - - default default] Successfully bumped revision number for resource 2bb5e865-9095-48b9-87a6-836e84237382 (type: security_group_rules) to 0 [pid: 8|app: 0|req: 677/1355] 10.0.0.127 () {34 vars in 990 bytes} [Tue Apr 7 04:36:16 2026] GET /v2.0/ports?device_id=ab057be9-8661-48d4-b668-16c930aa70a3 => generated 12 bytes in 23 msecs (HTTP/1.1 200) 4 headers in 156 bytes (1 switches on core 0) [pid: 7|app: 0|req: 679/1356] 10.0.0.16 () {34 vars in 694 bytes} [Tue Apr 7 04:36:16 2026] POST /v2.0/security-group-rules => generated 596 bytes in 225 msecs (HTTP/1.1 201) 4 headers in 162 bytes (1 switches on core 0)
2026-04-07 04:36:16.840 8 WARNING neutron.plugins.ml2.drivers.ovn.mech_driver.ovsdb.ovn_client [None req-117874f5-6280-495f-b5d9-3100f4bc9d02 - - - - - -] Logical_Switch_Port %s host information not removed, the port state is up
2026-04-07 04:36:16.841 8 INFO neutron.plugins.ml2.drivers.ovn.mech_driver.mech_driver [None req-117874f5-6280-495f-b5d9-3100f4bc9d02 - - - - - -] OVN reports status up for port: c627d6ff-9837-4a72-a4d5-2544a376fbbe
2026-04-07 04:36:16.850 8 INFO neutron.plugins.ml2.plugin [None req-117874f5-6280-495f-b5d9-3100f4bc9d02 - - - - - -] Attempt 1 to provision port c627d6ff-9837-4a72-a4d5-2544a376fbbe
2026-04-07 04:36:16.961 7 INFO neutron.db.ovn_revision_numbers_db [None req-127cb1f0-4807-4662-aa65-b6680827f5c5 bd6cfd1dd1eb45e0b62250bd2437841f 9123c4a10aba4f4fbc8448605c53b5d2 - - default default] Successfully bumped revision number for resource 1501c503-38a2-41d0-aa2d-bf78cf9a9033 (type: security_group_rules) to 0 [pid: 7|app: 0|req: 680/1357] 10.0.0.16 () {34 vars in 694 bytes} [Tue Apr 7 04:36:16 2026] POST /v2.0/security-group-rules => generated 602 bytes in 157 msecs (HTTP/1.1 201) 4 headers in 162 bytes (1 switches on core 0) [pid: 8|app: 0|req: 678/1358] 10.0.0.16 () {32 vars in 673 bytes} [Tue Apr 7 04:36:16 2026] GET /v2.0/qos/policies?tags=red => generated 1101 bytes in 185 msecs (HTTP/1.1 200) 4 headers in 158 bytes (1 switches on core 0) [pid: 8|app: 0|req: 679/1359] 10.0.0.16 () {32 vars in 687 bytes} [Tue Apr 7 04:36:17 2026] GET /v2.0/qos/policies?tags=red%2Cblue => generated 747 bytes in 79 msecs (HTTP/1.1 200) 4 headers in 157 bytes (1 switches on core 0)
2026-04-07 04:36:17.141 7 INFO neutron.db.ovn_revision_numbers_db [None req-1cd15f75-76d4-477f-9d25-169fbed366ce bd6cfd1dd1eb45e0b62250bd2437841f 9123c4a10aba4f4fbc8448605c53b5d2 - - default default] Successfully bumped revision number for resource 990ad5ac-9a4e-460e-9f96-8217af6e58fe (type: security_group_rules) to 0 [pid: 7|app: 0|req: 681/1360] 10.0.0.16 () {34 vars in 694 bytes} [Tue Apr 7 04:36:16 2026] POST /v2.0/security-group-rules => generated 601 bytes in 171 msecs (HTTP/1.1 201) 4 headers in 162 bytes (1 switches on core 0) [pid: 8|app: 0|req: 680/1361] 10.0.0.16 () {32 vars in 683 bytes} [Tue Apr 7 04:36:17 2026] GET /v2.0/qos/policies?tags-any=blue => generated 747 bytes in 93 msecs (HTTP/1.1 200) 4 headers in 157 bytes (1 switches on core 0)
2026-04-07 04:36:17.205 7 INFO neutron.db.securitygroups_db [None req-ba8e264c-df81-4708-82fd-ed5cd3020607 bd6cfd1dd1eb45e0b62250bd2437841f 9123c4a10aba4f4fbc8448605c53b5d2 - - default default] Project 9123c4a10aba4f4fbc8448605c53b5d2 added a security group rule with legacy IPv6 ICMP protocol name icmp, ipv6-icmp should be used instead. It was automatically converted.
2026-04-07 04:36:17.319 7 INFO neutron.db.ovn_revision_numbers_db [None req-ba8e264c-df81-4708-82fd-ed5cd3020607 bd6cfd1dd1eb45e0b62250bd2437841f 9123c4a10aba4f4fbc8448605c53b5d2 - - default default] Successfully bumped revision number for resource d4eb64ed-3742-4dcb-9d11-98c0de6b9903 (type: security_group_rules) to 0 [pid: 8|app: 0|req: 681/1362] 10.0.0.16 () {32 vars in 695 bytes} [Tue Apr 7 04:36:17 2026] GET /v2.0/qos/policies?tags-any=red%2Cblue => generated 1101 bytes in 150 msecs (HTTP/1.1 200) 4 headers in 158 bytes (1 switches on core 0) [pid: 7|app: 0|req: 682/1363] 10.0.0.16 () {34 vars in 694 bytes} [Tue Apr 7 04:36:17 2026] POST /v2.0/security-group-rules => generated 607 bytes in 185 msecs (HTTP/1.1 201) 4 headers in 162 bytes (1 switches on core 0)
2026-04-07 04:36:17.372 8 INFO neutron.db.ovn_revision_numbers_db [None req-117874f5-6280-495f-b5d9-3100f4bc9d02 - - - - - -] Successfully bumped revision number for resource c627d6ff-9837-4a72-a4d5-2544a376fbbe (type: ports) to 7
2026-04-07 04:36:17.411 7 INFO neutron.db.securitygroups_db [None req-b77e122e-3775-4311-b760-0df0664a13f3 bd6cfd1dd1eb45e0b62250bd2437841f 9123c4a10aba4f4fbc8448605c53b5d2 - - default default] Project 9123c4a10aba4f4fbc8448605c53b5d2 added a security group rule with legacy IPv6 ICMP protocol name icmp, ipv6-icmp should be used instead. It was automatically converted. [pid: 8|app: 0|req: 682/1364] 10.0.0.16 () {32 vars in 681 bytes} [Tue Apr 7 04:36:17 2026] GET /v2.0/qos/policies?not-tags=red => generated 719 bytes in 93 msecs (HTTP/1.1 200) 4 headers in 157 bytes (1 switches on core 0) [pid: 8|app: 0|req: 683/1365] 10.0.0.127 () {34 vars in 990 bytes} [Tue Apr 7 04:36:17 2026] GET /v2.0/ports?device_id=a093508a-35bb-45ac-aee1-38f222be8a0f => generated 971 bytes in 48 msecs (HTTP/1.1 200) 4 headers in 157 bytes (1 switches on core 0)
2026-04-07 04:36:17.535 7 INFO neutron.db.ovn_revision_numbers_db [None req-b77e122e-3775-4311-b760-0df0664a13f3 bd6cfd1dd1eb45e0b62250bd2437841f 9123c4a10aba4f4fbc8448605c53b5d2 - - default default] Successfully bumped revision number for resource 94eb3a6f-109c-4c91-9c5f-1d8fb4f4633c (type: security_group_rules) to 0
2026-04-07 04:36:17.556 8 INFO neutron.plugins.ml2.drivers.ovn.mech_driver.mech_driver [None req-632e5aca-e219-475e-9f45-02bd4ffa1a73 - - - - - -] OVN reports status down for port: 1340912a-206c-4f06-b05e-bc0627cdce30 [pid: 7|app: 0|req: 683/1366] 10.0.0.16 () {34 vars in 694 bytes} [Tue Apr 7 04:36:17 2026] POST /v2.0/security-group-rules => generated 606 bytes in 200 msecs (HTTP/1.1 201) 4 headers in 162 bytes (1 switches on core 0)
