2026-04-07 04:02:22.971 8 INFO neutron.api.extensions [None req-e41bd26e-34fe-439e-b8c4-abd27f31d32e - - - - - -] Loaded extension: vpn-aes-ctr
2026-04-07 04:02:22.972 7 INFO neutron.api.extensions [None req-898658b7-e8c7-47a2-8741-4fe828dc7138 - - - - - -] Loaded extension: multi-provider
2026-04-07 04:02:22.972 7 INFO neutron.api.extensions [None req-898658b7-e8c7-47a2-8741-4fe828dc7138 - - - - - -] Loaded extension: net-mtu
2026-04-07 04:02:22.973 7 INFO neutron.api.extensions [None req-898658b7-e8c7-47a2-8741-4fe828dc7138 - - - - - -] Loaded extension: net-mtu-writable
2026-04-07 04:02:22.973 7 INFO neutron.api.extensions [None req-898658b7-e8c7-47a2-8741-4fe828dc7138 - - - - - -] Loaded extension: network_availability_zone
2026-04-07 04:02:22.973 8 INFO neutron.api.extensions [None req-e41bd26e-34fe-439e-b8c4-abd27f31d32e - - - - - -] Loaded extension: vpn-agent-scheduler
2026-04-07 04:02:22.974 7 INFO neutron.api.extensions [None req-898658b7-e8c7-47a2-8741-4fe828dc7138 - - - - - -] Extension network_ha not supported by any of loaded plugins
2026-04-07 04:02:22.974 8 INFO neutron.api.extensions [None req-e41bd26e-34fe-439e-b8c4-abd27f31d32e - - - - - -] Loaded extension: vpn-endpoint-groups
2026-04-07 04:02:22.974 7 INFO neutron.api.extensions [None req-898658b7-e8c7-47a2-8741-4fe828dc7138 - - - - - -] Loaded extension: network-ip-availability
2026-04-07 04:02:22.975 8 INFO neutron.api.extensions [None req-e41bd26e-34fe-439e-b8c4-abd27f31d32e - - - - - -] Loaded extension: vpn-flavors
2026-04-07 04:02:22.975 7 INFO neutron.api.extensions [None req-898658b7-e8c7-47a2-8741-4fe828dc7138 - - - - - -] Extension network-segment-range not supported by any of loaded plugins
2026-04-07 04:02:22.976 7 INFO neutron.api.extensions [None req-898658b7-e8c7-47a2-8741-4fe828dc7138 - - - - - -] Loaded extension: pagination
2026-04-07 04:02:22.976 7 INFO neutron.api.extensions [None req-898658b7-e8c7-47a2-8741-4fe828dc7138 - - - - - -] Loaded extension: port-device-profile
2026-04-07 04:02:22.977 8 INFO neutron.api.extensions [None req-e41bd26e-34fe-439e-b8c4-abd27f31d32e - - - - - -] Loaded extension: vpnaas
2026-04-07 04:02:22.977 7 INFO neutron.api.extensions [None req-898658b7-e8c7-47a2-8741-4fe828dc7138 - - - - - -] Extension port-hardware-offload-type not supported by any of loaded plugins
2026-04-07 04:02:22.977 7 INFO neutron.api.extensions [None req-898658b7-e8c7-47a2-8741-4fe828dc7138 - - - - - -] Extension port-hint-ovs-tx-steering not supported by any of loaded plugins
2026-04-07 04:02:22.978 7 INFO neutron.api.extensions [None req-898658b7-e8c7-47a2-8741-4fe828dc7138 - - - - - -] Extension port-hints not supported by any of loaded plugins
2026-04-07 04:02:22.978 8 INFO neutron.api.extensions [None req-e41bd26e-34fe-439e-b8c4-abd27f31d32e - - - - - -] Loaded extension: taas
2026-04-07 04:02:22.978 7 INFO neutron.api.extensions [None req-898658b7-e8c7-47a2-8741-4fe828dc7138 - - - - - -] Extension port-mac-override not supported by any of loaded plugins
2026-04-07 04:02:22.979 7 INFO neutron.api.extensions [None req-898658b7-e8c7-47a2-8741-4fe828dc7138 - - - - - -] Loaded extension: port-mac-address-regenerate
2026-04-07 04:02:22.979 7 INFO neutron.api.extensions [None req-898658b7-e8c7-47a2-8741-4fe828dc7138 - - - - - -] Loaded extension: port-numa-affinity-policy
2026-04-07 04:02:22.979 8 INFO neutron.api.extensions [None req-e41bd26e-34fe-439e-b8c4-abd27f31d32e - - - - - -] Loaded extension: tap-mirror
2026-04-07 04:02:22.980 7 INFO neutron.api.extensions [None req-898658b7-e8c7-47a2-8741-4fe828dc7138 - - - - - -] Loaded extension: port-numa-affinity-policy-socket
2026-04-07 04:02:22.980 8 INFO neutron.api.extensions [None req-e41bd26e-34fe-439e-b8c4-abd27f31d32e - - - - - -] Loaded extension: taas-vlan-filter
2026-04-07 04:02:22.980 7 INFO neutron.api.extensions [None req-898658b7-e8c7-47a2-8741-4fe828dc7138 - - - - - -] Loaded extension: port-resource-request
2026-04-07 04:02:22.981 7 INFO neutron.api.extensions [None req-898658b7-e8c7-47a2-8741-4fe828dc7138 - - - - - -] Loaded extension: port-resource-request-groups
2026-04-07 04:02:22.981 7 INFO neutron.api.extensions [None req-898658b7-e8c7-47a2-8741-4fe828dc7138 - - - - - -] Extension port-trusted-vif not supported by any of loaded plugins
2026-04-07 04:02:22.982 7 INFO neutron.api.extensions [None req-898658b7-e8c7-47a2-8741-4fe828dc7138 - - - - - -] Loaded extension: binding
2026-04-07 04:02:22.982 8 INFO neutron.quota.resource_registry [None req-e41bd26e-34fe-439e-b8c4-abd27f31d32e - - - - - -] Creating instance of TrackedResource for resource:network
2026-04-07 04:02:22.982 7 INFO neutron.api.extensions [None req-898658b7-e8c7-47a2-8741-4fe828dc7138 - - - - - -] Loaded extension: binding-extended
2026-04-07 04:02:22.982 8 INFO neutron.quota.resource_registry [None req-e41bd26e-34fe-439e-b8c4-abd27f31d32e - - - - - -] Creating instance of TrackedResource for resource:subnet
2026-04-07 04:02:22.983 8 INFO neutron.quota.resource_registry [None req-e41bd26e-34fe-439e-b8c4-abd27f31d32e - - - - - -] Creating instance of TrackedResource for resource:subnetpool
2026-04-07 04:02:22.983 7 INFO neutron.api.extensions [None req-898658b7-e8c7-47a2-8741-4fe828dc7138 - - - - - -] Loaded extension: port-security
2026-04-07 04:02:22.983 8 INFO neutron.quota.resource_registry [None req-e41bd26e-34fe-439e-b8c4-abd27f31d32e - - - - - -] Creating instance of TrackedResource for resource:port
2026-04-07 04:02:22.983 7 INFO neutron.api.extensions [None req-898658b7-e8c7-47a2-8741-4fe828dc7138 - - - - - -] Loaded extension: project-id
2026-04-07 04:02:22.984 7 INFO neutron.api.extensions [None req-898658b7-e8c7-47a2-8741-4fe828dc7138 - - - - - -] Loaded extension: provider
2026-04-07 04:02:22.985 7 INFO neutron.api.extensions [None req-898658b7-e8c7-47a2-8741-4fe828dc7138 - - - - - -] Loaded extension: qinq
2026-04-07 04:02:22.986 8 INFO neutron.quota.resource_registry [None req-e41bd26e-34fe-439e-b8c4-abd27f31d32e - - - - - -] Creating instance of TrackedResource for resource:router
2026-04-07 04:02:22.986 7 INFO neutron.api.extensions [None req-898658b7-e8c7-47a2-8741-4fe828dc7138 - - - - - -] Loaded extension: qos
2026-04-07 04:02:22.987 8 INFO neutron.quota.resource_registry [None req-e41bd26e-34fe-439e-b8c4-abd27f31d32e - - - - - -] Creating instance of TrackedResource for resource:floatingip
2026-04-07 04:02:22.987 7 INFO neutron.api.extensions [None req-898658b7-e8c7-47a2-8741-4fe828dc7138 - - - - - -] Loaded extension: qos-bw-limit-direction
2026-04-07 04:02:22.988 7 INFO neutron.api.extensions [None req-898658b7-e8c7-47a2-8741-4fe828dc7138 - - - - - -] Loaded extension: qos-bw-minimum-ingress
2026-04-07 04:02:22.988 7 INFO neutron.api.extensions [None req-898658b7-e8c7-47a2-8741-4fe828dc7138 - - - - - -] Loaded extension: qos-default
2026-04-07 04:02:22.989 7 INFO neutron.api.extensions [None req-898658b7-e8c7-47a2-8741-4fe828dc7138 - - - - - -] Loaded extension: qos-fip
2026-04-07 04:02:22.989 7 INFO neutron.api.extensions [None req-898658b7-e8c7-47a2-8741-4fe828dc7138 - - - - - -] Extension qos-fip-network-policy not supported by any of loaded plugins
2026-04-07 04:02:22.990 7 INFO neutron.api.extensions [None req-898658b7-e8c7-47a2-8741-4fe828dc7138 - - - - - -] Loaded extension: qos-gateway-ip
2026-04-07 04:02:22.990 7 INFO neutron.api.extensions [None req-898658b7-e8c7-47a2-8741-4fe828dc7138 - - - - - -] Loaded extension: qos-port-network-policy
2026-04-07 04:02:22.991 7 INFO neutron.api.extensions [None req-898658b7-e8c7-47a2-8741-4fe828dc7138 - - - - - -] Loaded extension: qos-pps-minimum
2026-04-07 04:02:22.991 7 INFO neutron.api.extensions [None req-898658b7-e8c7-47a2-8741-4fe828dc7138 - - - - - -] Loaded extension: qos-pps-minimum-rule-alias
2026-04-07 04:02:22.992 7 INFO neutron.api.extensions [None req-898658b7-e8c7-47a2-8741-4fe828dc7138 - - - - - -] Loaded extension: qos-pps
2026-04-07 04:02:22.992 8 INFO neutron.quota.resource_registry [None req-e41bd26e-34fe-439e-b8c4-abd27f31d32e - - - - - -] Creating instance of CountableResource for resource:rbac_policy
2026-04-07 04:02:22.992 7 INFO neutron.api.extensions [None req-898658b7-e8c7-47a2-8741-4fe828dc7138 - - - - - -] Loaded extension: qos-rule-type-details
2026-04-07 04:02:22.993 8 INFO neutron.quota.resource_registry [None req-e41bd26e-34fe-439e-b8c4-abd27f31d32e - - - - - -] Creating instance of TrackedResource for resource:security_group
2026-04-07 04:02:22.993 7 INFO neutron.api.extensions [None req-898658b7-e8c7-47a2-8741-4fe828dc7138 - - - - - -] Loaded extension: qos-rule-type-filter
2026-04-07 04:02:22.994 7 INFO neutron.api.extensions [None req-898658b7-e8c7-47a2-8741-4fe828dc7138 - - - - - -] Loaded extension: qos-rules-alias
2026-04-07 04:02:22.994 7 INFO neutron.api.extensions [None req-898658b7-e8c7-47a2-8741-4fe828dc7138 - - - - - -] Loaded extension: quota-check-limit
2026-04-07 04:02:22.995 8 INFO neutron.quota.resource_registry [None req-e41bd26e-34fe-439e-b8c4-abd27f31d32e - - - - - -] Creating instance of TrackedResource for resource:security_group_rule
2026-04-07 04:02:22.995 7 INFO neutron.api.extensions [None req-898658b7-e8c7-47a2-8741-4fe828dc7138 - - - - - -] Loaded extension: quota-check-limit-default
2026-04-07 04:02:22.995 8 INFO neutron.quota.resource_registry [None req-e41bd26e-34fe-439e-b8c4-abd27f31d32e - - - - - -] Creating instance of TrackedResource for resource:subnetpool
2026-04-07 04:02:22.996 8 WARNING neutron.quota.resource_registry [None req-e41bd26e-34fe-439e-b8c4-abd27f31d32e - - - - - -] subnetpool is already registered
2026-04-07 04:02:22.996 8 INFO neutron.quota.resource_registry [None req-e41bd26e-34fe-439e-b8c4-abd27f31d32e - - - - - -] Creating instance of CountableResource for resource:trunk
2026-04-07 04:02:22.997 8 INFO neutron.quota.resource_registry [None req-e41bd26e-34fe-439e-b8c4-abd27f31d32e - - - - - -] Creating instance of CountableResource for resource:ikepolicy
2026-04-07 04:02:22.997 7 INFO neutron.api.extensions [None req-898658b7-e8c7-47a2-8741-4fe828dc7138 - - - - - -] Loaded extension: quotas
2026-04-07 04:02:22.997 8 INFO neutron.quota.resource_registry [None req-e41bd26e-34fe-439e-b8c4-abd27f31d32e - - - - - -] Creating instance of CountableResource for resource:ipsecpolicy
2026-04-07 04:02:22.998 8 INFO neutron.quota.resource_registry [None req-e41bd26e-34fe-439e-b8c4-abd27f31d32e - - - - - -] Creating instance of CountableResource for resource:endpoint_group
2026-04-07 04:02:22.998 7 INFO neutron.api.extensions [None req-898658b7-e8c7-47a2-8741-4fe828dc7138 - - - - - -] Loaded extension: quota_details
2026-04-07 04:02:22.998 8 INFO neutron.quota.resource_registry [None req-e41bd26e-34fe-439e-b8c4-abd27f31d32e - - - - - -] Creating instance of CountableResource for resource:vpnservice
2026-04-07 04:02:22.999 8 INFO neutron.quota.resource_registry [None req-e41bd26e-34fe-439e-b8c4-abd27f31d32e - - - - - -] Creating instance of CountableResource for resource:ipsec_site_connection
2026-04-07 04:02:22.999 8 INFO neutron.quota.resource_registry [None req-e41bd26e-34fe-439e-b8c4-abd27f31d32e - - - - - -] Creating instance of CountableResource for resource:ipsecpolicy
2026-04-07 04:02:22.999 7 INFO neutron.api.extensions [None req-898658b7-e8c7-47a2-8741-4fe828dc7138 - - - - - -] Loaded extension: rbac-policies
2026-04-07 04:02:22.999 8 WARNING neutron.quota.resource_registry [None req-e41bd26e-34fe-439e-b8c4-abd27f31d32e - - - - - -] ipsecpolicy is already registered
2026-04-07 04:02:23.000 7 INFO neutron.api.extensions [None req-898658b7-e8c7-47a2-8741-4fe828dc7138 - - - - - -] Extension rbac-address-group not supported by any of loaded plugins
2026-04-07 04:02:23.000 8 INFO neutron.quota.resource_registry [None req-e41bd26e-34fe-439e-b8c4-abd27f31d32e - - - - - -] Creating instance of CountableResource for resource:ikepolicy
2026-04-07 04:02:23.000 8 WARNING neutron.quota.resource_registry [None req-e41bd26e-34fe-439e-b8c4-abd27f31d32e - - - - - -] ikepolicy is already registered
2026-04-07 04:02:23.000 7 INFO neutron.api.extensions [None req-898658b7-e8c7-47a2-8741-4fe828dc7138 - - - - - -] Loaded extension: rbac-address-scope
2026-04-07 04:02:23.001 7 INFO neutron.api.extensions [None req-898658b7-e8c7-47a2-8741-4fe828dc7138 - - - - - -] Loaded extension: rbac-security-groups
2026-04-07 04:02:23.001 7 INFO neutron.api.extensions [None req-898658b7-e8c7-47a2-8741-4fe828dc7138 - - - - - -] Extension rbac-subnetpool not supported by any of loaded plugins
2026-04-07 04:02:23.002 7 INFO neutron.api.extensions [None req-898658b7-e8c7-47a2-8741-4fe828dc7138 - - - - - -] Loaded extension: revision-if-match
2026-04-07 04:02:23.002 7 INFO neutron.api.extensions [None req-898658b7-e8c7-47a2-8741-4fe828dc7138 - - - - - -] Loaded extension: standard-attr-revisions
2026-04-07 04:02:23.003 7 INFO neutron.api.extensions [None req-898658b7-e8c7-47a2-8741-4fe828dc7138 - - - - - -] Loaded extension: router_availability_zone
2026-04-07 04:02:23.003 7 INFO neutron.api.extensions [None req-898658b7-e8c7-47a2-8741-4fe828dc7138 - - - - - -] Extension router-service-type not supported by any of loaded plugins
2026-04-07 04:02:23.005 8 INFO neutron.quota.resource_registry [None req-e41bd26e-34fe-439e-b8c4-abd27f31d32e - - - - - -] Creating instance of TrackedResource for resource:router
2026-04-07 04:02:23.005 7 INFO neutron.api.extensions [None req-898658b7-e8c7-47a2-8741-4fe828dc7138 - - - - - -] Loaded extension: security-groups-default-rules
2026-04-07 04:02:23.005 8 WARNING neutron.quota.resource_registry [None req-e41bd26e-34fe-439e-b8c4-abd27f31d32e - - - - - -] router is already registered
2026-04-07 04:02:23.006 7 INFO neutron.api.extensions [None req-898658b7-e8c7-47a2-8741-4fe828dc7138 - - - - - -] Loaded extension: security-groups-normalized-cidr
2026-04-07 04:02:23.006 8 INFO neutron.quota.resource_registry [None req-e41bd26e-34fe-439e-b8c4-abd27f31d32e - - - - - -] Creating instance of TrackedResource for resource:floatingip
2026-04-07 04:02:23.006 8 WARNING neutron.quota.resource_registry [None req-e41bd26e-34fe-439e-b8c4-abd27f31d32e - - - - - -] floatingip is already registered
2026-04-07 04:02:23.006 7 INFO neutron.api.extensions [None req-898658b7-e8c7-47a2-8741-4fe828dc7138 - - - - - -] Extension port-security-groups-filtering not supported by any of loaded plugins
2026-04-07 04:02:23.007 7 INFO neutron.api.extensions [None req-898658b7-e8c7-47a2-8741-4fe828dc7138 - - - - - -] Loaded extension: security-groups-remote-address-group
2026-04-07 04:02:23.007 7 INFO neutron.api.extensions [None req-898658b7-e8c7-47a2-8741-4fe828dc7138 - - - - - -] Loaded extension: security-groups-rules-belongs-to-default-sg
2026-04-07 04:02:23.008 7 INFO neutron.api.extensions [None req-898658b7-e8c7-47a2-8741-4fe828dc7138 - - - - - -] Loaded extension: security-groups-shared-filtering
2026-04-07 04:02:23.011 8 INFO neutron.quota.resource_registry [None req-e41bd26e-34fe-439e-b8c4-abd27f31d32e - - - - - -] Creating instance of CountableResource for resource:rbac_policy
2026-04-07 04:02:23.011 8 WARNING neutron.quota.resource_registry [None req-e41bd26e-34fe-439e-b8c4-abd27f31d32e - - - - - -] rbac_policy is already registered
2026-04-07 04:02:23.011 8 INFO neutron.quota.resource_registry [None req-e41bd26e-34fe-439e-b8c4-abd27f31d32e - - - - - -] Creating instance of TrackedResource for resource:security_group
2026-04-07 04:02:23.011 8 WARNING neutron.quota.resource_registry [None req-e41bd26e-34fe-439e-b8c4-abd27f31d32e - - - - - -] security_group is already registered
2026-04-07 04:02:23.012 8 INFO neutron.quota.resource_registry [None req-e41bd26e-34fe-439e-b8c4-abd27f31d32e - - - - - -] Creating instance of TrackedResource for resource:security_group_rule
2026-04-07 04:02:23.012 8 WARNING neutron.quota.resource_registry [None req-e41bd26e-34fe-439e-b8c4-abd27f31d32e - - - - - -] security_group_rule is already registered
2026-04-07 04:02:23.012 7 INFO neutron.api.extensions [None req-898658b7-e8c7-47a2-8741-4fe828dc7138 - - - - - -] Loaded extension: security-group
2026-04-07 04:02:23.013 8 INFO neutron.quota.resource_registry [None req-e41bd26e-34fe-439e-b8c4-abd27f31d32e - - - - - -] Creating instance of TrackedResource for resource:subnetpool
2026-04-07 04:02:23.013 7 INFO neutron.api.extensions [None req-898658b7-e8c7-47a2-8741-4fe828dc7138 - - - - - -] Loaded extension: segment
2026-04-07 04:02:23.013 8 WARNING neutron.quota.resource_registry [None req-e41bd26e-34fe-439e-b8c4-abd27f31d32e - - - - - -] subnetpool is already registered
2026-04-07 04:02:23.014 7 INFO neutron.api.extensions [None req-898658b7-e8c7-47a2-8741-4fe828dc7138 - - - - - -] Loaded extension: segments-peer-subnet-host-routes
2026-04-07 04:02:23.014 8 INFO neutron.quota.resource_registry [None req-e41bd26e-34fe-439e-b8c4-abd27f31d32e - - - - - -] Creating instance of CountableResource for resource:trunk
2026-04-07 04:02:23.014 8 WARNING neutron.quota.resource_registry [None req-e41bd26e-34fe-439e-b8c4-abd27f31d32e - - - - - -] trunk is already registered
2026-04-07 04:02:23.014 7 INFO neutron.api.extensions [None req-898658b7-e8c7-47a2-8741-4fe828dc7138 - - - - - -] Loaded extension: service-type
2026-04-07 04:02:23.014 8 INFO neutron.quota.resource_registry [None req-e41bd26e-34fe-439e-b8c4-abd27f31d32e - - - - - -] Creating instance of CountableResource for resource:ikepolicy
2026-04-07 04:02:23.015 8 WARNING neutron.quota.resource_registry [None req-e41bd26e-34fe-439e-b8c4-abd27f31d32e - - - - - -] ikepolicy is already registered
2026-04-07 04:02:23.015 7 INFO neutron.api.extensions [None req-898658b7-e8c7-47a2-8741-4fe828dc7138 - - - - - -] Loaded extension: sorting
2026-04-07 04:02:23.015 8 INFO neutron.quota.resource_registry [None req-e41bd26e-34fe-439e-b8c4-abd27f31d32e - - - - - -] Creating instance of CountableResource for resource:ipsecpolicy
2026-04-07 04:02:23.015 7 INFO neutron.api.extensions [None req-898658b7-e8c7-47a2-8741-4fe828dc7138 - - - - - -] Loaded extension: standard-attr-segment
2026-04-07 04:02:23.015 8 WARNING neutron.quota.resource_registry [None req-e41bd26e-34fe-439e-b8c4-abd27f31d32e - - - - - -] ipsecpolicy is already registered
2026-04-07 04:02:23.016 8 INFO neutron.quota.resource_registry [None req-e41bd26e-34fe-439e-b8c4-abd27f31d32e - - - - - -] Creating instance of CountableResource for resource:endpoint_group
2026-04-07 04:02:23.016 8 WARNING neutron.quota.resource_registry [None req-e41bd26e-34fe-439e-b8c4-abd27f31d32e - - - - - -] endpoint_group is already registered
2026-04-07 04:02:23.016 7 INFO neutron.api.extensions [None req-898658b7-e8c7-47a2-8741-4fe828dc7138 - - - - - -] Loaded extension: standard-attr-description
2026-04-07 04:02:23.016 8 INFO neutron.quota.resource_registry [None req-e41bd26e-34fe-439e-b8c4-abd27f31d32e - - - - - -] Creating instance of CountableResource for resource:vpnservice
2026-04-07 04:02:23.016 8 WARNING neutron.quota.resource_registry [None req-e41bd26e-34fe-439e-b8c4-abd27f31d32e - - - - - -] vpnservice is already registered
2026-04-07 04:02:23.016 7 INFO neutron.api.extensions [None req-898658b7-e8c7-47a2-8741-4fe828dc7138 - - - - - -] Loaded extension: stateful-security-group
2026-04-07 04:02:23.017 7 WARNING neutron.api.extensions [None req-898658b7-e8c7-47a2-8741-4fe828dc7138 - - - - - -] Did not find expected name "Stdattrs_common" in /var/lib/openstack/lib/python3.12/site-packages/neutron/extensions/stdattrs_common.py
2026-04-07 04:02:23.017 8 INFO neutron.quota.resource_registry [None req-e41bd26e-34fe-439e-b8c4-abd27f31d32e - - - - - -] Creating instance of CountableResource for resource:ipsec_site_connection
2026-04-07 04:02:23.017 8 WARNING neutron.quota.resource_registry [None req-e41bd26e-34fe-439e-b8c4-abd27f31d32e - - - - - -] ipsec_site_connection is already registered
2026-04-07 04:02:23.017 7 INFO neutron.api.extensions [None req-898658b7-e8c7-47a2-8741-4fe828dc7138 - - - - - -] Loaded extension: subnet-dns-publish-fixed-ip
2026-04-07 04:02:23.017 8 INFO neutron.quota.resource_registry [None req-e41bd26e-34fe-439e-b8c4-abd27f31d32e - - - - - -] Creating instance of CountableResource for resource:ipsecpolicy
2026-04-07 04:02:23.018 8 WARNING neutron.quota.resource_registry [None req-e41bd26e-34fe-439e-b8c4-abd27f31d32e - - - - - -] ipsecpolicy is already registered
2026-04-07 04:02:23.018 7 INFO neutron.api.extensions [None req-898658b7-e8c7-47a2-8741-4fe828dc7138 - - - - - -] Loaded extension: subnet-external-network
2026-04-07 04:02:23.018 8 INFO neutron.quota.resource_registry [None req-e41bd26e-34fe-439e-b8c4-abd27f31d32e - - - - - -] Creating instance of CountableResource for resource:ikepolicy
2026-04-07 04:02:23.018 8 WARNING neutron.quota.resource_registry [None req-e41bd26e-34fe-439e-b8c4-abd27f31d32e - - - - - -] ikepolicy is already registered
2026-04-07 04:02:23.018 7 INFO neutron.api.extensions [None req-898658b7-e8c7-47a2-8741-4fe828dc7138 - - - - - -] Extension subnet_onboard not supported by any of loaded plugins
2026-04-07 04:02:23.019 7 INFO neutron.api.extensions [None req-898658b7-e8c7-47a2-8741-4fe828dc7138 - - - - - -] Loaded extension: subnet-segmentid-writable
2026-04-07 04:02:23.019 7 INFO neutron.api.extensions [None req-898658b7-e8c7-47a2-8741-4fe828dc7138 - - - - - -] Loaded extension: subnet-service-types
2026-04-07 04:02:23.020 7 INFO neutron.api.extensions [None req-898658b7-e8c7-47a2-8741-4fe828dc7138 - - - - - -] Loaded extension: subnet_allocation
2026-04-07 04:02:23.021 7 INFO neutron.api.extensions [None req-898658b7-e8c7-47a2-8741-4fe828dc7138 - - - - - -] Loaded extension: subnetpool-prefix-ops
2026-04-07 04:02:23.021 7 INFO neutron.api.extensions [None req-898658b7-e8c7-47a2-8741-4fe828dc7138 - - - - - -] Loaded extension: tag-creation
2026-04-07 04:02:23.022 7 INFO neutron.api.extensions [None req-898658b7-e8c7-47a2-8741-4fe828dc7138 - - - - - -] Extension tag-ports-during-bulk-creation not supported by any of loaded plugins
2026-04-07 04:02:23.026 7 INFO neutron.api.extensions [None req-898658b7-e8c7-47a2-8741-4fe828dc7138 - - - - - -] Loaded extension: standard-attr-tag
2026-04-07 04:02:23.026 7 INFO neutron.api.extensions [None req-898658b7-e8c7-47a2-8741-4fe828dc7138 - - - - - -] Loaded extension: standard-attr-timestamp
2026-04-07 04:02:23.027 7 INFO neutron.api.extensions [None req-898658b7-e8c7-47a2-8741-4fe828dc7138 - - - - - -] Loaded extension: trunk
2026-04-07 04:02:23.027 7 INFO neutron.api.extensions [None req-898658b7-e8c7-47a2-8741-4fe828dc7138 - - - - - -] Loaded extension: trunk-details
2026-04-07 04:02:23.028 7 INFO neutron.api.extensions [None req-898658b7-e8c7-47a2-8741-4fe828dc7138 - - - - - -] Extension uplink-status-propagation not supported by any of loaded plugins
2026-04-07 04:02:23.028 7 INFO neutron.api.extensions [None req-898658b7-e8c7-47a2-8741-4fe828dc7138 - - - - - -] Extension uplink-status-propagation-updatable not supported by any of loaded plugins
2026-04-07 04:02:23.029 7 INFO neutron.api.extensions [None req-898658b7-e8c7-47a2-8741-4fe828dc7138 - - - - - -] Loaded extension: vlan-transparent
2026-04-07 04:02:23.030 7 INFO neutron.api.extensions [None req-898658b7-e8c7-47a2-8741-4fe828dc7138 - - - - - -] Loaded extension: vpn-aes-ctr
2026-04-07 04:02:23.032 7 INFO neutron.api.extensions [None req-898658b7-e8c7-47a2-8741-4fe828dc7138 - - - - - -] Loaded extension: vpn-agent-scheduler
2026-04-07 04:02:23.032 7 INFO neutron.api.extensions [None req-898658b7-e8c7-47a2-8741-4fe828dc7138 - - - - - -] Loaded extension: vpn-endpoint-groups
2026-04-07 04:02:23.033 7 INFO neutron.api.extensions [None req-898658b7-e8c7-47a2-8741-4fe828dc7138 - - - - - -] Loaded extension: vpn-flavors
2026-04-07 04:02:23.034 7 INFO neutron.api.extensions [None req-898658b7-e8c7-47a2-8741-4fe828dc7138 - - - - - -] Loaded extension: vpnaas
2026-04-07 04:02:23.036 7 INFO neutron.api.extensions [None req-898658b7-e8c7-47a2-8741-4fe828dc7138 - - - - - -] Loaded extension: taas
2026-04-07 04:02:23.037 7 INFO neutron.api.extensions [None req-898658b7-e8c7-47a2-8741-4fe828dc7138 - - - - - -] Loaded extension: tap-mirror
2026-04-07 04:02:23.037 7 INFO neutron.api.extensions [None req-898658b7-e8c7-47a2-8741-4fe828dc7138 - - - - - -] Loaded extension: taas-vlan-filter
2026-04-07 04:02:23.040 7 INFO neutron.quota.resource_registry [None req-898658b7-e8c7-47a2-8741-4fe828dc7138 - - - - - -] Creating instance of TrackedResource for resource:network
2026-04-07 04:02:23.040 7 INFO neutron.quota.resource_registry [None req-898658b7-e8c7-47a2-8741-4fe828dc7138 - - - - - -] Creating instance of TrackedResource for resource:subnet
2026-04-07 04:02:23.040 7 INFO neutron.quota.resource_registry [None req-898658b7-e8c7-47a2-8741-4fe828dc7138 - - - - - -] Creating instance of TrackedResource for resource:subnetpool
2026-04-07 04:02:23.040 7 INFO neutron.quota.resource_registry [None req-898658b7-e8c7-47a2-8741-4fe828dc7138 - - - - - -] Creating instance of TrackedResource for resource:port
2026-04-07 04:02:23.043 7 INFO neutron.quota.resource_registry [None req-898658b7-e8c7-47a2-8741-4fe828dc7138 - - - - - -] Creating instance of TrackedResource for resource:router
2026-04-07 04:02:23.044 7 INFO neutron.quota.resource_registry [None req-898658b7-e8c7-47a2-8741-4fe828dc7138 - - - - - -] Creating instance of TrackedResource for resource:floatingip
2026-04-07 04:02:23.049 7 INFO neutron.quota.resource_registry [None req-898658b7-e8c7-47a2-8741-4fe828dc7138 - - - - - -] Creating instance of CountableResource for resource:rbac_policy
2026-04-07 04:02:23.049 7 INFO neutron.quota.resource_registry [None req-898658b7-e8c7-47a2-8741-4fe828dc7138 - - - - - -] Creating instance of TrackedResource for resource:security_group
2026-04-07 04:02:23.051 7 INFO neutron.quota.resource_registry [None req-898658b7-e8c7-47a2-8741-4fe828dc7138 - - - - - -] Creating instance of TrackedResource for resource:security_group_rule
2026-04-07 04:02:23.052 7 INFO neutron.quota.resource_registry [None req-898658b7-e8c7-47a2-8741-4fe828dc7138 - - - - - -] Creating instance of TrackedResource for resource:subnetpool
2026-04-07 04:02:23.052 7 WARNING neutron.quota.resource_registry [None req-898658b7-e8c7-47a2-8741-4fe828dc7138 - - - - - -] subnetpool is already registered
2026-04-07 04:02:23.052 7 INFO neutron.quota.resource_registry [None req-898658b7-e8c7-47a2-8741-4fe828dc7138 - - - - - -] Creating instance of CountableResource for resource:trunk
2026-04-07 04:02:23.053 7 INFO neutron.quota.resource_registry [None req-898658b7-e8c7-47a2-8741-4fe828dc7138 - - - - - -] Creating instance of CountableResource for resource:ikepolicy
2026-04-07 04:02:23.053 7 INFO neutron.quota.resource_registry [None req-898658b7-e8c7-47a2-8741-4fe828dc7138 - - - - - -] Creating instance of CountableResource for resource:ipsecpolicy
2026-04-07 04:02:23.054 7 INFO neutron.quota.resource_registry [None req-898658b7-e8c7-47a2-8741-4fe828dc7138 - - - - - -] Creating instance of CountableResource for resource:endpoint_group
2026-04-07 04:02:23.054 7 INFO neutron.quota.resource_registry [None req-898658b7-e8c7-47a2-8741-4fe828dc7138 - - - - - -] Creating instance of CountableResource for resource:vpnservice
2026-04-07 04:02:23.054 7 INFO neutron.quota.resource_registry [None req-898658b7-e8c7-47a2-8741-4fe828dc7138 - - - - - -] Creating instance of CountableResource for resource:ipsec_site_connection
2026-04-07 04:02:23.055 7 INFO neutron.quota.resource_registry [None req-898658b7-e8c7-47a2-8741-4fe828dc7138 - - - - - -] Creating instance of CountableResource for resource:ipsecpolicy
2026-04-07 04:02:23.055 7 WARNING neutron.quota.resource_registry [None req-898658b7-e8c7-47a2-8741-4fe828dc7138 - - - - - -] ipsecpolicy is already registered
2026-04-07 04:02:23.055 7 INFO neutron.quota.resource_registry [None req-898658b7-e8c7-47a2-8741-4fe828dc7138 - - - - - -] Creating instance of CountableResource for resource:ikepolicy
2026-04-07 04:02:23.055 7 WARNING neutron.quota.resource_registry [None req-898658b7-e8c7-47a2-8741-4fe828dc7138 - - - - - -] ikepolicy is already registered
2026-04-07 04:02:23.058 8 WARNING keystonemiddleware._common.config [None req-e41bd26e-34fe-439e-b8c4-abd27f31d32e - - - - - -] The option "audit_map_file" is not known to keystonemiddleware
2026-04-07 04:02:23.060 7 INFO neutron.quota.resource_registry [None req-898658b7-e8c7-47a2-8741-4fe828dc7138 - - - - - -] Creating instance of TrackedResource for resource:router
2026-04-07 04:02:23.060 7 WARNING neutron.quota.resource_registry [None req-898658b7-e8c7-47a2-8741-4fe828dc7138 - - - - - -] router is already registered
2026-04-07 04:02:23.060 7 INFO neutron.quota.resource_registry [None req-898658b7-e8c7-47a2-8741-4fe828dc7138 - - - - - -] Creating instance of TrackedResource for resource:floatingip
2026-04-07 04:02:23.060 7 WARNING neutron.quota.resource_registry [None req-898658b7-e8c7-47a2-8741-4fe828dc7138 - - - - - -] floatingip is already registered
2026-04-07 04:02:23.064 7 INFO neutron.quota.resource_registry [None req-898658b7-e8c7-47a2-8741-4fe828dc7138 - - - - - -] Creating instance of CountableResource for resource:rbac_policy
2026-04-07 04:02:23.065 7 WARNING neutron.quota.resource_registry [None req-898658b7-e8c7-47a2-8741-4fe828dc7138 - - - - - -] rbac_policy is already registered
2026-04-07 04:02:23.065 8 WARNING oslo_config.cfg [None req-e41bd26e-34fe-439e-b8c4-abd27f31d32e - - - - - -] Deprecated: Option "auth_uri" from group "keystone_authtoken" is deprecated. Use option "www_authenticate_uri" from group "keystone_authtoken".
2026-04-07 04:02:23.065 7 INFO neutron.quota.resource_registry [None req-898658b7-e8c7-47a2-8741-4fe828dc7138 - - - - - -] Creating instance of TrackedResource for resource:security_group
2026-04-07 04:02:23.065 7 WARNING neutron.quota.resource_registry [None req-898658b7-e8c7-47a2-8741-4fe828dc7138 - - - - - -] security_group is already registered
2026-04-07 04:02:23.066 7 INFO neutron.quota.resource_registry [None req-898658b7-e8c7-47a2-8741-4fe828dc7138 - - - - - -] Creating instance of TrackedResource for resource:security_group_rule
2026-04-07 04:02:23.066 7 WARNING neutron.quota.resource_registry [None req-898658b7-e8c7-47a2-8741-4fe828dc7138 - - - - - -] security_group_rule is already registered
2026-04-07 04:02:23.067 7 INFO neutron.quota.resource_registry [None req-898658b7-e8c7-47a2-8741-4fe828dc7138 - - - - - -] Creating instance of TrackedResource for resource:subnetpool
2026-04-07 04:02:23.067 7 WARNING neutron.quota.resource_registry [None req-898658b7-e8c7-47a2-8741-4fe828dc7138 - - - - - -] subnetpool is already registered
2026-04-07 04:02:23.067 7 INFO neutron.quota.resource_registry [None req-898658b7-e8c7-47a2-8741-4fe828dc7138 - - - - - -] Creating instance of CountableResource for resource:trunk
2026-04-07 04:02:23.068 7 WARNING neutron.quota.resource_registry [None req-898658b7-e8c7-47a2-8741-4fe828dc7138 - - - - - -] trunk is already registered
2026-04-07 04:02:23.068 7 INFO neutron.quota.resource_registry [None req-898658b7-e8c7-47a2-8741-4fe828dc7138 - - - - - -] Creating instance of CountableResource for resource:ikepolicy
2026-04-07 04:02:23.068 7 WARNING neutron.quota.resource_registry [None req-898658b7-e8c7-47a2-8741-4fe828dc7138 - - - - - -] ikepolicy is already registered
2026-04-07 04:02:23.068 7 INFO neutron.quota.resource_registry [None req-898658b7-e8c7-47a2-8741-4fe828dc7138 - - - - - -] Creating instance of CountableResource for resource:ipsecpolicy
2026-04-07 04:02:23.069 7 WARNING neutron.quota.resource_registry [None req-898658b7-e8c7-47a2-8741-4fe828dc7138 - - - - - -] ipsecpolicy is already registered
2026-04-07 04:02:23.069 7 INFO neutron.quota.resource_registry [None req-898658b7-e8c7-47a2-8741-4fe828dc7138 - - - - - -] Creating instance of CountableResource for resource:endpoint_group
2026-04-07 04:02:23.069 7 WARNING neutron.quota.resource_registry [None req-898658b7-e8c7-47a2-8741-4fe828dc7138 - - - - - -] endpoint_group is already registered
2026-04-07 04:02:23.069 7 INFO neutron.quota.resource_registry [None req-898658b7-e8c7-47a2-8741-4fe828dc7138 - - - - - -] Creating instance of CountableResource for resource:vpnservice
2026-04-07 04:02:23.070 7 WARNING neutron.quota.resource_registry [None req-898658b7-e8c7-47a2-8741-4fe828dc7138 - - - - - -] vpnservice is already registered
2026-04-07 04:02:23.070 7 INFO neutron.quota.resource_registry [None req-898658b7-e8c7-47a2-8741-4fe828dc7138 - - - - - -] Creating instance of CountableResource for resource:ipsec_site_connection
2026-04-07 04:02:23.070 7 WARNING neutron.quota.resource_registry [None req-898658b7-e8c7-47a2-8741-4fe828dc7138 - - - - - -] ipsec_site_connection is already registered
2026-04-07 04:02:23.070 7 INFO neutron.quota.resource_registry [None req-898658b7-e8c7-47a2-8741-4fe828dc7138 - - - - - -] Creating instance of CountableResource for resource:ipsecpolicy
2026-04-07 04:02:23.071 7 WARNING neutron.quota.resource_registry [None req-898658b7-e8c7-47a2-8741-4fe828dc7138 - - - - - -] ipsecpolicy is already registered
2026-04-07 04:02:23.071 7 INFO neutron.quota.resource_registry [None req-898658b7-e8c7-47a2-8741-4fe828dc7138 - - - - - -] Creating instance of CountableResource for resource:ikepolicy
2026-04-07 04:02:23.071 7 WARNING neutron.quota.resource_registry [None req-898658b7-e8c7-47a2-8741-4fe828dc7138 - - - - - -] ikepolicy is already registered
2026-04-07 04:02:23.082 8 WARNING neutron.plugins.ml2.drivers.ovn.mech_driver.mech_driver [None req-e41bd26e-34fe-439e-b8c4-abd27f31d32e - - - - - -] uWSGI must provide a start time using the configuration parameter "start-time %t" in the configuration file
2026-04-07 04:02:23.094 8 INFO neutron.db.ovn_hash_ring_db [None req-e41bd26e-34fe-439e-b8c4-abd27f31d32e - - - - - -] Nodes from host "neutron-server-5976648f8c-9zrkg" and group "mechanism_driver" removed from the Hash Ring created at
2026-04-07 04:02:23+00:00
2026-04-07 04:02:23.098 8 INFO neutron.db.ovn_hash_ring_db [None req-e41bd26e-34fe-439e-b8c4-abd27f31d32e - - - - - -] Node 16b0842c0d475eb3893970dc10b26325 from host "neutron-server-5976648f8c-9zrkg" and group "mechanism_driver" added to the Hash Ring
2026-04-07 04:02:23.107 7 WARNING keystonemiddleware._common.config [None req-898658b7-e8c7-47a2-8741-4fe828dc7138 - - - - - -] The option "audit_map_file" is not known to keystonemiddleware
2026-04-07 04:02:23.107 8 INFO neutron.plugins.ml2.drivers.ovn.mech_driver.mech_driver [None req-e41bd26e-34fe-439e-b8c4-abd27f31d32e - - - - - -] Hash Ring probing thread for node 16b0842c0d475eb3893970dc10b26325 has started
2026-04-07 04:02:23.108 8 INFO neutron.plugins.ml2.drivers.ovn.mech_driver.ovsdb.impl_idl_ovn [None req-e41bd26e-34fe-439e-b8c4-abd27f31d32e - - - - - -] Getting OvsdbNbOvnIdl for WorkerService with retry
2026-04-07 04:02:23.114 7 WARNING oslo_config.cfg [None req-898658b7-e8c7-47a2-8741-4fe828dc7138 - - - - - -] Deprecated: Option "auth_uri" from group "keystone_authtoken" is deprecated. Use option "www_authenticate_uri" from group "keystone_authtoken".
2026-04-07 04:02:23.131 7 WARNING neutron.plugins.ml2.drivers.ovn.mech_driver.mech_driver [None req-898658b7-e8c7-47a2-8741-4fe828dc7138 - - - - - -] uWSGI must provide a start time using the configuration parameter "start-time %t" in the configuration file
2026-04-07 04:02:23.137 8 INFO ovsdbapp.backend.ovs_idl.vlog [None req-e41bd26e-34fe-439e-b8c4-abd27f31d32e - - - - - -] tcp:10.97.71.230:6641: connecting...
2026-04-07 04:02:23.137 8 INFO ovsdbapp.backend.ovs_idl.vlog [None req-e41bd26e-34fe-439e-b8c4-abd27f31d32e - - - - - -] tcp:10.97.71.230:6641: connected
2026-04-07 04:02:23.144 7 INFO neutron.db.ovn_hash_ring_db [None req-898658b7-e8c7-47a2-8741-4fe828dc7138 - - - - - -] Nodes from host "neutron-server-5976648f8c-9zrkg" and group "mechanism_driver" removed from the Hash Ring created at
2026-04-07 04:02:23+00:00
2026-04-07 04:02:23.147 7 INFO neutron.db.ovn_hash_ring_db [None req-898658b7-e8c7-47a2-8741-4fe828dc7138 - - - - - -] Node 88609794d5a959f4bb808f1f65d5a424 from host "neutron-server-5976648f8c-9zrkg" and group "mechanism_driver" added to the Hash Ring
2026-04-07 04:02:23.154 7 INFO neutron.plugins.ml2.drivers.ovn.mech_driver.mech_driver [None req-898658b7-e8c7-47a2-8741-4fe828dc7138 - - - - - -] Hash Ring probing thread for node 88609794d5a959f4bb808f1f65d5a424 has started
2026-04-07 04:02:23.154 7 INFO neutron.plugins.ml2.drivers.ovn.mech_driver.ovsdb.impl_idl_ovn [None req-898658b7-e8c7-47a2-8741-4fe828dc7138 - - - - - -] Getting OvsdbNbOvnIdl for WorkerService with retry
2026-04-07 04:02:23.175 8 INFO neutron.plugins.ml2.drivers.ovn.mech_driver.ovsdb.impl_idl_ovn [None req-e41bd26e-34fe-439e-b8c4-abd27f31d32e - - - - - -] Getting OvsdbSbOvnIdl for WorkerService with retry
2026-04-07 04:02:23.195 7 INFO ovsdbapp.backend.ovs_idl.vlog [None req-898658b7-e8c7-47a2-8741-4fe828dc7138 - - - - - -] tcp:10.97.71.230:6641: connecting...
2026-04-07 04:02:23.195 7 INFO ovsdbapp.backend.ovs_idl.vlog [None req-898658b7-e8c7-47a2-8741-4fe828dc7138 - - - - - -] tcp:10.97.71.230:6641: connected
2026-04-07 04:02:23.196 8 INFO ovsdbapp.backend.ovs_idl.vlog [None req-e41bd26e-34fe-439e-b8c4-abd27f31d32e - - - - - -] tcp:10.109.10.94:6642: connecting...
2026-04-07 04:02:23.197 8 INFO ovsdbapp.backend.ovs_idl.vlog [None req-e41bd26e-34fe-439e-b8c4-abd27f31d32e - - - - - -] tcp:10.109.10.94:6642: connected
2026-04-07 04:02:23.227 7 INFO neutron.plugins.ml2.drivers.ovn.mech_driver.ovsdb.impl_idl_ovn [None req-898658b7-e8c7-47a2-8741-4fe828dc7138 - - - - - -] Getting OvsdbSbOvnIdl for WorkerService with retry
2026-04-07 04:02:23.229 8 INFO neutron.plugins.ml2.drivers.ovn.mech_driver.mech_driver [None req-e41bd26e-34fe-439e-b8c4-abd27f31d32e - - - - - -] WorkerService process has finished the post initialization
2026-04-07 04:02:23.230 8 INFO neutron.plugins.ml2.drivers.ovn.mech_driver.ovsdb.extensions.qos [-] Starting OVNClientQosExtension
2026-04-07 04:02:23.231 8 INFO neutron.plugins.ml2.drivers.ovn.mech_driver.ovsdb.extensions.placement [-] Starting OVNClientPlacementExtension
2026-04-07 04:02:23.247 7 INFO ovsdbapp.backend.ovs_idl.vlog [None req-898658b7-e8c7-47a2-8741-4fe828dc7138 - - - - - -] tcp:10.109.10.94:6642: connecting...
2026-04-07 04:02:23.247 7 INFO ovsdbapp.backend.ovs_idl.vlog [None req-898658b7-e8c7-47a2-8741-4fe828dc7138 - - - - - -] tcp:10.109.10.94:6642: connected
2026-04-07 04:02:23.256 8 INFO ovsdbapp.backend.ovs_idl.vlog [None req-e41bd26e-34fe-439e-b8c4-abd27f31d32e - - - - - -] tcp:10.97.71.230:6641: connecting...
2026-04-07 04:02:23.256 8 INFO ovsdbapp.backend.ovs_idl.vlog [None req-e41bd26e-34fe-439e-b8c4-abd27f31d32e - - - - - -] tcp:10.97.71.230:6641: connected
2026-04-07 04:02:23.275 7 INFO neutron.plugins.ml2.drivers.ovn.mech_driver.mech_driver [None req-898658b7-e8c7-47a2-8741-4fe828dc7138 - - - - - -] WorkerService process has finished the post initialization
2026-04-07 04:02:23.292 7 INFO ovsdbapp.backend.ovs_idl.vlog [None req-898658b7-e8c7-47a2-8741-4fe828dc7138 - - - - - -] tcp:10.97.71.230:6641: connecting...
2026-04-07 04:02:23.292 7 INFO ovsdbapp.backend.ovs_idl.vlog [None req-898658b7-e8c7-47a2-8741-4fe828dc7138 - - - - - -] tcp:10.97.71.230:6641: connected
2026-04-07 04:02:23.296 8 INFO ovsdbapp.backend.ovs_idl.vlog [None req-e41bd26e-34fe-439e-b8c4-abd27f31d32e - - - - - -] tcp:10.97.71.230:6641: connecting...
2026-04-07 04:02:23.296 8 INFO ovsdbapp.backend.ovs_idl.vlog [None req-e41bd26e-34fe-439e-b8c4-abd27f31d32e - - - - - -] tcp:10.97.71.230:6641: connected WSGI app 0 (mountpoint='') ready in 9 seconds on interpreter 0x7fa622943668 pid: 8 (default app)
2026-04-07 04:02:23.330 7 INFO ovsdbapp.backend.ovs_idl.vlog [None req-898658b7-e8c7-47a2-8741-4fe828dc7138 - - - - - -] tcp:10.97.71.230:6641: connecting...
2026-04-07 04:02:23.331 7 INFO ovsdbapp.backend.ovs_idl.vlog [None req-898658b7-e8c7-47a2-8741-4fe828dc7138 - - - - - -] tcp:10.97.71.230:6641: connected WSGI app 0 (mountpoint='') ready in 9 seconds on interpreter 0x7fa622943668 pid: 7 (default app) /var/lib/openstack/lib/python3.12/site-packages/pycadf/identifier.py:70: UserWarning: Invalid uuid: unknown. To ensure interoperability, identifiers should be a valid uuid. warnings.warn(('Invalid uuid: %s. To ensure interoperability, '
2026-04-07 04:02:25.123 8 INFO neutron.pecan_wsgi.hooks.translation [None req-ae9429cb-3260-4b21-9741-7ab4ab89ddf9 6c9c9a6fd604479dae305972a99e79e0 d07b06b8229d4d0e8217cab4d3d67632 - - default default] GET failed (client error): The resource could not be found. [pid: 8|app: 0|req: 3/3] 199.204.45.109 () {44 vars in 928 bytes} [Tue Apr 7 04:02:24 2026] GET /v2.0/networks/public => generated 108 bytes in 782 msecs (HTTP/1.1 404) 4 headers in 164 bytes (1 switches on core 0) /var/lib/openstack/lib/python3.12/site-packages/pycadf/identifier.py:70: UserWarning: Invalid uuid: unknown. To ensure interoperability, identifiers should be a valid uuid. warnings.warn(('Invalid uuid: %s. To ensure interoperability, ' [pid: 7|app: 0|req: 1/4] 199.204.45.109 () {44 vars in 950 bytes} [Tue Apr 7 04:02:25 2026] GET /v2.0/networks?name=public => generated 15 bytes in 393 msecs (HTTP/1.1 200) 4 headers in 156 bytes (1 switches on core 0)
2026-04-07 04:02:25.884 8 INFO neutron.db.ovn_revision_numbers_db [None req-6aec747b-f44a-4571-9657-a5beab8f6e0d 6c9c9a6fd604479dae305972a99e79e0 d07b06b8229d4d0e8217cab4d3d67632 - - default default] Successfully bumped revision number for resource cd06749b-8580-4c6a-a8a5-034f50565e23 (type: security_groups) to 1
2026-04-07 04:02:25.898 8 INFO neutron.db.ovn_revision_numbers_db [None req-6aec747b-f44a-4571-9657-a5beab8f6e0d 6c9c9a6fd604479dae305972a99e79e0 d07b06b8229d4d0e8217cab4d3d67632 - - default default] Successfully bumped revision number for resource 761e0beb-08ca-4654-99d2-c3ffcf327a3b (type: security_group_rules) to 0
2026-04-07 04:02:25.908 8 INFO neutron.db.ovn_revision_numbers_db [None req-6aec747b-f44a-4571-9657-a5beab8f6e0d 6c9c9a6fd604479dae305972a99e79e0 d07b06b8229d4d0e8217cab4d3d67632 - - default default] Successfully bumped revision number for resource 7d51c893-9121-4211-af91-681348160d73 (type: security_group_rules) to 0
2026-04-07 04:02:25.919 8 INFO neutron.db.ovn_revision_numbers_db [None req-6aec747b-f44a-4571-9657-a5beab8f6e0d 6c9c9a6fd604479dae305972a99e79e0 d07b06b8229d4d0e8217cab4d3d67632 - - default default] Successfully bumped revision number for resource 96917796-012e-487d-9f20-97488b088cc3 (type: security_group_rules) to 0
2026-04-07 04:02:25.943 8 INFO neutron.db.ovn_revision_numbers_db [None req-6aec747b-f44a-4571-9657-a5beab8f6e0d 6c9c9a6fd604479dae305972a99e79e0 d07b06b8229d4d0e8217cab4d3d67632 - - default default] Successfully bumped revision number for resource bd64f9f3-d988-472e-8e50-35c8354643af (type: security_group_rules) to 0
2026-04-07 04:02:26.019 8 WARNING neutron.services.revisions.revision_plugin [None req-6aec747b-f44a-4571-9657-a5beab8f6e0d 6c9c9a6fd604479dae305972a99e79e0 d07b06b8229d4d0e8217cab4d3d67632 - - default default] Could not find related network for resource to bump revision.
2026-04-07 04:02:26.043 8 INFO neutron.db.segments_db [None req-6aec747b-f44a-4571-9657-a5beab8f6e0d 6c9c9a6fd604479dae305972a99e79e0 d07b06b8229d4d0e8217cab4d3d67632 - - default default] Added segment f4c115fe-2750-4707-8687-627c43e07d9b of type flat for network f978d8f7-c7ea-4364-97fa-1f8da6916a8b
2026-04-07 04:02:26.198 7 INFO neutron.plugins.ml2.drivers.ovn.mech_driver.mech_driver [-] OVN reports status down for port: provnet-f4c115fe-2750-4707-8687-627c43e07d9b
2026-04-07 04:02:26.220 8 INFO neutron.db.ovn_revision_numbers_db [None req-6aec747b-f44a-4571-9657-a5beab8f6e0d 6c9c9a6fd604479dae305972a99e79e0 d07b06b8229d4d0e8217cab4d3d67632 - - default default] Successfully bumped revision number for resource f978d8f7-c7ea-4364-97fa-1f8da6916a8b (type: networks) to 1
2026-04-07 04:02:26.448 8 WARNING neutron.scheduler.dhcp_agent_scheduler [None req-6aec747b-f44a-4571-9657-a5beab8f6e0d 6c9c9a6fd604479dae305972a99e79e0 d07b06b8229d4d0e8217cab4d3d67632 - - default default] No more DHCP agents
2026-04-07 04:02:26.449 8 WARNING neutron.api.rpc.agentnotifiers.dhcp_rpc_agent_api [None req-6aec747b-f44a-4571-9657-a5beab8f6e0d 6c9c9a6fd604479dae305972a99e79e0 d07b06b8229d4d0e8217cab4d3d67632 - - default default] Unable to schedule network f978d8f7-c7ea-4364-97fa-1f8da6916a8b: no agents available; will retry on subsequent port and subnet creation events.
2026-04-07 04:02:26.517 7 INFO neutron.plugins.ml2.drivers.ovn.mech_driver.mech_driver [None req-1851f369-ed5d-43fb-86b8-14a41c6d4679 - - - - - -] OVN reports status down for port: 90631665-4382-433e-966a-66f50b84efb4
2026-04-07 04:02:26.566 8 INFO neutron.db.ovn_revision_numbers_db [None req-6aec747b-f44a-4571-9657-a5beab8f6e0d 6c9c9a6fd604479dae305972a99e79e0 d07b06b8229d4d0e8217cab4d3d67632 - - default default] Successfully bumped revision number for resource 90631665-4382-433e-966a-66f50b84efb4 (type: ports) to 1 [pid: 8|app: 0|req: 4/5] 199.204.45.109 () {48 vars in 968 bytes} [Tue Apr 7 04:02:25 2026] POST /v2.0/networks => generated 744 bytes in 1069 msecs (HTTP/1.1 201) 4 headers in 162 bytes (1 switches on core 0)
2026-04-07 04:02:26.604 7 INFO neutron.plugins.ml2.drivers.ovn.mech_driver.ovsdb.extensions.qos [None req-1851f369-ed5d-43fb-86b8-14a41c6d4679 - - - - - -] Starting OVNClientQosExtension
2026-04-07 04:02:26.604 7 INFO neutron.plugins.ml2.drivers.ovn.mech_driver.ovsdb.extensions.placement [None req-1851f369-ed5d-43fb-86b8-14a41c6d4679 - - - - - -] Starting OVNClientPlacementExtension
2026-04-07 04:02:27.874 7 INFO neutron.pecan_wsgi.hooks.translation [None req-0710ece1-f367-46b3-8b56-335844afde73 6c9c9a6fd604479dae305972a99e79e0 d07b06b8229d4d0e8217cab4d3d67632 - - default default] GET failed (client error): The resource could not be found. [pid: 7|app: 0|req: 2/7] 199.204.45.109 () {44 vars in 928 bytes} [Tue Apr 7 04:02:27 2026] GET /v2.0/networks/public => generated 108 bytes in 365 msecs (HTTP/1.1 404) 4 headers in 164 bytes (1 switches on core 0) [pid: 8|app: 0|req: 6/8] 199.204.45.109 () {44 vars in 950 bytes} [Tue Apr 7 04:02:27 2026] GET /v2.0/networks?name=public => generated 753 bytes in 263 msecs (HTTP/1.1 200) 4 headers in 157 bytes (1 switches on core 0)
2026-04-07 04:02:28.173 7 INFO neutron.pecan_wsgi.hooks.translation [None req-64b22428-93b6-42d2-8a75-5487c370b173 6c9c9a6fd604479dae305972a99e79e0 d07b06b8229d4d0e8217cab4d3d67632 - - default default] GET failed (client error): The resource could not be found. [pid: 7|app: 0|req: 3/9] 199.204.45.109 () {44 vars in 1035 bytes} [Tue Apr 7 04:02:28 2026] GET /v2.0/subnets/public-subnet?network_id=f978d8f7-c7ea-4364-97fa-1f8da6916a8b => generated 113 bytes in 21 msecs (HTTP/1.1 404) 4 headers in 164 bytes (1 switches on core 0) [pid: 8|app: 0|req: 7/10] 199.204.45.109 () {44 vars in 1058 bytes} [Tue Apr 7 04:02:28 2026] GET /v2.0/subnets?name=public-subnet&network_id=f978d8f7-c7ea-4364-97fa-1f8da6916a8b => generated 14 bytes in 23 msecs (HTTP/1.1 200) 4 headers in 156 bytes (1 switches on core 0)
2026-04-07 04:02:28.698 7 WARNING neutron.scheduler.dhcp_agent_scheduler [None req-b5913452-cb60-49af-9a88-417cb348e507 6c9c9a6fd604479dae305972a99e79e0 d07b06b8229d4d0e8217cab4d3d67632 - - default default] No more DHCP agents
2026-04-07 04:02:28.700 7 WARNING neutron.api.rpc.agentnotifiers.dhcp_rpc_agent_api [None req-b5913452-cb60-49af-9a88-417cb348e507 6c9c9a6fd604479dae305972a99e79e0 d07b06b8229d4d0e8217cab4d3d67632 - - default default] Unable to schedule network f978d8f7-c7ea-4364-97fa-1f8da6916a8b: no agents available; will retry on subsequent port and subnet creation events.
2026-04-07 04:02:29.467 7 INFO neutron.db.ovn_revision_numbers_db [None req-5d1594a0-0c33-499f-9df8-4afc8f2de0b6 - - - - - -] Successfully bumped revision number for resource 90631665-4382-433e-966a-66f50b84efb4 (type: ports) to 2
2026-04-07 04:02:29.503 7 INFO neutron.db.ovn_revision_numbers_db [None req-5d1594a0-0c33-499f-9df8-4afc8f2de0b6 - - - - - -] Successfully bumped revision number for resource 03f6a390-6477-40f8-a2c8-ea3ad8e25917 (type: subnets) to 0 [pid: 7|app: 0|req: 4/11] 199.204.45.109 () {48 vars in 966 bytes} [Tue Apr 7 04:02:28 2026] POST /v2.0/subnets => generated 664 bytes in 1318 msecs (HTTP/1.1 201) 4 headers in 162 bytes (1 switches on core 0)
2026-04-07 04:07:16.278 8 INFO neutron.pecan_wsgi.hooks.translation [None req-bb604c77-ccde-48f2-bbf4-d82098dbc82d 6c9c9a6fd604479dae305972a99e79e0 d07b06b8229d4d0e8217cab4d3d67632 - - default default] GET failed (client error): The resource could not be found. [pid: 8|app: 0|req: 26/47] 199.204.45.109 () {44 vars in 938 bytes} [Tue Apr 7 04:07:16 2026] GET /v2.0/networks/lb-mgmt-net => generated 113 bytes in 155 msecs (HTTP/1.1 404) 4 headers in 164 bytes (1 switches on core 0) [pid: 7|app: 0|req: 22/48] 199.204.45.109 () {44 vars in 960 bytes} [Tue Apr 7 04:07:16 2026] GET /v2.0/networks?name=lb-mgmt-net => generated 15 bytes in 19 msecs (HTTP/1.1 200) 4 headers in 156 bytes (1 switches on core 0)
2026-04-07 04:07:16.390 8 INFO neutron.db.segments_db [None req-85faf69d-b062-463e-9449-ec698ad2936e 6c9c9a6fd604479dae305972a99e79e0 d07b06b8229d4d0e8217cab4d3d67632 - - default default] Added segment c8d4a0c8-3612-48f9-b406-8ffbe604b73f of type geneve for network 953e4657-df28-4482-a113-cb24d34c1e54
2026-04-07 04:07:16.522 8 INFO neutron.db.ovn_revision_numbers_db [None req-85faf69d-b062-463e-9449-ec698ad2936e 6c9c9a6fd604479dae305972a99e79e0 d07b06b8229d4d0e8217cab4d3d67632 - - default default] Successfully bumped revision number for resource 953e4657-df28-4482-a113-cb24d34c1e54 (type: networks) to 1
2026-04-07 04:07:16.669 8 WARNING neutron.scheduler.dhcp_agent_scheduler [None req-85faf69d-b062-463e-9449-ec698ad2936e 6c9c9a6fd604479dae305972a99e79e0 d07b06b8229d4d0e8217cab4d3d67632 - - default default] No more DHCP agents
