Mar 30 12:20:52.316879 np0000161224 neutron-periodic-workers[104100]: DEBUG cotyledon.oslo_config_glue [-] ml2.project_network_types = ['geneve'] {{(pid=104100) log_opt_values /opt/stack/data/venv/lib/python3.12/site-packages/oslo_config/cfg.py:3006}}
Mar 30 12:20:52.316879 np0000161224 neutron-periodic-workers[104100]: DEBUG cotyledon.oslo_config_glue [-] ml2.tunnelled_network_rp_name = rp_tunnelled {{(pid=104100) log_opt_values /opt/stack/data/venv/lib/python3.12/site-packages/oslo_config/cfg.py:3006}}
Mar 30 12:20:52.316879 np0000161224 neutron-periodic-workers[104100]: DEBUG cotyledon.oslo_config_glue [-] ml2.type_drivers = ['local', 'flat', 'vlan', 'geneve'] {{(pid=104100) log_opt_values /opt/stack/data/venv/lib/python3.12/site-packages/oslo_config/cfg.py:3006}}
Mar 30 12:20:52.317349 np0000161224 neutron-periodic-workers[104100]: DEBUG cotyledon.oslo_config_glue [-] ml2_type_flat.flat_networks = ['public'] {{(pid=104100) log_opt_values /opt/stack/data/venv/lib/python3.12/site-packages/oslo_config/cfg.py:3006}}
Mar 30 12:20:52.317349 np0000161224 neutron-periodic-workers[104100]: DEBUG cotyledon.oslo_config_glue [-] ml2_type_geneve.max_header_size = 38 {{(pid=104100) log_opt_values /opt/stack/data/venv/lib/python3.12/site-packages/oslo_config/cfg.py:3006}}
Mar 30 12:20:52.317349 np0000161224 neutron-periodic-workers[104100]: DEBUG cotyledon.oslo_config_glue [-] ml2_type_geneve.vni_ranges = ['1:65536'] {{(pid=104100) log_opt_values /opt/stack/data/venv/lib/python3.12/site-packages/oslo_config/cfg.py:3006}}
Mar 30 12:20:52.317349 np0000161224 neutron-periodic-workers[104100]: DEBUG cotyledon.oslo_config_glue [-] ml2_type_vlan.network_vlan_ranges = ['public'] {{(pid=104100) log_opt_values /opt/stack/data/venv/lib/python3.12/site-packages/oslo_config/cfg.py:3006}}
Mar 30 12:20:52.317349 np0000161224 neutron-periodic-workers[104100]: DEBUG cotyledon.oslo_config_glue [-] network_log.burst_limit = 25 {{(pid=104100) log_opt_values /opt/stack/data/venv/lib/python3.12/site-packages/oslo_config/cfg.py:3006}}
Mar 30 12:20:52.317349 np0000161224 neutron-periodic-workers[104100]: DEBUG cotyledon.oslo_config_glue [-] network_log.local_output_log_base = None {{(pid=104100) log_opt_values /opt/stack/data/venv/lib/python3.12/site-packages/oslo_config/cfg.py:3006}}
Mar 30 12:20:52.317349 np0000161224 neutron-periodic-workers[104100]: DEBUG cotyledon.oslo_config_glue [-] network_log.rate_limit = 100 {{(pid=104100) log_opt_values /opt/stack/data/venv/lib/python3.12/site-packages/oslo_config/cfg.py:3006}}
Mar 30 12:20:52.317349 np0000161224 neutron-periodic-workers[104100]: DEBUG cotyledon.oslo_config_glue [-] database.asyncio_connection = **** {{(pid=104100) log_opt_values /opt/stack/data/venv/lib/python3.12/site-packages/oslo_config/cfg.py:3006}}
Mar 30 12:20:52.317349 np0000161224 neutron-periodic-workers[104100]: DEBUG cotyledon.oslo_config_glue [-] database.asyncio_slave_connection = **** {{(pid=104100) log_opt_values /opt/stack/data/venv/lib/python3.12/site-packages/oslo_config/cfg.py:3006}}
Mar 30 12:20:52.318148 np0000161224 neutron-periodic-workers[104100]: DEBUG cotyledon.oslo_config_glue [-] database.backend = sqlalchemy {{(pid=104100) log_opt_values /opt/stack/data/venv/lib/python3.12/site-packages/oslo_config/cfg.py:3006}}
Mar 30 12:20:52.318148 np0000161224 neutron-periodic-workers[104100]: DEBUG cotyledon.oslo_config_glue [-] database.connection = **** {{(pid=104100) log_opt_values /opt/stack/data/venv/lib/python3.12/site-packages/oslo_config/cfg.py:3006}}
Mar 30 12:20:52.318148 np0000161224 neutron-periodic-workers[104100]: DEBUG cotyledon.oslo_config_glue [-] database.connection_debug = 0 {{(pid=104100) log_opt_values /opt/stack/data/venv/lib/python3.12/site-packages/oslo_config/cfg.py:3006}}
Mar 30 12:20:52.318148 np0000161224 neutron-periodic-workers[104100]: DEBUG cotyledon.oslo_config_glue [-] database.connection_parameters = {{(pid=104100) log_opt_values /opt/stack/data/venv/lib/python3.12/site-packages/oslo_config/cfg.py:3006}}
Mar 30 12:20:52.318148 np0000161224 neutron-periodic-workers[104100]: DEBUG cotyledon.oslo_config_glue [-] database.connection_recycle_time = 3600 {{(pid=104100) log_opt_values /opt/stack/data/venv/lib/python3.12/site-packages/oslo_config/cfg.py:3006}}
Mar 30 12:20:52.318148 np0000161224 neutron-periodic-workers[104100]: DEBUG cotyledon.oslo_config_glue [-] database.connection_trace = False {{(pid=104100) log_opt_values /opt/stack/data/venv/lib/python3.12/site-packages/oslo_config/cfg.py:3006}}
Mar 30 12:20:52.318148 np0000161224 neutron-periodic-workers[104100]: DEBUG cotyledon.oslo_config_glue [-] database.db_inc_retry_interval = True {{(pid=104100) log_opt_values /opt/stack/data/venv/lib/python3.12/site-packages/oslo_config/cfg.py:3006}}
Mar 30 12:20:52.318148 np0000161224 neutron-periodic-workers[104100]: DEBUG cotyledon.oslo_config_glue [-] database.db_max_retries = 20 {{(pid=104100) log_opt_values /opt/stack/data/venv/lib/python3.12/site-packages/oslo_config/cfg.py:3006}}
Mar 30 12:20:52.318148 np0000161224 neutron-periodic-workers[104100]: DEBUG cotyledon.oslo_config_glue [-] database.db_max_retry_interval = 10 {{(pid=104100) log_opt_values /opt/stack/data/venv/lib/python3.12/site-packages/oslo_config/cfg.py:3006}}
Mar 30 12:20:52.318430 np0000161224 neutron-periodic-workers[104100]: DEBUG cotyledon.oslo_config_glue [-] database.db_retry_interval = 1 {{(pid=104100) log_opt_values /opt/stack/data/venv/lib/python3.12/site-packages/oslo_config/cfg.py:3006}}
Mar 30 12:20:52.318430 np0000161224 neutron-periodic-workers[104100]: DEBUG cotyledon.oslo_config_glue [-] database.max_overflow = 50 {{(pid=104100) log_opt_values /opt/stack/data/venv/lib/python3.12/site-packages/oslo_config/cfg.py:3006}}
Mar 30 12:20:52.318430 np0000161224 neutron-periodic-workers[104100]: DEBUG cotyledon.oslo_config_glue [-] database.max_pool_size = 5 {{(pid=104100) log_opt_values /opt/stack/data/venv/lib/python3.12/site-packages/oslo_config/cfg.py:3006}}
Mar 30 12:20:52.318430 np0000161224 neutron-periodic-workers[104100]: DEBUG cotyledon.oslo_config_glue [-] database.max_retries = 10 {{(pid=104100) log_opt_values /opt/stack/data/venv/lib/python3.12/site-packages/oslo_config/cfg.py:3006}}
Mar 30 12:20:52.318430 np0000161224 neutron-periodic-workers[104100]: DEBUG cotyledon.oslo_config_glue [-] database.mysql_sql_mode = TRADITIONAL {{(pid=104100) log_opt_values /opt/stack/data/venv/lib/python3.12/site-packages/oslo_config/cfg.py:3006}}
Mar 30 12:20:52.318430 np0000161224 neutron-periodic-workers[104100]: DEBUG cotyledon.oslo_config_glue [-] database.mysql_wsrep_sync_wait = None {{(pid=104100) log_opt_values /opt/stack/data/venv/lib/python3.12/site-packages/oslo_config/cfg.py:3006}}
Mar 30 12:20:52.318430 np0000161224 neutron-periodic-workers[104100]: DEBUG cotyledon.oslo_config_glue [-] database.pool_timeout = None {{(pid=104100) log_opt_values /opt/stack/data/venv/lib/python3.12/site-packages/oslo_config/cfg.py:3006}}
Mar 30 12:20:52.318430 np0000161224 neutron-periodic-workers[104100]: DEBUG cotyledon.oslo_config_glue [-] database.retry_interval = 10 {{(pid=104100) log_opt_values /opt/stack/data/venv/lib/python3.12/site-packages/oslo_config/cfg.py:3006}}
Mar 30 12:20:52.318430 np0000161224 neutron-periodic-workers[104100]: DEBUG cotyledon.oslo_config_glue [-] database.slave_connection = **** {{(pid=104100) log_opt_values /opt/stack/data/venv/lib/python3.12/site-packages/oslo_config/cfg.py:3006}}
Mar 30 12:20:52.318798 np0000161224 neutron-periodic-workers[104100]: DEBUG cotyledon.oslo_config_glue [-] database.sqlite_synchronous = True {{(pid=104100) log_opt_values /opt/stack/data/venv/lib/python3.12/site-packages/oslo_config/cfg.py:3006}}
Mar 30 12:20:52.318798 np0000161224 neutron-periodic-workers[104100]: DEBUG cotyledon.oslo_config_glue [-] database.synchronous_reader = True {{(pid=104100) log_opt_values /opt/stack/data/venv/lib/python3.12/site-packages/oslo_config/cfg.py:3006}}
Mar 30 12:20:52.318798 np0000161224 neutron-periodic-workers[104100]: DEBUG cotyledon.oslo_config_glue [-] database.use_db_reconnect = False {{(pid=104100) log_opt_values /opt/stack/data/venv/lib/python3.12/site-packages/oslo_config/cfg.py:3006}}
Mar 30 12:20:52.318798 np0000161224 neutron-periodic-workers[104100]: DEBUG cotyledon.oslo_config_glue [-] ovn.bfd_min_rx = 1000 {{(pid=104100) log_opt_values /opt/stack/data/venv/lib/python3.12/site-packages/oslo_config/cfg.py:3006}}
Mar 30 12:20:52.318798 np0000161224 neutron-periodic-workers[104100]: DEBUG cotyledon.oslo_config_glue [-] ovn.bfd_min_tx = 100 {{(pid=104100) log_opt_values /opt/stack/data/venv/lib/python3.12/site-packages/oslo_config/cfg.py:3006}}
Mar 30 12:20:52.318798 np0000161224 neutron-periodic-workers[104100]: DEBUG cotyledon.oslo_config_glue [-] ovn.bfd_mult = 3 {{(pid=104100) log_opt_values /opt/stack/data/venv/lib/python3.12/site-packages/oslo_config/cfg.py:3006}}
Mar 30 12:20:52.318798 np0000161224 neutron-periodic-workers[104100]: DEBUG cotyledon.oslo_config_glue [-] ovn.broadcast_arps_to_all_routers = True {{(pid=104100) log_opt_values /opt/stack/data/venv/lib/python3.12/site-packages/oslo_config/cfg.py:3006}}
Mar 30 12:20:52.318798 np0000161224 neutron-periodic-workers[104100]: DEBUG cotyledon.oslo_config_glue [-] ovn.dhcp_default_lease_time = 43200 {{(pid=104100) log_opt_values /opt/stack/data/venv/lib/python3.12/site-packages/oslo_config/cfg.py:3006}}
Mar 30 12:20:52.318798 np0000161224 neutron-periodic-workers[104100]: DEBUG cotyledon.oslo_config_glue [-] ovn.disable_ovn_dhcp_for_baremetal_ports = False {{(pid=104100) log_opt_values /opt/stack/data/venv/lib/python3.12/site-packages/oslo_config/cfg.py:3006}}
Mar 30 12:20:52.319205 np0000161224 neutron-periodic-workers[104100]: DEBUG cotyledon.oslo_config_glue [-] ovn.dns_records_ovn_owned = False {{(pid=104100) log_opt_values /opt/stack/data/venv/lib/python3.12/site-packages/oslo_config/cfg.py:3006}}
Mar 30 12:20:52.319205 np0000161224 neutron-periodic-workers[104100]: DEBUG cotyledon.oslo_config_glue [-] ovn.dns_servers = [] {{(pid=104100) log_opt_values /opt/stack/data/venv/lib/python3.12/site-packages/oslo_config/cfg.py:3006}}
Mar 30 12:20:52.319205 np0000161224 neutron-periodic-workers[104100]: DEBUG cotyledon.oslo_config_glue [-] ovn.enable_distributed_floating_ip = False {{(pid=104100) log_opt_values /opt/stack/data/venv/lib/python3.12/site-packages/oslo_config/cfg.py:3006}}
Mar 30 12:20:52.319205 np0000161224 neutron-periodic-workers[104100]: DEBUG cotyledon.oslo_config_glue [-] ovn.fdb_age_threshold = 300 {{(pid=104100) log_opt_values /opt/stack/data/venv/lib/python3.12/site-packages/oslo_config/cfg.py:3006}}
Mar 30 12:20:52.319205 np0000161224 neutron-periodic-workers[104100]: DEBUG cotyledon.oslo_config_glue [-] ovn.ha_failover_strategy = normal {{(pid=104100) log_opt_values /opt/stack/data/venv/lib/python3.12/site-packages/oslo_config/cfg.py:3006}}
Mar 30 12:20:52.319205 np0000161224 neutron-periodic-workers[104100]: DEBUG cotyledon.oslo_config_glue [-] ovn.live_migration_activation_strategy = rarp {{(pid=104100) log_opt_values /opt/stack/data/venv/lib/python3.12/site-packages/oslo_config/cfg.py:3006}}
Mar 30 12:20:52.319205 np0000161224 neutron-periodic-workers[104100]: DEBUG cotyledon.oslo_config_glue [-] ovn.localnet_learn_fdb = False {{(pid=104100) log_opt_values /opt/stack/data/venv/lib/python3.12/site-packages/oslo_config/cfg.py:3006}}
Mar 30 12:20:52.319205 np0000161224 neutron-periodic-workers[104100]: DEBUG cotyledon.oslo_config_glue [-] ovn.mac_binding_age_threshold = 300 {{(pid=104100) log_opt_values /opt/stack/data/venv/lib/python3.12/site-packages/oslo_config/cfg.py:3006}}
Mar 30 12:20:52.319205 np0000161224 neutron-periodic-workers[104100]: DEBUG cotyledon.oslo_config_glue [-] ovn.neutron_sync_mode = log {{(pid=104100) log_opt_values /opt/stack/data/venv/lib/python3.12/site-packages/oslo_config/cfg.py:3006}}
Mar 30 12:20:52.319718 np0000161224 neutron-periodic-workers[104100]: DEBUG cotyledon.oslo_config_glue [-] ovn.ovn_dhcp4_global_options = {} {{(pid=104100) log_opt_values /opt/stack/data/venv/lib/python3.12/site-packages/oslo_config/cfg.py:3006}}
Mar 30 12:20:52.319718 np0000161224 neutron-periodic-workers[104100]: DEBUG cotyledon.oslo_config_glue [-] ovn.ovn_dhcp6_global_options = {} {{(pid=104100) log_opt_values /opt/stack/data/venv/lib/python3.12/site-packages/oslo_config/cfg.py:3006}}
Mar 30 12:20:52.319718 np0000161224 neutron-periodic-workers[104100]: DEBUG cotyledon.oslo_config_glue [-] ovn.ovn_l3_scheduler = leastloaded {{(pid=104100) log_opt_values /opt/stack/data/venv/lib/python3.12/site-packages/oslo_config/cfg.py:3006}}
Mar 30 12:20:52.319718 np0000161224 neutron-periodic-workers[104100]: DEBUG cotyledon.oslo_config_glue [-] ovn.ovn_metadata_enabled = True {{(pid=104100) log_opt_values /opt/stack/data/venv/lib/python3.12/site-packages/oslo_config/cfg.py:3006}}
Mar 30 12:20:52.319718 np0000161224 neutron-periodic-workers[104100]: DEBUG cotyledon.oslo_config_glue [-] ovn.ovn_nb_ca_cert = /opt/stack/data/CA/int-ca/ca-chain.pem {{(pid=104100) log_opt_values /opt/stack/data/venv/lib/python3.12/site-packages/oslo_config/cfg.py:3006}}
Mar 30 12:20:52.319718 np0000161224 neutron-periodic-workers[104100]: DEBUG cotyledon.oslo_config_glue [-] ovn.ovn_nb_certificate = /opt/stack/data/CA/int-ca/devstack-cert.crt {{(pid=104100) log_opt_values /opt/stack/data/venv/lib/python3.12/site-packages/oslo_config/cfg.py:3006}}
Mar 30 12:20:52.319718 np0000161224 neutron-periodic-workers[104100]: DEBUG cotyledon.oslo_config_glue [-] ovn.ovn_nb_connection = ['ssl:199.204.45.33:6641'] {{(pid=104100) log_opt_values /opt/stack/data/venv/lib/python3.12/site-packages/oslo_config/cfg.py:3006}}
Mar 30 12:20:52.319718 np0000161224 neutron-periodic-workers[104100]: DEBUG cotyledon.oslo_config_glue [-] ovn.ovn_nb_private_key = /opt/stack/data/CA/int-ca/private/devstack-cert.key {{(pid=104100) log_opt_values /opt/stack/data/venv/lib/python3.12/site-packages/oslo_config/cfg.py:3006}}
Mar 30 12:20:52.320029 np0000161224 neutron-periodic-workers[104100]: DEBUG cotyledon.oslo_config_glue [-] ovn.ovn_router_indirect_snat = False {{(pid=104100) log_opt_values /opt/stack/data/venv/lib/python3.12/site-packages/oslo_config/cfg.py:3006}}
Mar 30 12:20:52.320029 np0000161224 neutron-periodic-workers[104100]: DEBUG cotyledon.oslo_config_glue [-] ovn.ovn_sb_ca_cert = /opt/stack/data/CA/int-ca/ca-chain.pem {{(pid=104100) log_opt_values /opt/stack/data/venv/lib/python3.12/site-packages/oslo_config/cfg.py:3006}}
Mar 30 12:20:52.320029 np0000161224 neutron-periodic-workers[104100]: DEBUG cotyledon.oslo_config_glue [-] ovn.ovn_sb_certificate = /opt/stack/data/CA/int-ca/devstack-cert.crt {{(pid=104100) log_opt_values /opt/stack/data/venv/lib/python3.12/site-packages/oslo_config/cfg.py:3006}}
Mar 30 12:20:52.320029 np0000161224 neutron-periodic-workers[104100]: DEBUG cotyledon.oslo_config_glue [-] ovn.ovn_sb_connection = ['ssl:199.204.45.33:6642'] {{(pid=104100) log_opt_values /opt/stack/data/venv/lib/python3.12/site-packages/oslo_config/cfg.py:3006}}
Mar 30 12:20:52.320029 np0000161224 neutron-periodic-workers[104100]: DEBUG cotyledon.oslo_config_glue [-] ovn.ovn_sb_private_key = /opt/stack/data/CA/int-ca/private/devstack-cert.key {{(pid=104100) log_opt_values /opt/stack/data/venv/lib/python3.12/site-packages/oslo_config/cfg.py:3006}}
Mar 30 12:20:52.320029 np0000161224 neutron-periodic-workers[104100]: DEBUG cotyledon.oslo_config_glue [-] ovn.ovs_create_tap = False {{(pid=104100) log_opt_values /opt/stack/data/venv/lib/python3.12/site-packages/oslo_config/cfg.py:3006}}
Mar 30 12:20:52.320029 np0000161224 neutron-periodic-workers[104100]: DEBUG cotyledon.oslo_config_glue [-] ovn.ovsdb_connection_timeout = 180 {{(pid=104100) log_opt_values /opt/stack/data/venv/lib/python3.12/site-packages/oslo_config/cfg.py:3006}}
Mar 30 12:20:52.320029 np0000161224 neutron-periodic-workers[104100]: DEBUG cotyledon.oslo_config_glue [-] ovn.ovsdb_log_level = INFO {{(pid=104100) log_opt_values /opt/stack/data/venv/lib/python3.12/site-packages/oslo_config/cfg.py:3006}}
Mar 30 12:20:52.320473 np0000161224 neutron-periodic-workers[104100]: DEBUG cotyledon.oslo_config_glue [-] ovn.ovsdb_probe_interval = 60000 {{(pid=104100) log_opt_values /opt/stack/data/venv/lib/python3.12/site-packages/oslo_config/cfg.py:3006}}
Mar 30 12:20:52.320473 np0000161224 neutron-periodic-workers[104100]: DEBUG cotyledon.oslo_config_glue [-] ovn.ovsdb_retry_max_interval = 180 {{(pid=104100) log_opt_values /opt/stack/data/venv/lib/python3.12/site-packages/oslo_config/cfg.py:3006}}
Mar 30 12:20:52.320473 np0000161224 neutron-periodic-workers[104100]: DEBUG cotyledon.oslo_config_glue [-] ovn.stateless_nat_enabled = False {{(pid=104100) log_opt_values /opt/stack/data/venv/lib/python3.12/site-packages/oslo_config/cfg.py:3006}}
Mar 30 12:20:52.320473 np0000161224 neutron-periodic-workers[104100]: DEBUG cotyledon.oslo_config_glue [-] ovn.vhost_sock_dir = /var/run/openvswitch {{(pid=104100) log_opt_values /opt/stack/data/venv/lib/python3.12/site-packages/oslo_config/cfg.py:3006}}
Mar 30 12:20:52.320473 np0000161224 neutron-periodic-workers[104100]: DEBUG cotyledon.oslo_config_glue [-] OVS.bridge_mac_table_size = 50000 {{(pid=104100) log_opt_values /opt/stack/data/venv/lib/python3.12/site-packages/oslo_config/cfg.py:3006}}
Mar 30 12:20:52.320473 np0000161224 neutron-periodic-workers[104100]: DEBUG cotyledon.oslo_config_glue [-] OVS.igmp_flood = False {{(pid=104100) log_opt_values /opt/stack/data/venv/lib/python3.12/site-packages/oslo_config/cfg.py:3006}}
Mar 30 12:20:52.320473 np0000161224 neutron-periodic-workers[104100]: DEBUG cotyledon.oslo_config_glue [-] OVS.igmp_flood_reports = True {{(pid=104100) log_opt_values /opt/stack/data/venv/lib/python3.12/site-packages/oslo_config/cfg.py:3006}}
Mar 30 12:20:52.320473 np0000161224 neutron-periodic-workers[104100]: DEBUG cotyledon.oslo_config_glue [-] OVS.igmp_flood_unregistered = False {{(pid=104100) log_opt_values /opt/stack/data/venv/lib/python3.12/site-packages/oslo_config/cfg.py:3006}}
Mar 30 12:20:52.320473 np0000161224 neutron-periodic-workers[104100]: DEBUG cotyledon.oslo_config_glue [-] OVS.igmp_snooping_enable = False {{(pid=104100) log_opt_values /opt/stack/data/venv/lib/python3.12/site-packages/oslo_config/cfg.py:3006}}
Mar 30 12:20:52.320902 np0000161224 neutron-periodic-workers[104100]: DEBUG cotyledon.oslo_config_glue [-] OVS.ovsdb_timeout = 10 {{(pid=104100) log_opt_values /opt/stack/data/venv/lib/python3.12/site-packages/oslo_config/cfg.py:3006}}
Mar 30 12:20:52.320902 np0000161224 neutron-periodic-workers[104100]: DEBUG cotyledon.oslo_config_glue [-] ovn_nb_global.fdb_removal_limit = 0 {{(pid=104100) log_opt_values /opt/stack/data/venv/lib/python3.12/site-packages/oslo_config/cfg.py:3006}}
Mar 30 12:20:52.320902 np0000161224 neutron-periodic-workers[104100]: DEBUG cotyledon.oslo_config_glue [-] ovn_nb_global.ignore_lsp_down = False {{(pid=104100) log_opt_values /opt/stack/data/venv/lib/python3.12/site-packages/oslo_config/cfg.py:3006}}
Mar 30 12:20:52.320902 np0000161224 neutron-periodic-workers[104100]: DEBUG cotyledon.oslo_config_glue [-] ovn_nb_global.mac_binding_removal_limit = 0 {{(pid=104100) log_opt_values /opt/stack/data/venv/lib/python3.12/site-packages/oslo_config/cfg.py:3006}}
Mar 30 12:20:52.320902 np0000161224 neutron-periodic-workers[104100]: DEBUG cotyledon.oslo_config_glue [-] ******************************************************************************** {{(pid=104100) log_opt_values /opt/stack/data/venv/lib/python3.12/site-packages/oslo_config/cfg.py:3013}}
Mar 30 12:20:52.320902 np0000161224 neutron-periodic-workers[104100]: DEBUG cotyledon._service_worker [-] Run service ServiceWrapper(0) [104100] {{(pid=104100) wait_forever /opt/stack/data/venv/lib/python3.12/site-packages/cotyledon/_service_worker.py:218}}
Mar 30 12:21:01.963779 np0000161224 neutron-periodic-workers[103310]: DEBUG dbcounter [-] [103310] Writing DB stats neutron:SELECT=4 {{(pid=103310) stat_writer /opt/stack/data/venv/lib/python3.12/site-packages/dbcounter.py:115}}
Mar 30 12:21:43.289207 np0000161224 neutron-periodic-workers[104074]: DEBUG oslo_db.sqlalchemy.engines [None req-8fafae95-25fd-4fe1-a794-ea6e1b01b38e None None] Parent process 103310 forked (104074) with an open database connection, which is being discarded and recreated. {{(pid=104074) checkout /opt/stack/data/venv/lib/python3.12/site-packages/oslo_db/sqlalchemy/engines.py:402}}
Mar 30 12:21:43.295941 np0000161224 neutron-periodic-workers[104074]: DEBUG dbcounter [-] [104074] Writer thread running {{(pid=104074) stat_writer /opt/stack/data/venv/lib/python3.12/site-packages/dbcounter.py:102}}
Mar 30 12:21:43.299064 np0000161224 neutron-periodic-workers[104074]: DEBUG neutron.db.agents_db [None req-8fafae95-25fd-4fe1-a794-ea6e1b01b38e None None] Agent healthcheck: found 0 active agents {{(pid=104074) agent_health_check /opt/stack/neutron/neutron/db/agents_db.py:317}}
Mar 30 12:21:43.299271 np0000161224 neutron-periodic-workers[104074]: DEBUG oslo.service.backend._threading.loopingcall [None req-8fafae95-25fd-4fe1-a794-ea6e1b01b38e None None] Fixed interval looping call 'neutron.plugins.ml2.plugin.AgentDbMixin.agent_health_check' sleeping for 36.98 seconds {{(pid=104074) _run_loop /opt/stack/data/venv/lib/python3.12/site-packages/oslo_service/backend/_threading/loopingcall.py:125}}
Mar 30 12:21:53.297029 np0000161224 neutron-periodic-workers[104074]: DEBUG dbcounter [-] [104074] Writing DB stats neutron:SELECT=1 {{(pid=104074) stat_writer /opt/stack/data/venv/lib/python3.12/site-packages/dbcounter.py:115}}
Mar 30 12:22:01.293583 np0000161224 neutron-periodic-workers[104066]: DEBUG dbcounter [-] [104066] Writer thread running {{(pid=104066) stat_writer /opt/stack/data/venv/lib/python3.12/site-packages/dbcounter.py:102}}
Mar 30 12:22:01.301977 np0000161224 neutron-periodic-workers[104066]: DEBUG oslo.service.backend._threading.loopingcall [None req-ed2c5dfc-58b0-4371-a455-d73521da2395 None None] Fixed interval looping call 'neutron.plugins.ml2.plugin.DhcpAgentSchedulerDbMixin.remove_networks_from_down_agents' sleeping for 36.98 seconds {{(pid=104066) _run_loop /opt/stack/data/venv/lib/python3.12/site-packages/oslo_service/backend/_threading/loopingcall.py:125}}
Mar 30 12:22:11.300853 np0000161224 neutron-periodic-workers[104066]: DEBUG dbcounter [-] [104066] Writing DB stats neutron:SELECT=3 {{(pid=104066) stat_writer /opt/stack/data/venv/lib/python3.12/site-packages/dbcounter.py:115}}
Mar 30 12:22:20.284010 np0000161224 neutron-periodic-workers[104074]: DEBUG neutron.db.agents_db [None req-8fafae95-25fd-4fe1-a794-ea6e1b01b38e None None] Agent healthcheck: found 0 active agents {{(pid=104074) agent_health_check /opt/stack/neutron/neutron/db/agents_db.py:317}}
Mar 30 12:22:20.284804 np0000161224 neutron-periodic-workers[104074]: DEBUG oslo.service.backend._threading.loopingcall [None req-8fafae95-25fd-4fe1-a794-ea6e1b01b38e None None] Fixed interval looping call 'neutron.plugins.ml2.plugin.AgentDbMixin.agent_health_check' sleeping for 37.00 seconds {{(pid=104074) _run_loop /opt/stack/data/venv/lib/python3.12/site-packages/oslo_service/backend/_threading/loopingcall.py:125}}
Mar 30 12:22:30.283200 np0000161224 neutron-periodic-workers[104074]: DEBUG dbcounter [-] [104074] Writing DB stats neutron:SELECT=1 {{(pid=104074) stat_writer /opt/stack/data/venv/lib/python3.12/site-packages/dbcounter.py:115}}
Mar 30 12:22:38.291866 np0000161224 neutron-periodic-workers[104066]: DEBUG oslo.service.backend._threading.loopingcall [None req-ed2c5dfc-58b0-4371-a455-d73521da2395 None None] Fixed interval looping call 'neutron.plugins.ml2.plugin.DhcpAgentSchedulerDbMixin.remove_networks_from_down_agents' sleeping for 36.99 seconds {{(pid=104066) _run_loop /opt/stack/data/venv/lib/python3.12/site-packages/oslo_service/backend/_threading/loopingcall.py:125}}
Mar 30 12:22:48.290496 np0000161224 neutron-periodic-workers[104066]: DEBUG dbcounter [-] [104066] Writing DB stats neutron:SELECT=3 {{(pid=104066) stat_writer /opt/stack/data/venv/lib/python3.12/site-packages/dbcounter.py:115}}
Mar 30 12:22:52.310343 np0000161224 neutron-periodic-workers[104083]: DEBUG dbcounter [-] [104083] Writer thread running {{(pid=104083) stat_writer /opt/stack/data/venv/lib/python3.12/site-packages/dbcounter.py:102}}
Mar 30 12:22:52.310801 np0000161224 neutron-periodic-workers[104083]: DEBUG oslo.service.backend._threading.loopingcall [None req-a3d9fa2b-f3e0-4e2f-bbcc-3036c0b2108f None None] Fixed interval looping call 'neutron.db.quota.driver_nolock.DbQuotaNoLockDriver._remove_expired_reservations' sleeping for 119.99 seconds {{(pid=104083) _run_loop /opt/stack/data/venv/lib/python3.12/site-packages/oslo_service/backend/_threading/loopingcall.py:125}}
Mar 30 12:22:57.289748 np0000161224 neutron-periodic-workers[104074]: DEBUG neutron.db.agents_db [None req-8fafae95-25fd-4fe1-a794-ea6e1b01b38e None None] Agent healthcheck: found 0 active agents {{(pid=104074) agent_health_check /opt/stack/neutron/neutron/db/agents_db.py:317}}
Mar 30 12:22:57.290280 np0000161224 neutron-periodic-workers[104074]: DEBUG oslo.service.backend._threading.loopingcall [None req-8fafae95-25fd-4fe1-a794-ea6e1b01b38e None None] Fixed interval looping call 'neutron.plugins.ml2.plugin.AgentDbMixin.agent_health_check' sleeping for 36.99 seconds {{(pid=104074) _run_loop /opt/stack/data/venv/lib/python3.12/site-packages/oslo_service/backend/_threading/loopingcall.py:125}}
Mar 30 12:23:02.309950 np0000161224 neutron-periodic-workers[104083]: DEBUG dbcounter [-] [104083] Writing DB stats neutron:DELETE=1 {{(pid=104083) stat_writer /opt/stack/data/venv/lib/python3.12/site-packages/dbcounter.py:115}}
Mar 30 12:23:06.348338 np0000161224 neutron-periodic-workers[104100]: DEBUG dbcounter [-] [104100] Writer thread running {{(pid=104100) stat_writer /opt/stack/data/venv/lib/python3.12/site-packages/dbcounter.py:102}}
Mar 30 12:23:06.360903 np0000161224 neutron-periodic-workers[104100]: DEBUG oslo.service.backend._threading.loopingcall [None req-a28bc8c5-1821-47a9-8d3e-08147290b49d None None] Fixed interval looping call 'neutron.services.ovn_l3.plugin.L3_NAT_dbonly_mixin._clean_garbage' sleeping for 299.95 seconds {{(pid=104100) _run_loop /opt/stack/data/venv/lib/python3.12/site-packages/oslo_service/backend/_threading/loopingcall.py:125}}
Mar 30 12:23:07.287982 np0000161224 neutron-periodic-workers[104074]: DEBUG dbcounter [-] [104074] Writing DB stats neutron:SELECT=1 {{(pid=104074) stat_writer /opt/stack/data/venv/lib/python3.12/site-packages/dbcounter.py:115}}
Mar 30 12:23:15.290594 np0000161224 neutron-periodic-workers[104066]: DEBUG oslo.service.backend._threading.loopingcall [None req-ed2c5dfc-58b0-4371-a455-d73521da2395 None None] Fixed interval looping call 'neutron.plugins.ml2.plugin.DhcpAgentSchedulerDbMixin.remove_networks_from_down_agents' sleeping for 36.99 seconds {{(pid=104066) _run_loop /opt/stack/data/venv/lib/python3.12/site-packages/oslo_service/backend/_threading/loopingcall.py:125}}
Mar 30 12:23:16.348870 np0000161224 neutron-periodic-workers[104100]: DEBUG dbcounter [-] [104100] Writing DB stats neutron:SELECT=1 {{(pid=104100) stat_writer /opt/stack/data/venv/lib/python3.12/site-packages/dbcounter.py:115}}
Mar 30 12:23:25.290015 np0000161224 neutron-periodic-workers[104066]: DEBUG dbcounter [-] [104066] Writing DB stats neutron:SELECT=3 {{(pid=104066) stat_writer /opt/stack/data/venv/lib/python3.12/site-packages/dbcounter.py:115}}
Mar 30 12:23:34.286476 np0000161224 neutron-periodic-workers[104074]: DEBUG neutron.db.agents_db [None req-8fafae95-25fd-4fe1-a794-ea6e1b01b38e None None] Agent healthcheck: found 0 active agents {{(pid=104074) agent_health_check /opt/stack/neutron/neutron/db/agents_db.py:317}}
Mar 30 12:23:34.287014 np0000161224 neutron-periodic-workers[104074]: DEBUG oslo.service.backend._threading.loopingcall [None req-8fafae95-25fd-4fe1-a794-ea6e1b01b38e None None] Fixed interval looping call 'neutron.plugins.ml2.plugin.AgentDbMixin.agent_health_check' sleeping for 36.99 seconds {{(pid=104074) _run_loop /opt/stack/data/venv/lib/python3.12/site-packages/oslo_service/backend/_threading/loopingcall.py:125}}
Mar 30 12:23:44.285116 np0000161224 neutron-periodic-workers[104074]: DEBUG dbcounter [-] [104074] Writing DB stats neutron:SELECT=1 {{(pid=104074) stat_writer /opt/stack/data/venv/lib/python3.12/site-packages/dbcounter.py:115}}
Mar 30 12:23:52.290345 np0000161224 neutron-periodic-workers[104066]: DEBUG oslo.service.backend._threading.loopingcall [None req-ed2c5dfc-58b0-4371-a455-d73521da2395 None None] Fixed interval looping call 'neutron.plugins.ml2.plugin.DhcpAgentSchedulerDbMixin.remove_networks_from_down_agents' sleeping for 36.99 seconds {{(pid=104066) _run_loop /opt/stack/data/venv/lib/python3.12/site-packages/oslo_service/backend/_threading/loopingcall.py:125}}
Mar 30 12:24:02.289253 np0000161224 neutron-periodic-workers[104066]: DEBUG dbcounter [-] [104066] Writing DB stats neutron:SELECT=3 {{(pid=104066) stat_writer /opt/stack/data/venv/lib/python3.12/site-packages/dbcounter.py:115}}
Mar 30 12:24:11.282546 np0000161224 neutron-periodic-workers[104074]: DEBUG neutron.db.agents_db [None req-8fafae95-25fd-4fe1-a794-ea6e1b01b38e None None] Agent healthcheck: found 0 active agents {{(pid=104074) agent_health_check /opt/stack/neutron/neutron/db/agents_db.py:317}}
Mar 30 12:24:11.283237 np0000161224 neutron-periodic-workers[104074]: DEBUG oslo.service.backend._threading.loopingcall [None req-8fafae95-25fd-4fe1-a794-ea6e1b01b38e None None] Fixed interval looping call 'neutron.plugins.ml2.plugin.AgentDbMixin.agent_health_check' sleeping for 36.99 seconds {{(pid=104074) _run_loop /opt/stack/data/venv/lib/python3.12/site-packages/oslo_service/backend/_threading/loopingcall.py:125}}
Mar 30 12:24:21.280871 np0000161224 neutron-periodic-workers[104074]: DEBUG dbcounter [-] [104074] Writing DB stats neutron:SELECT=1 {{(pid=104074) stat_writer /opt/stack/data/venv/lib/python3.12/site-packages/dbcounter.py:115}}
Mar 30 12:24:29.286981 np0000161224 neutron-periodic-workers[104066]: DEBUG oslo.service.backend._threading.loopingcall [None req-ed2c5dfc-58b0-4371-a455-d73521da2395 None None] Fixed interval looping call 'neutron.plugins.ml2.plugin.DhcpAgentSchedulerDbMixin.remove_networks_from_down_agents' sleeping for 36.99 seconds {{(pid=104066) _run_loop /opt/stack/data/venv/lib/python3.12/site-packages/oslo_service/backend/_threading/loopingcall.py:125}}
Mar 30 12:24:39.286246 np0000161224 neutron-periodic-workers[104066]: DEBUG dbcounter [-] [104066] Writing DB stats neutron:SELECT=3 {{(pid=104066) stat_writer /opt/stack/data/venv/lib/python3.12/site-packages/dbcounter.py:115}}
Mar 30 12:24:48.278178 np0000161224 neutron-periodic-workers[104074]: DEBUG neutron.db.agents_db [None req-8fafae95-25fd-4fe1-a794-ea6e1b01b38e None None] Agent healthcheck: found 0 active agents {{(pid=104074) agent_health_check /opt/stack/neutron/neutron/db/agents_db.py:317}}
Mar 30 12:24:48.278531 np0000161224 neutron-periodic-workers[104074]: DEBUG oslo.service.backend._threading.loopingcall [None req-8fafae95-25fd-4fe1-a794-ea6e1b01b38e None None] Fixed interval looping call 'neutron.plugins.ml2.plugin.AgentDbMixin.agent_health_check' sleeping for 36.99 seconds {{(pid=104074) _run_loop /opt/stack/data/venv/lib/python3.12/site-packages/oslo_service/backend/_threading/loopingcall.py:125}}
Mar 30 12:24:52.306616 np0000161224 neutron-periodic-workers[104083]: DEBUG oslo.service.backend._threading.loopingcall [None req-a3d9fa2b-f3e0-4e2f-bbcc-3036c0b2108f None None] Fixed interval looping call 'neutron.db.quota.driver_nolock.DbQuotaNoLockDriver._remove_expired_reservations' sleeping for 119.99 seconds {{(pid=104083) _run_loop /opt/stack/data/venv/lib/python3.12/site-packages/oslo_service/backend/_threading/loopingcall.py:125}}
Mar 30 12:24:58.276370 np0000161224 neutron-periodic-workers[104074]: DEBUG dbcounter [-] [104074] Writing DB stats neutron:SELECT=1 {{(pid=104074) stat_writer /opt/stack/data/venv/lib/python3.12/site-packages/dbcounter.py:115}}
Mar 30 12:25:02.305739 np0000161224 neutron-periodic-workers[104083]: DEBUG dbcounter [-] [104083] Writing DB stats neutron:DELETE=1 {{(pid=104083) stat_writer /opt/stack/data/venv/lib/python3.12/site-packages/dbcounter.py:115}}
Mar 30 12:25:06.285357 np0000161224 neutron-periodic-workers[104066]: DEBUG oslo.service.backend._threading.loopingcall [None req-ed2c5dfc-58b0-4371-a455-d73521da2395 None None] Fixed interval looping call 'neutron.plugins.ml2.plugin.DhcpAgentSchedulerDbMixin.remove_networks_from_down_agents' sleeping for 36.99 seconds {{(pid=104066) _run_loop /opt/stack/data/venv/lib/python3.12/site-packages/oslo_service/backend/_threading/loopingcall.py:125}}
Mar 30 12:25:16.285402 np0000161224 neutron-periodic-workers[104066]: DEBUG dbcounter [-] [104066] Writing DB stats neutron:SELECT=3 {{(pid=104066) stat_writer /opt/stack/data/venv/lib/python3.12/site-packages/dbcounter.py:115}}
Mar 30 12:25:25.273816 np0000161224 neutron-periodic-workers[104074]: DEBUG neutron.db.agents_db [None req-8fafae95-25fd-4fe1-a794-ea6e1b01b38e None None] Agent healthcheck: found 0 active agents {{(pid=104074) agent_health_check /opt/stack/neutron/neutron/db/agents_db.py:317}}
Mar 30 12:25:25.274424 np0000161224 neutron-periodic-workers[104074]: DEBUG oslo.service.backend._threading.loopingcall [None req-8fafae95-25fd-4fe1-a794-ea6e1b01b38e None None] Fixed interval looping call 'neutron.plugins.ml2.plugin.AgentDbMixin.agent_health_check' sleeping for 36.99 seconds {{(pid=104074) _run_loop /opt/stack/data/venv/lib/python3.12/site-packages/oslo_service/backend/_threading/loopingcall.py:125}}
Mar 30 12:25:35.273582 np0000161224 neutron-periodic-workers[104074]: DEBUG dbcounter [-] [104074] Writing DB stats neutron:SELECT=1 {{(pid=104074) stat_writer /opt/stack/data/venv/lib/python3.12/site-packages/dbcounter.py:115}}
Mar 30 12:25:43.285832 np0000161224 neutron-periodic-workers[104066]: DEBUG oslo.service.backend._threading.loopingcall [None req-ed2c5dfc-58b0-4371-a455-d73521da2395 None None] Fixed interval looping call 'neutron.plugins.ml2.plugin.DhcpAgentSchedulerDbMixin.remove_networks_from_down_agents' sleeping for 36.99 seconds {{(pid=104066) _run_loop /opt/stack/data/venv/lib/python3.12/site-packages/oslo_service/backend/_threading/loopingcall.py:125}}
Mar 30 12:25:53.284826 np0000161224 neutron-periodic-workers[104066]: DEBUG dbcounter [-] [104066] Writing DB stats neutron:SELECT=3 {{(pid=104066) stat_writer /opt/stack/data/venv/lib/python3.12/site-packages/dbcounter.py:115}}
Mar 30 12:26:02.267899 np0000161224 neutron-periodic-workers[104074]: DEBUG neutron.db.agents_db [None req-8fafae95-25fd-4fe1-a794-ea6e1b01b38e None None] Agent healthcheck: found 0 active agents {{(pid=104074) agent_health_check /opt/stack/neutron/neutron/db/agents_db.py:317}}
Mar 30 12:26:02.268252 np0000161224 neutron-periodic-workers[104074]: DEBUG oslo.service.backend._threading.loopingcall [None req-8fafae95-25fd-4fe1-a794-ea6e1b01b38e None None] Fixed interval looping call 'neutron.plugins.ml2.plugin.AgentDbMixin.agent_health_check' sleeping for 37.00 seconds {{(pid=104074) _run_loop /opt/stack/data/venv/lib/python3.12/site-packages/oslo_service/backend/_threading/loopingcall.py:125}}
Mar 30 12:26:12.267297 np0000161224 neutron-periodic-workers[104074]: DEBUG dbcounter [-] [104074] Writing DB stats neutron:SELECT=1 {{(pid=104074) stat_writer /opt/stack/data/venv/lib/python3.12/site-packages/dbcounter.py:115}}
Mar 30 12:26:20.285063 np0000161224 neutron-periodic-workers[104066]: DEBUG oslo.service.backend._threading.loopingcall [None req-ed2c5dfc-58b0-4371-a455-d73521da2395 None None] Fixed interval looping call 'neutron.plugins.ml2.plugin.DhcpAgentSchedulerDbMixin.remove_networks_from_down_agents' sleeping for 36.99 seconds {{(pid=104066) _run_loop /opt/stack/data/venv/lib/python3.12/site-packages/oslo_service/backend/_threading/loopingcall.py:125}}
Mar 30 12:26:30.284061 np0000161224 neutron-periodic-workers[104066]: DEBUG dbcounter [-] [104066] Writing DB stats neutron:SELECT=3 {{(pid=104066) stat_writer /opt/stack/data/venv/lib/python3.12/site-packages/dbcounter.py:115}}
Mar 30 12:26:39.274018 np0000161224 neutron-periodic-workers[104074]: DEBUG neutron.db.agents_db [None req-8fafae95-25fd-4fe1-a794-ea6e1b01b38e None None] Agent healthcheck: found 0 active agents {{(pid=104074) agent_health_check /opt/stack/neutron/neutron/db/agents_db.py:317}}
Mar 30 12:26:39.274531 np0000161224 neutron-periodic-workers[104074]: DEBUG oslo.service.backend._threading.loopingcall [None req-8fafae95-25fd-4fe1-a794-ea6e1b01b38e None None] Fixed interval looping call 'neutron.plugins.ml2.plugin.AgentDbMixin.agent_health_check' sleeping for 36.99 seconds {{(pid=104074) _run_loop /opt/stack/data/venv/lib/python3.12/site-packages/oslo_service/backend/_threading/loopingcall.py:125}}
Mar 30 12:26:49.271937 np0000161224 neutron-periodic-workers[104074]: DEBUG dbcounter [-] [104074] Writing DB stats neutron:SELECT=1 {{(pid=104074) stat_writer /opt/stack/data/venv/lib/python3.12/site-packages/dbcounter.py:115}}
Mar 30 12:26:52.301541 np0000161224 neutron-periodic-workers[104083]: DEBUG oslo.service.backend._threading.loopingcall [None req-a3d9fa2b-f3e0-4e2f-bbcc-3036c0b2108f None None] Fixed interval looping call 'neutron.db.quota.driver_nolock.DbQuotaNoLockDriver._remove_expired_reservations' sleeping for 120.00 seconds {{(pid=104083) _run_loop /opt/stack/data/venv/lib/python3.12/site-packages/oslo_service/backend/_threading/loopingcall.py:125}}
Mar 30 12:26:57.284429 np0000161224 neutron-periodic-workers[104066]: DEBUG oslo.service.backend._threading.loopingcall [None req-ed2c5dfc-58b0-4371-a455-d73521da2395 None None] Fixed interval looping call 'neutron.plugins.ml2.plugin.DhcpAgentSchedulerDbMixin.remove_networks_from_down_agents' sleeping for 36.99 seconds {{(pid=104066) _run_loop /opt/stack/data/venv/lib/python3.12/site-packages/oslo_service/backend/_threading/loopingcall.py:125}}
Mar 30 12:27:02.300252 np0000161224 neutron-periodic-workers[104083]: DEBUG dbcounter [-] [104083] Writing DB stats neutron:DELETE=1 {{(pid=104083) stat_writer /opt/stack/data/venv/lib/python3.12/site-packages/dbcounter.py:115}}
Mar 30 12:27:07.283200 np0000161224 neutron-periodic-workers[104066]: DEBUG dbcounter [-] [104066] Writing DB stats neutron:SELECT=3 {{(pid=104066) stat_writer /opt/stack/data/venv/lib/python3.12/site-packages/dbcounter.py:115}}
Mar 30 12:27:16.269541 np0000161224 neutron-periodic-workers[104074]: DEBUG neutron.db.agents_db [None req-8fafae95-25fd-4fe1-a794-ea6e1b01b38e None None] Agent healthcheck: found 0 active agents {{(pid=104074) agent_health_check /opt/stack/neutron/neutron/db/agents_db.py:317}}
Mar 30 12:27:16.270190 np0000161224 neutron-periodic-workers[104074]: DEBUG oslo.service.backend._threading.loopingcall [None req-8fafae95-25fd-4fe1-a794-ea6e1b01b38e None None] Fixed interval looping call 'neutron.plugins.ml2.plugin.AgentDbMixin.agent_health_check' sleeping for 36.99 seconds {{(pid=104074) _run_loop /opt/stack/data/venv/lib/python3.12/site-packages/oslo_service/backend/_threading/loopingcall.py:125}}
Mar 30 12:27:26.267936 np0000161224 neutron-periodic-workers[104074]: DEBUG dbcounter [-] [104074] Writing DB stats neutron:SELECT=1 {{(pid=104074) stat_writer /opt/stack/data/venv/lib/python3.12/site-packages/dbcounter.py:115}}
Mar 30 12:27:34.282411 np0000161224 neutron-periodic-workers[104066]: DEBUG oslo.service.backend._threading.loopingcall [None req-ed2c5dfc-58b0-4371-a455-d73521da2395 None None] Fixed interval looping call 'neutron.plugins.ml2.plugin.DhcpAgentSchedulerDbMixin.remove_networks_from_down_agents' sleeping for 36.99 seconds {{(pid=104066) _run_loop /opt/stack/data/venv/lib/python3.12/site-packages/oslo_service/backend/_threading/loopingcall.py:125}}
Mar 30 12:27:44.280985 np0000161224 neutron-periodic-workers[104066]: DEBUG dbcounter [-] [104066] Writing DB stats neutron:SELECT=3 {{(pid=104066) stat_writer /opt/stack/data/venv/lib/python3.12/site-packages/dbcounter.py:115}}
Mar 30 12:27:53.265281 np0000161224 neutron-periodic-workers[104074]: DEBUG neutron.db.agents_db [None req-8fafae95-25fd-4fe1-a794-ea6e1b01b38e None None] Agent healthcheck: found 0 active agents {{(pid=104074) agent_health_check /opt/stack/neutron/neutron/db/agents_db.py:317}}
Mar 30 12:27:53.265885 np0000161224 neutron-periodic-workers[104074]: DEBUG oslo.service.backend._threading.loopingcall [None req-8fafae95-25fd-4fe1-a794-ea6e1b01b38e None None] Fixed interval looping call 'neutron.plugins.ml2.plugin.AgentDbMixin.agent_health_check' sleeping for 36.99 seconds {{(pid=104074) _run_loop /opt/stack/data/venv/lib/python3.12/site-packages/oslo_service/backend/_threading/loopingcall.py:125}}
Mar 30 12:28:03.263515 np0000161224 neutron-periodic-workers[104074]: DEBUG dbcounter [-] [104074] Writing DB stats neutron:SELECT=1 {{(pid=104074) stat_writer /opt/stack/data/venv/lib/python3.12/site-packages/dbcounter.py:115}}
Mar 30 12:28:06.323294 np0000161224 neutron-periodic-workers[104100]: DEBUG oslo.service.backend._threading.loopingcall [None req-a28bc8c5-1821-47a9-8d3e-08147290b49d None None] Fixed interval looping call 'neutron.services.ovn_l3.plugin.L3_NAT_dbonly_mixin._clean_garbage' sleeping for 299.99 seconds {{(pid=104100) _run_loop /opt/stack/data/venv/lib/python3.12/site-packages/oslo_service/backend/_threading/loopingcall.py:125}}
Mar 30 12:28:11.284162 np0000161224 neutron-periodic-workers[104066]: DEBUG oslo.service.backend._threading.loopingcall [None req-ed2c5dfc-58b0-4371-a455-d73521da2395 None None] Fixed interval looping call 'neutron.plugins.ml2.plugin.DhcpAgentSchedulerDbMixin.remove_networks_from_down_agents' sleeping for 36.99 seconds {{(pid=104066) _run_loop /opt/stack/data/venv/lib/python3.12/site-packages/oslo_service/backend/_threading/loopingcall.py:125}}
Mar 30 12:28:16.315580 np0000161224 neutron-periodic-workers[104100]: DEBUG dbcounter [-] [104100] Writing DB stats neutron:SELECT=1 {{(pid=104100) stat_writer /opt/stack/data/venv/lib/python3.12/site-packages/dbcounter.py:115}}
Mar 30 12:28:21.283039 np0000161224 neutron-periodic-workers[104066]: DEBUG dbcounter [-] [104066] Writing DB stats neutron:SELECT=3 {{(pid=104066) stat_writer /opt/stack/data/venv/lib/python3.12/site-packages/dbcounter.py:115}}
Mar 30 12:28:30.261000 np0000161224 neutron-periodic-workers[104074]: DEBUG neutron.db.agents_db [None req-8fafae95-25fd-4fe1-a794-ea6e1b01b38e None None] Agent healthcheck: found 0 active agents {{(pid=104074) agent_health_check /opt/stack/neutron/neutron/db/agents_db.py:317}}
Mar 30 12:28:30.261781 np0000161224 neutron-periodic-workers[104074]: DEBUG oslo.service.backend._threading.loopingcall [None req-8fafae95-25fd-4fe1-a794-ea6e1b01b38e None None] Fixed interval looping call 'neutron.plugins.ml2.plugin.AgentDbMixin.agent_health_check' sleeping for 36.99 seconds {{(pid=104074) _run_loop /opt/stack/data/venv/lib/python3.12/site-packages/oslo_service/backend/_threading/loopingcall.py:125}}
Mar 30 12:28:40.259411 np0000161224 neutron-periodic-workers[104074]: DEBUG dbcounter [-] [104074] Writing DB stats neutron:SELECT=1 {{(pid=104074) stat_writer /opt/stack/data/venv/lib/python3.12/site-packages/dbcounter.py:115}}
Mar 30 12:28:48.285628 np0000161224 neutron-periodic-workers[104066]: DEBUG oslo.service.backend._threading.loopingcall [None req-ed2c5dfc-58b0-4371-a455-d73521da2395 None None] Fixed interval looping call 'neutron.plugins.ml2.plugin.DhcpAgentSchedulerDbMixin.remove_networks_from_down_agents' sleeping for 36.99 seconds {{(pid=104066) _run_loop /opt/stack/data/venv/lib/python3.12/site-packages/oslo_service/backend/_threading/loopingcall.py:125}}
Mar 30 12:28:52.308029 np0000161224 neutron-periodic-workers[104083]: DEBUG oslo.service.backend._threading.loopingcall [None req-a3d9fa2b-f3e0-4e2f-bbcc-3036c0b2108f None None] Fixed interval looping call 'neutron.db.quota.driver_nolock.DbQuotaNoLockDriver._remove_expired_reservations' sleeping for 119.99 seconds {{(pid=104083) _run_loop /opt/stack/data/venv/lib/python3.12/site-packages/oslo_service/backend/_threading/loopingcall.py:125}}
Mar 30 12:28:58.283594 np0000161224 neutron-periodic-workers[104066]: DEBUG dbcounter [-] [104066] Writing DB stats neutron:SELECT=3 {{(pid=104066) stat_writer /opt/stack/data/venv/lib/python3.12/site-packages/dbcounter.py:115}}
Mar 30 12:29:02.306167 np0000161224 neutron-periodic-workers[104083]: DEBUG dbcounter [-] [104083] Writing DB stats neutron:DELETE=1 {{(pid=104083) stat_writer /opt/stack/data/venv/lib/python3.12/site-packages/dbcounter.py:115}}
Mar 30 12:29:07.256345 np0000161224 neutron-periodic-workers[104074]: DEBUG neutron.db.agents_db [None req-8fafae95-25fd-4fe1-a794-ea6e1b01b38e None None] Agent healthcheck: found 0 active agents {{(pid=104074) agent_health_check /opt/stack/neutron/neutron/db/agents_db.py:317}}
Mar 30 12:29:07.257162 np0000161224 neutron-periodic-workers[104074]: DEBUG oslo.service.backend._threading.loopingcall [None req-8fafae95-25fd-4fe1-a794-ea6e1b01b38e None None] Fixed interval looping call 'neutron.plugins.ml2.plugin.AgentDbMixin.agent_health_check' sleeping for 36.99 seconds {{(pid=104074) _run_loop /opt/stack/data/venv/lib/python3.12/site-packages/oslo_service/backend/_threading/loopingcall.py:125}}
Mar 30 12:29:17.254700 np0000161224 neutron-periodic-workers[104074]: DEBUG dbcounter [-] [104074] Writing DB stats neutron:SELECT=1 {{(pid=104074) stat_writer /opt/stack/data/venv/lib/python3.12/site-packages/dbcounter.py:115}}
Mar 30 12:29:25.286320 np0000161224 neutron-periodic-workers[104066]: DEBUG oslo.service.backend._threading.loopingcall [None req-ed2c5dfc-58b0-4371-a455-d73521da2395 None None] Fixed interval looping call 'neutron.plugins.ml2.plugin.DhcpAgentSchedulerDbMixin.remove_networks_from_down_agents' sleeping for 36.99 seconds {{(pid=104066) _run_loop /opt/stack/data/venv/lib/python3.12/site-packages/oslo_service/backend/_threading/loopingcall.py:125}}
Mar 30 12:29:35.284286 np0000161224 neutron-periodic-workers[104066]: DEBUG dbcounter [-] [104066] Writing DB stats neutron:SELECT=3 {{(pid=104066) stat_writer /opt/stack/data/venv/lib/python3.12/site-packages/dbcounter.py:115}}
Mar 30 12:29:44.251928 np0000161224 neutron-periodic-workers[104074]: DEBUG neutron.db.agents_db [None req-8fafae95-25fd-4fe1-a794-ea6e1b01b38e None None] Agent healthcheck: found 0 active agents {{(pid=104074) agent_health_check /opt/stack/neutron/neutron/db/agents_db.py:317}}
Mar 30 12:29:44.252636 np0000161224 neutron-periodic-workers[104074]: DEBUG oslo.service.backend._threading.loopingcall [None req-8fafae95-25fd-4fe1-a794-ea6e1b01b38e None None] Fixed interval looping call 'neutron.plugins.ml2.plugin.AgentDbMixin.agent_health_check' sleeping for 36.99 seconds {{(pid=104074) _run_loop /opt/stack/data/venv/lib/python3.12/site-packages/oslo_service/backend/_threading/loopingcall.py:125}}
Mar 30 12:29:54.250099 np0000161224 neutron-periodic-workers[104074]: DEBUG dbcounter [-] [104074] Writing DB stats neutron:SELECT=1 {{(pid=104074) stat_writer /opt/stack/data/venv/lib/python3.12/site-packages/dbcounter.py:115}}
Mar 30 12:30:02.286132 np0000161224 neutron-periodic-workers[104066]: DEBUG oslo.service.backend._threading.loopingcall [None req-ed2c5dfc-58b0-4371-a455-d73521da2395 None None] Fixed interval looping call 'neutron.plugins.ml2.plugin.DhcpAgentSchedulerDbMixin.remove_networks_from_down_agents' sleeping for 36.99 seconds {{(pid=104066) _run_loop /opt/stack/data/venv/lib/python3.12/site-packages/oslo_service/backend/_threading/loopingcall.py:125}}
Mar 30 12:30:12.284659 np0000161224 neutron-periodic-workers[104066]: DEBUG dbcounter [-] [104066] Writing DB stats neutron:SELECT=3 {{(pid=104066) stat_writer /opt/stack/data/venv/lib/python3.12/site-packages/dbcounter.py:115}}
Mar 30 12:30:21.247588 np0000161224 neutron-periodic-workers[104074]: DEBUG neutron.db.agents_db [None req-8fafae95-25fd-4fe1-a794-ea6e1b01b38e None None] Agent healthcheck: found 0 active agents {{(pid=104074) agent_health_check /opt/stack/neutron/neutron/db/agents_db.py:317}}
Mar 30 12:30:21.248289 np0000161224 neutron-periodic-workers[104074]: DEBUG oslo.service.backend._threading.loopingcall [None req-8fafae95-25fd-4fe1-a794-ea6e1b01b38e None None] Fixed interval looping call 'neutron.plugins.ml2.plugin.AgentDbMixin.agent_health_check' sleeping for 36.99 seconds {{(pid=104074) _run_loop /opt/stack/data/venv/lib/python3.12/site-packages/oslo_service/backend/_threading/loopingcall.py:125}}
Mar 30 12:30:31.245530 np0000161224 neutron-periodic-workers[104074]: DEBUG dbcounter [-] [104074] Writing DB stats neutron:SELECT=1 {{(pid=104074) stat_writer /opt/stack/data/venv/lib/python3.12/site-packages/dbcounter.py:115}}
Mar 30 12:30:39.287317 np0000161224 neutron-periodic-workers[104066]: DEBUG oslo.service.backend._threading.loopingcall [None req-ed2c5dfc-58b0-4371-a455-d73521da2395 None None] Fixed interval looping call 'neutron.plugins.ml2.plugin.DhcpAgentSchedulerDbMixin.remove_networks_from_down_agents' sleeping for 36.99 seconds {{(pid=104066) _run_loop /opt/stack/data/venv/lib/python3.12/site-packages/oslo_service/backend/_threading/loopingcall.py:125}}
Mar 30 12:30:49.285974 np0000161224 neutron-periodic-workers[104066]: DEBUG dbcounter [-] [104066] Writing DB stats neutron:SELECT=3 {{(pid=104066) stat_writer /opt/stack/data/venv/lib/python3.12/site-packages/dbcounter.py:115}}
Mar 30 12:30:52.302858 np0000161224 neutron-periodic-workers[104083]: DEBUG oslo.service.backend._threading.loopingcall [None req-a3d9fa2b-f3e0-4e2f-bbcc-3036c0b2108f None None] Fixed interval looping call 'neutron.db.quota.driver_nolock.DbQuotaNoLockDriver._remove_expired_reservations' sleeping for 120.00 seconds {{(pid=104083) _run_loop /opt/stack/data/venv/lib/python3.12/site-packages/oslo_service/backend/_threading/loopingcall.py:125}}
