Mar 30 12:20:51.868049 np0000161224 devstack@neutron-api.service[102326]: DEBUG neutron_lib.callbacks.manager [None req-20b6b316-06dc-4fb7-b8e0-71a94b4daa73 None None] Subscribe: > port_forwarding after_create 55550000, False {{(pid=102326) subscribe /opt/stack/data/venv/lib/python3.12/site-packages/neutron_lib/callbacks/manager.py:52}}
Mar 30 12:20:51.868216 np0000161224 devstack@neutron-api.service[102326]: DEBUG neutron_lib.callbacks.manager [None req-20b6b316-06dc-4fb7-b8e0-71a94b4daa73 None None] Subscribe: > router_interface after_delete 55550000, False {{(pid=102326) subscribe /opt/stack/data/venv/lib/python3.12/site-packages/neutron_lib/callbacks/manager.py:52}}
Mar 30 12:20:51.868358 np0000161224 devstack@neutron-api.service[102327]: DEBUG neutron.api.extensions [None req-58875225-27b2-4e59-8ca0-f8b80c7a8491 None None] Ext name="Auto Allocated Topology Services" alias="auto-allocated-topology" description="Auto Allocated Topology Services." updated="2016-01-01T00:00:00-00:00" {{(pid=102327) _check_extension /opt/stack/neutron/neutron/api/extensions.py:415}}
Mar 30 12:20:51.868516 np0000161224 devstack@neutron-api.service[102326]: DEBUG neutron_lib.callbacks.manager [None req-20b6b316-06dc-4fb7-b8e0-71a94b4daa73 None None] Subscribe: > router after_create 55550000, False {{(pid=102326) subscribe /opt/stack/data/venv/lib/python3.12/site-packages/neutron_lib/callbacks/manager.py:52}}
Mar 30 12:20:51.868654 np0000161224 devstack@neutron-api.service[102327]: INFO neutron.api.extensions [None req-58875225-27b2-4e59-8ca0-f8b80c7a8491 None None] Loaded extension: auto-allocated-topology
Mar 30 12:20:51.868742 np0000161224 devstack@neutron-api.service[102326]: DEBUG neutron_lib.callbacks.manager [None req-20b6b316-06dc-4fb7-b8e0-71a94b4daa73 None None] Subscribe: > router precommit_create 55550000, False {{(pid=102326) subscribe /opt/stack/data/venv/lib/python3.12/site-packages/neutron_lib/callbacks/manager.py:52}}
Mar 30 12:20:51.868839 np0000161224 devstack@neutron-api.service[102327]: DEBUG neutron.api.extensions [None req-58875225-27b2-4e59-8ca0-f8b80c7a8491 None None] Loading extension file: availability_zone.py {{(pid=102327) _load_all_extensions_from_path /opt/stack/neutron/neutron/api/extensions.py:449}}
Mar 30 12:20:51.868931 np0000161224 devstack@neutron-api.service[102326]: DEBUG neutron_lib.callbacks.manager [None req-20b6b316-06dc-4fb7-b8e0-71a94b4daa73 None None] Subscribe: > router after_delete 55550000, False {{(pid=102326) subscribe /opt/stack/data/venv/lib/python3.12/site-packages/neutron_lib/callbacks/manager.py:52}}
Mar 30 12:20:51.868931 np0000161224 devstack@neutron-api.service[102326]: DEBUG neutron_lib.callbacks.manager [None req-20b6b316-06dc-4fb7-b8e0-71a94b4daa73 None None] Subscribe: > router after_update 55550000, False {{(pid=102326) subscribe /opt/stack/data/venv/lib/python3.12/site-packages/neutron_lib/callbacks/manager.py:52}}
Mar 30 12:20:51.868931 np0000161224 devstack@neutron-api.service[102326]: DEBUG neutron.services.service_base [None req-20b6b316-06dc-4fb7-b8e0-71a94b4daa73 None None] Loaded 'neutron.services.ovn_l3.service_providers.ovn.OvnDriver' provider for service L3_ROUTER_NAT {{(pid=102326) load_drivers /opt/stack/neutron/neutron/services/service_base.py:49}}
Mar 30 12:20:51.869239 np0000161224 devstack@neutron-api.service[102327]: DEBUG neutron.api.extensions [None req-58875225-27b2-4e59-8ca0-f8b80c7a8491 None None] Ext name="Availability Zone" alias="availability_zone" description="The availability zone extension." updated="2015-01-01T10:00:00-00:00" {{(pid=102327) _check_extension /opt/stack/neutron/neutron/api/extensions.py:415}}
Mar 30 12:20:51.869315 np0000161224 devstack@neutron-api.service[102326]: DEBUG neutron_lib.callbacks.manager [None req-20b6b316-06dc-4fb7-b8e0-71a94b4daa73 None None] Subscribe: > process after_init 55550001, True {{(pid=102326) subscribe /opt/stack/data/venv/lib/python3.12/site-packages/neutron_lib/callbacks/manager.py:52}}
Mar 30 12:20:51.869366 np0000161224 devstack@neutron-api.service[102327]: INFO neutron.api.extensions [None req-58875225-27b2-4e59-8ca0-f8b80c7a8491 None None] Loaded extension: availability_zone
Mar 30 12:20:51.869366 np0000161224 devstack@neutron-api.service[102327]: DEBUG neutron.api.extensions [None req-58875225-27b2-4e59-8ca0-f8b80c7a8491 None None] Loading extension file: availability_zone_filter.py {{(pid=102327) _load_all_extensions_from_path /opt/stack/neutron/neutron/api/extensions.py:449}}
Mar 30 12:20:51.869418 np0000161224 devstack@neutron-api.service[102326]: DEBUG neutron.manager [None req-20b6b316-06dc-4fb7-b8e0-71a94b4daa73 None None] Successfully loaded L3_ROUTER_NAT plugin. Description: L3 Router Service Plugin for basic L3 forwarding using OVN {{(pid=102326) _create_and_add_service_plugin /opt/stack/neutron/neutron/manager.py:239}}
Mar 30 12:20:51.869418 np0000161224 devstack@neutron-api.service[102326]: INFO neutron.manager [None req-20b6b316-06dc-4fb7-b8e0-71a94b4daa73 None None] Loading Plugin: auto_allocate
Mar 30 12:20:51.869492 np0000161224 devstack@neutron-api.service[102327]: DEBUG neutron.api.extensions [None req-58875225-27b2-4e59-8ca0-f8b80c7a8491 None None] Ext name="Availability Zone Filter Extension" alias="availability_zone_filter" description="Add filter parameters to AvailabilityZone resource" updated="2018-06-22T10:00:00-00:00" {{(pid=102327) _check_extension /opt/stack/neutron/neutron/api/extensions.py:415}}
Mar 30 12:20:51.869492 np0000161224 devstack@neutron-api.service[102327]: INFO neutron.api.extensions [None req-58875225-27b2-4e59-8ca0-f8b80c7a8491 None None] Extension availability_zone_filter not supported by any of loaded plugins
Mar 30 12:20:51.869492 np0000161224 devstack@neutron-api.service[102327]: DEBUG neutron.api.extensions [None req-58875225-27b2-4e59-8ca0-f8b80c7a8491 None None] Loading extension file: data_plane_status.py {{(pid=102327) _load_all_extensions_from_path /opt/stack/neutron/neutron/api/extensions.py:449}}
Mar 30 12:20:51.869841 np0000161224 devstack@neutron-api.service[102327]: DEBUG neutron.api.extensions [None req-58875225-27b2-4e59-8ca0-f8b80c7a8491 None None] Ext name="Port data plane status extension" alias="data-plane-status" description="Expose status of underlying data plane" updated="2017-01-24T10:00:00-00:00" {{(pid=102327) _check_extension /opt/stack/neutron/neutron/api/extensions.py:415}}
Mar 30 12:20:51.869983 np0000161224 devstack@neutron-api.service[102327]: INFO neutron.api.extensions [None req-58875225-27b2-4e59-8ca0-f8b80c7a8491 None None] Extension data-plane-status not supported by any of loaded plugins
Mar 30 12:20:51.869983 np0000161224 devstack@neutron-api.service[102327]: DEBUG neutron.api.extensions [None req-58875225-27b2-4e59-8ca0-f8b80c7a8491 None None] Loading extension file: default_subnetpools.py {{(pid=102327) _load_all_extensions_from_path /opt/stack/neutron/neutron/api/extensions.py:449}}
Mar 30 12:20:51.870180 np0000161224 devstack@neutron-api.service[102326]: DEBUG neutron_lib.callbacks.manager [None req-20b6b316-06dc-4fb7-b8e0-71a94b4daa73 None None] Subscribe: network precommit_update 55550000, False {{(pid=102326) subscribe /opt/stack/data/venv/lib/python3.12/site-packages/neutron_lib/callbacks/manager.py:52}}
Mar 30 12:20:51.870256 np0000161224 devstack@neutron-api.service[102327]: DEBUG neutron.api.extensions [None req-58875225-27b2-4e59-8ca0-f8b80c7a8491 None None] Ext name="Default Subnetpools" alias="default-subnetpools" description="Provides ability to mark and use a subnetpool as the default." updated="2016-02-18T18:00:00-00:00" {{(pid=102327) _check_extension /opt/stack/neutron/neutron/api/extensions.py:415}}
Mar 30 12:20:51.870290 np0000161224 devstack@neutron-api.service[102326]: DEBUG neutron_lib.callbacks.manager [None req-20b6b316-06dc-4fb7-b8e0-71a94b4daa73 None None] Subscribe: network precommit_create 55550000, False {{(pid=102326) subscribe /opt/stack/data/venv/lib/python3.12/site-packages/neutron_lib/callbacks/manager.py:52}}
Mar 30 12:20:51.870393 np0000161224 devstack@neutron-api.service[102327]: INFO neutron.api.extensions [None req-58875225-27b2-4e59-8ca0-f8b80c7a8491 None None] Loaded extension: default-subnetpools
Mar 30 12:20:51.870531 np0000161224 devstack@neutron-api.service[102327]: DEBUG neutron.api.extensions [None req-58875225-27b2-4e59-8ca0-f8b80c7a8491 None None] Loading extension file: dhcpagentscheduler.py {{(pid=102327) _load_all_extensions_from_path /opt/stack/neutron/neutron/api/extensions.py:449}}
Mar 30 12:20:51.870627 np0000161224 devstack@neutron-api.service[102326]: DEBUG neutron.manager [None req-20b6b316-06dc-4fb7-b8e0-71a94b4daa73 None None] Successfully loaded auto-allocated-topology plugin. Description: Auto Allocated Topology - aka get me a network. {{(pid=102326) _create_and_add_service_plugin /opt/stack/neutron/neutron/manager.py:239}}
Mar 30 12:20:51.870627 np0000161224 devstack@neutron-api.service[102326]: INFO neutron.manager [None req-20b6b316-06dc-4fb7-b8e0-71a94b4daa73 None None] Loading Plugin: tag
Mar 30 12:20:51.870828 np0000161224 devstack@neutron-api.service[102327]: DEBUG neutron.api.extensions [None req-58875225-27b2-4e59-8ca0-f8b80c7a8491 None None] Ext name="DHCP Agent Scheduler" alias="dhcp_agent_scheduler" description="Schedule networks among dhcp agents" updated="2013-02-07T10:00:00-00:00" {{(pid=102327) _check_extension /opt/stack/neutron/neutron/api/extensions.py:415}}
Mar 30 12:20:51.870979 np0000161224 devstack@neutron-api.service[102327]: INFO neutron.api.extensions [None req-58875225-27b2-4e59-8ca0-f8b80c7a8491 None None] Loaded extension: dhcp_agent_scheduler
Mar 30 12:20:51.871087 np0000161224 devstack@neutron-api.service[102327]: DEBUG neutron.api.extensions [None req-58875225-27b2-4e59-8ca0-f8b80c7a8491 None None] Loading extension file: dns.py {{(pid=102327) _load_all_extensions_from_path /opt/stack/neutron/neutron/api/extensions.py:449}}
Mar 30 12:20:51.871305 np0000161224 devstack@neutron-api.service[102327]: DEBUG neutron.api.extensions [None req-58875225-27b2-4e59-8ca0-f8b80c7a8491 None None] Ext name="DNS Integration" alias="dns-integration" description="Provides integration with DNS." updated="2015-08-15T18:00:00-00:00" {{(pid=102327) _check_extension /opt/stack/neutron/neutron/api/extensions.py:415}}
Mar 30 12:20:51.871488 np0000161224 devstack@neutron-api.service[102327]: INFO neutron.api.extensions [None req-58875225-27b2-4e59-8ca0-f8b80c7a8491 None None] Loaded extension: dns-integration
Mar 30 12:20:51.871579 np0000161224 devstack@neutron-api.service[102327]: DEBUG neutron.api.extensions [None req-58875225-27b2-4e59-8ca0-f8b80c7a8491 None None] Loading extension file: dns_domain_ports.py {{(pid=102327) _load_all_extensions_from_path /opt/stack/neutron/neutron/api/extensions.py:449}}
Mar 30 12:20:51.871789 np0000161224 devstack@neutron-api.service[102327]: DEBUG neutron.api.extensions [None req-58875225-27b2-4e59-8ca0-f8b80c7a8491 None None] Ext name="dns_domain for ports" alias="dns-domain-ports" description="Allows the DNS domain to be specified for a network port." updated="2017-04-24T10:00:00-00:00" {{(pid=102327) _check_extension /opt/stack/neutron/neutron/api/extensions.py:415}}
Mar 30 12:20:51.871975 np0000161224 devstack@neutron-api.service[102327]: INFO neutron.api.extensions [None req-58875225-27b2-4e59-8ca0-f8b80c7a8491 None None] Loaded extension: dns-domain-ports
Mar 30 12:20:51.872059 np0000161224 devstack@neutron-api.service[102327]: DEBUG neutron.api.extensions [None req-58875225-27b2-4e59-8ca0-f8b80c7a8491 None None] Loading extension file: dns_integration_domain_keywords.py {{(pid=102327) _load_all_extensions_from_path /opt/stack/neutron/neutron/api/extensions.py:449}}
Mar 30 12:20:51.872311 np0000161224 devstack@neutron-api.service[102327]: DEBUG neutron.api.extensions [None req-58875225-27b2-4e59-8ca0-f8b80c7a8491 None None] Ext name="DNS domain names with keywords allowed" alias="dns-integration-domain-keywords" description="Allows to use keywords like , , and as DNS domain name" updated="2020-06-15T18:00:00-00:00" {{(pid=102327) _check_extension /opt/stack/neutron/neutron/api/extensions.py:415}}
Mar 30 12:20:51.872527 np0000161224 devstack@neutron-api.service[102327]: INFO neutron.api.extensions [None req-58875225-27b2-4e59-8ca0-f8b80c7a8491 None None] Loaded extension: dns-integration-domain-keywords
Mar 30 12:20:51.872590 np0000161224 devstack@neutron-api.service[102327]: DEBUG neutron.api.extensions [None req-58875225-27b2-4e59-8ca0-f8b80c7a8491 None None] Loading extension file: dvr.py {{(pid=102327) _load_all_extensions_from_path /opt/stack/neutron/neutron/api/extensions.py:449}}
Mar 30 12:20:51.872786 np0000161224 devstack@neutron-api.service[102325]: DEBUG neutron_lib.callbacks.manager [None req-d9dff62f-bd87-4ba8-93f6-92e9fff3ad38 None None] Subscribe: > router before_delete 55550000, False {{(pid=102325) subscribe /opt/stack/data/venv/lib/python3.12/site-packages/neutron_lib/callbacks/manager.py:52}}
Mar 30 12:20:51.872838 np0000161224 devstack@neutron-api.service[102327]: DEBUG neutron.api.extensions [None req-58875225-27b2-4e59-8ca0-f8b80c7a8491 None None] Ext name="Distributed Virtual Router" alias="dvr" description="Enables configuration of Distributed Virtual Routers." updated="2014-06-1T10:00:00-00:00" {{(pid=102327) _check_extension /opt/stack/neutron/neutron/api/extensions.py:415}}
Mar 30 12:20:51.872942 np0000161224 devstack@neutron-api.service[102325]: DEBUG neutron_lib.callbacks.manager [None req-d9dff62f-bd87-4ba8-93f6-92e9fff3ad38 None None] Subscribe: port after_update 55550000, False {{(pid=102325) subscribe /opt/stack/data/venv/lib/python3.12/site-packages/neutron_lib/callbacks/manager.py:52}}
Mar 30 12:20:51.873084 np0000161224 devstack@neutron-api.service[102327]: INFO neutron.api.extensions [None req-58875225-27b2-4e59-8ca0-f8b80c7a8491 None None] Extension dvr not supported by any of loaded plugins
Mar 30 12:20:51.873133 np0000161224 devstack@neutron-api.service[102325]: DEBUG neutron_lib.callbacks.manager [None req-d9dff62f-bd87-4ba8-93f6-92e9fff3ad38 None None] Subscribe: port after_delete 55550000, False {{(pid=102325) subscribe /opt/stack/data/venv/lib/python3.12/site-packages/neutron_lib/callbacks/manager.py:52}}
Mar 30 12:20:51.873258 np0000161224 devstack@neutron-api.service[102327]: DEBUG neutron.api.extensions [None req-58875225-27b2-4e59-8ca0-f8b80c7a8491 None None] Loading extension file: ecmp_routes.py {{(pid=102327) _load_all_extensions_from_path /opt/stack/neutron/neutron/api/extensions.py:449}}
Mar 30 12:20:51.873285 np0000161224 devstack@neutron-api.service[102325]: DEBUG neutron_lib.callbacks.manager [None req-d9dff62f-bd87-4ba8-93f6-92e9fff3ad38 None None] Subscribe: subnet after_update 55550000, False {{(pid=102325) subscribe /opt/stack/data/venv/lib/python3.12/site-packages/neutron_lib/callbacks/manager.py:52}}
Mar 30 12:20:51.873285 np0000161224 devstack@neutron-api.service[102325]: DEBUG neutron_lib.callbacks.manager [None req-d9dff62f-bd87-4ba8-93f6-92e9fff3ad38 None None] Subscribe: subnetpool_address_scope after_update 55550000, False {{(pid=102325) subscribe /opt/stack/data/venv/lib/python3.12/site-packages/neutron_lib/callbacks/manager.py:52}}
Mar 30 12:20:51.873356 np0000161224 devstack@neutron-api.service[102327]: DEBUG neutron.api.extensions [None req-58875225-27b2-4e59-8ca0-f8b80c7a8491 None None] Ext name="Equal Cost Multipath Routing" alias="ecmp_routes" description="Allows traffic to reach thesame destination via multiple different links " updated="2020-11-26T18:00:00-00:00" {{(pid=102327) _check_extension /opt/stack/neutron/neutron/api/extensions.py:415}}
Mar 30 12:20:51.873412 np0000161224 devstack@neutron-api.service[102325]: DEBUG neutron_lib.callbacks.manager [None req-d9dff62f-bd87-4ba8-93f6-92e9fff3ad38 None None] Subscribe: port before_update 55550000, False {{(pid=102325) subscribe /opt/stack/data/venv/lib/python3.12/site-packages/neutron_lib/callbacks/manager.py:52}}
Mar 30 12:20:51.873441 np0000161224 devstack@neutron-api.service[102326]: DEBUG neutron.manager [None req-20b6b316-06dc-4fb7-b8e0-71a94b4daa73 None None] Successfully loaded TAG plugin. Description: Tag support {{(pid=102326) _create_and_add_service_plugin /opt/stack/neutron/neutron/manager.py:239}}
Mar 30 12:20:51.873493 np0000161224 devstack@neutron-api.service[102325]: DEBUG neutron_lib.callbacks.manager [None req-d9dff62f-bd87-4ba8-93f6-92e9fff3ad38 None None] Subscribe: port after_update 55550000, False {{(pid=102325) subscribe /opt/stack/data/venv/lib/python3.12/site-packages/neutron_lib/callbacks/manager.py:52}}
Mar 30 12:20:51.873520 np0000161224 devstack@neutron-api.service[102327]: INFO neutron.api.extensions [None req-58875225-27b2-4e59-8ca0-f8b80c7a8491 None None] Extension ecmp_routes not supported by any of loaded plugins
Mar 30 12:20:51.873568 np0000161224 devstack@neutron-api.service[102326]: INFO neutron.manager [None req-20b6b316-06dc-4fb7-b8e0-71a94b4daa73 None None] Loading Plugin: timestamp
Mar 30 12:20:51.873596 np0000161224 devstack@neutron-api.service[102325]: DEBUG neutron_lib.callbacks.manager [None req-d9dff62f-bd87-4ba8-93f6-92e9fff3ad38 None None] Subscribe: > port precommit_delete 55550000, False {{(pid=102325) subscribe /opt/stack/data/venv/lib/python3.12/site-packages/neutron_lib/callbacks/manager.py:52}}
Mar 30 12:20:51.873622 np0000161224 devstack@neutron-api.service[102327]: DEBUG neutron.api.extensions [None req-58875225-27b2-4e59-8ca0-f8b80c7a8491 None None] Loading extension file: empty_string_filtering.py {{(pid=102327) _load_all_extensions_from_path /opt/stack/neutron/neutron/api/extensions.py:449}}
Mar 30 12:20:51.873673 np0000161224 devstack@neutron-api.service[102325]: DEBUG neutron_lib.callbacks.manager [None req-d9dff62f-bd87-4ba8-93f6-92e9fff3ad38 None None] Subscribe: port before_update 55550000, False {{(pid=102325) subscribe /opt/stack/data/venv/lib/python3.12/site-packages/neutron_lib/callbacks/manager.py:52}}
Mar 30 12:20:51.873861 np0000161224 devstack@neutron-api.service[102325]: DEBUG neutron_lib.callbacks.manager [None req-d9dff62f-bd87-4ba8-93f6-92e9fff3ad38 None None] Subscribe: port before_delete 55550000, False {{(pid=102325) subscribe /opt/stack/data/venv/lib/python3.12/site-packages/neutron_lib/callbacks/manager.py:52}}
Mar 30 12:20:51.874016 np0000161224 devstack@neutron-api.service[102327]: DEBUG neutron.api.extensions [None req-58875225-27b2-4e59-8ca0-f8b80c7a8491 None None] Ext name="Empty String Filtering Extension" alias="empty-string-filtering" description="Allow filtering by attributes with empty string value" updated="2018-05-01T10:00:00-00:00" {{(pid=102327) _check_extension /opt/stack/neutron/neutron/api/extensions.py:415}}
Mar 30 12:20:51.874163 np0000161224 devstack@neutron-api.service[102325]: DEBUG neutron_lib.callbacks.manager [None req-d9dff62f-bd87-4ba8-93f6-92e9fff3ad38 None None] Subscribe: > router precommit_create 55550000, False {{(pid=102325) subscribe /opt/stack/data/venv/lib/python3.12/site-packages/neutron_lib/callbacks/manager.py:52}}
Mar 30 12:20:51.874256 np0000161224 devstack@neutron-api.service[102327]: INFO neutron.api.extensions [None req-58875225-27b2-4e59-8ca0-f8b80c7a8491 None None] Loaded extension: empty-string-filtering
Mar 30 12:20:51.874354 np0000161224 devstack@neutron-api.service[102325]: DEBUG neutron_lib.callbacks.manager [None req-d9dff62f-bd87-4ba8-93f6-92e9fff3ad38 None None] Subscribe: > router precommit_create 55550000, False {{(pid=102325) subscribe /opt/stack/data/venv/lib/python3.12/site-packages/neutron_lib/callbacks/manager.py:52}}
Mar 30 12:20:51.874494 np0000161224 devstack@neutron-api.service[102327]: DEBUG neutron.api.extensions [None req-58875225-27b2-4e59-8ca0-f8b80c7a8491 None None] Loading extension file: expose_l3_conntrack_helper.py {{(pid=102327) _load_all_extensions_from_path /opt/stack/neutron/neutron/api/extensions.py:449}}
Mar 30 12:20:51.874593 np0000161224 devstack@neutron-api.service[102325]: DEBUG neutron_lib.callbacks.manager [None req-d9dff62f-bd87-4ba8-93f6-92e9fff3ad38 None None] Subscribe: > router precommit_update 55550000, False {{(pid=102325) subscribe /opt/stack/data/venv/lib/python3.12/site-packages/neutron_lib/callbacks/manager.py:52}}
Mar 30 12:20:51.874593 np0000161224 devstack@neutron-api.service[102325]: DEBUG neutron_lib.callbacks.manager [None req-d9dff62f-bd87-4ba8-93f6-92e9fff3ad38 None None] Subscribe: subnet after_update 55550000, False {{(pid=102325) subscribe /opt/stack/data/venv/lib/python3.12/site-packages/neutron_lib/callbacks/manager.py:52}}
Mar 30 12:20:51.874769 np0000161224 devstack@neutron-api.service[102327]: DEBUG neutron.api.extensions [None req-58875225-27b2-4e59-8ca0-f8b80c7a8491 None None] Ext name="Expose CT target rules for conntrack helper" alias="expose-l3-conntrack-helper" description="Expose allow adding CT target rules for conntrack helper" updated="2019-04-04T10:00:00-00:00" {{(pid=102327) _check_extension /opt/stack/neutron/neutron/api/extensions.py:415}}
Mar 30 12:20:51.874769 np0000161224 devstack@neutron-api.service[102327]: INFO neutron.api.extensions [None req-58875225-27b2-4e59-8ca0-f8b80c7a8491 None None] Extension expose-l3-conntrack-helper not supported by any of loaded plugins
Mar 30 12:20:51.874769 np0000161224 devstack@neutron-api.service[102327]: DEBUG neutron.api.extensions [None req-58875225-27b2-4e59-8ca0-f8b80c7a8491 None None] Loading extension file: expose_port_forwarding_in_fip.py {{(pid=102327) _load_all_extensions_from_path /opt/stack/neutron/neutron/api/extensions.py:449}}
Mar 30 12:20:51.875032 np0000161224 devstack@neutron-api.service[102326]: DEBUG neutron.manager [None req-20b6b316-06dc-4fb7-b8e0-71a94b4daa73 None None] Successfully loaded timestamp plugin. Description: Adds timestamps to Neutron resources with standard attributes {{(pid=102326) _create_and_add_service_plugin /opt/stack/neutron/neutron/manager.py:239}}
Mar 30 12:20:51.875123 np0000161224 devstack@neutron-api.service[102327]: DEBUG neutron.api.extensions [None req-58875225-27b2-4e59-8ca0-f8b80c7a8491 None None] Ext name="Expose Floating IP port forwardings" alias="expose-port-forwarding-in-fip" description="Expose port forwarding fields in floating IP response" updated="2018-06-28T16:00:00-00:00" {{(pid=102327) _check_extension /opt/stack/neutron/neutron/api/extensions.py:415}}
Mar 30 12:20:51.875151 np0000161224 devstack@neutron-api.service[102326]: INFO neutron.manager [None req-20b6b316-06dc-4fb7-b8e0-71a94b4daa73 None None] Loading Plugin: network_ip_availability
Mar 30 12:20:51.875199 np0000161224 devstack@neutron-api.service[102325]: DEBUG neutron.quota.resource_registry [None req-d9dff62f-bd87-4ba8-93f6-92e9fff3ad38 None None] Tracking information for resource: router configured {{(pid=102325) set_tracked_resource /opt/stack/neutron/neutron/quota/resource_registry.py:203}}
Mar 30 12:20:51.875223 np0000161224 devstack@neutron-api.service[102327]: INFO neutron.api.extensions [None req-58875225-27b2-4e59-8ca0-f8b80c7a8491 None None] Extension expose-port-forwarding-in-fip not supported by any of loaded plugins
Mar 30 12:20:51.875223 np0000161224 devstack@neutron-api.service[102327]: DEBUG neutron.api.extensions [None req-58875225-27b2-4e59-8ca0-f8b80c7a8491 None None] Loading extension file: external_net.py {{(pid=102327) _load_all_extensions_from_path /opt/stack/neutron/neutron/api/extensions.py:449}}
Mar 30 12:20:51.875308 np0000161224 devstack@neutron-api.service[102325]: DEBUG neutron.quota.resource_registry [None req-d9dff62f-bd87-4ba8-93f6-92e9fff3ad38 None None] Tracking information for resource: floatingip configured {{(pid=102325) set_tracked_resource /opt/stack/neutron/neutron/quota/resource_registry.py:203}}
Mar 30 12:20:51.875308 np0000161224 devstack@neutron-api.service[102325]: INFO neutron.services.ovn_l3.plugin [None req-d9dff62f-bd87-4ba8-93f6-92e9fff3ad38 None None] Starting OVNL3RouterPlugin
Mar 30 12:20:51.875375 np0000161224 devstack@neutron-api.service[102327]: DEBUG neutron.api.extensions [None req-58875225-27b2-4e59-8ca0-f8b80c7a8491 None None] Ext name="Neutron external network" alias="external-net" description="Adds external network attribute to network resource." updated="2013-01-14T10:00:00-00:00" {{(pid=102327) _check_extension /opt/stack/neutron/neutron/api/extensions.py:415}}
Mar 30 12:20:51.875433 np0000161224 devstack@neutron-api.service[102327]: INFO neutron.api.extensions [None req-58875225-27b2-4e59-8ca0-f8b80c7a8491 None None] Loaded extension: external-net
Mar 30 12:20:51.875486 np0000161224 devstack@neutron-api.service[102325]: DEBUG neutron_lib.callbacks.manager [None req-d9dff62f-bd87-4ba8-93f6-92e9fff3ad38 None None] Subscribe: > port_forwarding_plugin after_init 55550000, False {{(pid=102325) subscribe /opt/stack/data/venv/lib/python3.12/site-packages/neutron_lib/callbacks/manager.py:52}}
Mar 30 12:20:51.875511 np0000161224 devstack@neutron-api.service[102327]: DEBUG neutron.api.extensions [None req-58875225-27b2-4e59-8ca0-f8b80c7a8491 None None] Loading extension file: extra_dhcp_opt.py {{(pid=102327) _load_all_extensions_from_path /opt/stack/neutron/neutron/api/extensions.py:449}}
Mar 30 12:20:51.875863 np0000161224 devstack@neutron-api.service[102327]: DEBUG neutron.api.extensions [None req-58875225-27b2-4e59-8ca0-f8b80c7a8491 None None] Ext name="Neutron Extra DHCP options" alias="extra_dhcp_opt" description="Extra options configuration for DHCP. For example PXE boot options to DHCP clients can be specified (e.g. tftp-server, server-ip-address, bootfile-name)" updated="2013-03-17T12:00:00-00:00" {{(pid=102327) _check_extension /opt/stack/neutron/neutron/api/extensions.py:415}}
Mar 30 12:20:51.876005 np0000161224 devstack@neutron-api.service[102325]: DEBUG neutron_lib.callbacks.manager [None req-d9dff62f-bd87-4ba8-93f6-92e9fff3ad38 None None] Subscribe: > router before_create 55550100, False {{(pid=102325) subscribe /opt/stack/data/venv/lib/python3.12/site-packages/neutron_lib/callbacks/manager.py:52}}
Mar 30 12:20:51.876005 np0000161224 devstack@neutron-api.service[102325]: DEBUG neutron_lib.callbacks.manager [None req-d9dff62f-bd87-4ba8-93f6-92e9fff3ad38 None None] Subscribe: > router precommit_delete 55550100, False {{(pid=102325) subscribe /opt/stack/data/venv/lib/python3.12/site-packages/neutron_lib/callbacks/manager.py:52}}
Mar 30 12:20:51.876187 np0000161224 devstack@neutron-api.service[102327]: INFO neutron.api.extensions [None req-58875225-27b2-4e59-8ca0-f8b80c7a8491 None None] Loaded extension: extra_dhcp_opt
Mar 30 12:20:51.876187 np0000161224 devstack@neutron-api.service[102327]: DEBUG neutron.api.extensions [None req-58875225-27b2-4e59-8ca0-f8b80c7a8491 None None] Loading extension file: extraroute.py {{(pid=102327) _load_all_extensions_from_path /opt/stack/neutron/neutron/api/extensions.py:449}}
Mar 30 12:20:51.876488 np0000161224 devstack@neutron-api.service[102325]: DEBUG neutron_lib.callbacks.manager [None req-d9dff62f-bd87-4ba8-93f6-92e9fff3ad38 None None] Subscribe: > router precommit_create 55550100, False {{(pid=102325) subscribe /opt/stack/data/venv/lib/python3.12/site-packages/neutron_lib/callbacks/manager.py:52}}
Mar 30 12:20:51.876488 np0000161224 devstack@neutron-api.service[102325]: DEBUG neutron_lib.callbacks.manager [None req-d9dff62f-bd87-4ba8-93f6-92e9fff3ad38 None None] Subscribe: > router precommit_update 55550100, False {{(pid=102325) subscribe /opt/stack/data/venv/lib/python3.12/site-packages/neutron_lib/callbacks/manager.py:52}}
Mar 30 12:20:51.876792 np0000161224 devstack@neutron-api.service[102327]: DEBUG neutron.api.extensions [None req-58875225-27b2-4e59-8ca0-f8b80c7a8491 None None] Ext name="Neutron Extra Route" alias="extraroute" description="Extra routes configuration for L3 router" updated="2013-02-01T10:00:00-00:00" {{(pid=102327) _check_extension /opt/stack/neutron/neutron/api/extensions.py:415}}
Mar 30 12:20:51.876937 np0000161224 devstack@neutron-api.service[102326]: DEBUG neutron.manager [None req-20b6b316-06dc-4fb7-b8e0-71a94b4daa73 None None] Successfully loaded network-ip-availability plugin. Description: Provides IP availability data for each network and subnet. {{(pid=102326) _create_and_add_service_plugin /opt/stack/neutron/neutron/manager.py:239}}
Mar 30 12:20:51.876937 np0000161224 devstack@neutron-api.service[102326]: INFO neutron.manager [None req-20b6b316-06dc-4fb7-b8e0-71a94b4daa73 None None] Loading Plugin: flavors
Mar 30 12:20:51.877253 np0000161224 devstack@neutron-api.service[102327]: INFO neutron.api.extensions [None req-58875225-27b2-4e59-8ca0-f8b80c7a8491 None None] Loaded extension: extraroute
Mar 30 12:20:51.877253 np0000161224 devstack@neutron-api.service[102327]: DEBUG neutron.api.extensions [None req-58875225-27b2-4e59-8ca0-f8b80c7a8491 None None] Loading extension file: extraroute_atomic.py {{(pid=102327) _load_all_extensions_from_path /opt/stack/neutron/neutron/api/extensions.py:449}}
Mar 30 12:20:51.877253 np0000161224 devstack@neutron-api.service[102327]: DEBUG neutron.api.extensions [None req-58875225-27b2-4e59-8ca0-f8b80c7a8491 None None] Ext name="Atomically add/remove extra routes" alias="extraroute-atomic" description="Edit extra routes of a router on server side by atomically adding/removing extra routes" updated="2019-07-10T00:00:00+00:00" {{(pid=102327) _check_extension /opt/stack/neutron/neutron/api/extensions.py:415}}
Mar 30 12:20:51.877253 np0000161224 devstack@neutron-api.service[102327]: INFO neutron.api.extensions [None req-58875225-27b2-4e59-8ca0-f8b80c7a8491 None None] Loaded extension: extraroute-atomic
Mar 30 12:20:51.877253 np0000161224 devstack@neutron-api.service[102327]: DEBUG neutron.api.extensions [None req-58875225-27b2-4e59-8ca0-f8b80c7a8491 None None] Loading extension file: filter_validation.py {{(pid=102327) _load_all_extensions_from_path /opt/stack/neutron/neutron/api/extensions.py:449}}
Mar 30 12:20:51.877253 np0000161224 devstack@neutron-api.service[102327]: DEBUG neutron.api.extensions [None req-58875225-27b2-4e59-8ca0-f8b80c7a8491 None None] Ext name="Filter parameters validation" alias="filter-validation" description="Provides validation on filter parameters." updated="2018-07-04T10:00:00-00:00" {{(pid=102327) _check_extension /opt/stack/neutron/neutron/api/extensions.py:415}}
Mar 30 12:20:51.877502 np0000161224 devstack@neutron-api.service[102326]: DEBUG neutron.manager [None req-20b6b316-06dc-4fb7-b8e0-71a94b4daa73 None None] Successfully loaded FLAVORS plugin. Description: Neutron Flavors and Service Profiles manager plugin {{(pid=102326) _create_and_add_service_plugin /opt/stack/neutron/neutron/manager.py:239}}
Mar 30 12:20:51.877502 np0000161224 devstack@neutron-api.service[102326]: INFO neutron.manager [None req-20b6b316-06dc-4fb7-b8e0-71a94b4daa73 None None] Loading Plugin: revisions
Mar 30 12:20:51.877618 np0000161224 devstack@neutron-api.service[102327]: INFO neutron.api.extensions [None req-58875225-27b2-4e59-8ca0-f8b80c7a8491 None None] Loaded extension: filter-validation
Mar 30 12:20:51.877618 np0000161224 devstack@neutron-api.service[102327]: DEBUG neutron.api.extensions [None req-58875225-27b2-4e59-8ca0-f8b80c7a8491 None None] Loading extension file: fip_pf_description.py {{(pid=102327) _load_all_extensions_from_path /opt/stack/neutron/neutron/api/extensions.py:449}}
Mar 30 12:20:51.877718 np0000161224 devstack@neutron-api.service[102327]: DEBUG neutron.api.extensions [None req-58875225-27b2-4e59-8ca0-f8b80c7a8491 None None] Ext name="Floating IP Port Forwarding new attribute description" alias="floating-ip-port-forwarding-description" description="Add a description field to Port Forwarding rules" updated="2019-11-01T10:00:00-00:00" {{(pid=102327) _check_extension /opt/stack/neutron/neutron/api/extensions.py:415}}
Mar 30 12:20:51.877997 np0000161224 devstack@neutron-api.service[102327]: INFO neutron.api.extensions [None req-58875225-27b2-4e59-8ca0-f8b80c7a8491 None None] Extension floating-ip-port-forwarding-description not supported by any of loaded plugins
Mar 30 12:20:51.877997 np0000161224 devstack@neutron-api.service[102327]: DEBUG neutron.api.extensions [None req-58875225-27b2-4e59-8ca0-f8b80c7a8491 None None] Loading extension file: fip_pf_detail.py {{(pid=102327) _load_all_extensions_from_path /opt/stack/neutron/neutron/api/extensions.py:449}}
Mar 30 12:20:51.878266 np0000161224 devstack@neutron-api.service[102327]: DEBUG neutron.api.extensions [None req-58875225-27b2-4e59-8ca0-f8b80c7a8491 None None] Ext name="Floating IP port forwarding detail" alias="floating-ip-port-forwarding-detail" description="Allow list floating ip return more port forwarding data, include'id' and 'internal_port_id'" updated="2022-05-06T10:00:00-00:00" {{(pid=102327) _check_extension /opt/stack/neutron/neutron/api/extensions.py:415}}
Mar 30 12:20:51.878463 np0000161224 devstack@neutron-api.service[102326]: DEBUG neutron.manager [None req-20b6b316-06dc-4fb7-b8e0-71a94b4daa73 None None] Successfully loaded revision_plugin plugin. Description: Adds revision numbers to resources. {{(pid=102326) _create_and_add_service_plugin /opt/stack/neutron/neutron/manager.py:239}}
Mar 30 12:20:51.878745 np0000161224 devstack@neutron-api.service[102327]: INFO neutron.api.extensions [None req-58875225-27b2-4e59-8ca0-f8b80c7a8491 None None] Loaded extension: floating-ip-port-forwarding-detail
Mar 30 12:20:51.878745 np0000161224 devstack@neutron-api.service[102327]: DEBUG neutron.api.extensions [None req-58875225-27b2-4e59-8ca0-f8b80c7a8491 None None] Loading extension file: fip_pf_port_range.py {{(pid=102327) _load_all_extensions_from_path /opt/stack/neutron/neutron/api/extensions.py:449}}
Mar 30 12:20:51.879163 np0000161224 devstack@neutron-api.service[102326]: DEBUG oslo_concurrency.lockutils [None req-20b6b316-06dc-4fb7-b8e0-71a94b4daa73 None None] Lock "manager" "released" by "neutron.manager.NeutronManager._create_instance" :: held 4.509s {{(pid=102326) inner /opt/stack/data/venv/lib/python3.12/site-packages/oslo_concurrency/lockutils.py:538}}
Mar 30 12:20:51.879163 np0000161224 devstack@neutron-api.service[102326]: DEBUG neutron.api.extensions [None req-20b6b316-06dc-4fb7-b8e0-71a94b4daa73 None None] get_extension_paths = OrderedDict({'/opt/stack/neutron/neutron/extensions': 1}) {{(pid=102326) get_extensions_path /opt/stack/neutron/neutron/api/extensions.py:640}}
Mar 30 12:20:51.879494 np0000161224 devstack@neutron-api.service[102327]: DEBUG neutron.api.extensions [None req-58875225-27b2-4e59-8ca0-f8b80c7a8491 None None] Ext name="Floating IP Port Forwarding support port ranges" alias="floating-ip-port-forwarding-port-ranges" description="Add support to port ranges" updated="2020-07-01T10:00:00-00:00" {{(pid=102327) _check_extension /opt/stack/neutron/neutron/api/extensions.py:415}}
Mar 30 12:20:51.879593 np0000161224 devstack@neutron-api.service[102326]: INFO neutron.api.extensions [None req-20b6b316-06dc-4fb7-b8e0-71a94b4daa73 None None] Initializing extension manager.
Mar 30 12:20:51.879646 np0000161224 devstack@neutron-api.service[102327]: INFO neutron.api.extensions [None req-58875225-27b2-4e59-8ca0-f8b80c7a8491 None None] Extension floating-ip-port-forwarding-port-ranges not supported by any of loaded plugins
Mar 30 12:20:51.879646 np0000161224 devstack@neutron-api.service[102327]: DEBUG neutron.api.extensions [None req-58875225-27b2-4e59-8ca0-f8b80c7a8491 None None] Loading extension file: fip_port_details.py {{(pid=102327) _load_all_extensions_from_path /opt/stack/neutron/neutron/api/extensions.py:449}}
Mar 30 12:20:51.879694 np0000161224 devstack@neutron-api.service[102326]: DEBUG neutron.api.extensions [None req-20b6b316-06dc-4fb7-b8e0-71a94b4daa73 None None] Loading extension file: __init__.py {{(pid=102326) _load_all_extensions_from_path /opt/stack/neutron/neutron/api/extensions.py:449}}
Mar 30 12:20:51.879694 np0000161224 devstack@neutron-api.service[102326]: DEBUG neutron.api.extensions [None req-20b6b316-06dc-4fb7-b8e0-71a94b4daa73 None None] Loading extension file: __pycache__ {{(pid=102326) _load_all_extensions_from_path /opt/stack/neutron/neutron/api/extensions.py:449}}
Mar 30 12:20:51.879771 np0000161224 devstack@neutron-api.service[102327]: DEBUG neutron.api.extensions [None req-58875225-27b2-4e59-8ca0-f8b80c7a8491 None None] Ext name="Floating IP Port Details Extension" alias="fip-port-details" description="Add port_details attribute to Floating IP resource" updated="2018-04-09T10:00:00-00:00" {{(pid=102327) _check_extension /opt/stack/neutron/neutron/api/extensions.py:415}}
Mar 30 12:20:51.879820 np0000161224 devstack@neutron-api.service[102326]: DEBUG neutron.api.extensions [None req-20b6b316-06dc-4fb7-b8e0-71a94b4daa73 None None] Loading extension file: address_group.py {{(pid=102326) _load_all_extensions_from_path /opt/stack/neutron/neutron/api/extensions.py:449}}
Mar 30 12:20:51.879845 np0000161224 devstack@neutron-api.service[102327]: INFO neutron.api.extensions [None req-58875225-27b2-4e59-8ca0-f8b80c7a8491 None None] Loaded extension: fip-port-details
Mar 30 12:20:51.879845 np0000161224 devstack@neutron-api.service[102327]: DEBUG neutron.api.extensions [None req-58875225-27b2-4e59-8ca0-f8b80c7a8491 None None] Loading extension file: flavors.py {{(pid=102327) _load_all_extensions_from_path /opt/stack/neutron/neutron/api/extensions.py:449}}
Mar 30 12:20:51.879998 np0000161224 devstack@neutron-api.service[102326]: DEBUG neutron.api.extensions [None req-20b6b316-06dc-4fb7-b8e0-71a94b4daa73 None None] Ext name="Address group" alias="address-group" description="Support address group" updated="2020-07-15T10:00:00-00:00" {{(pid=102326) _check_extension /opt/stack/neutron/neutron/api/extensions.py:415}}
Mar 30 12:20:51.879998 np0000161224 devstack@neutron-api.service[102326]: INFO neutron.api.extensions [None req-20b6b316-06dc-4fb7-b8e0-71a94b4daa73 None None] Loaded extension: address-group
Mar 30 12:20:51.880087 np0000161224 devstack@neutron-api.service[102327]: DEBUG neutron.api.extensions [None req-58875225-27b2-4e59-8ca0-f8b80c7a8491 None None] Ext name="Neutron Service Flavors" alias="flavors" description="Flavor specification for Neutron advanced services." updated="2015-09-17T10:00:00-00:00" {{(pid=102327) _check_extension /opt/stack/neutron/neutron/api/extensions.py:415}}
Mar 30 12:20:51.880124 np0000161224 devstack@neutron-api.service[102326]: DEBUG neutron.api.extensions [None req-20b6b316-06dc-4fb7-b8e0-71a94b4daa73 None None] Loading extension file: address_scope.py {{(pid=102326) _load_all_extensions_from_path /opt/stack/neutron/neutron/api/extensions.py:449}}
Mar 30 12:20:51.880179 np0000161224 devstack@neutron-api.service[102325]: DEBUG neutron.services.provider_configuration [None req-d9dff62f-bd87-4ba8-93f6-92e9fff3ad38 None None] Service providers = [] {{(pid=102325) parse_service_provider_opt /opt/stack/neutron/neutron/services/provider_configuration.py:170}}
Mar 30 12:20:51.880216 np0000161224 devstack@neutron-api.service[102327]: INFO neutron.api.extensions [None req-58875225-27b2-4e59-8ca0-f8b80c7a8491 None None] Loaded extension: flavors
Mar 30 12:20:51.880239 np0000161224 devstack@neutron-api.service[102325]: DEBUG neutron.db.servicetype_db [None req-d9dff62f-bd87-4ba8-93f6-92e9fff3ad38 None None] Adding provider configuration for service L3_ROUTER_NAT {{(pid=102325) add_provider_configuration /opt/stack/neutron/neutron/db/servicetype_db.py:42}}
Mar 30 12:20:51.880262 np0000161224 devstack@neutron-api.service[102327]: DEBUG neutron.api.extensions [None req-58875225-27b2-4e59-8ca0-f8b80c7a8491 None None] Loading extension file: floating_ip_port_forwarding.py {{(pid=102327) _load_all_extensions_from_path /opt/stack/neutron/neutron/api/extensions.py:449}}
Mar 30 12:20:51.880284 np0000161224 devstack@neutron-api.service[102326]: DEBUG neutron.api.extensions [None req-20b6b316-06dc-4fb7-b8e0-71a94b4daa73 None None] Ext name="Address scope" alias="address-scope" description="Address scopes extension." updated="2015-07-26T10:00:00-00:00" {{(pid=102326) _check_extension /opt/stack/neutron/neutron/api/extensions.py:415}}
Mar 30 12:20:51.880563 np0000161224 devstack@neutron-api.service[102327]: DEBUG neutron.api.extensions [None req-58875225-27b2-4e59-8ca0-f8b80c7a8491 None None] Ext name="Floating IP Port Forwarding" alias="floating-ip-port-forwarding" description="Allow port forwarding from floating IP port to an internal port" updated="2018-01-19T10:00:00-00:00" {{(pid=102327) _check_extension /opt/stack/neutron/neutron/api/extensions.py:415}}
Mar 30 12:20:51.880623 np0000161224 devstack@neutron-api.service[102326]: INFO neutron.api.extensions [None req-20b6b316-06dc-4fb7-b8e0-71a94b4daa73 None None] Loaded extension: address-scope
Mar 30 12:20:51.880623 np0000161224 devstack@neutron-api.service[102326]: DEBUG neutron.api.extensions [None req-20b6b316-06dc-4fb7-b8e0-71a94b4daa73 None None] Loading extension file: admin_state_down_before_update.py {{(pid=102326) _load_all_extensions_from_path /opt/stack/neutron/neutron/api/extensions.py:449}}
Mar 30 12:20:51.880712 np0000161224 devstack@neutron-api.service[102327]: INFO neutron.api.extensions [None req-58875225-27b2-4e59-8ca0-f8b80c7a8491 None None] Extension floating-ip-port-forwarding not supported by any of loaded plugins
Mar 30 12:20:51.880712 np0000161224 devstack@neutron-api.service[102327]: DEBUG neutron.api.extensions [None req-58875225-27b2-4e59-8ca0-f8b80c7a8491 None None] Loading extension file: floatingip_pools.py {{(pid=102327) _load_all_extensions_from_path /opt/stack/neutron/neutron/api/extensions.py:449}}
Mar 30 12:20:51.880804 np0000161224 devstack@neutron-api.service[102326]: DEBUG neutron.api.extensions [None req-20b6b316-06dc-4fb7-b8e0-71a94b4daa73 None None] Ext name="Enforce Router's Admin State Down Before Update Extension" alias="router-admin-state-down-before-update" description="Ensure that the admin state of a router is DOWN (admin_state_up=False) before updating the distributed attribute" updated="2019-07-02T15:56:00" {{(pid=102326) _check_extension /opt/stack/neutron/neutron/api/extensions.py:415}}
Mar 30 12:20:51.880898 np0000161224 devstack@neutron-api.service[102326]: INFO neutron.api.extensions [None req-20b6b316-06dc-4fb7-b8e0-71a94b4daa73 None None] Extension router-admin-state-down-before-update not supported by any of loaded plugins
Mar 30 12:20:51.880944 np0000161224 devstack@neutron-api.service[102327]: DEBUG neutron.api.extensions [None req-58875225-27b2-4e59-8ca0-f8b80c7a8491 None None] Ext name="Floating IP Pools Extension" alias="floatingip-pools" description="Provides a floating IP pools API." updated="2018-03-21T10:00:00-00:00" {{(pid=102327) _check_extension /opt/stack/neutron/neutron/api/extensions.py:415}}
Mar 30 12:20:51.880989 np0000161224 devstack@neutron-api.service[102326]: DEBUG neutron.api.extensions [None req-20b6b316-06dc-4fb7-b8e0-71a94b4daa73 None None] Loading extension file: agent.py {{(pid=102326) _load_all_extensions_from_path /opt/stack/neutron/neutron/api/extensions.py:449}}
Mar 30 12:20:51.881120 np0000161224 devstack@neutron-api.service[102327]: INFO neutron.api.extensions [None req-58875225-27b2-4e59-8ca0-f8b80c7a8491 None None] Loaded extension: floatingip-pools
Mar 30 12:20:51.881210 np0000161224 devstack@neutron-api.service[102327]: DEBUG neutron.api.extensions [None req-58875225-27b2-4e59-8ca0-f8b80c7a8491 None None] Loading extension file: ip_allocation.py {{(pid=102327) _load_all_extensions_from_path /opt/stack/neutron/neutron/api/extensions.py:449}}
Mar 30 12:20:51.881300 np0000161224 devstack@neutron-api.service[102326]: DEBUG neutron.api.extensions [None req-20b6b316-06dc-4fb7-b8e0-71a94b4daa73 None None] Ext name="agent" alias="agent" description="The agent management extension." updated="2013-02-03T10:00:00-00:00" {{(pid=102326) _check_extension /opt/stack/neutron/neutron/api/extensions.py:415}}
Mar 30 12:20:51.881347 np0000161224 devstack@neutron-api.service[102325]: DEBUG neutron_lib.callbacks.manager [None req-d9dff62f-bd87-4ba8-93f6-92e9fff3ad38 None None] Subscribe: > router precommit_create 55549900, False {{(pid=102325) subscribe /opt/stack/data/venv/lib/python3.12/site-packages/neutron_lib/callbacks/manager.py:52}}
Mar 30 12:20:51.881438 np0000161224 devstack@neutron-api.service[102327]: DEBUG neutron.api.extensions [None req-58875225-27b2-4e59-8ca0-f8b80c7a8491 None None] Ext name="IP Allocation" alias="ip_allocation" description="IP allocation extension." updated="2016-06-10T23:00:00-00:00" {{(pid=102327) _check_extension /opt/stack/neutron/neutron/api/extensions.py:415}}
Mar 30 12:20:51.881483 np0000161224 devstack@neutron-api.service[102325]: DEBUG neutron_lib.callbacks.manager [None req-d9dff62f-bd87-4ba8-93f6-92e9fff3ad38 None None] Subscribe: > router_interface after_create 55550000, False {{(pid=102325) subscribe /opt/stack/data/venv/lib/python3.12/site-packages/neutron_lib/callbacks/manager.py:52}}
Mar 30 12:20:51.881528 np0000161224 devstack@neutron-api.service[102326]: INFO neutron.api.extensions [None req-20b6b316-06dc-4fb7-b8e0-71a94b4daa73 None None] Loaded extension: agent
Mar 30 12:20:51.881575 np0000161224 devstack@neutron-api.service[102325]: DEBUG neutron_lib.callbacks.manager [None req-d9dff62f-bd87-4ba8-93f6-92e9fff3ad38 None None] Subscribe: > floatingip after_create 55550000, False {{(pid=102325) subscribe /opt/stack/data/venv/lib/python3.12/site-packages/neutron_lib/callbacks/manager.py:52}}
Mar 30 12:20:51.881620 np0000161224 devstack@neutron-api.service[102326]: DEBUG neutron.api.extensions [None req-20b6b316-06dc-4fb7-b8e0-71a94b4daa73 None None] Loading extension file: agent_resources_synced.py {{(pid=102326) _load_all_extensions_from_path /opt/stack/neutron/neutron/api/extensions.py:449}}
Mar 30 12:20:51.881668 np0000161224 devstack@neutron-api.service[102327]: INFO neutron.api.extensions [None req-58875225-27b2-4e59-8ca0-f8b80c7a8491 None None] Extension ip_allocation not supported by any of loaded plugins
Mar 30 12:20:51.881712 np0000161224 devstack@neutron-api.service[102325]: DEBUG neutron_lib.callbacks.manager [None req-d9dff62f-bd87-4ba8-93f6-92e9fff3ad38 None None] Subscribe: > floatingip precommit_create 55550000, False {{(pid=102325) subscribe /opt/stack/data/venv/lib/python3.12/site-packages/neutron_lib/callbacks/manager.py:52}}
Mar 30 12:20:51.881756 np0000161224 devstack@neutron-api.service[102327]: DEBUG neutron.api.extensions [None req-58875225-27b2-4e59-8ca0-f8b80c7a8491 None None] Loading extension file: ip_substring_port_filtering.py {{(pid=102327) _load_all_extensions_from_path /opt/stack/neutron/neutron/api/extensions.py:449}}
Mar 30 12:20:51.881798 np0000161224 devstack@neutron-api.service[102325]: DEBUG neutron_lib.callbacks.manager [None req-d9dff62f-bd87-4ba8-93f6-92e9fff3ad38 None None] Subscribe: > floatingip precommit_update 55550000, False {{(pid=102325) subscribe /opt/stack/data/venv/lib/python3.12/site-packages/neutron_lib/callbacks/manager.py:52}}
Mar 30 12:20:51.881843 np0000161224 devstack@neutron-api.service[102326]: DEBUG neutron.api.extensions [None req-20b6b316-06dc-4fb7-b8e0-71a94b4daa73 None None] Ext name="Agent's Resource View Synced to Placement" alias="agent-resources-synced" description="Stores success/failure of last sync to Placement" updated="2018-12-19T00:00:00-00:00" {{(pid=102326) _check_extension /opt/stack/neutron/neutron/api/extensions.py:415}}
Mar 30 12:20:51.881910 np0000161224 devstack@neutron-api.service[102325]: DEBUG neutron_lib.callbacks.manager [None req-d9dff62f-bd87-4ba8-93f6-92e9fff3ad38 None None] Subscribe: > floatingip after_delete 55550000, False {{(pid=102325) subscribe /opt/stack/data/venv/lib/python3.12/site-packages/neutron_lib/callbacks/manager.py:52}}
Mar 30 12:20:51.881956 np0000161224 devstack@neutron-api.service[102327]: DEBUG neutron.api.extensions [None req-58875225-27b2-4e59-8ca0-f8b80c7a8491 None None] Ext name="IP address substring filtering" alias="ip-substring-filtering" description="Provides IP address substring filtering when listing ports" updated="2017-11-28T09:00:00-00:00" {{(pid=102327) _check_extension /opt/stack/neutron/neutron/api/extensions.py:415}}
Mar 30 12:20:51.882007 np0000161224 devstack@neutron-api.service[102326]: INFO neutron.api.extensions [None req-20b6b316-06dc-4fb7-b8e0-71a94b4daa73 None None] Extension agent-resources-synced not supported by any of loaded plugins
Mar 30 12:20:51.882056 np0000161224 devstack@neutron-api.service[102325]: DEBUG neutron_lib.callbacks.manager [None req-d9dff62f-bd87-4ba8-93f6-92e9fff3ad38 None None] Subscribe: > floatingip after_status_update 55550000, False {{(pid=102325) subscribe /opt/stack/data/venv/lib/python3.12/site-packages/neutron_lib/callbacks/manager.py:52}}
Mar 30 12:20:51.882118 np0000161224 devstack@neutron-api.service[102326]: DEBUG neutron.api.extensions [None req-20b6b316-06dc-4fb7-b8e0-71a94b4daa73 None None] Loading extension file: allowedaddresspairs.py {{(pid=102326) _load_all_extensions_from_path /opt/stack/neutron/neutron/api/extensions.py:449}}
Mar 30 12:20:51.882162 np0000161224 devstack@neutron-api.service[102327]: INFO neutron.api.extensions [None req-58875225-27b2-4e59-8ca0-f8b80c7a8491 None None] Extension ip-substring-filtering not supported by any of loaded plugins
Mar 30 12:20:51.882205 np0000161224 devstack@neutron-api.service[102325]: DEBUG neutron_lib.callbacks.manager [None req-d9dff62f-bd87-4ba8-93f6-92e9fff3ad38 None None] Subscribe: > floatingip after_update 55550000, False {{(pid=102325) subscribe /opt/stack/data/venv/lib/python3.12/site-packages/neutron_lib/callbacks/manager.py:52}}
Mar 30 12:20:51.882248 np0000161224 devstack@neutron-api.service[102327]: DEBUG neutron.api.extensions [None req-58875225-27b2-4e59-8ca0-f8b80c7a8491 None None] Loading extension file: l2_adjacency.py {{(pid=102327) _load_all_extensions_from_path /opt/stack/neutron/neutron/api/extensions.py:449}}
