Jun 17 17:17:35.736380 np0000181243 devstack@n-api.service[104171]: INFO nova.api.openstack.requestlog [None req-d1986ac9-6ad3-43d9-abcb-c9dcade56282 admin admin] 199.19.213.84 "GET /compute/v2.1/" status: 200 len: 392 microversion: 2.1 time: 0.005571
Jun 17 17:17:35.736621 np0000181243 devstack@n-api.service[104171]: [pid: 104171|app: 0|req: 16/62] 199.19.213.84 () {62 vars in 1059 bytes} [Wed Jun 17 17:17:35 2026] GET /compute/v2.1/ => generated 392 bytes in 6 msecs (HTTP/1.1 200) 9 headers in 357 bytes (1 switches on core 0)
Jun 17 17:17:35.773781 np0000181243 devstack@n-api.service[104170]: DEBUG nova.api.openstack.wsgi [None req-ee085f38-701d-4fa9-94da-3a10f5b6fa1c demo demo] Calling method '>' {{(pid=104170) _process_stack /opt/stack/nova/nova/api/openstack/wsgi.py:551}}
Jun 17 17:17:35.799292 np0000181243 devstack@n-api.service[104170]: INFO nova.api.openstack.requestlog [None req-ee085f38-701d-4fa9-94da-3a10f5b6fa1c demo demo] 199.19.213.84 "GET /compute/v2.1/flavors/detail?is_public=None" status: 200 len: 5240 microversion: 2.61 time: 0.027319
Jun 17 17:17:35.799582 np0000181243 devstack@n-api.service[104170]: [pid: 104170|app: 0|req: 17/63] 199.19.213.84 () {68 vars in 1417 bytes} [Wed Jun 17 17:17:35 2026] GET /compute/v2.1/flavors/detail?is_public=None => generated 5240 bytes in 28 msecs (HTTP/1.1 200) 9 headers in 360 bytes (1 switches on core 0)
Jun 17 17:17:35.848702 np0000181243 devstack@n-api.service[104173]: DEBUG nova.api.openstack.wsgi [None req-6e1ec5bf-03d4-41dc-a712-c3a803dadcad demo demo] Calling method '>' {{(pid=104173) _process_stack /opt/stack/nova/nova/api/openstack/wsgi.py:551}}
Jun 17 17:17:35.881489 np0000181243 devstack@n-api.service[104173]: INFO nova.api.openstack.requestlog [None req-6e1ec5bf-03d4-41dc-a712-c3a803dadcad demo demo] 199.19.213.84 "GET /compute/v2.1/flavors/detail?is_public=None" status: 200 len: 5240 microversion: 2.61 time: 0.036169
Jun 17 17:17:35.881779 np0000181243 devstack@n-api.service[104173]: [pid: 104173|app: 0|req: 16/64] 199.19.213.84 () {68 vars in 1417 bytes} [Wed Jun 17 17:17:35 2026] GET /compute/v2.1/flavors/detail?is_public=None => generated 5240 bytes in 37 msecs (HTTP/1.1 200) 9 headers in 360 bytes (1 switches on core 0)
Jun 17 17:17:36.176398 np0000181243 devstack@n-api.service[104172]: DEBUG nova.api.openstack.wsgi [None req-fd5a62c2-307f-4aed-9715-bb7bcd89ead1 admin admin] Calling method '>' {{(pid=104172) _process_stack /opt/stack/nova/nova/api/openstack/wsgi.py:551}}
Jun 17 17:17:36.179990 np0000181243 devstack@n-api.service[104172]: INFO nova.api.openstack.requestlog [None req-fd5a62c2-307f-4aed-9715-bb7bcd89ead1 admin admin] 199.19.213.84 "GET /compute/v2.1" status: 200 len: 392 microversion: 2.1 time: 0.004087
Jun 17 17:17:36.180298 np0000181243 devstack@n-api.service[104172]: [pid: 104172|app: 0|req: 16/65] 199.19.213.84 () {62 vars in 1056 bytes} [Wed Jun 17 17:17:36 2026] GET /compute/v2.1 => generated 392 bytes in 4 msecs (HTTP/1.1 200) 9 headers in 357 bytes (1 switches on core 0)
Jun 17 17:17:36.222120 np0000181243 devstack@n-api.service[104171]: DEBUG nova.api.openstack.wsgi [None req-d1986ac9-6ad3-43d9-abcb-c9dcade56282 admin admin] Calling method '>' {{(pid=104171) _process_stack /opt/stack/nova/nova/api/openstack/wsgi.py:551}}
Jun 17 17:17:36.227424 np0000181243 devstack@n-api.service[104171]: INFO nova.api.openstack.requestlog [None req-d1986ac9-6ad3-43d9-abcb-c9dcade56282 admin admin] 199.19.213.84 "GET /compute/v2.1/" status: 200 len: 392 microversion: 2.1 time: 0.005853
Jun 17 17:17:36.227584 np0000181243 devstack@n-api.service[104171]: [pid: 104171|app: 0|req: 17/66] 199.19.213.84 () {62 vars in 1059 bytes} [Wed Jun 17 17:17:36 2026] GET /compute/v2.1/ => generated 392 bytes in 6 msecs (HTTP/1.1 200) 9 headers in 357 bytes (1 switches on core 0)
Jun 17 17:17:36.266715 np0000181243 devstack@n-api.service[104170]: DEBUG nova.api.openstack.wsgi [None req-8add238e-fd7c-4ed6-bb7b-c8be91e3457f demo demo] Calling method '>' {{(pid=104170) _process_stack /opt/stack/nova/nova/api/openstack/wsgi.py:551}}
Jun 17 17:17:36.287423 np0000181243 devstack@n-api.service[104170]: INFO nova.api.openstack.requestlog [None req-8add238e-fd7c-4ed6-bb7b-c8be91e3457f demo demo] 199.19.213.84 "GET /compute/v2.1/flavors/detail?is_public=None" status: 200 len: 5240 microversion: 2.61 time: 0.022708
Jun 17 17:17:36.287658 np0000181243 devstack@n-api.service[104170]: [pid: 104170|app: 0|req: 18/67] 199.19.213.84 () {68 vars in 1417 bytes} [Wed Jun 17 17:17:36 2026] GET /compute/v2.1/flavors/detail?is_public=None => generated 5240 bytes in 23 msecs (HTTP/1.1 200) 9 headers in 360 bytes (1 switches on core 0)
Jun 17 17:17:36.335479 np0000181243 devstack@n-api.service[104173]: DEBUG nova.api.openstack.wsgi [None req-0385fe88-ab95-4675-b833-74cd8e53d649 demo demo] Calling method '>' {{(pid=104173) _process_stack /opt/stack/nova/nova/api/openstack/wsgi.py:551}}
Jun 17 17:17:36.355548 np0000181243 devstack@n-api.service[104173]: INFO nova.api.openstack.requestlog [None req-0385fe88-ab95-4675-b833-74cd8e53d649 demo demo] 199.19.213.84 "GET /compute/v2.1/flavors/detail?is_public=None" status: 200 len: 5240 microversion: 2.61 time: 0.023612
Jun 17 17:17:36.355804 np0000181243 devstack@n-api.service[104173]: [pid: 104173|app: 0|req: 17/68] 199.19.213.84 () {68 vars in 1417 bytes} [Wed Jun 17 17:17:36 2026] GET /compute/v2.1/flavors/detail?is_public=None => generated 5240 bytes in 24 msecs (HTTP/1.1 200) 9 headers in 360 bytes (1 switches on core 0)
Jun 17 17:17:40.689278 np0000181243 devstack@n-api.service[104172]: DEBUG nova.api.openstack.wsgi [None req-fd5a62c2-307f-4aed-9715-bb7bcd89ead1 admin admin] Calling method '>' {{(pid=104172) _process_stack /opt/stack/nova/nova/api/openstack/wsgi.py:551}}
Jun 17 17:17:40.696199 np0000181243 devstack@n-api.service[104172]: INFO nova.api.openstack.requestlog [None req-fd5a62c2-307f-4aed-9715-bb7bcd89ead1 admin admin] 199.19.213.84 "GET /compute/v2.1" status: 200 len: 392 microversion: 2.1 time: 0.007466
Jun 17 17:17:40.696433 np0000181243 devstack@n-api.service[104172]: [pid: 104172|app: 0|req: 17/69] 199.19.213.84 () {62 vars in 1056 bytes} [Wed Jun 17 17:17:40 2026] GET /compute/v2.1 => generated 392 bytes in 8 msecs (HTTP/1.1 200) 9 headers in 357 bytes (1 switches on core 0)
Jun 17 17:17:40.735150 np0000181243 devstack@n-api.service[104171]: DEBUG nova.api.openstack.wsgi [None req-d1986ac9-6ad3-43d9-abcb-c9dcade56282 admin admin] Calling method '>' {{(pid=104171) _process_stack /opt/stack/nova/nova/api/openstack/wsgi.py:551}}
Jun 17 17:17:40.740792 np0000181243 devstack@n-api.service[104171]: INFO nova.api.openstack.requestlog [None req-d1986ac9-6ad3-43d9-abcb-c9dcade56282 admin admin] 199.19.213.84 "GET /compute/v2.1/" status: 200 len: 392 microversion: 2.1 time: 0.006442
Jun 17 17:17:40.741044 np0000181243 devstack@n-api.service[104171]: [pid: 104171|app: 0|req: 18/70] 199.19.213.84 () {62 vars in 1059 bytes} [Wed Jun 17 17:17:40 2026] GET /compute/v2.1/ => generated 392 bytes in 7 msecs (HTTP/1.1 200) 9 headers in 357 bytes (1 switches on core 0)
Jun 17 17:17:40.783367 np0000181243 devstack@n-api.service[104170]: DEBUG nova.api.openstack.wsgi [None req-e591d148-4daf-4bea-9f94-659e8fb7b5a0 demo demo] Calling method '>' {{(pid=104170) _process_stack /opt/stack/nova/nova/api/openstack/wsgi.py:551}}
Jun 17 17:17:40.805187 np0000181243 devstack@n-api.service[104170]: INFO nova.api.openstack.requestlog [None req-e591d148-4daf-4bea-9f94-659e8fb7b5a0 demo demo] 199.19.213.84 "GET /compute/v2.1/flavors/detail?is_public=None" status: 200 len: 5240 microversion: 2.61 time: 0.024530
Jun 17 17:17:40.805470 np0000181243 devstack@n-api.service[104170]: [pid: 104170|app: 0|req: 19/71] 199.19.213.84 () {68 vars in 1417 bytes} [Wed Jun 17 17:17:40 2026] GET /compute/v2.1/flavors/detail?is_public=None => generated 5240 bytes in 25 msecs (HTTP/1.1 200) 9 headers in 360 bytes (1 switches on core 0)
Jun 17 17:17:40.859583 np0000181243 devstack@n-api.service[104173]: DEBUG nova.api.openstack.wsgi [None req-ec174d16-443a-4327-9c66-112c909ee813 demo demo] Calling method '>' {{(pid=104173) _process_stack /opt/stack/nova/nova/api/openstack/wsgi.py:551}}
Jun 17 17:17:40.881467 np0000181243 devstack@n-api.service[104173]: INFO nova.api.openstack.requestlog [None req-ec174d16-443a-4327-9c66-112c909ee813 demo demo] 199.19.213.84 "GET /compute/v2.1/flavors/detail?is_public=None" status: 200 len: 5240 microversion: 2.61 time: 0.025068
Jun 17 17:17:40.881717 np0000181243 devstack@n-api.service[104173]: [pid: 104173|app: 0|req: 18/72] 199.19.213.84 () {68 vars in 1417 bytes} [Wed Jun 17 17:17:40 2026] GET /compute/v2.1/flavors/detail?is_public=None => generated 5240 bytes in 26 msecs (HTTP/1.1 200) 9 headers in 360 bytes (1 switches on core 0)
Jun 17 17:17:41.035044 np0000181243 devstack@n-api.service[104172]: DEBUG nova.api.openstack.wsgi [None req-fd5a62c2-307f-4aed-9715-bb7bcd89ead1 admin admin] Calling method '>' {{(pid=104172) _process_stack /opt/stack/nova/nova/api/openstack/wsgi.py:551}}
Jun 17 17:17:41.038672 np0000181243 devstack@n-api.service[104172]: INFO nova.api.openstack.requestlog [None req-fd5a62c2-307f-4aed-9715-bb7bcd89ead1 admin admin] 199.19.213.84 "GET /compute/v2.1" status: 200 len: 392 microversion: 2.1 time: 0.004053
Jun 17 17:17:41.038939 np0000181243 devstack@n-api.service[104172]: [pid: 104172|app: 0|req: 18/73] 199.19.213.84 () {62 vars in 1056 bytes} [Wed Jun 17 17:17:41 2026] GET /compute/v2.1 => generated 392 bytes in 5 msecs (HTTP/1.1 200) 9 headers in 357 bytes (1 switches on core 0)
Jun 17 17:17:41.076291 np0000181243 devstack@n-api.service[104171]: DEBUG nova.api.openstack.wsgi [None req-d1986ac9-6ad3-43d9-abcb-c9dcade56282 admin admin] Calling method '>' {{(pid=104171) _process_stack /opt/stack/nova/nova/api/openstack/wsgi.py:551}}
Jun 17 17:17:41.082810 np0000181243 devstack@n-api.service[104171]: INFO nova.api.openstack.requestlog [None req-d1986ac9-6ad3-43d9-abcb-c9dcade56282 admin admin] 199.19.213.84 "GET /compute/v2.1/" status: 200 len: 392 microversion: 2.1 time: 0.006972
Jun 17 17:17:41.083291 np0000181243 devstack@n-api.service[104171]: [pid: 104171|app: 0|req: 19/74] 199.19.213.84 () {62 vars in 1059 bytes} [Wed Jun 17 17:17:41 2026] GET /compute/v2.1/ => generated 392 bytes in 8 msecs (HTTP/1.1 200) 9 headers in 357 bytes (1 switches on core 0)
Jun 17 17:17:41.121645 np0000181243 devstack@n-api.service[104170]: DEBUG nova.api.openstack.wsgi [None req-bee344d5-297f-4096-a423-2b20dde7785d demo demo] Calling method '>' {{(pid=104170) _process_stack /opt/stack/nova/nova/api/openstack/wsgi.py:551}}
Jun 17 17:17:41.144555 np0000181243 devstack@n-api.service[104170]: INFO nova.api.openstack.requestlog [None req-bee344d5-297f-4096-a423-2b20dde7785d demo demo] 199.19.213.84 "GET /compute/v2.1/flavors/detail?is_public=None" status: 200 len: 5240 microversion: 2.61 time: 0.026338
Jun 17 17:17:41.144877 np0000181243 devstack@n-api.service[104170]: [pid: 104170|app: 0|req: 20/75] 199.19.213.84 () {68 vars in 1417 bytes} [Wed Jun 17 17:17:41 2026] GET /compute/v2.1/flavors/detail?is_public=None => generated 5240 bytes in 27 msecs (HTTP/1.1 200) 9 headers in 360 bytes (1 switches on core 0)
Jun 17 17:17:41.196793 np0000181243 devstack@n-api.service[104173]: DEBUG nova.api.openstack.wsgi [None req-c42300ae-f00c-4b99-9eac-026b0ac9519e demo demo] Calling method '>' {{(pid=104173) _process_stack /opt/stack/nova/nova/api/openstack/wsgi.py:551}}
Jun 17 17:17:41.215962 np0000181243 devstack@n-api.service[104173]: INFO nova.api.openstack.requestlog [None req-c42300ae-f00c-4b99-9eac-026b0ac9519e demo demo] 199.19.213.84 "GET /compute/v2.1/flavors/detail?is_public=None" status: 200 len: 5240 microversion: 2.61 time: 0.022691
Jun 17 17:17:41.216233 np0000181243 devstack@n-api.service[104173]: [pid: 104173|app: 0|req: 19/76] 199.19.213.84 () {68 vars in 1417 bytes} [Wed Jun 17 17:17:41 2026] GET /compute/v2.1/flavors/detail?is_public=None => generated 5240 bytes in 23 msecs (HTTP/1.1 200) 9 headers in 360 bytes (1 switches on core 0)
Jun 17 17:17:45.149502 np0000181243 devstack@n-api.service[104172]: DEBUG nova.api.openstack.wsgi [None req-fd5a62c2-307f-4aed-9715-bb7bcd89ead1 admin admin] Calling method '>' {{(pid=104172) _process_stack /opt/stack/nova/nova/api/openstack/wsgi.py:551}}
Jun 17 17:17:45.152064 np0000181243 devstack@n-api.service[104172]: INFO nova.api.openstack.requestlog [None req-fd5a62c2-307f-4aed-9715-bb7bcd89ead1 admin admin] 199.19.213.84 "GET /compute/v2.1" status: 200 len: 392 microversion: 2.1 time: 0.002928
Jun 17 17:17:45.152540 np0000181243 devstack@n-api.service[104172]: [pid: 104172|app: 0|req: 19/77] 199.19.213.84 () {62 vars in 1067 bytes} [Wed Jun 17 17:17:45 2026] GET /compute/v2.1 => generated 392 bytes in 3 msecs (HTTP/1.1 200) 9 headers in 357 bytes (2 switches on core 0)
Jun 17 17:17:45.194082 np0000181243 devstack@n-api.service[104171]: DEBUG nova.api.openstack.wsgi [None req-d1986ac9-6ad3-43d9-abcb-c9dcade56282 admin admin] Calling method '>' {{(pid=104171) _process_stack /opt/stack/nova/nova/api/openstack/wsgi.py:551}}
Jun 17 17:17:45.201569 np0000181243 devstack@n-api.service[104171]: INFO nova.api.openstack.requestlog [None req-d1986ac9-6ad3-43d9-abcb-c9dcade56282 admin admin] 199.19.213.84 "GET /compute/v2.1/" status: 200 len: 392 microversion: 2.1 time: 0.007963
Jun 17 17:17:45.201853 np0000181243 devstack@n-api.service[104171]: [pid: 104171|app: 0|req: 20/78] 199.19.213.84 () {62 vars in 1070 bytes} [Wed Jun 17 17:17:45 2026] GET /compute/v2.1/ => generated 392 bytes in 9 msecs (HTTP/1.1 200) 9 headers in 357 bytes (1 switches on core 0)
Jun 17 17:17:45.241223 np0000181243 devstack@n-api.service[104170]: DEBUG nova.api.openstack.wsgi [None req-a91b589d-6c7a-4fe0-8272-ac8760d34276 demo demo] Calling method '>' {{(pid=104170) _process_stack /opt/stack/nova/nova/api/openstack/wsgi.py:551}}
Jun 17 17:17:45.264611 np0000181243 devstack@n-api.service[104170]: INFO nova.api.openstack.requestlog [None req-a91b589d-6c7a-4fe0-8272-ac8760d34276 demo demo] 199.19.213.84 "GET /compute/v2.1/os-server-groups" status: 200 len: 21 microversion: 2.64 time: 0.027580
Jun 17 17:17:45.265077 np0000181243 devstack@n-api.service[104170]: [pid: 104170|app: 0|req: 21/79] 199.19.213.84 () {68 vars in 1405 bytes} [Wed Jun 17 17:17:45 2026] GET /compute/v2.1/os-server-groups => generated 21 bytes in 28 msecs (HTTP/1.1 200) 9 headers in 358 bytes (1 switches on core 0)
Jun 17 17:17:45.311632 np0000181243 devstack@n-api.service[104173]: DEBUG nova.api.openstack.wsgi [None req-c42300ae-f00c-4b99-9eac-026b0ac9519e demo demo] Calling method '>' {{(pid=104173) _process_stack /opt/stack/nova/nova/api/openstack/wsgi.py:551}}
Jun 17 17:17:45.317816 np0000181243 devstack@n-api.service[104173]: INFO nova.api.openstack.requestlog [None req-c42300ae-f00c-4b99-9eac-026b0ac9519e demo demo] 199.19.213.84 "GET /compute/v2.1" status: 200 len: 392 microversion: 2.1 time: 0.006167
Jun 17 17:17:45.317816 np0000181243 devstack@n-api.service[104173]: [pid: 104173|app: 0|req: 20/80] 199.19.213.84 () {62 vars in 1067 bytes} [Wed Jun 17 17:17:45 2026] GET /compute/v2.1 => generated 392 bytes in 7 msecs (HTTP/1.1 200) 9 headers in 357 bytes (1 switches on core 0)
Jun 17 17:17:45.354946 np0000181243 devstack@n-api.service[104172]: DEBUG nova.api.openstack.wsgi [None req-fd5a62c2-307f-4aed-9715-bb7bcd89ead1 admin admin] Calling method '>' {{(pid=104172) _process_stack /opt/stack/nova/nova/api/openstack/wsgi.py:551}}
Jun 17 17:17:45.360364 np0000181243 devstack@n-api.service[104172]: INFO nova.api.openstack.requestlog [None req-fd5a62c2-307f-4aed-9715-bb7bcd89ead1 admin admin] 199.19.213.84 "GET /compute/v2.1/" status: 200 len: 392 microversion: 2.1 time: 0.005687
Jun 17 17:17:45.360618 np0000181243 devstack@n-api.service[104172]: [pid: 104172|app: 0|req: 20/81] 199.19.213.84 () {62 vars in 1070 bytes} [Wed Jun 17 17:17:45 2026] GET /compute/v2.1/ => generated 392 bytes in 6 msecs (HTTP/1.1 200) 9 headers in 357 bytes (1 switches on core 0)
Jun 17 17:17:45.404034 np0000181243 devstack@n-api.service[104171]: DEBUG nova.api.openstack.wsgi [None req-2147a72b-a24c-45bf-9d5d-5c01972b522f demo demo] Action: 'create', calling method: >, body: {"server_group": {"name": "kube-m1cge", "policy": "soft-anti-affinity"}} {{(pid=104171) _process_stack /opt/stack/nova/nova/api/openstack/wsgi.py:549}}
Jun 17 17:17:45.429098 np0000181243 devstack@n-api.service[104171]: DEBUG nova.quota [None req-2147a72b-a24c-45bf-9d5d-5c01972b522f demo demo] Getting quotas for project 55ab3e8044ad4548b95f5364fabbf241. Resources: {'server_groups'} {{(pid=104171) _get_quotas /opt/stack/nova/nova/quota.py:392}}
Jun 17 17:17:45.432647 np0000181243 devstack@n-api.service[104171]: DEBUG nova.quota [None req-2147a72b-a24c-45bf-9d5d-5c01972b522f demo demo] Getting quotas for user c35febdfaa9f4982b38b595a9524dc3d and project 55ab3e8044ad4548b95f5364fabbf241. Resources: {'server_groups'} {{(pid=104171) _get_quotas /opt/stack/nova/nova/quota.py:382}}
Jun 17 17:17:45.494283 np0000181243 devstack@n-api.service[104171]: DEBUG nova.quota [None req-2147a72b-a24c-45bf-9d5d-5c01972b522f demo demo] Getting quotas for project 55ab3e8044ad4548b95f5364fabbf241. Resources: {'server_groups'} {{(pid=104171) _get_quotas /opt/stack/nova/nova/quota.py:392}}
Jun 17 17:17:45.496722 np0000181243 devstack@n-api.service[104171]: DEBUG nova.quota [None req-2147a72b-a24c-45bf-9d5d-5c01972b522f demo demo] Getting quotas for user c35febdfaa9f4982b38b595a9524dc3d and project 55ab3e8044ad4548b95f5364fabbf241. Resources: {'server_groups'} {{(pid=104171) _get_quotas /opt/stack/nova/nova/quota.py:382}}
Jun 17 17:17:45.508596 np0000181243 devstack@n-api.service[104171]: INFO nova.api.openstack.requestlog [None req-2147a72b-a24c-45bf-9d5d-5c01972b522f demo demo] 199.19.213.84 "POST /compute/v2.1/os-server-groups" status: 200 len: 243 microversion: 2.64 time: 0.109231
Jun 17 17:17:45.508892 np0000181243 devstack@n-api.service[104171]: [pid: 104171|app: 0|req: 21/82] 199.19.213.84 () {72 vars in 1445 bytes} [Wed Jun 17 17:17:45 2026] POST /compute/v2.1/os-server-groups => generated 243 bytes in 110 msecs (HTTP/1.1 200) 9 headers in 359 bytes (1 switches on core 0)
Jun 17 17:17:45.553697 np0000181243 devstack@n-api.service[104170]: DEBUG nova.api.openstack.wsgi [None req-a91b589d-6c7a-4fe0-8272-ac8760d34276 demo demo] Calling method '>' {{(pid=104170) _process_stack /opt/stack/nova/nova/api/openstack/wsgi.py:551}}
Jun 17 17:17:45.558363 np0000181243 devstack@n-api.service[104170]: INFO nova.api.openstack.requestlog [None req-a91b589d-6c7a-4fe0-8272-ac8760d34276 demo demo] 199.19.213.84 "GET /compute/v2.1" status: 200 len: 392 microversion: 2.1 time: 0.006276
Jun 17 17:17:45.558851 np0000181243 devstack@n-api.service[104170]: [pid: 104170|app: 0|req: 22/83] 199.19.213.84 () {62 vars in 1067 bytes} [Wed Jun 17 17:17:45 2026] GET /compute/v2.1 => generated 392 bytes in 7 msecs (HTTP/1.1 200) 9 headers in 357 bytes (1 switches on core 0)
Jun 17 17:17:45.593214 np0000181243 devstack@n-api.service[104173]: DEBUG nova.api.openstack.wsgi [None req-c42300ae-f00c-4b99-9eac-026b0ac9519e demo demo] Calling method '>' {{(pid=104173) _process_stack /opt/stack/nova/nova/api/openstack/wsgi.py:551}}
Jun 17 17:17:45.598635 np0000181243 devstack@n-api.service[104173]: INFO nova.api.openstack.requestlog [None req-c42300ae-f00c-4b99-9eac-026b0ac9519e demo demo] 199.19.213.84 "GET /compute/v2.1/" status: 200 len: 392 microversion: 2.1 time: 0.005737
Jun 17 17:17:45.599083 np0000181243 devstack@n-api.service[104173]: [pid: 104173|app: 0|req: 21/84] 199.19.213.84 () {62 vars in 1070 bytes} [Wed Jun 17 17:17:45 2026] GET /compute/v2.1/ => generated 392 bytes in 7 msecs (HTTP/1.1 200) 9 headers in 357 bytes (1 switches on core 0)
Jun 17 17:17:45.640220 np0000181243 devstack@n-api.service[104172]: DEBUG nova.api.openstack.wsgi [None req-8e284859-a0b8-4ba9-89c3-6becac9344f7 demo demo] Calling method '>' {{(pid=104172) _process_stack /opt/stack/nova/nova/api/openstack/wsgi.py:551}}
Jun 17 17:17:45.662190 np0000181243 devstack@n-api.service[104172]: INFO nova.api.openstack.requestlog [None req-8e284859-a0b8-4ba9-89c3-6becac9344f7 demo demo] 199.19.213.84 "GET /compute/v2.1/os-server-groups" status: 200 len: 246 microversion: 2.64 time: 0.025925
Jun 17 17:17:45.662397 np0000181243 devstack@n-api.service[104172]: [pid: 104172|app: 0|req: 21/85] 199.19.213.84 () {68 vars in 1405 bytes} [Wed Jun 17 17:17:45 2026] GET /compute/v2.1/os-server-groups => generated 246 bytes in 27 msecs (HTTP/1.1 200) 9 headers in 359 bytes (2 switches on core 0)
Jun 17 17:17:45.702769 np0000181243 devstack@n-api.service[104171]: DEBUG nova.api.openstack.wsgi [None req-2147a72b-a24c-45bf-9d5d-5c01972b522f demo demo] Calling method '>' {{(pid=104171) _process_stack /opt/stack/nova/nova/api/openstack/wsgi.py:551}}
Jun 17 17:17:45.707210 np0000181243 devstack@n-api.service[104171]: INFO nova.api.openstack.requestlog [None req-2147a72b-a24c-45bf-9d5d-5c01972b522f demo demo] 199.19.213.84 "GET /compute/v2.1" status: 200 len: 392 microversion: 2.1 time: 0.004951
Jun 17 17:17:45.707429 np0000181243 devstack@n-api.service[104171]: [pid: 104171|app: 0|req: 22/86] 199.19.213.84 () {62 vars in 1067 bytes} [Wed Jun 17 17:17:45 2026] GET /compute/v2.1 => generated 392 bytes in 6 msecs (HTTP/1.1 200) 9 headers in 357 bytes (1 switches on core 0)
Jun 17 17:17:45.745324 np0000181243 devstack@n-api.service[104170]: DEBUG nova.api.openstack.wsgi [None req-a91b589d-6c7a-4fe0-8272-ac8760d34276 demo demo] Calling method '>' {{(pid=104170) _process_stack /opt/stack/nova/nova/api/openstack/wsgi.py:551}}
Jun 17 17:17:45.749401 np0000181243 devstack@n-api.service[104170]: INFO nova.api.openstack.requestlog [None req-a91b589d-6c7a-4fe0-8272-ac8760d34276 demo demo] 199.19.213.84 "GET /compute/v2.1/" status: 200 len: 392 microversion: 2.1 time: 0.005092
Jun 17 17:17:45.749694 np0000181243 devstack@n-api.service[104170]: [pid: 104170|app: 0|req: 23/87] 199.19.213.84 () {62 vars in 1070 bytes} [Wed Jun 17 17:17:45 2026] GET /compute/v2.1/ => generated 392 bytes in 6 msecs (HTTP/1.1 200) 9 headers in 357 bytes (1 switches on core 0)
Jun 17 17:17:45.788270 np0000181243 devstack@n-api.service[104173]: DEBUG nova.api.openstack.wsgi [None req-1c3391ca-9538-4928-9523-afa49d12120f demo demo] Action: 'create', calling method: >, body: {"server_group": {"name": "kube-m1cge-default-worker", "policy": "soft-anti-affinity"}} {{(pid=104173) _process_stack /opt/stack/nova/nova/api/openstack/wsgi.py:549}}
Jun 17 17:17:45.821620 np0000181243 devstack@n-api.service[104173]: DEBUG nova.quota [None req-1c3391ca-9538-4928-9523-afa49d12120f demo demo] Getting quotas for project 55ab3e8044ad4548b95f5364fabbf241. Resources: {'server_groups'} {{(pid=104173) _get_quotas /opt/stack/nova/nova/quota.py:392}}
Jun 17 17:17:45.827870 np0000181243 devstack@n-api.service[104173]: DEBUG nova.quota [None req-1c3391ca-9538-4928-9523-afa49d12120f demo demo] Getting quotas for user c35febdfaa9f4982b38b595a9524dc3d and project 55ab3e8044ad4548b95f5364fabbf241. Resources: {'server_groups'} {{(pid=104173) _get_quotas /opt/stack/nova/nova/quota.py:382}}
Jun 17 17:17:45.879304 np0000181243 devstack@n-api.service[104173]: DEBUG nova.quota [None req-1c3391ca-9538-4928-9523-afa49d12120f demo demo] Getting quotas for project 55ab3e8044ad4548b95f5364fabbf241. Resources: {'server_groups'} {{(pid=104173) _get_quotas /opt/stack/nova/nova/quota.py:392}}
Jun 17 17:17:45.881086 np0000181243 devstack@n-api.service[104173]: DEBUG nova.quota [None req-1c3391ca-9538-4928-9523-afa49d12120f demo demo] Getting quotas for user c35febdfaa9f4982b38b595a9524dc3d and project 55ab3e8044ad4548b95f5364fabbf241. Resources: {'server_groups'} {{(pid=104173) _get_quotas /opt/stack/nova/nova/quota.py:382}}
Jun 17 17:17:45.888490 np0000181243 devstack@n-api.service[104173]: INFO nova.api.openstack.requestlog [None req-1c3391ca-9538-4928-9523-afa49d12120f demo demo] 199.19.213.84 "POST /compute/v2.1/os-server-groups" status: 200 len: 258 microversion: 2.64 time: 0.103971
Jun 17 17:17:45.889131 np0000181243 devstack@n-api.service[104173]: [pid: 104173|app: 0|req: 22/88] 199.19.213.84 () {72 vars in 1445 bytes} [Wed Jun 17 17:17:45 2026] POST /compute/v2.1/os-server-groups => generated 258 bytes in 105 msecs (HTTP/1.1 200) 9 headers in 359 bytes (1 switches on core 0)
Jun 17 17:17:48.901543 np0000181243 devstack@n-api.service[104172]: DEBUG nova.api.openstack.wsgi [None req-8e284859-a0b8-4ba9-89c3-6becac9344f7 demo demo] Calling method '>' {{(pid=104172) _process_stack /opt/stack/nova/nova/api/openstack/wsgi.py:551}}
Jun 17 17:17:48.907549 np0000181243 devstack@n-api.service[104172]: INFO nova.api.openstack.requestlog [None req-8e284859-a0b8-4ba9-89c3-6becac9344f7 demo demo] 199.19.213.84 "GET /compute/v2.1" status: 200 len: 392 microversion: 2.1 time: 0.006489
Jun 17 17:17:48.908016 np0000181243 devstack@n-api.service[104172]: [pid: 104172|app: 0|req: 22/89] 199.19.213.84 () {62 vars in 1067 bytes} [Wed Jun 17 17:17:48 2026] GET /compute/v2.1 => generated 392 bytes in 7 msecs (HTTP/1.1 200) 9 headers in 357 bytes (1 switches on core 0)
Jun 17 17:17:48.944670 np0000181243 devstack@n-api.service[104171]: DEBUG nova.api.openstack.wsgi [None req-2147a72b-a24c-45bf-9d5d-5c01972b522f demo demo] Calling method '>' {{(pid=104171) _process_stack /opt/stack/nova/nova/api/openstack/wsgi.py:551}}
Jun 17 17:17:48.950037 np0000181243 devstack@n-api.service[104171]: INFO nova.api.openstack.requestlog [None req-2147a72b-a24c-45bf-9d5d-5c01972b522f demo demo] 199.19.213.84 "GET /compute/v2.1/" status: 200 len: 392 microversion: 2.1 time: 0.005874
Jun 17 17:17:48.950313 np0000181243 devstack@n-api.service[104171]: [pid: 104171|app: 0|req: 23/90] 199.19.213.84 () {62 vars in 1070 bytes} [Wed Jun 17 17:17:48 2026] GET /compute/v2.1/ => generated 392 bytes in 6 msecs (HTTP/1.1 200) 9 headers in 357 bytes (1 switches on core 0)
Jun 17 17:17:48.992544 np0000181243 devstack@n-api.service[104170]: DEBUG nova.api.openstack.wsgi [None req-b0b3de24-cad0-492e-a2e6-5c45fc358569 demo demo] Calling method '>' {{(pid=104170) _process_stack /opt/stack/nova/nova/api/openstack/wsgi.py:551}}
Jun 17 17:17:49.012225 np0000181243 devstack@n-api.service[104170]: INFO nova.api.openstack.requestlog [None req-b0b3de24-cad0-492e-a2e6-5c45fc358569 demo demo] 199.19.213.84 "GET /compute/v2.1/flavors/detail?is_public=None" status: 200 len: 5240 microversion: 2.61 time: 0.023786
Jun 17 17:17:49.012452 np0000181243 devstack@n-api.service[104170]: [pid: 104170|app: 0|req: 24/91] 199.19.213.84 () {68 vars in 1428 bytes} [Wed Jun 17 17:17:48 2026] GET /compute/v2.1/flavors/detail?is_public=None => generated 5240 bytes in 24 msecs (HTTP/1.1 200) 9 headers in 360 bytes (1 switches on core 0)
Jun 17 17:17:49.063014 np0000181243 devstack@n-api.service[104173]: DEBUG nova.api.openstack.wsgi [None req-140690f8-58ea-4a0b-a740-59782aa29b46 demo demo] Calling method '>' {{(pid=104173) _process_stack /opt/stack/nova/nova/api/openstack/wsgi.py:551}}
Jun 17 17:17:49.085519 np0000181243 devstack@n-api.service[104173]: INFO nova.api.openstack.requestlog [None req-140690f8-58ea-4a0b-a740-59782aa29b46 demo demo] 199.19.213.84 "GET /compute/v2.1/flavors/detail?is_public=None" status: 200 len: 5240 microversion: 2.61 time: 0.024453
Jun 17 17:17:49.085519 np0000181243 devstack@n-api.service[104173]: [pid: 104173|app: 0|req: 23/92] 199.19.213.84 () {68 vars in 1428 bytes} [Wed Jun 17 17:17:49 2026] GET /compute/v2.1/flavors/detail?is_public=None => generated 5240 bytes in 25 msecs (HTTP/1.1 200) 9 headers in 360 bytes (1 switches on core 0)
Jun 17 17:17:49.238944 np0000181243 devstack@n-api.service[104172]: DEBUG nova.api.openstack.wsgi [None req-8e284859-a0b8-4ba9-89c3-6becac9344f7 demo demo] Calling method '>' {{(pid=104172) _process_stack /opt/stack/nova/nova/api/openstack/wsgi.py:551}}
Jun 17 17:17:49.244024 np0000181243 devstack@n-api.service[104172]: INFO nova.api.openstack.requestlog [None req-8e284859-a0b8-4ba9-89c3-6becac9344f7 demo demo] 199.19.213.84 "GET /compute/v2.1" status: 200 len: 392 microversion: 2.1 time: 0.005700
Jun 17 17:17:49.244251 np0000181243 devstack@n-api.service[104172]: [pid: 104172|app: 0|req: 23/93] 199.19.213.84 () {62 vars in 1067 bytes} [Wed Jun 17 17:17:49 2026] GET /compute/v2.1 => generated 392 bytes in 6 msecs (HTTP/1.1 200) 9 headers in 357 bytes (1 switches on core 0)
Jun 17 17:17:49.289201 np0000181243 devstack@n-api.service[104171]: DEBUG nova.api.openstack.wsgi [None req-2147a72b-a24c-45bf-9d5d-5c01972b522f demo demo] Calling method '>' {{(pid=104171) _process_stack /opt/stack/nova/nova/api/openstack/wsgi.py:551}}
Jun 17 17:17:49.293738 np0000181243 devstack@n-api.service[104171]: INFO nova.api.openstack.requestlog [None req-2147a72b-a24c-45bf-9d5d-5c01972b522f demo demo] 199.19.213.84 "GET /compute/v2.1/" status: 200 len: 392 microversion: 2.1 time: 0.004720
Jun 17 17:17:49.294009 np0000181243 devstack@n-api.service[104171]: [pid: 104171|app: 0|req: 24/94] 199.19.213.84 () {62 vars in 1070 bytes} [Wed Jun 17 17:17:49 2026] GET /compute/v2.1/ => generated 392 bytes in 5 msecs (HTTP/1.1 200) 9 headers in 357 bytes (1 switches on core 0)
Jun 17 17:17:49.335554 np0000181243 devstack@n-api.service[104170]: DEBUG nova.api.openstack.wsgi [None req-b93efec8-4421-4afb-9ab9-cd2fda1617a0 demo demo] Calling method '>' {{(pid=104170) _process_stack /opt/stack/nova/nova/api/openstack/wsgi.py:551}}
Jun 17 17:17:49.358905 np0000181243 devstack@n-api.service[104170]: INFO nova.api.openstack.requestlog [None req-b93efec8-4421-4afb-9ab9-cd2fda1617a0 demo demo] 199.19.213.84 "GET /compute/v2.1/flavors/detail?is_public=None" status: 200 len: 5240 microversion: 2.61 time: 0.027086
Jun 17 17:17:49.359390 np0000181243 devstack@n-api.service[104170]: [pid: 104170|app: 0|req: 25/95] 199.19.213.84 () {68 vars in 1428 bytes} [Wed Jun 17 17:17:49 2026] GET /compute/v2.1/flavors/detail?is_public=None => generated 5240 bytes in 28 msecs (HTTP/1.1 200) 9 headers in 360 bytes (1 switches on core 0)
Jun 17 17:17:55.501282 np0000181243 devstack@n-api.service[104171]: DEBUG dbcounter [-] [104171] Writing DB stats nova_cell0:SELECT=4 {{(pid=104171) stat_writer /opt/stack/data/venv/lib/python3.12/site-packages/dbcounter.py:115}}
Jun 17 17:17:55.511715 np0000181243 devstack@n-api.service[104171]: DEBUG dbcounter [-] [104171] Writing DB stats nova_api:SELECT=14,nova_api:INSERT=2 {{(pid=104171) stat_writer /opt/stack/data/venv/lib/python3.12/site-packages/dbcounter.py:115}}
Jun 17 17:17:55.657998 np0000181243 devstack@n-api.service[104172]: DEBUG dbcounter [-] [104172] Writing DB stats nova_api:SELECT=2 {{(pid=104172) stat_writer /opt/stack/data/venv/lib/python3.12/site-packages/dbcounter.py:115}}
Jun 17 17:17:55.884443 np0000181243 devstack@n-api.service[104173]: DEBUG dbcounter [-] [104173] Writing DB stats nova_cell0:SELECT=4 {{(pid=104173) stat_writer /opt/stack/data/venv/lib/python3.12/site-packages/dbcounter.py:115}}
Jun 17 17:17:59.071504 np0000181243 devstack@n-api.service[104173]: DEBUG dbcounter [-] [104173] Writing DB stats nova_api:SELECT=19,nova_api:INSERT=2 {{(pid=104173) stat_writer /opt/stack/data/venv/lib/python3.12/site-packages/dbcounter.py:115}}
Jun 17 17:17:59.341875 np0000181243 devstack@n-api.service[104170]: DEBUG dbcounter [-] [104170] Writing DB stats nova_api:SELECT=8 {{(pid=104170) stat_writer /opt/stack/data/venv/lib/python3.12/site-packages/dbcounter.py:115}}
Jun 17 17:18:11.454524 np0000181243 devstack@n-api.service[104173]: DEBUG nova.api.openstack.wsgi [None req-140690f8-58ea-4a0b-a740-59782aa29b46 demo demo] Calling method '>' {{(pid=104173) _process_stack /opt/stack/nova/nova/api/openstack/wsgi.py:551}}
Jun 17 17:18:11.460458 np0000181243 devstack@n-api.service[104173]: INFO nova.api.openstack.requestlog [None req-140690f8-58ea-4a0b-a740-59782aa29b46 demo demo] 172.18.0.2 "GET /compute/v2.1/" status: 200 len: 392 microversion: 2.1 time: 0.006435
Jun 17 17:18:11.460997 np0000181243 devstack@n-api.service[104173]: [pid: 104173|app: 0|req: 24/96] 199.19.213.84 () {64 vars in 1266 bytes} [Wed Jun 17 17:18:11 2026] GET /compute/v2.1/ => generated 392 bytes in 7 msecs (HTTP/1.1 200) 9 headers in 357 bytes (1 switches on core 0)
Jun 17 17:18:11.469672 np0000181243 devstack@n-api.service[104172]: DEBUG nova.api.openstack.wsgi [None req-331d3c32-66e2-40ed-94bb-427e27b3cee1 demo demo] Calling method '>' {{(pid=104172) _process_stack /opt/stack/nova/nova/api/openstack/wsgi.py:551}}
Jun 17 17:18:11.472187 np0000181243 devstack@n-api.service[104172]: DEBUG oslo_concurrency.lockutils [None req-331d3c32-66e2-40ed-94bb-427e27b3cee1 demo demo] Acquiring lock "00000000-0000-0000-0000-000000000000" by "nova.context.set_target_cell..get_or_set_cached_cell_and_set_connections" {{(pid=104172) inner /opt/stack/data/venv/lib/python3.12/site-packages/oslo_concurrency/lockutils.py:511}}
Jun 17 17:18:11.472459 np0000181243 devstack@n-api.service[104172]: DEBUG oslo_concurrency.lockutils [None req-331d3c32-66e2-40ed-94bb-427e27b3cee1 demo demo] Lock "00000000-0000-0000-0000-000000000000" acquired by "nova.context.set_target_cell..get_or_set_cached_cell_and_set_connections" :: waited 0.000s {{(pid=104172) inner /opt/stack/data/venv/lib/python3.12/site-packages/oslo_concurrency/lockutils.py:524}}
Jun 17 17:18:11.472671 np0000181243 devstack@n-api.service[104172]: DEBUG oslo_concurrency.lockutils [None req-331d3c32-66e2-40ed-94bb-427e27b3cee1 demo demo] Lock "00000000-0000-0000-0000-000000000000" "released" by "nova.context.set_target_cell..get_or_set_cached_cell_and_set_connections" :: held 0.000s {{(pid=104172) inner /opt/stack/data/venv/lib/python3.12/site-packages/oslo_concurrency/lockutils.py:543}}
Jun 17 17:18:11.473661 np0000181243 devstack@n-api.service[104172]: DEBUG oslo_concurrency.lockutils [None req-331d3c32-66e2-40ed-94bb-427e27b3cee1 demo demo] Acquiring lock "2ca906aa-ab8d-4d0f-b129-003e7b9f5e1b" by "nova.context.set_target_cell..get_or_set_cached_cell_and_set_connections" {{(pid=104172) inner /opt/stack/data/venv/lib/python3.12/site-packages/oslo_concurrency/lockutils.py:511}}
Jun 17 17:18:11.475104 np0000181243 devstack@n-api.service[104172]: DEBUG oslo_concurrency.lockutils [None req-331d3c32-66e2-40ed-94bb-427e27b3cee1 demo demo] Lock "2ca906aa-ab8d-4d0f-b129-003e7b9f5e1b" acquired by "nova.context.set_target_cell..get_or_set_cached_cell_and_set_connections" :: waited 0.001s {{(pid=104172) inner /opt/stack/data/venv/lib/python3.12/site-packages/oslo_concurrency/lockutils.py:524}}
Jun 17 17:18:11.475383 np0000181243 devstack@n-api.service[104172]: DEBUG oslo_concurrency.lockutils [None req-331d3c32-66e2-40ed-94bb-427e27b3cee1 demo demo] Lock "2ca906aa-ab8d-4d0f-b129-003e7b9f5e1b" "released" by "nova.context.set_target_cell..get_or_set_cached_cell_and_set_connections" :: held 0.000s {{(pid=104172) inner /opt/stack/data/venv/lib/python3.12/site-packages/oslo_concurrency/lockutils.py:543}}
Jun 17 17:18:11.621382 np0000181243 devstack@n-api.service[104172]: INFO nova.api.openstack.requestlog [None req-331d3c32-66e2-40ed-94bb-427e27b3cee1 demo demo] 172.18.0.2 "GET /compute/v2.1/os-availability-zone" status: 200 len: 97 microversion: 2.38 time: 0.153943
Jun 17 17:18:11.621935 np0000181243 devstack@n-api.service[104172]: [pid: 104172|app: 0|req: 24/97] 199.19.213.84 () {68 vars in 1409 bytes} [Wed Jun 17 17:18:11 2026] GET /compute/v2.1/os-availability-zone => generated 97 bytes in 155 msecs (HTTP/1.1 200) 9 headers in 358 bytes (1 switches on core 0)
Jun 17 17:18:12.558484 np0000181243 devstack@n-api.service[104171]: DEBUG nova.api.openstack.wsgi [None req-2147a72b-a24c-45bf-9d5d-5c01972b522f demo demo] Calling method '>' {{(pid=104171) _process_stack /opt/stack/nova/nova/api/openstack/wsgi.py:551}}
Jun 17 17:18:12.562825 np0000181243 devstack@n-api.service[104171]: INFO nova.api.openstack.requestlog [None req-2147a72b-a24c-45bf-9d5d-5c01972b522f demo demo] 172.18.0.2 "GET /compute/v2.1/" status: 200 len: 392 microversion: 2.1 time: 0.004747
Jun 17 17:18:12.563006 np0000181243 devstack@n-api.service[104171]: [pid: 104171|app: 0|req: 25/98] 199.19.213.84 () {64 vars in 1266 bytes} [Wed Jun 17 17:18:12 2026] GET /compute/v2.1/ => generated 392 bytes in 5 msecs (HTTP/1.1 200) 9 headers in 357 bytes (1 switches on core 0)
Jun 17 17:18:12.572395 np0000181243 devstack@n-api.service[104170]: DEBUG nova.api.openstack.wsgi [None req-e5f54938-9452-4c88-96e9-f9ee83ebc21b demo demo] Calling method '>' {{(pid=104170) _process_stack /opt/stack/nova/nova/api/openstack/wsgi.py:551}}
Jun 17 17:18:12.575952 np0000181243 devstack@n-api.service[104170]: DEBUG oslo_concurrency.lockutils [None req-e5f54938-9452-4c88-96e9-f9ee83ebc21b demo demo] Acquiring lock "00000000-0000-0000-0000-000000000000" by "nova.context.set_target_cell..get_or_set_cached_cell_and_set_connections" {{(pid=104170) inner /opt/stack/data/venv/lib/python3.12/site-packages/oslo_concurrency/lockutils.py:511}}
Jun 17 17:18:12.576443 np0000181243 devstack@n-api.service[104170]: DEBUG oslo_concurrency.lockutils [None req-e5f54938-9452-4c88-96e9-f9ee83ebc21b demo demo] Lock "00000000-0000-0000-0000-000000000000" acquired by "nova.context.set_target_cell..get_or_set_cached_cell_and_set_connections" :: waited 0.000s {{(pid=104170) inner /opt/stack/data/venv/lib/python3.12/site-packages/oslo_concurrency/lockutils.py:524}}
Jun 17 17:18:12.576736 np0000181243 devstack@n-api.service[104170]: DEBUG oslo_concurrency.lockutils [None req-e5f54938-9452-4c88-96e9-f9ee83ebc21b demo demo] Lock "00000000-0000-0000-0000-000000000000" "released" by "nova.context.set_target_cell..get_or_set_cached_cell_and_set_connections" :: held 0.000s {{(pid=104170) inner /opt/stack/data/venv/lib/python3.12/site-packages/oslo_concurrency/lockutils.py:543}}
Jun 17 17:18:12.577718 np0000181243 devstack@n-api.service[104170]: DEBUG oslo_concurrency.lockutils [None req-e5f54938-9452-4c88-96e9-f9ee83ebc21b demo demo] Acquiring lock "2ca906aa-ab8d-4d0f-b129-003e7b9f5e1b" by "nova.context.set_target_cell..get_or_set_cached_cell_and_set_connections" {{(pid=104170) inner /opt/stack/data/venv/lib/python3.12/site-packages/oslo_concurrency/lockutils.py:511}}
Jun 17 17:18:12.577877 np0000181243 devstack@n-api.service[104170]: DEBUG oslo_concurrency.lockutils [None req-e5f54938-9452-4c88-96e9-f9ee83ebc21b demo demo] Lock "2ca906aa-ab8d-4d0f-b129-003e7b9f5e1b" acquired by "nova.context.set_target_cell..get_or_set_cached_cell_and_set_connections" :: waited 0.000s {{(pid=104170) inner /opt/stack/data/venv/lib/python3.12/site-packages/oslo_concurrency/lockutils.py:524}}
Jun 17 17:18:12.578024 np0000181243 devstack@n-api.service[104170]: DEBUG oslo_concurrency.lockutils [None req-e5f54938-9452-4c88-96e9-f9ee83ebc21b demo demo] Lock "2ca906aa-ab8d-4d0f-b129-003e7b9f5e1b" "released" by "nova.context.set_target_cell..get_or_set_cached_cell_and_set_connections" :: held 0.000s {{(pid=104170) inner /opt/stack/data/venv/lib/python3.12/site-packages/oslo_concurrency/lockutils.py:543}}
Jun 17 17:18:12.700818 np0000181243 devstack@n-api.service[104170]: INFO nova.api.openstack.requestlog [None req-e5f54938-9452-4c88-96e9-f9ee83ebc21b demo demo] 172.18.0.2 "GET /compute/v2.1/os-availability-zone" status: 200 len: 97 microversion: 2.38 time: 0.131742
Jun 17 17:18:12.701758 np0000181243 devstack@n-api.service[104170]: [pid: 104170|app: 0|req: 26/99] 199.19.213.84 () {68 vars in 1409 bytes} [Wed Jun 17 17:18:12 2026] GET /compute/v2.1/os-availability-zone => generated 97 bytes in 133 msecs (HTTP/1.1 200) 9 headers in 358 bytes (1 switches on core 0)
Jun 17 17:18:13.360474 np0000181243 devstack@n-api.service[104173]: DEBUG nova.api.openstack.wsgi [None req-140690f8-58ea-4a0b-a740-59782aa29b46 demo demo] Calling method '>' {{(pid=104173) _process_stack /opt/stack/nova/nova/api/openstack/wsgi.py:551}}
Jun 17 17:18:13.364098 np0000181243 devstack@n-api.service[104173]: INFO nova.api.openstack.requestlog [None req-140690f8-58ea-4a0b-a740-59782aa29b46 demo demo] 172.18.0.2 "GET /compute/v2.1/" status: 200 len: 392 microversion: 2.1 time: 0.003839
Jun 17 17:18:13.364381 np0000181243 devstack@n-api.service[104173]: [pid: 104173|app: 0|req: 25/100] 199.19.213.84 () {64 vars in 1266 bytes} [Wed Jun 17 17:18:13 2026] GET /compute/v2.1/ => generated 392 bytes in 4 msecs (HTTP/1.1 200) 9 headers in 357 bytes (1 switches on core 0)
Jun 17 17:18:13.373838 np0000181243 devstack@n-api.service[104172]: DEBUG nova.api.openstack.wsgi [None req-3bc82a87-1a6a-43d7-b157-b6c76cabdd1c demo demo] Calling method '>' {{(pid=104172) _process_stack /opt/stack/nova/nova/api/openstack/wsgi.py:551}}
Jun 17 17:18:13.376293 np0000181243 devstack@n-api.service[104172]: DEBUG oslo_concurrency.lockutils [None req-3bc82a87-1a6a-43d7-b157-b6c76cabdd1c demo demo] Acquiring lock "00000000-0000-0000-0000-000000000000" by "nova.context.set_target_cell..get_or_set_cached_cell_and_set_connections" {{(pid=104172) inner /opt/stack/data/venv/lib/python3.12/site-packages/oslo_concurrency/lockutils.py:511}}
Jun 17 17:18:13.376502 np0000181243 devstack@n-api.service[104172]: DEBUG oslo_concurrency.lockutils [None req-3bc82a87-1a6a-43d7-b157-b6c76cabdd1c demo demo] Lock "00000000-0000-0000-0000-000000000000" acquired by "nova.context.set_target_cell..get_or_set_cached_cell_and_set_connections" :: waited 0.000s {{(pid=104172) inner /opt/stack/data/venv/lib/python3.12/site-packages/oslo_concurrency/lockutils.py:524}}
Jun 17 17:18:13.376672 np0000181243 devstack@n-api.service[104172]: DEBUG oslo_concurrency.lockutils [None req-3bc82a87-1a6a-43d7-b157-b6c76cabdd1c demo demo] Lock "00000000-0000-0000-0000-000000000000" "released" by "nova.context.set_target_cell..get_or_set_cached_cell_and_set_connections" :: held 0.000s {{(pid=104172) inner /opt/stack/data/venv/lib/python3.12/site-packages/oslo_concurrency/lockutils.py:543}}
Jun 17 17:18:13.378078 np0000181243 devstack@n-api.service[104172]: DEBUG oslo_concurrency.lockutils [None req-3bc82a87-1a6a-43d7-b157-b6c76cabdd1c demo demo] Acquiring lock "2ca906aa-ab8d-4d0f-b129-003e7b9f5e1b" by "nova.context.set_target_cell..get_or_set_cached_cell_and_set_connections" {{(pid=104172) inner /opt/stack/data/venv/lib/python3.12/site-packages/oslo_concurrency/lockutils.py:511}}
Jun 17 17:18:13.380821 np0000181243 devstack@n-api.service[104172]: DEBUG oslo_concurrency.lockutils [None req-3bc82a87-1a6a-43d7-b157-b6c76cabdd1c demo demo] Lock "2ca906aa-ab8d-4d0f-b129-003e7b9f5e1b" acquired by "nova.context.set_target_cell..get_or_set_cached_cell_and_set_connections" :: waited 0.003s {{(pid=104172) inner /opt/stack/data/venv/lib/python3.12/site-packages/oslo_concurrency/lockutils.py:524}}
Jun 17 17:18:13.380989 np0000181243 devstack@n-api.service[104172]: DEBUG oslo_concurrency.lockutils [None req-3bc82a87-1a6a-43d7-b157-b6c76cabdd1c demo demo] Lock "2ca906aa-ab8d-4d0f-b129-003e7b9f5e1b" "released" by "nova.context.set_target_cell..get_or_set_cached_cell_and_set_connections" :: held 0.000s {{(pid=104172) inner /opt/stack/data/venv/lib/python3.12/site-packages/oslo_concurrency/lockutils.py:543}}
Jun 17 17:18:13.397859 np0000181243 devstack@n-api.service[104172]: INFO nova.api.openstack.requestlog [None req-3bc82a87-1a6a-43d7-b157-b6c76cabdd1c demo demo] 172.18.0.2 "GET /compute/v2.1/os-availability-zone" status: 200 len: 97 microversion: 2.38 time: 0.026102
Jun 17 17:18:13.398545 np0000181243 devstack@n-api.service[104172]: [pid: 104172|app: 0|req: 25/101] 199.19.213.84 () {68 vars in 1409 bytes} [Wed Jun 17 17:18:13 2026] GET /compute/v2.1/os-availability-zone => generated 97 bytes in 27 msecs (HTTP/1.1 200) 9 headers in 358 bytes (1 switches on core 0)
Jun 17 17:18:13.988698 np0000181243 devstack@n-api.service[104171]: DEBUG nova.api.openstack.wsgi [None req-2147a72b-a24c-45bf-9d5d-5c01972b522f demo demo] Calling method '>' {{(pid=104171) _process_stack /opt/stack/nova/nova/api/openstack/wsgi.py:551}}
Jun 17 17:18:13.992708 np0000181243 devstack@n-api.service[104171]: INFO nova.api.openstack.requestlog [None req-2147a72b-a24c-45bf-9d5d-5c01972b522f demo demo] 172.18.0.2 "GET /compute/v2.1/" status: 200 len: 392 microversion: 2.1 time: 0.004278
Jun 17 17:18:13.993056 np0000181243 devstack@n-api.service[104171]: [pid: 104171|app: 0|req: 26/102] 199.19.213.84 () {64 vars in 1266 bytes} [Wed Jun 17 17:18:13 2026] GET /compute/v2.1/ => generated 392 bytes in 5 msecs (HTTP/1.1 200) 9 headers in 357 bytes (1 switches on core 0)
Jun 17 17:18:14.001418 np0000181243 devstack@n-api.service[104170]: DEBUG nova.api.openstack.wsgi [None req-9b59eec7-b8c0-4108-af36-281132939ed1 demo demo] Calling method '>' {{(pid=104170) _process_stack /opt/stack/nova/nova/api/openstack/wsgi.py:551}}
Jun 17 17:18:14.003635 np0000181243 devstack@n-api.service[104170]: DEBUG oslo_concurrency.lockutils [None req-9b59eec7-b8c0-4108-af36-281132939ed1 demo demo] Acquiring lock "00000000-0000-0000-0000-000000000000" by "nova.context.set_target_cell..get_or_set_cached_cell_and_set_connections" {{(pid=104170) inner /opt/stack/data/venv/lib/python3.12/site-packages/oslo_concurrency/lockutils.py:511}}
Jun 17 17:18:14.003863 np0000181243 devstack@n-api.service[104170]: DEBUG oslo_concurrency.lockutils [None req-9b59eec7-b8c0-4108-af36-281132939ed1 demo demo] Lock "00000000-0000-0000-0000-000000000000" acquired by "nova.context.set_target_cell..get_or_set_cached_cell_and_set_connections" :: waited 0.000s {{(pid=104170) inner /opt/stack/data/venv/lib/python3.12/site-packages/oslo_concurrency/lockutils.py:524}}
Jun 17 17:18:14.004050 np0000181243 devstack@n-api.service[104170]: DEBUG oslo_concurrency.lockutils [None req-9b59eec7-b8c0-4108-af36-281132939ed1 demo demo] Lock "00000000-0000-0000-0000-000000000000" "released" by "nova.context.set_target_cell..get_or_set_cached_cell_and_set_connections" :: held 0.000s {{(pid=104170) inner /opt/stack/data/venv/lib/python3.12/site-packages/oslo_concurrency/lockutils.py:543}}
Jun 17 17:18:14.005125 np0000181243 devstack@n-api.service[104170]: DEBUG oslo_concurrency.lockutils [None req-9b59eec7-b8c0-4108-af36-281132939ed1 demo demo] Acquiring lock "2ca906aa-ab8d-4d0f-b129-003e7b9f5e1b" by "nova.context.set_target_cell..get_or_set_cached_cell_and_set_connections" {{(pid=104170) inner /opt/stack/data/venv/lib/python3.12/site-packages/oslo_concurrency/lockutils.py:511}}
Jun 17 17:18:14.005320 np0000181243 devstack@n-api.service[104170]: DEBUG oslo_concurrency.lockutils [None req-9b59eec7-b8c0-4108-af36-281132939ed1 demo demo] Lock "2ca906aa-ab8d-4d0f-b129-003e7b9f5e1b" acquired by "nova.context.set_target_cell..get_or_set_cached_cell_and_set_connections" :: waited 0.000s {{(pid=104170) inner /opt/stack/data/venv/lib/python3.12/site-packages/oslo_concurrency/lockutils.py:524}}
Jun 17 17:18:14.005505 np0000181243 devstack@n-api.service[104170]: DEBUG oslo_concurrency.lockutils [None req-9b59eec7-b8c0-4108-af36-281132939ed1 demo demo] Lock "2ca906aa-ab8d-4d0f-b129-003e7b9f5e1b" "released" by "nova.context.set_target_cell..get_or_set_cached_cell_and_set_connections" :: held 0.000s {{(pid=104170) inner /opt/stack/data/venv/lib/python3.12/site-packages/oslo_concurrency/lockutils.py:543}}
Jun 17 17:18:14.021367 np0000181243 devstack@n-api.service[104170]: INFO nova.api.openstack.requestlog [None req-9b59eec7-b8c0-4108-af36-281132939ed1 demo demo] 172.18.0.2 "GET /compute/v2.1/os-availability-zone" status: 200 len: 97 microversion: 2.38 time: 0.021552
Jun 17 17:18:14.021846 np0000181243 devstack@n-api.service[104170]: [pid: 104170|app: 0|req: 27/103] 199.19.213.84 () {68 vars in 1409 bytes} [Wed Jun 17 17:18:13 2026] GET /compute/v2.1/os-availability-zone => generated 97 bytes in 22 msecs (HTTP/1.1 200) 9 headers in 358 bytes (1 switches on core 0)
Jun 17 17:18:18.330376 np0000181243 devstack@n-api.service[104173]: DEBUG nova.api.openstack.wsgi [None req-140690f8-58ea-4a0b-a740-59782aa29b46 demo demo] Calling method '>' {{(pid=104173) _process_stack /opt/stack/nova/nova/api/openstack/wsgi.py:551}}
Jun 17 17:18:18.334490 np0000181243 devstack@n-api.service[104173]: INFO nova.api.openstack.requestlog [None req-140690f8-58ea-4a0b-a740-59782aa29b46 demo demo] 172.18.0.2 "GET /compute/v2.1/" status: 200 len: 392 microversion: 2.1 time: 0.003194
Jun 17 17:18:18.335101 np0000181243 devstack@n-api.service[104173]: [pid: 104173|app: 0|req: 26/104] 199.19.213.84 () {64 vars in 1266 bytes} [Wed Jun 17 17:18:18 2026] GET /compute/v2.1/ => generated 392 bytes in 5 msecs (HTTP/1.1 200) 9 headers in 357 bytes (1 switches on core 0)
Jun 17 17:18:18.344399 np0000181243 devstack@n-api.service[104172]: DEBUG nova.api.openstack.wsgi [None req-c6a314ed-9c1b-4e3c-b508-b7f887ae7743 demo demo] Calling method '>' {{(pid=104172) _process_stack /opt/stack/nova/nova/api/openstack/wsgi.py:551}}
Jun 17 17:18:18.371314 np0000181243 devstack@n-api.service[104172]: INFO nova.api.openstack.requestlog [None req-c6a314ed-9c1b-4e3c-b508-b7f887ae7743 demo demo] 172.18.0.2 "GET /compute/v2.1/flavors/detail" status: 200 len: 4000 microversion: 2.38 time: 0.028988
Jun 17 17:18:18.371688 np0000181243 devstack@n-api.service[104172]: [pid: 104172|app: 0|req: 26/105] 199.19.213.84 () {68 vars in 1391 bytes} [Wed Jun 17 17:18:18 2026] GET /compute/v2.1/flavors/detail => generated 4000 bytes in 30 msecs (HTTP/1.1 200) 9 headers in 360 bytes (1 switches on core 0)
Jun 17 17:18:19.069633 np0000181243 devstack@n-api.service[104171]: DEBUG nova.api.openstack.wsgi [None req-2147a72b-a24c-45bf-9d5d-5c01972b522f demo demo] Calling method '>' {{(pid=104171) _process_stack /opt/stack/nova/nova/api/openstack/wsgi.py:551}}
Jun 17 17:18:19.074904 np0000181243 devstack@n-api.service[104171]: INFO nova.api.openstack.requestlog [None req-2147a72b-a24c-45bf-9d5d-5c01972b522f demo demo] 172.18.0.2 "GET /compute/v2.1/" status: 200 len: 392 microversion: 2.1 time: 0.004932
