Jun 18 13:10:42.212433 np0000181980 devstack@n-api.service[99716]: DEBUG nova.api.openstack.wsgi [None req-0d46fb39-83b2-4595-b359-0ba9a6ef08cf demo demo] Calling method '>' {{(pid=99716) _process_stack /opt/stack/nova/nova/api/openstack/wsgi.py:551}}
Jun 18 13:10:42.234627 np0000181980 devstack@n-api.service[99716]: INFO nova.api.openstack.requestlog [None req-0d46fb39-83b2-4595-b359-0ba9a6ef08cf demo demo] 199.204.45.129 "GET /compute/v2.1/flavors/detail?is_public=None" status: 200 len: 5262 microversion: 2.61 time: 0.025738
Jun 18 13:10:42.236024 np0000181980 devstack@n-api.service[99716]: [pid: 99716|app: 0|req: 18/72] 199.204.45.129 () {68 vars in 1424 bytes} [Thu Jun 18 13:10:42 2026] GET /compute/v2.1/flavors/detail?is_public=None => generated 5262 bytes in 27 msecs (HTTP/1.1 200) 9 headers in 360 bytes (1 switches on core 0)
Jun 18 13:10:42.379723 np0000181980 devstack@n-api.service[99715]: DEBUG nova.api.openstack.wsgi [None req-aa98c3af-701f-47bf-8e75-b5d19836c3de admin admin] Calling method '>' {{(pid=99715) _process_stack /opt/stack/nova/nova/api/openstack/wsgi.py:551}}
Jun 18 13:10:42.385976 np0000181980 devstack@n-api.service[99715]: INFO nova.api.openstack.requestlog [None req-aa98c3af-701f-47bf-8e75-b5d19836c3de admin admin] 199.204.45.129 "GET /compute/v2.1" status: 200 len: 393 microversion: 2.1 time: 0.006689
Jun 18 13:10:42.386549 np0000181980 devstack@n-api.service[99715]: [pid: 99715|app: 0|req: 18/73] 199.204.45.129 () {62 vars in 1063 bytes} [Thu Jun 18 13:10:42 2026] GET /compute/v2.1 => generated 393 bytes in 8 msecs (HTTP/1.1 200) 9 headers in 357 bytes (1 switches on core 0)
Jun 18 13:10:42.418888 np0000181980 devstack@n-api.service[99717]: DEBUG nova.api.openstack.wsgi [None req-b961ba1e-140d-4aa3-9161-b22a788de8a7 admin admin] Calling method '>' {{(pid=99717) _process_stack /opt/stack/nova/nova/api/openstack/wsgi.py:551}}
Jun 18 13:10:42.424575 np0000181980 devstack@n-api.service[99717]: INFO nova.api.openstack.requestlog [None req-b961ba1e-140d-4aa3-9161-b22a788de8a7 admin admin] 199.204.45.129 "GET /compute/v2.1/" status: 200 len: 393 microversion: 2.1 time: 0.006163
Jun 18 13:10:42.425037 np0000181980 devstack@n-api.service[99717]: [pid: 99717|app: 0|req: 20/74] 199.204.45.129 () {62 vars in 1066 bytes} [Thu Jun 18 13:10:42 2026] GET /compute/v2.1/ => generated 393 bytes in 7 msecs (HTTP/1.1 200) 9 headers in 357 bytes (1 switches on core 0)
Jun 18 13:10:42.466265 np0000181980 devstack@n-api.service[99718]: DEBUG nova.api.openstack.wsgi [None req-d928d31b-6519-4b72-8d46-b3c8d9cbd0cd demo demo] Calling method '>' {{(pid=99718) _process_stack /opt/stack/nova/nova/api/openstack/wsgi.py:551}}
Jun 18 13:10:42.486842 np0000181980 devstack@n-api.service[99718]: INFO nova.api.openstack.requestlog [None req-d928d31b-6519-4b72-8d46-b3c8d9cbd0cd demo demo] 199.204.45.129 "GET /compute/v2.1/flavors/detail?is_public=None" status: 200 len: 5262 microversion: 2.61 time: 0.024679
Jun 18 13:10:42.487168 np0000181980 devstack@n-api.service[99718]: [pid: 99718|app: 0|req: 19/75] 199.204.45.129 () {68 vars in 1424 bytes} [Thu Jun 18 13:10:42 2026] GET /compute/v2.1/flavors/detail?is_public=None => generated 5262 bytes in 26 msecs (HTTP/1.1 200) 9 headers in 360 bytes (1 switches on core 0)
Jun 18 13:10:42.538352 np0000181980 devstack@n-api.service[99716]: DEBUG nova.api.openstack.wsgi [None req-1cec5328-23d0-4d1d-ad3b-57cf455a6a46 demo demo] Calling method '>' {{(pid=99716) _process_stack /opt/stack/nova/nova/api/openstack/wsgi.py:551}}
Jun 18 13:10:42.560017 np0000181980 devstack@n-api.service[99716]: INFO nova.api.openstack.requestlog [None req-1cec5328-23d0-4d1d-ad3b-57cf455a6a46 demo demo] 199.204.45.129 "GET /compute/v2.1/flavors/detail?is_public=None" status: 200 len: 5262 microversion: 2.61 time: 0.025774
Jun 18 13:10:42.560518 np0000181980 devstack@n-api.service[99716]: [pid: 99716|app: 0|req: 19/76] 199.204.45.129 () {68 vars in 1424 bytes} [Thu Jun 18 13:10:42 2026] GET /compute/v2.1/flavors/detail?is_public=None => generated 5262 bytes in 27 msecs (HTTP/1.1 200) 9 headers in 360 bytes (1 switches on core 0)
Jun 18 13:10:46.316323 np0000181980 devstack@n-api.service[99715]: DEBUG nova.api.openstack.wsgi [None req-aa98c3af-701f-47bf-8e75-b5d19836c3de admin admin] Calling method '>' {{(pid=99715) _process_stack /opt/stack/nova/nova/api/openstack/wsgi.py:551}}
Jun 18 13:10:46.320255 np0000181980 devstack@n-api.service[99715]: INFO nova.api.openstack.requestlog [None req-aa98c3af-701f-47bf-8e75-b5d19836c3de admin admin] 199.204.45.129 "GET /compute/v2.1" status: 200 len: 393 microversion: 2.1 time: 0.004304
Jun 18 13:10:46.320510 np0000181980 devstack@n-api.service[99715]: [pid: 99715|app: 0|req: 19/77] 199.204.45.129 () {62 vars in 1074 bytes} [Thu Jun 18 13:10:46 2026] GET /compute/v2.1 => generated 393 bytes in 5 msecs (HTTP/1.1 200) 9 headers in 357 bytes (1 switches on core 0)
Jun 18 13:10:46.359969 np0000181980 devstack@n-api.service[99717]: DEBUG nova.api.openstack.wsgi [None req-b961ba1e-140d-4aa3-9161-b22a788de8a7 admin admin] Calling method '>' {{(pid=99717) _process_stack /opt/stack/nova/nova/api/openstack/wsgi.py:551}}
Jun 18 13:10:46.366204 np0000181980 devstack@n-api.service[99717]: INFO nova.api.openstack.requestlog [None req-b961ba1e-140d-4aa3-9161-b22a788de8a7 admin admin] 199.204.45.129 "GET /compute/v2.1/" status: 200 len: 393 microversion: 2.1 time: 0.006655
Jun 18 13:10:46.366584 np0000181980 devstack@n-api.service[99717]: [pid: 99717|app: 0|req: 21/78] 199.204.45.129 () {62 vars in 1077 bytes} [Thu Jun 18 13:10:46 2026] GET /compute/v2.1/ => generated 393 bytes in 8 msecs (HTTP/1.1 200) 9 headers in 357 bytes (1 switches on core 0)
Jun 18 13:10:46.406769 np0000181980 devstack@n-api.service[99718]: DEBUG nova.api.openstack.wsgi [None req-4401af3d-f600-4423-8e2c-70aa09f29b7a demo demo] Calling method '>' {{(pid=99718) _process_stack /opt/stack/nova/nova/api/openstack/wsgi.py:551}}
Jun 18 13:10:46.429653 np0000181980 devstack@n-api.service[99718]: INFO nova.api.openstack.requestlog [None req-4401af3d-f600-4423-8e2c-70aa09f29b7a demo demo] 199.204.45.129 "GET /compute/v2.1/os-server-groups" status: 200 len: 21 microversion: 2.64 time: 0.026491
Jun 18 13:10:46.430039 np0000181980 devstack@n-api.service[99718]: [pid: 99718|app: 0|req: 20/79] 199.204.45.129 () {68 vars in 1412 bytes} [Thu Jun 18 13:10:46 2026] GET /compute/v2.1/os-server-groups => generated 21 bytes in 28 msecs (HTTP/1.1 200) 9 headers in 358 bytes (1 switches on core 0)
Jun 18 13:10:46.469931 np0000181980 devstack@n-api.service[99716]: DEBUG nova.api.openstack.wsgi [None req-1cec5328-23d0-4d1d-ad3b-57cf455a6a46 demo demo] Calling method '>' {{(pid=99716) _process_stack /opt/stack/nova/nova/api/openstack/wsgi.py:551}}
Jun 18 13:10:46.474057 np0000181980 devstack@n-api.service[99716]: INFO nova.api.openstack.requestlog [None req-1cec5328-23d0-4d1d-ad3b-57cf455a6a46 demo demo] 199.204.45.129 "GET /compute/v2.1" status: 200 len: 393 microversion: 2.1 time: 0.004534
Jun 18 13:10:46.474322 np0000181980 devstack@n-api.service[99716]: [pid: 99716|app: 0|req: 20/80] 199.204.45.129 () {62 vars in 1074 bytes} [Thu Jun 18 13:10:46 2026] GET /compute/v2.1 => generated 393 bytes in 5 msecs (HTTP/1.1 200) 9 headers in 357 bytes (1 switches on core 0)
Jun 18 13:10:46.512774 np0000181980 devstack@n-api.service[99715]: DEBUG nova.api.openstack.wsgi [None req-aa98c3af-701f-47bf-8e75-b5d19836c3de admin admin] Calling method '>' {{(pid=99715) _process_stack /opt/stack/nova/nova/api/openstack/wsgi.py:551}}
Jun 18 13:10:46.522452 np0000181980 devstack@n-api.service[99715]: INFO nova.api.openstack.requestlog [None req-aa98c3af-701f-47bf-8e75-b5d19836c3de admin admin] 199.204.45.129 "GET /compute/v2.1/" status: 200 len: 393 microversion: 2.1 time: 0.009976
Jun 18 13:10:46.522740 np0000181980 devstack@n-api.service[99715]: [pid: 99715|app: 0|req: 20/81] 199.204.45.129 () {62 vars in 1077 bytes} [Thu Jun 18 13:10:46 2026] GET /compute/v2.1/ => generated 393 bytes in 10 msecs (HTTP/1.1 200) 9 headers in 357 bytes (1 switches on core 0)
Jun 18 13:10:46.566731 np0000181980 devstack@n-api.service[99717]: DEBUG nova.api.openstack.wsgi [None req-c6e90e68-4403-44d0-9e84-cc5abc5d5ddf demo demo] Action: 'create', calling method: >, body: {"server_group": {"name": "kube-eqyex", "policy": "soft-anti-affinity"}} {{(pid=99717) _process_stack /opt/stack/nova/nova/api/openstack/wsgi.py:549}}
Jun 18 13:10:46.599836 np0000181980 devstack@n-api.service[99717]: DEBUG nova.quota [None req-c6e90e68-4403-44d0-9e84-cc5abc5d5ddf demo demo] Getting quotas for project 1807e50da27741e7a2284349cee032b0. Resources: {'server_groups'} {{(pid=99717) _get_quotas /opt/stack/nova/nova/quota.py:392}}
Jun 18 13:10:46.603274 np0000181980 devstack@n-api.service[99717]: DEBUG nova.quota [None req-c6e90e68-4403-44d0-9e84-cc5abc5d5ddf demo demo] Getting quotas for user b26b5c4194ac437b960045d3a8207311 and project 1807e50da27741e7a2284349cee032b0. Resources: {'server_groups'} {{(pid=99717) _get_quotas /opt/stack/nova/nova/quota.py:382}}
Jun 18 13:10:46.672513 np0000181980 devstack@n-api.service[99717]: DEBUG nova.quota [None req-c6e90e68-4403-44d0-9e84-cc5abc5d5ddf demo demo] Getting quotas for project 1807e50da27741e7a2284349cee032b0. Resources: {'server_groups'} {{(pid=99717) _get_quotas /opt/stack/nova/nova/quota.py:392}}
Jun 18 13:10:46.674788 np0000181980 devstack@n-api.service[99717]: DEBUG nova.quota [None req-c6e90e68-4403-44d0-9e84-cc5abc5d5ddf demo demo] Getting quotas for user b26b5c4194ac437b960045d3a8207311 and project 1807e50da27741e7a2284349cee032b0. Resources: {'server_groups'} {{(pid=99717) _get_quotas /opt/stack/nova/nova/quota.py:382}}
Jun 18 13:10:46.684780 np0000181980 devstack@n-api.service[99717]: INFO nova.api.openstack.requestlog [None req-c6e90e68-4403-44d0-9e84-cc5abc5d5ddf demo demo] 199.204.45.129 "POST /compute/v2.1/os-server-groups" status: 200 len: 243 microversion: 2.64 time: 0.123009
Jun 18 13:10:46.685227 np0000181980 devstack@n-api.service[99717]: [pid: 99717|app: 0|req: 22/82] 199.204.45.129 () {72 vars in 1452 bytes} [Thu Jun 18 13:10:46 2026] POST /compute/v2.1/os-server-groups => generated 243 bytes in 124 msecs (HTTP/1.1 200) 9 headers in 359 bytes (2 switches on core 0)
Jun 18 13:10:46.730590 np0000181980 devstack@n-api.service[99718]: DEBUG nova.api.openstack.wsgi [None req-4401af3d-f600-4423-8e2c-70aa09f29b7a demo demo] Calling method '>' {{(pid=99718) _process_stack /opt/stack/nova/nova/api/openstack/wsgi.py:551}}
Jun 18 13:10:46.737533 np0000181980 devstack@n-api.service[99718]: INFO nova.api.openstack.requestlog [None req-4401af3d-f600-4423-8e2c-70aa09f29b7a demo demo] 199.204.45.129 "GET /compute/v2.1" status: 200 len: 393 microversion: 2.1 time: 0.007096
Jun 18 13:10:46.738074 np0000181980 devstack@n-api.service[99718]: [pid: 99718|app: 0|req: 21/83] 199.204.45.129 () {62 vars in 1074 bytes} [Thu Jun 18 13:10:46 2026] GET /compute/v2.1 => generated 393 bytes in 8 msecs (HTTP/1.1 200) 9 headers in 357 bytes (1 switches on core 0)
Jun 18 13:10:46.777435 np0000181980 devstack@n-api.service[99716]: DEBUG nova.api.openstack.wsgi [None req-1cec5328-23d0-4d1d-ad3b-57cf455a6a46 demo demo] Calling method '>' {{(pid=99716) _process_stack /opt/stack/nova/nova/api/openstack/wsgi.py:551}}
Jun 18 13:10:46.784902 np0000181980 devstack@n-api.service[99716]: INFO nova.api.openstack.requestlog [None req-1cec5328-23d0-4d1d-ad3b-57cf455a6a46 demo demo] 199.204.45.129 "GET /compute/v2.1/" status: 200 len: 393 microversion: 2.1 time: 0.008344
Jun 18 13:10:46.785152 np0000181980 devstack@n-api.service[99716]: [pid: 99716|app: 0|req: 21/84] 199.204.45.129 () {62 vars in 1077 bytes} [Thu Jun 18 13:10:46 2026] GET /compute/v2.1/ => generated 393 bytes in 9 msecs (HTTP/1.1 200) 9 headers in 357 bytes (1 switches on core 0)
Jun 18 13:10:46.823869 np0000181980 devstack@n-api.service[99715]: DEBUG nova.api.openstack.wsgi [None req-6151123a-728f-42d5-9d98-762d392bdc44 demo demo] Calling method '>' {{(pid=99715) _process_stack /opt/stack/nova/nova/api/openstack/wsgi.py:551}}
Jun 18 13:10:46.844199 np0000181980 devstack@n-api.service[99715]: INFO nova.api.openstack.requestlog [None req-6151123a-728f-42d5-9d98-762d392bdc44 demo demo] 199.204.45.129 "GET /compute/v2.1/os-server-groups" status: 200 len: 246 microversion: 2.64 time: 0.023025
Jun 18 13:10:46.844580 np0000181980 devstack@n-api.service[99715]: [pid: 99715|app: 0|req: 21/85] 199.204.45.129 () {68 vars in 1412 bytes} [Thu Jun 18 13:10:46 2026] GET /compute/v2.1/os-server-groups => generated 246 bytes in 24 msecs (HTTP/1.1 200) 9 headers in 359 bytes (1 switches on core 0)
Jun 18 13:10:46.879702 np0000181980 devstack@n-api.service[99717]: DEBUG nova.api.openstack.wsgi [None req-c6e90e68-4403-44d0-9e84-cc5abc5d5ddf demo demo] Calling method '>' {{(pid=99717) _process_stack /opt/stack/nova/nova/api/openstack/wsgi.py:551}}
Jun 18 13:10:46.886163 np0000181980 devstack@n-api.service[99717]: INFO nova.api.openstack.requestlog [None req-c6e90e68-4403-44d0-9e84-cc5abc5d5ddf demo demo] 199.204.45.129 "GET /compute/v2.1" status: 200 len: 393 microversion: 2.1 time: 0.006982
Jun 18 13:10:46.886683 np0000181980 devstack@n-api.service[99717]: [pid: 99717|app: 0|req: 23/86] 199.204.45.129 () {62 vars in 1074 bytes} [Thu Jun 18 13:10:46 2026] GET /compute/v2.1 => generated 393 bytes in 8 msecs (HTTP/1.1 200) 9 headers in 357 bytes (1 switches on core 0)
Jun 18 13:10:46.920259 np0000181980 devstack@n-api.service[99718]: DEBUG nova.api.openstack.wsgi [None req-4401af3d-f600-4423-8e2c-70aa09f29b7a demo demo] Calling method '>' {{(pid=99718) _process_stack /opt/stack/nova/nova/api/openstack/wsgi.py:551}}
Jun 18 13:10:46.925283 np0000181980 devstack@n-api.service[99718]: INFO nova.api.openstack.requestlog [None req-4401af3d-f600-4423-8e2c-70aa09f29b7a demo demo] 199.204.45.129 "GET /compute/v2.1/" status: 200 len: 393 microversion: 2.1 time: 0.005512
Jun 18 13:10:46.925810 np0000181980 devstack@n-api.service[99718]: [pid: 99718|app: 0|req: 22/87] 199.204.45.129 () {62 vars in 1077 bytes} [Thu Jun 18 13:10:46 2026] GET /compute/v2.1/ => generated 393 bytes in 6 msecs (HTTP/1.1 200) 9 headers in 357 bytes (2 switches on core 0)
Jun 18 13:10:46.961542 np0000181980 devstack@n-api.service[99716]: DEBUG nova.api.openstack.wsgi [None req-11bfae15-e1e4-4a6e-924f-3314869aedda demo demo] Action: 'create', calling method: >, body: {"server_group": {"name": "kube-eqyex-default-worker", "policy": "soft-anti-affinity"}} {{(pid=99716) _process_stack /opt/stack/nova/nova/api/openstack/wsgi.py:549}}
Jun 18 13:10:46.993272 np0000181980 devstack@n-api.service[99716]: DEBUG nova.quota [None req-11bfae15-e1e4-4a6e-924f-3314869aedda demo demo] Getting quotas for project 1807e50da27741e7a2284349cee032b0. Resources: {'server_groups'} {{(pid=99716) _get_quotas /opt/stack/nova/nova/quota.py:392}}
Jun 18 13:10:46.996242 np0000181980 devstack@n-api.service[99716]: DEBUG nova.quota [None req-11bfae15-e1e4-4a6e-924f-3314869aedda demo demo] Getting quotas for user b26b5c4194ac437b960045d3a8207311 and project 1807e50da27741e7a2284349cee032b0. Resources: {'server_groups'} {{(pid=99716) _get_quotas /opt/stack/nova/nova/quota.py:382}}
Jun 18 13:10:47.047524 np0000181980 devstack@n-api.service[99716]: DEBUG nova.quota [None req-11bfae15-e1e4-4a6e-924f-3314869aedda demo demo] Getting quotas for project 1807e50da27741e7a2284349cee032b0. Resources: {'server_groups'} {{(pid=99716) _get_quotas /opt/stack/nova/nova/quota.py:392}}
Jun 18 13:10:47.049414 np0000181980 devstack@n-api.service[99716]: DEBUG nova.quota [None req-11bfae15-e1e4-4a6e-924f-3314869aedda demo demo] Getting quotas for user b26b5c4194ac437b960045d3a8207311 and project 1807e50da27741e7a2284349cee032b0. Resources: {'server_groups'} {{(pid=99716) _get_quotas /opt/stack/nova/nova/quota.py:382}}
Jun 18 13:10:47.057478 np0000181980 devstack@n-api.service[99716]: INFO nova.api.openstack.requestlog [None req-11bfae15-e1e4-4a6e-924f-3314869aedda demo demo] 199.204.45.129 "POST /compute/v2.1/os-server-groups" status: 200 len: 258 microversion: 2.64 time: 0.099613
Jun 18 13:10:47.057877 np0000181980 devstack@n-api.service[99716]: [pid: 99716|app: 0|req: 22/88] 199.204.45.129 () {72 vars in 1452 bytes} [Thu Jun 18 13:10:46 2026] POST /compute/v2.1/os-server-groups => generated 258 bytes in 100 msecs (HTTP/1.1 200) 9 headers in 359 bytes (1 switches on core 0)
Jun 18 13:10:50.415630 np0000181980 devstack@n-api.service[99715]: DEBUG nova.api.openstack.wsgi [None req-6151123a-728f-42d5-9d98-762d392bdc44 demo demo] Calling method '>' {{(pid=99715) _process_stack /opt/stack/nova/nova/api/openstack/wsgi.py:551}}
Jun 18 13:10:50.422339 np0000181980 devstack@n-api.service[99715]: INFO nova.api.openstack.requestlog [None req-6151123a-728f-42d5-9d98-762d392bdc44 demo demo] 199.204.45.129 "GET /compute/v2.1" status: 200 len: 393 microversion: 2.1 time: 0.007256
Jun 18 13:10:50.422770 np0000181980 devstack@n-api.service[99715]: [pid: 99715|app: 0|req: 22/89] 199.204.45.129 () {62 vars in 1074 bytes} [Thu Jun 18 13:10:50 2026] GET /compute/v2.1 => generated 393 bytes in 8 msecs (HTTP/1.1 200) 9 headers in 357 bytes (1 switches on core 0)
Jun 18 13:10:50.460425 np0000181980 devstack@n-api.service[99717]: DEBUG nova.api.openstack.wsgi [None req-c6e90e68-4403-44d0-9e84-cc5abc5d5ddf demo demo] Calling method '>' {{(pid=99717) _process_stack /opt/stack/nova/nova/api/openstack/wsgi.py:551}}
Jun 18 13:10:50.466514 np0000181980 devstack@n-api.service[99717]: INFO nova.api.openstack.requestlog [None req-c6e90e68-4403-44d0-9e84-cc5abc5d5ddf demo demo] 199.204.45.129 "GET /compute/v2.1/" status: 200 len: 393 microversion: 2.1 time: 0.007057
Jun 18 13:10:50.466813 np0000181980 devstack@n-api.service[99717]: [pid: 99717|app: 0|req: 24/90] 199.204.45.129 () {62 vars in 1077 bytes} [Thu Jun 18 13:10:50 2026] GET /compute/v2.1/ => generated 393 bytes in 8 msecs (HTTP/1.1 200) 9 headers in 357 bytes (1 switches on core 0)
Jun 18 13:10:50.506583 np0000181980 devstack@n-api.service[99718]: DEBUG nova.api.openstack.wsgi [None req-7560d896-eed1-44c6-8574-807a705352da demo demo] Calling method '>' {{(pid=99718) _process_stack /opt/stack/nova/nova/api/openstack/wsgi.py:551}}
Jun 18 13:10:50.529645 np0000181980 devstack@n-api.service[99718]: INFO nova.api.openstack.requestlog [None req-7560d896-eed1-44c6-8574-807a705352da demo demo] 199.204.45.129 "GET /compute/v2.1/flavors/detail?is_public=None" status: 200 len: 5262 microversion: 2.61 time: 0.027037
Jun 18 13:10:50.529893 np0000181980 devstack@n-api.service[99718]: [pid: 99718|app: 0|req: 23/91] 199.204.45.129 () {68 vars in 1435 bytes} [Thu Jun 18 13:10:50 2026] GET /compute/v2.1/flavors/detail?is_public=None => generated 5262 bytes in 28 msecs (HTTP/1.1 200) 9 headers in 360 bytes (1 switches on core 0)
Jun 18 13:10:50.579798 np0000181980 devstack@n-api.service[99716]: DEBUG nova.api.openstack.wsgi [None req-3400c401-fc30-423c-aaa2-d71f6958ccc9 demo demo] Calling method '>' {{(pid=99716) _process_stack /opt/stack/nova/nova/api/openstack/wsgi.py:551}}
Jun 18 13:10:50.603009 np0000181980 devstack@n-api.service[99716]: INFO nova.api.openstack.requestlog [None req-3400c401-fc30-423c-aaa2-d71f6958ccc9 demo demo] 199.204.45.129 "GET /compute/v2.1/flavors/detail?is_public=None" status: 200 len: 5262 microversion: 2.61 time: 0.026450
Jun 18 13:10:50.603765 np0000181980 devstack@n-api.service[99716]: [pid: 99716|app: 0|req: 23/92] 199.204.45.129 () {68 vars in 1435 bytes} [Thu Jun 18 13:10:50 2026] GET /compute/v2.1/flavors/detail?is_public=None => generated 5262 bytes in 28 msecs (HTTP/1.1 200) 9 headers in 360 bytes (1 switches on core 0)
Jun 18 13:10:50.773702 np0000181980 devstack@n-api.service[99715]: DEBUG nova.api.openstack.wsgi [None req-6151123a-728f-42d5-9d98-762d392bdc44 demo demo] Calling method '>' {{(pid=99715) _process_stack /opt/stack/nova/nova/api/openstack/wsgi.py:551}}
Jun 18 13:10:50.780778 np0000181980 devstack@n-api.service[99715]: INFO nova.api.openstack.requestlog [None req-6151123a-728f-42d5-9d98-762d392bdc44 demo demo] 199.204.45.129 "GET /compute/v2.1" status: 200 len: 393 microversion: 2.1 time: 0.007911
Jun 18 13:10:50.781067 np0000181980 devstack@n-api.service[99715]: [pid: 99715|app: 0|req: 23/93] 199.204.45.129 () {62 vars in 1074 bytes} [Thu Jun 18 13:10:50 2026] GET /compute/v2.1 => generated 393 bytes in 9 msecs (HTTP/1.1 200) 9 headers in 357 bytes (1 switches on core 0)
Jun 18 13:10:50.819576 np0000181980 devstack@n-api.service[99717]: DEBUG nova.api.openstack.wsgi [None req-c6e90e68-4403-44d0-9e84-cc5abc5d5ddf demo demo] Calling method '>' {{(pid=99717) _process_stack /opt/stack/nova/nova/api/openstack/wsgi.py:551}}
Jun 18 13:10:50.825176 np0000181980 devstack@n-api.service[99717]: INFO nova.api.openstack.requestlog [None req-c6e90e68-4403-44d0-9e84-cc5abc5d5ddf demo demo] 199.204.45.129 "GET /compute/v2.1/" status: 200 len: 393 microversion: 2.1 time: 0.006052
Jun 18 13:10:50.825500 np0000181980 devstack@n-api.service[99717]: [pid: 99717|app: 0|req: 25/94] 199.204.45.129 () {62 vars in 1077 bytes} [Thu Jun 18 13:10:50 2026] GET /compute/v2.1/ => generated 393 bytes in 7 msecs (HTTP/1.1 200) 9 headers in 357 bytes (1 switches on core 0)
Jun 18 13:10:50.865252 np0000181980 devstack@n-api.service[99718]: DEBUG nova.api.openstack.wsgi [None req-9ca7bf46-c928-4b6d-83b5-394e9853b3c1 demo demo] Calling method '>' {{(pid=99718) _process_stack /opt/stack/nova/nova/api/openstack/wsgi.py:551}}
Jun 18 13:10:50.884862 np0000181980 devstack@n-api.service[99718]: INFO nova.api.openstack.requestlog [None req-9ca7bf46-c928-4b6d-83b5-394e9853b3c1 demo demo] 199.204.45.129 "GET /compute/v2.1/flavors/detail?is_public=None" status: 200 len: 5262 microversion: 2.61 time: 0.023332
Jun 18 13:10:50.885347 np0000181980 devstack@n-api.service[99718]: [pid: 99718|app: 0|req: 24/95] 199.204.45.129 () {68 vars in 1435 bytes} [Thu Jun 18 13:10:50 2026] GET /compute/v2.1/flavors/detail?is_public=None => generated 5262 bytes in 24 msecs (HTTP/1.1 200) 9 headers in 360 bytes (2 switches on core 0)
Jun 18 13:10:56.678943 np0000181980 devstack@n-api.service[99717]: DEBUG dbcounter [-] [99717] Writing DB stats nova_cell0:SELECT=4 {{(pid=99717) stat_writer /opt/stack/data/venv/lib/python3.12/site-packages/dbcounter.py:115}}
Jun 18 13:10:56.682117 np0000181980 devstack@n-api.service[99717]: DEBUG dbcounter [-] [99717] Writing DB stats nova_api:SELECT=14,nova_api:INSERT=2 {{(pid=99717) stat_writer /opt/stack/data/venv/lib/python3.12/site-packages/dbcounter.py:115}}
Jun 18 13:10:56.840734 np0000181980 devstack@n-api.service[99715]: DEBUG dbcounter [-] [99715] Writing DB stats nova_api:SELECT=2 {{(pid=99715) stat_writer /opt/stack/data/venv/lib/python3.12/site-packages/dbcounter.py:115}}
Jun 18 13:10:57.052573 np0000181980 devstack@n-api.service[99716]: DEBUG dbcounter [-] [99716] Writing DB stats nova_cell0:SELECT=4 {{(pid=99716) stat_writer /opt/stack/data/venv/lib/python3.12/site-packages/dbcounter.py:115}}
Jun 18 13:11:00.589340 np0000181980 devstack@n-api.service[99716]: DEBUG dbcounter [-] [99716] Writing DB stats nova_api:SELECT=19,nova_api:INSERT=2 {{(pid=99716) stat_writer /opt/stack/data/venv/lib/python3.12/site-packages/dbcounter.py:115}}
Jun 18 13:11:00.870976 np0000181980 devstack@n-api.service[99718]: DEBUG dbcounter [-] [99718] Writing DB stats nova_api:SELECT=8 {{(pid=99718) stat_writer /opt/stack/data/venv/lib/python3.12/site-packages/dbcounter.py:115}}
Jun 18 13:11:13.747719 np0000181980 devstack@n-api.service[99716]: DEBUG nova.api.openstack.wsgi [None req-3400c401-fc30-423c-aaa2-d71f6958ccc9 demo demo] Calling method '>' {{(pid=99716) _process_stack /opt/stack/nova/nova/api/openstack/wsgi.py:551}}
Jun 18 13:11:13.752499 np0000181980 devstack@n-api.service[99716]: INFO nova.api.openstack.requestlog [None req-3400c401-fc30-423c-aaa2-d71f6958ccc9 demo demo] 172.18.0.2 "GET /compute/v2.1/" status: 200 len: 393 microversion: 2.1 time: 0.005895
Jun 18 13:11:13.752740 np0000181980 devstack@n-api.service[99716]: [pid: 99716|app: 0|req: 24/96] 199.204.45.129 () {64 vars in 1272 bytes} [Thu Jun 18 13:11:13 2026] GET /compute/v2.1/ => generated 393 bytes in 6 msecs (HTTP/1.1 200) 9 headers in 357 bytes (1 switches on core 0)
Jun 18 13:11:13.762219 np0000181980 devstack@n-api.service[99715]: DEBUG nova.api.openstack.wsgi [None req-05f115de-842c-488e-8ce3-b9c3e4a8bae0 demo demo] Calling method '>' {{(pid=99715) _process_stack /opt/stack/nova/nova/api/openstack/wsgi.py:551}}
Jun 18 13:11:13.765117 np0000181980 devstack@n-api.service[99715]: DEBUG oslo_concurrency.lockutils [None req-05f115de-842c-488e-8ce3-b9c3e4a8bae0 demo demo] Acquiring lock "00000000-0000-0000-0000-000000000000" by "nova.context.set_target_cell..get_or_set_cached_cell_and_set_connections" {{(pid=99715) inner /opt/stack/data/venv/lib/python3.12/site-packages/oslo_concurrency/lockutils.py:511}}
Jun 18 13:11:13.765400 np0000181980 devstack@n-api.service[99715]: DEBUG oslo_concurrency.lockutils [None req-05f115de-842c-488e-8ce3-b9c3e4a8bae0 demo demo] Lock "00000000-0000-0000-0000-000000000000" acquired by "nova.context.set_target_cell..get_or_set_cached_cell_and_set_connections" :: waited 0.000s {{(pid=99715) inner /opt/stack/data/venv/lib/python3.12/site-packages/oslo_concurrency/lockutils.py:524}}
Jun 18 13:11:13.765659 np0000181980 devstack@n-api.service[99715]: DEBUG oslo_concurrency.lockutils [None req-05f115de-842c-488e-8ce3-b9c3e4a8bae0 demo demo] Lock "00000000-0000-0000-0000-000000000000" "released" by "nova.context.set_target_cell..get_or_set_cached_cell_and_set_connections" :: held 0.000s {{(pid=99715) inner /opt/stack/data/venv/lib/python3.12/site-packages/oslo_concurrency/lockutils.py:543}}
Jun 18 13:11:13.766829 np0000181980 devstack@n-api.service[99715]: DEBUG oslo_concurrency.lockutils [None req-05f115de-842c-488e-8ce3-b9c3e4a8bae0 demo demo] Acquiring lock "6c340fd2-7343-4283-a22e-4a59fc1b3cae" by "nova.context.set_target_cell..get_or_set_cached_cell_and_set_connections" {{(pid=99715) inner /opt/stack/data/venv/lib/python3.12/site-packages/oslo_concurrency/lockutils.py:511}}
Jun 18 13:11:13.768470 np0000181980 devstack@n-api.service[99715]: DEBUG oslo_concurrency.lockutils [None req-05f115de-842c-488e-8ce3-b9c3e4a8bae0 demo demo] Lock "6c340fd2-7343-4283-a22e-4a59fc1b3cae" acquired by "nova.context.set_target_cell..get_or_set_cached_cell_and_set_connections" :: waited 0.002s {{(pid=99715) inner /opt/stack/data/venv/lib/python3.12/site-packages/oslo_concurrency/lockutils.py:524}}
Jun 18 13:11:13.768695 np0000181980 devstack@n-api.service[99715]: DEBUG oslo_concurrency.lockutils [None req-05f115de-842c-488e-8ce3-b9c3e4a8bae0 demo demo] Lock "6c340fd2-7343-4283-a22e-4a59fc1b3cae" "released" by "nova.context.set_target_cell..get_or_set_cached_cell_and_set_connections" :: held 0.000s {{(pid=99715) inner /opt/stack/data/venv/lib/python3.12/site-packages/oslo_concurrency/lockutils.py:543}}
Jun 18 13:11:13.835010 np0000181980 devstack@n-api.service[99715]: INFO nova.api.openstack.requestlog [None req-05f115de-842c-488e-8ce3-b9c3e4a8bae0 demo demo] 172.18.0.2 "GET /compute/v2.1/os-availability-zone" status: 200 len: 97 microversion: 2.38 time: 0.075439
Jun 18 13:11:13.835557 np0000181980 devstack@n-api.service[99715]: [pid: 99715|app: 0|req: 24/97] 199.204.45.129 () {68 vars in 1415 bytes} [Thu Jun 18 13:11:13 2026] GET /compute/v2.1/os-availability-zone => generated 97 bytes in 77 msecs (HTTP/1.1 200) 9 headers in 358 bytes (1 switches on core 0)
Jun 18 13:11:15.064988 np0000181980 devstack@n-api.service[99717]: DEBUG nova.api.openstack.wsgi [None req-c6e90e68-4403-44d0-9e84-cc5abc5d5ddf demo demo] Calling method '>' {{(pid=99717) _process_stack /opt/stack/nova/nova/api/openstack/wsgi.py:551}}
Jun 18 13:11:15.071021 np0000181980 devstack@n-api.service[99717]: INFO nova.api.openstack.requestlog [None req-c6e90e68-4403-44d0-9e84-cc5abc5d5ddf demo demo] 172.18.0.2 "GET /compute/v2.1/" status: 200 len: 393 microversion: 2.1 time: 0.006521
Jun 18 13:11:15.071286 np0000181980 devstack@n-api.service[99717]: [pid: 99717|app: 0|req: 26/98] 199.204.45.129 () {64 vars in 1272 bytes} [Thu Jun 18 13:11:15 2026] GET /compute/v2.1/ => generated 393 bytes in 7 msecs (HTTP/1.1 200) 9 headers in 357 bytes (1 switches on core 0)
Jun 18 13:11:15.080993 np0000181980 devstack@n-api.service[99718]: DEBUG nova.api.openstack.wsgi [None req-b6298108-e816-4b5f-a508-b39990a695b4 demo demo] Calling method '>' {{(pid=99718) _process_stack /opt/stack/nova/nova/api/openstack/wsgi.py:551}}
Jun 18 13:11:15.085375 np0000181980 devstack@n-api.service[99718]: DEBUG oslo_concurrency.lockutils [None req-b6298108-e816-4b5f-a508-b39990a695b4 demo demo] Acquiring lock "00000000-0000-0000-0000-000000000000" by "nova.context.set_target_cell..get_or_set_cached_cell_and_set_connections" {{(pid=99718) inner /opt/stack/data/venv/lib/python3.12/site-packages/oslo_concurrency/lockutils.py:511}}
Jun 18 13:11:15.085587 np0000181980 devstack@n-api.service[99718]: DEBUG oslo_concurrency.lockutils [None req-b6298108-e816-4b5f-a508-b39990a695b4 demo demo] Lock "00000000-0000-0000-0000-000000000000" acquired by "nova.context.set_target_cell..get_or_set_cached_cell_and_set_connections" :: waited 0.000s {{(pid=99718) inner /opt/stack/data/venv/lib/python3.12/site-packages/oslo_concurrency/lockutils.py:524}}
Jun 18 13:11:15.085777 np0000181980 devstack@n-api.service[99718]: DEBUG oslo_concurrency.lockutils [None req-b6298108-e816-4b5f-a508-b39990a695b4 demo demo] Lock "00000000-0000-0000-0000-000000000000" "released" by "nova.context.set_target_cell..get_or_set_cached_cell_and_set_connections" :: held 0.000s {{(pid=99718) inner /opt/stack/data/venv/lib/python3.12/site-packages/oslo_concurrency/lockutils.py:543}}
Jun 18 13:11:15.086851 np0000181980 devstack@n-api.service[99718]: DEBUG oslo_concurrency.lockutils [None req-b6298108-e816-4b5f-a508-b39990a695b4 demo demo] Acquiring lock "6c340fd2-7343-4283-a22e-4a59fc1b3cae" by "nova.context.set_target_cell..get_or_set_cached_cell_and_set_connections" {{(pid=99718) inner /opt/stack/data/venv/lib/python3.12/site-packages/oslo_concurrency/lockutils.py:511}}
Jun 18 13:11:15.087018 np0000181980 devstack@n-api.service[99718]: DEBUG oslo_concurrency.lockutils [None req-b6298108-e816-4b5f-a508-b39990a695b4 demo demo] Lock "6c340fd2-7343-4283-a22e-4a59fc1b3cae" acquired by "nova.context.set_target_cell..get_or_set_cached_cell_and_set_connections" :: waited 0.000s {{(pid=99718) inner /opt/stack/data/venv/lib/python3.12/site-packages/oslo_concurrency/lockutils.py:524}}
Jun 18 13:11:15.087119 np0000181980 devstack@n-api.service[99718]: DEBUG oslo_concurrency.lockutils [None req-b6298108-e816-4b5f-a508-b39990a695b4 demo demo] Lock "6c340fd2-7343-4283-a22e-4a59fc1b3cae" "released" by "nova.context.set_target_cell..get_or_set_cached_cell_and_set_connections" :: held 0.000s {{(pid=99718) inner /opt/stack/data/venv/lib/python3.12/site-packages/oslo_concurrency/lockutils.py:543}}
Jun 18 13:11:15.158992 np0000181980 devstack@n-api.service[99718]: INFO nova.api.openstack.requestlog [None req-b6298108-e816-4b5f-a508-b39990a695b4 demo demo] 172.18.0.2 "GET /compute/v2.1/os-availability-zone" status: 200 len: 97 microversion: 2.38 time: 0.081172
Jun 18 13:11:15.159411 np0000181980 devstack@n-api.service[99718]: [pid: 99718|app: 0|req: 25/99] 199.204.45.129 () {68 vars in 1415 bytes} [Thu Jun 18 13:11:15 2026] GET /compute/v2.1/os-availability-zone => generated 97 bytes in 82 msecs (HTTP/1.1 200) 9 headers in 358 bytes (1 switches on core 0)
Jun 18 13:11:20.508177 np0000181980 devstack@n-api.service[99716]: DEBUG nova.api.openstack.wsgi [None req-3400c401-fc30-423c-aaa2-d71f6958ccc9 demo demo] Calling method '>' {{(pid=99716) _process_stack /opt/stack/nova/nova/api/openstack/wsgi.py:551}}
Jun 18 13:11:20.511558 np0000181980 devstack@n-api.service[99716]: INFO nova.api.openstack.requestlog [None req-3400c401-fc30-423c-aaa2-d71f6958ccc9 demo demo] 172.18.0.2 "GET /compute/v2.1/" status: 200 len: 393 microversion: 2.1 time: 0.004088
Jun 18 13:11:20.511823 np0000181980 devstack@n-api.service[99716]: [pid: 99716|app: 0|req: 25/100] 199.204.45.129 () {64 vars in 1272 bytes} [Thu Jun 18 13:11:20 2026] GET /compute/v2.1/ => generated 393 bytes in 5 msecs (HTTP/1.1 200) 9 headers in 357 bytes (1 switches on core 0)
Jun 18 13:11:20.523073 np0000181980 devstack@n-api.service[99715]: DEBUG nova.api.openstack.wsgi [None req-fdeefd41-17ba-4f44-be79-6e68a25a2de5 demo demo] Calling method '>' {{(pid=99715) _process_stack /opt/stack/nova/nova/api/openstack/wsgi.py:551}}
Jun 18 13:11:20.548300 np0000181980 devstack@n-api.service[99715]: INFO nova.api.openstack.requestlog [None req-fdeefd41-17ba-4f44-be79-6e68a25a2de5 demo demo] 172.18.0.2 "GET /compute/v2.1/flavors/detail" status: 200 len: 4022 microversion: 2.38 time: 0.028731
Jun 18 13:11:20.548591 np0000181980 devstack@n-api.service[99715]: [pid: 99715|app: 0|req: 25/101] 199.204.45.129 () {68 vars in 1397 bytes} [Thu Jun 18 13:11:20 2026] GET /compute/v2.1/flavors/detail => generated 4022 bytes in 31 msecs (HTTP/1.1 200) 9 headers in 360 bytes (1 switches on core 0)
Jun 18 13:11:21.695529 np0000181980 devstack@n-api.service[99717]: DEBUG nova.api.openstack.wsgi [None req-c6e90e68-4403-44d0-9e84-cc5abc5d5ddf demo demo] Calling method '>' {{(pid=99717) _process_stack /opt/stack/nova/nova/api/openstack/wsgi.py:551}}
Jun 18 13:11:21.700371 np0000181980 devstack@n-api.service[99717]: INFO nova.api.openstack.requestlog [None req-c6e90e68-4403-44d0-9e84-cc5abc5d5ddf demo demo] 172.18.0.2 "GET /compute/v2.1/" status: 200 len: 393 microversion: 2.1 time: 0.005260
Jun 18 13:11:21.700773 np0000181980 devstack@n-api.service[99717]: [pid: 99717|app: 0|req: 27/102] 199.204.45.129 () {64 vars in 1272 bytes} [Thu Jun 18 13:11:21 2026] GET /compute/v2.1/ => generated 393 bytes in 6 msecs (HTTP/1.1 200) 9 headers in 357 bytes (1 switches on core 0)
Jun 18 13:11:21.711221 np0000181980 devstack@n-api.service[99718]: DEBUG nova.api.openstack.wsgi [None req-615f50b7-a0dc-45b8-abc7-f31bb583d18a demo demo] Calling method '>' {{(pid=99718) _process_stack /opt/stack/nova/nova/api/openstack/wsgi.py:551}}
Jun 18 13:11:21.714986 np0000181980 devstack@n-api.service[99718]: DEBUG nova.policy [None req-615f50b7-a0dc-45b8-abc7-f31bb583d18a demo demo] Policy check for os_compute_api:servers:allow_all_filters failed with credentials {'is_admin': False, 'user_id': 'b26b5c4194ac437b960045d3a8207311', 'user_domain_id': 'default', 'system_scope': None, 'domain_id': None, 'project_id': '1807e50da27741e7a2284349cee032b0', 'project_domain_id': 'default', 'roles': ['reader', 'load-balancer_member', 'member', 'anotherrole'], 'is_admin_project': True, 'service_user_id': None, 'service_user_domain_id': None, 'service_project_id': None, 'service_project_domain_id': None, 'service_roles': []} {{(pid=99718) authorize /opt/stack/nova/nova/policy.py:192}}
Jun 18 13:11:21.715429 np0000181980 devstack@n-api.service[99718]: DEBUG nova.compute.api [None req-615f50b7-a0dc-45b8-abc7-f31bb583d18a demo demo] Searching by: {'name': '^kube-eqyex-vmbwq-vrvld$', 'deleted': False, 'project_id': '1807e50da27741e7a2284349cee032b0'} {{(pid=99718) get_all /opt/stack/nova/nova/compute/api.py:3111}}
Jun 18 13:11:21.721581 np0000181980 devstack@n-api.service[99718]: DEBUG oslo_concurrency.lockutils [None req-615f50b7-a0dc-45b8-abc7-f31bb583d18a demo demo] Acquiring lock "00000000-0000-0000-0000-000000000000" by "nova.context.set_target_cell..get_or_set_cached_cell_and_set_connections" {{(pid=99718) inner /opt/stack/data/venv/lib/python3.12/site-packages/oslo_concurrency/lockutils.py:511}}
Jun 18 13:11:21.721796 np0000181980 devstack@n-api.service[99718]: DEBUG oslo_concurrency.lockutils [None req-615f50b7-a0dc-45b8-abc7-f31bb583d18a demo demo] Lock "00000000-0000-0000-0000-000000000000" acquired by "nova.context.set_target_cell..get_or_set_cached_cell_and_set_connections" :: waited 0.000s {{(pid=99718) inner /opt/stack/data/venv/lib/python3.12/site-packages/oslo_concurrency/lockutils.py:524}}
Jun 18 13:11:21.721981 np0000181980 devstack@n-api.service[99718]: DEBUG oslo_concurrency.lockutils [None req-615f50b7-a0dc-45b8-abc7-f31bb583d18a demo demo] Lock "00000000-0000-0000-0000-000000000000" "released" by "nova.context.set_target_cell..get_or_set_cached_cell_and_set_connections" :: held 0.000s {{(pid=99718) inner /opt/stack/data/venv/lib/python3.12/site-packages/oslo_concurrency/lockutils.py:543}}
Jun 18 13:11:21.722955 np0000181980 devstack@n-api.service[99718]: DEBUG oslo_concurrency.lockutils [None req-615f50b7-a0dc-45b8-abc7-f31bb583d18a demo demo] Acquiring lock "6c340fd2-7343-4283-a22e-4a59fc1b3cae" by "nova.context.set_target_cell..get_or_set_cached_cell_and_set_connections" {{(pid=99718) inner /opt/stack/data/venv/lib/python3.12/site-packages/oslo_concurrency/lockutils.py:511}}
Jun 18 13:11:21.723182 np0000181980 devstack@n-api.service[99718]: DEBUG oslo_concurrency.lockutils [None req-615f50b7-a0dc-45b8-abc7-f31bb583d18a demo demo] Lock "6c340fd2-7343-4283-a22e-4a59fc1b3cae" acquired by "nova.context.set_target_cell..get_or_set_cached_cell_and_set_connections" :: waited 0.000s {{(pid=99718) inner /opt/stack/data/venv/lib/python3.12/site-packages/oslo_concurrency/lockutils.py:524}}
Jun 18 13:11:21.723386 np0000181980 devstack@n-api.service[99718]: DEBUG oslo_concurrency.lockutils [None req-615f50b7-a0dc-45b8-abc7-f31bb583d18a demo demo] Lock "6c340fd2-7343-4283-a22e-4a59fc1b3cae" "released" by "nova.context.set_target_cell..get_or_set_cached_cell_and_set_connections" :: held 0.000s {{(pid=99718) inner /opt/stack/data/venv/lib/python3.12/site-packages/oslo_concurrency/lockutils.py:543}}
Jun 18 13:11:21.791355 np0000181980 devstack@n-api.service[99718]: DEBUG oslo_concurrency.lockutils [None req-615f50b7-a0dc-45b8-abc7-f31bb583d18a demo demo] Acquiring lock "00000000-0000-0000-0000-000000000000" by "nova.context.set_target_cell..get_or_set_cached_cell_and_set_connections" {{(pid=99718) inner /opt/stack/data/venv/lib/python3.12/site-packages/oslo_concurrency/lockutils.py:511}}
Jun 18 13:11:21.791682 np0000181980 devstack@n-api.service[99718]: DEBUG oslo_concurrency.lockutils [None req-615f50b7-a0dc-45b8-abc7-f31bb583d18a demo demo] Lock "00000000-0000-0000-0000-000000000000" acquired by "nova.context.set_target_cell..get_or_set_cached_cell_and_set_connections" :: waited 0.001s {{(pid=99718) inner /opt/stack/data/venv/lib/python3.12/site-packages/oslo_concurrency/lockutils.py:524}}
Jun 18 13:11:21.792076 np0000181980 devstack@n-api.service[99718]: DEBUG oslo_concurrency.lockutils [None req-615f50b7-a0dc-45b8-abc7-f31bb583d18a demo demo] Lock "00000000-0000-0000-0000-000000000000" "released" by "nova.context.set_target_cell..get_or_set_cached_cell_and_set_connections" :: held 0.000s {{(pid=99718) inner /opt/stack/data/venv/lib/python3.12/site-packages/oslo_concurrency/lockutils.py:543}}
Jun 18 13:11:21.792750 np0000181980 devstack@n-api.service[99718]: DEBUG oslo_concurrency.lockutils [None req-615f50b7-a0dc-45b8-abc7-f31bb583d18a demo demo] Acquiring lock "6c340fd2-7343-4283-a22e-4a59fc1b3cae" by "nova.context.set_target_cell..get_or_set_cached_cell_and_set_connections" {{(pid=99718) inner /opt/stack/data/venv/lib/python3.12/site-packages/oslo_concurrency/lockutils.py:511}}
Jun 18 13:11:21.793147 np0000181980 devstack@n-api.service[99718]: DEBUG oslo_concurrency.lockutils [None req-615f50b7-a0dc-45b8-abc7-f31bb583d18a demo demo] Lock "6c340fd2-7343-4283-a22e-4a59fc1b3cae" acquired by "nova.context.set_target_cell..get_or_set_cached_cell_and_set_connections" :: waited 0.000s {{(pid=99718) inner /opt/stack/data/venv/lib/python3.12/site-packages/oslo_concurrency/lockutils.py:524}}
Jun 18 13:11:21.793549 np0000181980 devstack@n-api.service[99718]: DEBUG oslo_concurrency.lockutils [None req-615f50b7-a0dc-45b8-abc7-f31bb583d18a demo demo] Lock "6c340fd2-7343-4283-a22e-4a59fc1b3cae" "released" by "nova.context.set_target_cell..get_or_set_cached_cell_and_set_connections" :: held 0.000s {{(pid=99718) inner /opt/stack/data/venv/lib/python3.12/site-packages/oslo_concurrency/lockutils.py:543}}
Jun 18 13:11:21.796654 np0000181980 devstack@n-api.service[99718]: DEBUG nova.policy [None req-615f50b7-a0dc-45b8-abc7-f31bb583d18a demo demo] Policy check for os_compute_api:os-extended-server-attributes failed with credentials {'is_admin': False, 'user_id': 'b26b5c4194ac437b960045d3a8207311', 'user_domain_id': 'default', 'system_scope': None, 'domain_id': None, 'project_id': '1807e50da27741e7a2284349cee032b0', 'project_domain_id': 'default', 'roles': ['reader', 'load-balancer_member', 'member', 'anotherrole'], 'is_admin_project': True, 'service_user_id': None, 'service_user_domain_id': None, 'service_project_id': None, 'service_project_domain_id': None, 'service_roles': []} {{(pid=99718) authorize /opt/stack/nova/nova/policy.py:192}}
Jun 18 13:11:21.801945 np0000181980 devstack@n-api.service[99718]: DEBUG nova.policy [None req-615f50b7-a0dc-45b8-abc7-f31bb583d18a demo demo] Policy check for os_compute_api:servers:show:host_status failed with credentials {'is_admin': False, 'user_id': 'b26b5c4194ac437b960045d3a8207311', 'user_domain_id': 'default', 'system_scope': None, 'domain_id': None, 'project_id': '1807e50da27741e7a2284349cee032b0', 'project_domain_id': 'default', 'roles': ['reader', 'load-balancer_member', 'member', 'anotherrole'], 'is_admin_project': True, 'service_user_id': None, 'service_user_domain_id': None, 'service_project_id': None, 'service_project_domain_id': None, 'service_roles': []} {{(pid=99718) authorize /opt/stack/nova/nova/policy.py:192}}
Jun 18 13:11:21.802869 np0000181980 devstack@n-api.service[99718]: DEBUG nova.policy [None req-615f50b7-a0dc-45b8-abc7-f31bb583d18a demo demo] Policy check for os_compute_api:servers:show:host_status:unknown-only failed with credentials {'is_admin': False, 'user_id': 'b26b5c4194ac437b960045d3a8207311', 'user_domain_id': 'default', 'system_scope': None, 'domain_id': None, 'project_id': '1807e50da27741e7a2284349cee032b0', 'project_domain_id': 'default', 'roles': ['reader', 'load-balancer_member', 'member', 'anotherrole'], 'is_admin_project': True, 'service_user_id': None, 'service_user_domain_id': None, 'service_project_id': None, 'service_project_domain_id': None, 'service_roles': []} {{(pid=99718) authorize /opt/stack/nova/nova/policy.py:192}}
Jun 18 13:11:21.805545 np0000181980 devstack@n-api.service[99718]: INFO nova.api.openstack.requestlog [None req-615f50b7-a0dc-45b8-abc7-f31bb583d18a demo demo] 172.18.0.2 "GET /compute/v2.1/servers/detail?name=%5Ekube-eqyex-vmbwq-vrvld%24" status: 200 len: 15 microversion: 2.38 time: 0.097466
Jun 18 13:11:21.805928 np0000181980 devstack@n-api.service[99718]: [pid: 99718|app: 0|req: 26/103] 199.204.45.129 () {68 vars in 1464 bytes} [Thu Jun 18 13:11:21 2026] GET /compute/v2.1/servers/detail?name=%5Ekube-eqyex-vmbwq-vrvld%24 => generated 15 bytes in 98 msecs (HTTP/1.1 200) 9 headers in 358 bytes (1 switches on core 0)
Jun 18 13:11:21.817402 np0000181980 devstack@n-api.service[99716]: DEBUG nova.api.openstack.wsgi [None req-3400c401-fc30-423c-aaa2-d71f6958ccc9 demo demo] Calling method '>' {{(pid=99716) _process_stack /opt/stack/nova/nova/api/openstack/wsgi.py:551}}
Jun 18 13:11:21.822133 np0000181980 devstack@n-api.service[99716]: INFO nova.api.openstack.requestlog [None req-3400c401-fc30-423c-aaa2-d71f6958ccc9 demo demo] 172.18.0.2 "GET /compute/v2.1/" status: 200 len: 393 microversion: 2.1 time: 0.005089
Jun 18 13:11:21.822393 np0000181980 devstack@n-api.service[99716]: [pid: 99716|app: 0|req: 26/104] 199.204.45.129 () {64 vars in 1272 bytes} [Thu Jun 18 13:11:21 2026] GET /compute/v2.1/ => generated 393 bytes in 6 msecs (HTTP/1.1 200) 9 headers in 357 bytes (1 switches on core 0)
