Jun 18 13:06:37.678459 np0000181980 devstack@n-api-meta.service[108229]: DEBUG nova.api.openstack.wsgi_app [None req-7ca59ab1-deff-4313-891b-53870133b1d5 None None] oslo_messaging_rabbit.conn_pool_min_size = 2 {{(pid=108229) log_opt_values /opt/stack/data/venv/lib/python3.12/site-packages/oslo_config/cfg.py:3253}}
Jun 18 13:06:37.678459 np0000181980 devstack@n-api-meta.service[108229]: DEBUG nova.api.openstack.wsgi_app [None req-7ca59ab1-deff-4313-891b-53870133b1d5 None None] oslo_messaging_rabbit.conn_pool_ttl = 1200 {{(pid=108229) log_opt_values /opt/stack/data/venv/lib/python3.12/site-packages/oslo_config/cfg.py:3253}}
Jun 18 13:06:37.678459 np0000181980 devstack@n-api-meta.service[108229]: DEBUG nova.api.openstack.wsgi_app [None req-7ca59ab1-deff-4313-891b-53870133b1d5 None None] oslo_messaging_rabbit.direct_mandatory_flag = True {{(pid=108229) log_opt_values /opt/stack/data/venv/lib/python3.12/site-packages/oslo_config/cfg.py:3253}}
Jun 18 13:06:37.678459 np0000181980 devstack@n-api-meta.service[108229]: DEBUG nova.api.openstack.wsgi_app [None req-7ca59ab1-deff-4313-891b-53870133b1d5 None None] oslo_messaging_rabbit.enable_cancel_on_failover = False {{(pid=108229) log_opt_values /opt/stack/data/venv/lib/python3.12/site-packages/oslo_config/cfg.py:3253}}
Jun 18 13:06:37.678459 np0000181980 devstack@n-api-meta.service[108229]: DEBUG nova.api.openstack.wsgi_app [None req-7ca59ab1-deff-4313-891b-53870133b1d5 None None] oslo_messaging_rabbit.heartbeat_rate = 3 {{(pid=108229) log_opt_values /opt/stack/data/venv/lib/python3.12/site-packages/oslo_config/cfg.py:3253}}
Jun 18 13:06:37.678459 np0000181980 devstack@n-api-meta.service[108229]: DEBUG nova.api.openstack.wsgi_app [None req-7ca59ab1-deff-4313-891b-53870133b1d5 None None] oslo_messaging_rabbit.heartbeat_timeout_threshold = 60 {{(pid=108229) log_opt_values /opt/stack/data/venv/lib/python3.12/site-packages/oslo_config/cfg.py:3253}}
Jun 18 13:06:37.678689 np0000181980 devstack@n-api-meta.service[108229]: DEBUG nova.api.openstack.wsgi_app [None req-7ca59ab1-deff-4313-891b-53870133b1d5 None None] oslo_messaging_rabbit.hostname = np0000181980 {{(pid=108229) log_opt_values /opt/stack/data/venv/lib/python3.12/site-packages/oslo_config/cfg.py:3253}}
Jun 18 13:06:37.678689 np0000181980 devstack@n-api-meta.service[108229]: DEBUG nova.api.openstack.wsgi_app [None req-7ca59ab1-deff-4313-891b-53870133b1d5 None None] oslo_messaging_rabbit.kombu_compression = None {{(pid=108229) log_opt_values /opt/stack/data/venv/lib/python3.12/site-packages/oslo_config/cfg.py:3253}}
Jun 18 13:06:37.678804 np0000181980 devstack@n-api-meta.service[108229]: DEBUG nova.api.openstack.wsgi_app [None req-7ca59ab1-deff-4313-891b-53870133b1d5 None None] oslo_messaging_rabbit.kombu_failover_strategy = round-robin {{(pid=108229) log_opt_values /opt/stack/data/venv/lib/python3.12/site-packages/oslo_config/cfg.py:3253}}
Jun 18 13:06:37.678935 np0000181980 devstack@n-api-meta.service[108229]: DEBUG nova.api.openstack.wsgi_app [None req-7ca59ab1-deff-4313-891b-53870133b1d5 None None] oslo_messaging_rabbit.kombu_missing_consumer_retry_timeout = 60 {{(pid=108229) log_opt_values /opt/stack/data/venv/lib/python3.12/site-packages/oslo_config/cfg.py:3253}}
Jun 18 13:06:37.679066 np0000181980 devstack@n-api-meta.service[108229]: DEBUG nova.api.openstack.wsgi_app [None req-7ca59ab1-deff-4313-891b-53870133b1d5 None None] oslo_messaging_rabbit.kombu_reconnect_delay = 1.0 {{(pid=108229) log_opt_values /opt/stack/data/venv/lib/python3.12/site-packages/oslo_config/cfg.py:3253}}
Jun 18 13:06:37.679199 np0000181980 devstack@n-api-meta.service[108229]: DEBUG nova.api.openstack.wsgi_app [None req-7ca59ab1-deff-4313-891b-53870133b1d5 None None] oslo_messaging_rabbit.kombu_reconnect_splay = 0.0 {{(pid=108229) log_opt_values /opt/stack/data/venv/lib/python3.12/site-packages/oslo_config/cfg.py:3253}}
Jun 18 13:06:37.679335 np0000181980 devstack@n-api-meta.service[108229]: DEBUG nova.api.openstack.wsgi_app [None req-7ca59ab1-deff-4313-891b-53870133b1d5 None None] oslo_messaging_rabbit.processname = uwsgi {{(pid=108229) log_opt_values /opt/stack/data/venv/lib/python3.12/site-packages/oslo_config/cfg.py:3253}}
Jun 18 13:06:37.679461 np0000181980 devstack@n-api-meta.service[108229]: DEBUG nova.api.openstack.wsgi_app [None req-7ca59ab1-deff-4313-891b-53870133b1d5 None None] oslo_messaging_rabbit.rabbit_ha_queues = False {{(pid=108229) log_opt_values /opt/stack/data/venv/lib/python3.12/site-packages/oslo_config/cfg.py:3253}}
Jun 18 13:06:37.679591 np0000181980 devstack@n-api-meta.service[108229]: DEBUG nova.api.openstack.wsgi_app [None req-7ca59ab1-deff-4313-891b-53870133b1d5 None None] oslo_messaging_rabbit.rabbit_interval_max = 30 {{(pid=108229) log_opt_values /opt/stack/data/venv/lib/python3.12/site-packages/oslo_config/cfg.py:3253}}
Jun 18 13:06:37.679744 np0000181980 devstack@n-api-meta.service[108229]: DEBUG nova.api.openstack.wsgi_app [None req-7ca59ab1-deff-4313-891b-53870133b1d5 None None] oslo_messaging_rabbit.rabbit_login_method = AMQPLAIN {{(pid=108229) log_opt_values /opt/stack/data/venv/lib/python3.12/site-packages/oslo_config/cfg.py:3253}}
Jun 18 13:06:37.679875 np0000181980 devstack@n-api-meta.service[108229]: DEBUG nova.api.openstack.wsgi_app [None req-7ca59ab1-deff-4313-891b-53870133b1d5 None None] oslo_messaging_rabbit.rabbit_qos_prefetch_count = 0 {{(pid=108229) log_opt_values /opt/stack/data/venv/lib/python3.12/site-packages/oslo_config/cfg.py:3253}}
Jun 18 13:06:37.680007 np0000181980 devstack@n-api-meta.service[108229]: DEBUG nova.api.openstack.wsgi_app [None req-7ca59ab1-deff-4313-891b-53870133b1d5 None None] oslo_messaging_rabbit.rabbit_quorum_delivery_limit = 0 {{(pid=108229) log_opt_values /opt/stack/data/venv/lib/python3.12/site-packages/oslo_config/cfg.py:3253}}
Jun 18 13:06:37.680133 np0000181980 devstack@n-api-meta.service[108229]: DEBUG nova.api.openstack.wsgi_app [None req-7ca59ab1-deff-4313-891b-53870133b1d5 None None] oslo_messaging_rabbit.rabbit_quorum_max_memory_bytes = 0 {{(pid=108229) log_opt_values /opt/stack/data/venv/lib/python3.12/site-packages/oslo_config/cfg.py:3253}}
Jun 18 13:06:37.680260 np0000181980 devstack@n-api-meta.service[108229]: DEBUG nova.api.openstack.wsgi_app [None req-7ca59ab1-deff-4313-891b-53870133b1d5 None None] oslo_messaging_rabbit.rabbit_quorum_max_memory_length = 0 {{(pid=108229) log_opt_values /opt/stack/data/venv/lib/python3.12/site-packages/oslo_config/cfg.py:3253}}
Jun 18 13:06:37.680396 np0000181980 devstack@n-api-meta.service[108229]: DEBUG nova.api.openstack.wsgi_app [None req-7ca59ab1-deff-4313-891b-53870133b1d5 None None] oslo_messaging_rabbit.rabbit_quorum_queue = False {{(pid=108229) log_opt_values /opt/stack/data/venv/lib/python3.12/site-packages/oslo_config/cfg.py:3253}}
Jun 18 13:06:37.680525 np0000181980 devstack@n-api-meta.service[108229]: DEBUG nova.api.openstack.wsgi_app [None req-7ca59ab1-deff-4313-891b-53870133b1d5 None None] oslo_messaging_rabbit.rabbit_retry_backoff = 2 {{(pid=108229) log_opt_values /opt/stack/data/venv/lib/python3.12/site-packages/oslo_config/cfg.py:3253}}
Jun 18 13:06:37.680670 np0000181980 devstack@n-api-meta.service[108229]: DEBUG nova.api.openstack.wsgi_app [None req-7ca59ab1-deff-4313-891b-53870133b1d5 None None] oslo_messaging_rabbit.rabbit_retry_interval = 1 {{(pid=108229) log_opt_values /opt/stack/data/venv/lib/python3.12/site-packages/oslo_config/cfg.py:3253}}
Jun 18 13:06:37.680800 np0000181980 devstack@n-api-meta.service[108229]: DEBUG nova.api.openstack.wsgi_app [None req-7ca59ab1-deff-4313-891b-53870133b1d5 None None] oslo_messaging_rabbit.rabbit_stream_fanout = False {{(pid=108229) log_opt_values /opt/stack/data/venv/lib/python3.12/site-packages/oslo_config/cfg.py:3253}}
Jun 18 13:06:37.680929 np0000181980 devstack@n-api-meta.service[108229]: DEBUG nova.api.openstack.wsgi_app [None req-7ca59ab1-deff-4313-891b-53870133b1d5 None None] oslo_messaging_rabbit.rabbit_transient_queues_ttl = 1800 {{(pid=108229) log_opt_values /opt/stack/data/venv/lib/python3.12/site-packages/oslo_config/cfg.py:3253}}
Jun 18 13:06:37.681059 np0000181980 devstack@n-api-meta.service[108229]: DEBUG nova.api.openstack.wsgi_app [None req-7ca59ab1-deff-4313-891b-53870133b1d5 None None] oslo_messaging_rabbit.rabbit_transient_quorum_queue = False {{(pid=108229) log_opt_values /opt/stack/data/venv/lib/python3.12/site-packages/oslo_config/cfg.py:3253}}
Jun 18 13:06:37.681189 np0000181980 devstack@n-api-meta.service[108229]: DEBUG nova.api.openstack.wsgi_app [None req-7ca59ab1-deff-4313-891b-53870133b1d5 None None] oslo_messaging_rabbit.rpc_conn_pool_size = 30 {{(pid=108229) log_opt_values /opt/stack/data/venv/lib/python3.12/site-packages/oslo_config/cfg.py:3253}}
Jun 18 13:06:37.681319 np0000181980 devstack@n-api-meta.service[108229]: DEBUG nova.api.openstack.wsgi_app [None req-7ca59ab1-deff-4313-891b-53870133b1d5 None None] oslo_messaging_rabbit.ssl = False {{(pid=108229) log_opt_values /opt/stack/data/venv/lib/python3.12/site-packages/oslo_config/cfg.py:3253}}
Jun 18 13:06:37.681455 np0000181980 devstack@n-api-meta.service[108229]: DEBUG nova.api.openstack.wsgi_app [None req-7ca59ab1-deff-4313-891b-53870133b1d5 None None] oslo_messaging_rabbit.ssl_ca_file = {{(pid=108229) log_opt_values /opt/stack/data/venv/lib/python3.12/site-packages/oslo_config/cfg.py:3253}}
Jun 18 13:06:37.681590 np0000181980 devstack@n-api-meta.service[108229]: DEBUG nova.api.openstack.wsgi_app [None req-7ca59ab1-deff-4313-891b-53870133b1d5 None None] oslo_messaging_rabbit.ssl_cert_file = {{(pid=108229) log_opt_values /opt/stack/data/venv/lib/python3.12/site-packages/oslo_config/cfg.py:3253}}
Jun 18 13:06:37.681738 np0000181980 devstack@n-api-meta.service[108229]: DEBUG nova.api.openstack.wsgi_app [None req-7ca59ab1-deff-4313-891b-53870133b1d5 None None] oslo_messaging_rabbit.ssl_enforce_fips_mode = False {{(pid=108229) log_opt_values /opt/stack/data/venv/lib/python3.12/site-packages/oslo_config/cfg.py:3253}}
Jun 18 13:06:37.681867 np0000181980 devstack@n-api-meta.service[108229]: DEBUG nova.api.openstack.wsgi_app [None req-7ca59ab1-deff-4313-891b-53870133b1d5 None None] oslo_messaging_rabbit.ssl_enforce_hostname_verification = True {{(pid=108229) log_opt_values /opt/stack/data/venv/lib/python3.12/site-packages/oslo_config/cfg.py:3253}}
Jun 18 13:06:37.682006 np0000181980 devstack@n-api-meta.service[108229]: DEBUG nova.api.openstack.wsgi_app [None req-7ca59ab1-deff-4313-891b-53870133b1d5 None None] oslo_messaging_rabbit.ssl_key_file = {{(pid=108229) log_opt_values /opt/stack/data/venv/lib/python3.12/site-packages/oslo_config/cfg.py:3253}}
Jun 18 13:06:37.682207 np0000181980 devstack@n-api-meta.service[108229]: DEBUG nova.api.openstack.wsgi_app [None req-7ca59ab1-deff-4313-891b-53870133b1d5 None None] oslo_messaging_rabbit.ssl_version = {{(pid=108229) log_opt_values /opt/stack/data/venv/lib/python3.12/site-packages/oslo_config/cfg.py:3253}}
Jun 18 13:06:37.682285 np0000181980 devstack@n-api-meta.service[108229]: DEBUG nova.api.openstack.wsgi_app [None req-7ca59ab1-deff-4313-891b-53870133b1d5 None None] oslo_messaging_rabbit.use_queue_manager = False {{(pid=108229) log_opt_values /opt/stack/data/venv/lib/python3.12/site-packages/oslo_config/cfg.py:3253}}
Jun 18 13:06:37.682429 np0000181980 devstack@n-api-meta.service[108229]: DEBUG nova.api.openstack.wsgi_app [None req-7ca59ab1-deff-4313-891b-53870133b1d5 None None] oslo_messaging_notifications.driver = ['messagingv2'] {{(pid=108229) log_opt_values /opt/stack/data/venv/lib/python3.12/site-packages/oslo_config/cfg.py:3253}}
Jun 18 13:06:37.682561 np0000181980 devstack@n-api-meta.service[108229]: DEBUG nova.api.openstack.wsgi_app [None req-7ca59ab1-deff-4313-891b-53870133b1d5 None None] oslo_messaging_notifications.retry = -1 {{(pid=108229) log_opt_values /opt/stack/data/venv/lib/python3.12/site-packages/oslo_config/cfg.py:3253}}
Jun 18 13:06:37.682719 np0000181980 devstack@n-api-meta.service[108229]: DEBUG nova.api.openstack.wsgi_app [None req-7ca59ab1-deff-4313-891b-53870133b1d5 None None] oslo_messaging_notifications.topics = ['notifications'] {{(pid=108229) log_opt_values /opt/stack/data/venv/lib/python3.12/site-packages/oslo_config/cfg.py:3253}}
Jun 18 13:06:37.682858 np0000181980 devstack@n-api-meta.service[108229]: DEBUG nova.api.openstack.wsgi_app [None req-7ca59ab1-deff-4313-891b-53870133b1d5 None None] oslo_messaging_notifications.transport_url = **** {{(pid=108229) log_opt_values /opt/stack/data/venv/lib/python3.12/site-packages/oslo_config/cfg.py:3253}}
Jun 18 13:06:37.682990 np0000181980 devstack@n-api-meta.service[108229]: DEBUG nova.api.openstack.wsgi_app [None req-7ca59ab1-deff-4313-891b-53870133b1d5 None None] oslo_reports.file_event_handler = None {{(pid=108229) log_opt_values /opt/stack/data/venv/lib/python3.12/site-packages/oslo_config/cfg.py:3253}}
Jun 18 13:06:37.683121 np0000181980 devstack@n-api-meta.service[108229]: DEBUG nova.api.openstack.wsgi_app [None req-7ca59ab1-deff-4313-891b-53870133b1d5 None None] oslo_reports.file_event_handler_interval = 1 {{(pid=108229) log_opt_values /opt/stack/data/venv/lib/python3.12/site-packages/oslo_config/cfg.py:3253}}
Jun 18 13:06:37.683248 np0000181980 devstack@n-api-meta.service[108229]: DEBUG nova.api.openstack.wsgi_app [None req-7ca59ab1-deff-4313-891b-53870133b1d5 None None] oslo_reports.log_dir = None {{(pid=108229) log_opt_values /opt/stack/data/venv/lib/python3.12/site-packages/oslo_config/cfg.py:3253}}
Jun 18 13:06:37.683352 np0000181980 devstack@n-api-meta.service[108229]: DEBUG nova.api.openstack.wsgi_app [None req-7ca59ab1-deff-4313-891b-53870133b1d5 None None] ******************************************************************************** {{(pid=108229) log_opt_values /opt/stack/data/venv/lib/python3.12/site-packages/oslo_config/cfg.py:3260}}
Jun 18 13:06:37.683456 np0000181980 devstack@n-api-meta.service[108229]: WSGI app 0 (mountpoint='') ready in 2 seconds on interpreter 0x762de04a3668 pid: 108229 (default app)
Jun 18 13:06:47.219633 np0000181980 devstack@n-api-meta.service[108232]: DEBUG dbcounter [-] [108232] Writing DB stats nova_api:SELECT=1 {{(pid=108232) stat_writer /opt/stack/data/venv/lib/python3.12/site-packages/dbcounter.py:115}}
Jun 18 13:06:47.220846 np0000181980 devstack@n-api-meta.service[108231]: DEBUG dbcounter [-] [108231] Writing DB stats nova_api:SELECT=1 {{(pid=108231) stat_writer /opt/stack/data/venv/lib/python3.12/site-packages/dbcounter.py:115}}
Jun 18 13:06:47.234154 np0000181980 devstack@n-api-meta.service[108230]: DEBUG dbcounter [-] [108230] Writing DB stats nova_api:SELECT=1 {{(pid=108230) stat_writer /opt/stack/data/venv/lib/python3.12/site-packages/dbcounter.py:115}}
Jun 18 13:06:47.240011 np0000181980 devstack@n-api-meta.service[108229]: DEBUG dbcounter [-] [108229] Writing DB stats nova_api:SELECT=1 {{(pid=108229) stat_writer /opt/stack/data/venv/lib/python3.12/site-packages/dbcounter.py:115}}
Jun 18 13:06:47.398067 np0000181980 devstack@n-api-meta.service[108231]: DEBUG dbcounter [-] [108231] Writing DB stats nova_cell0:SELECT=1 {{(pid=108231) stat_writer /opt/stack/data/venv/lib/python3.12/site-packages/dbcounter.py:115}}
Jun 18 13:06:47.398568 np0000181980 devstack@n-api-meta.service[108232]: DEBUG dbcounter [-] [108232] Writing DB stats nova_cell0:SELECT=1 {{(pid=108232) stat_writer /opt/stack/data/venv/lib/python3.12/site-packages/dbcounter.py:115}}
Jun 18 13:06:47.403081 np0000181980 devstack@n-api-meta.service[108232]: DEBUG dbcounter [-] [108232] Writing DB stats nova_cell1:SELECT=1 {{(pid=108232) stat_writer /opt/stack/data/venv/lib/python3.12/site-packages/dbcounter.py:115}}
Jun 18 13:06:47.403545 np0000181980 devstack@n-api-meta.service[108231]: DEBUG dbcounter [-] [108231] Writing DB stats nova_cell1:SELECT=1 {{(pid=108231) stat_writer /opt/stack/data/venv/lib/python3.12/site-packages/dbcounter.py:115}}
Jun 18 13:06:47.434042 np0000181980 devstack@n-api-meta.service[108230]: DEBUG dbcounter [-] [108230] Writing DB stats nova_cell0:SELECT=1 {{(pid=108230) stat_writer /opt/stack/data/venv/lib/python3.12/site-packages/dbcounter.py:115}}
Jun 18 13:06:47.442752 np0000181980 devstack@n-api-meta.service[108230]: DEBUG dbcounter [-] [108230] Writing DB stats nova_cell1:SELECT=1 {{(pid=108230) stat_writer /opt/stack/data/venv/lib/python3.12/site-packages/dbcounter.py:115}}
Jun 18 13:06:47.458492 np0000181980 devstack@n-api-meta.service[108229]: DEBUG dbcounter [-] [108229] Writing DB stats nova_cell1:SELECT=1 {{(pid=108229) stat_writer /opt/stack/data/venv/lib/python3.12/site-packages/dbcounter.py:115}}
Jun 18 13:06:47.461220 np0000181980 devstack@n-api-meta.service[108229]: DEBUG dbcounter [-] [108229] Writing DB stats nova_cell0:SELECT=1 {{(pid=108229) stat_writer /opt/stack/data/venv/lib/python3.12/site-packages/dbcounter.py:115}}
Jun 18 13:06:47.471937 np0000181980 devstack@n-api-meta.service[108231]: DEBUG dbcounter [-] [108231] Writing DB stats nova_cell0:SELECT=2,nova_cell0:INSERT=1 {{(pid=108231) stat_writer /opt/stack/data/venv/lib/python3.12/site-packages/dbcounter.py:115}}
Jun 18 13:06:47.477084 np0000181980 devstack@n-api-meta.service[108232]: DEBUG dbcounter [-] [108232] Writing DB stats nova_cell0:SELECT=2,nova_cell0:INSERT=1 {{(pid=108232) stat_writer /opt/stack/data/venv/lib/python3.12/site-packages/dbcounter.py:115}}
Jun 18 13:06:47.498350 np0000181980 devstack@n-api-meta.service[108230]: DEBUG dbcounter [-] [108230] Writing DB stats nova_cell0:SELECT=1 {{(pid=108230) stat_writer /opt/stack/data/venv/lib/python3.12/site-packages/dbcounter.py:115}}
Jun 18 13:06:47.525084 np0000181980 devstack@n-api-meta.service[108229]: DEBUG dbcounter [-] [108229] Writing DB stats nova_cell0:SELECT=1 {{(pid=108229) stat_writer /opt/stack/data/venv/lib/python3.12/site-packages/dbcounter.py:115}}
Jun 18 13:12:27.287678 np0000181980 devstack@n-api-meta.service[108232]: DEBUG nova.api.metadata.handler [None req-9a4584de-1857-4d94-a973-58b57233e242 None None] Metadata request headers: {'Host': '199.204.45.129:8775', 'User-Agent': 'python-requests/2.34.2', 'Accept-Encoding': 'gzip, deflate', 'Accept': '*/*', 'Connection': 'keep-alive', 'X-Forwarded-For': '192.168.24.25', 'X-Instance-Id': '6419c61e-c7af-4679-b714-42871c0663c7', 'X-Tenant-Id': '1807e50da27741e7a2284349cee032b0', 'X-Instance-Id-Signature': '2e50defa6cecb9c89bcd2acd2514c0360d8f5d93e817aaedd99dd7d9f543d50c'} {{(pid=108232) __call__ /opt/stack/nova/nova/api/metadata/handler.py:109}}
Jun 18 13:12:27.302570 np0000181980 devstack@n-api-meta.service[108232]: DEBUG oslo_concurrency.lockutils [None req-e5b8106b-8b6b-46e5-89ed-aaca4366112f None None] Acquiring lock "6c340fd2-7343-4283-a22e-4a59fc1b3cae" by "nova.context.set_target_cell..get_or_set_cached_cell_and_set_connections" {{(pid=108232) inner /opt/stack/data/venv/lib/python3.12/site-packages/oslo_concurrency/lockutils.py:511}}
Jun 18 13:12:27.302988 np0000181980 devstack@n-api-meta.service[108232]: DEBUG oslo_concurrency.lockutils [None req-e5b8106b-8b6b-46e5-89ed-aaca4366112f None None] Lock "6c340fd2-7343-4283-a22e-4a59fc1b3cae" acquired by "nova.context.set_target_cell..get_or_set_cached_cell_and_set_connections" :: waited 0.000s {{(pid=108232) inner /opt/stack/data/venv/lib/python3.12/site-packages/oslo_concurrency/lockutils.py:524}}
Jun 18 13:12:27.303086 np0000181980 devstack@n-api-meta.service[108232]: DEBUG oslo_concurrency.lockutils [None req-e5b8106b-8b6b-46e5-89ed-aaca4366112f None None] Lock "6c340fd2-7343-4283-a22e-4a59fc1b3cae" "released" by "nova.context.set_target_cell..get_or_set_cached_cell_and_set_connections" :: held 0.000s {{(pid=108232) inner /opt/stack/data/venv/lib/python3.12/site-packages/oslo_concurrency/lockutils.py:543}}
Jun 18 13:12:27.371786 np0000181980 devstack@n-api-meta.service[108232]: WARNING neutronclient.v2_0.client [None req-e5b8106b-8b6b-46e5-89ed-aaca4366112f None None] The python binding code in neutronclient is deprecated in favor of OpenstackSDK, please use that as this will be removed in a future release.
Jun 18 13:12:27.812593 np0000181980 devstack@n-api-meta.service[108232]: [pid: 108232|app: 0|req: 1/1] 199.204.45.129 () {40 vars in 642 bytes} [Thu Jun 18 13:12:27 2026] GET /openstack => generated 116 bytes in 526 msecs (HTTP/1.1 200) 3 headers in 100 bytes (1 switches on core 0)
Jun 18 13:12:27.826955 np0000181980 devstack@n-api-meta.service[108231]: DEBUG nova.api.metadata.handler [None req-3e2b0db9-aa80-465b-aa72-00fe8c616517 None None] Metadata request headers: {'Host': '199.204.45.129:8775', 'User-Agent': 'python-requests/2.34.2', 'Accept-Encoding': 'gzip, deflate', 'Accept': '*/*', 'Connection': 'keep-alive', 'X-Forwarded-For': '192.168.24.25', 'X-Instance-Id': '6419c61e-c7af-4679-b714-42871c0663c7', 'X-Tenant-Id': '1807e50da27741e7a2284349cee032b0', 'X-Instance-Id-Signature': '2e50defa6cecb9c89bcd2acd2514c0360d8f5d93e817aaedd99dd7d9f543d50c'} {{(pid=108231) __call__ /opt/stack/nova/nova/api/metadata/handler.py:109}}
Jun 18 13:12:27.831583 np0000181980 devstack@n-api-meta.service[108231]: DEBUG nova.api.metadata.handler [None req-3e2b0db9-aa80-465b-aa72-00fe8c616517 None None] Using cached metadata for instance 6419c61e-c7af-4679-b714-42871c0663c7 {{(pid=108231) get_metadata_by_instance_id /opt/stack/nova/nova/api/metadata/handler.py:84}}
Jun 18 13:12:27.832140 np0000181980 devstack@n-api-meta.service[108231]: [pid: 108231|app: 0|req: 1/2] 199.204.45.129 () {40 vars in 642 bytes} [Thu Jun 18 13:12:27 2026] GET /openstack => generated 116 bytes in 6 msecs (HTTP/1.1 200) 3 headers in 100 bytes (1 switches on core 0)
Jun 18 13:12:27.844471 np0000181980 devstack@n-api-meta.service[108230]: DEBUG nova.api.metadata.handler [None req-790dd0b6-874b-452f-8409-3bf85d659b71 None None] Metadata request headers: {'Host': '199.204.45.129:8775', 'User-Agent': 'python-requests/2.34.2', 'Accept-Encoding': 'gzip, deflate', 'Accept': '*/*', 'Connection': 'keep-alive', 'X-Forwarded-For': '192.168.24.25', 'X-Instance-Id': '6419c61e-c7af-4679-b714-42871c0663c7', 'X-Tenant-Id': '1807e50da27741e7a2284349cee032b0', 'X-Instance-Id-Signature': '2e50defa6cecb9c89bcd2acd2514c0360d8f5d93e817aaedd99dd7d9f543d50c'} {{(pid=108230) __call__ /opt/stack/nova/nova/api/metadata/handler.py:109}}
Jun 18 13:12:27.850659 np0000181980 devstack@n-api-meta.service[108230]: DEBUG nova.api.metadata.handler [None req-790dd0b6-874b-452f-8409-3bf85d659b71 None None] Using cached metadata for instance 6419c61e-c7af-4679-b714-42871c0663c7 {{(pid=108230) get_metadata_by_instance_id /opt/stack/nova/nova/api/metadata/handler.py:84}}
Jun 18 13:12:27.851508 np0000181980 devstack@n-api-meta.service[108230]: [pid: 108230|app: 0|req: 1/3] 199.204.45.129 () {40 vars in 694 bytes} [Thu Jun 18 13:12:27 2026] GET /openstack/2018-08-27/meta_data.json => generated 946 bytes in 10 msecs (HTTP/1.1 200) 3 headers in 91 bytes (1 switches on core 0)
Jun 18 13:12:27.863488 np0000181980 devstack@n-api-meta.service[108229]: DEBUG nova.api.metadata.handler [None req-7ca59ab1-deff-4313-891b-53870133b1d5 None None] Metadata request headers: {'Host': '199.204.45.129:8775', 'User-Agent': 'python-requests/2.34.2', 'Accept-Encoding': 'gzip, deflate', 'Accept': '*/*', 'Connection': 'keep-alive', 'X-Forwarded-For': '192.168.24.25', 'X-Instance-Id': '6419c61e-c7af-4679-b714-42871c0663c7', 'X-Tenant-Id': '1807e50da27741e7a2284349cee032b0', 'X-Instance-Id-Signature': '2e50defa6cecb9c89bcd2acd2514c0360d8f5d93e817aaedd99dd7d9f543d50c'} {{(pid=108229) __call__ /opt/stack/nova/nova/api/metadata/handler.py:109}}
Jun 18 13:12:27.870916 np0000181980 devstack@n-api-meta.service[108229]: DEBUG nova.api.metadata.handler [None req-7ca59ab1-deff-4313-891b-53870133b1d5 None None] Using cached metadata for instance 6419c61e-c7af-4679-b714-42871c0663c7 {{(pid=108229) get_metadata_by_instance_id /opt/stack/nova/nova/api/metadata/handler.py:84}}
Jun 18 13:12:27.871905 np0000181980 devstack@n-api-meta.service[108229]: [pid: 108229|app: 0|req: 1/4] 199.204.45.129 () {40 vars in 682 bytes} [Thu Jun 18 13:12:27 2026] GET /openstack/2018-08-27/user_data => generated 26311 bytes in 10 msecs (HTTP/1.1 200) 3 headers in 102 bytes (1 switches on core 0)
Jun 18 13:12:27.883144 np0000181980 devstack@n-api-meta.service[108232]: DEBUG nova.api.metadata.handler [None req-e5b8106b-8b6b-46e5-89ed-aaca4366112f None None] Metadata request headers: {'Host': '199.204.45.129:8775', 'User-Agent': 'python-requests/2.34.2', 'Accept-Encoding': 'gzip, deflate', 'Accept': '*/*', 'Connection': 'keep-alive', 'X-Forwarded-For': '192.168.24.25', 'X-Instance-Id': '6419c61e-c7af-4679-b714-42871c0663c7', 'X-Tenant-Id': '1807e50da27741e7a2284349cee032b0', 'X-Instance-Id-Signature': '2e50defa6cecb9c89bcd2acd2514c0360d8f5d93e817aaedd99dd7d9f543d50c'} {{(pid=108232) __call__ /opt/stack/nova/nova/api/metadata/handler.py:109}}
Jun 18 13:12:27.886015 np0000181980 devstack@n-api-meta.service[108232]: DEBUG nova.api.metadata.handler [None req-e5b8106b-8b6b-46e5-89ed-aaca4366112f None None] Using cached metadata for instance 6419c61e-c7af-4679-b714-42871c0663c7 {{(pid=108232) get_metadata_by_instance_id /opt/stack/nova/nova/api/metadata/handler.py:84}}
Jun 18 13:12:27.886785 np0000181980 devstack@n-api-meta.service[108232]: [pid: 108232|app: 0|req: 2/5] 199.204.45.129 () {40 vars in 697 bytes} [Thu Jun 18 13:12:27 2026] GET /openstack/2018-08-27/vendor_data.json => generated 2 bytes in 5 msecs (HTTP/1.1 200) 3 headers in 89 bytes (1 switches on core 0)
Jun 18 13:12:27.895923 np0000181980 devstack@n-api-meta.service[108231]: DEBUG nova.api.metadata.handler [None req-3e2b0db9-aa80-465b-aa72-00fe8c616517 None None] Metadata request headers: {'Host': '199.204.45.129:8775', 'User-Agent': 'python-requests/2.34.2', 'Accept-Encoding': 'gzip, deflate', 'Accept': '*/*', 'Connection': 'keep-alive', 'X-Forwarded-For': '192.168.24.25', 'X-Instance-Id': '6419c61e-c7af-4679-b714-42871c0663c7', 'X-Tenant-Id': '1807e50da27741e7a2284349cee032b0', 'X-Instance-Id-Signature': '2e50defa6cecb9c89bcd2acd2514c0360d8f5d93e817aaedd99dd7d9f543d50c'} {{(pid=108231) __call__ /opt/stack/nova/nova/api/metadata/handler.py:109}}
Jun 18 13:12:27.899213 np0000181980 devstack@n-api-meta.service[108231]: DEBUG nova.api.metadata.handler [None req-3e2b0db9-aa80-465b-aa72-00fe8c616517 None None] Using cached metadata for instance 6419c61e-c7af-4679-b714-42871c0663c7 {{(pid=108231) get_metadata_by_instance_id /opt/stack/nova/nova/api/metadata/handler.py:84}}
Jun 18 13:12:27.900056 np0000181980 devstack@n-api-meta.service[108231]: [pid: 108231|app: 0|req: 2/6] 199.204.45.129 () {40 vars in 699 bytes} [Thu Jun 18 13:12:27 2026] GET /openstack/2018-08-27/vendor_data2.json => generated 14 bytes in 5 msecs (HTTP/1.1 200) 3 headers in 90 bytes (1 switches on core 0)
Jun 18 13:12:27.906945 np0000181980 devstack@n-api-meta.service[108230]: DEBUG nova.api.metadata.handler [None req-790dd0b6-874b-452f-8409-3bf85d659b71 None None] Metadata request headers: {'Host': '199.204.45.129:8775', 'User-Agent': 'python-requests/2.34.2', 'Accept-Encoding': 'gzip, deflate', 'Accept': '*/*', 'Connection': 'keep-alive', 'X-Forwarded-For': '192.168.24.25', 'X-Instance-Id': '6419c61e-c7af-4679-b714-42871c0663c7', 'X-Tenant-Id': '1807e50da27741e7a2284349cee032b0', 'X-Instance-Id-Signature': '2e50defa6cecb9c89bcd2acd2514c0360d8f5d93e817aaedd99dd7d9f543d50c'} {{(pid=108230) __call__ /opt/stack/nova/nova/api/metadata/handler.py:109}}
Jun 18 13:12:27.910214 np0000181980 devstack@n-api-meta.service[108230]: DEBUG nova.api.metadata.handler [None req-790dd0b6-874b-452f-8409-3bf85d659b71 None None] Using cached metadata for instance 6419c61e-c7af-4679-b714-42871c0663c7 {{(pid=108230) get_metadata_by_instance_id /opt/stack/nova/nova/api/metadata/handler.py:84}}
Jun 18 13:12:27.911119 np0000181980 devstack@n-api-meta.service[108230]: [pid: 108230|app: 0|req: 2/7] 199.204.45.129 () {40 vars in 699 bytes} [Thu Jun 18 13:12:27 2026] GET /openstack/2018-08-27/network_data.json => generated 348 bytes in 5 msecs (HTTP/1.1 200) 3 headers in 100 bytes (1 switches on core 0)
Jun 18 13:12:27.920309 np0000181980 devstack@n-api-meta.service[108229]: DEBUG nova.api.metadata.handler [None req-7ca59ab1-deff-4313-891b-53870133b1d5 None None] Metadata request headers: {'Host': '199.204.45.129:8775', 'User-Agent': 'python-requests/2.34.2', 'Accept-Encoding': 'gzip, deflate', 'Accept': '*/*', 'Connection': 'keep-alive', 'X-Forwarded-For': '192.168.24.25', 'X-Instance-Id': '6419c61e-c7af-4679-b714-42871c0663c7', 'X-Tenant-Id': '1807e50da27741e7a2284349cee032b0', 'X-Instance-Id-Signature': '2e50defa6cecb9c89bcd2acd2514c0360d8f5d93e817aaedd99dd7d9f543d50c'} {{(pid=108229) __call__ /opt/stack/nova/nova/api/metadata/handler.py:109}}
Jun 18 13:12:27.923348 np0000181980 devstack@n-api-meta.service[108229]: DEBUG nova.api.metadata.handler [None req-7ca59ab1-deff-4313-891b-53870133b1d5 None None] Using cached metadata for instance 6419c61e-c7af-4679-b714-42871c0663c7 {{(pid=108229) get_metadata_by_instance_id /opt/stack/nova/nova/api/metadata/handler.py:84}}
Jun 18 13:12:27.924212 np0000181980 devstack@n-api-meta.service[108229]: [pid: 108229|app: 0|req: 2/8] 199.204.45.129 () {40 vars in 657 bytes} [Thu Jun 18 13:12:27 2026] GET /latest/meta-data/ => generated 210 bytes in 5 msecs (HTTP/1.1 200) 3 headers in 100 bytes (1 switches on core 0)
Jun 18 13:12:27.931051 np0000181980 devstack@n-api-meta.service[108232]: DEBUG nova.api.metadata.handler [None req-e5b8106b-8b6b-46e5-89ed-aaca4366112f None None] Metadata request headers: {'Host': '199.204.45.129:8775', 'User-Agent': 'python-requests/2.34.2', 'Accept-Encoding': 'gzip, deflate', 'Accept': '*/*', 'Connection': 'keep-alive', 'X-Forwarded-For': '192.168.24.25', 'X-Instance-Id': '6419c61e-c7af-4679-b714-42871c0663c7', 'X-Tenant-Id': '1807e50da27741e7a2284349cee032b0', 'X-Instance-Id-Signature': '2e50defa6cecb9c89bcd2acd2514c0360d8f5d93e817aaedd99dd7d9f543d50c'} {{(pid=108232) __call__ /opt/stack/nova/nova/api/metadata/handler.py:109}}
Jun 18 13:12:27.933713 np0000181980 devstack@n-api-meta.service[108232]: DEBUG nova.api.metadata.handler [None req-e5b8106b-8b6b-46e5-89ed-aaca4366112f None None] Using cached metadata for instance 6419c61e-c7af-4679-b714-42871c0663c7 {{(pid=108232) get_metadata_by_instance_id /opt/stack/nova/nova/api/metadata/handler.py:84}}
Jun 18 13:12:27.934241 np0000181980 devstack@n-api-meta.service[108232]: [pid: 108232|app: 0|req: 3/9] 199.204.45.129 () {40 vars in 699 bytes} [Thu Jun 18 13:12:27 2026] GET /latest/meta-data/block-device-mapping/ => generated 8 bytes in 4 msecs (HTTP/1.1 200) 3 headers in 98 bytes (1 switches on core 0)
Jun 18 13:12:27.943230 np0000181980 devstack@n-api-meta.service[108231]: DEBUG nova.api.metadata.handler [None req-3e2b0db9-aa80-465b-aa72-00fe8c616517 None None] Metadata request headers: {'Host': '199.204.45.129:8775', 'User-Agent': 'python-requests/2.34.2', 'Accept-Encoding': 'gzip, deflate', 'Accept': '*/*', 'Connection': 'keep-alive', 'X-Forwarded-For': '192.168.24.25', 'X-Instance-Id': '6419c61e-c7af-4679-b714-42871c0663c7', 'X-Tenant-Id': '1807e50da27741e7a2284349cee032b0', 'X-Instance-Id-Signature': '2e50defa6cecb9c89bcd2acd2514c0360d8f5d93e817aaedd99dd7d9f543d50c'} {{(pid=108231) __call__ /opt/stack/nova/nova/api/metadata/handler.py:109}}
Jun 18 13:12:27.947378 np0000181980 devstack@n-api-meta.service[108231]: DEBUG nova.api.metadata.handler [None req-3e2b0db9-aa80-465b-aa72-00fe8c616517 None None] Using cached metadata for instance 6419c61e-c7af-4679-b714-42871c0663c7 {{(pid=108231) get_metadata_by_instance_id /opt/stack/nova/nova/api/metadata/handler.py:84}}
Jun 18 13:12:27.948296 np0000181980 devstack@n-api-meta.service[108231]: [pid: 108231|app: 0|req: 3/10] 199.204.45.129 () {40 vars in 706 bytes} [Thu Jun 18 13:12:27 2026] GET /latest/meta-data/block-device-mapping/ami => generated 3 bytes in 6 msecs (HTTP/1.1 200) 3 headers in 98 bytes (1 switches on core 0)
Jun 18 13:12:27.957916 np0000181980 devstack@n-api-meta.service[108230]: DEBUG nova.api.metadata.handler [None req-790dd0b6-874b-452f-8409-3bf85d659b71 None None] Metadata request headers: {'Host': '199.204.45.129:8775', 'User-Agent': 'python-requests/2.34.2', 'Accept-Encoding': 'gzip, deflate', 'Accept': '*/*', 'Connection': 'keep-alive', 'X-Forwarded-For': '192.168.24.25', 'X-Instance-Id': '6419c61e-c7af-4679-b714-42871c0663c7', 'X-Tenant-Id': '1807e50da27741e7a2284349cee032b0', 'X-Instance-Id-Signature': '2e50defa6cecb9c89bcd2acd2514c0360d8f5d93e817aaedd99dd7d9f543d50c'} {{(pid=108230) __call__ /opt/stack/nova/nova/api/metadata/handler.py:109}}
Jun 18 13:12:27.961009 np0000181980 devstack@n-api-meta.service[108230]: DEBUG nova.api.metadata.handler [None req-790dd0b6-874b-452f-8409-3bf85d659b71 None None] Using cached metadata for instance 6419c61e-c7af-4679-b714-42871c0663c7 {{(pid=108230) get_metadata_by_instance_id /opt/stack/nova/nova/api/metadata/handler.py:84}}
Jun 18 13:12:27.961885 np0000181980 devstack@n-api-meta.service[108230]: [pid: 108230|app: 0|req: 3/11] 199.204.45.129 () {40 vars in 708 bytes} [Thu Jun 18 13:12:27 2026] GET /latest/meta-data/block-device-mapping/root => generated 8 bytes in 5 msecs (HTTP/1.1 200) 3 headers in 98 bytes (1 switches on core 0)
Jun 18 13:12:27.971047 np0000181980 devstack@n-api-meta.service[108229]: DEBUG nova.api.metadata.handler [None req-7ca59ab1-deff-4313-891b-53870133b1d5 None None] Metadata request headers: {'Host': '199.204.45.129:8775', 'User-Agent': 'python-requests/2.34.2', 'Accept-Encoding': 'gzip, deflate', 'Accept': '*/*', 'Connection': 'keep-alive', 'X-Forwarded-For': '192.168.24.25', 'X-Instance-Id': '6419c61e-c7af-4679-b714-42871c0663c7', 'X-Tenant-Id': '1807e50da27741e7a2284349cee032b0', 'X-Instance-Id-Signature': '2e50defa6cecb9c89bcd2acd2514c0360d8f5d93e817aaedd99dd7d9f543d50c'} {{(pid=108229) __call__ /opt/stack/nova/nova/api/metadata/handler.py:109}}
Jun 18 13:12:27.974299 np0000181980 devstack@n-api-meta.service[108229]: DEBUG nova.api.metadata.handler [None req-7ca59ab1-deff-4313-891b-53870133b1d5 None None] Using cached metadata for instance 6419c61e-c7af-4679-b714-42871c0663c7 {{(pid=108229) get_metadata_by_instance_id /opt/stack/nova/nova/api/metadata/handler.py:84}}
Jun 18 13:12:27.974942 np0000181980 devstack@n-api-meta.service[108229]: [pid: 108229|app: 0|req: 3/12] 199.204.45.129 () {40 vars in 678 bytes} [Thu Jun 18 13:12:27 2026] GET /latest/meta-data/placement/ => generated 17 bytes in 5 msecs (HTTP/1.1 200) 3 headers in 99 bytes (1 switches on core 0)
Jun 18 13:12:27.982027 np0000181980 devstack@n-api-meta.service[108232]: DEBUG nova.api.metadata.handler [None req-e5b8106b-8b6b-46e5-89ed-aaca4366112f None None] Metadata request headers: {'Host': '199.204.45.129:8775', 'User-Agent': 'python-requests/2.34.2', 'Accept-Encoding': 'gzip, deflate', 'Accept': '*/*', 'Connection': 'keep-alive', 'X-Forwarded-For': '192.168.24.25', 'X-Instance-Id': '6419c61e-c7af-4679-b714-42871c0663c7', 'X-Tenant-Id': '1807e50da27741e7a2284349cee032b0', 'X-Instance-Id-Signature': '2e50defa6cecb9c89bcd2acd2514c0360d8f5d93e817aaedd99dd7d9f543d50c'} {{(pid=108232) __call__ /opt/stack/nova/nova/api/metadata/handler.py:109}}
Jun 18 13:12:27.985664 np0000181980 devstack@n-api-meta.service[108232]: DEBUG nova.api.metadata.handler [None req-e5b8106b-8b6b-46e5-89ed-aaca4366112f None None] Using cached metadata for instance 6419c61e-c7af-4679-b714-42871c0663c7 {{(pid=108232) get_metadata_by_instance_id /opt/stack/nova/nova/api/metadata/handler.py:84}}
Jun 18 13:12:27.985664 np0000181980 devstack@n-api-meta.service[108232]: [pid: 108232|app: 0|req: 4/13] 199.204.45.129 () {40 vars in 712 bytes} [Thu Jun 18 13:12:27 2026] GET /latest/meta-data/placement/availability-zone => generated 4 bytes in 4 msecs (HTTP/1.1 200) 3 headers in 98 bytes (1 switches on core 0)
Jun 18 13:12:28.000278 np0000181980 devstack@n-api-meta.service[108231]: DEBUG nova.api.metadata.handler [None req-3e2b0db9-aa80-465b-aa72-00fe8c616517 None None] Metadata request headers: {'Host': '199.204.45.129:8775', 'User-Agent': 'python-requests/2.34.2', 'Accept-Encoding': 'gzip, deflate', 'Accept': '*/*', 'Connection': 'keep-alive', 'X-Forwarded-For': '192.168.24.25', 'X-Instance-Id': '6419c61e-c7af-4679-b714-42871c0663c7', 'X-Tenant-Id': '1807e50da27741e7a2284349cee032b0', 'X-Instance-Id-Signature': '2e50defa6cecb9c89bcd2acd2514c0360d8f5d93e817aaedd99dd7d9f543d50c'} {{(pid=108231) __call__ /opt/stack/nova/nova/api/metadata/handler.py:109}}
Jun 18 13:12:28.002387 np0000181980 devstack@n-api-meta.service[108231]: DEBUG nova.api.metadata.handler [None req-3e2b0db9-aa80-465b-aa72-00fe8c616517 None None] Using cached metadata for instance 6419c61e-c7af-4679-b714-42871c0663c7 {{(pid=108231) get_metadata_by_instance_id /opt/stack/nova/nova/api/metadata/handler.py:84}}
Jun 18 13:12:28.002825 np0000181980 devstack@n-api-meta.service[108231]: [pid: 108231|app: 0|req: 4/14] 199.204.45.129 () {40 vars in 670 bytes} [Thu Jun 18 13:12:27 2026] GET /latest/meta-data/ami-id => generated 12 bytes in 3 msecs (HTTP/1.1 200) 3 headers in 99 bytes (1 switches on core 0)
Jun 18 13:12:28.011201 np0000181980 devstack@n-api-meta.service[108230]: DEBUG nova.api.metadata.handler [None req-790dd0b6-874b-452f-8409-3bf85d659b71 None None] Metadata request headers: {'Host': '199.204.45.129:8775', 'User-Agent': 'python-requests/2.34.2', 'Accept-Encoding': 'gzip, deflate', 'Accept': '*/*', 'Connection': 'keep-alive', 'X-Forwarded-For': '192.168.24.25', 'X-Instance-Id': '6419c61e-c7af-4679-b714-42871c0663c7', 'X-Tenant-Id': '1807e50da27741e7a2284349cee032b0', 'X-Instance-Id-Signature': '2e50defa6cecb9c89bcd2acd2514c0360d8f5d93e817aaedd99dd7d9f543d50c'} {{(pid=108230) __call__ /opt/stack/nova/nova/api/metadata/handler.py:109}}
Jun 18 13:12:28.014566 np0000181980 devstack@n-api-meta.service[108230]: DEBUG nova.api.metadata.handler [None req-790dd0b6-874b-452f-8409-3bf85d659b71 None None] Using cached metadata for instance 6419c61e-c7af-4679-b714-42871c0663c7 {{(pid=108230) get_metadata_by_instance_id /opt/stack/nova/nova/api/metadata/handler.py:84}}
Jun 18 13:12:28.016117 np0000181980 devstack@n-api-meta.service[108230]: [pid: 108230|app: 0|req: 4/15] 199.204.45.129 () {40 vars in 690 bytes} [Thu Jun 18 13:12:28 2026] GET /latest/meta-data/ami-launch-index => generated 1 bytes in 5 msecs (HTTP/1.1 200) 3 headers in 98 bytes (1 switches on core 0)
Jun 18 13:12:28.026067 np0000181980 devstack@n-api-meta.service[108229]: DEBUG nova.api.metadata.handler [None req-7ca59ab1-deff-4313-891b-53870133b1d5 None None] Metadata request headers: {'Host': '199.204.45.129:8775', 'User-Agent': 'python-requests/2.34.2', 'Accept-Encoding': 'gzip, deflate', 'Accept': '*/*', 'Connection': 'keep-alive', 'X-Forwarded-For': '192.168.24.25', 'X-Instance-Id': '6419c61e-c7af-4679-b714-42871c0663c7', 'X-Tenant-Id': '1807e50da27741e7a2284349cee032b0', 'X-Instance-Id-Signature': '2e50defa6cecb9c89bcd2acd2514c0360d8f5d93e817aaedd99dd7d9f543d50c'} {{(pid=108229) __call__ /opt/stack/nova/nova/api/metadata/handler.py:109}}
Jun 18 13:12:28.029017 np0000181980 devstack@n-api-meta.service[108229]: DEBUG nova.api.metadata.handler [None req-7ca59ab1-deff-4313-891b-53870133b1d5 None None] Using cached metadata for instance 6419c61e-c7af-4679-b714-42871c0663c7 {{(pid=108229) get_metadata_by_instance_id /opt/stack/nova/nova/api/metadata/handler.py:84}}
Jun 18 13:12:28.030052 np0000181980 devstack@n-api-meta.service[108229]: [pid: 108229|app: 0|req: 4/16] 199.204.45.129 () {40 vars in 692 bytes} [Thu Jun 18 13:12:28 2026] GET /latest/meta-data/ami-manifest-path => generated 5 bytes in 5 msecs (HTTP/1.1 200) 3 headers in 98 bytes (1 switches on core 0)
Jun 18 13:12:28.036947 np0000181980 devstack@n-api-meta.service[108232]: DEBUG nova.api.metadata.handler [None req-e5b8106b-8b6b-46e5-89ed-aaca4366112f None None] Metadata request headers: {'Host': '199.204.45.129:8775', 'User-Agent': 'python-requests/2.34.2', 'Accept-Encoding': 'gzip, deflate', 'Accept': '*/*', 'Connection': 'keep-alive', 'X-Forwarded-For': '192.168.24.25', 'X-Instance-Id': '6419c61e-c7af-4679-b714-42871c0663c7', 'X-Tenant-Id': '1807e50da27741e7a2284349cee032b0', 'X-Instance-Id-Signature': '2e50defa6cecb9c89bcd2acd2514c0360d8f5d93e817aaedd99dd7d9f543d50c'} {{(pid=108232) __call__ /opt/stack/nova/nova/api/metadata/handler.py:109}}
Jun 18 13:12:28.039160 np0000181980 devstack@n-api-meta.service[108232]: DEBUG nova.api.metadata.handler [None req-e5b8106b-8b6b-46e5-89ed-aaca4366112f None None] Using cached metadata for instance 6419c61e-c7af-4679-b714-42871c0663c7 {{(pid=108232) get_metadata_by_instance_id /opt/stack/nova/nova/api/metadata/handler.py:84}}
Jun 18 13:12:28.039845 np0000181980 devstack@n-api-meta.service[108232]: [pid: 108232|app: 0|req: 5/17] 199.204.45.129 () {40 vars in 674 bytes} [Thu Jun 18 13:12:28 2026] GET /latest/meta-data/hostname => generated 32 bytes in 3 msecs (HTTP/1.1 200) 3 headers in 99 bytes (1 switches on core 0)
Jun 18 13:12:28.047447 np0000181980 devstack@n-api-meta.service[108231]: DEBUG nova.api.metadata.handler [None req-3e2b0db9-aa80-465b-aa72-00fe8c616517 None None] Metadata request headers: {'Host': '199.204.45.129:8775', 'User-Agent': 'python-requests/2.34.2', 'Accept-Encoding': 'gzip, deflate', 'Accept': '*/*', 'Connection': 'keep-alive', 'X-Forwarded-For': '192.168.24.25', 'X-Instance-Id': '6419c61e-c7af-4679-b714-42871c0663c7', 'X-Tenant-Id': '1807e50da27741e7a2284349cee032b0', 'X-Instance-Id-Signature': '2e50defa6cecb9c89bcd2acd2514c0360d8f5d93e817aaedd99dd7d9f543d50c'} {{(pid=108231) __call__ /opt/stack/nova/nova/api/metadata/handler.py:109}}
Jun 18 13:12:28.050158 np0000181980 devstack@n-api-meta.service[108231]: DEBUG nova.api.metadata.handler [None req-3e2b0db9-aa80-465b-aa72-00fe8c616517 None None] Using cached metadata for instance 6419c61e-c7af-4679-b714-42871c0663c7 {{(pid=108231) get_metadata_by_instance_id /opt/stack/nova/nova/api/metadata/handler.py:84}}
Jun 18 13:12:28.050831 np0000181980 devstack@n-api-meta.service[108231]: [pid: 108231|app: 0|req: 5/18] 199.204.45.129 () {40 vars in 688 bytes} [Thu Jun 18 13:12:28 2026] GET /latest/meta-data/instance-action => generated 4 bytes in 4 msecs (HTTP/1.1 200) 3 headers in 98 bytes (1 switches on core 0)
Jun 18 13:12:28.057865 np0000181980 devstack@n-api-meta.service[108230]: DEBUG nova.api.metadata.handler [None req-790dd0b6-874b-452f-8409-3bf85d659b71 None None] Metadata request headers: {'Host': '199.204.45.129:8775', 'User-Agent': 'python-requests/2.34.2', 'Accept-Encoding': 'gzip, deflate', 'Accept': '*/*', 'Connection': 'keep-alive', 'X-Forwarded-For': '192.168.24.25', 'X-Instance-Id': '6419c61e-c7af-4679-b714-42871c0663c7', 'X-Tenant-Id': '1807e50da27741e7a2284349cee032b0', 'X-Instance-Id-Signature': '2e50defa6cecb9c89bcd2acd2514c0360d8f5d93e817aaedd99dd7d9f543d50c'} {{(pid=108230) __call__ /opt/stack/nova/nova/api/metadata/handler.py:109}}
Jun 18 13:12:28.060988 np0000181980 devstack@n-api-meta.service[108230]: DEBUG nova.api.metadata.handler [None req-790dd0b6-874b-452f-8409-3bf85d659b71 None None] Using cached metadata for instance 6419c61e-c7af-4679-b714-42871c0663c7 {{(pid=108230) get_metadata_by_instance_id /opt/stack/nova/nova/api/metadata/handler.py:84}}
Jun 18 13:12:28.060988 np0000181980 devstack@n-api-meta.service[108230]: [pid: 108230|app: 0|req: 5/19] 199.204.45.129 () {40 vars in 680 bytes} [Thu Jun 18 13:12:28 2026] GET /latest/meta-data/instance-id => generated 10 bytes in 3 msecs (HTTP/1.1 200) 3 headers in 99 bytes (1 switches on core 0)
Jun 18 13:12:28.069772 np0000181980 devstack@n-api-meta.service[108229]: DEBUG nova.api.metadata.handler [None req-7ca59ab1-deff-4313-891b-53870133b1d5 None None] Metadata request headers: {'Host': '199.204.45.129:8775', 'User-Agent': 'python-requests/2.34.2', 'Accept-Encoding': 'gzip, deflate', 'Accept': '*/*', 'Connection': 'keep-alive', 'X-Forwarded-For': '192.168.24.25', 'X-Instance-Id': '6419c61e-c7af-4679-b714-42871c0663c7', 'X-Tenant-Id': '1807e50da27741e7a2284349cee032b0', 'X-Instance-Id-Signature': '2e50defa6cecb9c89bcd2acd2514c0360d8f5d93e817aaedd99dd7d9f543d50c'} {{(pid=108229) __call__ /opt/stack/nova/nova/api/metadata/handler.py:109}}
Jun 18 13:12:28.072643 np0000181980 devstack@n-api-meta.service[108229]: DEBUG nova.api.metadata.handler [None req-7ca59ab1-deff-4313-891b-53870133b1d5 None None] Using cached metadata for instance 6419c61e-c7af-4679-b714-42871c0663c7 {{(pid=108229) get_metadata_by_instance_id /opt/stack/nova/nova/api/metadata/handler.py:84}}
Jun 18 13:12:28.073509 np0000181980 devstack@n-api-meta.service[108229]: [pid: 108229|app: 0|req: 5/20] 199.204.45.129 () {40 vars in 684 bytes} [Thu Jun 18 13:12:28 2026] GET /latest/meta-data/instance-type => generated 8 bytes in 4 msecs (HTTP/1.1 200) 3 headers in 98 bytes (1 switches on core 0)
Jun 18 13:12:28.081885 np0000181980 devstack@n-api-meta.service[108232]: DEBUG nova.api.metadata.handler [None req-e5b8106b-8b6b-46e5-89ed-aaca4366112f None None] Metadata request headers: {'Host': '199.204.45.129:8775', 'User-Agent': 'python-requests/2.34.2', 'Accept-Encoding': 'gzip, deflate', 'Accept': '*/*', 'Connection': 'keep-alive', 'X-Forwarded-For': '192.168.24.25', 'X-Instance-Id': '6419c61e-c7af-4679-b714-42871c0663c7', 'X-Tenant-Id': '1807e50da27741e7a2284349cee032b0', 'X-Instance-Id-Signature': '2e50defa6cecb9c89bcd2acd2514c0360d8f5d93e817aaedd99dd7d9f543d50c'} {{(pid=108232) __call__ /opt/stack/nova/nova/api/metadata/handler.py:109}}
Jun 18 13:12:28.084896 np0000181980 devstack@n-api-meta.service[108232]: DEBUG nova.api.metadata.handler [None req-e5b8106b-8b6b-46e5-89ed-aaca4366112f None None] Using cached metadata for instance 6419c61e-c7af-4679-b714-42871c0663c7 {{(pid=108232) get_metadata_by_instance_id /opt/stack/nova/nova/api/metadata/handler.py:84}}
Jun 18 13:12:28.085632 np0000181980 devstack@n-api-meta.service[108232]: [pid: 108232|app: 0|req: 6/21] 199.204.45.129 () {40 vars in 686 bytes} [Thu Jun 18 13:12:28 2026] GET /latest/meta-data/local-hostname => generated 32 bytes in 4 msecs (HTTP/1.1 200) 3 headers in 99 bytes (1 switches on core 0)
Jun 18 13:12:28.095009 np0000181980 devstack@n-api-meta.service[108231]: DEBUG nova.api.metadata.handler [None req-3e2b0db9-aa80-465b-aa72-00fe8c616517 None None] Metadata request headers: {'Host': '199.204.45.129:8775', 'User-Agent': 'python-requests/2.34.2', 'Accept-Encoding': 'gzip, deflate', 'Accept': '*/*', 'Connection': 'keep-alive', 'X-Forwarded-For': '192.168.24.25', 'X-Instance-Id': '6419c61e-c7af-4679-b714-42871c0663c7', 'X-Tenant-Id': '1807e50da27741e7a2284349cee032b0', 'X-Instance-Id-Signature': '2e50defa6cecb9c89bcd2acd2514c0360d8f5d93e817aaedd99dd7d9f543d50c'} {{(pid=108231) __call__ /opt/stack/nova/nova/api/metadata/handler.py:109}}
Jun 18 13:12:28.096843 np0000181980 devstack@n-api-meta.service[108231]: DEBUG nova.api.metadata.handler [None req-3e2b0db9-aa80-465b-aa72-00fe8c616517 None None] Using cached metadata for instance 6419c61e-c7af-4679-b714-42871c0663c7 {{(pid=108231) get_metadata_by_instance_id /opt/stack/nova/nova/api/metadata/handler.py:84}}
Jun 18 13:12:28.097261 np0000181980 devstack@n-api-meta.service[108231]: [pid: 108231|app: 0|req: 6/22] 199.204.45.129 () {40 vars in 678 bytes} [Thu Jun 18 13:12:28 2026] GET /latest/meta-data/local-ipv4 => generated 13 bytes in 3 msecs (HTTP/1.1 200) 3 headers in 99 bytes (1 switches on core 0)
Jun 18 13:12:28.104011 np0000181980 devstack@n-api-meta.service[108230]: DEBUG nova.api.metadata.handler [None req-790dd0b6-874b-452f-8409-3bf85d659b71 None None] Metadata request headers: {'Host': '199.204.45.129:8775', 'User-Agent': 'python-requests/2.34.2', 'Accept-Encoding': 'gzip, deflate', 'Accept': '*/*', 'Connection': 'keep-alive', 'X-Forwarded-For': '192.168.24.25', 'X-Instance-Id': '6419c61e-c7af-4679-b714-42871c0663c7', 'X-Tenant-Id': '1807e50da27741e7a2284349cee032b0', 'X-Instance-Id-Signature': '2e50defa6cecb9c89bcd2acd2514c0360d8f5d93e817aaedd99dd7d9f543d50c'} {{(pid=108230) __call__ /opt/stack/nova/nova/api/metadata/handler.py:109}}
Jun 18 13:12:28.106927 np0000181980 devstack@n-api-meta.service[108230]: DEBUG nova.api.metadata.handler [None req-790dd0b6-874b-452f-8409-3bf85d659b71 None None] Using cached metadata for instance 6419c61e-c7af-4679-b714-42871c0663c7 {{(pid=108230) get_metadata_by_instance_id /opt/stack/nova/nova/api/metadata/handler.py:84}}
Jun 18 13:12:28.107324 np0000181980 devstack@n-api-meta.service[108230]: [pid: 108230|app: 0|req: 6/23] 199.204.45.129 () {40 vars in 688 bytes} [Thu Jun 18 13:12:28 2026] GET /latest/meta-data/public-hostname => generated 32 bytes in 4 msecs (HTTP/1.1 200) 3 headers in 99 bytes (1 switches on core 0)
Jun 18 13:12:28.117209 np0000181980 devstack@n-api-meta.service[108229]: DEBUG nova.api.metadata.handler [None req-7ca59ab1-deff-4313-891b-53870133b1d5 None None] Metadata request headers: {'Host': '199.204.45.129:8775', 'User-Agent': 'python-requests/2.34.2', 'Accept-Encoding': 'gzip, deflate', 'Accept': '*/*', 'Connection': 'keep-alive', 'X-Forwarded-For': '192.168.24.25', 'X-Instance-Id': '6419c61e-c7af-4679-b714-42871c0663c7', 'X-Tenant-Id': '1807e50da27741e7a2284349cee032b0', 'X-Instance-Id-Signature': '2e50defa6cecb9c89bcd2acd2514c0360d8f5d93e817aaedd99dd7d9f543d50c'} {{(pid=108229) __call__ /opt/stack/nova/nova/api/metadata/handler.py:109}}
Jun 18 13:12:28.120541 np0000181980 devstack@n-api-meta.service[108229]: DEBUG nova.api.metadata.handler [None req-7ca59ab1-deff-4313-891b-53870133b1d5 None None] Using cached metadata for instance 6419c61e-c7af-4679-b714-42871c0663c7 {{(pid=108229) get_metadata_by_instance_id /opt/stack/nova/nova/api/metadata/handler.py:84}}
Jun 18 13:12:28.121500 np0000181980 devstack@n-api-meta.service[108229]: [pid: 108229|app: 0|req: 6/24] 199.204.45.129 () {40 vars in 680 bytes} [Thu Jun 18 13:12:28 2026] GET /latest/meta-data/public-ipv4 => generated 0 bytes in 5 msecs (HTTP/1.1 200) 3 headers in 98 bytes (1 switches on core 0)
