Apr 11 16:58:58.810650 np0000165168 neutron-periodic-workers[105583]: DEBUG cotyledon.oslo_config_glue [-] ml2.path_mtu = 0 {{(pid=105583) log_opt_values /opt/stack/data/venv/lib/python3.12/site-packages/oslo_config/cfg.py:3006}}
Apr 11 16:58:58.810821 np0000165168 neutron-periodic-workers[105583]: DEBUG cotyledon.oslo_config_glue [-] ml2.physical_network_mtus = {} {{(pid=105583) log_opt_values /opt/stack/data/venv/lib/python3.12/site-packages/oslo_config/cfg.py:3006}}
Apr 11 16:58:58.810821 np0000165168 neutron-periodic-workers[105583]: DEBUG cotyledon.oslo_config_glue [-] ml2.project_network_types = ['geneve'] {{(pid=105583) log_opt_values /opt/stack/data/venv/lib/python3.12/site-packages/oslo_config/cfg.py:3006}}
Apr 11 16:58:58.810821 np0000165168 neutron-periodic-workers[105583]: DEBUG cotyledon.oslo_config_glue [-] ml2.tunnelled_network_rp_name = rp_tunnelled {{(pid=105583) log_opt_values /opt/stack/data/venv/lib/python3.12/site-packages/oslo_config/cfg.py:3006}}
Apr 11 16:58:58.810821 np0000165168 neutron-periodic-workers[105583]: DEBUG cotyledon.oslo_config_glue [-] ml2.type_drivers = ['local', 'flat', 'vlan', 'geneve'] {{(pid=105583) log_opt_values /opt/stack/data/venv/lib/python3.12/site-packages/oslo_config/cfg.py:3006}}
Apr 11 16:58:58.810929 np0000165168 neutron-periodic-workers[105583]: DEBUG cotyledon.oslo_config_glue [-] ml2_type_flat.flat_networks = ['public'] {{(pid=105583) log_opt_values /opt/stack/data/venv/lib/python3.12/site-packages/oslo_config/cfg.py:3006}}
Apr 11 16:58:58.810929 np0000165168 neutron-periodic-workers[105583]: DEBUG cotyledon.oslo_config_glue [-] ml2_type_geneve.max_header_size = 38 {{(pid=105583) log_opt_values /opt/stack/data/venv/lib/python3.12/site-packages/oslo_config/cfg.py:3006}}
Apr 11 16:58:58.811031 np0000165168 neutron-periodic-workers[105583]: DEBUG cotyledon.oslo_config_glue [-] ml2_type_geneve.vni_ranges = ['1:65536'] {{(pid=105583) log_opt_values /opt/stack/data/venv/lib/python3.12/site-packages/oslo_config/cfg.py:3006}}
Apr 11 16:58:58.811031 np0000165168 neutron-periodic-workers[105583]: DEBUG cotyledon.oslo_config_glue [-] ml2_type_vlan.network_vlan_ranges = ['public'] {{(pid=105583) log_opt_values /opt/stack/data/venv/lib/python3.12/site-packages/oslo_config/cfg.py:3006}}
Apr 11 16:58:58.811131 np0000165168 neutron-periodic-workers[105583]: DEBUG cotyledon.oslo_config_glue [-] network_log.burst_limit = 25 {{(pid=105583) log_opt_values /opt/stack/data/venv/lib/python3.12/site-packages/oslo_config/cfg.py:3006}}
Apr 11 16:58:58.811131 np0000165168 neutron-periodic-workers[105583]: DEBUG cotyledon.oslo_config_glue [-] network_log.local_output_log_base = None {{(pid=105583) log_opt_values /opt/stack/data/venv/lib/python3.12/site-packages/oslo_config/cfg.py:3006}}
Apr 11 16:58:58.811221 np0000165168 neutron-periodic-workers[105583]: DEBUG cotyledon.oslo_config_glue [-] network_log.rate_limit = 100 {{(pid=105583) log_opt_values /opt/stack/data/venv/lib/python3.12/site-packages/oslo_config/cfg.py:3006}}
Apr 11 16:58:58.811221 np0000165168 neutron-periodic-workers[105583]: DEBUG cotyledon.oslo_config_glue [-] database.asyncio_connection = **** {{(pid=105583) log_opt_values /opt/stack/data/venv/lib/python3.12/site-packages/oslo_config/cfg.py:3006}}
Apr 11 16:58:58.811270 np0000165168 neutron-periodic-workers[105583]: DEBUG cotyledon.oslo_config_glue [-] database.asyncio_slave_connection = **** {{(pid=105583) log_opt_values /opt/stack/data/venv/lib/python3.12/site-packages/oslo_config/cfg.py:3006}}
Apr 11 16:58:58.811294 np0000165168 neutron-periodic-workers[105583]: DEBUG cotyledon.oslo_config_glue [-] database.backend = sqlalchemy {{(pid=105583) log_opt_values /opt/stack/data/venv/lib/python3.12/site-packages/oslo_config/cfg.py:3006}}
Apr 11 16:58:58.811345 np0000165168 neutron-periodic-workers[105583]: DEBUG cotyledon.oslo_config_glue [-] database.connection = **** {{(pid=105583) log_opt_values /opt/stack/data/venv/lib/python3.12/site-packages/oslo_config/cfg.py:3006}}
Apr 11 16:58:58.811376 np0000165168 neutron-periodic-workers[105583]: DEBUG cotyledon.oslo_config_glue [-] database.connection_debug = 0 {{(pid=105583) log_opt_values /opt/stack/data/venv/lib/python3.12/site-packages/oslo_config/cfg.py:3006}}
Apr 11 16:58:58.811425 np0000165168 neutron-periodic-workers[105583]: DEBUG cotyledon.oslo_config_glue [-] database.connection_parameters = {{(pid=105583) log_opt_values /opt/stack/data/venv/lib/python3.12/site-packages/oslo_config/cfg.py:3006}}
Apr 11 16:58:58.811461 np0000165168 neutron-periodic-workers[105583]: DEBUG cotyledon.oslo_config_glue [-] database.connection_recycle_time = 3600 {{(pid=105583) log_opt_values /opt/stack/data/venv/lib/python3.12/site-packages/oslo_config/cfg.py:3006}}
Apr 11 16:58:58.811532 np0000165168 neutron-periodic-workers[105583]: DEBUG cotyledon.oslo_config_glue [-] database.connection_trace = False {{(pid=105583) log_opt_values /opt/stack/data/venv/lib/python3.12/site-packages/oslo_config/cfg.py:3006}}
Apr 11 16:58:58.811578 np0000165168 neutron-periodic-workers[105583]: DEBUG cotyledon.oslo_config_glue [-] database.db_inc_retry_interval = True {{(pid=105583) log_opt_values /opt/stack/data/venv/lib/python3.12/site-packages/oslo_config/cfg.py:3006}}
Apr 11 16:58:58.811609 np0000165168 neutron-periodic-workers[105583]: DEBUG cotyledon.oslo_config_glue [-] database.db_max_retries = 20 {{(pid=105583) log_opt_values /opt/stack/data/venv/lib/python3.12/site-packages/oslo_config/cfg.py:3006}}
Apr 11 16:58:58.811652 np0000165168 neutron-periodic-workers[105583]: DEBUG cotyledon.oslo_config_glue [-] database.db_max_retry_interval = 10 {{(pid=105583) log_opt_values /opt/stack/data/venv/lib/python3.12/site-packages/oslo_config/cfg.py:3006}}
Apr 11 16:58:58.811685 np0000165168 neutron-periodic-workers[105583]: DEBUG cotyledon.oslo_config_glue [-] database.db_retry_interval = 1 {{(pid=105583) log_opt_values /opt/stack/data/venv/lib/python3.12/site-packages/oslo_config/cfg.py:3006}}
Apr 11 16:58:58.811727 np0000165168 neutron-periodic-workers[105583]: DEBUG cotyledon.oslo_config_glue [-] database.max_overflow = 50 {{(pid=105583) log_opt_values /opt/stack/data/venv/lib/python3.12/site-packages/oslo_config/cfg.py:3006}}
Apr 11 16:58:58.811759 np0000165168 neutron-periodic-workers[105583]: DEBUG cotyledon.oslo_config_glue [-] database.max_pool_size = 5 {{(pid=105583) log_opt_values /opt/stack/data/venv/lib/python3.12/site-packages/oslo_config/cfg.py:3006}}
Apr 11 16:58:58.811802 np0000165168 neutron-periodic-workers[105583]: DEBUG cotyledon.oslo_config_glue [-] database.max_retries = 10 {{(pid=105583) log_opt_values /opt/stack/data/venv/lib/python3.12/site-packages/oslo_config/cfg.py:3006}}
Apr 11 16:58:58.811841 np0000165168 neutron-periodic-workers[105583]: DEBUG cotyledon.oslo_config_glue [-] database.mysql_sql_mode = TRADITIONAL {{(pid=105583) log_opt_values /opt/stack/data/venv/lib/python3.12/site-packages/oslo_config/cfg.py:3006}}
Apr 11 16:58:58.811874 np0000165168 neutron-periodic-workers[105583]: DEBUG cotyledon.oslo_config_glue [-] database.mysql_wsrep_sync_wait = None {{(pid=105583) log_opt_values /opt/stack/data/venv/lib/python3.12/site-packages/oslo_config/cfg.py:3006}}
Apr 11 16:58:58.811920 np0000165168 neutron-periodic-workers[105583]: DEBUG cotyledon.oslo_config_glue [-] database.pool_timeout = None {{(pid=105583) log_opt_values /opt/stack/data/venv/lib/python3.12/site-packages/oslo_config/cfg.py:3006}}
Apr 11 16:58:58.811955 np0000165168 neutron-periodic-workers[105583]: DEBUG cotyledon.oslo_config_glue [-] database.retry_interval = 10 {{(pid=105583) log_opt_values /opt/stack/data/venv/lib/python3.12/site-packages/oslo_config/cfg.py:3006}}
Apr 11 16:58:58.812007 np0000165168 neutron-periodic-workers[105583]: DEBUG cotyledon.oslo_config_glue [-] database.slave_connection = **** {{(pid=105583) log_opt_values /opt/stack/data/venv/lib/python3.12/site-packages/oslo_config/cfg.py:3006}}
Apr 11 16:58:58.812069 np0000165168 neutron-periodic-workers[105583]: DEBUG cotyledon.oslo_config_glue [-] database.sqlite_synchronous = True {{(pid=105583) log_opt_values /opt/stack/data/venv/lib/python3.12/site-packages/oslo_config/cfg.py:3006}}
Apr 11 16:58:58.812114 np0000165168 neutron-periodic-workers[105583]: DEBUG cotyledon.oslo_config_glue [-] database.synchronous_reader = True {{(pid=105583) log_opt_values /opt/stack/data/venv/lib/python3.12/site-packages/oslo_config/cfg.py:3006}}
Apr 11 16:58:58.812153 np0000165168 neutron-periodic-workers[105583]: DEBUG cotyledon.oslo_config_glue [-] database.use_db_reconnect = False {{(pid=105583) log_opt_values /opt/stack/data/venv/lib/python3.12/site-packages/oslo_config/cfg.py:3006}}
Apr 11 16:58:58.812230 np0000165168 neutron-periodic-workers[105583]: DEBUG cotyledon.oslo_config_glue [-] ovn.bfd_min_rx = 1000 {{(pid=105583) log_opt_values /opt/stack/data/venv/lib/python3.12/site-packages/oslo_config/cfg.py:3006}}
Apr 11 16:58:58.812260 np0000165168 neutron-periodic-workers[105583]: DEBUG cotyledon.oslo_config_glue [-] ovn.bfd_min_tx = 100 {{(pid=105583) log_opt_values /opt/stack/data/venv/lib/python3.12/site-packages/oslo_config/cfg.py:3006}}
Apr 11 16:58:58.812304 np0000165168 neutron-periodic-workers[105583]: DEBUG cotyledon.oslo_config_glue [-] ovn.bfd_mult = 3 {{(pid=105583) log_opt_values /opt/stack/data/venv/lib/python3.12/site-packages/oslo_config/cfg.py:3006}}
Apr 11 16:58:58.812339 np0000165168 neutron-periodic-workers[105583]: DEBUG cotyledon.oslo_config_glue [-] ovn.broadcast_arps_to_all_routers = True {{(pid=105583) log_opt_values /opt/stack/data/venv/lib/python3.12/site-packages/oslo_config/cfg.py:3006}}
Apr 11 16:58:58.812429 np0000165168 neutron-periodic-workers[105583]: DEBUG cotyledon.oslo_config_glue [-] ovn.dhcp_default_lease_time = 43200 {{(pid=105583) log_opt_values /opt/stack/data/venv/lib/python3.12/site-packages/oslo_config/cfg.py:3006}}
Apr 11 16:58:58.812486 np0000165168 neutron-periodic-workers[105583]: DEBUG cotyledon.oslo_config_glue [-] ovn.disable_ovn_dhcp_for_baremetal_ports = False {{(pid=105583) log_opt_values /opt/stack/data/venv/lib/python3.12/site-packages/oslo_config/cfg.py:3006}}
Apr 11 16:58:58.812536 np0000165168 neutron-periodic-workers[105583]: DEBUG cotyledon.oslo_config_glue [-] ovn.dns_records_ovn_owned = False {{(pid=105583) log_opt_values /opt/stack/data/venv/lib/python3.12/site-packages/oslo_config/cfg.py:3006}}
Apr 11 16:58:58.812573 np0000165168 neutron-periodic-workers[105583]: DEBUG cotyledon.oslo_config_glue [-] ovn.dns_servers = [] {{(pid=105583) log_opt_values /opt/stack/data/venv/lib/python3.12/site-packages/oslo_config/cfg.py:3006}}
Apr 11 16:58:58.812602 np0000165168 neutron-periodic-workers[105583]: DEBUG cotyledon.oslo_config_glue [-] ovn.enable_distributed_floating_ip = False {{(pid=105583) log_opt_values /opt/stack/data/venv/lib/python3.12/site-packages/oslo_config/cfg.py:3006}}
Apr 11 16:58:58.812644 np0000165168 neutron-periodic-workers[105583]: DEBUG cotyledon.oslo_config_glue [-] ovn.fdb_age_threshold = 300 {{(pid=105583) log_opt_values /opt/stack/data/venv/lib/python3.12/site-packages/oslo_config/cfg.py:3006}}
Apr 11 16:58:58.812674 np0000165168 neutron-periodic-workers[105583]: DEBUG cotyledon.oslo_config_glue [-] ovn.ha_failover_strategy = normal {{(pid=105583) log_opt_values /opt/stack/data/venv/lib/python3.12/site-packages/oslo_config/cfg.py:3006}}
Apr 11 16:58:58.812722 np0000165168 neutron-periodic-workers[105583]: DEBUG cotyledon.oslo_config_glue [-] ovn.live_migration_activation_strategy = rarp {{(pid=105583) log_opt_values /opt/stack/data/venv/lib/python3.12/site-packages/oslo_config/cfg.py:3006}}
Apr 11 16:58:58.812754 np0000165168 neutron-periodic-workers[105583]: DEBUG cotyledon.oslo_config_glue [-] ovn.localnet_learn_fdb = False {{(pid=105583) log_opt_values /opt/stack/data/venv/lib/python3.12/site-packages/oslo_config/cfg.py:3006}}
Apr 11 16:58:58.812795 np0000165168 neutron-periodic-workers[105583]: DEBUG cotyledon.oslo_config_glue [-] ovn.mac_binding_age_threshold = 300 {{(pid=105583) log_opt_values /opt/stack/data/venv/lib/python3.12/site-packages/oslo_config/cfg.py:3006}}
Apr 11 16:58:58.812842 np0000165168 neutron-periodic-workers[105583]: DEBUG cotyledon.oslo_config_glue [-] ovn.neutron_sync_mode = log {{(pid=105583) log_opt_values /opt/stack/data/venv/lib/python3.12/site-packages/oslo_config/cfg.py:3006}}
Apr 11 16:58:58.812873 np0000165168 neutron-periodic-workers[105583]: DEBUG cotyledon.oslo_config_glue [-] ovn.ovn_dhcp4_global_options = {} {{(pid=105583) log_opt_values /opt/stack/data/venv/lib/python3.12/site-packages/oslo_config/cfg.py:3006}}
Apr 11 16:58:58.812925 np0000165168 neutron-periodic-workers[105583]: DEBUG cotyledon.oslo_config_glue [-] ovn.ovn_dhcp6_global_options = {} {{(pid=105583) log_opt_values /opt/stack/data/venv/lib/python3.12/site-packages/oslo_config/cfg.py:3006}}
Apr 11 16:58:58.812960 np0000165168 neutron-periodic-workers[105583]: DEBUG cotyledon.oslo_config_glue [-] ovn.ovn_l3_scheduler = leastloaded {{(pid=105583) log_opt_values /opt/stack/data/venv/lib/python3.12/site-packages/oslo_config/cfg.py:3006}}
Apr 11 16:58:58.813004 np0000165168 neutron-periodic-workers[105583]: DEBUG cotyledon.oslo_config_glue [-] ovn.ovn_metadata_enabled = True {{(pid=105583) log_opt_values /opt/stack/data/venv/lib/python3.12/site-packages/oslo_config/cfg.py:3006}}
Apr 11 16:58:58.813154 np0000165168 neutron-periodic-workers[105583]: DEBUG cotyledon.oslo_config_glue [-] ovn.ovn_nb_ca_cert = /opt/stack/data/CA/int-ca/ca-chain.pem {{(pid=105583) log_opt_values /opt/stack/data/venv/lib/python3.12/site-packages/oslo_config/cfg.py:3006}}
Apr 11 16:58:58.813216 np0000165168 neutron-periodic-workers[105583]: DEBUG cotyledon.oslo_config_glue [-] ovn.ovn_nb_certificate = /opt/stack/data/CA/int-ca/devstack-cert.crt {{(pid=105583) log_opt_values /opt/stack/data/venv/lib/python3.12/site-packages/oslo_config/cfg.py:3006}}
Apr 11 16:58:58.813257 np0000165168 neutron-periodic-workers[105583]: DEBUG cotyledon.oslo_config_glue [-] ovn.ovn_nb_connection = ['ssl:199.204.45.238:6641'] {{(pid=105583) log_opt_values /opt/stack/data/venv/lib/python3.12/site-packages/oslo_config/cfg.py:3006}}
Apr 11 16:58:58.813302 np0000165168 neutron-periodic-workers[105583]: DEBUG cotyledon.oslo_config_glue [-] ovn.ovn_nb_private_key = /opt/stack/data/CA/int-ca/private/devstack-cert.key {{(pid=105583) log_opt_values /opt/stack/data/venv/lib/python3.12/site-packages/oslo_config/cfg.py:3006}}
Apr 11 16:58:58.813331 np0000165168 neutron-periodic-workers[105583]: DEBUG cotyledon.oslo_config_glue [-] ovn.ovn_router_indirect_snat = False {{(pid=105583) log_opt_values /opt/stack/data/venv/lib/python3.12/site-packages/oslo_config/cfg.py:3006}}
Apr 11 16:58:58.813360 np0000165168 neutron-periodic-workers[105583]: DEBUG cotyledon.oslo_config_glue [-] ovn.ovn_sb_ca_cert = /opt/stack/data/CA/int-ca/ca-chain.pem {{(pid=105583) log_opt_values /opt/stack/data/venv/lib/python3.12/site-packages/oslo_config/cfg.py:3006}}
Apr 11 16:58:58.813404 np0000165168 neutron-periodic-workers[105583]: DEBUG cotyledon.oslo_config_glue [-] ovn.ovn_sb_certificate = /opt/stack/data/CA/int-ca/devstack-cert.crt {{(pid=105583) log_opt_values /opt/stack/data/venv/lib/python3.12/site-packages/oslo_config/cfg.py:3006}}
Apr 11 16:58:58.813434 np0000165168 neutron-periodic-workers[105583]: DEBUG cotyledon.oslo_config_glue [-] ovn.ovn_sb_connection = ['ssl:199.204.45.238:6642'] {{(pid=105583) log_opt_values /opt/stack/data/venv/lib/python3.12/site-packages/oslo_config/cfg.py:3006}}
Apr 11 16:58:58.813484 np0000165168 neutron-periodic-workers[105583]: DEBUG cotyledon.oslo_config_glue [-] ovn.ovn_sb_private_key = /opt/stack/data/CA/int-ca/private/devstack-cert.key {{(pid=105583) log_opt_values /opt/stack/data/venv/lib/python3.12/site-packages/oslo_config/cfg.py:3006}}
Apr 11 16:58:58.813534 np0000165168 neutron-periodic-workers[105583]: DEBUG cotyledon.oslo_config_glue [-] ovn.ovs_create_tap = False {{(pid=105583) log_opt_values /opt/stack/data/venv/lib/python3.12/site-packages/oslo_config/cfg.py:3006}}
Apr 11 16:58:58.813571 np0000165168 neutron-periodic-workers[105583]: DEBUG cotyledon.oslo_config_glue [-] ovn.ovsdb_connection_timeout = 180 {{(pid=105583) log_opt_values /opt/stack/data/venv/lib/python3.12/site-packages/oslo_config/cfg.py:3006}}
Apr 11 16:58:58.813617 np0000165168 neutron-periodic-workers[105583]: DEBUG cotyledon.oslo_config_glue [-] ovn.ovsdb_log_level = INFO {{(pid=105583) log_opt_values /opt/stack/data/venv/lib/python3.12/site-packages/oslo_config/cfg.py:3006}}
Apr 11 16:58:58.813657 np0000165168 neutron-periodic-workers[105583]: DEBUG cotyledon.oslo_config_glue [-] ovn.ovsdb_probe_interval = 60000 {{(pid=105583) log_opt_values /opt/stack/data/venv/lib/python3.12/site-packages/oslo_config/cfg.py:3006}}
Apr 11 16:58:58.813686 np0000165168 neutron-periodic-workers[105583]: DEBUG cotyledon.oslo_config_glue [-] ovn.ovsdb_retry_max_interval = 180 {{(pid=105583) log_opt_values /opt/stack/data/venv/lib/python3.12/site-packages/oslo_config/cfg.py:3006}}
Apr 11 16:58:58.813714 np0000165168 neutron-periodic-workers[105583]: DEBUG cotyledon.oslo_config_glue [-] ovn.stateless_nat_enabled = False {{(pid=105583) log_opt_values /opt/stack/data/venv/lib/python3.12/site-packages/oslo_config/cfg.py:3006}}
Apr 11 16:58:58.813763 np0000165168 neutron-periodic-workers[105583]: DEBUG cotyledon.oslo_config_glue [-] ovn.vhost_sock_dir = /var/run/openvswitch {{(pid=105583) log_opt_values /opt/stack/data/venv/lib/python3.12/site-packages/oslo_config/cfg.py:3006}}
Apr 11 16:58:58.813816 np0000165168 neutron-periodic-workers[105583]: DEBUG cotyledon.oslo_config_glue [-] OVS.bridge_mac_table_size = 50000 {{(pid=105583) log_opt_values /opt/stack/data/venv/lib/python3.12/site-packages/oslo_config/cfg.py:3006}}
Apr 11 16:58:58.813855 np0000165168 neutron-periodic-workers[105583]: DEBUG cotyledon.oslo_config_glue [-] OVS.igmp_flood = False {{(pid=105583) log_opt_values /opt/stack/data/venv/lib/python3.12/site-packages/oslo_config/cfg.py:3006}}
Apr 11 16:58:58.813901 np0000165168 neutron-periodic-workers[105583]: DEBUG cotyledon.oslo_config_glue [-] OVS.igmp_flood_reports = True {{(pid=105583) log_opt_values /opt/stack/data/venv/lib/python3.12/site-packages/oslo_config/cfg.py:3006}}
Apr 11 16:58:58.813944 np0000165168 neutron-periodic-workers[105583]: DEBUG cotyledon.oslo_config_glue [-] OVS.igmp_flood_unregistered = False {{(pid=105583) log_opt_values /opt/stack/data/venv/lib/python3.12/site-packages/oslo_config/cfg.py:3006}}
Apr 11 16:58:58.813990 np0000165168 neutron-periodic-workers[105583]: DEBUG cotyledon.oslo_config_glue [-] OVS.igmp_snooping_enable = False {{(pid=105583) log_opt_values /opt/stack/data/venv/lib/python3.12/site-packages/oslo_config/cfg.py:3006}}
Apr 11 16:58:58.814024 np0000165168 neutron-periodic-workers[105583]: DEBUG cotyledon.oslo_config_glue [-] OVS.ovsdb_timeout = 10 {{(pid=105583) log_opt_values /opt/stack/data/venv/lib/python3.12/site-packages/oslo_config/cfg.py:3006}}
Apr 11 16:58:58.814066 np0000165168 neutron-periodic-workers[105583]: DEBUG cotyledon.oslo_config_glue [-] ovn_nb_global.fdb_removal_limit = 0 {{(pid=105583) log_opt_values /opt/stack/data/venv/lib/python3.12/site-packages/oslo_config/cfg.py:3006}}
Apr 11 16:58:58.814456 np0000165168 neutron-periodic-workers[105583]: DEBUG cotyledon.oslo_config_glue [-] ovn_nb_global.ignore_lsp_down = False {{(pid=105583) log_opt_values /opt/stack/data/venv/lib/python3.12/site-packages/oslo_config/cfg.py:3006}}
Apr 11 16:58:58.814532 np0000165168 neutron-periodic-workers[105583]: DEBUG cotyledon.oslo_config_glue [-] ovn_nb_global.mac_binding_removal_limit = 0 {{(pid=105583) log_opt_values /opt/stack/data/venv/lib/python3.12/site-packages/oslo_config/cfg.py:3006}}
Apr 11 16:58:58.814579 np0000165168 neutron-periodic-workers[105583]: DEBUG cotyledon.oslo_config_glue [-] ******************************************************************************** {{(pid=105583) log_opt_values /opt/stack/data/venv/lib/python3.12/site-packages/oslo_config/cfg.py:3013}}
Apr 11 16:58:58.814745 np0000165168 neutron-periodic-workers[105583]: DEBUG cotyledon._service_worker [-] Run service ServiceWrapper(0) [105583] {{(pid=105583) wait_forever /opt/stack/data/venv/lib/python3.12/site-packages/cotyledon/_service_worker.py:218}}
Apr 11 16:59:08.440053 np0000165168 neutron-periodic-workers[104816]: DEBUG dbcounter [-] [104816] Writing DB stats neutron:SELECT=4 {{(pid=104816) stat_writer /opt/stack/data/venv/lib/python3.12/site-packages/dbcounter.py:115}}
Apr 11 17:00:02.781504 np0000165168 neutron-periodic-workers[105548]: DEBUG oslo_db.sqlalchemy.engines [None req-784f4318-f815-45c0-b973-fc123fde6e0a None None] Parent process 104816 forked (105548) with an open database connection, which is being discarded and recreated. {{(pid=105548) checkout /opt/stack/data/venv/lib/python3.12/site-packages/oslo_db/sqlalchemy/engines.py:402}}
Apr 11 17:00:02.790280 np0000165168 neutron-periodic-workers[105548]: DEBUG dbcounter [-] [105548] Writer thread running {{(pid=105548) stat_writer /opt/stack/data/venv/lib/python3.12/site-packages/dbcounter.py:102}}
Apr 11 17:00:02.799386 np0000165168 neutron-periodic-workers[105548]: DEBUG oslo.service.backend._threading.loopingcall [None req-784f4318-f815-45c0-b973-fc123fde6e0a None None] Fixed interval looping call 'neutron.plugins.ml2.plugin.DhcpAgentSchedulerDbMixin.remove_networks_from_down_agents' sleeping for 36.96 seconds {{(pid=105548) _run_loop /opt/stack/data/venv/lib/python3.12/site-packages/oslo_service/backend/_threading/loopingcall.py:125}}
Apr 11 17:00:07.791875 np0000165168 neutron-periodic-workers[105557]: DEBUG dbcounter [-] [105557] Writer thread running {{(pid=105557) stat_writer /opt/stack/data/venv/lib/python3.12/site-packages/dbcounter.py:102}}
Apr 11 17:00:07.794923 np0000165168 neutron-periodic-workers[105557]: DEBUG neutron.db.agents_db [None req-ef706b83-c81e-4f81-8988-fedafcd911d1 None None] Agent healthcheck: found 0 active agents {{(pid=105557) agent_health_check /opt/stack/neutron/neutron/db/agents_db.py:317}}
Apr 11 17:00:07.795104 np0000165168 neutron-periodic-workers[105557]: DEBUG oslo.service.backend._threading.loopingcall [None req-ef706b83-c81e-4f81-8988-fedafcd911d1 None None] Fixed interval looping call 'neutron.plugins.ml2.plugin.AgentDbMixin.agent_health_check' sleeping for 36.98 seconds {{(pid=105557) _run_loop /opt/stack/data/venv/lib/python3.12/site-packages/oslo_service/backend/_threading/loopingcall.py:125}}
Apr 11 17:00:12.799151 np0000165168 neutron-periodic-workers[105548]: DEBUG dbcounter [-] [105548] Writing DB stats neutron:SELECT=3 {{(pid=105548) stat_writer /opt/stack/data/venv/lib/python3.12/site-packages/dbcounter.py:115}}
Apr 11 17:00:15.848432 np0000165168 neutron-periodic-workers[105583]: DEBUG dbcounter [-] [105583] Writer thread running {{(pid=105583) stat_writer /opt/stack/data/venv/lib/python3.12/site-packages/dbcounter.py:102}}
Apr 11 17:00:15.858676 np0000165168 neutron-periodic-workers[105583]: DEBUG oslo.service.backend._threading.loopingcall [None req-072631e9-169f-4cd9-adf8-50823954416b None None] Fixed interval looping call 'neutron.services.ovn_l3.plugin.L3_NAT_dbonly_mixin._clean_garbage' sleeping for 299.96 seconds {{(pid=105583) _run_loop /opt/stack/data/venv/lib/python3.12/site-packages/oslo_service/backend/_threading/loopingcall.py:125}}
Apr 11 17:00:17.792363 np0000165168 neutron-periodic-workers[105557]: DEBUG dbcounter [-] [105557] Writing DB stats neutron:SELECT=1 {{(pid=105557) stat_writer /opt/stack/data/venv/lib/python3.12/site-packages/dbcounter.py:115}}
Apr 11 17:00:25.849403 np0000165168 neutron-periodic-workers[105583]: DEBUG dbcounter [-] [105583] Writing DB stats neutron:SELECT=1 {{(pid=105583) stat_writer /opt/stack/data/venv/lib/python3.12/site-packages/dbcounter.py:115}}
Apr 11 17:00:39.769323 np0000165168 neutron-periodic-workers[105548]: DEBUG oslo.service.backend._threading.loopingcall [None req-784f4318-f815-45c0-b973-fc123fde6e0a None None] Fixed interval looping call 'neutron.plugins.ml2.plugin.DhcpAgentSchedulerDbMixin.remove_networks_from_down_agents' sleeping for 36.99 seconds {{(pid=105548) _run_loop /opt/stack/data/venv/lib/python3.12/site-packages/oslo_service/backend/_threading/loopingcall.py:125}}
Apr 11 17:00:44.781217 np0000165168 neutron-periodic-workers[105557]: DEBUG neutron.db.agents_db [None req-ef706b83-c81e-4f81-8988-fedafcd911d1 None None] Agent healthcheck: found 0 active agents {{(pid=105557) agent_health_check /opt/stack/neutron/neutron/db/agents_db.py:317}}
Apr 11 17:00:44.781950 np0000165168 neutron-periodic-workers[105557]: DEBUG oslo.service.backend._threading.loopingcall [None req-ef706b83-c81e-4f81-8988-fedafcd911d1 None None] Fixed interval looping call 'neutron.plugins.ml2.plugin.AgentDbMixin.agent_health_check' sleeping for 36.99 seconds {{(pid=105557) _run_loop /opt/stack/data/venv/lib/python3.12/site-packages/oslo_service/backend/_threading/loopingcall.py:125}}
Apr 11 17:00:49.768153 np0000165168 neutron-periodic-workers[105548]: DEBUG dbcounter [-] [105548] Writing DB stats neutron:SELECT=3 {{(pid=105548) stat_writer /opt/stack/data/venv/lib/python3.12/site-packages/dbcounter.py:115}}
Apr 11 17:00:54.779383 np0000165168 neutron-periodic-workers[105557]: DEBUG dbcounter [-] [105557] Writing DB stats neutron:SELECT=1 {{(pid=105557) stat_writer /opt/stack/data/venv/lib/python3.12/site-packages/dbcounter.py:115}}
Apr 11 17:00:58.809384 np0000165168 neutron-periodic-workers[105570]: DEBUG dbcounter [-] [105570] Writer thread running {{(pid=105570) stat_writer /opt/stack/data/venv/lib/python3.12/site-packages/dbcounter.py:102}}
Apr 11 17:00:58.811656 np0000165168 neutron-periodic-workers[105570]: DEBUG oslo.service.backend._threading.loopingcall [None req-7bf629ff-4d9b-4554-ad16-98f9266b8b4c None None] Fixed interval looping call 'neutron.db.quota.driver_nolock.DbQuotaNoLockDriver._remove_expired_reservations' sleeping for 119.98 seconds {{(pid=105570) _run_loop /opt/stack/data/venv/lib/python3.12/site-packages/oslo_service/backend/_threading/loopingcall.py:125}}
Apr 11 17:01:08.810851 np0000165168 neutron-periodic-workers[105570]: DEBUG dbcounter [-] [105570] Writing DB stats neutron:DELETE=1 {{(pid=105570) stat_writer /opt/stack/data/venv/lib/python3.12/site-packages/dbcounter.py:115}}
Apr 11 17:01:16.769913 np0000165168 neutron-periodic-workers[105548]: DEBUG oslo.service.backend._threading.loopingcall [None req-784f4318-f815-45c0-b973-fc123fde6e0a None None] Fixed interval looping call 'neutron.plugins.ml2.plugin.DhcpAgentSchedulerDbMixin.remove_networks_from_down_agents' sleeping for 36.99 seconds {{(pid=105548) _run_loop /opt/stack/data/venv/lib/python3.12/site-packages/oslo_service/backend/_threading/loopingcall.py:125}}
Apr 11 17:01:21.775710 np0000165168 neutron-periodic-workers[105557]: DEBUG neutron.db.agents_db [None req-ef706b83-c81e-4f81-8988-fedafcd911d1 None None] Agent healthcheck: found 0 active agents {{(pid=105557) agent_health_check /opt/stack/neutron/neutron/db/agents_db.py:317}}
Apr 11 17:01:21.776208 np0000165168 neutron-periodic-workers[105557]: DEBUG oslo.service.backend._threading.loopingcall [None req-ef706b83-c81e-4f81-8988-fedafcd911d1 None None] Fixed interval looping call 'neutron.plugins.ml2.plugin.AgentDbMixin.agent_health_check' sleeping for 37.00 seconds {{(pid=105557) _run_loop /opt/stack/data/venv/lib/python3.12/site-packages/oslo_service/backend/_threading/loopingcall.py:125}}
Apr 11 17:01:26.768859 np0000165168 neutron-periodic-workers[105548]: DEBUG dbcounter [-] [105548] Writing DB stats neutron:SELECT=3 {{(pid=105548) stat_writer /opt/stack/data/venv/lib/python3.12/site-packages/dbcounter.py:115}}
Apr 11 17:01:31.774780 np0000165168 neutron-periodic-workers[105557]: DEBUG dbcounter [-] [105557] Writing DB stats neutron:SELECT=1 {{(pid=105557) stat_writer /opt/stack/data/venv/lib/python3.12/site-packages/dbcounter.py:115}}
Apr 11 17:01:53.770882 np0000165168 neutron-periodic-workers[105548]: DEBUG oslo.service.backend._threading.loopingcall [None req-784f4318-f815-45c0-b973-fc123fde6e0a None None] Fixed interval looping call 'neutron.plugins.ml2.plugin.DhcpAgentSchedulerDbMixin.remove_networks_from_down_agents' sleeping for 36.99 seconds {{(pid=105548) _run_loop /opt/stack/data/venv/lib/python3.12/site-packages/oslo_service/backend/_threading/loopingcall.py:125}}
Apr 11 17:01:58.781069 np0000165168 neutron-periodic-workers[105557]: DEBUG neutron.db.agents_db [None req-ef706b83-c81e-4f81-8988-fedafcd911d1 None None] Agent healthcheck: found 0 active agents {{(pid=105557) agent_health_check /opt/stack/neutron/neutron/db/agents_db.py:317}}
Apr 11 17:01:58.781668 np0000165168 neutron-periodic-workers[105557]: DEBUG oslo.service.backend._threading.loopingcall [None req-ef706b83-c81e-4f81-8988-fedafcd911d1 None None] Fixed interval looping call 'neutron.plugins.ml2.plugin.AgentDbMixin.agent_health_check' sleeping for 36.99 seconds {{(pid=105557) _run_loop /opt/stack/data/venv/lib/python3.12/site-packages/oslo_service/backend/_threading/loopingcall.py:125}}
Apr 11 17:02:03.769408 np0000165168 neutron-periodic-workers[105548]: DEBUG dbcounter [-] [105548] Writing DB stats neutron:SELECT=3 {{(pid=105548) stat_writer /opt/stack/data/venv/lib/python3.12/site-packages/dbcounter.py:115}}
Apr 11 17:02:08.779725 np0000165168 neutron-periodic-workers[105557]: DEBUG dbcounter [-] [105557] Writing DB stats neutron:SELECT=1 {{(pid=105557) stat_writer /opt/stack/data/venv/lib/python3.12/site-packages/dbcounter.py:115}}
Apr 11 17:02:30.774644 np0000165168 neutron-periodic-workers[105548]: DEBUG oslo.service.backend._threading.loopingcall [None req-784f4318-f815-45c0-b973-fc123fde6e0a None None] Fixed interval looping call 'neutron.plugins.ml2.plugin.DhcpAgentSchedulerDbMixin.remove_networks_from_down_agents' sleeping for 36.99 seconds {{(pid=105548) _run_loop /opt/stack/data/venv/lib/python3.12/site-packages/oslo_service/backend/_threading/loopingcall.py:125}}
Apr 11 17:02:35.776934 np0000165168 neutron-periodic-workers[105557]: DEBUG neutron.db.agents_db [None req-ef706b83-c81e-4f81-8988-fedafcd911d1 None None] Agent healthcheck: found 0 active agents {{(pid=105557) agent_health_check /opt/stack/neutron/neutron/db/agents_db.py:317}}
Apr 11 17:02:35.776934 np0000165168 neutron-periodic-workers[105557]: DEBUG oslo.service.backend._threading.loopingcall [None req-ef706b83-c81e-4f81-8988-fedafcd911d1 None None] Fixed interval looping call 'neutron.plugins.ml2.plugin.AgentDbMixin.agent_health_check' sleeping for 36.99 seconds {{(pid=105557) _run_loop /opt/stack/data/venv/lib/python3.12/site-packages/oslo_service/backend/_threading/loopingcall.py:125}}
Apr 11 17:02:40.773598 np0000165168 neutron-periodic-workers[105548]: DEBUG dbcounter [-] [105548] Writing DB stats neutron:SELECT=3 {{(pid=105548) stat_writer /opt/stack/data/venv/lib/python3.12/site-packages/dbcounter.py:115}}
Apr 11 17:02:45.775286 np0000165168 neutron-periodic-workers[105557]: DEBUG dbcounter [-] [105557] Writing DB stats neutron:SELECT=1 {{(pid=105557) stat_writer /opt/stack/data/venv/lib/python3.12/site-packages/dbcounter.py:115}}
Apr 11 17:02:58.798096 np0000165168 neutron-periodic-workers[105570]: DEBUG oslo.service.backend._threading.loopingcall [None req-7bf629ff-4d9b-4554-ad16-98f9266b8b4c None None] Fixed interval looping call 'neutron.db.quota.driver_nolock.DbQuotaNoLockDriver._remove_expired_reservations' sleeping for 119.99 seconds {{(pid=105570) _run_loop /opt/stack/data/venv/lib/python3.12/site-packages/oslo_service/backend/_threading/loopingcall.py:125}}
Apr 11 17:03:07.776989 np0000165168 neutron-periodic-workers[105548]: DEBUG oslo.service.backend._threading.loopingcall [None req-784f4318-f815-45c0-b973-fc123fde6e0a None None] Fixed interval looping call 'neutron.plugins.ml2.plugin.DhcpAgentSchedulerDbMixin.remove_networks_from_down_agents' sleeping for 36.99 seconds {{(pid=105548) _run_loop /opt/stack/data/venv/lib/python3.12/site-packages/oslo_service/backend/_threading/loopingcall.py:125}}
Apr 11 17:03:08.799465 np0000165168 neutron-periodic-workers[105570]: DEBUG dbcounter [-] [105570] Writing DB stats neutron:DELETE=1 {{(pid=105570) stat_writer /opt/stack/data/venv/lib/python3.12/site-packages/dbcounter.py:115}}
Apr 11 17:03:12.771716 np0000165168 neutron-periodic-workers[105557]: DEBUG neutron.db.agents_db [None req-ef706b83-c81e-4f81-8988-fedafcd911d1 None None] Agent healthcheck: found 0 active agents {{(pid=105557) agent_health_check /opt/stack/neutron/neutron/db/agents_db.py:317}}
Apr 11 17:03:12.774806 np0000165168 neutron-periodic-workers[105557]: DEBUG oslo.service.backend._threading.loopingcall [None req-ef706b83-c81e-4f81-8988-fedafcd911d1 None None] Fixed interval looping call 'neutron.plugins.ml2.plugin.AgentDbMixin.agent_health_check' sleeping for 37.00 seconds {{(pid=105557) _run_loop /opt/stack/data/venv/lib/python3.12/site-packages/oslo_service/backend/_threading/loopingcall.py:125}}
Apr 11 17:03:17.775205 np0000165168 neutron-periodic-workers[105548]: DEBUG dbcounter [-] [105548] Writing DB stats neutron:SELECT=3 {{(pid=105548) stat_writer /opt/stack/data/venv/lib/python3.12/site-packages/dbcounter.py:115}}
Apr 11 17:03:22.770542 np0000165168 neutron-periodic-workers[105557]: DEBUG dbcounter [-] [105557] Writing DB stats neutron:SELECT=1 {{(pid=105557) stat_writer /opt/stack/data/venv/lib/python3.12/site-packages/dbcounter.py:115}}
Apr 11 17:03:44.776975 np0000165168 neutron-periodic-workers[105548]: DEBUG oslo.service.backend._threading.loopingcall [None req-784f4318-f815-45c0-b973-fc123fde6e0a None None] Fixed interval looping call 'neutron.plugins.ml2.plugin.DhcpAgentSchedulerDbMixin.remove_networks_from_down_agents' sleeping for 36.99 seconds {{(pid=105548) _run_loop /opt/stack/data/venv/lib/python3.12/site-packages/oslo_service/backend/_threading/loopingcall.py:125}}
Apr 11 17:03:49.778559 np0000165168 neutron-periodic-workers[105557]: DEBUG neutron.db.agents_db [None req-ef706b83-c81e-4f81-8988-fedafcd911d1 None None] Agent healthcheck: found 0 active agents {{(pid=105557) agent_health_check /opt/stack/neutron/neutron/db/agents_db.py:317}}
Apr 11 17:03:49.779025 np0000165168 neutron-periodic-workers[105557]: DEBUG oslo.service.backend._threading.loopingcall [None req-ef706b83-c81e-4f81-8988-fedafcd911d1 None None] Fixed interval looping call 'neutron.plugins.ml2.plugin.AgentDbMixin.agent_health_check' sleeping for 36.99 seconds {{(pid=105557) _run_loop /opt/stack/data/venv/lib/python3.12/site-packages/oslo_service/backend/_threading/loopingcall.py:125}}
Apr 11 17:03:54.775426 np0000165168 neutron-periodic-workers[105548]: DEBUG dbcounter [-] [105548] Writing DB stats neutron:SELECT=3 {{(pid=105548) stat_writer /opt/stack/data/venv/lib/python3.12/site-packages/dbcounter.py:115}}
Apr 11 17:03:59.776839 np0000165168 neutron-periodic-workers[105557]: DEBUG dbcounter [-] [105557] Writing DB stats neutron:SELECT=1 {{(pid=105557) stat_writer /opt/stack/data/venv/lib/python3.12/site-packages/dbcounter.py:115}}
Apr 11 17:04:21.778583 np0000165168 neutron-periodic-workers[105548]: DEBUG oslo.service.backend._threading.loopingcall [None req-784f4318-f815-45c0-b973-fc123fde6e0a None None] Fixed interval looping call 'neutron.plugins.ml2.plugin.DhcpAgentSchedulerDbMixin.remove_networks_from_down_agents' sleeping for 36.99 seconds {{(pid=105548) _run_loop /opt/stack/data/venv/lib/python3.12/site-packages/oslo_service/backend/_threading/loopingcall.py:125}}
Apr 11 17:04:26.775170 np0000165168 neutron-periodic-workers[105557]: DEBUG neutron.db.agents_db [None req-ef706b83-c81e-4f81-8988-fedafcd911d1 None None] Agent healthcheck: found 0 active agents {{(pid=105557) agent_health_check /opt/stack/neutron/neutron/db/agents_db.py:317}}
Apr 11 17:04:26.776042 np0000165168 neutron-periodic-workers[105557]: DEBUG oslo.service.backend._threading.loopingcall [None req-ef706b83-c81e-4f81-8988-fedafcd911d1 None None] Fixed interval looping call 'neutron.plugins.ml2.plugin.AgentDbMixin.agent_health_check' sleeping for 36.99 seconds {{(pid=105557) _run_loop /opt/stack/data/venv/lib/python3.12/site-packages/oslo_service/backend/_threading/loopingcall.py:125}}
Apr 11 17:04:31.776867 np0000165168 neutron-periodic-workers[105548]: DEBUG dbcounter [-] [105548] Writing DB stats neutron:SELECT=3 {{(pid=105548) stat_writer /opt/stack/data/venv/lib/python3.12/site-packages/dbcounter.py:115}}
Apr 11 17:04:36.772338 np0000165168 neutron-periodic-workers[105557]: DEBUG dbcounter [-] [105557] Writing DB stats neutron:SELECT=1 {{(pid=105557) stat_writer /opt/stack/data/venv/lib/python3.12/site-packages/dbcounter.py:115}}
Apr 11 17:04:58.931459 np0000165168 neutron-periodic-workers[105548]: DEBUG oslo.service.backend._threading.loopingcall [None req-784f4318-f815-45c0-b973-fc123fde6e0a None None] Fixed interval looping call 'neutron.plugins.ml2.plugin.DhcpAgentSchedulerDbMixin.remove_networks_from_down_agents' sleeping for 36.99 seconds {{(pid=105548) _run_loop /opt/stack/data/venv/lib/python3.12/site-packages/oslo_service/backend/_threading/loopingcall.py:125}}
Apr 11 17:04:58.935859 np0000165168 neutron-periodic-workers[105570]: DEBUG oslo.service.backend._threading.loopingcall [None req-7bf629ff-4d9b-4554-ad16-98f9266b8b4c None None] Fixed interval looping call 'neutron.db.quota.driver_nolock.DbQuotaNoLockDriver._remove_expired_reservations' sleeping for 119.85 seconds {{(pid=105570) _run_loop /opt/stack/data/venv/lib/python3.12/site-packages/oslo_service/backend/_threading/loopingcall.py:125}}
Apr 11 17:05:03.770866 np0000165168 neutron-periodic-workers[105557]: DEBUG neutron.db.agents_db [None req-ef706b83-c81e-4f81-8988-fedafcd911d1 None None] Agent healthcheck: found 0 active agents {{(pid=105557) agent_health_check /opt/stack/neutron/neutron/db/agents_db.py:317}}
Apr 11 17:05:03.771545 np0000165168 neutron-periodic-workers[105557]: DEBUG oslo.service.backend._threading.loopingcall [None req-ef706b83-c81e-4f81-8988-fedafcd911d1 None None] Fixed interval looping call 'neutron.plugins.ml2.plugin.AgentDbMixin.agent_health_check' sleeping for 36.99 seconds {{(pid=105557) _run_loop /opt/stack/data/venv/lib/python3.12/site-packages/oslo_service/backend/_threading/loopingcall.py:125}}
Apr 11 17:05:08.777696 np0000165168 neutron-periodic-workers[105548]: DEBUG dbcounter [-] [105548] Writing DB stats neutron:SELECT=3 {{(pid=105548) stat_writer /opt/stack/data/venv/lib/python3.12/site-packages/dbcounter.py:115}}
Apr 11 17:05:08.791316 np0000165168 neutron-periodic-workers[105570]: DEBUG dbcounter [-] [105570] Writing DB stats neutron:DELETE=1 {{(pid=105570) stat_writer /opt/stack/data/venv/lib/python3.12/site-packages/dbcounter.py:115}}
Apr 11 17:05:13.769212 np0000165168 neutron-periodic-workers[105557]: DEBUG dbcounter [-] [105557] Writing DB stats neutron:SELECT=1 {{(pid=105557) stat_writer /opt/stack/data/venv/lib/python3.12/site-packages/dbcounter.py:115}}
Apr 11 17:05:15.828211 np0000165168 neutron-periodic-workers[105583]: DEBUG oslo.service.backend._threading.loopingcall [None req-072631e9-169f-4cd9-adf8-50823954416b None None] Fixed interval looping call 'neutron.services.ovn_l3.plugin.L3_NAT_dbonly_mixin._clean_garbage' sleeping for 299.99 seconds {{(pid=105583) _run_loop /opt/stack/data/venv/lib/python3.12/site-packages/oslo_service/backend/_threading/loopingcall.py:125}}
Apr 11 17:05:25.823940 np0000165168 neutron-periodic-workers[105583]: DEBUG dbcounter [-] [105583] Writing DB stats neutron:SELECT=1 {{(pid=105583) stat_writer /opt/stack/data/venv/lib/python3.12/site-packages/dbcounter.py:115}}
Apr 11 17:05:35.778826 np0000165168 neutron-periodic-workers[105548]: DEBUG oslo.service.backend._threading.loopingcall [None req-784f4318-f815-45c0-b973-fc123fde6e0a None None] Fixed interval looping call 'neutron.plugins.ml2.plugin.DhcpAgentSchedulerDbMixin.remove_networks_from_down_agents' sleeping for 36.99 seconds {{(pid=105548) _run_loop /opt/stack/data/venv/lib/python3.12/site-packages/oslo_service/backend/_threading/loopingcall.py:125}}
Apr 11 17:05:40.766435 np0000165168 neutron-periodic-workers[105557]: DEBUG neutron.db.agents_db [None req-ef706b83-c81e-4f81-8988-fedafcd911d1 None None] Agent healthcheck: found 0 active agents {{(pid=105557) agent_health_check /opt/stack/neutron/neutron/db/agents_db.py:317}}
Apr 11 17:05:40.767056 np0000165168 neutron-periodic-workers[105557]: DEBUG oslo.service.backend._threading.loopingcall [None req-ef706b83-c81e-4f81-8988-fedafcd911d1 None None] Fixed interval looping call 'neutron.plugins.ml2.plugin.AgentDbMixin.agent_health_check' sleeping for 36.99 seconds {{(pid=105557) _run_loop /opt/stack/data/venv/lib/python3.12/site-packages/oslo_service/backend/_threading/loopingcall.py:125}}
Apr 11 17:05:45.777611 np0000165168 neutron-periodic-workers[105548]: DEBUG dbcounter [-] [105548] Writing DB stats neutron:SELECT=3 {{(pid=105548) stat_writer /opt/stack/data/venv/lib/python3.12/site-packages/dbcounter.py:115}}
Apr 11 17:05:50.765808 np0000165168 neutron-periodic-workers[105557]: DEBUG dbcounter [-] [105557] Writing DB stats neutron:SELECT=1 {{(pid=105557) stat_writer /opt/stack/data/venv/lib/python3.12/site-packages/dbcounter.py:115}}
Apr 11 17:06:12.779615 np0000165168 neutron-periodic-workers[105548]: DEBUG oslo.service.backend._threading.loopingcall [None req-784f4318-f815-45c0-b973-fc123fde6e0a None None] Fixed interval looping call 'neutron.plugins.ml2.plugin.DhcpAgentSchedulerDbMixin.remove_networks_from_down_agents' sleeping for 36.99 seconds {{(pid=105548) _run_loop /opt/stack/data/venv/lib/python3.12/site-packages/oslo_service/backend/_threading/loopingcall.py:125}}
Apr 11 17:06:17.762391 np0000165168 neutron-periodic-workers[105557]: DEBUG neutron.db.agents_db [None req-ef706b83-c81e-4f81-8988-fedafcd911d1 None None] Agent healthcheck: found 0 active agents {{(pid=105557) agent_health_check /opt/stack/neutron/neutron/db/agents_db.py:317}}
Apr 11 17:06:17.762997 np0000165168 neutron-periodic-workers[105557]: DEBUG oslo.service.backend._threading.loopingcall [None req-ef706b83-c81e-4f81-8988-fedafcd911d1 None None] Fixed interval looping call 'neutron.plugins.ml2.plugin.AgentDbMixin.agent_health_check' sleeping for 36.99 seconds {{(pid=105557) _run_loop /opt/stack/data/venv/lib/python3.12/site-packages/oslo_service/backend/_threading/loopingcall.py:125}}
Apr 11 17:06:22.778414 np0000165168 neutron-periodic-workers[105548]: DEBUG dbcounter [-] [105548] Writing DB stats neutron:SELECT=3 {{(pid=105548) stat_writer /opt/stack/data/venv/lib/python3.12/site-packages/dbcounter.py:115}}
Apr 11 17:06:27.760451 np0000165168 neutron-periodic-workers[105557]: DEBUG dbcounter [-] [105557] Writing DB stats neutron:SELECT=1 {{(pid=105557) stat_writer /opt/stack/data/venv/lib/python3.12/site-packages/dbcounter.py:115}}
Apr 11 17:06:49.780941 np0000165168 neutron-periodic-workers[105548]: DEBUG oslo.service.backend._threading.loopingcall [None req-784f4318-f815-45c0-b973-fc123fde6e0a None None] Fixed interval looping call 'neutron.plugins.ml2.plugin.DhcpAgentSchedulerDbMixin.remove_networks_from_down_agents' sleeping for 36.99 seconds {{(pid=105548) _run_loop /opt/stack/data/venv/lib/python3.12/site-packages/oslo_service/backend/_threading/loopingcall.py:125}}
Apr 11 17:06:54.757318 np0000165168 neutron-periodic-workers[105557]: DEBUG neutron.db.agents_db [None req-ef706b83-c81e-4f81-8988-fedafcd911d1 None None] Agent healthcheck: found 0 active agents {{(pid=105557) agent_health_check /opt/stack/neutron/neutron/db/agents_db.py:317}}
Apr 11 17:06:54.757865 np0000165168 neutron-periodic-workers[105557]: DEBUG oslo.service.backend._threading.loopingcall [None req-ef706b83-c81e-4f81-8988-fedafcd911d1 None None] Fixed interval looping call 'neutron.plugins.ml2.plugin.AgentDbMixin.agent_health_check' sleeping for 37.00 seconds {{(pid=105557) _run_loop /opt/stack/data/venv/lib/python3.12/site-packages/oslo_service/backend/_threading/loopingcall.py:125}}
Apr 11 17:06:58.788262 np0000165168 neutron-periodic-workers[105570]: DEBUG oslo.service.backend._threading.loopingcall [None req-7bf629ff-4d9b-4554-ad16-98f9266b8b4c None None] Fixed interval looping call 'neutron.db.quota.driver_nolock.DbQuotaNoLockDriver._remove_expired_reservations' sleeping for 120.00 seconds {{(pid=105570) _run_loop /opt/stack/data/venv/lib/python3.12/site-packages/oslo_service/backend/_threading/loopingcall.py:125}}
Apr 11 17:06:59.781048 np0000165168 neutron-periodic-workers[105548]: DEBUG dbcounter [-] [105548] Writing DB stats neutron:SELECT=3 {{(pid=105548) stat_writer /opt/stack/data/venv/lib/python3.12/site-packages/dbcounter.py:115}}
Apr 11 17:07:04.755266 np0000165168 neutron-periodic-workers[105557]: DEBUG dbcounter [-] [105557] Writing DB stats neutron:SELECT=1 {{(pid=105557) stat_writer /opt/stack/data/venv/lib/python3.12/site-packages/dbcounter.py:115}}
Apr 11 17:07:08.787501 np0000165168 neutron-periodic-workers[105570]: DEBUG dbcounter [-] [105570] Writing DB stats neutron:DELETE=1 {{(pid=105570) stat_writer /opt/stack/data/venv/lib/python3.12/site-packages/dbcounter.py:115}}
Apr 11 17:07:26.779055 np0000165168 neutron-periodic-workers[105548]: DEBUG oslo.service.backend._threading.loopingcall [None req-784f4318-f815-45c0-b973-fc123fde6e0a None None] Fixed interval looping call 'neutron.plugins.ml2.plugin.DhcpAgentSchedulerDbMixin.remove_networks_from_down_agents' sleeping for 36.99 seconds {{(pid=105548) _run_loop /opt/stack/data/venv/lib/python3.12/site-packages/oslo_service/backend/_threading/loopingcall.py:125}}
Apr 11 17:07:31.762812 np0000165168 neutron-periodic-workers[105557]: DEBUG neutron.db.agents_db [None req-ef706b83-c81e-4f81-8988-fedafcd911d1 None None] Agent healthcheck: found 0 active agents {{(pid=105557) agent_health_check /opt/stack/neutron/neutron/db/agents_db.py:317}}
Apr 11 17:07:31.763312 np0000165168 neutron-periodic-workers[105557]: DEBUG oslo.service.backend._threading.loopingcall [None req-ef706b83-c81e-4f81-8988-fedafcd911d1 None None] Fixed interval looping call 'neutron.plugins.ml2.plugin.AgentDbMixin.agent_health_check' sleeping for 36.99 seconds {{(pid=105557) _run_loop /opt/stack/data/venv/lib/python3.12/site-packages/oslo_service/backend/_threading/loopingcall.py:125}}
Apr 11 17:07:36.778203 np0000165168 neutron-periodic-workers[105548]: DEBUG dbcounter [-] [105548] Writing DB stats neutron:SELECT=3 {{(pid=105548) stat_writer /opt/stack/data/venv/lib/python3.12/site-packages/dbcounter.py:115}}
Apr 11 17:07:41.761453 np0000165168 neutron-periodic-workers[105557]: DEBUG dbcounter [-] [105557] Writing DB stats neutron:SELECT=1 {{(pid=105557) stat_writer /opt/stack/data/venv/lib/python3.12/site-packages/dbcounter.py:115}}
Apr 11 17:08:03.788675 np0000165168 neutron-periodic-workers[105548]: DEBUG oslo.service.backend._threading.loopingcall [None req-784f4318-f815-45c0-b973-fc123fde6e0a None None] Fixed interval looping call 'neutron.plugins.ml2.plugin.DhcpAgentSchedulerDbMixin.remove_networks_from_down_agents' sleeping for 36.98 seconds {{(pid=105548) _run_loop /opt/stack/data/venv/lib/python3.12/site-packages/oslo_service/backend/_threading/loopingcall.py:125}}
Apr 11 17:08:08.759605 np0000165168 neutron-periodic-workers[105557]: DEBUG neutron.db.agents_db [None req-ef706b83-c81e-4f81-8988-fedafcd911d1 None None] Agent healthcheck: found 0 active agents {{(pid=105557) agent_health_check /opt/stack/neutron/neutron/db/agents_db.py:317}}
Apr 11 17:08:08.759605 np0000165168 neutron-periodic-workers[105557]: DEBUG oslo.service.backend._threading.loopingcall [None req-ef706b83-c81e-4f81-8988-fedafcd911d1 None None] Fixed interval looping call 'neutron.plugins.ml2.plugin.AgentDbMixin.agent_health_check' sleeping for 36.99 seconds {{(pid=105557) _run_loop /opt/stack/data/venv/lib/python3.12/site-packages/oslo_service/backend/_threading/loopingcall.py:125}}
Apr 11 17:08:13.786947 np0000165168 neutron-periodic-workers[105548]: DEBUG dbcounter [-] [105548] Writing DB stats neutron:SELECT=3 {{(pid=105548) stat_writer /opt/stack/data/venv/lib/python3.12/site-packages/dbcounter.py:115}}
Apr 11 17:08:18.756513 np0000165168 neutron-periodic-workers[105557]: DEBUG dbcounter [-] [105557] Writing DB stats neutron:SELECT=1 {{(pid=105557) stat_writer /opt/stack/data/venv/lib/python3.12/site-packages/dbcounter.py:115}}
Apr 11 17:08:40.779766 np0000165168 neutron-periodic-workers[105548]: DEBUG oslo.service.backend._threading.loopingcall [None req-784f4318-f815-45c0-b973-fc123fde6e0a None None] Fixed interval looping call 'neutron.plugins.ml2.plugin.DhcpAgentSchedulerDbMixin.remove_networks_from_down_agents' sleeping for 36.99 seconds {{(pid=105548) _run_loop /opt/stack/data/venv/lib/python3.12/site-packages/oslo_service/backend/_threading/loopingcall.py:125}}
Apr 11 17:08:45.756640 np0000165168 neutron-periodic-workers[105557]: DEBUG neutron.db.agents_db [None req-ef706b83-c81e-4f81-8988-fedafcd911d1 None None] Agent healthcheck: found 0 active agents {{(pid=105557) agent_health_check /opt/stack/neutron/neutron/db/agents_db.py:317}}
Apr 11 17:08:45.757508 np0000165168 neutron-periodic-workers[105557]: DEBUG oslo.service.backend._threading.loopingcall [None req-ef706b83-c81e-4f81-8988-fedafcd911d1 None None] Fixed interval looping call 'neutron.plugins.ml2.plugin.AgentDbMixin.agent_health_check' sleeping for 36.99 seconds {{(pid=105557) _run_loop /opt/stack/data/venv/lib/python3.12/site-packages/oslo_service/backend/_threading/loopingcall.py:125}}
Apr 11 17:08:50.778455 np0000165168 neutron-periodic-workers[105548]: DEBUG dbcounter [-] [105548] Writing DB stats neutron:SELECT=3 {{(pid=105548) stat_writer /opt/stack/data/venv/lib/python3.12/site-packages/dbcounter.py:115}}
Apr 11 17:08:55.753527 np0000165168 neutron-periodic-workers[105557]: DEBUG dbcounter [-] [105557] Writing DB stats neutron:SELECT=1 {{(pid=105557) stat_writer /opt/stack/data/venv/lib/python3.12/site-packages/dbcounter.py:115}}
