Feb 16 19:39:55.375681 np0000155674 devstack@n-api-meta.service[108291]: DEBUG nova.api.openstack.wsgi_app [None req-04a1d040-e373-46fd-b6e2-8fb83a6b9e19 None None] ironic.shard = None {{(pid=108291) log_opt_values /opt/stack/data/venv/lib/python3.12/site-packages/oslo_config/cfg.py:2824}}
Feb 16 19:39:55.375803 np0000155674 devstack@n-api-meta.service[108291]: DEBUG nova.api.openstack.wsgi_app [None req-04a1d040-e373-46fd-b6e2-8fb83a6b9e19 None None] ironic.split_loggers = False {{(pid=108291) log_opt_values /opt/stack/data/venv/lib/python3.12/site-packages/oslo_config/cfg.py:2824}}
Feb 16 19:39:55.375925 np0000155674 devstack@n-api-meta.service[108291]: DEBUG nova.api.openstack.wsgi_app [None req-04a1d040-e373-46fd-b6e2-8fb83a6b9e19 None None] ironic.status_code_retries = None {{(pid=108291) log_opt_values /opt/stack/data/venv/lib/python3.12/site-packages/oslo_config/cfg.py:2824}}
Feb 16 19:39:55.376052 np0000155674 devstack@n-api-meta.service[108291]: DEBUG nova.api.openstack.wsgi_app [None req-04a1d040-e373-46fd-b6e2-8fb83a6b9e19 None None] ironic.status_code_retry_delay = None {{(pid=108291) log_opt_values /opt/stack/data/venv/lib/python3.12/site-packages/oslo_config/cfg.py:2824}}
Feb 16 19:39:55.376191 np0000155674 devstack@n-api-meta.service[108291]: DEBUG nova.api.openstack.wsgi_app [None req-04a1d040-e373-46fd-b6e2-8fb83a6b9e19 None None] ironic.timeout = None {{(pid=108291) log_opt_values /opt/stack/data/venv/lib/python3.12/site-packages/oslo_config/cfg.py:2824}}
Feb 16 19:39:55.376334 np0000155674 devstack@n-api-meta.service[108291]: DEBUG nova.api.openstack.wsgi_app [None req-04a1d040-e373-46fd-b6e2-8fb83a6b9e19 None None] ironic.valid_interfaces = ['internal', 'public'] {{(pid=108291) log_opt_values /opt/stack/data/venv/lib/python3.12/site-packages/oslo_config/cfg.py:2824}}
Feb 16 19:39:55.376460 np0000155674 devstack@n-api-meta.service[108291]: DEBUG nova.api.openstack.wsgi_app [None req-04a1d040-e373-46fd-b6e2-8fb83a6b9e19 None None] ironic.version = None {{(pid=108291) log_opt_values /opt/stack/data/venv/lib/python3.12/site-packages/oslo_config/cfg.py:2824}}
Feb 16 19:39:55.376632 np0000155674 devstack@n-api-meta.service[108291]: DEBUG nova.api.openstack.wsgi_app [None req-04a1d040-e373-46fd-b6e2-8fb83a6b9e19 None None] key_manager.backend = barbican {{(pid=108291) log_opt_values /opt/stack/data/venv/lib/python3.12/site-packages/oslo_config/cfg.py:2824}}
Feb 16 19:39:55.376750 np0000155674 devstack@n-api-meta.service[108291]: DEBUG nova.api.openstack.wsgi_app [None req-04a1d040-e373-46fd-b6e2-8fb83a6b9e19 None None] key_manager.fixed_key = **** {{(pid=108291) log_opt_values /opt/stack/data/venv/lib/python3.12/site-packages/oslo_config/cfg.py:2824}}
Feb 16 19:39:55.376894 np0000155674 devstack@n-api-meta.service[108291]: DEBUG nova.api.openstack.wsgi_app [None req-04a1d040-e373-46fd-b6e2-8fb83a6b9e19 None None] barbican.auth_endpoint = http://localhost/identity/v3 {{(pid=108291) log_opt_values /opt/stack/data/venv/lib/python3.12/site-packages/oslo_config/cfg.py:2824}}
Feb 16 19:39:55.377017 np0000155674 devstack@n-api-meta.service[108291]: DEBUG nova.api.openstack.wsgi_app [None req-04a1d040-e373-46fd-b6e2-8fb83a6b9e19 None None] barbican.barbican_api_version = None {{(pid=108291) log_opt_values /opt/stack/data/venv/lib/python3.12/site-packages/oslo_config/cfg.py:2824}}
Feb 16 19:39:55.377142 np0000155674 devstack@n-api-meta.service[108291]: DEBUG nova.api.openstack.wsgi_app [None req-04a1d040-e373-46fd-b6e2-8fb83a6b9e19 None None] barbican.barbican_endpoint = None {{(pid=108291) log_opt_values /opt/stack/data/venv/lib/python3.12/site-packages/oslo_config/cfg.py:2824}}
Feb 16 19:39:55.377299 np0000155674 devstack@n-api-meta.service[108291]: DEBUG nova.api.openstack.wsgi_app [None req-04a1d040-e373-46fd-b6e2-8fb83a6b9e19 None None] barbican.barbican_endpoint_type = public {{(pid=108291) log_opt_values /opt/stack/data/venv/lib/python3.12/site-packages/oslo_config/cfg.py:2824}}
Feb 16 19:39:55.377426 np0000155674 devstack@n-api-meta.service[108291]: DEBUG nova.api.openstack.wsgi_app [None req-04a1d040-e373-46fd-b6e2-8fb83a6b9e19 None None] barbican.barbican_region_name = None {{(pid=108291) log_opt_values /opt/stack/data/venv/lib/python3.12/site-packages/oslo_config/cfg.py:2824}}
Feb 16 19:39:55.377551 np0000155674 devstack@n-api-meta.service[108291]: DEBUG nova.api.openstack.wsgi_app [None req-04a1d040-e373-46fd-b6e2-8fb83a6b9e19 None None] barbican.cafile = None {{(pid=108291) log_opt_values /opt/stack/data/venv/lib/python3.12/site-packages/oslo_config/cfg.py:2824}}
Feb 16 19:39:55.377675 np0000155674 devstack@n-api-meta.service[108291]: DEBUG nova.api.openstack.wsgi_app [None req-04a1d040-e373-46fd-b6e2-8fb83a6b9e19 None None] barbican.certfile = None {{(pid=108291) log_opt_values /opt/stack/data/venv/lib/python3.12/site-packages/oslo_config/cfg.py:2824}}
Feb 16 19:39:55.377811 np0000155674 devstack@n-api-meta.service[108291]: DEBUG nova.api.openstack.wsgi_app [None req-04a1d040-e373-46fd-b6e2-8fb83a6b9e19 None None] barbican.collect_timing = False {{(pid=108291) log_opt_values /opt/stack/data/venv/lib/python3.12/site-packages/oslo_config/cfg.py:2824}}
Feb 16 19:39:55.377961 np0000155674 devstack@n-api-meta.service[108291]: DEBUG nova.api.openstack.wsgi_app [None req-04a1d040-e373-46fd-b6e2-8fb83a6b9e19 None None] barbican.insecure = False {{(pid=108291) log_opt_values /opt/stack/data/venv/lib/python3.12/site-packages/oslo_config/cfg.py:2824}}
Feb 16 19:39:55.378053 np0000155674 devstack@n-api-meta.service[108291]: DEBUG nova.api.openstack.wsgi_app [None req-04a1d040-e373-46fd-b6e2-8fb83a6b9e19 None None] barbican.keyfile = None {{(pid=108291) log_opt_values /opt/stack/data/venv/lib/python3.12/site-packages/oslo_config/cfg.py:2824}}
Feb 16 19:39:55.378190 np0000155674 devstack@n-api-meta.service[108291]: DEBUG nova.api.openstack.wsgi_app [None req-04a1d040-e373-46fd-b6e2-8fb83a6b9e19 None None] barbican.number_of_retries = 60 {{(pid=108291) log_opt_values /opt/stack/data/venv/lib/python3.12/site-packages/oslo_config/cfg.py:2824}}
Feb 16 19:39:55.378324 np0000155674 devstack@n-api-meta.service[108291]: DEBUG nova.api.openstack.wsgi_app [None req-04a1d040-e373-46fd-b6e2-8fb83a6b9e19 None None] barbican.retry_delay = 1 {{(pid=108291) log_opt_values /opt/stack/data/venv/lib/python3.12/site-packages/oslo_config/cfg.py:2824}}
Feb 16 19:39:55.378455 np0000155674 devstack@n-api-meta.service[108291]: DEBUG nova.api.openstack.wsgi_app [None req-04a1d040-e373-46fd-b6e2-8fb83a6b9e19 None None] barbican.send_service_user_token = False {{(pid=108291) log_opt_values /opt/stack/data/venv/lib/python3.12/site-packages/oslo_config/cfg.py:2824}}
Feb 16 19:39:55.378580 np0000155674 devstack@n-api-meta.service[108291]: DEBUG nova.api.openstack.wsgi_app [None req-04a1d040-e373-46fd-b6e2-8fb83a6b9e19 None None] barbican.split_loggers = False {{(pid=108291) log_opt_values /opt/stack/data/venv/lib/python3.12/site-packages/oslo_config/cfg.py:2824}}
Feb 16 19:39:55.378712 np0000155674 devstack@n-api-meta.service[108291]: DEBUG nova.api.openstack.wsgi_app [None req-04a1d040-e373-46fd-b6e2-8fb83a6b9e19 None None] barbican.timeout = None {{(pid=108291) log_opt_values /opt/stack/data/venv/lib/python3.12/site-packages/oslo_config/cfg.py:2824}}
Feb 16 19:39:55.378833 np0000155674 devstack@n-api-meta.service[108291]: DEBUG nova.api.openstack.wsgi_app [None req-04a1d040-e373-46fd-b6e2-8fb83a6b9e19 None None] barbican.verify_ssl = True {{(pid=108291) log_opt_values /opt/stack/data/venv/lib/python3.12/site-packages/oslo_config/cfg.py:2824}}
Feb 16 19:39:55.378956 np0000155674 devstack@n-api-meta.service[108291]: DEBUG nova.api.openstack.wsgi_app [None req-04a1d040-e373-46fd-b6e2-8fb83a6b9e19 None None] barbican.verify_ssl_path = None {{(pid=108291) log_opt_values /opt/stack/data/venv/lib/python3.12/site-packages/oslo_config/cfg.py:2824}}
Feb 16 19:39:55.379087 np0000155674 devstack@n-api-meta.service[108291]: DEBUG nova.api.openstack.wsgi_app [None req-04a1d040-e373-46fd-b6e2-8fb83a6b9e19 None None] barbican_service_user.auth_section = None {{(pid=108291) log_opt_values /opt/stack/data/venv/lib/python3.12/site-packages/oslo_config/cfg.py:2824}}
Feb 16 19:39:55.379236 np0000155674 devstack@n-api-meta.service[108291]: DEBUG nova.api.openstack.wsgi_app [None req-04a1d040-e373-46fd-b6e2-8fb83a6b9e19 None None] barbican_service_user.auth_type = None {{(pid=108291) log_opt_values /opt/stack/data/venv/lib/python3.12/site-packages/oslo_config/cfg.py:2824}}
Feb 16 19:39:55.379358 np0000155674 devstack@n-api-meta.service[108291]: DEBUG nova.api.openstack.wsgi_app [None req-04a1d040-e373-46fd-b6e2-8fb83a6b9e19 None None] barbican_service_user.cafile = None {{(pid=108291) log_opt_values /opt/stack/data/venv/lib/python3.12/site-packages/oslo_config/cfg.py:2824}}
Feb 16 19:39:55.379482 np0000155674 devstack@n-api-meta.service[108291]: DEBUG nova.api.openstack.wsgi_app [None req-04a1d040-e373-46fd-b6e2-8fb83a6b9e19 None None] barbican_service_user.certfile = None {{(pid=108291) log_opt_values /opt/stack/data/venv/lib/python3.12/site-packages/oslo_config/cfg.py:2824}}
Feb 16 19:39:55.379652 np0000155674 devstack@n-api-meta.service[108291]: DEBUG nova.api.openstack.wsgi_app [None req-04a1d040-e373-46fd-b6e2-8fb83a6b9e19 None None] barbican_service_user.collect_timing = False {{(pid=108291) log_opt_values /opt/stack/data/venv/lib/python3.12/site-packages/oslo_config/cfg.py:2824}}
Feb 16 19:39:55.379739 np0000155674 devstack@n-api-meta.service[108291]: DEBUG nova.api.openstack.wsgi_app [None req-04a1d040-e373-46fd-b6e2-8fb83a6b9e19 None None] barbican_service_user.insecure = False {{(pid=108291) log_opt_values /opt/stack/data/venv/lib/python3.12/site-packages/oslo_config/cfg.py:2824}}
Feb 16 19:39:55.379864 np0000155674 devstack@n-api-meta.service[108291]: DEBUG nova.api.openstack.wsgi_app [None req-04a1d040-e373-46fd-b6e2-8fb83a6b9e19 None None] barbican_service_user.keyfile = None {{(pid=108291) log_opt_values /opt/stack/data/venv/lib/python3.12/site-packages/oslo_config/cfg.py:2824}}
Feb 16 19:39:55.379991 np0000155674 devstack@n-api-meta.service[108291]: DEBUG nova.api.openstack.wsgi_app [None req-04a1d040-e373-46fd-b6e2-8fb83a6b9e19 None None] barbican_service_user.split_loggers = False {{(pid=108291) log_opt_values /opt/stack/data/venv/lib/python3.12/site-packages/oslo_config/cfg.py:2824}}
Feb 16 19:39:55.380124 np0000155674 devstack@n-api-meta.service[108291]: DEBUG nova.api.openstack.wsgi_app [None req-04a1d040-e373-46fd-b6e2-8fb83a6b9e19 None None] barbican_service_user.timeout = None {{(pid=108291) log_opt_values /opt/stack/data/venv/lib/python3.12/site-packages/oslo_config/cfg.py:2824}}
Feb 16 19:39:55.380264 np0000155674 devstack@n-api-meta.service[108291]: DEBUG nova.api.openstack.wsgi_app [None req-04a1d040-e373-46fd-b6e2-8fb83a6b9e19 None None] vault.approle_role_id = **** {{(pid=108291) log_opt_values /opt/stack/data/venv/lib/python3.12/site-packages/oslo_config/cfg.py:2824}}
Feb 16 19:39:55.380390 np0000155674 devstack@n-api-meta.service[108291]: DEBUG nova.api.openstack.wsgi_app [None req-04a1d040-e373-46fd-b6e2-8fb83a6b9e19 None None] vault.approle_secret_id = **** {{(pid=108291) log_opt_values /opt/stack/data/venv/lib/python3.12/site-packages/oslo_config/cfg.py:2824}}
Feb 16 19:39:55.380522 np0000155674 devstack@n-api-meta.service[108291]: DEBUG nova.api.openstack.wsgi_app [None req-04a1d040-e373-46fd-b6e2-8fb83a6b9e19 None None] vault.kv_mountpoint = secret {{(pid=108291) log_opt_values /opt/stack/data/venv/lib/python3.12/site-packages/oslo_config/cfg.py:2824}}
Feb 16 19:39:55.380683 np0000155674 devstack@n-api-meta.service[108291]: DEBUG nova.api.openstack.wsgi_app [None req-04a1d040-e373-46fd-b6e2-8fb83a6b9e19 None None] vault.kv_path = None {{(pid=108291) log_opt_values /opt/stack/data/venv/lib/python3.12/site-packages/oslo_config/cfg.py:2824}}
Feb 16 19:39:55.380812 np0000155674 devstack@n-api-meta.service[108291]: DEBUG nova.api.openstack.wsgi_app [None req-04a1d040-e373-46fd-b6e2-8fb83a6b9e19 None None] vault.kv_version = 2 {{(pid=108291) log_opt_values /opt/stack/data/venv/lib/python3.12/site-packages/oslo_config/cfg.py:2824}}
Feb 16 19:39:55.380939 np0000155674 devstack@n-api-meta.service[108291]: DEBUG nova.api.openstack.wsgi_app [None req-04a1d040-e373-46fd-b6e2-8fb83a6b9e19 None None] vault.namespace = None {{(pid=108291) log_opt_values /opt/stack/data/venv/lib/python3.12/site-packages/oslo_config/cfg.py:2824}}
Feb 16 19:39:55.381063 np0000155674 devstack@n-api-meta.service[108291]: DEBUG nova.api.openstack.wsgi_app [None req-04a1d040-e373-46fd-b6e2-8fb83a6b9e19 None None] vault.root_token_id = **** {{(pid=108291) log_opt_values /opt/stack/data/venv/lib/python3.12/site-packages/oslo_config/cfg.py:2824}}
Feb 16 19:39:55.381472 np0000155674 devstack@n-api-meta.service[108291]: DEBUG nova.api.openstack.wsgi_app [None req-04a1d040-e373-46fd-b6e2-8fb83a6b9e19 None None] vault.ssl_ca_crt_file = None {{(pid=108291) log_opt_values /opt/stack/data/venv/lib/python3.12/site-packages/oslo_config/cfg.py:2824}}
Feb 16 19:39:55.381472 np0000155674 devstack@n-api-meta.service[108291]: DEBUG nova.api.openstack.wsgi_app [None req-04a1d040-e373-46fd-b6e2-8fb83a6b9e19 None None] vault.timeout = 60.0 {{(pid=108291) log_opt_values /opt/stack/data/venv/lib/python3.12/site-packages/oslo_config/cfg.py:2824}}
Feb 16 19:39:55.381472 np0000155674 devstack@n-api-meta.service[108291]: DEBUG nova.api.openstack.wsgi_app [None req-04a1d040-e373-46fd-b6e2-8fb83a6b9e19 None None] vault.use_ssl = False {{(pid=108291) log_opt_values /opt/stack/data/venv/lib/python3.12/site-packages/oslo_config/cfg.py:2824}}
Feb 16 19:39:55.382073 np0000155674 devstack@n-api-meta.service[108291]: DEBUG nova.api.openstack.wsgi_app [None req-04a1d040-e373-46fd-b6e2-8fb83a6b9e19 None None] vault.vault_url = http://127.0.0.1:8200 {{(pid=108291) log_opt_values /opt/stack/data/venv/lib/python3.12/site-packages/oslo_config/cfg.py:2824}}
Feb 16 19:39:55.382073 np0000155674 devstack@n-api-meta.service[108291]: DEBUG nova.api.openstack.wsgi_app [None req-04a1d040-e373-46fd-b6e2-8fb83a6b9e19 None None] keystone.cafile = None {{(pid=108291) log_opt_values /opt/stack/data/venv/lib/python3.12/site-packages/oslo_config/cfg.py:2824}}
Feb 16 19:39:55.382125 np0000155674 devstack@n-api-meta.service[108290]: WARNING nova.api.metadata.handler [None req-5e99429a-befe-4488-95b6-9c18b78ff8ce None None] metadata_proxy_shared_secret is not configured, the metadata information returned by the proxy cannot be trusted
Feb 16 19:39:55.382152 np0000155674 devstack@n-api-meta.service[108291]: DEBUG nova.api.openstack.wsgi_app [None req-04a1d040-e373-46fd-b6e2-8fb83a6b9e19 None None] keystone.certfile = None {{(pid=108291) log_opt_values /opt/stack/data/venv/lib/python3.12/site-packages/oslo_config/cfg.py:2824}}
Feb 16 19:39:55.382196 np0000155674 devstack@n-api-meta.service[108289]: DEBUG dbcounter [-] [108289] Writer thread running {{(pid=108289) stat_writer /opt/stack/data/venv/lib/python3.12/site-packages/dbcounter.py:102}}
Feb 16 19:39:55.382225 np0000155674 devstack@n-api-meta.service[108291]: DEBUG nova.api.openstack.wsgi_app [None req-04a1d040-e373-46fd-b6e2-8fb83a6b9e19 None None] keystone.collect_timing = False {{(pid=108291) log_opt_values /opt/stack/data/venv/lib/python3.12/site-packages/oslo_config/cfg.py:2824}}
Feb 16 19:39:55.382225 np0000155674 devstack@n-api-meta.service[108291]: DEBUG nova.api.openstack.wsgi_app [None req-04a1d040-e373-46fd-b6e2-8fb83a6b9e19 None None] keystone.connect_retries = None {{(pid=108291) log_opt_values /opt/stack/data/venv/lib/python3.12/site-packages/oslo_config/cfg.py:2824}}
Feb 16 19:39:55.382225 np0000155674 devstack@n-api-meta.service[108291]: DEBUG nova.api.openstack.wsgi_app [None req-04a1d040-e373-46fd-b6e2-8fb83a6b9e19 None None] keystone.connect_retry_delay = None {{(pid=108291) log_opt_values /opt/stack/data/venv/lib/python3.12/site-packages/oslo_config/cfg.py:2824}}
Feb 16 19:39:55.382428 np0000155674 devstack@n-api-meta.service[108291]: DEBUG nova.api.openstack.wsgi_app [None req-04a1d040-e373-46fd-b6e2-8fb83a6b9e19 None None] keystone.endpoint_override = None {{(pid=108291) log_opt_values /opt/stack/data/venv/lib/python3.12/site-packages/oslo_config/cfg.py:2824}}
Feb 16 19:39:55.382491 np0000155674 devstack@n-api-meta.service[108291]: DEBUG nova.api.openstack.wsgi_app [None req-04a1d040-e373-46fd-b6e2-8fb83a6b9e19 None None] keystone.insecure = False {{(pid=108291) log_opt_values /opt/stack/data/venv/lib/python3.12/site-packages/oslo_config/cfg.py:2824}}
Feb 16 19:39:55.382574 np0000155674 devstack@n-api-meta.service[108291]: DEBUG nova.api.openstack.wsgi_app [None req-04a1d040-e373-46fd-b6e2-8fb83a6b9e19 None None] keystone.keyfile = None {{(pid=108291) log_opt_values /opt/stack/data/venv/lib/python3.12/site-packages/oslo_config/cfg.py:2824}}
Feb 16 19:39:55.382637 np0000155674 devstack@n-api-meta.service[108289]: DEBUG dbcounter [-] [108289] Writer thread running {{(pid=108289) stat_writer /opt/stack/data/venv/lib/python3.12/site-packages/dbcounter.py:102}}
Feb 16 19:39:55.382690 np0000155674 devstack@n-api-meta.service[108291]: DEBUG nova.api.openstack.wsgi_app [None req-04a1d040-e373-46fd-b6e2-8fb83a6b9e19 None None] keystone.max_version = None {{(pid=108291) log_opt_values /opt/stack/data/venv/lib/python3.12/site-packages/oslo_config/cfg.py:2824}}
Feb 16 19:39:55.382820 np0000155674 devstack@n-api-meta.service[108291]: DEBUG nova.api.openstack.wsgi_app [None req-04a1d040-e373-46fd-b6e2-8fb83a6b9e19 None None] keystone.min_version = None {{(pid=108291) log_opt_values /opt/stack/data/venv/lib/python3.12/site-packages/oslo_config/cfg.py:2824}}
Feb 16 19:39:55.382945 np0000155674 devstack@n-api-meta.service[108291]: DEBUG nova.api.openstack.wsgi_app [None req-04a1d040-e373-46fd-b6e2-8fb83a6b9e19 None None] keystone.region_name = None {{(pid=108291) log_opt_values /opt/stack/data/venv/lib/python3.12/site-packages/oslo_config/cfg.py:2824}}
Feb 16 19:39:55.383072 np0000155674 devstack@n-api-meta.service[108291]: DEBUG nova.api.openstack.wsgi_app [None req-04a1d040-e373-46fd-b6e2-8fb83a6b9e19 None None] keystone.retriable_status_codes = None {{(pid=108291) log_opt_values /opt/stack/data/venv/lib/python3.12/site-packages/oslo_config/cfg.py:2824}}
Feb 16 19:39:55.383208 np0000155674 devstack@n-api-meta.service[108291]: DEBUG nova.api.openstack.wsgi_app [None req-04a1d040-e373-46fd-b6e2-8fb83a6b9e19 None None] keystone.service_name = None {{(pid=108291) log_opt_values /opt/stack/data/venv/lib/python3.12/site-packages/oslo_config/cfg.py:2824}}
Feb 16 19:39:55.383352 np0000155674 devstack@n-api-meta.service[108291]: DEBUG nova.api.openstack.wsgi_app [None req-04a1d040-e373-46fd-b6e2-8fb83a6b9e19 None None] keystone.service_type = identity {{(pid=108291) log_opt_values /opt/stack/data/venv/lib/python3.12/site-packages/oslo_config/cfg.py:2824}}
Feb 16 19:39:55.383476 np0000155674 devstack@n-api-meta.service[108291]: DEBUG nova.api.openstack.wsgi_app [None req-04a1d040-e373-46fd-b6e2-8fb83a6b9e19 None None] keystone.split_loggers = False {{(pid=108291) log_opt_values /opt/stack/data/venv/lib/python3.12/site-packages/oslo_config/cfg.py:2824}}
Feb 16 19:39:55.383599 np0000155674 devstack@n-api-meta.service[108291]: DEBUG nova.api.openstack.wsgi_app [None req-04a1d040-e373-46fd-b6e2-8fb83a6b9e19 None None] keystone.status_code_retries = None {{(pid=108291) log_opt_values /opt/stack/data/venv/lib/python3.12/site-packages/oslo_config/cfg.py:2824}}
Feb 16 19:39:55.383723 np0000155674 devstack@n-api-meta.service[108291]: DEBUG nova.api.openstack.wsgi_app [None req-04a1d040-e373-46fd-b6e2-8fb83a6b9e19 None None] keystone.status_code_retry_delay = None {{(pid=108291) log_opt_values /opt/stack/data/venv/lib/python3.12/site-packages/oslo_config/cfg.py:2824}}
Feb 16 19:39:55.383849 np0000155674 devstack@n-api-meta.service[108291]: DEBUG nova.api.openstack.wsgi_app [None req-04a1d040-e373-46fd-b6e2-8fb83a6b9e19 None None] keystone.timeout = None {{(pid=108291) log_opt_values /opt/stack/data/venv/lib/python3.12/site-packages/oslo_config/cfg.py:2824}}
Feb 16 19:39:55.383989 np0000155674 devstack@n-api-meta.service[108291]: DEBUG nova.api.openstack.wsgi_app [None req-04a1d040-e373-46fd-b6e2-8fb83a6b9e19 None None] keystone.valid_interfaces = ['internal', 'public'] {{(pid=108291) log_opt_values /opt/stack/data/venv/lib/python3.12/site-packages/oslo_config/cfg.py:2824}}
Feb 16 19:39:55.384120 np0000155674 devstack@n-api-meta.service[108291]: DEBUG nova.api.openstack.wsgi_app [None req-04a1d040-e373-46fd-b6e2-8fb83a6b9e19 None None] keystone.version = None {{(pid=108291) log_opt_values /opt/stack/data/venv/lib/python3.12/site-packages/oslo_config/cfg.py:2824}}
Feb 16 19:39:55.384281 np0000155674 devstack@n-api-meta.service[108291]: DEBUG nova.api.openstack.wsgi_app [None req-04a1d040-e373-46fd-b6e2-8fb83a6b9e19 None None] libvirt.ceph_mount_options = None {{(pid=108291) log_opt_values /opt/stack/data/venv/lib/python3.12/site-packages/oslo_config/cfg.py:2824}}
Feb 16 19:39:55.384463 np0000155674 devstack@n-api-meta.service[108291]: DEBUG nova.api.openstack.wsgi_app [None req-04a1d040-e373-46fd-b6e2-8fb83a6b9e19 None None] libvirt.ceph_mount_point_base = /opt/stack/data/nova/mnt {{(pid=108291) log_opt_values /opt/stack/data/venv/lib/python3.12/site-packages/oslo_config/cfg.py:2824}}
Feb 16 19:39:55.384601 np0000155674 devstack@n-api-meta.service[108291]: DEBUG nova.api.openstack.wsgi_app [None req-04a1d040-e373-46fd-b6e2-8fb83a6b9e19 None None] libvirt.connection_uri = {{(pid=108291) log_opt_values /opt/stack/data/venv/lib/python3.12/site-packages/oslo_config/cfg.py:2824}}
Feb 16 19:39:55.384734 np0000155674 devstack@n-api-meta.service[108290]: DEBUG nova.api.openstack.wsgi_app [None req-5e99429a-befe-4488-95b6-9c18b78ff8ce None None] ******************************************************************************** {{(pid=108290) log_opt_values /opt/stack/data/venv/lib/python3.12/site-packages/oslo_config/cfg.py:2804}}
Feb 16 19:39:55.384768 np0000155674 devstack@n-api-meta.service[108291]: DEBUG nova.api.openstack.wsgi_app [None req-04a1d040-e373-46fd-b6e2-8fb83a6b9e19 None None] libvirt.cpu_mode = host-passthrough {{(pid=108291) log_opt_values /opt/stack/data/venv/lib/python3.12/site-packages/oslo_config/cfg.py:2824}}
Feb 16 19:39:55.384854 np0000155674 devstack@n-api-meta.service[108290]: DEBUG nova.api.openstack.wsgi_app [None req-5e99429a-befe-4488-95b6-9c18b78ff8ce None None] Configuration options gathered from: {{(pid=108290) log_opt_values /opt/stack/data/venv/lib/python3.12/site-packages/oslo_config/cfg.py:2805}}
Feb 16 19:39:55.384891 np0000155674 devstack@n-api-meta.service[108291]: DEBUG nova.api.openstack.wsgi_app [None req-04a1d040-e373-46fd-b6e2-8fb83a6b9e19 None None] libvirt.cpu_model_extra_flags = [] {{(pid=108291) log_opt_values /opt/stack/data/venv/lib/python3.12/site-packages/oslo_config/cfg.py:2824}}
Feb 16 19:39:55.384963 np0000155674 devstack@n-api-meta.service[108290]: DEBUG nova.api.openstack.wsgi_app [None req-5e99429a-befe-4488-95b6-9c18b78ff8ce None None] command line args: [] {{(pid=108290) log_opt_values /opt/stack/data/venv/lib/python3.12/site-packages/oslo_config/cfg.py:2806}}
Feb 16 19:39:55.385001 np0000155674 devstack@n-api-meta.service[108291]: DEBUG nova.api.openstack.wsgi_app [None req-04a1d040-e373-46fd-b6e2-8fb83a6b9e19 None None] libvirt.cpu_models = [] {{(pid=108291) log_opt_values /opt/stack/data/venv/lib/python3.12/site-packages/oslo_config/cfg.py:2824}}
Feb 16 19:39:55.385119 np0000155674 devstack@n-api-meta.service[108290]: DEBUG nova.api.openstack.wsgi_app [None req-5e99429a-befe-4488-95b6-9c18b78ff8ce None None] config files: ['/etc/nova/api-paste.ini', '/etc/nova/nova.conf'] {{(pid=108290) log_opt_values /opt/stack/data/venv/lib/python3.12/site-packages/oslo_config/cfg.py:2807}}
Feb 16 19:39:55.385169 np0000155674 devstack@n-api-meta.service[108291]: DEBUG nova.api.openstack.wsgi_app [None req-04a1d040-e373-46fd-b6e2-8fb83a6b9e19 None None] libvirt.cpu_power_governor_high = performance {{(pid=108291) log_opt_values /opt/stack/data/venv/lib/python3.12/site-packages/oslo_config/cfg.py:2824}}
Feb 16 19:39:55.385282 np0000155674 devstack@n-api-meta.service[108291]: DEBUG nova.api.openstack.wsgi_app [None req-04a1d040-e373-46fd-b6e2-8fb83a6b9e19 None None] libvirt.cpu_power_governor_low = powersave {{(pid=108291) log_opt_values /opt/stack/data/venv/lib/python3.12/site-packages/oslo_config/cfg.py:2824}}
Feb 16 19:39:55.385367 np0000155674 devstack@n-api-meta.service[108290]: DEBUG nova.api.openstack.wsgi_app [None req-5e99429a-befe-4488-95b6-9c18b78ff8ce None None] ================================================================================ {{(pid=108290) log_opt_values /opt/stack/data/venv/lib/python3.12/site-packages/oslo_config/cfg.py:2809}}
Feb 16 19:39:55.385401 np0000155674 devstack@n-api-meta.service[108291]: DEBUG nova.api.openstack.wsgi_app [None req-04a1d040-e373-46fd-b6e2-8fb83a6b9e19 None None] libvirt.cpu_power_management = False {{(pid=108291) log_opt_values /opt/stack/data/venv/lib/python3.12/site-packages/oslo_config/cfg.py:2824}}
Feb 16 19:39:55.385534 np0000155674 devstack@n-api-meta.service[108291]: DEBUG nova.api.openstack.wsgi_app [None req-04a1d040-e373-46fd-b6e2-8fb83a6b9e19 None None] libvirt.cpu_power_management_strategy = cpu_state {{(pid=108291) log_opt_values /opt/stack/data/venv/lib/python3.12/site-packages/oslo_config/cfg.py:2824}}
Feb 16 19:39:55.385637 np0000155674 devstack@n-api-meta.service[108290]: DEBUG nova.api.openstack.wsgi_app [None req-5e99429a-befe-4488-95b6-9c18b78ff8ce None None] allow_resize_to_same_host = True {{(pid=108290) log_opt_values /opt/stack/data/venv/lib/python3.12/site-packages/oslo_config/cfg.py:2817}}
Feb 16 19:39:55.385681 np0000155674 devstack@n-api-meta.service[108291]: DEBUG nova.api.openstack.wsgi_app [None req-04a1d040-e373-46fd-b6e2-8fb83a6b9e19 None None] libvirt.device_detach_attempts = 8 {{(pid=108291) log_opt_values /opt/stack/data/venv/lib/python3.12/site-packages/oslo_config/cfg.py:2824}}
Feb 16 19:39:55.385777 np0000155674 devstack@n-api-meta.service[108290]: DEBUG nova.api.openstack.wsgi_app [None req-5e99429a-befe-4488-95b6-9c18b78ff8ce None None] arq_binding_timeout = 300 {{(pid=108290) log_opt_values /opt/stack/data/venv/lib/python3.12/site-packages/oslo_config/cfg.py:2817}}
Feb 16 19:39:55.385812 np0000155674 devstack@n-api-meta.service[108291]: DEBUG nova.api.openstack.wsgi_app [None req-04a1d040-e373-46fd-b6e2-8fb83a6b9e19 None None] libvirt.device_detach_timeout = 20 {{(pid=108291) log_opt_values /opt/stack/data/venv/lib/python3.12/site-packages/oslo_config/cfg.py:2824}}
Feb 16 19:39:55.385907 np0000155674 devstack@n-api-meta.service[108290]: DEBUG nova.api.openstack.wsgi_app [None req-5e99429a-befe-4488-95b6-9c18b78ff8ce None None] block_device_allocate_retries = 60 {{(pid=108290) log_opt_values /opt/stack/data/venv/lib/python3.12/site-packages/oslo_config/cfg.py:2817}}
Feb 16 19:39:55.385939 np0000155674 devstack@n-api-meta.service[108291]: DEBUG nova.api.openstack.wsgi_app [None req-04a1d040-e373-46fd-b6e2-8fb83a6b9e19 None None] libvirt.disk_cachemodes = [] {{(pid=108291) log_opt_values /opt/stack/data/venv/lib/python3.12/site-packages/oslo_config/cfg.py:2824}}
Feb 16 19:39:55.386036 np0000155674 devstack@n-api-meta.service[108290]: DEBUG nova.api.openstack.wsgi_app [None req-5e99429a-befe-4488-95b6-9c18b78ff8ce None None] block_device_allocate_retries_interval = 3 {{(pid=108290) log_opt_values /opt/stack/data/venv/lib/python3.12/site-packages/oslo_config/cfg.py:2817}}
Feb 16 19:39:55.386069 np0000155674 devstack@n-api-meta.service[108291]: DEBUG nova.api.openstack.wsgi_app [None req-04a1d040-e373-46fd-b6e2-8fb83a6b9e19 None None] libvirt.disk_prefix = None {{(pid=108291) log_opt_values /opt/stack/data/venv/lib/python3.12/site-packages/oslo_config/cfg.py:2824}}
Feb 16 19:39:55.386164 np0000155674 devstack@n-api-meta.service[108290]: DEBUG nova.api.openstack.wsgi_app [None req-5e99429a-befe-4488-95b6-9c18b78ff8ce None None] cell_worker_thread_pool_size = 5 {{(pid=108290) log_opt_values /opt/stack/data/venv/lib/python3.12/site-packages/oslo_config/cfg.py:2817}}
Feb 16 19:39:55.386219 np0000155674 devstack@n-api-meta.service[108291]: DEBUG nova.api.openstack.wsgi_app [None req-04a1d040-e373-46fd-b6e2-8fb83a6b9e19 None None] libvirt.enabled_perf_events = [] {{(pid=108291) log_opt_values /opt/stack/data/venv/lib/python3.12/site-packages/oslo_config/cfg.py:2824}}
Feb 16 19:39:55.386313 np0000155674 devstack@n-api-meta.service[108291]: DEBUG nova.api.openstack.wsgi_app [None req-04a1d040-e373-46fd-b6e2-8fb83a6b9e19 None None] libvirt.file_backed_memory = 0 {{(pid=108291) log_opt_values /opt/stack/data/venv/lib/python3.12/site-packages/oslo_config/cfg.py:2824}}
Feb 16 19:39:55.386376 np0000155674 devstack@n-api-meta.service[108290]: DEBUG nova.api.openstack.wsgi_app [None req-5e99429a-befe-4488-95b6-9c18b78ff8ce None None] cert = self.pem {{(pid=108290) log_opt_values /opt/stack/data/venv/lib/python3.12/site-packages/oslo_config/cfg.py:2817}}
Feb 16 19:39:55.386443 np0000155674 devstack@n-api-meta.service[108291]: DEBUG nova.api.openstack.wsgi_app [None req-04a1d040-e373-46fd-b6e2-8fb83a6b9e19 None None] libvirt.gid_maps = [] {{(pid=108291) log_opt_values /opt/stack/data/venv/lib/python3.12/site-packages/oslo_config/cfg.py:2824}}
Feb 16 19:39:55.386505 np0000155674 devstack@n-api-meta.service[108290]: DEBUG nova.api.openstack.wsgi_app [None req-5e99429a-befe-4488-95b6-9c18b78ff8ce None None] compute_driver = libvirt.LibvirtDriver {{(pid=108290) log_opt_values /opt/stack/data/venv/lib/python3.12/site-packages/oslo_config/cfg.py:2817}}
Feb 16 19:39:55.386568 np0000155674 devstack@n-api-meta.service[108291]: DEBUG nova.api.openstack.wsgi_app [None req-04a1d040-e373-46fd-b6e2-8fb83a6b9e19 None None] libvirt.hw_disk_discard = None {{(pid=108291) log_opt_values /opt/stack/data/venv/lib/python3.12/site-packages/oslo_config/cfg.py:2824}}
Feb 16 19:39:55.386643 np0000155674 devstack@n-api-meta.service[108290]: DEBUG nova.api.openstack.wsgi_app [None req-5e99429a-befe-4488-95b6-9c18b78ff8ce None None] compute_monitors = [] {{(pid=108290) log_opt_values /opt/stack/data/venv/lib/python3.12/site-packages/oslo_config/cfg.py:2817}}
Feb 16 19:39:55.386707 np0000155674 devstack@n-api-meta.service[108291]: DEBUG nova.api.openstack.wsgi_app [None req-04a1d040-e373-46fd-b6e2-8fb83a6b9e19 None None] libvirt.hw_machine_type = None {{(pid=108291) log_opt_values /opt/stack/data/venv/lib/python3.12/site-packages/oslo_config/cfg.py:2824}}
Feb 16 19:39:55.386769 np0000155674 devstack@n-api-meta.service[108290]: DEBUG nova.api.openstack.wsgi_app [None req-5e99429a-befe-4488-95b6-9c18b78ff8ce None None] config_dir = [] {{(pid=108290) log_opt_values /opt/stack/data/venv/lib/python3.12/site-packages/oslo_config/cfg.py:2817}}
Feb 16 19:39:55.386815 np0000155674 devstack@n-api-meta.service[108291]: DEBUG nova.api.openstack.wsgi_app [None req-04a1d040-e373-46fd-b6e2-8fb83a6b9e19 None None] libvirt.images_rbd_ceph_conf = {{(pid=108291) log_opt_values /opt/stack/data/venv/lib/python3.12/site-packages/oslo_config/cfg.py:2824}}
Feb 16 19:39:55.386906 np0000155674 devstack@n-api-meta.service[108290]: DEBUG nova.api.openstack.wsgi_app [None req-5e99429a-befe-4488-95b6-9c18b78ff8ce None None] config_drive_format = iso9660 {{(pid=108290) log_opt_values /opt/stack/data/venv/lib/python3.12/site-packages/oslo_config/cfg.py:2817}}
Feb 16 19:39:55.386940 np0000155674 devstack@n-api-meta.service[108291]: DEBUG nova.api.openstack.wsgi_app [None req-04a1d040-e373-46fd-b6e2-8fb83a6b9e19 None None] libvirt.images_rbd_glance_copy_poll_interval = 15 {{(pid=108291) log_opt_values /opt/stack/data/venv/lib/python3.12/site-packages/oslo_config/cfg.py:2824}}
Feb 16 19:39:55.387009 np0000155674 devstack@n-api-meta.service[108290]: DEBUG nova.api.openstack.wsgi_app [None req-5e99429a-befe-4488-95b6-9c18b78ff8ce None None] config_file = ['/etc/nova/api-paste.ini', '/etc/nova/nova.conf'] {{(pid=108290) log_opt_values /opt/stack/data/venv/lib/python3.12/site-packages/oslo_config/cfg.py:2817}}
Feb 16 19:39:55.387077 np0000155674 devstack@n-api-meta.service[108291]: DEBUG nova.api.openstack.wsgi_app [None req-04a1d040-e373-46fd-b6e2-8fb83a6b9e19 None None] libvirt.images_rbd_glance_copy_timeout = 600 {{(pid=108291) log_opt_values /opt/stack/data/venv/lib/python3.12/site-packages/oslo_config/cfg.py:2824}}
Feb 16 19:39:55.387130 np0000155674 devstack@n-api-meta.service[108290]: DEBUG nova.api.openstack.wsgi_app [None req-5e99429a-befe-4488-95b6-9c18b78ff8ce None None] config_source = [] {{(pid=108290) log_opt_values /opt/stack/data/venv/lib/python3.12/site-packages/oslo_config/cfg.py:2817}}
Feb 16 19:39:55.387229 np0000155674 devstack@n-api-meta.service[108291]: DEBUG nova.api.openstack.wsgi_app [None req-04a1d040-e373-46fd-b6e2-8fb83a6b9e19 None None] libvirt.images_rbd_glance_store_name = {{(pid=108291) log_opt_values /opt/stack/data/venv/lib/python3.12/site-packages/oslo_config/cfg.py:2824}}
Feb 16 19:39:55.387292 np0000155674 devstack@n-api-meta.service[108290]: DEBUG nova.api.openstack.wsgi_app [None req-5e99429a-befe-4488-95b6-9c18b78ff8ce None None] console_host = np0000155674 {{(pid=108290) log_opt_values /opt/stack/data/venv/lib/python3.12/site-packages/oslo_config/cfg.py:2817}}
Feb 16 19:39:55.387361 np0000155674 devstack@n-api-meta.service[108291]: DEBUG nova.api.openstack.wsgi_app [None req-04a1d040-e373-46fd-b6e2-8fb83a6b9e19 None None] libvirt.images_rbd_pool = rbd {{(pid=108291) log_opt_values /opt/stack/data/venv/lib/python3.12/site-packages/oslo_config/cfg.py:2824}}
Feb 16 19:39:55.387417 np0000155674 devstack@n-api-meta.service[108290]: DEBUG nova.api.openstack.wsgi_app [None req-5e99429a-befe-4488-95b6-9c18b78ff8ce None None] control_exchange = nova {{(pid=108290) log_opt_values /opt/stack/data/venv/lib/python3.12/site-packages/oslo_config/cfg.py:2817}}
Feb 16 19:39:55.387495 np0000155674 devstack@n-api-meta.service[108291]: DEBUG nova.api.openstack.wsgi_app [None req-04a1d040-e373-46fd-b6e2-8fb83a6b9e19 None None] libvirt.images_type = default {{(pid=108291) log_opt_values /opt/stack/data/venv/lib/python3.12/site-packages/oslo_config/cfg.py:2824}}
Feb 16 19:39:55.387536 np0000155674 devstack@n-api-meta.service[108290]: DEBUG nova.api.openstack.wsgi_app [None req-5e99429a-befe-4488-95b6-9c18b78ff8ce None None] cpu_allocation_ratio = None {{(pid=108290) log_opt_values /opt/stack/data/venv/lib/python3.12/site-packages/oslo_config/cfg.py:2817}}
Feb 16 19:39:55.387636 np0000155674 devstack@n-api-meta.service[108291]: DEBUG nova.api.openstack.wsgi_app [None req-04a1d040-e373-46fd-b6e2-8fb83a6b9e19 None None] libvirt.images_volume_group = None {{(pid=108291) log_opt_values /opt/stack/data/venv/lib/python3.12/site-packages/oslo_config/cfg.py:2824}}
Feb 16 19:39:55.387703 np0000155674 devstack@n-api-meta.service[108290]: DEBUG nova.api.openstack.wsgi_app [None req-5e99429a-befe-4488-95b6-9c18b78ff8ce None None] daemon = False {{(pid=108290) log_opt_values /opt/stack/data/venv/lib/python3.12/site-packages/oslo_config/cfg.py:2817}}
Feb 16 19:39:55.387755 np0000155674 devstack@n-api-meta.service[108291]: DEBUG nova.api.openstack.wsgi_app [None req-04a1d040-e373-46fd-b6e2-8fb83a6b9e19 None None] libvirt.inject_key = False {{(pid=108291) log_opt_values /opt/stack/data/venv/lib/python3.12/site-packages/oslo_config/cfg.py:2824}}
Feb 16 19:39:55.387804 np0000155674 devstack@n-api-meta.service[108290]: DEBUG nova.api.openstack.wsgi_app [None req-5e99429a-befe-4488-95b6-9c18b78ff8ce None None] debug = True {{(pid=108290) log_opt_values /opt/stack/data/venv/lib/python3.12/site-packages/oslo_config/cfg.py:2817}}
Feb 16 19:39:55.387879 np0000155674 devstack@n-api-meta.service[108291]: DEBUG nova.api.openstack.wsgi_app [None req-04a1d040-e373-46fd-b6e2-8fb83a6b9e19 None None] libvirt.inject_partition = -2 {{(pid=108291) log_opt_values /opt/stack/data/venv/lib/python3.12/site-packages/oslo_config/cfg.py:2824}}
Feb 16 19:39:55.387922 np0000155674 devstack@n-api-meta.service[108290]: DEBUG nova.api.openstack.wsgi_app [None req-5e99429a-befe-4488-95b6-9c18b78ff8ce None None] default_access_ip_network_name = None {{(pid=108290) log_opt_values /opt/stack/data/venv/lib/python3.12/site-packages/oslo_config/cfg.py:2817}}
Feb 16 19:39:55.388002 np0000155674 devstack@n-api-meta.service[108291]: DEBUG nova.api.openstack.wsgi_app [None req-04a1d040-e373-46fd-b6e2-8fb83a6b9e19 None None] libvirt.inject_password = False {{(pid=108291) log_opt_values /opt/stack/data/venv/lib/python3.12/site-packages/oslo_config/cfg.py:2824}}
Feb 16 19:39:55.388074 np0000155674 devstack@n-api-meta.service[108290]: DEBUG nova.api.openstack.wsgi_app [None req-5e99429a-befe-4488-95b6-9c18b78ff8ce None None] default_availability_zone = nova {{(pid=108290) log_opt_values /opt/stack/data/venv/lib/python3.12/site-packages/oslo_config/cfg.py:2817}}
Feb 16 19:39:55.388137 np0000155674 devstack@n-api-meta.service[108291]: DEBUG nova.api.openstack.wsgi_app [None req-04a1d040-e373-46fd-b6e2-8fb83a6b9e19 None None] libvirt.iscsi_iface = None {{(pid=108291) log_opt_values /opt/stack/data/venv/lib/python3.12/site-packages/oslo_config/cfg.py:2824}}
Feb 16 19:39:55.388236 np0000155674 devstack@n-api-meta.service[108290]: DEBUG nova.api.openstack.wsgi_app [None req-5e99429a-befe-4488-95b6-9c18b78ff8ce None None] default_ephemeral_format = ext4 {{(pid=108290) log_opt_values /opt/stack/data/venv/lib/python3.12/site-packages/oslo_config/cfg.py:2817}}
Feb 16 19:39:55.388270 np0000155674 devstack@n-api-meta.service[108291]: DEBUG nova.api.openstack.wsgi_app [None req-04a1d040-e373-46fd-b6e2-8fb83a6b9e19 None None] libvirt.iser_use_multipath = False {{(pid=108291) log_opt_values /opt/stack/data/venv/lib/python3.12/site-packages/oslo_config/cfg.py:2824}}
Feb 16 19:39:55.388381 np0000155674 devstack@n-api-meta.service[108290]: DEBUG nova.api.openstack.wsgi_app [None req-5e99429a-befe-4488-95b6-9c18b78ff8ce None None] default_green_pool_size = 1000 {{(pid=108290) log_opt_values /opt/stack/data/venv/lib/python3.12/site-packages/oslo_config/cfg.py:2817}}
Feb 16 19:39:55.388414 np0000155674 devstack@n-api-meta.service[108291]: DEBUG nova.api.openstack.wsgi_app [None req-04a1d040-e373-46fd-b6e2-8fb83a6b9e19 None None] libvirt.live_migration_bandwidth = 0 {{(pid=108291) log_opt_values /opt/stack/data/venv/lib/python3.12/site-packages/oslo_config/cfg.py:2824}}
Feb 16 19:39:55.388527 np0000155674 devstack@n-api-meta.service[108291]: DEBUG nova.api.openstack.wsgi_app [None req-04a1d040-e373-46fd-b6e2-8fb83a6b9e19 None None] libvirt.live_migration_completion_timeout = 800 {{(pid=108291) log_opt_values /opt/stack/data/venv/lib/python3.12/site-packages/oslo_config/cfg.py:2824}}
Feb 16 19:39:55.388608 np0000155674 devstack@n-api-meta.service[108290]: DEBUG nova.api.openstack.wsgi_app [None req-5e99429a-befe-4488-95b6-9c18b78ff8ce None None] default_log_levels = ['amqp=WARN', 'boto=WARN', 'sqlalchemy=WARN', 'suds=INFO', 'oslo.messaging=INFO', 'oslo_messaging=INFO', 'iso8601=WARN', 'requests.packages.urllib3.connectionpool=WARN', 'urllib3.connectionpool=WARN', 'websocket=WARN', 'requests.packages.urllib3.util.retry=WARN', 'urllib3.util.retry=WARN', 'keystonemiddleware=WARN', 'routes.middleware=WARN', 'stevedore=WARN', 'taskflow=WARN', 'keystoneauth=WARN', 'oslo.cache=INFO', 'oslo_policy=INFO', 'dogpile.core.dogpile=INFO', 'glanceclient=WARN', 'oslo.privsep.daemon=INFO'] {{(pid=108290) log_opt_values /opt/stack/data/venv/lib/python3.12/site-packages/oslo_config/cfg.py:2817}}
Feb 16 19:39:55.388713 np0000155674 devstack@n-api-meta.service[108291]: DEBUG nova.api.openstack.wsgi_app [None req-04a1d040-e373-46fd-b6e2-8fb83a6b9e19 None None] libvirt.live_migration_downtime = 500 {{(pid=108291) log_opt_values /opt/stack/data/venv/lib/python3.12/site-packages/oslo_config/cfg.py:2824}}
Feb 16 19:39:55.388783 np0000155674 devstack@n-api-meta.service[108289]: INFO dbcounter [None req-8ba5efac-cb58-4da2-aadf-4af26e7acc04 None None] Registered counter for database nova_cell0
Feb 16 19:39:55.388840 np0000155674 devstack@n-api-meta.service[108290]: DEBUG nova.api.openstack.wsgi_app [None req-5e99429a-befe-4488-95b6-9c18b78ff8ce None None] default_schedule_zone = None {{(pid=108290) log_opt_values /opt/stack/data/venv/lib/python3.12/site-packages/oslo_config/cfg.py:2817}}
Feb 16 19:39:55.388894 np0000155674 devstack@n-api-meta.service[108291]: DEBUG nova.api.openstack.wsgi_app [None req-04a1d040-e373-46fd-b6e2-8fb83a6b9e19 None None] libvirt.live_migration_downtime_delay = 75 {{(pid=108291) log_opt_values /opt/stack/data/venv/lib/python3.12/site-packages/oslo_config/cfg.py:2824}}
Feb 16 19:39:55.388943 np0000155674 devstack@n-api-meta.service[108290]: DEBUG nova.api.openstack.wsgi_app [None req-5e99429a-befe-4488-95b6-9c18b78ff8ce None None] default_thread_pool_size = 10 {{(pid=108290) log_opt_values /opt/stack/data/venv/lib/python3.12/site-packages/oslo_config/cfg.py:2817}}
Feb 16 19:39:55.388997 np0000155674 devstack@n-api-meta.service[108291]: DEBUG nova.api.openstack.wsgi_app [None req-04a1d040-e373-46fd-b6e2-8fb83a6b9e19 None None] libvirt.live_migration_downtime_steps = 10 {{(pid=108291) log_opt_values /opt/stack/data/venv/lib/python3.12/site-packages/oslo_config/cfg.py:2824}}
Feb 16 19:39:55.389024 np0000155674 devstack@n-api-meta.service[108290]: DEBUG nova.api.openstack.wsgi_app [None req-5e99429a-befe-4488-95b6-9c18b78ff8ce None None] disk_allocation_ratio = None {{(pid=108290) log_opt_values /opt/stack/data/venv/lib/python3.12/site-packages/oslo_config/cfg.py:2817}}
Feb 16 19:39:55.389049 np0000155674 devstack@n-api-meta.service[108291]: DEBUG nova.api.openstack.wsgi_app [None req-04a1d040-e373-46fd-b6e2-8fb83a6b9e19 None None] libvirt.live_migration_inbound_addr = None {{(pid=108291) log_opt_values /opt/stack/data/venv/lib/python3.12/site-packages/oslo_config/cfg.py:2824}}
Feb 16 19:39:55.389153 np0000155674 devstack@n-api-meta.service[108290]: DEBUG nova.api.openstack.wsgi_app [None req-5e99429a-befe-4488-95b6-9c18b78ff8ce None None] enable_new_services = True {{(pid=108290) log_opt_values /opt/stack/data/venv/lib/python3.12/site-packages/oslo_config/cfg.py:2817}}
Feb 16 19:39:55.389197 np0000155674 devstack@n-api-meta.service[108291]: DEBUG nova.api.openstack.wsgi_app [None req-04a1d040-e373-46fd-b6e2-8fb83a6b9e19 None None] libvirt.live_migration_parallel_connections = 1 {{(pid=108291) log_opt_values /opt/stack/data/venv/lib/python3.12/site-packages/oslo_config/cfg.py:2824}}
Feb 16 19:39:55.389298 np0000155674 devstack@n-api-meta.service[108290]: DEBUG nova.api.openstack.wsgi_app [None req-5e99429a-befe-4488-95b6-9c18b78ff8ce None None] flat_injected = False {{(pid=108290) log_opt_values /opt/stack/data/venv/lib/python3.12/site-packages/oslo_config/cfg.py:2817}}
Feb 16 19:39:55.389333 np0000155674 devstack@n-api-meta.service[108291]: DEBUG nova.api.openstack.wsgi_app [None req-04a1d040-e373-46fd-b6e2-8fb83a6b9e19 None None] libvirt.live_migration_permit_auto_converge = False {{(pid=108291) log_opt_values /opt/stack/data/venv/lib/python3.12/site-packages/oslo_config/cfg.py:2824}}
Feb 16 19:39:55.389430 np0000155674 devstack@n-api-meta.service[108290]: DEBUG nova.api.openstack.wsgi_app [None req-5e99429a-befe-4488-95b6-9c18b78ff8ce None None] force_config_drive = False {{(pid=108290) log_opt_values /opt/stack/data/venv/lib/python3.12/site-packages/oslo_config/cfg.py:2817}}
Feb 16 19:39:55.389486 np0000155674 devstack@n-api-meta.service[108291]: DEBUG nova.api.openstack.wsgi_app [None req-04a1d040-e373-46fd-b6e2-8fb83a6b9e19 None None] libvirt.live_migration_permit_post_copy = False {{(pid=108291) log_opt_values /opt/stack/data/venv/lib/python3.12/site-packages/oslo_config/cfg.py:2824}}
Feb 16 19:39:55.389553 np0000155674 devstack@n-api-meta.service[108290]: DEBUG nova.api.openstack.wsgi_app [None req-5e99429a-befe-4488-95b6-9c18b78ff8ce None None] force_raw_images = True {{(pid=108290) log_opt_values /opt/stack/data/venv/lib/python3.12/site-packages/oslo_config/cfg.py:2817}}
Feb 16 19:39:55.389591 np0000155674 devstack@n-api-meta.service[108291]: DEBUG nova.api.openstack.wsgi_app [None req-04a1d040-e373-46fd-b6e2-8fb83a6b9e19 None None] libvirt.live_migration_scheme = None {{(pid=108291) log_opt_values /opt/stack/data/venv/lib/python3.12/site-packages/oslo_config/cfg.py:2824}}
Feb 16 19:39:55.389686 np0000155674 devstack@n-api-meta.service[108290]: DEBUG nova.api.openstack.wsgi_app [None req-5e99429a-befe-4488-95b6-9c18b78ff8ce None None] graceful_shutdown_timeout = 5 {{(pid=108290) log_opt_values /opt/stack/data/venv/lib/python3.12/site-packages/oslo_config/cfg.py:2817}}
Feb 16 19:39:55.389718 np0000155674 devstack@n-api-meta.service[108291]: DEBUG nova.api.openstack.wsgi_app [None req-04a1d040-e373-46fd-b6e2-8fb83a6b9e19 None None] libvirt.live_migration_timeout_action = abort {{(pid=108291) log_opt_values /opt/stack/data/venv/lib/python3.12/site-packages/oslo_config/cfg.py:2824}}
Feb 16 19:39:55.389816 np0000155674 devstack@n-api-meta.service[108290]: DEBUG nova.api.openstack.wsgi_app [None req-5e99429a-befe-4488-95b6-9c18b78ff8ce None None] heal_instance_info_cache_interval = -1 {{(pid=108290) log_opt_values /opt/stack/data/venv/lib/python3.12/site-packages/oslo_config/cfg.py:2817}}
Feb 16 19:39:55.389852 np0000155674 devstack@n-api-meta.service[108291]: DEBUG nova.api.openstack.wsgi_app [None req-04a1d040-e373-46fd-b6e2-8fb83a6b9e19 None None] libvirt.live_migration_tunnelled = False {{(pid=108291) log_opt_values /opt/stack/data/venv/lib/python3.12/site-packages/oslo_config/cfg.py:2824}}
Feb 16 19:39:55.390003 np0000155674 devstack@n-api-meta.service[108290]: DEBUG nova.api.openstack.wsgi_app [None req-5e99429a-befe-4488-95b6-9c18b78ff8ce None None] host = np0000155674 {{(pid=108290) log_opt_values /opt/stack/data/venv/lib/python3.12/site-packages/oslo_config/cfg.py:2817}}
Feb 16 19:39:55.390140 np0000155674 devstack@n-api-meta.service[108290]: DEBUG nova.api.openstack.wsgi_app [None req-5e99429a-befe-4488-95b6-9c18b78ff8ce None None] initial_cpu_allocation_ratio = 4.0 {{(pid=108290) log_opt_values /opt/stack/data/venv/lib/python3.12/site-packages/oslo_config/cfg.py:2817}}
Feb 16 19:39:55.390174 np0000155674 devstack@n-api-meta.service[108291]: WARNING oslo_config.cfg [None req-04a1d040-e373-46fd-b6e2-8fb83a6b9e19 None None] Deprecated: Option "live_migration_uri" from group "libvirt" is deprecated for removal (
Feb 16 19:39:55.390174 np0000155674 devstack@n-api-meta.service[108291]: live_migration_uri is deprecated for removal in favor of two other options that
Feb 16 19:39:55.390174 np0000155674 devstack@n-api-meta.service[108291]: allow to change live migration scheme and target URI: ``live_migration_scheme``
Feb 16 19:39:55.390174 np0000155674 devstack@n-api-meta.service[108291]: and ``live_migration_inbound_addr`` respectively.
Feb 16 19:39:55.390174 np0000155674 devstack@n-api-meta.service[108291]: ). Its value may be silently ignored in the future.
Feb 16 19:39:55.390297 np0000155674 devstack@n-api-meta.service[108290]: DEBUG nova.api.openstack.wsgi_app [None req-5e99429a-befe-4488-95b6-9c18b78ff8ce None None] initial_disk_allocation_ratio = 1.0 {{(pid=108290) log_opt_values /opt/stack/data/venv/lib/python3.12/site-packages/oslo_config/cfg.py:2817}}
Feb 16 19:39:55.390323 np0000155674 devstack@n-api-meta.service[108291]: DEBUG nova.api.openstack.wsgi_app [None req-04a1d040-e373-46fd-b6e2-8fb83a6b9e19 None None] libvirt.live_migration_uri = qemu+ssh://stack@%s/system {{(pid=108291) log_opt_values /opt/stack/data/venv/lib/python3.12/site-packages/oslo_config/cfg.py:2824}}
Feb 16 19:39:55.390423 np0000155674 devstack@n-api-meta.service[108290]: DEBUG nova.api.openstack.wsgi_app [None req-5e99429a-befe-4488-95b6-9c18b78ff8ce None None] initial_ram_allocation_ratio = 1.0 {{(pid=108290) log_opt_values /opt/stack/data/venv/lib/python3.12/site-packages/oslo_config/cfg.py:2817}}
Feb 16 19:39:55.390456 np0000155674 devstack@n-api-meta.service[108291]: DEBUG nova.api.openstack.wsgi_app [None req-04a1d040-e373-46fd-b6e2-8fb83a6b9e19 None None] libvirt.live_migration_with_native_tls = False {{(pid=108291) log_opt_values /opt/stack/data/venv/lib/python3.12/site-packages/oslo_config/cfg.py:2824}}
Feb 16 19:39:55.390555 np0000155674 devstack@n-api-meta.service[108291]: DEBUG nova.api.openstack.wsgi_app [None req-04a1d040-e373-46fd-b6e2-8fb83a6b9e19 None None] libvirt.max_queues = None {{(pid=108291) log_opt_values /opt/stack/data/venv/lib/python3.12/site-packages/oslo_config/cfg.py:2824}}
Feb 16 19:39:55.390593 np0000155674 devstack@n-api-meta.service[108290]: DEBUG nova.api.openstack.wsgi_app [None req-5e99429a-befe-4488-95b6-9c18b78ff8ce None None] injected_network_template = /opt/stack/nova/nova/virt/interfaces.template {{(pid=108290) log_opt_values /opt/stack/data/venv/lib/python3.12/site-packages/oslo_config/cfg.py:2817}}
Feb 16 19:39:55.390687 np0000155674 devstack@n-api-meta.service[108291]: DEBUG nova.api.openstack.wsgi_app [None req-04a1d040-e373-46fd-b6e2-8fb83a6b9e19 None None] libvirt.mem_stats_period_seconds = 10 {{(pid=108291) log_opt_values /opt/stack/data/venv/lib/python3.12/site-packages/oslo_config/cfg.py:2824}}
Feb 16 19:39:55.390728 np0000155674 devstack@n-api-meta.service[108290]: DEBUG nova.api.openstack.wsgi_app [None req-5e99429a-befe-4488-95b6-9c18b78ff8ce None None] instance_build_timeout = 0 {{(pid=108290) log_opt_values /opt/stack/data/venv/lib/python3.12/site-packages/oslo_config/cfg.py:2817}}
Feb 16 19:39:55.390839 np0000155674 devstack@n-api-meta.service[108290]: DEBUG nova.api.openstack.wsgi_app [None req-5e99429a-befe-4488-95b6-9c18b78ff8ce None None] instance_delete_interval = 300 {{(pid=108290) log_opt_values /opt/stack/data/venv/lib/python3.12/site-packages/oslo_config/cfg.py:2817}}
