Jun 17 04:40:43.988131 np0000181115 devstack@neutron-api.service[107795]: DEBUG neutron.api.extensions [None req-d74dcbee-e077-4b7c-a3ac-24b9a1a1d79d None None] Ext name="Port hints" alias="port-hints" description="Backend specific port hints to allow backend specific tuning" updated="2023-01-01T00:00:00-00:00" {{(pid=107795) _check_extension /opt/stack/neutron/neutron/api/extensions.py:415}}
Jun 17 04:40:43.988131 np0000181115 devstack@neutron-api.service[107795]: INFO neutron.api.extensions [None req-d74dcbee-e077-4b7c-a3ac-24b9a1a1d79d None None] Extension port-hints not supported by any of loaded plugins
Jun 17 04:40:43.988131 np0000181115 devstack@neutron-api.service[107795]: DEBUG neutron.api.extensions [None req-d74dcbee-e077-4b7c-a3ac-24b9a1a1d79d None None] Loading extension file: port_mac_address_override.py {{(pid=107795) _load_all_extensions_from_path /opt/stack/neutron/neutron/api/extensions.py:449}}
Jun 17 04:40:43.988637 np0000181115 devstack@neutron-api.service[107795]: DEBUG neutron.api.extensions [None req-d74dcbee-e077-4b7c-a3ac-24b9a1a1d79d None None] Ext name="Neutron Port MAC address override" alias="port-mac-override" description="Allow overriding the MAC address of a direct-physical Port via the active binding profile" updated="2022-03-18T10:00:00-00:00" {{(pid=107795) _check_extension /opt/stack/neutron/neutron/api/extensions.py:415}}
Jun 17 04:40:43.988637 np0000181115 devstack@neutron-api.service[107795]: INFO neutron.api.extensions [None req-d74dcbee-e077-4b7c-a3ac-24b9a1a1d79d None None] Extension port-mac-override not supported by any of loaded plugins
Jun 17 04:40:43.988637 np0000181115 devstack@neutron-api.service[107795]: DEBUG neutron.api.extensions [None req-d74dcbee-e077-4b7c-a3ac-24b9a1a1d79d None None] Loading extension file: port_mac_address_regenerate.py {{(pid=107795) _load_all_extensions_from_path /opt/stack/neutron/neutron/api/extensions.py:449}}
Jun 17 04:40:43.988865 np0000181115 devstack@neutron-api.service[107795]: DEBUG neutron.api.extensions [None req-d74dcbee-e077-4b7c-a3ac-24b9a1a1d79d None None] Ext name="Neutron Port MAC address regenerate" alias="port-mac-address-regenerate" description="Network port MAC address regenerate" updated="2018-05-03T10:00:00-00:00" {{(pid=107795) _check_extension /opt/stack/neutron/neutron/api/extensions.py:415}}
Jun 17 04:40:43.989029 np0000181115 devstack@neutron-api.service[107795]: INFO neutron.api.extensions [None req-d74dcbee-e077-4b7c-a3ac-24b9a1a1d79d None None] Loaded extension: port-mac-address-regenerate
Jun 17 04:40:43.989154 np0000181115 devstack@neutron-api.service[107795]: DEBUG neutron.api.extensions [None req-d74dcbee-e077-4b7c-a3ac-24b9a1a1d79d None None] Loading extension file: port_numa_affinity_policy.py {{(pid=107795) _load_all_extensions_from_path /opt/stack/neutron/neutron/api/extensions.py:449}}
Jun 17 04:40:43.989784 np0000181115 devstack@neutron-api.service[107795]: DEBUG neutron.api.extensions [None req-d74dcbee-e077-4b7c-a3ac-24b9a1a1d79d None None] Ext name="Port NUMA affinity policy" alias="port-numa-affinity-policy" description="Expose the port NUMA affinity policy" updated="2020-07-08T10:00:00-00:00" {{(pid=107795) _check_extension /opt/stack/neutron/neutron/api/extensions.py:415}}
Jun 17 04:40:43.989784 np0000181115 devstack@neutron-api.service[107795]: INFO neutron.api.extensions [None req-d74dcbee-e077-4b7c-a3ac-24b9a1a1d79d None None] Loaded extension: port-numa-affinity-policy
Jun 17 04:40:43.989784 np0000181115 devstack@neutron-api.service[107795]: DEBUG neutron.api.extensions [None req-d74dcbee-e077-4b7c-a3ac-24b9a1a1d79d None None] Loading extension file: port_numa_affinity_policy_socket.py {{(pid=107795) _load_all_extensions_from_path /opt/stack/neutron/neutron/api/extensions.py:449}}
Jun 17 04:40:43.989784 np0000181115 devstack@neutron-api.service[107795]: DEBUG neutron.api.extensions [None req-d74dcbee-e077-4b7c-a3ac-24b9a1a1d79d None None] Ext name="Port NUMA affinity policy "socket"" alias="port-numa-affinity-policy-socket" description="Adds "socket" to the supported port NUMA affinity policies" updated="2024-02-09T10:00:00-00:00" {{(pid=107795) _check_extension /opt/stack/neutron/neutron/api/extensions.py:415}}
Jun 17 04:40:43.990315 np0000181115 devstack@neutron-api.service[107795]: INFO neutron.api.extensions [None req-d74dcbee-e077-4b7c-a3ac-24b9a1a1d79d None None] Loaded extension: port-numa-affinity-policy-socket
Jun 17 04:40:43.990315 np0000181115 devstack@neutron-api.service[107795]: DEBUG neutron.api.extensions [None req-d74dcbee-e077-4b7c-a3ac-24b9a1a1d79d None None] Loading extension file: port_resource_request.py {{(pid=107795) _load_all_extensions_from_path /opt/stack/neutron/neutron/api/extensions.py:449}}
Jun 17 04:40:43.990315 np0000181115 devstack@neutron-api.service[107795]: DEBUG neutron.api.extensions [None req-d74dcbee-e077-4b7c-a3ac-24b9a1a1d79d None None] Ext name="Port Resource Request" alias="port-resource-request" description="Expose resource request to Port" updated="2018-05-08T10:00:00-00:00" {{(pid=107795) _check_extension /opt/stack/neutron/neutron/api/extensions.py:415}}
Jun 17 04:40:43.990482 np0000181115 devstack@neutron-api.service[107795]: INFO neutron.api.extensions [None req-d74dcbee-e077-4b7c-a3ac-24b9a1a1d79d None None] Extension port-resource-request not supported by any of loaded plugins
Jun 17 04:40:43.990482 np0000181115 devstack@neutron-api.service[107795]: DEBUG neutron.api.extensions [None req-d74dcbee-e077-4b7c-a3ac-24b9a1a1d79d None None] Loading extension file: port_resource_request_groups.py {{(pid=107795) _load_all_extensions_from_path /opt/stack/neutron/neutron/api/extensions.py:449}}
Jun 17 04:40:43.990710 np0000181115 devstack@neutron-api.service[107792]: INFO neutron.plugins.ml2.drivers.type_vlan [None req-f00dddb1-c232-4a09-8f5f-251f9a787741 None None] VlanTypeDriver initialization complete
Jun 17 04:40:43.991082 np0000181115 devstack@neutron-api.service[107795]: DEBUG neutron.api.extensions [None req-d74dcbee-e077-4b7c-a3ac-24b9a1a1d79d None None] Ext name="Port Resource Request Groups" alias="port-resource-request-groups" description="Support requesting multiple groups of resources and traits from the same RP subtree in resource_request" updated="2021-08-02T10:00:00-00:00" {{(pid=107795) _check_extension /opt/stack/neutron/neutron/api/extensions.py:415}}
Jun 17 04:40:43.991200 np0000181115 devstack@neutron-api.service[107792]: INFO neutron.plugins.ml2.managers [None req-f00dddb1-c232-4a09-8f5f-251f9a787741 None None] Initializing extension driver 'port_security'
Jun 17 04:40:43.991384 np0000181115 devstack@neutron-api.service[107795]: INFO neutron.api.extensions [None req-d74dcbee-e077-4b7c-a3ac-24b9a1a1d79d None None] Extension port-resource-request-groups not supported by any of loaded plugins
Jun 17 04:40:43.991489 np0000181115 devstack@neutron-api.service[107792]: INFO neutron.plugins.ml2.extensions.port_security [None req-f00dddb1-c232-4a09-8f5f-251f9a787741 None None] PortSecurityExtensionDriver initialization complete
Jun 17 04:40:43.991595 np0000181115 devstack@neutron-api.service[107795]: DEBUG neutron.api.extensions [None req-d74dcbee-e077-4b7c-a3ac-24b9a1a1d79d None None] Loading extension file: port_trusted_vif.py {{(pid=107795) _load_all_extensions_from_path /opt/stack/neutron/neutron/api/extensions.py:449}}
Jun 17 04:40:43.991719 np0000181115 devstack@neutron-api.service[107792]: INFO neutron.plugins.ml2.managers [None req-f00dddb1-c232-4a09-8f5f-251f9a787741 None None] Initializing extension driver 'qos'
Jun 17 04:40:43.991719 np0000181115 devstack@neutron-api.service[107792]: DEBUG neutron.plugins.ml2.extensions.qos [None req-f00dddb1-c232-4a09-8f5f-251f9a787741 None None] QosExtensionDriver initialization complete {{(pid=107792) initialize /opt/stack/neutron/neutron/plugins/ml2/extensions/qos.py:31}}
Jun 17 04:40:43.991892 np0000181115 devstack@neutron-api.service[107795]: DEBUG neutron.api.extensions [None req-d74dcbee-e077-4b7c-a3ac-24b9a1a1d79d None None] Ext name="Port trusted vif" alias="port-trusted-vif" description="Expose port 'trusted' attribute in the API" updated="2024-07-10T10:00:00-00:00" {{(pid=107795) _check_extension /opt/stack/neutron/neutron/api/extensions.py:415}}
Jun 17 04:40:43.992253 np0000181115 devstack@neutron-api.service[107792]: INFO neutron.plugins.ml2.managers [None req-f00dddb1-c232-4a09-8f5f-251f9a787741 None None] Initializing mechanism driver 'ovn'
Jun 17 04:40:43.992253 np0000181115 devstack@neutron-api.service[107792]: INFO neutron.plugins.ml2.drivers.ovn.mech_driver.mech_driver [None req-f00dddb1-c232-4a09-8f5f-251f9a787741 None None] Starting OVNMechanismDriver
Jun 17 04:40:43.992373 np0000181115 devstack@neutron-api.service[107795]: INFO neutron.api.extensions [None req-d74dcbee-e077-4b7c-a3ac-24b9a1a1d79d None None] Extension port-trusted-vif not supported by any of loaded plugins
Jun 17 04:40:43.992373 np0000181115 devstack@neutron-api.service[107795]: DEBUG neutron.api.extensions [None req-d74dcbee-e077-4b7c-a3ac-24b9a1a1d79d None None] Loading extension file: portbindings.py {{(pid=107795) _load_all_extensions_from_path /opt/stack/neutron/neutron/api/extensions.py:449}}
Jun 17 04:40:43.992373 np0000181115 devstack@neutron-api.service[107795]: DEBUG neutron.api.extensions [None req-d74dcbee-e077-4b7c-a3ac-24b9a1a1d79d None None] Ext name="Port Binding" alias="binding" description="Expose port bindings of a virtual port to external application" updated="2014-02-03T10:00:00-00:00" {{(pid=107795) _check_extension /opt/stack/neutron/neutron/api/extensions.py:415}}
Jun 17 04:40:43.992373 np0000181115 devstack@neutron-api.service[107795]: INFO neutron.api.extensions [None req-d74dcbee-e077-4b7c-a3ac-24b9a1a1d79d None None] Loaded extension: binding
Jun 17 04:40:43.992373 np0000181115 devstack@neutron-api.service[107795]: DEBUG neutron.api.extensions [None req-d74dcbee-e077-4b7c-a3ac-24b9a1a1d79d None None] Loading extension file: portbindings_extended.py {{(pid=107795) _load_all_extensions_from_path /opt/stack/neutron/neutron/api/extensions.py:449}}
Jun 17 04:40:43.992373 np0000181115 devstack@neutron-api.service[107795]: DEBUG neutron.api.extensions [None req-d74dcbee-e077-4b7c-a3ac-24b9a1a1d79d None None] Ext name="Port Bindings Extended" alias="binding-extended" description="Expose port bindings of a virtual port to external application" updated="2017-07-17T10:00:00-00:00" {{(pid=107795) _check_extension /opt/stack/neutron/neutron/api/extensions.py:415}}
Jun 17 04:40:43.992373 np0000181115 devstack@neutron-api.service[107795]: INFO neutron.api.extensions [None req-d74dcbee-e077-4b7c-a3ac-24b9a1a1d79d None None] Loaded extension: binding-extended
Jun 17 04:40:43.992624 np0000181115 devstack@neutron-api.service[107795]: DEBUG neutron.api.extensions [None req-d74dcbee-e077-4b7c-a3ac-24b9a1a1d79d None None] Loading extension file: portsecurity.py {{(pid=107795) _load_all_extensions_from_path /opt/stack/neutron/neutron/api/extensions.py:449}}
Jun 17 04:40:43.992624 np0000181115 devstack@neutron-api.service[107795]: DEBUG neutron.api.extensions [None req-d74dcbee-e077-4b7c-a3ac-24b9a1a1d79d None None] Ext name="Port Security" alias="port-security" description="Provides port security" updated="2012-07-23T10:00:00-00:00" {{(pid=107795) _check_extension /opt/stack/neutron/neutron/api/extensions.py:415}}
Jun 17 04:40:43.992840 np0000181115 devstack@neutron-api.service[107795]: INFO neutron.api.extensions [None req-d74dcbee-e077-4b7c-a3ac-24b9a1a1d79d None None] Loaded extension: port-security
Jun 17 04:40:43.992940 np0000181115 devstack@neutron-api.service[107795]: DEBUG neutron.api.extensions [None req-d74dcbee-e077-4b7c-a3ac-24b9a1a1d79d None None] Loading extension file: project_id.py {{(pid=107795) _load_all_extensions_from_path /opt/stack/neutron/neutron/api/extensions.py:449}}
Jun 17 04:40:43.993285 np0000181115 devstack@neutron-api.service[107792]: DEBUG neutron_lib.callbacks.manager [None req-f00dddb1-c232-4a09-8f5f-251f9a787741 None None] Subscribe: > process before_spawn 55550000, False {{(pid=107792) subscribe /opt/stack/data/venv/lib/python3.12/site-packages/neutron_lib/callbacks/manager.py:52}}
Jun 17 04:40:43.993433 np0000181115 devstack@neutron-api.service[107795]: DEBUG neutron.api.extensions [None req-d74dcbee-e077-4b7c-a3ac-24b9a1a1d79d None None] Ext name="project_id field enabled" alias="project-id" description="Extension that indicates that project_id field is enabled." updated="2016-09-09T09:09:09-09:09" {{(pid=107795) _check_extension /opt/stack/neutron/neutron/api/extensions.py:415}}
Jun 17 04:40:43.993550 np0000181115 devstack@neutron-api.service[107792]: DEBUG neutron_lib.callbacks.manager [None req-f00dddb1-c232-4a09-8f5f-251f9a787741 None None] Subscribe: > process after_init 55550000, True {{(pid=107792) subscribe /opt/stack/data/venv/lib/python3.12/site-packages/neutron_lib/callbacks/manager.py:52}}
Jun 17 04:40:43.993809 np0000181115 devstack@neutron-api.service[107795]: INFO neutron.api.extensions [None req-d74dcbee-e077-4b7c-a3ac-24b9a1a1d79d None None] Loaded extension: project-id
Jun 17 04:40:43.993809 np0000181115 devstack@neutron-api.service[107795]: DEBUG neutron.api.extensions [None req-d74dcbee-e077-4b7c-a3ac-24b9a1a1d79d None None] Loading extension file: providernet.py {{(pid=107795) _load_all_extensions_from_path /opt/stack/neutron/neutron/api/extensions.py:449}}
Jun 17 04:40:43.993939 np0000181115 devstack@neutron-api.service[107792]: DEBUG neutron_lib.callbacks.manager [None req-f00dddb1-c232-4a09-8f5f-251f9a787741 None None] Subscribe: > segment after_create 55550000, False {{(pid=107792) subscribe /opt/stack/data/venv/lib/python3.12/site-packages/neutron_lib/callbacks/manager.py:52}}
Jun 17 04:40:43.993939 np0000181115 devstack@neutron-api.service[107792]: DEBUG neutron_lib.callbacks.manager [None req-f00dddb1-c232-4a09-8f5f-251f9a787741 None None] Subscribe: > segment after_create 55550000, False {{(pid=107792) subscribe /opt/stack/data/venv/lib/python3.12/site-packages/neutron_lib/callbacks/manager.py:52}}
Jun 17 04:40:43.993939 np0000181115 devstack@neutron-api.service[107792]: DEBUG neutron_lib.callbacks.manager [None req-f00dddb1-c232-4a09-8f5f-251f9a787741 None None] Subscribe: > segment after_delete 55550000, False {{(pid=107792) subscribe /opt/stack/data/venv/lib/python3.12/site-packages/neutron_lib/callbacks/manager.py:52}}
Jun 17 04:40:43.994362 np0000181115 devstack@neutron-api.service[107795]: DEBUG neutron.api.extensions [None req-d74dcbee-e077-4b7c-a3ac-24b9a1a1d79d None None] Ext name="Provider Network" alias="provider" description="Expose mapping of virtual networks to physical networks" updated="2012-09-07T10:00:00-00:00" {{(pid=107795) _check_extension /opt/stack/neutron/neutron/api/extensions.py:415}}
Jun 17 04:40:43.994475 np0000181115 devstack@neutron-api.service[107792]: DEBUG neutron_lib.callbacks.manager [None req-f00dddb1-c232-4a09-8f5f-251f9a787741 None None] Subscribe: > allowed_address_pair before_create 55550000, False {{(pid=107792) subscribe /opt/stack/data/venv/lib/python3.12/site-packages/neutron_lib/callbacks/manager.py:52}}
Jun 17 04:40:43.994586 np0000181115 devstack@neutron-api.service[107795]: INFO neutron.api.extensions [None req-d74dcbee-e077-4b7c-a3ac-24b9a1a1d79d None None] Loaded extension: provider
Jun 17 04:40:43.994707 np0000181115 devstack@neutron-api.service[107792]: DEBUG neutron_lib.callbacks.manager [None req-f00dddb1-c232-4a09-8f5f-251f9a787741 None None] Subscribe: > security_group precommit_create 55550000, False {{(pid=107792) subscribe /opt/stack/data/venv/lib/python3.12/site-packages/neutron_lib/callbacks/manager.py:52}}
Jun 17 04:40:43.994816 np0000181115 devstack@neutron-api.service[107795]: DEBUG neutron.api.extensions [None req-d74dcbee-e077-4b7c-a3ac-24b9a1a1d79d None None] Loading extension file: pvlan.py {{(pid=107795) _load_all_extensions_from_path /opt/stack/neutron/neutron/api/extensions.py:449}}
Jun 17 04:40:43.994938 np0000181115 devstack@neutron-api.service[107792]: DEBUG neutron_lib.callbacks.manager [None req-f00dddb1-c232-4a09-8f5f-251f9a787741 None None] Subscribe: > security_group after_update 55550000, False {{(pid=107792) subscribe /opt/stack/data/venv/lib/python3.12/site-packages/neutron_lib/callbacks/manager.py:52}}
Jun 17 04:40:43.994938 np0000181115 devstack@neutron-api.service[107792]: DEBUG neutron_lib.callbacks.manager [None req-f00dddb1-c232-4a09-8f5f-251f9a787741 None None] Subscribe: > security_group after_create 55550000, False {{(pid=107792) subscribe /opt/stack/data/venv/lib/python3.12/site-packages/neutron_lib/callbacks/manager.py:52}}
Jun 17 04:40:43.995185 np0000181115 devstack@neutron-api.service[107795]: DEBUG neutron.api.extensions [None req-d74dcbee-e077-4b7c-a3ac-24b9a1a1d79d None None] Ext name="Private VLAN" alias="pvlan" description="The Private VLAN semantics extension." updated="2026-02-03T10:00:00-00:00" {{(pid=107795) _check_extension /opt/stack/neutron/neutron/api/extensions.py:415}}
Jun 17 04:40:43.995565 np0000181115 devstack@neutron-api.service[107792]: DEBUG neutron_lib.callbacks.manager [None req-f00dddb1-c232-4a09-8f5f-251f9a787741 None None] Subscribe: > security_group precommit_delete 55550000, False {{(pid=107792) subscribe /opt/stack/data/venv/lib/python3.12/site-packages/neutron_lib/callbacks/manager.py:52}}
Jun 17 04:40:43.995565 np0000181115 devstack@neutron-api.service[107792]: DEBUG neutron_lib.callbacks.manager [None req-f00dddb1-c232-4a09-8f5f-251f9a787741 None None] Subscribe: > security_group after_delete 55550000, False {{(pid=107792) subscribe /opt/stack/data/venv/lib/python3.12/site-packages/neutron_lib/callbacks/manager.py:52}}
Jun 17 04:40:43.995720 np0000181115 devstack@neutron-api.service[107795]: INFO neutron.api.extensions [None req-d74dcbee-e077-4b7c-a3ac-24b9a1a1d79d None None] Extension pvlan not supported by any of loaded plugins
Jun 17 04:40:43.995831 np0000181115 devstack@neutron-api.service[107792]: DEBUG neutron_lib.callbacks.manager [None req-f00dddb1-c232-4a09-8f5f-251f9a787741 None None] Subscribe: > security_group_rule precommit_create 55550000, False {{(pid=107792) subscribe /opt/stack/data/venv/lib/python3.12/site-packages/neutron_lib/callbacks/manager.py:52}}
Jun 17 04:40:43.995941 np0000181115 devstack@neutron-api.service[107795]: DEBUG neutron.api.extensions [None req-d74dcbee-e077-4b7c-a3ac-24b9a1a1d79d None None] Loading extension file: qinq.py {{(pid=107795) _load_all_extensions_from_path /opt/stack/neutron/neutron/api/extensions.py:449}}
Jun 17 04:40:43.996064 np0000181115 devstack@neutron-api.service[107792]: DEBUG neutron_lib.callbacks.manager [None req-f00dddb1-c232-4a09-8f5f-251f9a787741 None None] Subscribe: > security_group_rule after_create 55550000, False {{(pid=107792) subscribe /opt/stack/data/venv/lib/python3.12/site-packages/neutron_lib/callbacks/manager.py:52}}
Jun 17 04:40:43.996064 np0000181115 devstack@neutron-api.service[107792]: DEBUG neutron_lib.callbacks.manager [None req-f00dddb1-c232-4a09-8f5f-251f9a787741 None None] Subscribe: > security_group_rule before_delete 55550000, False {{(pid=107792) subscribe /opt/stack/data/venv/lib/python3.12/site-packages/neutron_lib/callbacks/manager.py:52}}
Jun 17 04:40:43.996203 np0000181115 devstack@neutron-api.service[107795]: DEBUG neutron.api.extensions [None req-d74dcbee-e077-4b7c-a3ac-24b9a1a1d79d None None] Ext name="QinQ networks" alias="qinq" description="Expose network 'qinq' attribute in the API. This allows to configure network to allow vlan in vlan configuration using 0x88a8 ethertype (QinQ)." updated="2024-12-02T10:00:00-00:00" {{(pid=107795) _check_extension /opt/stack/neutron/neutron/api/extensions.py:415}}
Jun 17 04:40:43.996300 np0000181115 devstack@neutron-api.service[107792]: DEBUG neutron_lib.callbacks.manager [None req-f00dddb1-c232-4a09-8f5f-251f9a787741 None None] Subscribe: > address_group after_create 55550000, False {{(pid=107792) subscribe /opt/stack/data/venv/lib/python3.12/site-packages/neutron_lib/callbacks/manager.py:52}}
Jun 17 04:40:43.996396 np0000181115 devstack@neutron-api.service[107795]: INFO neutron.api.extensions [None req-d74dcbee-e077-4b7c-a3ac-24b9a1a1d79d None None] Loaded extension: qinq
Jun 17 04:40:43.996490 np0000181115 devstack@neutron-api.service[107792]: DEBUG neutron_lib.callbacks.manager [None req-f00dddb1-c232-4a09-8f5f-251f9a787741 None None] Subscribe: > address_group after_update 55550000, False {{(pid=107792) subscribe /opt/stack/data/venv/lib/python3.12/site-packages/neutron_lib/callbacks/manager.py:52}}
Jun 17 04:40:43.996635 np0000181115 devstack@neutron-api.service[107795]: DEBUG neutron.api.extensions [None req-d74dcbee-e077-4b7c-a3ac-24b9a1a1d79d None None] Loading extension file: qos.py {{(pid=107795) _load_all_extensions_from_path /opt/stack/neutron/neutron/api/extensions.py:449}}
Jun 17 04:40:43.996973 np0000181115 devstack@neutron-api.service[107792]: DEBUG neutron_lib.callbacks.manager [None req-f00dddb1-c232-4a09-8f5f-251f9a787741 None None] Subscribe: > address_group after_delete 55550000, False {{(pid=107792) subscribe /opt/stack/data/venv/lib/python3.12/site-packages/neutron_lib/callbacks/manager.py:52}}
Jun 17 04:40:43.996973 np0000181115 devstack@neutron-api.service[107792]: DEBUG neutron_lib.callbacks.manager [None req-f00dddb1-c232-4a09-8f5f-251f9a787741 None None] Subscribe: > qos_plugin after_init 55550000, False {{(pid=107792) subscribe /opt/stack/data/venv/lib/python3.12/site-packages/neutron_lib/callbacks/manager.py:52}}
Jun 17 04:40:43.996973 np0000181115 devstack@neutron-api.service[107792]: DEBUG neutron_lib.callbacks.manager [None req-f00dddb1-c232-4a09-8f5f-251f9a787741 None None] Subscribe: > trunk_plugin after_init 55550000, False {{(pid=107792) subscribe /opt/stack/data/venv/lib/python3.12/site-packages/neutron_lib/callbacks/manager.py:52}}
Jun 17 04:40:43.996973 np0000181115 devstack@neutron-api.service[107792]: DEBUG neutron_lib.callbacks.manager [None req-f00dddb1-c232-4a09-8f5f-251f9a787741 None None] Subscribe: > logging-plugin after_init 55550000, False {{(pid=107792) subscribe /opt/stack/data/venv/lib/python3.12/site-packages/neutron_lib/callbacks/manager.py:52}}
Jun 17 04:40:43.997169 np0000181115 devstack@neutron-api.service[107795]: DEBUG neutron.api.extensions [None req-d74dcbee-e077-4b7c-a3ac-24b9a1a1d79d None None] Ext name="Quality of Service" alias="qos" description="The Quality of Service extension." updated="2015-06-08T10:00:00-00:00" {{(pid=107795) _check_extension /opt/stack/neutron/neutron/api/extensions.py:415}}
Jun 17 04:40:43.997169 np0000181115 devstack@neutron-api.service[107795]: INFO neutron.api.extensions [None req-d74dcbee-e077-4b7c-a3ac-24b9a1a1d79d None None] Extension qos not supported by any of loaded plugins
Jun 17 04:40:43.997305 np0000181115 devstack@neutron-api.service[107792]: INFO neutron.services.logapi.drivers.ovn.driver [None req-f00dddb1-c232-4a09-8f5f-251f9a787741 None None] OVN logging driver registered
Jun 17 04:40:43.997672 np0000181115 devstack@neutron-api.service[107795]: DEBUG neutron.api.extensions [None req-d74dcbee-e077-4b7c-a3ac-24b9a1a1d79d None None] Loading extension file: qos_bw_limit_direction.py {{(pid=107795) _load_all_extensions_from_path /opt/stack/neutron/neutron/api/extensions.py:449}}
Jun 17 04:40:43.997912 np0000181115 devstack@neutron-api.service[107792]: DEBUG neutron_lib.callbacks.manager [None req-f00dddb1-c232-4a09-8f5f-251f9a787741 None None] Subscribe: ._register_pvlan_driver at 0x733f83116660> pvlan_plugin before_spawn 55550000, False {{(pid=107792) subscribe /opt/stack/data/venv/lib/python3.12/site-packages/neutron_lib/callbacks/manager.py:52}}
Jun 17 04:40:43.997912 np0000181115 devstack@neutron-api.service[107792]: DEBUG neutron_lib.callbacks.manager [None req-f00dddb1-c232-4a09-8f5f-251f9a787741 None None] Subscribe: process after_init 55550000, False {{(pid=107792) subscribe /opt/stack/data/venv/lib/python3.12/site-packages/neutron_lib/callbacks/manager.py:52}}
Jun 17 04:40:43.998048 np0000181115 devstack@neutron-api.service[107795]: DEBUG neutron.api.extensions [None req-d74dcbee-e077-4b7c-a3ac-24b9a1a1d79d None None] Ext name="Direction for QoS bandwidth limit rule" alias="qos-bw-limit-direction" description="Allow to configure QoS bandwidth limit rule with specific direction: ingress or egress" updated="2017-04-10T10:00:00-00:00" {{(pid=107795) _check_extension /opt/stack/neutron/neutron/api/extensions.py:415}}
Jun 17 04:40:43.998048 np0000181115 devstack@neutron-api.service[107795]: INFO neutron.api.extensions [None req-d74dcbee-e077-4b7c-a3ac-24b9a1a1d79d None None] Extension qos-bw-limit-direction not supported by any of loaded plugins
Jun 17 04:40:43.998048 np0000181115 devstack@neutron-api.service[107795]: DEBUG neutron.api.extensions [None req-d74dcbee-e077-4b7c-a3ac-24b9a1a1d79d None None] Loading extension file: qos_bw_minimum_ingress.py {{(pid=107795) _load_all_extensions_from_path /opt/stack/neutron/neutron/api/extensions.py:449}}
Jun 17 04:40:43.998048 np0000181115 devstack@neutron-api.service[107795]: DEBUG neutron.api.extensions [None req-d74dcbee-e077-4b7c-a3ac-24b9a1a1d79d None None] Ext name="Ingress direction for QoS minimum bandwidth rule" alias="qos-bw-minimum-ingress" description="Allow to configure QoS minumum bandwidth rule with ingress direction." updated="2018-07-09T10:00:00-00:00" {{(pid=107795) _check_extension /opt/stack/neutron/neutron/api/extensions.py:415}}
Jun 17 04:40:43.998048 np0000181115 devstack@neutron-api.service[107795]: INFO neutron.api.extensions [None req-d74dcbee-e077-4b7c-a3ac-24b9a1a1d79d None None] Extension qos-bw-minimum-ingress not supported by any of loaded plugins
Jun 17 04:40:43.998048 np0000181115 devstack@neutron-api.service[107795]: DEBUG neutron.api.extensions [None req-d74dcbee-e077-4b7c-a3ac-24b9a1a1d79d None None] Loading extension file: qos_default.py {{(pid=107795) _load_all_extensions_from_path /opt/stack/neutron/neutron/api/extensions.py:449}}
Jun 17 04:40:43.998764 np0000181115 devstack@neutron-api.service[107795]: DEBUG neutron.api.extensions [None req-d74dcbee-e077-4b7c-a3ac-24b9a1a1d79d None None] Ext name="QoS default policy" alias="qos-default" description="Expose the QoS default policy per project" updated="2017-041-06T10:00:00-00:00" {{(pid=107795) _check_extension /opt/stack/neutron/neutron/api/extensions.py:415}}
Jun 17 04:40:43.998764 np0000181115 devstack@neutron-api.service[107795]: INFO neutron.api.extensions [None req-d74dcbee-e077-4b7c-a3ac-24b9a1a1d79d None None] Extension qos-default not supported by any of loaded plugins
Jun 17 04:40:43.998764 np0000181115 devstack@neutron-api.service[107795]: DEBUG neutron.api.extensions [None req-d74dcbee-e077-4b7c-a3ac-24b9a1a1d79d None None] Loading extension file: qos_fip.py {{(pid=107795) _load_all_extensions_from_path /opt/stack/neutron/neutron/api/extensions.py:449}}
Jun 17 04:40:43.998764 np0000181115 devstack@neutron-api.service[107795]: DEBUG neutron.api.extensions [None req-d74dcbee-e077-4b7c-a3ac-24b9a1a1d79d None None] Ext name="Floating IP QoS" alias="qos-fip" description="The floating IP Quality of Service extension" updated="2017-07-20T00:00:00-00:00" {{(pid=107795) _check_extension /opt/stack/neutron/neutron/api/extensions.py:415}}
Jun 17 04:40:43.999209 np0000181115 devstack@neutron-api.service[107792]: DEBUG neutron.plugins.ml2.plugin [None req-f00dddb1-c232-4a09-8f5f-251f9a787741 None None] neutron.plugins.ml2.plugin.Ml2Plugin method _start_rpc_notifiers called with arguments () {} {{(pid=107792) wrapper /opt/stack/data/venv/lib/python3.12/site-packages/oslo_log/helpers.py:77}}
Jun 17 04:40:43.999502 np0000181115 devstack@neutron-api.service[107795]: INFO neutron.api.extensions [None req-d74dcbee-e077-4b7c-a3ac-24b9a1a1d79d None None] Extension qos-fip not supported by any of loaded plugins
Jun 17 04:40:43.999502 np0000181115 devstack@neutron-api.service[107795]: DEBUG neutron.api.extensions [None req-d74dcbee-e077-4b7c-a3ac-24b9a1a1d79d None None] Loading extension file: qos_fip_network_policy.py {{(pid=107795) _load_all_extensions_from_path /opt/stack/neutron/neutron/api/extensions.py:449}}
Jun 17 04:40:43.999845 np0000181115 devstack@neutron-api.service[107792]: DEBUG neutron_lib.callbacks.manager [None req-f00dddb1-c232-4a09-8f5f-251f9a787741 None None] Subscribe: > port after_create 55550000, False {{(pid=107792) subscribe /opt/stack/data/venv/lib/python3.12/site-packages/neutron_lib/callbacks/manager.py:52}}
Jun 17 04:40:43.999845 np0000181115 devstack@neutron-api.service[107792]: DEBUG neutron_lib.callbacks.manager [None req-f00dddb1-c232-4a09-8f5f-251f9a787741 None None] Subscribe: > port after_update 55550000, False {{(pid=107792) subscribe /opt/stack/data/venv/lib/python3.12/site-packages/neutron_lib/callbacks/manager.py:52}}
Jun 17 04:40:44.000028 np0000181115 devstack@neutron-api.service[107795]: DEBUG neutron.api.extensions [None req-d74dcbee-e077-4b7c-a3ac-24b9a1a1d79d None None] Ext name="QoS floating IP network policy ID" alias="qos-fip-network-policy" description="Adds a the QoS network ID to the floating IP definition" updated="2021-11-15T10:00:00-00:00" {{(pid=107795) _check_extension /opt/stack/neutron/neutron/api/extensions.py:415}}
Jun 17 04:40:44.000179 np0000181115 devstack@neutron-api.service[107792]: DEBUG neutron_lib.callbacks.manager [None req-f00dddb1-c232-4a09-8f5f-251f9a787741 None None] Subscribe: > port after_delete 55550000, False {{(pid=107792) subscribe /opt/stack/data/venv/lib/python3.12/site-packages/neutron_lib/callbacks/manager.py:52}}
Jun 17 04:40:44.000294 np0000181115 devstack@neutron-api.service[107795]: INFO neutron.api.extensions [None req-d74dcbee-e077-4b7c-a3ac-24b9a1a1d79d None None] Extension qos-fip-network-policy not supported by any of loaded plugins
Jun 17 04:40:44.000403 np0000181115 devstack@neutron-api.service[107792]: DEBUG neutron_lib.callbacks.manager [None req-f00dddb1-c232-4a09-8f5f-251f9a787741 None None] Subscribe: > subnet after_create 55550000, False {{(pid=107792) subscribe /opt/stack/data/venv/lib/python3.12/site-packages/neutron_lib/callbacks/manager.py:52}}
Jun 17 04:40:44.000509 np0000181115 devstack@neutron-api.service[107795]: DEBUG neutron.api.extensions [None req-d74dcbee-e077-4b7c-a3ac-24b9a1a1d79d None None] Loading extension file: qos_gateway_ip.py {{(pid=107795) _load_all_extensions_from_path /opt/stack/neutron/neutron/api/extensions.py:449}}
Jun 17 04:40:44.000654 np0000181115 devstack@neutron-api.service[107792]: DEBUG neutron_lib.callbacks.manager [None req-f00dddb1-c232-4a09-8f5f-251f9a787741 None None] Subscribe: > subnet after_update 55550000, False {{(pid=107792) subscribe /opt/stack/data/venv/lib/python3.12/site-packages/neutron_lib/callbacks/manager.py:52}}
Jun 17 04:40:44.000770 np0000181115 devstack@neutron-api.service[107795]: DEBUG neutron.api.extensions [None req-d74dcbee-e077-4b7c-a3ac-24b9a1a1d79d None None] Ext name="Router gateway IP QoS" alias="qos-gateway-ip" description="The Router gateway IP Quality of Service extension" updated="2018-02-24T00:00:00-00:00" {{(pid=107795) _check_extension /opt/stack/neutron/neutron/api/extensions.py:415}}
Jun 17 04:40:44.000892 np0000181115 devstack@neutron-api.service[107792]: DEBUG neutron_lib.callbacks.manager [None req-f00dddb1-c232-4a09-8f5f-251f9a787741 None None] Subscribe: > subnet after_delete 55550000, False {{(pid=107792) subscribe /opt/stack/data/venv/lib/python3.12/site-packages/neutron_lib/callbacks/manager.py:52}}
Jun 17 04:40:44.000892 np0000181115 devstack@neutron-api.service[107792]: DEBUG neutron_lib.callbacks.manager [None req-f00dddb1-c232-4a09-8f5f-251f9a787741 None None] Subscribe: > network after_create 55550000, False {{(pid=107792) subscribe /opt/stack/data/venv/lib/python3.12/site-packages/neutron_lib/callbacks/manager.py:52}}
Jun 17 04:40:44.001028 np0000181115 devstack@neutron-api.service[107795]: INFO neutron.api.extensions [None req-d74dcbee-e077-4b7c-a3ac-24b9a1a1d79d None None] Extension qos-gateway-ip not supported by any of loaded plugins
Jun 17 04:40:44.001162 np0000181115 devstack@neutron-api.service[107792]: DEBUG neutron_lib.callbacks.manager [None req-f00dddb1-c232-4a09-8f5f-251f9a787741 None None] Subscribe: > network after_update 55550000, False {{(pid=107792) subscribe /opt/stack/data/venv/lib/python3.12/site-packages/neutron_lib/callbacks/manager.py:52}}
Jun 17 04:40:44.001274 np0000181115 devstack@neutron-api.service[107795]: DEBUG neutron.api.extensions [None req-d74dcbee-e077-4b7c-a3ac-24b9a1a1d79d None None] Loading extension file: qos_port_network_policy.py {{(pid=107795) _load_all_extensions_from_path /opt/stack/neutron/neutron/api/extensions.py:449}}
Jun 17 04:40:44.001481 np0000181115 devstack@neutron-api.service[107792]: DEBUG neutron_lib.callbacks.manager [None req-f00dddb1-c232-4a09-8f5f-251f9a787741 None None] Subscribe: > network after_delete 55550000, False {{(pid=107792) subscribe /opt/stack/data/venv/lib/python3.12/site-packages/neutron_lib/callbacks/manager.py:52}}
Jun 17 04:40:44.001481 np0000181115 devstack@neutron-api.service[107792]: DEBUG neutron_lib.callbacks.manager [None req-f00dddb1-c232-4a09-8f5f-251f9a787741 None None] Subscribe: > security_group after_create 55550000, False {{(pid=107792) subscribe /opt/stack/data/venv/lib/python3.12/site-packages/neutron_lib/callbacks/manager.py:52}}
Jun 17 04:40:44.001632 np0000181115 devstack@neutron-api.service[107795]: DEBUG neutron.api.extensions [None req-d74dcbee-e077-4b7c-a3ac-24b9a1a1d79d None None] Ext name="QoS port network policy ID" alias="qos-port-network-policy" description="Adds a the QoS network ID to the port definition" updated="2019-11-01T10:00:00-00:00" {{(pid=107795) _check_extension /opt/stack/neutron/neutron/api/extensions.py:415}}
Jun 17 04:40:44.001748 np0000181115 devstack@neutron-api.service[107792]: DEBUG neutron_lib.callbacks.manager [None req-f00dddb1-c232-4a09-8f5f-251f9a787741 None None] Subscribe: > security_group after_update 55550000, False {{(pid=107792) subscribe /opt/stack/data/venv/lib/python3.12/site-packages/neutron_lib/callbacks/manager.py:52}}
Jun 17 04:40:44.001853 np0000181115 devstack@neutron-api.service[107795]: INFO neutron.api.extensions [None req-d74dcbee-e077-4b7c-a3ac-24b9a1a1d79d None None] Extension qos-port-network-policy not supported by any of loaded plugins
Jun 17 04:40:44.001981 np0000181115 devstack@neutron-api.service[107792]: DEBUG neutron_lib.callbacks.manager [None req-f00dddb1-c232-4a09-8f5f-251f9a787741 None None] Subscribe: > security_group after_delete 55550000, False {{(pid=107792) subscribe /opt/stack/data/venv/lib/python3.12/site-packages/neutron_lib/callbacks/manager.py:52}}
Jun 17 04:40:44.002086 np0000181115 devstack@neutron-api.service[107795]: DEBUG neutron.api.extensions [None req-d74dcbee-e077-4b7c-a3ac-24b9a1a1d79d None None] Loading extension file: qos_pps_minimum_rule.py {{(pid=107795) _load_all_extensions_from_path /opt/stack/neutron/neutron/api/extensions.py:449}}
Jun 17 04:40:44.002199 np0000181115 devstack@neutron-api.service[107792]: DEBUG neutron_lib.callbacks.manager [None req-f00dddb1-c232-4a09-8f5f-251f9a787741 None None] Subscribe: > security_group_rule after_create 55550000, False {{(pid=107792) subscribe /opt/stack/data/venv/lib/python3.12/site-packages/neutron_lib/callbacks/manager.py:52}}
Jun 17 04:40:44.002199 np0000181115 devstack@neutron-api.service[107792]: DEBUG neutron_lib.callbacks.manager [None req-f00dddb1-c232-4a09-8f5f-251f9a787741 None None] Subscribe: > security_group_rule after_update 55550000, False {{(pid=107792) subscribe /opt/stack/data/venv/lib/python3.12/site-packages/neutron_lib/callbacks/manager.py:52}}
Jun 17 04:40:44.002368 np0000181115 devstack@neutron-api.service[107795]: DEBUG neutron.api.extensions [None req-d74dcbee-e077-4b7c-a3ac-24b9a1a1d79d None None] Ext name="QoS minimum packet rate rule" alias="qos-pps-minimum" description="Allow to configure QoS minimum packet rate rule." updated="2021-07-14T10:00:00-00:00" {{(pid=107795) _check_extension /opt/stack/neutron/neutron/api/extensions.py:415}}
Jun 17 04:40:44.002494 np0000181115 devstack@neutron-api.service[107792]: DEBUG neutron_lib.callbacks.manager [None req-f00dddb1-c232-4a09-8f5f-251f9a787741 None None] Subscribe: > security_group_rule after_delete 55550000, False {{(pid=107792) subscribe /opt/stack/data/venv/lib/python3.12/site-packages/neutron_lib/callbacks/manager.py:52}}
Jun 17 04:40:44.002494 np0000181115 devstack@neutron-api.service[107792]: DEBUG neutron_lib.callbacks.manager [None req-f00dddb1-c232-4a09-8f5f-251f9a787741 None None] Subscribe: > address_group after_create 55550000, False {{(pid=107792) subscribe /opt/stack/data/venv/lib/python3.12/site-packages/neutron_lib/callbacks/manager.py:52}}
Jun 17 04:40:44.002638 np0000181115 devstack@neutron-api.service[107795]: INFO neutron.api.extensions [None req-d74dcbee-e077-4b7c-a3ac-24b9a1a1d79d None None] Extension qos-pps-minimum not supported by any of loaded plugins
Jun 17 04:40:44.002763 np0000181115 devstack@neutron-api.service[107792]: DEBUG neutron_lib.callbacks.manager [None req-f00dddb1-c232-4a09-8f5f-251f9a787741 None None] Subscribe: > address_group after_update 55550000, False {{(pid=107792) subscribe /opt/stack/data/venv/lib/python3.12/site-packages/neutron_lib/callbacks/manager.py:52}}
Jun 17 04:40:44.003113 np0000181115 devstack@neutron-api.service[107795]: DEBUG neutron.api.extensions [None req-d74dcbee-e077-4b7c-a3ac-24b9a1a1d79d None None] Loading extension file: qos_pps_minimum_rule_alias.py {{(pid=107795) _load_all_extensions_from_path /opt/stack/neutron/neutron/api/extensions.py:449}}
Jun 17 04:40:44.003228 np0000181115 devstack@neutron-api.service[107792]: DEBUG neutron_lib.callbacks.manager [None req-f00dddb1-c232-4a09-8f5f-251f9a787741 None None] Subscribe: > address_group after_delete 55550000, False {{(pid=107792) subscribe /opt/stack/data/venv/lib/python3.12/site-packages/neutron_lib/callbacks/manager.py:52}}
Jun 17 04:40:44.003228 np0000181115 devstack@neutron-api.service[107792]: DEBUG neutron.plugins.ml2.ovo_rpc [None req-f00dddb1-c232-4a09-8f5f-251f9a787741 None None] ML2 OVO RPC backend initialized. {{(pid=107792) __init__ /opt/stack/neutron/neutron/plugins/ml2/ovo_rpc.py:117}}
Jun 17 04:40:44.003362 np0000181115 devstack@neutron-api.service[107795]: DEBUG neutron.api.extensions [None req-d74dcbee-e077-4b7c-a3ac-24b9a1a1d79d None None] Ext name="QoS minimum packet rate rule alias" alias="qos-pps-minimum-rule-alias" description="API to enable GET, PUT and DELETE operations on QoS minimum packet rate rule without specifying policy ID" updated="2021-10-22T10:00:00-00:00" {{(pid=107795) _check_extension /opt/stack/neutron/neutron/api/extensions.py:415}}
Jun 17 04:40:44.003362 np0000181115 devstack@neutron-api.service[107795]: INFO neutron.api.extensions [None req-d74dcbee-e077-4b7c-a3ac-24b9a1a1d79d None None] Extension qos-pps-minimum-rule-alias not supported by any of loaded plugins
Jun 17 04:40:44.003362 np0000181115 devstack@neutron-api.service[107795]: DEBUG neutron.api.extensions [None req-d74dcbee-e077-4b7c-a3ac-24b9a1a1d79d None None] Loading extension file: qos_pps_rule.py {{(pid=107795) _load_all_extensions_from_path /opt/stack/neutron/neutron/api/extensions.py:449}}
Jun 17 04:40:44.003362 np0000181115 devstack@neutron-api.service[107795]: DEBUG neutron.api.extensions [None req-d74dcbee-e077-4b7c-a3ac-24b9a1a1d79d None None] Ext name="QoS Rule Type Packet per Second Extension" alias="qos-pps" description="Add QoS Rule Type Packet per Second" updated="2021-05-12T10:00:00-00:00" {{(pid=107795) _check_extension /opt/stack/neutron/neutron/api/extensions.py:415}}
Jun 17 04:40:44.003362 np0000181115 devstack@neutron-api.service[107795]: INFO neutron.api.extensions [None req-d74dcbee-e077-4b7c-a3ac-24b9a1a1d79d None None] Extension qos-pps not supported by any of loaded plugins
Jun 17 04:40:44.003585 np0000181115 devstack@neutron-api.service[107792]: INFO neutron.quota [None req-f00dddb1-c232-4a09-8f5f-251f9a787741 None None] Loaded quota_driver: .
Jun 17 04:40:44.003701 np0000181115 devstack@neutron-api.service[107795]: DEBUG neutron.api.extensions [None req-d74dcbee-e077-4b7c-a3ac-24b9a1a1d79d None None] Loading extension file: qos_rule_type_details.py {{(pid=107795) _load_all_extensions_from_path /opt/stack/neutron/neutron/api/extensions.py:449}}
Jun 17 04:40:44.003812 np0000181115 devstack@neutron-api.service[107792]: INFO neutron.plugins.ml2.plugin [None req-f00dddb1-c232-4a09-8f5f-251f9a787741 None None] Modular L2 Plugin initialization complete
Jun 17 04:40:44.003924 np0000181115 devstack@neutron-api.service[107795]: DEBUG neutron.api.extensions [None req-d74dcbee-e077-4b7c-a3ac-24b9a1a1d79d None None] Ext name="Details of QoS rule types" alias="qos-rule-type-details" description="Expose details about QoS rule types supported by loaded backend drivers" updated="2017-06-22T10:00:00-00:00" {{(pid=107795) _check_extension /opt/stack/neutron/neutron/api/extensions.py:415}}
Jun 17 04:40:44.004027 np0000181115 devstack@neutron-api.service[107792]: DEBUG neutron.manager [None req-f00dddb1-c232-4a09-8f5f-251f9a787741 None None] Loading services supported by the core plugin {{(pid=107792) _load_services_from_core_plugin /opt/stack/neutron/neutron/manager.py:170}}
Jun 17 04:40:44.004027 np0000181115 devstack@neutron-api.service[107792]: INFO neutron.plugins.ml2.managers [None req-f00dddb1-c232-4a09-8f5f-251f9a787741 None None] Got port-security extension from driver 'port_security'
Jun 17 04:40:44.004146 np0000181115 devstack@neutron-api.service[107795]: INFO neutron.api.extensions [None req-d74dcbee-e077-4b7c-a3ac-24b9a1a1d79d None None] Extension qos-rule-type-details not supported by any of loaded plugins
Jun 17 04:40:44.004146 np0000181115 devstack@neutron-api.service[107795]: DEBUG neutron.api.extensions [None req-d74dcbee-e077-4b7c-a3ac-24b9a1a1d79d None None] Loading extension file: qos_rule_type_filter.py {{(pid=107795) _load_all_extensions_from_path /opt/stack/neutron/neutron/api/extensions.py:449}}
Jun 17 04:40:44.004296 np0000181115 devstack@neutron-api.service[107792]: DEBUG neutron.manager [None req-f00dddb1-c232-4a09-8f5f-251f9a787741 None None] Loading service plugins: ['ovn-router', 'auto_allocate', 'tag', 'timestamp', 'network_ip_availability', 'flavors', 'revisions'] {{(pid=107792) _load_service_plugins /opt/stack/neutron/neutron/manager.py:195}}
Jun 17 04:40:44.004413 np0000181115 devstack@neutron-api.service[107795]: DEBUG neutron.api.extensions [None req-d74dcbee-e077-4b7c-a3ac-24b9a1a1d79d None None] Ext name="Allow to filter the list of QoS rule types" alias="qos-rule-type-filter" description="Allows to filter the QoS rule type list adding two new flags. "all_rules" prints all implemented QoS rule types."all_supported" prints all supported QoS rule types by the loaded mechanism drivers" updated="2022-02-02T10:00:00-00:00" {{(pid=107795) _check_extension /opt/stack/neutron/neutron/api/extensions.py:415}}
Jun 17 04:40:44.004546 np0000181115 devstack@neutron-api.service[107792]: INFO neutron.manager [None req-f00dddb1-c232-4a09-8f5f-251f9a787741 None None] Loading Plugin: ovn-router
Jun 17 04:40:44.004648 np0000181115 devstack@neutron-api.service[107795]: INFO neutron.api.extensions [None req-d74dcbee-e077-4b7c-a3ac-24b9a1a1d79d None None] Extension qos-rule-type-filter not supported by any of loaded plugins
Jun 17 04:40:44.004648 np0000181115 devstack@neutron-api.service[107795]: DEBUG neutron.api.extensions [None req-d74dcbee-e077-4b7c-a3ac-24b9a1a1d79d None None] Loading extension file: qos_rules_alias.py {{(pid=107795) _load_all_extensions_from_path /opt/stack/neutron/neutron/api/extensions.py:449}}
Jun 17 04:40:44.004648 np0000181115 devstack@neutron-api.service[107795]: DEBUG neutron.api.extensions [None req-d74dcbee-e077-4b7c-a3ac-24b9a1a1d79d None None] Ext name="Quality of Service rules alias API" alias="qos-rules-alias" description="API to enable GET, PUT and DELETE operations on QoS policy rules without specifying policy ID" updated="2018-10-07T10:00:00-00:00" {{(pid=107795) _check_extension /opt/stack/neutron/neutron/api/extensions.py:415}}
Jun 17 04:40:44.004648 np0000181115 devstack@neutron-api.service[107795]: INFO neutron.api.extensions [None req-d74dcbee-e077-4b7c-a3ac-24b9a1a1d79d None None] Extension qos-rules-alias not supported by any of loaded plugins
Jun 17 04:40:44.004648 np0000181115 devstack@neutron-api.service[107795]: DEBUG neutron.api.extensions [None req-d74dcbee-e077-4b7c-a3ac-24b9a1a1d79d None None] Loading extension file: quota_check_limit.py {{(pid=107795) _load_all_extensions_from_path /opt/stack/neutron/neutron/api/extensions.py:449}}
Jun 17 04:40:44.004648 np0000181115 devstack@neutron-api.service[107795]: DEBUG neutron.api.extensions [None req-d74dcbee-e077-4b7c-a3ac-24b9a1a1d79d None None] Ext name="Quota engine limit check" alias="quota-check-limit" description="Support for checking the resource usage before applying a new quota limit" updated="2021-09-08T16:00:00-00:00" {{(pid=107795) _check_extension /opt/stack/neutron/neutron/api/extensions.py:415}}
Jun 17 04:40:44.004648 np0000181115 devstack@neutron-api.service[107795]: INFO neutron.api.extensions [None req-d74dcbee-e077-4b7c-a3ac-24b9a1a1d79d None None] Loaded extension: quota-check-limit
Jun 17 04:40:44.004947 np0000181115 devstack@neutron-api.service[107795]: DEBUG neutron.api.extensions [None req-d74dcbee-e077-4b7c-a3ac-24b9a1a1d79d None None] Loading extension file: quota_check_limit_default.py {{(pid=107795) _load_all_extensions_from_path /opt/stack/neutron/neutron/api/extensions.py:449}}
Jun 17 04:40:44.004947 np0000181115 devstack@neutron-api.service[107795]: DEBUG neutron.api.extensions [None req-d74dcbee-e077-4b7c-a3ac-24b9a1a1d79d None None] Ext name="Quota engine limit check by default" alias="quota-check-limit-default" description="By default, the Neutron quota engine checks the resource usage before applying a new quota limit" updated="2024-08-21T16:00:00-00:00" {{(pid=107795) _check_extension /opt/stack/neutron/neutron/api/extensions.py:415}}
Jun 17 04:40:44.004947 np0000181115 devstack@neutron-api.service[107795]: INFO neutron.api.extensions [None req-d74dcbee-e077-4b7c-a3ac-24b9a1a1d79d None None] Loaded extension: quota-check-limit-default
Jun 17 04:40:44.004947 np0000181115 devstack@neutron-api.service[107795]: DEBUG neutron.api.extensions [None req-d74dcbee-e077-4b7c-a3ac-24b9a1a1d79d None None] Loading extension file: quotasv2.py {{(pid=107795) _load_all_extensions_from_path /opt/stack/neutron/neutron/api/extensions.py:449}}
Jun 17 04:40:44.004947 np0000181115 devstack@neutron-api.service[107795]: DEBUG neutron.api.extensions [None req-d74dcbee-e077-4b7c-a3ac-24b9a1a1d79d None None] Ext name="Quota management support" alias="quotas" description="Expose functions for quotas management per project" updated="2012-07-29T10:00:00-00:00" {{(pid=107795) _check_extension /opt/stack/neutron/neutron/api/extensions.py:415}}
Jun 17 04:40:44.004947 np0000181115 devstack@neutron-api.service[107795]: INFO neutron.api.extensions [None req-d74dcbee-e077-4b7c-a3ac-24b9a1a1d79d None None] Loaded extension: quotas
Jun 17 04:40:44.004947 np0000181115 devstack@neutron-api.service[107795]: DEBUG neutron.api.extensions [None req-d74dcbee-e077-4b7c-a3ac-24b9a1a1d79d None None] Loading extension file: quotasv2_detail.py {{(pid=107795) _load_all_extensions_from_path /opt/stack/neutron/neutron/api/extensions.py:449}}
Jun 17 04:40:44.005252 np0000181115 devstack@neutron-api.service[107795]: DEBUG neutron.api.extensions [None req-d74dcbee-e077-4b7c-a3ac-24b9a1a1d79d None None] Ext name="Quota details management support" alias="quota_details" description="Expose functions for quotas usage statistics per project" updated="2017-02-10T10:00:00-00:00" {{(pid=107795) _check_extension /opt/stack/neutron/neutron/api/extensions.py:415}}
Jun 17 04:40:44.005252 np0000181115 devstack@neutron-api.service[107795]: INFO neutron.api.extensions [None req-d74dcbee-e077-4b7c-a3ac-24b9a1a1d79d None None] Loaded extension: quota_details
Jun 17 04:40:44.005252 np0000181115 devstack@neutron-api.service[107795]: DEBUG neutron.api.extensions [None req-d74dcbee-e077-4b7c-a3ac-24b9a1a1d79d None None] Loading extension file: rbac.py {{(pid=107795) _load_all_extensions_from_path /opt/stack/neutron/neutron/api/extensions.py:449}}
Jun 17 04:40:44.005252 np0000181115 devstack@neutron-api.service[107795]: DEBUG neutron.api.extensions [None req-d74dcbee-e077-4b7c-a3ac-24b9a1a1d79d None None] Ext name="RBAC Policies" alias="rbac-policies" description="Allows creation and modification of policies that control project access to resources." updated="2015-06-17T12:15:12-00:00" {{(pid=107795) _check_extension /opt/stack/neutron/neutron/api/extensions.py:415}}
Jun 17 04:40:44.005480 np0000181115 devstack@neutron-api.service[107795]: INFO neutron.api.extensions [None req-d74dcbee-e077-4b7c-a3ac-24b9a1a1d79d None None] Loaded extension: rbac-policies
Jun 17 04:40:44.005480 np0000181115 devstack@neutron-api.service[107795]: DEBUG neutron.api.extensions [None req-d74dcbee-e077-4b7c-a3ac-24b9a1a1d79d None None] Loading extension file: rbac_address_group.py {{(pid=107795) _load_all_extensions_from_path /opt/stack/neutron/neutron/api/extensions.py:449}}
Jun 17 04:40:44.005697 np0000181115 devstack@neutron-api.service[107795]: DEBUG neutron.api.extensions [None req-d74dcbee-e077-4b7c-a3ac-24b9a1a1d79d None None] Ext name="Add address_group type to RBAC" alias="rbac-address-group" description="Add address_group type to network RBAC" updated="2021-01-20T00:00:00-00:00" {{(pid=107795) _check_extension /opt/stack/neutron/neutron/api/extensions.py:415}}
Jun 17 04:40:44.005872 np0000181115 devstack@neutron-api.service[107795]: INFO neutron.api.extensions [None req-d74dcbee-e077-4b7c-a3ac-24b9a1a1d79d None None] Extension rbac-address-group not supported by any of loaded plugins
