Apr 27 08:08:11.905886 np0000170427 devstack@neutron-api.service[104508]: DEBUG neutron.api.extensions [None req-98d2de09-1b65-4936-afb0-5a8984214038 None None] Ext name="Uplink status propagation extension" alias="uplink-status-propagation" description="Provides ability to propagate port uplink status." updated="2018-05-31T18:00:00-00:00" {{(pid=104508) _check_extension /opt/stack/neutron/neutron/api/extensions.py:415}}
Apr 27 08:08:11.906093 np0000170427 devstack@neutron-api.service[104508]: INFO neutron.api.extensions [None req-98d2de09-1b65-4936-afb0-5a8984214038 None None] Extension uplink-status-propagation not supported by any of loaded plugins
Apr 27 08:08:11.906203 np0000170427 devstack@neutron-api.service[104508]: DEBUG neutron.api.extensions [None req-98d2de09-1b65-4936-afb0-5a8984214038 None None] Loading extension file: uplink_status_propagation_updatable.py {{(pid=104508) _load_all_extensions_from_path /opt/stack/neutron/neutron/api/extensions.py:449}}
Apr 27 08:08:11.906475 np0000170427 devstack@neutron-api.service[104508]: DEBUG neutron.api.extensions [None req-98d2de09-1b65-4936-afb0-5a8984214038 None None] Ext name="Uplink status propagation updatable extension" alias="uplink-status-propagation-updatable" description="Provides ability to update the port uplink status." updated="2024-09-03T18:00:00-00:00" {{(pid=104508) _check_extension /opt/stack/neutron/neutron/api/extensions.py:415}}
Apr 27 08:08:11.906694 np0000170427 devstack@neutron-api.service[104508]: INFO neutron.api.extensions [None req-98d2de09-1b65-4936-afb0-5a8984214038 None None] Extension uplink-status-propagation-updatable not supported by any of loaded plugins
Apr 27 08:08:11.906791 np0000170427 devstack@neutron-api.service[104508]: DEBUG neutron.api.extensions [None req-98d2de09-1b65-4936-afb0-5a8984214038 None None] Loading extension file: vlantransparent.py {{(pid=104508) _load_all_extensions_from_path /opt/stack/neutron/neutron/api/extensions.py:449}}
Apr 27 08:08:11.907208 np0000170427 devstack@neutron-api.service[104508]: DEBUG neutron.api.extensions [None req-98d2de09-1b65-4936-afb0-5a8984214038 None None] Ext name="Vlantransparent" alias="vlan-transparent" description="Provides Vlan Transparent Networks" updated="2015-03-23T09:00:00-00:00" {{(pid=104508) _check_extension /opt/stack/neutron/neutron/api/extensions.py:415}}
Apr 27 08:08:11.907506 np0000170427 devstack@neutron-api.service[104508]: INFO neutron.api.extensions [None req-98d2de09-1b65-4936-afb0-5a8984214038 None None] Loaded extension: vlan-transparent
Apr 27 08:08:11.909440 np0000170427 devstack@neutron-api.service[104508]: INFO neutron.quota.resource_registry [None req-98d2de09-1b65-4936-afb0-5a8984214038 None None] Creating instance of TrackedResource for resource:network
Apr 27 08:08:11.909681 np0000170427 devstack@neutron-api.service[104507]: INFO neutron.db.ovn_hash_ring_db [None req-63a17eb6-6ba8-4f77-beb1-9a09859c8024 None None] Node 4a3a3e0bcfa4504cbc190c913ede1117 from host "np0000170427" and group "mechanism_driver" added to the Hash Ring
Apr 27 08:08:11.909715 np0000170427 devstack@neutron-api.service[104508]: INFO neutron.quota.resource_registry [None req-98d2de09-1b65-4936-afb0-5a8984214038 None None] Creating instance of TrackedResource for resource:subnet
Apr 27 08:08:11.909851 np0000170427 devstack@neutron-api.service[104508]: INFO neutron.quota.resource_registry [None req-98d2de09-1b65-4936-afb0-5a8984214038 None None] Creating instance of TrackedResource for resource:subnetpool
Apr 27 08:08:11.909979 np0000170427 devstack@neutron-api.service[104508]: INFO neutron.quota.resource_registry [None req-98d2de09-1b65-4936-afb0-5a8984214038 None None] Creating instance of TrackedResource for resource:port
Apr 27 08:08:11.911698 np0000170427 devstack@neutron-api.service[104508]: DEBUG neutron.api.v2.resource_helper [None req-98d2de09-1b65-4936-afb0-5a8984214038 None None] Service L3_ROUTER_NAT assigned prefix: {{(pid=104508) build_resource_info /opt/stack/neutron/neutron/api/v2/resource_helper.py:77}}
Apr 27 08:08:11.912094 np0000170427 devstack@neutron-api.service[104508]: DEBUG neutron.api.v2.resource_helper [None req-98d2de09-1b65-4936-afb0-5a8984214038 None None] Service FLAVORS assigned prefix: {{(pid=104508) build_resource_info /opt/stack/neutron/neutron/api/v2/resource_helper.py:77}}
Apr 27 08:08:11.913042 np0000170427 devstack@neutron-api.service[104508]: DEBUG neutron.api.v2.resource_helper [None req-98d2de09-1b65-4936-afb0-5a8984214038 None None] Service L3_ROUTER_NAT assigned prefix: {{(pid=104508) build_resource_info /opt/stack/neutron/neutron/api/v2/resource_helper.py:77}}
Apr 27 08:08:11.913294 np0000170427 devstack@neutron-api.service[104507]: DEBUG neutron.plugins.ml2.drivers.ovn.mech_driver.mech_driver [None req-63a17eb6-6ba8-4f77-beb1-9a09859c8024 None None] Hash Ring setup, this worker has detected 3 OVN hash ring registers in the database {{(pid=104507) _init_hash_ring /opt/stack/neutron/neutron/plugins/ml2/drivers/ovn/mech_driver/mech_driver.py:412}}
Apr 27 08:08:11.913627 np0000170427 devstack@neutron-api.service[104508]: DEBUG neutron.api.v2.resource_helper [None req-98d2de09-1b65-4936-afb0-5a8984214038 None None] Service L3_ROUTER_NAT assigned prefix: {{(pid=104508) build_resource_info /opt/stack/neutron/neutron/api/v2/resource_helper.py:77}}
Apr 27 08:08:11.913779 np0000170427 devstack@neutron-api.service[104508]: INFO neutron.quota.resource_registry [None req-98d2de09-1b65-4936-afb0-5a8984214038 None None] Creating instance of TrackedResource for resource:router
Apr 27 08:08:11.915071 np0000170427 devstack@neutron-api.service[104508]: INFO neutron.quota.resource_registry [None req-98d2de09-1b65-4936-afb0-5a8984214038 None None] Creating instance of TrackedResource for resource:floatingip
Apr 27 08:08:11.915788 np0000170427 devstack@neutron-api.service[104508]: INFO neutron.quota.resource_registry [None req-98d2de09-1b65-4936-afb0-5a8984214038 None None] Creating instance of CountableResource for resource:rbac_policy
Apr 27 08:08:11.916540 np0000170427 devstack@neutron-api.service[104508]: INFO neutron.quota.resource_registry [None req-98d2de09-1b65-4936-afb0-5a8984214038 None None] Creating instance of TrackedResource for resource:security_group
Apr 27 08:08:11.917023 np0000170427 devstack@neutron-api.service[104508]: INFO neutron.quota.resource_registry [None req-98d2de09-1b65-4936-afb0-5a8984214038 None None] Creating instance of TrackedResource for resource:security_group_rule
Apr 27 08:08:11.917949 np0000170427 devstack@neutron-api.service[104508]: DEBUG neutron.api.v2.resource_helper [None req-98d2de09-1b65-4936-afb0-5a8984214038 None None] Service CORE assigned prefix: {{(pid=104508) build_resource_info /opt/stack/neutron/neutron/api/v2/resource_helper.py:77}}
Apr 27 08:08:11.917949 np0000170427 devstack@neutron-api.service[104508]: INFO neutron.quota.resource_registry [None req-98d2de09-1b65-4936-afb0-5a8984214038 None None] Creating instance of TrackedResource for resource:subnetpool
Apr 27 08:08:11.917949 np0000170427 devstack@neutron-api.service[104508]: WARNING neutron.quota.resource_registry [None req-98d2de09-1b65-4936-afb0-5a8984214038 None None] subnetpool is already registered
Apr 27 08:08:11.920562 np0000170427 devstack@neutron-api.service[104508]: DEBUG neutron.api.v2.resource_helper [None req-98d2de09-1b65-4936-afb0-5a8984214038 None None] Service L3_ROUTER_NAT assigned prefix: {{(pid=104508) build_resource_info /opt/stack/neutron/neutron/api/v2/resource_helper.py:77}}
Apr 27 08:08:11.920972 np0000170427 devstack@neutron-api.service[104508]: DEBUG neutron.api.v2.resource_helper [None req-98d2de09-1b65-4936-afb0-5a8984214038 None None] Service FLAVORS assigned prefix: {{(pid=104508) build_resource_info /opt/stack/neutron/neutron/api/v2/resource_helper.py:77}}
Apr 27 08:08:11.921849 np0000170427 devstack@neutron-api.service[104508]: DEBUG neutron.api.v2.resource_helper [None req-98d2de09-1b65-4936-afb0-5a8984214038 None None] Service L3_ROUTER_NAT assigned prefix: {{(pid=104508) build_resource_info /opt/stack/neutron/neutron/api/v2/resource_helper.py:77}}
Apr 27 08:08:11.922271 np0000170427 devstack@neutron-api.service[104508]: DEBUG neutron.api.v2.resource_helper [None req-98d2de09-1b65-4936-afb0-5a8984214038 None None] Service L3_ROUTER_NAT assigned prefix: {{(pid=104508) build_resource_info /opt/stack/neutron/neutron/api/v2/resource_helper.py:77}}
Apr 27 08:08:11.922436 np0000170427 devstack@neutron-api.service[104508]: INFO neutron.quota.resource_registry [None req-98d2de09-1b65-4936-afb0-5a8984214038 None None] Creating instance of TrackedResource for resource:router
Apr 27 08:08:11.922611 np0000170427 devstack@neutron-api.service[104508]: WARNING neutron.quota.resource_registry [None req-98d2de09-1b65-4936-afb0-5a8984214038 None None] router is already registered
Apr 27 08:08:11.922803 np0000170427 devstack@neutron-api.service[104507]: DEBUG neutron.plugins.ml2.drivers.ovn.mech_driver.ovsdb.maintenance [None req-63a17eb6-6ba8-4f77-beb1-9a09859c8024 None None] Periodic task found: HashRingHealthCheckPeriodics.touch_hash_ring_node {{(pid=104507) add_periodics /opt/stack/neutron/neutron/plugins/ml2/drivers/ovn/mech_driver/ovsdb/maintenance.py:148}}
Apr 27 08:08:11.923252 np0000170427 devstack@neutron-api.service[104508]: INFO neutron.quota.resource_registry [None req-98d2de09-1b65-4936-afb0-5a8984214038 None None] Creating instance of TrackedResource for resource:floatingip
Apr 27 08:08:11.923391 np0000170427 devstack@neutron-api.service[104508]: WARNING neutron.quota.resource_registry [None req-98d2de09-1b65-4936-afb0-5a8984214038 None None] floatingip is already registered
Apr 27 08:08:11.924001 np0000170427 devstack@neutron-api.service[104507]: INFO neutron.plugins.ml2.drivers.ovn.mech_driver.mech_driver [None req-63a17eb6-6ba8-4f77-beb1-9a09859c8024 None None] Hash Ring probing thread for node 4a3a3e0bcfa4504cbc190c913ede1117 has started
Apr 27 08:08:11.924717 np0000170427 devstack@neutron-api.service[104508]: INFO neutron.quota.resource_registry [None req-98d2de09-1b65-4936-afb0-5a8984214038 None None] Creating instance of CountableResource for resource:rbac_policy
Apr 27 08:08:11.924827 np0000170427 devstack@neutron-api.service[104508]: WARNING neutron.quota.resource_registry [None req-98d2de09-1b65-4936-afb0-5a8984214038 None None] rbac_policy is already registered
Apr 27 08:08:11.924863 np0000170427 devstack@neutron-api.service[104507]: INFO neutron.plugins.ml2.drivers.ovn.mech_driver.ovsdb.impl_idl_ovn [None req-63a17eb6-6ba8-4f77-beb1-9a09859c8024 None None] Getting OvsdbNbOvnIdl for WorkerService with retry
Apr 27 08:08:11.925365 np0000170427 devstack@neutron-api.service[104508]: INFO neutron.quota.resource_registry [None req-98d2de09-1b65-4936-afb0-5a8984214038 None None] Creating instance of TrackedResource for resource:security_group
Apr 27 08:08:11.925506 np0000170427 devstack@neutron-api.service[104508]: WARNING neutron.quota.resource_registry [None req-98d2de09-1b65-4936-afb0-5a8984214038 None None] security_group is already registered
Apr 27 08:08:11.925883 np0000170427 devstack@neutron-api.service[104508]: INFO neutron.quota.resource_registry [None req-98d2de09-1b65-4936-afb0-5a8984214038 None None] Creating instance of TrackedResource for resource:security_group_rule
Apr 27 08:08:11.926008 np0000170427 devstack@neutron-api.service[104508]: WARNING neutron.quota.resource_registry [None req-98d2de09-1b65-4936-afb0-5a8984214038 None None] security_group_rule is already registered
Apr 27 08:08:11.926552 np0000170427 devstack@neutron-api.service[104508]: DEBUG neutron.api.v2.resource_helper [None req-98d2de09-1b65-4936-afb0-5a8984214038 None None] Service CORE assigned prefix: {{(pid=104508) build_resource_info /opt/stack/neutron/neutron/api/v2/resource_helper.py:77}}
Apr 27 08:08:11.926681 np0000170427 devstack@neutron-api.service[104508]: INFO neutron.quota.resource_registry [None req-98d2de09-1b65-4936-afb0-5a8984214038 None None] Creating instance of TrackedResource for resource:subnetpool
Apr 27 08:08:11.926841 np0000170427 devstack@neutron-api.service[104508]: WARNING neutron.quota.resource_registry [None req-98d2de09-1b65-4936-afb0-5a8984214038 None None] subnetpool is already registered
Apr 27 08:08:11.927309 np0000170427 devstack@neutron-api.service[104508]: DEBUG neutron.api.extensions [None req-98d2de09-1b65-4936-afb0-5a8984214038 None None] Extended resource: extensions {{(pid=104508) __init__ /opt/stack/neutron/neutron/api/extensions.py:156}}
Apr 27 08:08:11.928242 np0000170427 devstack@neutron-api.service[104508]: DEBUG neutron.api.extensions [None req-98d2de09-1b65-4936-afb0-5a8984214038 None None] Extended resource: address-groups {{(pid=104508) __init__ /opt/stack/neutron/neutron/api/extensions.py:156}}
Apr 27 08:08:11.928920 np0000170427 devstack@neutron-api.service[104508]: DEBUG neutron.api.extensions [None req-98d2de09-1b65-4936-afb0-5a8984214038 None None] Extended resource: address-scopes {{(pid=104508) __init__ /opt/stack/neutron/neutron/api/extensions.py:156}}
Apr 27 08:08:11.929474 np0000170427 devstack@neutron-api.service[104508]: DEBUG neutron.api.extensions [None req-98d2de09-1b65-4936-afb0-5a8984214038 None None] Extended resource: agents {{(pid=104508) __init__ /opt/stack/neutron/neutron/api/extensions.py:156}}
Apr 27 08:08:11.930051 np0000170427 devstack@neutron-api.service[104508]: DEBUG neutron.api.extensions [None req-98d2de09-1b65-4936-afb0-5a8984214038 None None] Extended resource: auto-allocated-topology {{(pid=104508) __init__ /opt/stack/neutron/neutron/api/extensions.py:156}}
Apr 27 08:08:11.930620 np0000170427 devstack@neutron-api.service[104508]: DEBUG neutron.api.extensions [None req-98d2de09-1b65-4936-afb0-5a8984214038 None None] Extended resource: availability_zones {{(pid=104508) __init__ /opt/stack/neutron/neutron/api/extensions.py:156}}
Apr 27 08:08:11.931181 np0000170427 devstack@neutron-api.service[104508]: DEBUG neutron.api.extensions [None req-98d2de09-1b65-4936-afb0-5a8984214038 None None] Extended resource: dhcp-networks {{(pid=104508) __init__ /opt/stack/neutron/neutron/api/extensions.py:156}}
Apr 27 08:08:11.931259 np0000170427 devstack@neutron-api.service[104509]: DEBUG ovsdbapp.backend.ovs_idl [None req-64102de9-2886-4dc2-9793-2de5ff3579b2 None None] Created lookup_table index Logical_Switch.name {{(pid=104509) autocreate_indices /opt/stack/data/venv/lib/python3.12/site-packages/ovsdbapp/backend/ovs_idl/__init__.py:87}}
Apr 27 08:08:11.931375 np0000170427 devstack@neutron-api.service[104509]: DEBUG ovsdbapp.backend.ovs_idl [None req-64102de9-2886-4dc2-9793-2de5ff3579b2 None None] Created lookup_table index Logical_Router.name {{(pid=104509) autocreate_indices /opt/stack/data/venv/lib/python3.12/site-packages/ovsdbapp/backend/ovs_idl/__init__.py:87}}
Apr 27 08:08:11.931471 np0000170427 devstack@neutron-api.service[104509]: DEBUG ovsdbapp.backend.ovs_idl [None req-64102de9-2886-4dc2-9793-2de5ff3579b2 None None] Created lookup_table index Load_Balancer.name {{(pid=104509) autocreate_indices /opt/stack/data/venv/lib/python3.12/site-packages/ovsdbapp/backend/ovs_idl/__init__.py:87}}
Apr 27 08:08:11.931582 np0000170427 devstack@neutron-api.service[104509]: DEBUG ovsdbapp.backend.ovs_idl [None req-64102de9-2886-4dc2-9793-2de5ff3579b2 None None] Created schema index Copp.name {{(pid=104509) autocreate_indices /opt/stack/data/venv/lib/python3.12/site-packages/ovsdbapp/backend/ovs_idl/__init__.py:106}}
Apr 27 08:08:11.931672 np0000170427 devstack@neutron-api.service[104509]: DEBUG ovsdbapp.backend.ovs_idl [None req-64102de9-2886-4dc2-9793-2de5ff3579b2 None None] Created schema index Meter.name {{(pid=104509) autocreate_indices /opt/stack/data/venv/lib/python3.12/site-packages/ovsdbapp/backend/ovs_idl/__init__.py:106}}
Apr 27 08:08:11.931761 np0000170427 devstack@neutron-api.service[104509]: DEBUG ovsdbapp.backend.ovs_idl [None req-64102de9-2886-4dc2-9793-2de5ff3579b2 None None] Created schema index Load_Balancer_Group.name {{(pid=104509) autocreate_indices /opt/stack/data/venv/lib/python3.12/site-packages/ovsdbapp/backend/ovs_idl/__init__.py:106}}
Apr 27 08:08:11.931822 np0000170427 devstack@neutron-api.service[104508]: DEBUG neutron.api.extensions [None req-98d2de09-1b65-4936-afb0-5a8984214038 None None] Extended resource: dhcp-agents {{(pid=104508) __init__ /opt/stack/neutron/neutron/api/extensions.py:156}}
Apr 27 08:08:11.931854 np0000170427 devstack@neutron-api.service[104509]: DEBUG ovsdbapp.backend.ovs_idl [None req-64102de9-2886-4dc2-9793-2de5ff3579b2 None None] Created schema index HA_Chassis_Group.name {{(pid=104509) autocreate_indices /opt/stack/data/venv/lib/python3.12/site-packages/ovsdbapp/backend/ovs_idl/__init__.py:106}}
Apr 27 08:08:11.931936 np0000170427 devstack@neutron-api.service[104509]: DEBUG ovsdbapp.backend.ovs_idl [None req-64102de9-2886-4dc2-9793-2de5ff3579b2 None None] Created schema index Address_Set.name {{(pid=104509) autocreate_indices /opt/stack/data/venv/lib/python3.12/site-packages/ovsdbapp/backend/ovs_idl/__init__.py:106}}
Apr 27 08:08:11.932030 np0000170427 devstack@neutron-api.service[104509]: DEBUG ovsdbapp.backend.ovs_idl [None req-64102de9-2886-4dc2-9793-2de5ff3579b2 None None] Created schema index Connection.target {{(pid=104509) autocreate_indices /opt/stack/data/venv/lib/python3.12/site-packages/ovsdbapp/backend/ovs_idl/__init__.py:106}}
Apr 27 08:08:11.932118 np0000170427 devstack@neutron-api.service[104509]: DEBUG ovsdbapp.backend.ovs_idl [None req-64102de9-2886-4dc2-9793-2de5ff3579b2 None None] Created schema index Gateway_Chassis.name {{(pid=104509) autocreate_indices /opt/stack/data/venv/lib/python3.12/site-packages/ovsdbapp/backend/ovs_idl/__init__.py:106}}
Apr 27 08:08:11.932224 np0000170427 devstack@neutron-api.service[104509]: DEBUG ovsdbapp.backend.ovs_idl [None req-64102de9-2886-4dc2-9793-2de5ff3579b2 None None] Created schema index Mirror.name {{(pid=104509) autocreate_indices /opt/stack/data/venv/lib/python3.12/site-packages/ovsdbapp/backend/ovs_idl/__init__.py:106}}
Apr 27 08:08:11.932315 np0000170427 devstack@neutron-api.service[104509]: DEBUG ovsdbapp.backend.ovs_idl [None req-64102de9-2886-4dc2-9793-2de5ff3579b2 None None] Created schema index Chassis_Template_Var.chassis {{(pid=104509) autocreate_indices /opt/stack/data/venv/lib/python3.12/site-packages/ovsdbapp/backend/ovs_idl/__init__.py:106}}
Apr 27 08:08:11.932405 np0000170427 devstack@neutron-api.service[104509]: DEBUG ovsdbapp.backend.ovs_idl [None req-64102de9-2886-4dc2-9793-2de5ff3579b2 None None] Created schema index Logical_Router_Port.name {{(pid=104509) autocreate_indices /opt/stack/data/venv/lib/python3.12/site-packages/ovsdbapp/backend/ovs_idl/__init__.py:106}}
Apr 27 08:08:11.932494 np0000170427 devstack@neutron-api.service[104509]: DEBUG ovsdbapp.backend.ovs_idl [None req-64102de9-2886-4dc2-9793-2de5ff3579b2 None None] Created schema index Port_Group.name {{(pid=104509) autocreate_indices /opt/stack/data/venv/lib/python3.12/site-packages/ovsdbapp/backend/ovs_idl/__init__.py:106}}
Apr 27 08:08:11.932549 np0000170427 devstack@neutron-api.service[104508]: DEBUG neutron.api.extensions [None req-98d2de09-1b65-4936-afb0-5a8984214038 None None] Extended resource: routers {{(pid=104508) __init__ /opt/stack/neutron/neutron/api/extensions.py:156}}
Apr 27 08:08:11.932578 np0000170427 devstack@neutron-api.service[104509]: DEBUG ovsdbapp.backend.ovs_idl [None req-64102de9-2886-4dc2-9793-2de5ff3579b2 None None] Created schema index Logical_Switch_Port.name {{(pid=104509) autocreate_indices /opt/stack/data/venv/lib/python3.12/site-packages/ovsdbapp/backend/ovs_idl/__init__.py:106}}
Apr 27 08:08:11.933632 np0000170427 devstack@neutron-api.service[104508]: DEBUG neutron.api.extensions [None req-98d2de09-1b65-4936-afb0-5a8984214038 None None] Extended resource: flavors {{(pid=104508) __init__ /opt/stack/neutron/neutron/api/extensions.py:156}}
Apr 27 08:08:11.934161 np0000170427 devstack@neutron-api.service[104508]: DEBUG neutron.api.extensions [None req-98d2de09-1b65-4936-afb0-5a8984214038 None None] Extended resource: service_profiles {{(pid=104508) __init__ /opt/stack/neutron/neutron/api/extensions.py:156}}
Apr 27 08:08:11.934640 np0000170427 devstack@neutron-api.service[104509]: INFO ovsdbapp.backend.ovs_idl.vlog [None req-64102de9-2886-4dc2-9793-2de5ff3579b2 None None] ssl:199.204.45.115:6641: connecting...
Apr 27 08:08:11.934713 np0000170427 devstack@neutron-api.service[104508]: DEBUG neutron.api.extensions [None req-98d2de09-1b65-4936-afb0-5a8984214038 None None] Extended resource: next_providers {{(pid=104508) __init__ /opt/stack/neutron/neutron/api/extensions.py:156}}
Apr 27 08:08:11.935581 np0000170427 devstack@neutron-api.service[104508]: DEBUG neutron.api.extensions [None req-98d2de09-1b65-4936-afb0-5a8984214038 None None] Extended resource: service_profiles {{(pid=104508) __init__ /opt/stack/neutron/neutron/api/extensions.py:156}}
Apr 27 08:08:11.936425 np0000170427 devstack@neutron-api.service[104508]: DEBUG neutron.api.extensions [None req-98d2de09-1b65-4936-afb0-5a8984214038 None None] Extended resource: floatingip-pools {{(pid=104508) __init__ /opt/stack/neutron/neutron/api/extensions.py:156}}
Apr 27 08:08:11.937029 np0000170427 devstack@neutron-api.service[104508]: DEBUG neutron.api.extensions [None req-98d2de09-1b65-4936-afb0-5a8984214038 None None] Extended resource: routers {{(pid=104508) __init__ /opt/stack/neutron/neutron/api/extensions.py:156}}
Apr 27 08:08:11.937985 np0000170427 devstack@neutron-api.service[104508]: DEBUG neutron.api.extensions [None req-98d2de09-1b65-4936-afb0-5a8984214038 None None] Extended resource: floatingips {{(pid=104508) __init__ /opt/stack/neutron/neutron/api/extensions.py:156}}
Apr 27 08:08:11.938583 np0000170427 devstack@neutron-api.service[104508]: DEBUG neutron.api.extensions [None req-98d2de09-1b65-4936-afb0-5a8984214038 None None] Extended resource: network-ip-availabilities {{(pid=104508) __init__ /opt/stack/neutron/neutron/api/extensions.py:156}}
Apr 27 08:08:11.939186 np0000170427 devstack@neutron-api.service[104508]: DEBUG neutron.api.extensions [None req-98d2de09-1b65-4936-afb0-5a8984214038 None None] Extended resource: network-ip-availabilities {{(pid=104508) __init__ /opt/stack/neutron/neutron/api/extensions.py:156}}
Apr 27 08:08:11.939781 np0000170427 devstack@neutron-api.service[104508]: DEBUG neutron.api.extensions [None req-98d2de09-1b65-4936-afb0-5a8984214038 None None] Extended resource: bindings {{(pid=104508) __init__ /opt/stack/neutron/neutron/api/extensions.py:156}}
Apr 27 08:08:11.940518 np0000170427 devstack@neutron-api.service[104508]: DEBUG neutron.api.extensions [None req-98d2de09-1b65-4936-afb0-5a8984214038 None None] Extended resource: quotas {{(pid=104508) __init__ /opt/stack/neutron/neutron/api/extensions.py:156}}
Apr 27 08:08:11.941292 np0000170427 devstack@neutron-api.service[104508]: DEBUG neutron.api.extensions [None req-98d2de09-1b65-4936-afb0-5a8984214038 None None] Extended resource: quotas {{(pid=104508) __init__ /opt/stack/neutron/neutron/api/extensions.py:156}}
Apr 27 08:08:11.941964 np0000170427 devstack@neutron-api.service[104508]: DEBUG neutron.api.extensions [None req-98d2de09-1b65-4936-afb0-5a8984214038 None None] Extended resource: rbac-policies {{(pid=104508) __init__ /opt/stack/neutron/neutron/api/extensions.py:156}}
Apr 27 08:08:11.942112 np0000170427 devstack@neutron-api.service[104509]: INFO ovsdbapp.backend.ovs_idl.vlog [None req-64102de9-2886-4dc2-9793-2de5ff3579b2 None None] ssl:199.204.45.115:6641: connected
Apr 27 08:08:11.942485 np0000170427 devstack@neutron-api.service[104508]: DEBUG neutron.api.extensions [None req-98d2de09-1b65-4936-afb0-5a8984214038 None None] Extended resource: default-security-group-rules {{(pid=104508) __init__ /opt/stack/neutron/neutron/api/extensions.py:156}}
Apr 27 08:08:11.943646 np0000170427 devstack@neutron-api.service[104508]: DEBUG neutron.api.extensions [None req-98d2de09-1b65-4936-afb0-5a8984214038 None None] Extended resource: security-groups {{(pid=104508) __init__ /opt/stack/neutron/neutron/api/extensions.py:156}}
Apr 27 08:08:11.944195 np0000170427 devstack@neutron-api.service[104508]: DEBUG neutron.api.extensions [None req-98d2de09-1b65-4936-afb0-5a8984214038 None None] Extended resource: security-group-rules {{(pid=104508) __init__ /opt/stack/neutron/neutron/api/extensions.py:156}}
Apr 27 08:08:11.944806 np0000170427 devstack@neutron-api.service[104508]: DEBUG neutron.api.extensions [None req-98d2de09-1b65-4936-afb0-5a8984214038 None None] Extended resource: service-providers {{(pid=104508) __init__ /opt/stack/neutron/neutron/api/extensions.py:156}}
Apr 27 08:08:11.945431 np0000170427 devstack@neutron-api.service[104508]: DEBUG neutron.api.extensions [None req-98d2de09-1b65-4936-afb0-5a8984214038 None None] Extended resource: subnetpools {{(pid=104508) __init__ /opt/stack/neutron/neutron/api/extensions.py:156}}
Apr 27 08:08:11.945967 np0000170427 devstack@neutron-api.service[104508]: DEBUG neutron.api.extensions [None req-98d2de09-1b65-4936-afb0-5a8984214038 None None] Extended resource: tags {{(pid=104508) __init__ /opt/stack/neutron/neutron/api/extensions.py:156}}
Apr 27 08:08:11.946729 np0000170427 devstack@neutron-api.service[104508]: DEBUG neutron.api.extensions [None req-98d2de09-1b65-4936-afb0-5a8984214038 None None] Extended resource: tags {{(pid=104508) __init__ /opt/stack/neutron/neutron/api/extensions.py:156}}
Apr 27 08:08:11.947553 np0000170427 devstack@neutron-api.service[104508]: DEBUG neutron.api.extensions [None req-98d2de09-1b65-4936-afb0-5a8984214038 None None] Extended resource: tags {{(pid=104508) __init__ /opt/stack/neutron/neutron/api/extensions.py:156}}
Apr 27 08:08:11.948425 np0000170427 devstack@neutron-api.service[104508]: DEBUG neutron.api.extensions [None req-98d2de09-1b65-4936-afb0-5a8984214038 None None] Extended resource: tags {{(pid=104508) __init__ /opt/stack/neutron/neutron/api/extensions.py:156}}
Apr 27 08:08:11.950227 np0000170427 devstack@neutron-api.service[104508]: DEBUG neutron.api.extensions [None req-98d2de09-1b65-4936-afb0-5a8984214038 None None] Extended resource: tags {{(pid=104508) __init__ /opt/stack/neutron/neutron/api/extensions.py:156}}
Apr 27 08:08:11.950227 np0000170427 devstack@neutron-api.service[104508]: DEBUG neutron.api.extensions [None req-98d2de09-1b65-4936-afb0-5a8984214038 None None] Extended resource: tags {{(pid=104508) __init__ /opt/stack/neutron/neutron/api/extensions.py:156}}
Apr 27 08:08:11.950880 np0000170427 devstack@neutron-api.service[104508]: DEBUG neutron.api.extensions [None req-98d2de09-1b65-4936-afb0-5a8984214038 None None] Extended resource: tags {{(pid=104508) __init__ /opt/stack/neutron/neutron/api/extensions.py:156}}
Apr 27 08:08:11.951749 np0000170427 devstack@neutron-api.service[104508]: DEBUG neutron.api.extensions [None req-98d2de09-1b65-4936-afb0-5a8984214038 None None] Extended resource: tags {{(pid=104508) __init__ /opt/stack/neutron/neutron/api/extensions.py:156}}
Apr 27 08:08:11.952581 np0000170427 devstack@neutron-api.service[104508]: DEBUG neutron.api.extensions [None req-98d2de09-1b65-4936-afb0-5a8984214038 None None] Extended resource: tags {{(pid=104508) __init__ /opt/stack/neutron/neutron/api/extensions.py:156}}
Apr 27 08:08:11.953369 np0000170427 devstack@neutron-api.service[104508]: DEBUG neutron.api.extensions [None req-98d2de09-1b65-4936-afb0-5a8984214038 None None] Extended resource: tags {{(pid=104508) __init__ /opt/stack/neutron/neutron/api/extensions.py:156}}
Apr 27 08:08:11.956731 np0000170427 devstack@neutron-api.service[104508]: WARNING keystonemiddleware.auth_token [None req-98d2de09-1b65-4936-afb0-5a8984214038 None None] AuthToken middleware is set with keystone_authtoken.service_token_roles_required set to False. This is backwards compatible but deprecated behaviour. Please set this to True.
Apr 27 08:08:11.966747 np0000170427 devstack@neutron-api.service[104508]: DEBUG neutron_lib.callbacks.manager [None req-98d2de09-1b65-4936-afb0-5a8984214038 None None] Publish callbacks ['neutron.plugins.ml2.drivers.ovn.mech_driver.mech_driver.OVNMechanismDriver.pre_fork_initialize-211864'] for process (None), before_spawn {{(pid=104508) _notify_loop /opt/stack/data/venv/lib/python3.12/site-packages/neutron_lib/callbacks/manager.py:184}}
Apr 27 08:08:11.967343 np0000170427 devstack@neutron-api.service[104508]: DEBUG oslo_concurrency.processutils [None req-98d2de09-1b65-4936-afb0-5a8984214038 None None] Running cmd (subprocess): ovsdb-client transact ssl:199.204.45.115:6641 --timeout 180 -p /opt/stack/data/CA/int-ca/private/devstack-cert.key -c /opt/stack/data/CA/int-ca/devstack-cert.crt -C /opt/stack/data/CA/int-ca/ca-chain.pem ["OVN_Northbound", {"op": "wait", "timeout": 0, "table": "Port_Group", "where": [["name", "==", "neutron_pg_drop"]], "until": "==", "rows": []}, {"op": "insert", "table": "ACL", "row": {"action": "drop", "direction": "to-lport", "match": "outport == @neutron_pg_drop && ip", "priority": 1001}, "uuid-name": "droptoport"}, {"op": "insert", "table": "ACL", "row": {"action": "drop", "direction": "from-lport", "match": "inport == @neutron_pg_drop && ip", "priority": 1001}, "uuid-name": "dropfromport"}, {"op": "insert", "table": "Port_Group", "row": {"name": "neutron_pg_drop", "acls": ["set", [["named-uuid", "droptoport"], ["named-uuid", "dropfromport"]]]}}] {{(pid=104508) execute /opt/stack/data/venv/lib/python3.12/site-packages/oslo_concurrency/processutils.py:440}}
Apr 27 08:08:11.974124 np0000170427 devstack@neutron-api.service[104509]: DEBUG neutron.common.ovn.hash_ring_manager [None req-64102de9-2886-4dc2-9793-2de5ff3579b2 None None] Disallow caching, nodes 3<4 {{(pid=104509) _wait_startup_before_caching /opt/stack/neutron/neutron/common/ovn/hash_ring_manager.py:72}}
Apr 27 08:08:11.974782 np0000170427 devstack@neutron-api.service[104507]: DEBUG ovsdbapp.backend.ovs_idl [None req-63a17eb6-6ba8-4f77-beb1-9a09859c8024 None None] Created lookup_table index Logical_Switch.name {{(pid=104507) autocreate_indices /opt/stack/data/venv/lib/python3.12/site-packages/ovsdbapp/backend/ovs_idl/__init__.py:87}}
Apr 27 08:08:11.974949 np0000170427 devstack@neutron-api.service[104507]: DEBUG ovsdbapp.backend.ovs_idl [None req-63a17eb6-6ba8-4f77-beb1-9a09859c8024 None None] Created lookup_table index Logical_Router.name {{(pid=104507) autocreate_indices /opt/stack/data/venv/lib/python3.12/site-packages/ovsdbapp/backend/ovs_idl/__init__.py:87}}
Apr 27 08:08:11.975091 np0000170427 devstack@neutron-api.service[104507]: DEBUG ovsdbapp.backend.ovs_idl [None req-63a17eb6-6ba8-4f77-beb1-9a09859c8024 None None] Created lookup_table index Load_Balancer.name {{(pid=104507) autocreate_indices /opt/stack/data/venv/lib/python3.12/site-packages/ovsdbapp/backend/ovs_idl/__init__.py:87}}
Apr 27 08:08:11.975267 np0000170427 devstack@neutron-api.service[104507]: DEBUG ovsdbapp.backend.ovs_idl [None req-63a17eb6-6ba8-4f77-beb1-9a09859c8024 None None] Created schema index Copp.name {{(pid=104507) autocreate_indices /opt/stack/data/venv/lib/python3.12/site-packages/ovsdbapp/backend/ovs_idl/__init__.py:106}}
Apr 27 08:08:11.975405 np0000170427 devstack@neutron-api.service[104507]: DEBUG ovsdbapp.backend.ovs_idl [None req-63a17eb6-6ba8-4f77-beb1-9a09859c8024 None None] Created schema index Meter.name {{(pid=104507) autocreate_indices /opt/stack/data/venv/lib/python3.12/site-packages/ovsdbapp/backend/ovs_idl/__init__.py:106}}
Apr 27 08:08:11.975540 np0000170427 devstack@neutron-api.service[104507]: DEBUG ovsdbapp.backend.ovs_idl [None req-63a17eb6-6ba8-4f77-beb1-9a09859c8024 None None] Created schema index Load_Balancer_Group.name {{(pid=104507) autocreate_indices /opt/stack/data/venv/lib/python3.12/site-packages/ovsdbapp/backend/ovs_idl/__init__.py:106}}
Apr 27 08:08:11.975656 np0000170427 devstack@neutron-api.service[104507]: DEBUG ovsdbapp.backend.ovs_idl [None req-63a17eb6-6ba8-4f77-beb1-9a09859c8024 None None] Created schema index HA_Chassis_Group.name {{(pid=104507) autocreate_indices /opt/stack/data/venv/lib/python3.12/site-packages/ovsdbapp/backend/ovs_idl/__init__.py:106}}
Apr 27 08:08:11.975775 np0000170427 devstack@neutron-api.service[104507]: DEBUG ovsdbapp.backend.ovs_idl [None req-63a17eb6-6ba8-4f77-beb1-9a09859c8024 None None] Created schema index Address_Set.name {{(pid=104507) autocreate_indices /opt/stack/data/venv/lib/python3.12/site-packages/ovsdbapp/backend/ovs_idl/__init__.py:106}}
Apr 27 08:08:11.975906 np0000170427 devstack@neutron-api.service[104507]: DEBUG ovsdbapp.backend.ovs_idl [None req-63a17eb6-6ba8-4f77-beb1-9a09859c8024 None None] Created schema index Connection.target {{(pid=104507) autocreate_indices /opt/stack/data/venv/lib/python3.12/site-packages/ovsdbapp/backend/ovs_idl/__init__.py:106}}
Apr 27 08:08:11.976043 np0000170427 devstack@neutron-api.service[104507]: DEBUG ovsdbapp.backend.ovs_idl [None req-63a17eb6-6ba8-4f77-beb1-9a09859c8024 None None] Created schema index Gateway_Chassis.name {{(pid=104507) autocreate_indices /opt/stack/data/venv/lib/python3.12/site-packages/ovsdbapp/backend/ovs_idl/__init__.py:106}}
Apr 27 08:08:11.976177 np0000170427 devstack@neutron-api.service[104507]: DEBUG ovsdbapp.backend.ovs_idl [None req-63a17eb6-6ba8-4f77-beb1-9a09859c8024 None None] Created schema index Mirror.name {{(pid=104507) autocreate_indices /opt/stack/data/venv/lib/python3.12/site-packages/ovsdbapp/backend/ovs_idl/__init__.py:106}}
Apr 27 08:08:11.976372 np0000170427 devstack@neutron-api.service[104507]: DEBUG ovsdbapp.backend.ovs_idl [None req-63a17eb6-6ba8-4f77-beb1-9a09859c8024 None None] Created schema index Chassis_Template_Var.chassis {{(pid=104507) autocreate_indices /opt/stack/data/venv/lib/python3.12/site-packages/ovsdbapp/backend/ovs_idl/__init__.py:106}}
Apr 27 08:08:11.976512 np0000170427 devstack@neutron-api.service[104507]: DEBUG ovsdbapp.backend.ovs_idl [None req-63a17eb6-6ba8-4f77-beb1-9a09859c8024 None None] Created schema index Logical_Router_Port.name {{(pid=104507) autocreate_indices /opt/stack/data/venv/lib/python3.12/site-packages/ovsdbapp/backend/ovs_idl/__init__.py:106}}
Apr 27 08:08:11.976654 np0000170427 devstack@neutron-api.service[104507]: DEBUG ovsdbapp.backend.ovs_idl [None req-63a17eb6-6ba8-4f77-beb1-9a09859c8024 None None] Created schema index Port_Group.name {{(pid=104507) autocreate_indices /opt/stack/data/venv/lib/python3.12/site-packages/ovsdbapp/backend/ovs_idl/__init__.py:106}}
Apr 27 08:08:11.976800 np0000170427 devstack@neutron-api.service[104507]: DEBUG ovsdbapp.backend.ovs_idl [None req-63a17eb6-6ba8-4f77-beb1-9a09859c8024 None None] Created schema index Logical_Switch_Port.name {{(pid=104507) autocreate_indices /opt/stack/data/venv/lib/python3.12/site-packages/ovsdbapp/backend/ovs_idl/__init__.py:106}}
Apr 27 08:08:11.979727 np0000170427 devstack@neutron-api.service[104509]: DEBUG neutron.common.ovn.hash_ring_manager [None req-64102de9-2886-4dc2-9793-2de5ff3579b2 None None] Hash Ring loaded. 3 active nodes. 0 offline nodes {{(pid=104509) _load_hash_ring /opt/stack/neutron/neutron/common/ovn/hash_ring_manager.py:102}}
Apr 27 08:08:11.980110 np0000170427 devstack@neutron-api.service[104507]: INFO ovsdbapp.backend.ovs_idl.vlog [None req-63a17eb6-6ba8-4f77-beb1-9a09859c8024 None None] ssl:199.204.45.115:6641: connecting...
Apr 27 08:08:11.983873 np0000170427 devstack@neutron-api.service[104509]: DEBUG neutron.common.ovn.hash_ring_manager [None req-64102de9-2886-4dc2-9793-2de5ff3579b2 None None] Hash Ring loaded. 3 active nodes. 0 offline nodes {{(pid=104509) _load_hash_ring /opt/stack/neutron/neutron/common/ovn/hash_ring_manager.py:102}}
Apr 27 08:08:11.985517 np0000170427 devstack@neutron-api.service[104507]: INFO ovsdbapp.backend.ovs_idl.vlog [None req-63a17eb6-6ba8-4f77-beb1-9a09859c8024 None None] ssl:199.204.45.115:6641: connected
Apr 27 08:08:11.989027 np0000170427 devstack@neutron-api.service[104509]: DEBUG neutron.common.ovn.hash_ring_manager [None req-64102de9-2886-4dc2-9793-2de5ff3579b2 None None] Hash Ring loaded. 3 active nodes. 0 offline nodes {{(pid=104509) _load_hash_ring /opt/stack/neutron/neutron/common/ovn/hash_ring_manager.py:102}}
Apr 27 08:08:11.993729 np0000170427 devstack@neutron-api.service[104509]: DEBUG neutron.common.ovn.hash_ring_manager [None req-64102de9-2886-4dc2-9793-2de5ff3579b2 None None] Hash Ring loaded. 3 active nodes. 0 offline nodes {{(pid=104509) _load_hash_ring /opt/stack/neutron/neutron/common/ovn/hash_ring_manager.py:102}}
Apr 27 08:08:11.993887 np0000170427 devstack@neutron-api.service[104509]: DEBUG neutron.plugins.ml2.drivers.ovn.mech_driver.ovsdb.ovsdb_monitor [None req-64102de9-2886-4dc2-9793-2de5ff3579b2 None None] Hash Ring: Node 6bd59473e0315bdea202435910df3e6e (host: np0000170427) handling event "create" for row bc397a6c-5fa6-4438-92ca-d71d475a2038 (table: NB_Global) {{(pid=104509) notify /opt/stack/neutron/neutron/plugins/ml2/drivers/ovn/mech_driver/ovsdb/ovsdb_monitor.py:914}}
Apr 27 08:08:11.999596 np0000170427 devstack@neutron-api.service[104509]: DEBUG neutron.common.ovn.hash_ring_manager [None req-64102de9-2886-4dc2-9793-2de5ff3579b2 None None] Hash Ring loaded. 3 active nodes. 0 offline nodes {{(pid=104509) _load_hash_ring /opt/stack/neutron/neutron/common/ovn/hash_ring_manager.py:102}}
Apr 27 08:08:11.999776 np0000170427 devstack@neutron-api.service[104509]: DEBUG neutron.plugins.ml2.drivers.ovn.mech_driver.ovsdb.ovsdb_monitor [None req-64102de9-2886-4dc2-9793-2de5ff3579b2 None None] Hash Ring: Node 6bd59473e0315bdea202435910df3e6e (host: np0000170427) handling event "create" for row dddc4e28-425f-49e0-a0c3-84de9100b12d (table: Port_Group) {{(pid=104509) notify /opt/stack/neutron/neutron/plugins/ml2/drivers/ovn/mech_driver/ovsdb/ovsdb_monitor.py:914}}
Apr 27 08:08:12.005582 np0000170427 devstack@neutron-api.service[104509]: DEBUG neutron.common.ovn.hash_ring_manager [None req-64102de9-2886-4dc2-9793-2de5ff3579b2 None None] Hash Ring loaded. 3 active nodes. 0 offline nodes {{(pid=104509) _load_hash_ring /opt/stack/neutron/neutron/common/ovn/hash_ring_manager.py:102}}
Apr 27 08:08:12.007223 np0000170427 devstack@neutron-api.service[104509]: INFO neutron.plugins.ml2.drivers.ovn.mech_driver.ovsdb.impl_idl_ovn [None req-64102de9-2886-4dc2-9793-2de5ff3579b2 None None] Getting OvsdbSbOvnIdl for WorkerService with retry
Apr 27 08:08:12.012500 np0000170427 devstack@neutron-api.service[104508]: DEBUG oslo_concurrency.processutils [None req-98d2de09-1b65-4936-afb0-5a8984214038 None None] CMD "ovsdb-client transact ssl:199.204.45.115:6641 --timeout 180 -p /opt/stack/data/CA/int-ca/private/devstack-cert.key -c /opt/stack/data/CA/int-ca/devstack-cert.crt -C /opt/stack/data/CA/int-ca/ca-chain.pem ["OVN_Northbound", {"op": "wait", "timeout": 0, "table": "Port_Group", "where": [["name", "==", "neutron_pg_drop"]], "until": "==", "rows": []}, {"op": "insert", "table": "ACL", "row": {"action": "drop", "direction": "to-lport", "match": "outport == @neutron_pg_drop && ip", "priority": 1001}, "uuid-name": "droptoport"}, {"op": "insert", "table": "ACL", "row": {"action": "drop", "direction": "from-lport", "match": "inport == @neutron_pg_drop && ip", "priority": 1001}, "uuid-name": "dropfromport"}, {"op": "insert", "table": "Port_Group", "row": {"name": "neutron_pg_drop", "acls": ["set", [["named-uuid", "droptoport"], ["named-uuid", "dropfromport"]]]}}]" returned: 0 in 0.045s {{(pid=104508) execute /opt/stack/data/venv/lib/python3.12/site-packages/oslo_concurrency/processutils.py:468}}
Apr 27 08:08:12.013062 np0000170427 devstack@neutron-api.service[104508]: DEBUG neutron_lib.callbacks.manager [None req-98d2de09-1b65-4936-afb0-5a8984214038 None None] Publish callbacks ['neutron.plugins.ml2.drivers.ovn.mech_driver.mech_driver.OVNMechanismDriver.post_fork_initialize-211872', 'neutron.services.ovn_l3.plugin.OVNL3RouterPlugin._post_fork_initialize-29525'] for process (None), after_init {{(pid=104508) _notify_loop /opt/stack/data/venv/lib/python3.12/site-packages/neutron_lib/callbacks/manager.py:184}}
Apr 27 08:08:12.013633 np0000170427 devstack@neutron-api.service[104508]: DEBUG oslo_concurrency.lockutils [None req-98d2de09-1b65-4936-afb0-5a8984214038 None None] Acquiring lock "singleton_lock" {{(pid=104508) lock /opt/stack/data/venv/lib/python3.12/site-packages/oslo_concurrency/lockutils.py:390}}
Apr 27 08:08:12.013782 np0000170427 devstack@neutron-api.service[104508]: DEBUG oslo_concurrency.lockutils [None req-98d2de09-1b65-4936-afb0-5a8984214038 None None] Acquired lock "singleton_lock" {{(pid=104508) lock /opt/stack/data/venv/lib/python3.12/site-packages/oslo_concurrency/lockutils.py:393}}
Apr 27 08:08:12.014098 np0000170427 devstack@neutron-api.service[104508]: DEBUG oslo_concurrency.lockutils [None req-98d2de09-1b65-4936-afb0-5a8984214038 None None] Releasing lock "singleton_lock" {{(pid=104508) lock /opt/stack/data/venv/lib/python3.12/site-packages/oslo_concurrency/lockutils.py:413}}
Apr 27 08:08:12.017639 np0000170427 devstack@neutron-api.service[104508]: DEBUG neutron.plugins.ml2.drivers.ovn.mech_driver.mech_driver [None req-98d2de09-1b65-4936-afb0-5a8984214038 None None] Hash Ring setup using WSGI start time 2026-04-27 08:08:04+00:00 {{(pid=104508) _init_hash_ring /opt/stack/neutron/neutron/plugins/ml2/drivers/ovn/mech_driver/mech_driver.py:402}}
Apr 27 08:08:12.018570 np0000170427 devstack@neutron-api.service[104507]: DEBUG neutron.common.ovn.hash_ring_manager [None req-63a17eb6-6ba8-4f77-beb1-9a09859c8024 None None] Disallow caching, nodes 3<4 {{(pid=104507) _wait_startup_before_caching /opt/stack/neutron/neutron/common/ovn/hash_ring_manager.py:72}}
Apr 27 08:08:12.025209 np0000170427 devstack@neutron-api.service[104507]: DEBUG neutron.common.ovn.hash_ring_manager [None req-63a17eb6-6ba8-4f77-beb1-9a09859c8024 None None] Hash Ring loaded. 3 active nodes. 0 offline nodes {{(pid=104507) _load_hash_ring /opt/stack/neutron/neutron/common/ovn/hash_ring_manager.py:102}}
Apr 27 08:08:12.027026 np0000170427 devstack@neutron-api.service[104508]: INFO neutron.db.ovn_hash_ring_db [None req-98d2de09-1b65-4936-afb0-5a8984214038 None None] Nodes from host "np0000170427" and group "mechanism_driver" removed from the Hash Ring created at 2026-04-27 08:08:04+00:00
Apr 27 08:08:12.029820 np0000170427 devstack@neutron-api.service[104508]: INFO neutron.db.ovn_hash_ring_db [None req-98d2de09-1b65-4936-afb0-5a8984214038 None None] Node 141e460c0dbb5fc38f86749fe338ad29 from host "np0000170427" and group "mechanism_driver" added to the Hash Ring
Apr 27 08:08:12.030318 np0000170427 devstack@neutron-api.service[104507]: DEBUG neutron.common.ovn.hash_ring_manager [None req-63a17eb6-6ba8-4f77-beb1-9a09859c8024 None None] Hash Ring loaded. 3 active nodes. 0 offline nodes {{(pid=104507) _load_hash_ring /opt/stack/neutron/neutron/common/ovn/hash_ring_manager.py:102}}
Apr 27 08:08:12.030466 np0000170427 devstack@neutron-api.service[104507]: DEBUG neutron.plugins.ml2.drivers.ovn.mech_driver.ovsdb.ovsdb_monitor [None req-63a17eb6-6ba8-4f77-beb1-9a09859c8024 None None] Hash Ring: Node 4a3a3e0bcfa4504cbc190c913ede1117 (host: np0000170427) handling event "create" for row d44c192b-6d70-4517-bc24-e5bb37a892e0 (table: ACL) {{(pid=104507) notify /opt/stack/neutron/neutron/plugins/ml2/drivers/ovn/mech_driver/ovsdb/ovsdb_monitor.py:914}}
Apr 27 08:08:12.033435 np0000170427 devstack@neutron-api.service[104508]: DEBUG neutron.plugins.ml2.drivers.ovn.mech_driver.mech_driver [None req-98d2de09-1b65-4936-afb0-5a8984214038 None None] Hash Ring setup, this worker has detected 4 OVN hash ring registers in the database {{(pid=104508) _init_hash_ring /opt/stack/neutron/neutron/plugins/ml2/drivers/ovn/mech_driver/mech_driver.py:412}}
Apr 27 08:08:12.035233 np0000170427 devstack@neutron-api.service[104507]: DEBUG neutron.common.ovn.hash_ring_manager [None req-63a17eb6-6ba8-4f77-beb1-9a09859c8024 None None] Hash Ring loaded. 3 active nodes. 0 offline nodes {{(pid=104507) _load_hash_ring /opt/stack/neutron/neutron/common/ovn/hash_ring_manager.py:102}}
Apr 27 08:08:12.035393 np0000170427 devstack@neutron-api.service[104507]: DEBUG neutron.plugins.ml2.drivers.ovn.mech_driver.ovsdb.ovsdb_monitor [None req-63a17eb6-6ba8-4f77-beb1-9a09859c8024 None None] Hash Ring: Node 4a3a3e0bcfa4504cbc190c913ede1117 (host: np0000170427) handling event "create" for row 9c07a850-d837-4697-a83a-51df9d12b5b9 (table: Connection) {{(pid=104507) notify /opt/stack/neutron/neutron/plugins/ml2/drivers/ovn/mech_driver/ovsdb/ovsdb_monitor.py:914}}
Apr 27 08:08:12.038774 np0000170427 devstack@neutron-api.service[104508]: DEBUG neutron.plugins.ml2.drivers.ovn.mech_driver.ovsdb.maintenance [None req-98d2de09-1b65-4936-afb0-5a8984214038 None None] Periodic task found: HashRingHealthCheckPeriodics.touch_hash_ring_node {{(pid=104508) add_periodics /opt/stack/neutron/neutron/plugins/ml2/drivers/ovn/mech_driver/ovsdb/maintenance.py:148}}
Apr 27 08:08:12.039910 np0000170427 devstack@neutron-api.service[104508]: INFO neutron.plugins.ml2.drivers.ovn.mech_driver.mech_driver [None req-98d2de09-1b65-4936-afb0-5a8984214038 None None] Hash Ring probing thread for node 141e460c0dbb5fc38f86749fe338ad29 has started
Apr 27 08:08:12.040159 np0000170427 devstack@neutron-api.service[104507]: DEBUG neutron.common.ovn.hash_ring_manager [None req-63a17eb6-6ba8-4f77-beb1-9a09859c8024 None None] Hash Ring loaded. 4 active nodes. 0 offline nodes {{(pid=104507) _load_hash_ring /opt/stack/neutron/neutron/common/ovn/hash_ring_manager.py:102}}
Apr 27 08:08:12.040500 np0000170427 devstack@neutron-api.service[104508]: INFO neutron.plugins.ml2.drivers.ovn.mech_driver.ovsdb.impl_idl_ovn [None req-98d2de09-1b65-4936-afb0-5a8984214038 None None] Getting OvsdbNbOvnIdl for WorkerService with retry
Apr 27 08:08:12.041060 np0000170427 devstack@neutron-api.service[104509]: DEBUG ovsdbapp.backend.ovs_idl [None req-64102de9-2886-4dc2-9793-2de5ff3579b2 None None] Created lookup_table index Chassis.name {{(pid=104509) autocreate_indices /opt/stack/data/venv/lib/python3.12/site-packages/ovsdbapp/backend/ovs_idl/__init__.py:87}}
Apr 27 08:08:12.041145 np0000170427 devstack@neutron-api.service[104509]: DEBUG ovsdbapp.backend.ovs_idl [None req-64102de9-2886-4dc2-9793-2de5ff3579b2 None None] Created lookup_table index Port_Binding.logical_port {{(pid=104509) autocreate_indices /opt/stack/data/venv/lib/python3.12/site-packages/ovsdbapp/backend/ovs_idl/__init__.py:87}}
Apr 27 08:08:12.041243 np0000170427 devstack@neutron-api.service[104509]: DEBUG ovsdbapp.backend.ovs_idl [None req-64102de9-2886-4dc2-9793-2de5ff3579b2 None None] Created schema index Chassis_Private.name {{(pid=104509) autocreate_indices /opt/stack/data/venv/lib/python3.12/site-packages/ovsdbapp/backend/ovs_idl/__init__.py:106}}
Apr 27 08:08:12.041345 np0000170427 devstack@neutron-api.service[104509]: DEBUG ovsdbapp.backend.ovs_idl [None req-64102de9-2886-4dc2-9793-2de5ff3579b2 None None] Created schema index Datapath_Binding.tunnel_key {{(pid=104509) autocreate_indices /opt/stack/data/venv/lib/python3.12/site-packages/ovsdbapp/backend/ovs_idl/__init__.py:106}}
Apr 27 08:08:12.041843 np0000170427 devstack@neutron-api.service[104507]: DEBUG neutron.common.ovn.hash_ring_manager [None req-63a17eb6-6ba8-4f77-beb1-9a09859c8024 None None] Allow caching, nodes 4>=4 {{(pid=104507) _wait_startup_before_caching /opt/stack/neutron/neutron/common/ovn/hash_ring_manager.py:65}}
Apr 27 08:08:12.042038 np0000170427 devstack@neutron-api.service[104507]: DEBUG neutron.plugins.ml2.drivers.ovn.mech_driver.ovsdb.ovsdb_monitor [None req-63a17eb6-6ba8-4f77-beb1-9a09859c8024 None None] Hash Ring: Node 4a3a3e0bcfa4504cbc190c913ede1117 (host: np0000170427) handling event "create" for row 3dd4f836-fb14-45ea-b143-e8cb7161dfff (table: SSL) {{(pid=104507) notify /opt/stack/neutron/neutron/plugins/ml2/drivers/ovn/mech_driver/ovsdb/ovsdb_monitor.py:914}}
Apr 27 08:08:12.042984 np0000170427 devstack@neutron-api.service[104507]: INFO neutron.plugins.ml2.drivers.ovn.mech_driver.ovsdb.impl_idl_ovn [None req-63a17eb6-6ba8-4f77-beb1-9a09859c8024 None None] Getting OvsdbSbOvnIdl for WorkerService with retry
Apr 27 08:08:12.043218 np0000170427 devstack@neutron-api.service[104509]: INFO ovsdbapp.backend.ovs_idl.vlog [None req-64102de9-2886-4dc2-9793-2de5ff3579b2 None None] ssl:199.204.45.115:6642: connecting...
Apr 27 08:08:12.047071 np0000170427 devstack@neutron-api.service[104509]: INFO ovsdbapp.backend.ovs_idl.vlog [None req-64102de9-2886-4dc2-9793-2de5ff3579b2 None None] ssl:199.204.45.115:6642: connected
Apr 27 08:08:12.072195 np0000170427 devstack@neutron-api.service[104509]: DEBUG neutron.common.ovn.hash_ring_manager [None req-64102de9-2886-4dc2-9793-2de5ff3579b2 None None] Allow caching, nodes 4>=4 {{(pid=104509) _wait_startup_before_caching /opt/stack/neutron/neutron/common/ovn/hash_ring_manager.py:65}}
Apr 27 08:08:12.072977 np0000170427 devstack@neutron-api.service[104507]: DEBUG ovsdbapp.backend.ovs_idl [None req-63a17eb6-6ba8-4f77-beb1-9a09859c8024 None None] Created lookup_table index Chassis.name {{(pid=104507) autocreate_indices /opt/stack/data/venv/lib/python3.12/site-packages/ovsdbapp/backend/ovs_idl/__init__.py:87}}
Apr 27 08:08:12.073091 np0000170427 devstack@neutron-api.service[104507]: DEBUG ovsdbapp.backend.ovs_idl [None req-63a17eb6-6ba8-4f77-beb1-9a09859c8024 None None] Created lookup_table index Port_Binding.logical_port {{(pid=104507) autocreate_indices /opt/stack/data/venv/lib/python3.12/site-packages/ovsdbapp/backend/ovs_idl/__init__.py:87}}
Apr 27 08:08:12.073194 np0000170427 devstack@neutron-api.service[104507]: DEBUG ovsdbapp.backend.ovs_idl [None req-63a17eb6-6ba8-4f77-beb1-9a09859c8024 None None] Created schema index Chassis_Private.name {{(pid=104507) autocreate_indices /opt/stack/data/venv/lib/python3.12/site-packages/ovsdbapp/backend/ovs_idl/__init__.py:106}}
