Jul 28 00:08:45.096136 np0000187139 devstack@neutron-api.service[102530]: DEBUG neutron.quota.resource_registry [None req-85d8244b-233e-4c5c-b142-a191a6571824 None None] Tracking information for resource: router configured {{(pid=102530) set_tracked_resource /opt/stack/neutron/neutron/quota/resource_registry.py:203}}
Jul 28 00:08:45.096222 np0000187139 devstack@neutron-api.service[102530]: DEBUG neutron.quota.resource_registry [None req-85d8244b-233e-4c5c-b142-a191a6571824 None None] Tracking information for resource: floatingip configured {{(pid=102530) set_tracked_resource /opt/stack/neutron/neutron/quota/resource_registry.py:203}}
Jul 28 00:08:45.096322 np0000187139 devstack@neutron-api.service[102530]: INFO neutron.services.ovn_l3.plugin [None req-85d8244b-233e-4c5c-b142-a191a6571824 None None] Starting OVNL3RouterPlugin
Jul 28 00:08:45.096551 np0000187139 devstack@neutron-api.service[102530]: DEBUG neutron_lib.callbacks.manager [None req-85d8244b-233e-4c5c-b142-a191a6571824 None None] Subscribe: > port_forwarding_plugin after_init 55550000, False {{(pid=102530) subscribe /opt/stack/data/venv/lib/python3.12/site-packages/neutron_lib/callbacks/manager.py:52}}
Jul 28 00:08:45.096637 np0000187139 devstack@neutron-api.service[102532]: DEBUG neutron.api.extensions [None req-c31bfbdd-004e-4ccc-bb54-f883a14b4428 None None] Ext name="L3 Conntrack helper" alias="l3-conntrack-helper" description="Allow adding CT target rules for conntrack helper" updated="2019-04-04T10:00:00-00:00" {{(pid=102532) _check_extension /opt/stack/neutron/neutron/api/extensions.py:415}}
Jul 28 00:08:45.096730 np0000187139 devstack@neutron-api.service[102530]: DEBUG neutron_lib.callbacks.manager [None req-85d8244b-233e-4c5c-b142-a191a6571824 None None] Subscribe: > router before_create 55550100, False {{(pid=102530) subscribe /opt/stack/data/venv/lib/python3.12/site-packages/neutron_lib/callbacks/manager.py:52}}
Jul 28 00:08:45.096839 np0000187139 devstack@neutron-api.service[102530]: DEBUG neutron_lib.callbacks.manager [None req-85d8244b-233e-4c5c-b142-a191a6571824 None None] Subscribe: > router precommit_delete 55550100, False {{(pid=102530) subscribe /opt/stack/data/venv/lib/python3.12/site-packages/neutron_lib/callbacks/manager.py:52}}
Jul 28 00:08:45.096892 np0000187139 devstack@neutron-api.service[102532]: INFO neutron.api.extensions [None req-c31bfbdd-004e-4ccc-bb54-f883a14b4428 None None] Extension l3-conntrack-helper not supported by any of loaded plugins
Jul 28 00:08:45.096928 np0000187139 devstack@neutron-api.service[102530]: DEBUG neutron_lib.callbacks.manager [None req-85d8244b-233e-4c5c-b142-a191a6571824 None None] Subscribe: > router precommit_create 55550100, False {{(pid=102530) subscribe /opt/stack/data/venv/lib/python3.12/site-packages/neutron_lib/callbacks/manager.py:52}}
Jul 28 00:08:45.096975 np0000187139 devstack@neutron-api.service[102532]: DEBUG neutron.api.extensions [None req-c31bfbdd-004e-4ccc-bb54-f883a14b4428 None None] Loading extension file: l3_enable_default_route_bfd.py {{(pid=102532) _load_all_extensions_from_path /opt/stack/neutron/neutron/api/extensions.py:449}}
Jul 28 00:08:45.097011 np0000187139 devstack@neutron-api.service[102530]: DEBUG neutron_lib.callbacks.manager [None req-85d8244b-233e-4c5c-b142-a191a6571824 None None] Subscribe: > router precommit_update 55550100, False {{(pid=102530) subscribe /opt/stack/data/venv/lib/python3.12/site-packages/neutron_lib/callbacks/manager.py:52}}
Jul 28 00:08:45.097349 np0000187139 devstack@neutron-api.service[102532]: DEBUG neutron.api.extensions [None req-c31bfbdd-004e-4ccc-bb54-f883a14b4428 None None] Ext name="Enable Default Route BFD" alias="enable-default-route-bfd" description="Enables configurable BFD behavior for default routes" updated="2023-02-27T00:00:00-00:00" {{(pid=102532) _check_extension /opt/stack/neutron/neutron/api/extensions.py:415}}
Jul 28 00:08:45.097608 np0000187139 devstack@neutron-api.service[102532]: INFO neutron.api.extensions [None req-c31bfbdd-004e-4ccc-bb54-f883a14b4428 None None] Loaded extension: enable-default-route-bfd
Jul 28 00:08:45.097728 np0000187139 devstack@neutron-api.service[102532]: DEBUG neutron.api.extensions [None req-c31bfbdd-004e-4ccc-bb54-f883a14b4428 None None] Loading extension file: l3_enable_default_route_ecmp.py {{(pid=102532) _load_all_extensions_from_path /opt/stack/neutron/neutron/api/extensions.py:449}}
Jul 28 00:08:45.098087 np0000187139 devstack@neutron-api.service[102532]: DEBUG neutron.api.extensions [None req-c31bfbdd-004e-4ccc-bb54-f883a14b4428 None None] Ext name="Enable Default Route ECMP" alias="enable-default-route-ecmp" description="Enables configurable ECMP behavior for default routes" updated="2023-02-27T00:00:00-00:00" {{(pid=102532) _check_extension /opt/stack/neutron/neutron/api/extensions.py:415}}
Jul 28 00:08:45.098378 np0000187139 devstack@neutron-api.service[102532]: INFO neutron.api.extensions [None req-c31bfbdd-004e-4ccc-bb54-f883a14b4428 None None] Loaded extension: enable-default-route-ecmp
Jul 28 00:08:45.098471 np0000187139 devstack@neutron-api.service[102532]: DEBUG neutron.api.extensions [None req-c31bfbdd-004e-4ccc-bb54-f883a14b4428 None None] Loading extension file: l3_ext_gw_mode.py {{(pid=102532) _load_all_extensions_from_path /opt/stack/neutron/neutron/api/extensions.py:449}}
Jul 28 00:08:45.098996 np0000187139 devstack@neutron-api.service[102532]: DEBUG neutron.api.extensions [None req-c31bfbdd-004e-4ccc-bb54-f883a14b4428 None None] Ext name="Neutron L3 Configurable external gateway mode" alias="ext-gw-mode" description="Extension of the router abstraction for specifying whether SNAT should occur on the external gateway" updated="2013-03-28T10:00:00-00:00" {{(pid=102532) _check_extension /opt/stack/neutron/neutron/api/extensions.py:415}}
Jul 28 00:08:45.099159 np0000187139 devstack@neutron-api.service[102532]: INFO neutron.api.extensions [None req-c31bfbdd-004e-4ccc-bb54-f883a14b4428 None None] Loaded extension: ext-gw-mode
Jul 28 00:08:45.099159 np0000187139 devstack@neutron-api.service[102532]: DEBUG neutron.api.extensions [None req-c31bfbdd-004e-4ccc-bb54-f883a14b4428 None None] Loading extension file: l3_ext_ha_mode.py {{(pid=102532) _load_all_extensions_from_path /opt/stack/neutron/neutron/api/extensions.py:449}}
Jul 28 00:08:45.099515 np0000187139 devstack@neutron-api.service[102532]: DEBUG neutron.api.extensions [None req-c31bfbdd-004e-4ccc-bb54-f883a14b4428 None None] Ext name="HA Router extension" alias="l3-ha" description="Adds HA capability to routers." updated="2014-04-26T00:00:00-00:00" {{(pid=102532) _check_extension /opt/stack/neutron/neutron/api/extensions.py:415}}
Jul 28 00:08:45.099778 np0000187139 devstack@neutron-api.service[102532]: INFO neutron.api.extensions [None req-c31bfbdd-004e-4ccc-bb54-f883a14b4428 None None] Loaded extension: l3-ha
Jul 28 00:08:45.099921 np0000187139 devstack@neutron-api.service[102532]: DEBUG neutron.api.extensions [None req-c31bfbdd-004e-4ccc-bb54-f883a14b4428 None None] Loading extension file: l3_ext_ndp_proxy.py {{(pid=102532) _load_all_extensions_from_path /opt/stack/neutron/neutron/api/extensions.py:449}}
Jul 28 00:08:45.100207 np0000187139 devstack@neutron-api.service[102532]: DEBUG neutron.api.extensions [None req-c31bfbdd-004e-4ccc-bb54-f883a14b4428 None None] Ext name="Router support to enable NDP proxy" alias="l3-ext-ndp-proxy" description="Router extension to enable ndp proxy" updated="2020-08-25T00:00:00-00:00" {{(pid=102532) _check_extension /opt/stack/neutron/neutron/api/extensions.py:415}}
Jul 28 00:08:45.100454 np0000187139 devstack@neutron-api.service[102532]: INFO neutron.api.extensions [None req-c31bfbdd-004e-4ccc-bb54-f883a14b4428 None None] Extension l3-ext-ndp-proxy not supported by any of loaded plugins
Jul 28 00:08:45.100581 np0000187139 devstack@neutron-api.service[102532]: DEBUG neutron.api.extensions [None req-c31bfbdd-004e-4ccc-bb54-f883a14b4428 None None] Loading extension file: l3_extra_gws.py {{(pid=102532) _load_all_extensions_from_path /opt/stack/neutron/neutron/api/extensions.py:449}}
Jul 28 00:08:45.100657 np0000187139 devstack@neutron-api.service[102530]: DEBUG neutron.services.provider_configuration [None req-85d8244b-233e-4c5c-b142-a191a6571824 None None] Service providers = [] {{(pid=102530) parse_service_provider_opt /opt/stack/neutron/neutron/services/provider_configuration.py:170}}
Jul 28 00:08:45.100769 np0000187139 devstack@neutron-api.service[102530]: DEBUG neutron.db.servicetype_db [None req-85d8244b-233e-4c5c-b142-a191a6571824 None None] Adding provider configuration for service L3_ROUTER_NAT {{(pid=102530) add_provider_configuration /opt/stack/neutron/neutron/db/servicetype_db.py:45}}
Jul 28 00:08:45.100921 np0000187139 devstack@neutron-api.service[102532]: DEBUG neutron.api.extensions [None req-c31bfbdd-004e-4ccc-bb54-f883a14b4428 None None] Ext name="Neutron L3 External Gateway Multihoming" alias="external-gateway-multihoming" description="Allow multiple external gateway ports per router" updated="2023-01-18T00:00:00-00:00" {{(pid=102532) _check_extension /opt/stack/neutron/neutron/api/extensions.py:415}}
Jul 28 00:08:45.101168 np0000187139 devstack@neutron-api.service[102532]: INFO neutron.api.extensions [None req-c31bfbdd-004e-4ccc-bb54-f883a14b4428 None None] Loaded extension: external-gateway-multihoming
Jul 28 00:08:45.101362 np0000187139 devstack@neutron-api.service[102532]: DEBUG neutron.api.extensions [None req-c31bfbdd-004e-4ccc-bb54-f883a14b4428 None None] Loading extension file: l3_flavors.py {{(pid=102532) _load_all_extensions_from_path /opt/stack/neutron/neutron/api/extensions.py:449}}
Jul 28 00:08:45.101691 np0000187139 devstack@neutron-api.service[102532]: DEBUG neutron.api.extensions [None req-c31bfbdd-004e-4ccc-bb54-f883a14b4428 None None] Ext name="Router Flavor Extension" alias="l3-flavors" description="Flavor support for routers." updated="2016-05-17T00:00:00-00:00" {{(pid=102532) _check_extension /opt/stack/neutron/neutron/api/extensions.py:415}}
Jul 28 00:08:45.101947 np0000187139 devstack@neutron-api.service[102530]: DEBUG neutron_lib.callbacks.manager [None req-85d8244b-233e-4c5c-b142-a191a6571824 None None] Subscribe: > router precommit_create 55549900, False {{(pid=102530) subscribe /opt/stack/data/venv/lib/python3.12/site-packages/neutron_lib/callbacks/manager.py:52}}
Jul 28 00:08:45.101991 np0000187139 devstack@neutron-api.service[102532]: INFO neutron.api.extensions [None req-c31bfbdd-004e-4ccc-bb54-f883a14b4428 None None] Loaded extension: l3-flavors
Jul 28 00:08:45.102051 np0000187139 devstack@neutron-api.service[102530]: DEBUG neutron_lib.callbacks.manager [None req-85d8244b-233e-4c5c-b142-a191a6571824 None None] Subscribe: > router_interface after_create 55550000, False {{(pid=102530) subscribe /opt/stack/data/venv/lib/python3.12/site-packages/neutron_lib/callbacks/manager.py:52}}
Jul 28 00:08:45.102107 np0000187139 devstack@neutron-api.service[102532]: DEBUG neutron.api.extensions [None req-c31bfbdd-004e-4ccc-bb54-f883a14b4428 None None] Loading extension file: l3_ndp_proxy.py {{(pid=102532) _load_all_extensions_from_path /opt/stack/neutron/neutron/api/extensions.py:449}}
Jul 28 00:08:45.102150 np0000187139 devstack@neutron-api.service[102530]: DEBUG neutron_lib.callbacks.manager [None req-85d8244b-233e-4c5c-b142-a191a6571824 None None] Subscribe: > floatingip after_create 55550000, False {{(pid=102530) subscribe /opt/stack/data/venv/lib/python3.12/site-packages/neutron_lib/callbacks/manager.py:52}}
Jul 28 00:08:45.102260 np0000187139 devstack@neutron-api.service[102530]: DEBUG neutron_lib.callbacks.manager [None req-85d8244b-233e-4c5c-b142-a191a6571824 None None] Subscribe: > floatingip precommit_create 55550000, False {{(pid=102530) subscribe /opt/stack/data/venv/lib/python3.12/site-packages/neutron_lib/callbacks/manager.py:52}}
Jul 28 00:08:45.102360 np0000187139 devstack@neutron-api.service[102530]: DEBUG neutron_lib.callbacks.manager [None req-85d8244b-233e-4c5c-b142-a191a6571824 None None] Subscribe: > floatingip precommit_update 55550000, False {{(pid=102530) subscribe /opt/stack/data/venv/lib/python3.12/site-packages/neutron_lib/callbacks/manager.py:52}}
Jul 28 00:08:45.102454 np0000187139 devstack@neutron-api.service[102530]: DEBUG neutron_lib.callbacks.manager [None req-85d8244b-233e-4c5c-b142-a191a6571824 None None] Subscribe: > floatingip after_delete 55550000, False {{(pid=102530) subscribe /opt/stack/data/venv/lib/python3.12/site-packages/neutron_lib/callbacks/manager.py:52}}
Jul 28 00:08:45.102496 np0000187139 devstack@neutron-api.service[102532]: DEBUG neutron.api.extensions [None req-c31bfbdd-004e-4ccc-bb54-f883a14b4428 None None] Ext name="name" alias="l3-ndp-proxy" description="description" updated="2021-06-29T10:00:00-00:00" {{(pid=102532) _check_extension /opt/stack/neutron/neutron/api/extensions.py:415}}
Jul 28 00:08:45.102555 np0000187139 devstack@neutron-api.service[102530]: DEBUG neutron_lib.callbacks.manager [None req-85d8244b-233e-4c5c-b142-a191a6571824 None None] Subscribe: > floatingip after_status_update 55550000, False {{(pid=102530) subscribe /opt/stack/data/venv/lib/python3.12/site-packages/neutron_lib/callbacks/manager.py:52}}
Jul 28 00:08:45.102661 np0000187139 devstack@neutron-api.service[102530]: DEBUG neutron_lib.callbacks.manager [None req-85d8244b-233e-4c5c-b142-a191a6571824 None None] Subscribe: > floatingip after_update 55550000, False {{(pid=102530) subscribe /opt/stack/data/venv/lib/python3.12/site-packages/neutron_lib/callbacks/manager.py:52}}
Jul 28 00:08:45.102745 np0000187139 devstack@neutron-api.service[102532]: INFO neutron.api.extensions [None req-c31bfbdd-004e-4ccc-bb54-f883a14b4428 None None] Extension l3-ndp-proxy not supported by any of loaded plugins
Jul 28 00:08:45.102788 np0000187139 devstack@neutron-api.service[102530]: DEBUG neutron_lib.callbacks.manager [None req-85d8244b-233e-4c5c-b142-a191a6571824 None None] Subscribe: > port_forwarding after_create 55550000, False {{(pid=102530) subscribe /opt/stack/data/venv/lib/python3.12/site-packages/neutron_lib/callbacks/manager.py:52}}
Jul 28 00:08:45.102867 np0000187139 devstack@neutron-api.service[102530]: DEBUG neutron_lib.callbacks.manager [None req-85d8244b-233e-4c5c-b142-a191a6571824 None None] Subscribe: > router_interface after_delete 55550000, False {{(pid=102530) subscribe /opt/stack/data/venv/lib/python3.12/site-packages/neutron_lib/callbacks/manager.py:52}}
Jul 28 00:08:45.102906 np0000187139 devstack@neutron-api.service[102532]: DEBUG neutron.api.extensions [None req-c31bfbdd-004e-4ccc-bb54-f883a14b4428 None None] Loading extension file: l3_port_ip_change_not_allowed.py {{(pid=102532) _load_all_extensions_from_path /opt/stack/neutron/neutron/api/extensions.py:449}}
Jul 28 00:08:45.102968 np0000187139 devstack@neutron-api.service[102530]: DEBUG neutron_lib.callbacks.manager [None req-85d8244b-233e-4c5c-b142-a191a6571824 None None] Subscribe: > router after_create 55550000, False {{(pid=102530) subscribe /opt/stack/data/venv/lib/python3.12/site-packages/neutron_lib/callbacks/manager.py:52}}
Jul 28 00:08:45.103069 np0000187139 devstack@neutron-api.service[102530]: DEBUG neutron_lib.callbacks.manager [None req-85d8244b-233e-4c5c-b142-a191a6571824 None None] Subscribe: > router precommit_create 55550000, False {{(pid=102530) subscribe /opt/stack/data/venv/lib/python3.12/site-packages/neutron_lib/callbacks/manager.py:52}}
Jul 28 00:08:45.103167 np0000187139 devstack@neutron-api.service[102530]: DEBUG neutron_lib.callbacks.manager [None req-85d8244b-233e-4c5c-b142-a191a6571824 None None] Subscribe: > router after_delete 55550000, False {{(pid=102530) subscribe /opt/stack/data/venv/lib/python3.12/site-packages/neutron_lib/callbacks/manager.py:52}}
Jul 28 00:08:45.103284 np0000187139 devstack@neutron-api.service[102532]: DEBUG neutron.api.extensions [None req-c31bfbdd-004e-4ccc-bb54-f883a14b4428 None None] Ext name="Prevent L3 router ports IP address change extension" alias="l3-port-ip-change-not-allowed" description="Prevent change of IP address for some L3 router ports" updated="2018-10-09T10:00:00-00:00" {{(pid=102532) _check_extension /opt/stack/neutron/neutron/api/extensions.py:415}}
Jul 28 00:08:45.103323 np0000187139 devstack@neutron-api.service[102530]: DEBUG neutron_lib.callbacks.manager [None req-85d8244b-233e-4c5c-b142-a191a6571824 None None] Subscribe: > router after_update 55550000, False {{(pid=102530) subscribe /opt/stack/data/venv/lib/python3.12/site-packages/neutron_lib/callbacks/manager.py:52}}
Jul 28 00:08:45.103377 np0000187139 devstack@neutron-api.service[102530]: DEBUG neutron.services.service_base [None req-85d8244b-233e-4c5c-b142-a191a6571824 None None] Loaded 'neutron.services.ovn_l3.service_providers.ovn.OvnDriver' provider for service L3_ROUTER_NAT {{(pid=102530) load_drivers /opt/stack/neutron/neutron/services/service_base.py:49}}
Jul 28 00:08:45.103464 np0000187139 devstack@neutron-api.service[102532]: INFO neutron.api.extensions [None req-c31bfbdd-004e-4ccc-bb54-f883a14b4428 None None] Extension l3-port-ip-change-not-allowed not supported by any of loaded plugins
Jul 28 00:08:45.103502 np0000187139 devstack@neutron-api.service[102530]: DEBUG neutron_lib.callbacks.manager [None req-85d8244b-233e-4c5c-b142-a191a6571824 None None] Subscribe: > process after_init 55550001, True {{(pid=102530) subscribe /opt/stack/data/venv/lib/python3.12/site-packages/neutron_lib/callbacks/manager.py:52}}
Jul 28 00:08:45.103597 np0000187139 devstack@neutron-api.service[102532]: DEBUG neutron.api.extensions [None req-c31bfbdd-004e-4ccc-bb54-f883a14b4428 None None] Loading extension file: l3agentscheduler.py {{(pid=102532) _load_all_extensions_from_path /opt/stack/neutron/neutron/api/extensions.py:449}}
Jul 28 00:08:45.103634 np0000187139 devstack@neutron-api.service[102530]: DEBUG neutron.manager [None req-85d8244b-233e-4c5c-b142-a191a6571824 None None] Successfully loaded L3_ROUTER_NAT plugin. Description: L3 Router Service Plugin for basic L3 forwarding using OVN {{(pid=102530) _create_and_add_service_plugin /opt/stack/neutron/neutron/manager.py:236}}
Jul 28 00:08:45.103693 np0000187139 devstack@neutron-api.service[102530]: INFO neutron.manager [None req-85d8244b-233e-4c5c-b142-a191a6571824 None None] Loading Plugin: auto_allocate
Jul 28 00:08:45.104555 np0000187139 devstack@neutron-api.service[102532]: DEBUG neutron.api.extensions [None req-c31bfbdd-004e-4ccc-bb54-f883a14b4428 None None] Ext name="L3 Agent Scheduler" alias="l3_agent_scheduler" description="Schedule routers among l3 agents" updated="2013-02-07T10:00:00-00:00" {{(pid=102532) _check_extension /opt/stack/neutron/neutron/api/extensions.py:415}}
Jul 28 00:08:45.104601 np0000187139 devstack@neutron-api.service[102530]: DEBUG neutron_lib.callbacks.manager [None req-85d8244b-233e-4c5c-b142-a191a6571824 None None] Subscribe: network precommit_update 55550000, False {{(pid=102530) subscribe /opt/stack/data/venv/lib/python3.12/site-packages/neutron_lib/callbacks/manager.py:52}}
Jul 28 00:08:45.104722 np0000187139 devstack@neutron-api.service[102530]: DEBUG neutron_lib.callbacks.manager [None req-85d8244b-233e-4c5c-b142-a191a6571824 None None] Subscribe: network precommit_create 55550000, False {{(pid=102530) subscribe /opt/stack/data/venv/lib/python3.12/site-packages/neutron_lib/callbacks/manager.py:52}}
Jul 28 00:08:45.104939 np0000187139 devstack@neutron-api.service[102532]: INFO neutron.api.extensions [None req-c31bfbdd-004e-4ccc-bb54-f883a14b4428 None None] Loaded extension: l3_agent_scheduler
Jul 28 00:08:45.105011 np0000187139 devstack@neutron-api.service[102530]: DEBUG neutron.manager [None req-85d8244b-233e-4c5c-b142-a191a6571824 None None] Successfully loaded auto-allocated-topology plugin. Description: Auto Allocated Topology - aka get me a network. {{(pid=102530) _create_and_add_service_plugin /opt/stack/neutron/neutron/manager.py:236}}
Jul 28 00:08:45.105069 np0000187139 devstack@neutron-api.service[102532]: DEBUG neutron.api.extensions [None req-c31bfbdd-004e-4ccc-bb54-f883a14b4428 None None] Loading extension file: local_ip.py {{(pid=102532) _load_all_extensions_from_path /opt/stack/neutron/neutron/api/extensions.py:449}}
Jul 28 00:08:45.105094 np0000187139 devstack@neutron-api.service[102530]: INFO neutron.manager [None req-85d8244b-233e-4c5c-b142-a191a6571824 None None] Loading Plugin: tag
Jul 28 00:08:45.105507 np0000187139 devstack@neutron-api.service[102532]: DEBUG neutron.api.extensions [None req-c31bfbdd-004e-4ccc-bb54-f883a14b4428 None None] Ext name="Local IP" alias="local_ip" description="Support Node Local Virtual IP" updated="2021-07-26T10:00:00-00:00" {{(pid=102532) _check_extension /opt/stack/neutron/neutron/api/extensions.py:415}}
Jul 28 00:08:45.105730 np0000187139 devstack@neutron-api.service[102532]: INFO neutron.api.extensions [None req-c31bfbdd-004e-4ccc-bb54-f883a14b4428 None None] Extension local_ip not supported by any of loaded plugins
Jul 28 00:08:45.105883 np0000187139 devstack@neutron-api.service[102532]: DEBUG neutron.api.extensions [None req-c31bfbdd-004e-4ccc-bb54-f883a14b4428 None None] Loading extension file: logging.py {{(pid=102532) _load_all_extensions_from_path /opt/stack/neutron/neutron/api/extensions.py:449}}
Jul 28 00:08:45.106299 np0000187139 devstack@neutron-api.service[102532]: DEBUG neutron.api.extensions [None req-c31bfbdd-004e-4ccc-bb54-f883a14b4428 None None] Ext name="Logging API Extension" alias="logging" description="Provides a logging API for resources such as security group and firewall." updated="2017-01-01T10:00:00-00:00" {{(pid=102532) _check_extension /opt/stack/neutron/neutron/api/extensions.py:415}}
Jul 28 00:08:45.106486 np0000187139 devstack@neutron-api.service[102532]: INFO neutron.api.extensions [None req-c31bfbdd-004e-4ccc-bb54-f883a14b4428 None None] Extension logging not supported by any of loaded plugins
Jul 28 00:08:45.106618 np0000187139 devstack@neutron-api.service[102532]: DEBUG neutron.api.extensions [None req-c31bfbdd-004e-4ccc-bb54-f883a14b4428 None None] Loading extension file: metering.py {{(pid=102532) _load_all_extensions_from_path /opt/stack/neutron/neutron/api/extensions.py:449}}
Jul 28 00:08:45.107015 np0000187139 devstack@neutron-api.service[102532]: DEBUG neutron.api.extensions [None req-c31bfbdd-004e-4ccc-bb54-f883a14b4428 None None] Ext name="Neutron Metering" alias="metering" description="Neutron Metering extension." updated="2013-06-12T10:00:00-00:00" {{(pid=102532) _check_extension /opt/stack/neutron/neutron/api/extensions.py:415}}
Jul 28 00:08:45.107267 np0000187139 devstack@neutron-api.service[102532]: INFO neutron.api.extensions [None req-c31bfbdd-004e-4ccc-bb54-f883a14b4428 None None] Extension metering not supported by any of loaded plugins
Jul 28 00:08:45.107402 np0000187139 devstack@neutron-api.service[102532]: DEBUG neutron.api.extensions [None req-c31bfbdd-004e-4ccc-bb54-f883a14b4428 None None] Loading extension file: metering_source_and_destination_fields.py {{(pid=102532) _load_all_extensions_from_path /opt/stack/neutron/neutron/api/extensions.py:449}}
Jul 28 00:08:45.107701 np0000187139 devstack@neutron-api.service[102530]: DEBUG neutron.manager [None req-85d8244b-233e-4c5c-b142-a191a6571824 None None] Successfully loaded TAG plugin. Description: Tag support {{(pid=102530) _create_and_add_service_plugin /opt/stack/neutron/neutron/manager.py:236}}
Jul 28 00:08:45.107740 np0000187139 devstack@neutron-api.service[102532]: DEBUG neutron.api.extensions [None req-c31bfbdd-004e-4ccc-bb54-f883a14b4428 None None] Ext name="Neutron Metering with source and destination filtering" alias="metering_source_and_destination_fields" description="Neutron Metering extension that enables the use of source and destination IP prefixes to create metering label rules." updated="2020-08-21T08:12:00-00:00" {{(pid=102532) _check_extension /opt/stack/neutron/neutron/api/extensions.py:415}}
Jul 28 00:08:45.107811 np0000187139 devstack@neutron-api.service[102530]: INFO neutron.manager [None req-85d8244b-233e-4c5c-b142-a191a6571824 None None] Loading Plugin: timestamp
Jul 28 00:08:45.108018 np0000187139 devstack@neutron-api.service[102532]: INFO neutron.api.extensions [None req-c31bfbdd-004e-4ccc-bb54-f883a14b4428 None None] Extension metering_source_and_destination_fields not supported by any of loaded plugins
Jul 28 00:08:45.108162 np0000187139 devstack@neutron-api.service[102532]: DEBUG neutron.api.extensions [None req-c31bfbdd-004e-4ccc-bb54-f883a14b4428 None None] Loading extension file: multiprovidernet.py {{(pid=102532) _load_all_extensions_from_path /opt/stack/neutron/neutron/api/extensions.py:449}}
Jul 28 00:08:45.108496 np0000187139 devstack@neutron-api.service[102532]: DEBUG neutron.api.extensions [None req-c31bfbdd-004e-4ccc-bb54-f883a14b4428 None None] Ext name="Multi Provider Network" alias="multi-provider" description="Expose mapping of virtual networks to multiple physical networks" updated="2013-06-27T10:00:00-00:00" {{(pid=102532) _check_extension /opt/stack/neutron/neutron/api/extensions.py:415}}
Jul 28 00:08:45.108742 np0000187139 devstack@neutron-api.service[102532]: INFO neutron.api.extensions [None req-c31bfbdd-004e-4ccc-bb54-f883a14b4428 None None] Loaded extension: multi-provider
Jul 28 00:08:45.108940 np0000187139 devstack@neutron-api.service[102532]: DEBUG neutron.api.extensions [None req-c31bfbdd-004e-4ccc-bb54-f883a14b4428 None None] Loading extension file: netmtu.py {{(pid=102532) _load_all_extensions_from_path /opt/stack/neutron/neutron/api/extensions.py:449}}
Jul 28 00:08:45.109097 np0000187139 devstack@neutron-api.service[102530]: DEBUG neutron.manager [None req-85d8244b-233e-4c5c-b142-a191a6571824 None None] Successfully loaded timestamp plugin. Description: Adds timestamps to Neutron resources with standard attributes {{(pid=102530) _create_and_add_service_plugin /opt/stack/neutron/neutron/manager.py:236}}
Jul 28 00:08:45.109213 np0000187139 devstack@neutron-api.service[102530]: INFO neutron.manager [None req-85d8244b-233e-4c5c-b142-a191a6571824 None None] Loading Plugin: network_ip_availability
Jul 28 00:08:45.109274 np0000187139 devstack@neutron-api.service[102532]: DEBUG neutron.api.extensions [None req-c31bfbdd-004e-4ccc-bb54-f883a14b4428 None None] Ext name="Network MTU" alias="net-mtu" description="Provides MTU attribute for a network resource." updated="2015-03-25T10:00:00-00:00" {{(pid=102532) _check_extension /opt/stack/neutron/neutron/api/extensions.py:415}}
Jul 28 00:08:45.109523 np0000187139 devstack@neutron-api.service[102532]: INFO neutron.api.extensions [None req-c31bfbdd-004e-4ccc-bb54-f883a14b4428 None None] Loaded extension: net-mtu
Jul 28 00:08:45.109647 np0000187139 devstack@neutron-api.service[102532]: DEBUG neutron.api.extensions [None req-c31bfbdd-004e-4ccc-bb54-f883a14b4428 None None] Loading extension file: netmtu_writable.py {{(pid=102532) _load_all_extensions_from_path /opt/stack/neutron/neutron/api/extensions.py:449}}
Jul 28 00:08:45.109984 np0000187139 devstack@neutron-api.service[102532]: DEBUG neutron.api.extensions [None req-c31bfbdd-004e-4ccc-bb54-f883a14b4428 None None] Ext name="Network MTU (writable)" alias="net-mtu-writable" description="Provides a writable MTU attribute for a network resource." updated="2017-07-12T00:00:00-00:00" {{(pid=102532) _check_extension /opt/stack/neutron/neutron/api/extensions.py:415}}
Jul 28 00:08:45.110223 np0000187139 devstack@neutron-api.service[102532]: INFO neutron.api.extensions [None req-c31bfbdd-004e-4ccc-bb54-f883a14b4428 None None] Loaded extension: net-mtu-writable
Jul 28 00:08:45.110385 np0000187139 devstack@neutron-api.service[102532]: DEBUG neutron.api.extensions [None req-c31bfbdd-004e-4ccc-bb54-f883a14b4428 None None] Loading extension file: network_availability_zone.py {{(pid=102532) _load_all_extensions_from_path /opt/stack/neutron/neutron/api/extensions.py:449}}
Jul 28 00:08:45.110650 np0000187139 devstack@neutron-api.service[102532]: DEBUG neutron.api.extensions [None req-c31bfbdd-004e-4ccc-bb54-f883a14b4428 None None] Ext name="Network Availability Zone" alias="network_availability_zone" description="Availability zone support for network." updated="2015-01-01T10:00:00-00:00" {{(pid=102532) _check_extension /opt/stack/neutron/neutron/api/extensions.py:415}}
Jul 28 00:08:45.110866 np0000187139 devstack@neutron-api.service[102530]: DEBUG neutron.manager [None req-85d8244b-233e-4c5c-b142-a191a6571824 None None] Successfully loaded network-ip-availability plugin. Description: Provides IP availability data for each network and subnet. {{(pid=102530) _create_and_add_service_plugin /opt/stack/neutron/neutron/manager.py:236}}
Jul 28 00:08:45.110895 np0000187139 devstack@neutron-api.service[102532]: INFO neutron.api.extensions [None req-c31bfbdd-004e-4ccc-bb54-f883a14b4428 None None] Loaded extension: network_availability_zone
Jul 28 00:08:45.110957 np0000187139 devstack@neutron-api.service[102530]: INFO neutron.manager [None req-85d8244b-233e-4c5c-b142-a191a6571824 None None] Loading Plugin: flavors
Jul 28 00:08:45.110992 np0000187139 devstack@neutron-api.service[102532]: DEBUG neutron.api.extensions [None req-c31bfbdd-004e-4ccc-bb54-f883a14b4428 None None] Loading extension file: network_ha.py {{(pid=102532) _load_all_extensions_from_path /opt/stack/neutron/neutron/api/extensions.py:449}}
Jul 28 00:08:45.111369 np0000187139 devstack@neutron-api.service[102532]: DEBUG neutron.api.extensions [None req-c31bfbdd-004e-4ccc-bb54-f883a14b4428 None None] Ext name="Network HA creation flag" alias="network_ha" description="Network high availability creation flag." updated="2023-04-27T10:00:00-00:00" {{(pid=102532) _check_extension /opt/stack/neutron/neutron/api/extensions.py:415}}
Jul 28 00:08:45.111547 np0000187139 devstack@neutron-api.service[102532]: INFO neutron.api.extensions [None req-c31bfbdd-004e-4ccc-bb54-f883a14b4428 None None] Extension network_ha not supported by any of loaded plugins
Jul 28 00:08:45.111655 np0000187139 devstack@neutron-api.service[102532]: DEBUG neutron.api.extensions [None req-c31bfbdd-004e-4ccc-bb54-f883a14b4428 None None] Loading extension file: network_ip_availability.py {{(pid=102532) _load_all_extensions_from_path /opt/stack/neutron/neutron/api/extensions.py:449}}
Jul 28 00:08:45.111739 np0000187139 devstack@neutron-api.service[102530]: DEBUG neutron.manager [None req-85d8244b-233e-4c5c-b142-a191a6571824 None None] Successfully loaded FLAVORS plugin. Description: Neutron Flavors and Service Profiles manager plugin {{(pid=102530) _create_and_add_service_plugin /opt/stack/neutron/neutron/manager.py:236}}
Jul 28 00:08:45.111881 np0000187139 devstack@neutron-api.service[102530]: INFO neutron.manager [None req-85d8244b-233e-4c5c-b142-a191a6571824 None None] Loading Plugin: revisions
Jul 28 00:08:45.111980 np0000187139 devstack@neutron-api.service[102532]: DEBUG neutron.api.extensions [None req-c31bfbdd-004e-4ccc-bb54-f883a14b4428 None None] Ext name="Network IP Availability" alias="network-ip-availability" description="Provides IP availability data for each network and subnet." updated="2015-09-24T00:00:00-00:00" {{(pid=102532) _check_extension /opt/stack/neutron/neutron/api/extensions.py:415}}
Jul 28 00:08:45.112187 np0000187139 devstack@neutron-api.service[102532]: INFO neutron.api.extensions [None req-c31bfbdd-004e-4ccc-bb54-f883a14b4428 None None] Loaded extension: network-ip-availability
Jul 28 00:08:45.112364 np0000187139 devstack@neutron-api.service[102532]: DEBUG neutron.api.extensions [None req-c31bfbdd-004e-4ccc-bb54-f883a14b4428 None None] Loading extension file: network_ip_availability_details.py {{(pid=102532) _load_all_extensions_from_path /opt/stack/neutron/neutron/api/extensions.py:449}}
Jul 28 00:08:45.112685 np0000187139 devstack@neutron-api.service[102532]: DEBUG neutron.api.extensions [None req-c31bfbdd-004e-4ccc-bb54-f883a14b4428 None None] Ext name="Network IP Availability Details Extension" alias="network-ip-availability-details" description="Add ip_availability_details attribute to network-ip-availabilities resource." updated="2025-10-31T00:00:00-00:00" {{(pid=102532) _check_extension /opt/stack/neutron/neutron/api/extensions.py:415}}
Jul 28 00:08:45.112860 np0000187139 devstack@neutron-api.service[102530]: DEBUG neutron.manager [None req-85d8244b-233e-4c5c-b142-a191a6571824 None None] Successfully loaded revision_plugin plugin. Description: Adds revision numbers to resources. {{(pid=102530) _create_and_add_service_plugin /opt/stack/neutron/neutron/manager.py:236}}
Jul 28 00:08:45.112923 np0000187139 devstack@neutron-api.service[102532]: INFO neutron.api.extensions [None req-c31bfbdd-004e-4ccc-bb54-f883a14b4428 None None] Loaded extension: network-ip-availability-details
Jul 28 00:08:45.112964 np0000187139 devstack@neutron-api.service[102530]: DEBUG oslo_concurrency.lockutils [None req-85d8244b-233e-4c5c-b142-a191a6571824 None None] Lock "manager" "released" by "neutron.manager.NeutronManager._create_instance" :: held 5.383s {{(pid=102530) inner /opt/stack/data/venv/lib/python3.12/site-packages/oslo_concurrency/lockutils.py:544}}
Jul 28 00:08:45.113024 np0000187139 devstack@neutron-api.service[102532]: DEBUG neutron.api.extensions [None req-c31bfbdd-004e-4ccc-bb54-f883a14b4428 None None] Loading extension file: network_segment_range.py {{(pid=102532) _load_all_extensions_from_path /opt/stack/neutron/neutron/api/extensions.py:449}}
Jul 28 00:08:45.113197 np0000187139 devstack@neutron-api.service[102530]: DEBUG neutron.api.extensions [None req-85d8244b-233e-4c5c-b142-a191a6571824 None None] get_extension_paths = OrderedDict({'/opt/stack/neutron/neutron/extensions': 1}) {{(pid=102530) get_extensions_path /opt/stack/neutron/neutron/api/extensions.py:640}}
Jul 28 00:08:45.113297 np0000187139 devstack@neutron-api.service[102530]: INFO neutron.api.extensions [None req-85d8244b-233e-4c5c-b142-a191a6571824 None None] Initializing extension manager.
Jul 28 00:08:45.113551 np0000187139 devstack@neutron-api.service[102530]: DEBUG neutron.api.extensions [None req-85d8244b-233e-4c5c-b142-a191a6571824 None None] Loading extension file: __init__.py {{(pid=102530) _load_all_extensions_from_path /opt/stack/neutron/neutron/api/extensions.py:449}}
Jul 28 00:08:45.113651 np0000187139 devstack@neutron-api.service[102530]: DEBUG neutron.api.extensions [None req-85d8244b-233e-4c5c-b142-a191a6571824 None None] Loading extension file: __pycache__ {{(pid=102530) _load_all_extensions_from_path /opt/stack/neutron/neutron/api/extensions.py:449}}
Jul 28 00:08:45.113747 np0000187139 devstack@neutron-api.service[102530]: DEBUG neutron.api.extensions [None req-85d8244b-233e-4c5c-b142-a191a6571824 None None] Loading extension file: aap_reject_multicast.py {{(pid=102530) _load_all_extensions_from_path /opt/stack/neutron/neutron/api/extensions.py:449}}
Jul 28 00:08:45.113781 np0000187139 devstack@neutron-api.service[102532]: DEBUG neutron.api.extensions [None req-c31bfbdd-004e-4ccc-bb54-f883a14b4428 None None] Ext name="Neutron Network Segment Range" alias="network-segment-range" description="Provides support for the network segment range management" updated="2018-11-29T00:00:00-00:00" {{(pid=102532) _check_extension /opt/stack/neutron/neutron/api/extensions.py:415}}
Jul 28 00:08:45.113997 np0000187139 devstack@neutron-api.service[102532]: INFO neutron.api.extensions [None req-c31bfbdd-004e-4ccc-bb54-f883a14b4428 None None] Extension network-segment-range not supported by any of loaded plugins
Jul 28 00:08:45.114038 np0000187139 devstack@neutron-api.service[102530]: DEBUG neutron.api.extensions [None req-85d8244b-233e-4c5c-b142-a191a6571824 None None] Ext name="Allowed address pairs reject multicast extension" alias="aap-reject-multicast" description="Reject multicast addresses in Allowed Address Pairs" updated="2026-04-01T00:00:00-00:00" {{(pid=102530) _check_extension /opt/stack/neutron/neutron/api/extensions.py:415}}
Jul 28 00:08:45.114115 np0000187139 devstack@neutron-api.service[102532]: DEBUG neutron.api.extensions [None req-c31bfbdd-004e-4ccc-bb54-f883a14b4428 None None] Loading extension file: pagination.py {{(pid=102532) _load_all_extensions_from_path /opt/stack/neutron/neutron/api/extensions.py:449}}
Jul 28 00:08:45.114281 np0000187139 devstack@neutron-api.service[102530]: INFO neutron.api.extensions [None req-85d8244b-233e-4c5c-b142-a191a6571824 None None] Extension aap-reject-multicast not supported by any of loaded plugins
Jul 28 00:08:45.114368 np0000187139 devstack@neutron-api.service[102530]: DEBUG neutron.api.extensions [None req-85d8244b-233e-4c5c-b142-a191a6571824 None None] Loading extension file: address_group.py {{(pid=102530) _load_all_extensions_from_path /opt/stack/neutron/neutron/api/extensions.py:449}}
Jul 28 00:08:45.114408 np0000187139 devstack@neutron-api.service[102532]: DEBUG neutron.api.extensions [None req-c31bfbdd-004e-4ccc-bb54-f883a14b4428 None None] Ext name="Pagination support" alias="pagination" description="Extension that indicates that pagination is enabled." updated="2016-06-12T00:00:00-00:00" {{(pid=102532) _check_extension /opt/stack/neutron/neutron/api/extensions.py:415}}
Jul 28 00:08:45.114477 np0000187139 devstack@neutron-api.service[102532]: INFO neutron.api.extensions [None req-c31bfbdd-004e-4ccc-bb54-f883a14b4428 None None] Loaded extension: pagination
Jul 28 00:08:45.114624 np0000187139 devstack@neutron-api.service[102532]: DEBUG neutron.api.extensions [None req-c31bfbdd-004e-4ccc-bb54-f883a14b4428 None None] Loading extension file: port_device_profile.py {{(pid=102532) _load_all_extensions_from_path /opt/stack/neutron/neutron/api/extensions.py:449}}
Jul 28 00:08:45.114681 np0000187139 devstack@neutron-api.service[102530]: DEBUG neutron.api.extensions [None req-85d8244b-233e-4c5c-b142-a191a6571824 None None] Ext name="Address group" alias="address-group" description="Support address group" updated="2020-07-15T10:00:00-00:00" {{(pid=102530) _check_extension /opt/stack/neutron/neutron/api/extensions.py:415}}
Jul 28 00:08:45.114870 np0000187139 devstack@neutron-api.service[102532]: DEBUG neutron.api.extensions [None req-c31bfbdd-004e-4ccc-bb54-f883a14b4428 None None] Ext name="Port device profile" alias="port-device-profile" description="Expose the port device profile (Cyborg)" updated="2020-12-17T10:00:00-00:00" {{(pid=102532) _check_extension /opt/stack/neutron/neutron/api/extensions.py:415}}
Jul 28 00:08:45.114962 np0000187139 devstack@neutron-api.service[102530]: INFO neutron.api.extensions [None req-85d8244b-233e-4c5c-b142-a191a6571824 None None] Loaded extension: address-group
Jul 28 00:08:45.115049 np0000187139 devstack@neutron-api.service[102530]: DEBUG neutron.api.extensions [None req-85d8244b-233e-4c5c-b142-a191a6571824 None None] Loading extension file: address_scope.py {{(pid=102530) _load_all_extensions_from_path /opt/stack/neutron/neutron/api/extensions.py:449}}
Jul 28 00:08:45.115091 np0000187139 devstack@neutron-api.service[102532]: INFO neutron.api.extensions [None req-c31bfbdd-004e-4ccc-bb54-f883a14b4428 None None] Loaded extension: port-device-profile
Jul 28 00:08:45.115217 np0000187139 devstack@neutron-api.service[102532]: DEBUG neutron.api.extensions [None req-c31bfbdd-004e-4ccc-bb54-f883a14b4428 None None] Loading extension file: port_hardware_offload_type.py {{(pid=102532) _load_all_extensions_from_path /opt/stack/neutron/neutron/api/extensions.py:449}}
Jul 28 00:08:45.115354 np0000187139 devstack@neutron-api.service[102532]: DEBUG neutron.api.extensions [None req-c31bfbdd-004e-4ccc-bb54-f883a14b4428 None None] Ext name="Port hardware offload" alias="port-hardware-offload-type" description="Expose port hardware offload extension" updated="2023-05-09T10:00:00-00:00" {{(pid=102532) _check_extension /opt/stack/neutron/neutron/api/extensions.py:415}}
Jul 28 00:08:45.115412 np0000187139 devstack@neutron-api.service[102530]: DEBUG neutron.api.extensions [None req-85d8244b-233e-4c5c-b142-a191a6571824 None None] Ext name="Address scope" alias="address-scope" description="Address scopes extension." updated="2015-07-26T10:00:00-00:00" {{(pid=102530) _check_extension /opt/stack/neutron/neutron/api/extensions.py:415}}
Jul 28 00:08:45.115535 np0000187139 devstack@neutron-api.service[102532]: INFO neutron.api.extensions [None req-c31bfbdd-004e-4ccc-bb54-f883a14b4428 None None] Extension port-hardware-offload-type not supported by any of loaded plugins
Jul 28 00:08:45.115621 np0000187139 devstack@neutron-api.service[102532]: DEBUG neutron.api.extensions [None req-c31bfbdd-004e-4ccc-bb54-f883a14b4428 None None] Loading extension file: port_hint_ovs_tx_steering.py {{(pid=102532) _load_all_extensions_from_path /opt/stack/neutron/neutron/api/extensions.py:449}}
Jul 28 00:08:45.115669 np0000187139 devstack@neutron-api.service[102530]: INFO neutron.api.extensions [None req-85d8244b-233e-4c5c-b142-a191a6571824 None None] Loaded extension: address-scope
Jul 28 00:08:45.115713 np0000187139 devstack@neutron-api.service[102530]: DEBUG neutron.api.extensions [None req-85d8244b-233e-4c5c-b142-a191a6571824 None None] Loading extension file: admin_state_down_before_update.py {{(pid=102530) _load_all_extensions_from_path /opt/stack/neutron/neutron/api/extensions.py:449}}
Jul 28 00:08:45.115913 np0000187139 devstack@neutron-api.service[102532]: DEBUG neutron.api.extensions [None req-c31bfbdd-004e-4ccc-bb54-f883a14b4428 None None] Ext name="Port hint: Open vSwitch Tx steering" alias="port-hint-ovs-tx-steering" description="Enable Port hint: Open vSwitch Tx steering" updated="2023-01-01T00:00:00-00:00" {{(pid=102532) _check_extension /opt/stack/neutron/neutron/api/extensions.py:415}}
Jul 28 00:08:45.115970 np0000187139 devstack@neutron-api.service[102530]: DEBUG neutron.api.extensions [None req-85d8244b-233e-4c5c-b142-a191a6571824 None None] Ext name="Enforce Router's Admin State Down Before Update Extension" alias="router-admin-state-down-before-update" description="Ensure that the admin state of a router is DOWN (admin_state_up=False) before updating the distributed attribute" updated="2019-07-02T15:56:00" {{(pid=102530) _check_extension /opt/stack/neutron/neutron/api/extensions.py:415}}
Jul 28 00:08:45.116064 np0000187139 devstack@neutron-api.service[102532]: INFO neutron.api.extensions [None req-c31bfbdd-004e-4ccc-bb54-f883a14b4428 None None] Extension port-hint-ovs-tx-steering not supported by any of loaded plugins
Jul 28 00:08:45.116132 np0000187139 devstack@neutron-api.service[102530]: INFO neutron.api.extensions [None req-85d8244b-233e-4c5c-b142-a191a6571824 None None] Extension router-admin-state-down-before-update not supported by any of loaded plugins
Jul 28 00:08:45.116173 np0000187139 devstack@neutron-api.service[102532]: DEBUG neutron.api.extensions [None req-c31bfbdd-004e-4ccc-bb54-f883a14b4428 None None] Loading extension file: port_hints.py {{(pid=102532) _load_all_extensions_from_path /opt/stack/neutron/neutron/api/extensions.py:449}}
Jul 28 00:08:45.116226 np0000187139 devstack@neutron-api.service[102530]: DEBUG neutron.api.extensions [None req-85d8244b-233e-4c5c-b142-a191a6571824 None None] Loading extension file: agent.py {{(pid=102530) _load_all_extensions_from_path /opt/stack/neutron/neutron/api/extensions.py:449}}
Jul 28 00:08:45.116416 np0000187139 devstack@neutron-api.service[102532]: DEBUG neutron.api.extensions [None req-c31bfbdd-004e-4ccc-bb54-f883a14b4428 None None] Ext name="Port hints" alias="port-hints" description="Backend specific port hints to allow backend specific tuning" updated="2023-01-01T00:00:00-00:00" {{(pid=102532) _check_extension /opt/stack/neutron/neutron/api/extensions.py:415}}
Jul 28 00:08:45.116512 np0000187139 devstack@neutron-api.service[102530]: DEBUG neutron.api.extensions [None req-85d8244b-233e-4c5c-b142-a191a6571824 None None] Ext name="agent" alias="agent" description="The agent management extension." updated="2013-02-03T10:00:00-00:00" {{(pid=102530) _check_extension /opt/stack/neutron/neutron/api/extensions.py:415}}
Jul 28 00:08:45.116583 np0000187139 devstack@neutron-api.service[102532]: INFO neutron.api.extensions [None req-c31bfbdd-004e-4ccc-bb54-f883a14b4428 None None] Extension port-hints not supported by any of loaded plugins
Jul 28 00:08:45.116682 np0000187139 devstack@neutron-api.service[102532]: DEBUG neutron.api.extensions [None req-c31bfbdd-004e-4ccc-bb54-f883a14b4428 None None] Loading extension file: port_mac_address_override.py {{(pid=102532) _load_all_extensions_from_path /opt/stack/neutron/neutron/api/extensions.py:449}}
Jul 28 00:08:45.116732 np0000187139 devstack@neutron-api.service[102530]: INFO neutron.api.extensions [None req-85d8244b-233e-4c5c-b142-a191a6571824 None None] Loaded extension: agent
Jul 28 00:08:45.116848 np0000187139 devstack@neutron-api.service[102530]: DEBUG neutron.api.extensions [None req-85d8244b-233e-4c5c-b142-a191a6571824 None None] Loading extension file: agent_resources_synced.py {{(pid=102530) _load_all_extensions_from_path /opt/stack/neutron/neutron/api/extensions.py:449}}
Jul 28 00:08:45.117001 np0000187139 devstack@neutron-api.service[102532]: DEBUG neutron.api.extensions [None req-c31bfbdd-004e-4ccc-bb54-f883a14b4428 None None] Ext name="Neutron Port MAC address override" alias="port-mac-override" description="Allow overriding the MAC address of a direct-physical Port via the active binding profile" updated="2022-03-18T10:00:00-00:00" {{(pid=102532) _check_extension /opt/stack/neutron/neutron/api/extensions.py:415}}
Jul 28 00:08:45.117046 np0000187139 devstack@neutron-api.service[102530]: DEBUG neutron.api.extensions [None req-85d8244b-233e-4c5c-b142-a191a6571824 None None] Ext name="Agent's Resource View Synced to Placement" alias="agent-resources-synced" description="Stores success/failure of last sync to Placement" updated="2018-12-19T00:00:00-00:00" {{(pid=102530) _check_extension /opt/stack/neutron/neutron/api/extensions.py:415}}
Jul 28 00:08:45.117125 np0000187139 devstack@neutron-api.service[102532]: INFO neutron.api.extensions [None req-c31bfbdd-004e-4ccc-bb54-f883a14b4428 None None] Extension port-mac-override not supported by any of loaded plugins
Jul 28 00:08:45.117218 np0000187139 devstack@neutron-api.service[102530]: INFO neutron.api.extensions [None req-85d8244b-233e-4c5c-b142-a191a6571824 None None] Extension agent-resources-synced not supported by any of loaded plugins
Jul 28 00:08:45.117261 np0000187139 devstack@neutron-api.service[102532]: DEBUG neutron.api.extensions [None req-c31bfbdd-004e-4ccc-bb54-f883a14b4428 None None] Loading extension file: port_mac_address_regenerate.py {{(pid=102532) _load_all_extensions_from_path /opt/stack/neutron/neutron/api/extensions.py:449}}
Jul 28 00:08:45.117314 np0000187139 devstack@neutron-api.service[102530]: DEBUG neutron.api.extensions [None req-85d8244b-233e-4c5c-b142-a191a6571824 None None] Loading extension file: agent_sort_key.py {{(pid=102530) _load_all_extensions_from_path /opt/stack/neutron/neutron/api/extensions.py:449}}
Jul 28 00:08:45.117564 np0000187139 devstack@neutron-api.service[102532]: DEBUG neutron.api.extensions [None req-c31bfbdd-004e-4ccc-bb54-f883a14b4428 None None] Ext name="Neutron Port MAC address regenerate" alias="port-mac-address-regenerate" description="Network port MAC address regenerate" updated="2018-05-03T10:00:00-00:00" {{(pid=102532) _check_extension /opt/stack/neutron/neutron/api/extensions.py:415}}
Jul 28 00:08:45.117658 np0000187139 devstack@neutron-api.service[102530]: DEBUG neutron.api.extensions [None req-85d8244b-233e-4c5c-b142-a191a6571824 None None] Ext name="Agents Sort Key" alias="agent_sort_key" description="Enabling the keyword sort_key for sorting in agents." updated="2013-02-03T10:00:00-00:00" {{(pid=102530) _check_extension /opt/stack/neutron/neutron/api/extensions.py:415}}
Jul 28 00:08:45.117747 np0000187139 devstack@neutron-api.service[102532]: INFO neutron.api.extensions [None req-c31bfbdd-004e-4ccc-bb54-f883a14b4428 None None] Loaded extension: port-mac-address-regenerate
Jul 28 00:08:45.117851 np0000187139 devstack@neutron-api.service[102530]: INFO neutron.api.extensions [None req-85d8244b-233e-4c5c-b142-a191a6571824 None None] Extension agent_sort_key not supported by any of loaded plugins
Jul 28 00:08:45.117948 np0000187139 devstack@neutron-api.service[102532]: DEBUG neutron.api.extensions [None req-c31bfbdd-004e-4ccc-bb54-f883a14b4428 None None] Loading extension file: port_numa_affinity_policy.py {{(pid=102532) _load_all_extensions_from_path /opt/stack/neutron/neutron/api/extensions.py:449}}
Jul 28 00:08:45.118054 np0000187139 devstack@neutron-api.service[102530]: DEBUG neutron.api.extensions [None req-85d8244b-233e-4c5c-b142-a191a6571824 None None] Loading extension file: allowedaddresspairs.py {{(pid=102530) _load_all_extensions_from_path /opt/stack/neutron/neutron/api/extensions.py:449}}
Jul 28 00:08:45.118143 np0000187139 devstack@neutron-api.service[102532]: DEBUG neutron.api.extensions [None req-c31bfbdd-004e-4ccc-bb54-f883a14b4428 None None] Ext name="Port NUMA affinity policy" alias="port-numa-affinity-policy" description="Expose the port NUMA affinity policy" updated="2020-07-08T10:00:00-00:00" {{(pid=102532) _check_extension /opt/stack/neutron/neutron/api/extensions.py:415}}
Jul 28 00:08:45.118245 np0000187139 devstack@neutron-api.service[102532]: INFO neutron.api.extensions [None req-c31bfbdd-004e-4ccc-bb54-f883a14b4428 None None] Loaded extension: port-numa-affinity-policy
Jul 28 00:08:45.118330 np0000187139 devstack@neutron-api.service[102532]: DEBUG neutron.api.extensions [None req-c31bfbdd-004e-4ccc-bb54-f883a14b4428 None None] Loading extension file: port_numa_affinity_policy_socket.py {{(pid=102532) _load_all_extensions_from_path /opt/stack/neutron/neutron/api/extensions.py:449}}
