2026-04-22 19:42:06.534 10 INFO neutron.db.ovn_revision_numbers_db [None req-104ed6b6-5c68-415b-afdd-3a94a5658f58 ee2f3d3ab3a143b9885bf97c048b0ef6 e95d747a0c2a412389ead86875c3a8ec - - default default] Successfully bumped revision number for resource 132573b5-ada6-49ef-bfab-882a29ae6960 (type: security_groups) to 1
2026-04-22 19:42:06.548 10 INFO neutron.db.ovn_revision_numbers_db [None req-104ed6b6-5c68-415b-afdd-3a94a5658f58 ee2f3d3ab3a143b9885bf97c048b0ef6 e95d747a0c2a412389ead86875c3a8ec - - default default] Successfully bumped revision number for resource 2ffe53f4-f33a-47c0-8d5e-2a8a88b51a38 (type: security_group_rules) to 0
2026-04-22 19:42:06.562 10 INFO neutron.db.ovn_revision_numbers_db [None req-104ed6b6-5c68-415b-afdd-3a94a5658f58 ee2f3d3ab3a143b9885bf97c048b0ef6 e95d747a0c2a412389ead86875c3a8ec - - default default] Successfully bumped revision number for resource 866da8cc-a764-4241-8025-ef42be0c71a6 (type: security_group_rules) to 0
2026-04-22 19:42:06.576 10 INFO neutron.db.ovn_revision_numbers_db [None req-104ed6b6-5c68-415b-afdd-3a94a5658f58 ee2f3d3ab3a143b9885bf97c048b0ef6 e95d747a0c2a412389ead86875c3a8ec - - default default] Successfully bumped revision number for resource 99d15b98-21b3-4756-a593-6803c10249d5 (type: security_group_rules) to 0
2026-04-22 19:42:06.595 10 INFO neutron.db.ovn_revision_numbers_db [None req-104ed6b6-5c68-415b-afdd-3a94a5658f58 ee2f3d3ab3a143b9885bf97c048b0ef6 e95d747a0c2a412389ead86875c3a8ec - - default default] Successfully bumped revision number for resource f2d909ce-9600-4222-9211-14aaf3fcb84c (type: security_group_rules) to 0
2026-04-22 19:42:06.618 10 INFO neutron.wsgi [None req-104ed6b6-5c68-415b-afdd-3a94a5658f58 ee2f3d3ab3a143b9885bf97c048b0ef6 e95d747a0c2a412389ead86875c3a8ec - - default default] 10.0.0.53 "GET /v2.0/security-groups?tenant_id=a127e3856dd04678b242d2aae53bc549&name=default HTTP/1.1" status: 200 len: 2996 time: 0.3338490
2026-04-22 19:42:06.823 10 INFO neutron.wsgi [None req-3326a081-8a7c-41bf-a32e-0867145838c4 ee2f3d3ab3a143b9885bf97c048b0ef6 e95d747a0c2a412389ead86875c3a8ec - - default default] 10.0.0.53 "DELETE /v2.0/security-groups/132573b5-ada6-49ef-bfab-882a29ae6960 HTTP/1.1" status: 204 len: 168 time: 0.2003431
2026-04-22 19:42:07.749 10 INFO neutron.wsgi [None req-1e758fdf-bfcc-42ed-ac8d-c9fd17a0c81e 782ed361fe3f47e7993d690a13e025f9 dc4473f251624f47a7fdfaaeaa99472c - - default default] 10.0.0.53 "POST /v2.0/qos/policies HTTP/1.1" status: 201 len: 558 time: 0.1382787
2026-04-22 19:42:07.795 9 INFO neutron.wsgi [None req-cb7ecda5-374a-4fa2-96d3-c55e3227695f 782ed361fe3f47e7993d690a13e025f9 dc4473f251624f47a7fdfaaeaa99472c - - default default] 10.0.0.53 "PUT /v2.0/policies/a00b98b8-918a-4679-b046-8e6262602063/tags HTTP/1.1" status: 200 len: 218 time: 0.0310955
2026-04-22 19:42:07.828 10 INFO neutron.wsgi [None req-a2bf3304-90ee-4743-828e-c54cc914aff5 782ed361fe3f47e7993d690a13e025f9 dc4473f251624f47a7fdfaaeaa99472c - - default default] 10.0.0.53 "GET /v2.0/policies/a00b98b8-918a-4679-b046-8e6262602063/tags HTTP/1.1" status: 200 len: 218 time: 0.0273435
2026-04-22 19:42:07.869 10 INFO neutron.wsgi [None req-2ecf6442-4c69-45f4-a746-c902e7bdb5a9 782ed361fe3f47e7993d690a13e025f9 dc4473f251624f47a7fdfaaeaa99472c - - default default] 10.0.0.53 "PUT /v2.0/policies/a00b98b8-918a-4679-b046-8e6262602063/tags/green HTTP/1.1" status: 201 len: 201 time: 0.0353799
2026-04-22 19:42:07.899 10 INFO neutron.wsgi [None req-9f1fbcaa-3ab9-42a9-a740-0cbc2b3cd511 782ed361fe3f47e7993d690a13e025f9 dc4473f251624f47a7fdfaaeaa99472c - - default default] 10.0.0.53 "GET /v2.0/policies/a00b98b8-918a-4679-b046-8e6262602063/tags HTTP/1.1" status: 200 len: 227 time: 0.0239961
2026-04-22 19:42:07.938 10 INFO neutron.wsgi [None req-1cd80afa-8e65-49d9-be72-e8505c1cad9c 782ed361fe3f47e7993d690a13e025f9 dc4473f251624f47a7fdfaaeaa99472c - - default default] 10.0.0.53 "PUT /v2.0/policies/a00b98b8-918a-4679-b046-8e6262602063/tags/red HTTP/1.1" status: 201 len: 201 time: 0.0248876
2026-04-22 19:42:07.962 10 INFO neutron.wsgi [None req-a33d7e4a-e0ff-4a91-b8af-9ec58420fc18 782ed361fe3f47e7993d690a13e025f9 dc4473f251624f47a7fdfaaeaa99472c - - default default] 10.0.0.53 "GET /v2.0/policies/a00b98b8-918a-4679-b046-8e6262602063/tags HTTP/1.1" status: 200 len: 227 time: 0.0202403
2026-04-22 19:42:07.998 10 INFO neutron.wsgi [None req-38bd74d8-f4d0-4a5a-bf15-d186223dca99 782ed361fe3f47e7993d690a13e025f9 dc4473f251624f47a7fdfaaeaa99472c - - default default] 10.0.0.53 "PUT /v2.0/policies/a00b98b8-918a-4679-b046-8e6262602063/tags/black.or.white HTTP/1.1" status: 201 len: 201 time: 0.0309346
2026-04-22 19:42:08.021 10 INFO neutron.wsgi [None req-32dc5a25-8cc7-4b2d-8584-492443dc9300 782ed361fe3f47e7993d690a13e025f9 dc4473f251624f47a7fdfaaeaa99472c - - default default] 10.0.0.53 "GET /v2.0/policies/a00b98b8-918a-4679-b046-8e6262602063/tags HTTP/1.1" status: 200 len: 245 time: 0.0171602
2026-04-22 19:42:08.063 10 INFO neutron.wsgi [None req-181fbf87-f0ce-46f5-ba6b-cc7a61de31bc 782ed361fe3f47e7993d690a13e025f9 dc4473f251624f47a7fdfaaeaa99472c - - default default] 10.0.0.53 "PUT /v2.0/policies/a00b98b8-918a-4679-b046-8e6262602063/tags HTTP/1.1" status: 200 len: 230 time: 0.0375965
2026-04-22 19:42:08.090 10 INFO neutron.wsgi [None req-2b2069ed-8fe7-4c89-8254-e85e0163f1e5 782ed361fe3f47e7993d690a13e025f9 dc4473f251624f47a7fdfaaeaa99472c - - default default] 10.0.0.53 "GET /v2.0/policies/a00b98b8-918a-4679-b046-8e6262602063/tags HTTP/1.1" status: 200 len: 230 time: 0.0206413
2026-04-22 19:42:08.113 10 INFO neutron.wsgi [None req-9925c957-11e9-438e-bd9f-a18752a23464 782ed361fe3f47e7993d690a13e025f9 dc4473f251624f47a7fdfaaeaa99472c - - default default] 10.0.0.53 "GET /v2.0/policies/a00b98b8-918a-4679-b046-8e6262602063/tags/red HTTP/1.1" status: 204 len: 168 time: 0.0175400
2026-04-22 19:42:08.138 10 INFO neutron.api.v2.resource [None req-e1611980-de9e-4cbc-966a-f5314614b70c 782ed361fe3f47e7993d690a13e025f9 dc4473f251624f47a7fdfaaeaa99472c - - default default] show failed (client error): The resource could not be found.
2026-04-22 19:42:08.140 10 INFO neutron.wsgi [None req-e1611980-de9e-4cbc-966a-f5314614b70c 782ed361fe3f47e7993d690a13e025f9 dc4473f251624f47a7fdfaaeaa99472c - - default default] 10.0.0.53 "GET /v2.0/policies/a00b98b8-918a-4679-b046-8e6262602063/tags/green HTTP/1.1" status: 404 len: 299 time: 0.0208991
2026-04-22 19:42:08.175 10 INFO neutron.wsgi [None req-8d40936f-eb20-4c06-9e74-8a0410b42869 782ed361fe3f47e7993d690a13e025f9 dc4473f251624f47a7fdfaaeaa99472c - - default default] 10.0.0.53 "DELETE /v2.0/policies/a00b98b8-918a-4679-b046-8e6262602063/tags/red HTTP/1.1" status: 204 len: 168 time: 0.0311158
2026-04-22 19:42:08.198 10 INFO neutron.wsgi [None req-22a3d025-ba60-416f-be0e-b8137459c644 782ed361fe3f47e7993d690a13e025f9 dc4473f251624f47a7fdfaaeaa99472c - - default default] 10.0.0.53 "GET /v2.0/policies/a00b98b8-918a-4679-b046-8e6262602063/tags HTTP/1.1" status: 200 len: 223 time: 0.0161190
2026-04-22 19:42:08.226 10 INFO neutron.api.v2.resource [None req-2e2e5ef7-d4ec-4569-ab12-555a0aa6d9f7 782ed361fe3f47e7993d690a13e025f9 dc4473f251624f47a7fdfaaeaa99472c - - default default] delete failed (client error): The resource could not be found.
2026-04-22 19:42:08.227 10 INFO neutron.wsgi [None req-2e2e5ef7-d4ec-4569-ab12-555a0aa6d9f7 782ed361fe3f47e7993d690a13e025f9 dc4473f251624f47a7fdfaaeaa99472c - - default default] 10.0.0.53 "DELETE /v2.0/policies/a00b98b8-918a-4679-b046-8e6262602063/tags/green HTTP/1.1" status: 404 len: 299 time: 0.0242710
2026-04-22 19:42:08.261 10 INFO neutron.wsgi [None req-f41b1dba-66ac-4aad-b557-6dc179913419 782ed361fe3f47e7993d690a13e025f9 dc4473f251624f47a7fdfaaeaa99472c - - default default] 10.0.0.53 "DELETE /v2.0/policies/a00b98b8-918a-4679-b046-8e6262602063/tags HTTP/1.1" status: 204 len: 168 time: 0.0288169
2026-04-22 19:42:08.285 10 INFO neutron.wsgi [None req-d61310a6-e8f5-4846-8741-de70e21ea2dd 782ed361fe3f47e7993d690a13e025f9 dc4473f251624f47a7fdfaaeaa99472c - - default default] 10.0.0.53 "GET /v2.0/policies/a00b98b8-918a-4679-b046-8e6262602063/tags HTTP/1.1" status: 200 len: 205 time: 0.0178783
2026-04-22 19:42:08.354 10 INFO neutron.wsgi [None req-81e46abd-9978-4ec8-a3f4-74c151ba0d02 782ed361fe3f47e7993d690a13e025f9 dc4473f251624f47a7fdfaaeaa99472c - - default default] 10.0.0.53 "DELETE /v2.0/qos/policies/a00b98b8-918a-4679-b046-8e6262602063 HTTP/1.1" status: 204 len: 168 time: 0.0633645
2026-04-22 19:42:09.189 9 INFO neutron.db.ovn_revision_numbers_db [None req-f5d6fc7a-522c-4b97-b068-2251fa1499af ee2f3d3ab3a143b9885bf97c048b0ef6 e95d747a0c2a412389ead86875c3a8ec - - default default] Successfully bumped revision number for resource 21d83764-adc6-4433-87ff-7983e3461eb8 (type: security_groups) to 1
2026-04-22 19:42:09.203 9 INFO neutron.db.ovn_revision_numbers_db [None req-f5d6fc7a-522c-4b97-b068-2251fa1499af ee2f3d3ab3a143b9885bf97c048b0ef6 e95d747a0c2a412389ead86875c3a8ec - - default default] Successfully bumped revision number for resource 5425f664-fd91-47e6-8853-a53092dfb0c7 (type: security_group_rules) to 0
2026-04-22 19:42:09.218 9 INFO neutron.db.ovn_revision_numbers_db [None req-f5d6fc7a-522c-4b97-b068-2251fa1499af ee2f3d3ab3a143b9885bf97c048b0ef6 e95d747a0c2a412389ead86875c3a8ec - - default default] Successfully bumped revision number for resource 9a3a32b8-c8bd-4282-9d26-b30b498daf55 (type: security_group_rules) to 0
2026-04-22 19:42:09.234 9 INFO neutron.db.ovn_revision_numbers_db [None req-f5d6fc7a-522c-4b97-b068-2251fa1499af ee2f3d3ab3a143b9885bf97c048b0ef6 e95d747a0c2a412389ead86875c3a8ec - - default default] Successfully bumped revision number for resource c2c0e6e0-4b05-4e91-8577-3545a373fce1 (type: security_group_rules) to 0
2026-04-22 19:42:09.248 9 INFO neutron.db.ovn_revision_numbers_db [None req-f5d6fc7a-522c-4b97-b068-2251fa1499af ee2f3d3ab3a143b9885bf97c048b0ef6 e95d747a0c2a412389ead86875c3a8ec - - default default] Successfully bumped revision number for resource cb90a548-53d5-46a6-b6b4-26339b0b7685 (type: security_group_rules) to 0
2026-04-22 19:42:09.277 9 INFO neutron.wsgi [None req-f5d6fc7a-522c-4b97-b068-2251fa1499af ee2f3d3ab3a143b9885bf97c048b0ef6 e95d747a0c2a412389ead86875c3a8ec - - default default] 10.0.0.53 "GET /v2.0/security-groups?tenant_id=dc4473f251624f47a7fdfaaeaa99472c&name=default HTTP/1.1" status: 200 len: 2996 time: 0.3033905
2026-04-22 19:42:09.484 9 INFO neutron.wsgi [None req-566d3e33-7bae-4867-b828-81b65026df9d ee2f3d3ab3a143b9885bf97c048b0ef6 e95d747a0c2a412389ead86875c3a8ec - - default default] 10.0.0.53 "DELETE /v2.0/security-groups/21d83764-adc6-4433-87ff-7983e3461eb8 HTTP/1.1" status: 204 len: 168 time: 0.1819134
2026-04-22 19:42:09.662 9 INFO neutron.wsgi [req-c294a527-80d5-4388-9fcc-58a0ef2a953c req-ce0a31d9-2e97-4d5e-8958-df7591599ec5 04b5aef04603496d903386f83278a878 a0356a7c76774970affd0ae69dac4347 - - default default] 10.0.0.78 "GET /v2.0/ports?device_id=341b6146-12c4-4aa1-ac46-efbcfbc1ab53 HTTP/1.1" status: 200 len: 1210 time: 0.0997632
2026-04-22 19:42:09.729 9 INFO neutron.wsgi [req-c294a527-80d5-4388-9fcc-58a0ef2a953c req-909ea375-afb3-4090-a583-7d8c77a9d852 04b5aef04603496d903386f83278a878 a0356a7c76774970affd0ae69dac4347 - - default default] 10.0.0.78 "GET /v2.0/security-groups?id=437919c2-8dce-495b-a148-d55bfd3ba2b0&id=777df50d-01ce-461e-9199-95dd2d65d467&fields=id&fields=name HTTP/1.1" status: 200 len: 404 time: 0.0611515
2026-04-22 19:42:09.819 9 INFO neutron.db.ovn_revision_numbers_db [None req-0fd71d6f-02a5-4d7c-87da-6038926ee858 ee2f3d3ab3a143b9885bf97c048b0ef6 e95d747a0c2a412389ead86875c3a8ec - - default default] Successfully bumped revision number for resource 93907031-359c-4e8f-abcd-61b546d027cd (type: security_groups) to 1
2026-04-22 19:42:09.821 9 INFO neutron.db.ovn_revision_numbers_db [None req-65a87553-19bc-4a01-bc65-787a64b221f0 84bde3be73dd46adbe0b2c786d794ed7 d5121ec3b6fb48d7aa7aa431c4746cc6 - - default default] Successfully bumped revision number for resource 71cad488-33ba-4e31-8b77-9a5e011d6ff4 (type: security_groups) to 1
2026-04-22 19:42:09.835 9 INFO neutron.db.ovn_revision_numbers_db [None req-0fd71d6f-02a5-4d7c-87da-6038926ee858 ee2f3d3ab3a143b9885bf97c048b0ef6 e95d747a0c2a412389ead86875c3a8ec - - default default] Successfully bumped revision number for resource 22376e1b-5e27-4e61-a8c1-c72b3d52e1a8 (type: security_group_rules) to 0
2026-04-22 19:42:09.838 9 INFO neutron.db.ovn_revision_numbers_db [None req-65a87553-19bc-4a01-bc65-787a64b221f0 84bde3be73dd46adbe0b2c786d794ed7 d5121ec3b6fb48d7aa7aa431c4746cc6 - - default default] Successfully bumped revision number for resource 5b450014-4036-435c-bf44-4040e093f701 (type: security_group_rules) to 0
2026-04-22 19:42:09.849 9 INFO neutron.db.ovn_revision_numbers_db [None req-0fd71d6f-02a5-4d7c-87da-6038926ee858 ee2f3d3ab3a143b9885bf97c048b0ef6 e95d747a0c2a412389ead86875c3a8ec - - default default] Successfully bumped revision number for resource 4a684c42-e674-44e2-8531-150b3dafa6be (type: security_group_rules) to 0
2026-04-22 19:42:09.858 9 INFO neutron.db.ovn_revision_numbers_db [None req-65a87553-19bc-4a01-bc65-787a64b221f0 84bde3be73dd46adbe0b2c786d794ed7 d5121ec3b6fb48d7aa7aa431c4746cc6 - - default default] Successfully bumped revision number for resource b7dd8a77-f601-41b2-a8a9-573afdd58a3b (type: security_group_rules) to 0
2026-04-22 19:42:09.861 9 INFO neutron.db.ovn_revision_numbers_db [None req-0fd71d6f-02a5-4d7c-87da-6038926ee858 ee2f3d3ab3a143b9885bf97c048b0ef6 e95d747a0c2a412389ead86875c3a8ec - - default default] Successfully bumped revision number for resource 94d8a792-a514-4f8e-9fd5-39e4d7c7c4e5 (type: security_group_rules) to 0
2026-04-22 19:42:09.875 9 INFO neutron.db.ovn_revision_numbers_db [None req-65a87553-19bc-4a01-bc65-787a64b221f0 84bde3be73dd46adbe0b2c786d794ed7 d5121ec3b6fb48d7aa7aa431c4746cc6 - - default default] Successfully bumped revision number for resource d6dadcd8-a90a-418e-886c-64fc71086915 (type: security_group_rules) to 0
2026-04-22 19:42:09.879 9 INFO neutron.db.ovn_revision_numbers_db [None req-0fd71d6f-02a5-4d7c-87da-6038926ee858 ee2f3d3ab3a143b9885bf97c048b0ef6 e95d747a0c2a412389ead86875c3a8ec - - default default] Successfully bumped revision number for resource f8c7dcb0-13dc-4435-8ae6-adeba3ef4c5b (type: security_group_rules) to 0
2026-04-22 19:42:09.891 9 INFO neutron.db.ovn_revision_numbers_db [None req-65a87553-19bc-4a01-bc65-787a64b221f0 84bde3be73dd46adbe0b2c786d794ed7 d5121ec3b6fb48d7aa7aa431c4746cc6 - - default default] Successfully bumped revision number for resource e867e11b-e459-4a95-9b44-c90ef19ce626 (type: security_group_rules) to 0
2026-04-22 19:42:09.905 9 INFO neutron.wsgi [None req-0fd71d6f-02a5-4d7c-87da-6038926ee858 ee2f3d3ab3a143b9885bf97c048b0ef6 e95d747a0c2a412389ead86875c3a8ec - - default default] 10.0.0.53 "GET /v2.0/security-groups?tenant_id=57cf80c83f0f4bfe8cef4a904abc5cbc&name=default HTTP/1.1" status: 200 len: 2996 time: 0.2314842
2026-04-22 19:42:09.937 9 INFO neutron.db.segments_db [None req-65a87553-19bc-4a01-bc65-787a64b221f0 84bde3be73dd46adbe0b2c786d794ed7 d5121ec3b6fb48d7aa7aa431c4746cc6 - - default default] Added segment 5dd5a36a-3b5c-4528-b8fb-88c7ad980cba of type geneve for network 6835301c-9bee-4728-b295-8b3302d50e7d
2026-04-22 19:42:10.005 9 INFO neutron.wsgi [None req-40573a76-2c71-4cf6-8b8a-fe470ed89826 4c2660f658fc4c99aaf24444eddb2fcb 96e1e036dd1e4d0f949321810c76afab - - default default] 10.0.0.53 "GET /v2.0/ports?device_id=341b6146-12c4-4aa1-ac46-efbcfbc1ab53 HTTP/1.1" status: 200 len: 1443 time: 0.2493017
2026-04-22 19:42:10.090 10 INFO neutron.wsgi [None req-8fe2826f-4c23-406c-8232-e3d5d5118726 04b5aef04603496d903386f83278a878 a0356a7c76774970affd0ae69dac4347 - - default default] 10.0.0.53 "GET /v2.0/floatingips?floating_network_id=03f27d31-9d52-4b53-a198-8e48ce201940&port_id=cf5536f4-7e7d-41bf-894c-5e70e3123f35 HTTP/1.1" status: 200 len: 1054 time: 0.0778420
2026-04-22 19:42:10.094 9 INFO neutron.db.ovn_revision_numbers_db [None req-65a87553-19bc-4a01-bc65-787a64b221f0 84bde3be73dd46adbe0b2c786d794ed7 d5121ec3b6fb48d7aa7aa431c4746cc6 - - default default] Successfully bumped revision number for resource 6835301c-9bee-4728-b295-8b3302d50e7d (type: networks) to 1
2026-04-22 19:42:10.173 10 INFO neutron.wsgi [None req-f6fc47bf-7fde-490e-8817-1b852f420928 ee2f3d3ab3a143b9885bf97c048b0ef6 e95d747a0c2a412389ead86875c3a8ec - - default default] 10.0.0.53 "DELETE /v2.0/security-groups/93907031-359c-4e8f-abcd-61b546d027cd HTTP/1.1" status: 204 len: 168 time: 0.2606680
2026-04-22 19:42:10.256 9 WARNING neutron.scheduler.dhcp_agent_scheduler [None req-65a87553-19bc-4a01-bc65-787a64b221f0 84bde3be73dd46adbe0b2c786d794ed7 d5121ec3b6fb48d7aa7aa431c4746cc6 - - default default] No more DHCP agents
2026-04-22 19:42:10.260 9 WARNING neutron.api.rpc.agentnotifiers.dhcp_rpc_agent_api [None req-65a87553-19bc-4a01-bc65-787a64b221f0 84bde3be73dd46adbe0b2c786d794ed7 d5121ec3b6fb48d7aa7aa431c4746cc6 - - default default] Unable to schedule network 6835301c-9bee-4728-b295-8b3302d50e7d: no agents available; will retry on subsequent port and subnet creation events.
2026-04-22 19:42:10.354 9 INFO neutron.db.ovn_revision_numbers_db [None req-65a87553-19bc-4a01-bc65-787a64b221f0 84bde3be73dd46adbe0b2c786d794ed7 d5121ec3b6fb48d7aa7aa431c4746cc6 - - default default] Successfully bumped revision number for resource cf487104-093b-47bc-8b99-c0120487ecc8 (type: ports) to 1
2026-04-22 19:42:10.375 9 INFO neutron.wsgi [None req-65a87553-19bc-4a01-bc65-787a64b221f0 84bde3be73dd46adbe0b2c786d794ed7 d5121ec3b6fb48d7aa7aa431c4746cc6 - - default default] 10.0.0.53 "POST /v2.0/networks HTTP/1.1" status: 201 len: 928 time: 0.8497195
2026-04-22 19:42:10.382 10 INFO neutron.wsgi [req-8ae20a9f-08ec-4df2-8ded-c2c2280e9eec req-4c62fe38-de64-40c5-b656-45a48be3694f 74c10f796dd9484d81aaaeadb9fc6aa7 4eabc121554046faadfb1f554ba2c17b - - bc3a08d6369941d6adfa3d0f4b770de6 bc3a08d6369941d6adfa3d0f4b770de6] 10.0.0.55 "GET /v2.0/ports?device_id=341b6146-12c4-4aa1-ac46-efbcfbc1ab53 HTTP/1.1" status: 200 len: 1448 time: 0.0444951
2026-04-22 19:42:10.447 10 INFO neutron.wsgi [req-8ae20a9f-08ec-4df2-8ded-c2c2280e9eec req-c4132dfa-3ae5-47f1-9e03-1c6d506c520f 74c10f796dd9484d81aaaeadb9fc6aa7 4eabc121554046faadfb1f554ba2c17b - - bc3a08d6369941d6adfa3d0f4b770de6 bc3a08d6369941d6adfa3d0f4b770de6] 10.0.0.55 "GET /v2.0/security-groups?id=437919c2-8dce-495b-a148-d55bfd3ba2b0&id=777df50d-01ce-461e-9199-95dd2d65d467&fields=id&fields=name HTTP/1.1" status: 200 len: 404 time: 0.0566206
2026-04-22 19:42:10.540 9 WARNING neutron.scheduler.dhcp_agent_scheduler [None req-0f315363-7b5d-4fe5-ad52-b1eb239b27b5 84bde3be73dd46adbe0b2c786d794ed7 d5121ec3b6fb48d7aa7aa431c4746cc6 - - default default] No more DHCP agents
2026-04-22 19:42:10.542 9 WARNING neutron.api.rpc.agentnotifiers.dhcp_rpc_agent_api [None req-0f315363-7b5d-4fe5-ad52-b1eb239b27b5 84bde3be73dd46adbe0b2c786d794ed7 d5121ec3b6fb48d7aa7aa431c4746cc6 - - default default] Unable to schedule network 6835301c-9bee-4728-b295-8b3302d50e7d: no agents available; will retry on subsequent port and subnet creation events.
2026-04-22 19:42:11.311 10 WARNING neutron_lib.context [None req-b873270e-8d53-44e4-8c9e-895de17e7a8f 75247bd2b63e44e1b878e4ddcbf10e66 b55dc74cc8db45c78fbee6853bbd08a0 - - default default] Method 'is_advsvc' is deprecated since 2023.2 release (neutron-lib 3.8.0) and will be removed once support for the old RBAC API policies will be removed from Neutron. Please use method 'is_service_role' instead.
2026-04-22 19:42:11.329 9 INFO neutron.db.ovn_revision_numbers_db [None req-0f315363-7b5d-4fe5-ad52-b1eb239b27b5 84bde3be73dd46adbe0b2c786d794ed7 d5121ec3b6fb48d7aa7aa431c4746cc6 - - default default] Successfully bumped revision number for resource cf487104-093b-47bc-8b99-c0120487ecc8 (type: ports) to 2
2026-04-22 19:42:11.362 9 INFO neutron.db.ovn_revision_numbers_db [None req-0f315363-7b5d-4fe5-ad52-b1eb239b27b5 84bde3be73dd46adbe0b2c786d794ed7 d5121ec3b6fb48d7aa7aa431c4746cc6 - - default default] Successfully bumped revision number for resource 047217a3-c663-4d68-b9b5-0836921ce442 (type: subnets) to 0
2026-04-22 19:42:11.383 9 INFO neutron.wsgi [None req-0f315363-7b5d-4fe5-ad52-b1eb239b27b5 84bde3be73dd46adbe0b2c786d794ed7 d5121ec3b6fb48d7aa7aa431c4746cc6 - - default default] 10.0.0.53 "POST /v2.0/subnets HTTP/1.1" status: 201 len: 819 time: 1.0038280
2026-04-22 19:42:11.397 9 WARNING neutron.api.v2.base [None req-3ee4c765-107c-47dd-a8bd-4e808ebec1c9 84bde3be73dd46adbe0b2c786d794ed7 d5121ec3b6fb48d7aa7aa431c4746cc6 - - default default] An exception happened while processing the request body. The exception message is [Invalid input for target_tenant. Reason: 'None' is not a valid string.].: webob.exc.HTTPBadRequest: Invalid input for target_tenant. Reason: 'None' is not a valid string.
2026-04-22 19:42:11.398 9 INFO neutron.api.v2.resource [None req-3ee4c765-107c-47dd-a8bd-4e808ebec1c9 84bde3be73dd46adbe0b2c786d794ed7 d5121ec3b6fb48d7aa7aa431c4746cc6 - - default default] create failed (client error): Invalid input for target_tenant. Reason: 'None' is not a valid string.
2026-04-22 19:42:11.399 9 INFO neutron.wsgi [None req-3ee4c765-107c-47dd-a8bd-4e808ebec1c9 84bde3be73dd46adbe0b2c786d794ed7 d5121ec3b6fb48d7aa7aa431c4746cc6 - - default default] 10.0.0.53 "POST /v2.0/rbac-policies HTTP/1.1" status: 400 len: 346 time: 0.0095019
2026-04-22 19:42:11.471 10 INFO neutron.db.ovn_revision_numbers_db [None req-b873270e-8d53-44e4-8c9e-895de17e7a8f 75247bd2b63e44e1b878e4ddcbf10e66 b55dc74cc8db45c78fbee6853bbd08a0 - - default default] Successfully bumped revision number for resource f3aa8c7f-bb3b-4518-98da-4c84491f41e9 (type: security_groups) to 1
2026-04-22 19:42:11.487 10 INFO neutron.db.ovn_revision_numbers_db [None req-b873270e-8d53-44e4-8c9e-895de17e7a8f 75247bd2b63e44e1b878e4ddcbf10e66 b55dc74cc8db45c78fbee6853bbd08a0 - - default default] Successfully bumped revision number for resource 332cb149-503d-4967-9b6a-478d08d3393b (type: security_group_rules) to 0
2026-04-22 19:42:11.504 10 INFO neutron.db.ovn_revision_numbers_db [None req-b873270e-8d53-44e4-8c9e-895de17e7a8f 75247bd2b63e44e1b878e4ddcbf10e66 b55dc74cc8db45c78fbee6853bbd08a0 - - default default] Successfully bumped revision number for resource 511d06e8-5934-4afe-b939-ea5fd1fb501e (type: security_group_rules) to 0
2026-04-22 19:42:11.518 10 INFO neutron.db.ovn_revision_numbers_db [None req-b873270e-8d53-44e4-8c9e-895de17e7a8f 75247bd2b63e44e1b878e4ddcbf10e66 b55dc74cc8db45c78fbee6853bbd08a0 - - default default] Successfully bumped revision number for resource ca33b6fa-03fb-4dee-8b37-cff5c003a9f7 (type: security_group_rules) to 0
2026-04-22 19:42:11.530 10 INFO neutron.db.ovn_revision_numbers_db [None req-b873270e-8d53-44e4-8c9e-895de17e7a8f 75247bd2b63e44e1b878e4ddcbf10e66 b55dc74cc8db45c78fbee6853bbd08a0 - - default default] Successfully bumped revision number for resource d6853266-688e-4a6c-a6b9-126bfa5df073 (type: security_group_rules) to 0
2026-04-22 19:42:11.581 10 INFO neutron.db.segments_db [None req-b873270e-8d53-44e4-8c9e-895de17e7a8f 75247bd2b63e44e1b878e4ddcbf10e66 b55dc74cc8db45c78fbee6853bbd08a0 - - default default] Added segment b942cadd-dca1-4608-a439-0cf8b0b1aff7 of type geneve for network 44ab3f46-c8a3-4b00-ae94-33a3c02a2c33
2026-04-22 19:42:11.734 10 INFO neutron.db.ovn_revision_numbers_db [None req-b873270e-8d53-44e4-8c9e-895de17e7a8f 75247bd2b63e44e1b878e4ddcbf10e66 b55dc74cc8db45c78fbee6853bbd08a0 - - default default] Successfully bumped revision number for resource 44ab3f46-c8a3-4b00-ae94-33a3c02a2c33 (type: networks) to 1
2026-04-22 19:42:11.933 10 WARNING neutron.scheduler.dhcp_agent_scheduler [None req-b873270e-8d53-44e4-8c9e-895de17e7a8f 75247bd2b63e44e1b878e4ddcbf10e66 b55dc74cc8db45c78fbee6853bbd08a0 - - default default] No more DHCP agents
2026-04-22 19:42:11.935 10 WARNING neutron.api.rpc.agentnotifiers.dhcp_rpc_agent_api [None req-b873270e-8d53-44e4-8c9e-895de17e7a8f 75247bd2b63e44e1b878e4ddcbf10e66 b55dc74cc8db45c78fbee6853bbd08a0 - - default default] Unable to schedule network 44ab3f46-c8a3-4b00-ae94-33a3c02a2c33: no agents available; will retry on subsequent port and subnet creation events.
2026-04-22 19:42:11.954 9 INFO neutron.services.segments.plugin [-] Segment 5dd5a36a-3b5c-4528-b8fb-88c7ad980cba resource provider aggregate not found
2026-04-22 19:42:11.962 9 INFO neutron.services.segments.plugin [-] Segment 5dd5a36a-3b5c-4528-b8fb-88c7ad980cba resource provider aggregate not found
2026-04-22 19:42:11.975 9 INFO neutron.services.segments.plugin [-] Segment 5dd5a36a-3b5c-4528-b8fb-88c7ad980cba resource provider not found; error: Placement Client Error (4xx): {"errors": [{"status": 404, "title": "Not Found", "detail": "The resource could not be found.\n\n No resource provider with uuid 5dd5a36a-3b5c-4528-b8fb-88c7ad980cba found for delete ", "request_id": "req-24a7b940-07ad-442e-bcd1-aebfbaec0a38"}]}
2026-04-22 19:42:11.990 9 INFO neutron.services.segments.plugin [-] Segment 5dd5a36a-3b5c-4528-b8fb-88c7ad980cba resource provider not found; error: Placement Client Error (4xx): {"errors": [{"status": 404, "title": "Not Found", "detail": "The resource could not be found.\n\n No resource provider with uuid 5dd5a36a-3b5c-4528-b8fb-88c7ad980cba found for delete ", "request_id": "req-03ecfd33-2159-4f05-a646-e9c4227f1977"}]}
2026-04-22 19:42:12.004 9 INFO neutron.wsgi [None req-7945974a-d064-42a5-8303-b38bd65bf741 84bde3be73dd46adbe0b2c786d794ed7 d5121ec3b6fb48d7aa7aa431c4746cc6 - - default default] 10.0.0.53 "DELETE /v2.0/networks/6835301c-9bee-4728-b295-8b3302d50e7d HTTP/1.1" status: 204 len: 168 time: 0.5987763
2026-04-22 19:42:12.029 10 INFO neutron.db.ovn_revision_numbers_db [None req-b873270e-8d53-44e4-8c9e-895de17e7a8f 75247bd2b63e44e1b878e4ddcbf10e66 b55dc74cc8db45c78fbee6853bbd08a0 - - default default] Successfully bumped revision number for resource 7422ca95-e54e-4664-97b0-748b642781ad (type: ports) to 1
2026-04-22 19:42:12.055 10 INFO neutron.wsgi [None req-b873270e-8d53-44e4-8c9e-895de17e7a8f 75247bd2b63e44e1b878e4ddcbf10e66 b55dc74cc8db45c78fbee6853bbd08a0 - - default default] 10.0.0.53 "POST /v2.0/networks HTTP/1.1" status: 201 len: 831 time: 1.0101988
2026-04-22 19:42:12.066 9 WARNING neutron_lib.context [None req-98cbf8c3-bde2-47f1-a281-cc673f2d24ca 75247bd2b63e44e1b878e4ddcbf10e66 b55dc74cc8db45c78fbee6853bbd08a0 - - default default] Method 'is_advsvc' is deprecated since 2023.2 release (neutron-lib 3.8.0) and will be removed once support for the old RBAC API policies will be removed from Neutron. Please use method 'is_service_role' instead.
2026-04-22 19:42:12.099 9 INFO neutron.db.segments_db [None req-95d09345-15b5-443a-84fa-d4b37539ab4f 84bde3be73dd46adbe0b2c786d794ed7 d5121ec3b6fb48d7aa7aa431c4746cc6 - - default default] Added segment d4e62987-5c9d-45fd-b673-62961d5de00a of type geneve for network 02750eca-f707-4329-b4aa-a2e114458038
2026-04-22 19:42:12.175 9 INFO neutron.db.segments_db [None req-98cbf8c3-bde2-47f1-a281-cc673f2d24ca 75247bd2b63e44e1b878e4ddcbf10e66 b55dc74cc8db45c78fbee6853bbd08a0 - - default default] Added segment 4568852f-a46e-438a-9825-730b21207582 of type geneve for network 0035f759-4d79-42f6-aa71-5c13df43be7c
2026-04-22 19:42:12.316 9 INFO neutron.db.ovn_revision_numbers_db [None req-95d09345-15b5-443a-84fa-d4b37539ab4f 84bde3be73dd46adbe0b2c786d794ed7 d5121ec3b6fb48d7aa7aa431c4746cc6 - - default default] Successfully bumped revision number for resource 02750eca-f707-4329-b4aa-a2e114458038 (type: networks) to 1
2026-04-22 19:42:12.407 9 INFO neutron.db.ovn_revision_numbers_db [None req-98cbf8c3-bde2-47f1-a281-cc673f2d24ca 75247bd2b63e44e1b878e4ddcbf10e66 b55dc74cc8db45c78fbee6853bbd08a0 - - default default] Successfully bumped revision number for resource 0035f759-4d79-42f6-aa71-5c13df43be7c (type: networks) to 1
2026-04-22 19:42:12.561 9 INFO neutron.plugins.ml2.drivers.ovn.mech_driver.mech_driver [None req-0f7edde9-43a3-45cf-ae74-5f357d8d0ae2 - - - - - -] OVN reports status down for port: cf5536f4-7e7d-41bf-894c-5e70e3123f35
2026-04-22 19:42:12.626 9 WARNING neutron.scheduler.dhcp_agent_scheduler [None req-95d09345-15b5-443a-84fa-d4b37539ab4f 84bde3be73dd46adbe0b2c786d794ed7 d5121ec3b6fb48d7aa7aa431c4746cc6 - - default default] No more DHCP agents
2026-04-22 19:42:12.629 10 INFO neutron.wsgi [req-144f212a-d44f-49fa-a1bc-70d577ec275a req-3131c028-a07f-4526-856b-39229f221b61 04b5aef04603496d903386f83278a878 a0356a7c76774970affd0ae69dac4347 - - default default] 10.0.0.78 "GET /v2.0/ports?device_id=341b6146-12c4-4aa1-ac46-efbcfbc1ab53 HTTP/1.1" status: 200 len: 1210 time: 0.1160376
2026-04-22 19:42:12.630 9 WARNING neutron.api.rpc.agentnotifiers.dhcp_rpc_agent_api [None req-95d09345-15b5-443a-84fa-d4b37539ab4f 84bde3be73dd46adbe0b2c786d794ed7 d5121ec3b6fb48d7aa7aa431c4746cc6 - - default default] Unable to schedule network 02750eca-f707-4329-b4aa-a2e114458038: no agents available; will retry on subsequent port and subnet creation events.
2026-04-22 19:42:12.706 10 INFO neutron.wsgi [req-144f212a-d44f-49fa-a1bc-70d577ec275a req-16121ed1-8ffc-44b3-b3ff-02966648bf07 04b5aef04603496d903386f83278a878 a0356a7c76774970affd0ae69dac4347 - - default default] 10.0.0.78 "GET /v2.0/security-groups?id=437919c2-8dce-495b-a148-d55bfd3ba2b0&id=777df50d-01ce-461e-9199-95dd2d65d467&fields=id&fields=name HTTP/1.1" status: 200 len: 404 time: 0.0697625
2026-04-22 19:42:12.720 9 WARNING neutron.scheduler.dhcp_agent_scheduler [None req-98cbf8c3-bde2-47f1-a281-cc673f2d24ca 75247bd2b63e44e1b878e4ddcbf10e66 b55dc74cc8db45c78fbee6853bbd08a0 - - default default] No more DHCP agents
2026-04-22 19:42:12.723 9 WARNING neutron.api.rpc.agentnotifiers.dhcp_rpc_agent_api [None req-98cbf8c3-bde2-47f1-a281-cc673f2d24ca 75247bd2b63e44e1b878e4ddcbf10e66 b55dc74cc8db45c78fbee6853bbd08a0 - - default default] Unable to schedule network 0035f759-4d79-42f6-aa71-5c13df43be7c: no agents available; will retry on subsequent port and subnet creation events.
2026-04-22 19:42:12.781 9 INFO neutron.db.ovn_revision_numbers_db [None req-95d09345-15b5-443a-84fa-d4b37539ab4f 84bde3be73dd46adbe0b2c786d794ed7 d5121ec3b6fb48d7aa7aa431c4746cc6 - - default default] Successfully bumped revision number for resource 57ad7daa-c812-4c4c-ac04-4735bdfc9b45 (type: ports) to 1
2026-04-22 19:42:12.833 9 INFO neutron.notifiers.nova [-] Nova event matching ['req-14c8c962-f781-4b23-b0ed-7e3effcd9de6'] response: {'server_uuid': '341b6146-12c4-4aa1-ac46-efbcfbc1ab53', 'name': 'network-vif-unplugged', 'status': 'completed', 'tag': 'cf5536f4-7e7d-41bf-894c-5e70e3123f35', 'code': 200}
2026-04-22 19:42:12.857 9 INFO neutron.wsgi [None req-95d09345-15b5-443a-84fa-d4b37539ab4f 84bde3be73dd46adbe0b2c786d794ed7 d5121ec3b6fb48d7aa7aa431c4746cc6 - - default default] 10.0.0.53 "POST /v2.0/networks HTTP/1.1" status: 201 len: 927 time: 0.8465745
2026-04-22 19:42:12.889 9 INFO neutron.wsgi [req-3b3eaf96-2bbe-41ce-91c6-a67885f1472b req-72650111-7bf4-4ba2-a058-5b2284cf381d 04b5aef04603496d903386f83278a878 a0356a7c76774970affd0ae69dac4347 - - default default] 199.19.213.132 "GET /v2.0/ports?device_id=341b6146-12c4-4aa1-ac46-efbcfbc1ab53 HTTP/1.1" status: 200 len: 1208 time: 0.0674603
2026-04-22 19:42:12.918 9 INFO neutron.db.ovn_revision_numbers_db [None req-98cbf8c3-bde2-47f1-a281-cc673f2d24ca 75247bd2b63e44e1b878e4ddcbf10e66 b55dc74cc8db45c78fbee6853bbd08a0 - - default default] Successfully bumped revision number for resource 7ceff93c-6506-4d44-8f80-ab5f1402c72c (type: ports) to 1
2026-04-22 19:42:12.959 9 INFO neutron.wsgi [None req-98cbf8c3-bde2-47f1-a281-cc673f2d24ca 75247bd2b63e44e1b878e4ddcbf10e66 b55dc74cc8db45c78fbee6853bbd08a0 - - default default] 10.0.0.53 "POST /v2.0/networks HTTP/1.1" status: 201 len: 831 time: 0.8983068
2026-04-22 19:42:12.971 9 WARNING neutron_lib.context [None req-04e8880c-692c-4a72-b6fb-b4dfb154d12d 75247bd2b63e44e1b878e4ddcbf10e66 b55dc74cc8db45c78fbee6853bbd08a0 - - default default] Method 'is_advsvc' is deprecated since 2023.2 release (neutron-lib 3.8.0) and will be removed once support for the old RBAC API policies will be removed from Neutron. Please use method 'is_service_role' instead.
2026-04-22 19:42:13.050 10 WARNING neutron.scheduler.dhcp_agent_scheduler [None req-6f0c0995-c050-4210-aab9-2af308cd5ea7 84bde3be73dd46adbe0b2c786d794ed7 d5121ec3b6fb48d7aa7aa431c4746cc6 - - default default] No more DHCP agents
2026-04-22 19:42:13.053 10 WARNING neutron.api.rpc.agentnotifiers.dhcp_rpc_agent_api [None req-6f0c0995-c050-4210-aab9-2af308cd5ea7 84bde3be73dd46adbe0b2c786d794ed7 d5121ec3b6fb48d7aa7aa431c4746cc6 - - default default] Unable to schedule network 02750eca-f707-4329-b4aa-a2e114458038: no agents available; will retry on subsequent port and subnet creation events.
2026-04-22 19:42:13.093 9 INFO neutron.db.segments_db [None req-04e8880c-692c-4a72-b6fb-b4dfb154d12d 75247bd2b63e44e1b878e4ddcbf10e66 b55dc74cc8db45c78fbee6853bbd08a0 - - default default] Added segment 067604f7-8742-4749-91df-5931c303d0b0 of type geneve for network bb6f1a74-3b59-4dad-abda-afbee2923033
2026-04-22 19:42:13.132 9 INFO neutron.db.ovn_revision_numbers_db [None req-0f7edde9-43a3-45cf-ae74-5f357d8d0ae2 - - - - - -] Successfully bumped revision number for resource cf5536f4-7e7d-41bf-894c-5e70e3123f35 (type: ports) to 5
2026-04-22 19:42:13.182 10 INFO neutron.wsgi [-] 10.0.0.157 "GET / HTTP/1.1" status: 200 len: 247 time: 0.0015805
2026-04-22 19:42:13.184 10 INFO neutron.wsgi [-] 10.0.0.157 "GET / HTTP/1.1" status: 200 len: 247 time: 0.0009985
2026-04-22 19:42:13.338 9 INFO neutron.db.ovn_revision_numbers_db [None req-04e8880c-692c-4a72-b6fb-b4dfb154d12d 75247bd2b63e44e1b878e4ddcbf10e66 b55dc74cc8db45c78fbee6853bbd08a0 - - default default] Successfully bumped revision number for resource bb6f1a74-3b59-4dad-abda-afbee2923033 (type: networks) to 1
2026-04-22 19:42:13.390 9 INFO neutron.db.l3_db [req-3b3eaf96-2bbe-41ce-91c6-a67885f1472b req-6a7480cf-5d77-4aa1-b477-213815e9825c 04b5aef04603496d903386f83278a878 a0356a7c76774970affd0ae69dac4347 - - default default] Floating IP b67468d0-447d-4125-acb0-b3f87e8ff5e0 disassociated. External IP: 10.96.250.218, port: cf5536f4-7e7d-41bf-894c-5e70e3123f35.
2026-04-22 19:42:13.568 9 WARNING neutron.scheduler.dhcp_agent_scheduler [None req-04e8880c-692c-4a72-b6fb-b4dfb154d12d 75247bd2b63e44e1b878e4ddcbf10e66 b55dc74cc8db45c78fbee6853bbd08a0 - - default default] No more DHCP agents
2026-04-22 19:42:13.571 9 WARNING neutron.api.rpc.agentnotifiers.dhcp_rpc_agent_api [None req-04e8880c-692c-4a72-b6fb-b4dfb154d12d 75247bd2b63e44e1b878e4ddcbf10e66 b55dc74cc8db45c78fbee6853bbd08a0 - - default default] Unable to schedule network bb6f1a74-3b59-4dad-abda-afbee2923033: no agents available; will retry on subsequent port and subnet creation events.
2026-04-22 19:42:13.613 9 INFO neutron.wsgi [req-3b3eaf96-2bbe-41ce-91c6-a67885f1472b req-6a7480cf-5d77-4aa1-b477-213815e9825c 04b5aef04603496d903386f83278a878 a0356a7c76774970affd0ae69dac4347 - - default default] 199.19.213.132 "DELETE /v2.0/ports/cf5536f4-7e7d-41bf-894c-5e70e3123f35 HTTP/1.1" status: 204 len: 173 time: 0.7165031
2026-04-22 19:42:13.686 9 INFO neutron.db.ovn_revision_numbers_db [None req-04e8880c-692c-4a72-b6fb-b4dfb154d12d 75247bd2b63e44e1b878e4ddcbf10e66 b55dc74cc8db45c78fbee6853bbd08a0 - - default default] Successfully bumped revision number for resource 43398aee-5858-4432-bb59-77b63b01dac4 (type: ports) to 1 /var/lib/openstack/lib/python3.10/site-packages/pycadf/identifier.py:71: UserWarning: Invalid uuid: neutron. To ensure interoperability, identifiers should be a valid uuid. warnings.warn(('Invalid uuid: %s. To ensure interoperability, '
2026-04-22 19:42:13.695 10 WARNING neutron_lib.context [None req-7a6cfdd1-cb65-4404-ab64-b42f249208a3 ba32525bed174d22be390071ceebf288 87e6ed84b1264cfeb23c82ce42e178be - - default default] Method 'is_advsvc' is deprecated since 2023.2 release (neutron-lib 3.8.0) and will be removed once support for the old RBAC API policies will be removed from Neutron. Please use method 'is_service_role' instead.
2026-04-22 19:42:13.700 10 INFO neutron.db.ovn_revision_numbers_db [None req-6f0c0995-c050-4210-aab9-2af308cd5ea7 84bde3be73dd46adbe0b2c786d794ed7 d5121ec3b6fb48d7aa7aa431c4746cc6 - - default default] Successfully bumped revision number for resource 57ad7daa-c812-4c4c-ac04-4735bdfc9b45 (type: ports) to 2
2026-04-22 19:42:13.707 9 INFO neutron.wsgi [None req-04e8880c-692c-4a72-b6fb-b4dfb154d12d 75247bd2b63e44e1b878e4ddcbf10e66 b55dc74cc8db45c78fbee6853bbd08a0 - - default default] 10.0.0.53 "POST /v2.0/networks HTTP/1.1" status: 201 len: 831 time: 0.7430069 /var/lib/openstack/lib/python3.10/site-packages/pycadf/identifier.py:71: UserWarning: Invalid uuid: neutron. To ensure interoperability, identifiers should be a valid uuid. warnings.warn(('Invalid uuid: %s. To ensure interoperability, '
2026-04-22 19:42:13.716 9 WARNING neutron_lib.context [None req-f0da296b-270a-4726-ba3d-0a4ec5605f91 75247bd2b63e44e1b878e4ddcbf10e66 b55dc74cc8db45c78fbee6853bbd08a0 - - default default] Method 'is_advsvc' is deprecated since 2023.2 release (neutron-lib 3.8.0) and will be removed once support for the old RBAC API policies will be removed from Neutron. Please use method 'is_service_role' instead.
2026-04-22 19:42:13.752 10 INFO neutron.db.ovn_revision_numbers_db [None req-6f0c0995-c050-4210-aab9-2af308cd5ea7 84bde3be73dd46adbe0b2c786d794ed7 d5121ec3b6fb48d7aa7aa431c4746cc6 - - default default] Successfully bumped revision number for resource e83754bc-b321-4323-ba17-f1d04b5c7d4b (type: subnets) to 0
2026-04-22 19:42:13.770 10 INFO neutron.wsgi [None req-6f0c0995-c050-4210-aab9-2af308cd5ea7 84bde3be73dd46adbe0b2c786d794ed7 d5121ec3b6fb48d7aa7aa431c4746cc6 - - default default] 10.0.0.53 "POST /v2.0/subnets HTTP/1.1" status: 201 len: 822 time: 0.8984675
2026-04-22 19:42:13.778 10 WARNING neutron.api.v2.base [None req-f492ce29-fd27-4d61-b78b-9e9d6a7247a2 84bde3be73dd46adbe0b2c786d794ed7 d5121ec3b6fb48d7aa7aa431c4746cc6 - - default default] An exception happened while processing the request body. The exception message is [Invalid input for target_tenant. Reason: '1234123412341234123412341234123412341234123412341234123412341234123412341234123412341234123412341234123412341234123412341234123412341234123412341234123412341234123412341234123412341234123412341234123412341234123412341234123412341234123412341234123412341234123412341234123412341234123412341234123412341234123412341234123412341234123412341234123412341234123412341234123412341234123412341234123412341234' exceeds maximum length of 255.].: webob.exc.HTTPBadRequest: Invalid input for target_tenant. Reason: '1234123412341234123412341234123412341234123412341234123412341234123412341234123412341234123412341234123412341234123412341234123412341234123412341234123412341234123412341234123412341234123412341234123412341234123412341234123412341234123412341234123412341234123412341234123412341234123412341234123412341234123412341234123412341234123412341234123412341234123412341234123412341234123412341234123412341234' exceeds maximum length of 255.
2026-04-22 19:42:13.779 10 INFO neutron.api.v2.resource [None req-f492ce29-fd27-4d61-b78b-9e9d6a7247a2 84bde3be73dd46adbe0b2c786d794ed7 d5121ec3b6fb48d7aa7aa431c4746cc6 - - default default] create failed (client error): Invalid input for target_tenant. Reason: '1234123412341234123412341234123412341234123412341234123412341234123412341234123412341234123412341234123412341234123412341234123412341234123412341234123412341234123412341234123412341234123412341234123412341234123412341234123412341234123412341234123412341234123412341234123412341234123412341234123412341234123412341234123412341234123412341234123412341234123412341234123412341234123412341234123412341234' exceeds maximum length of 255.
2026-04-22 19:42:13.780 10 INFO neutron.wsgi [None req-f492ce29-fd27-4d61-b78b-9e9d6a7247a2 84bde3be73dd46adbe0b2c786d794ed7 d5121ec3b6fb48d7aa7aa431c4746cc6 - - default default] 10.0.0.53 "POST /v2.0/rbac-policies HTTP/1.1" status: 400 len: 750 time: 0.0057862
2026-04-22 19:42:13.827 9 INFO neutron.db.segments_db [None req-f0da296b-270a-4726-ba3d-0a4ec5605f91 75247bd2b63e44e1b878e4ddcbf10e66 b55dc74cc8db45c78fbee6853bbd08a0 - - default default] Added segment ddb0a1a1-2793-4323-a484-11acfa4c417e of type geneve for network 58792269-8d5b-4dda-b6b0-c0eb5473e02d
2026-04-22 19:42:13.829 10 INFO neutron.wsgi [req-bd75b829-a078-41c7-b90a-786eddbbd551 req-1baf067b-77a0-4c62-bee5-0d2d827e2842 04b5aef04603496d903386f83278a878 a0356a7c76774970affd0ae69dac4347 - - default default] 10.0.0.78 "GET /v2.0/ports?device_id=341b6146-12c4-4aa1-ac46-efbcfbc1ab53 HTTP/1.1" status: 200 len: 210 time: 0.0322597
2026-04-22 19:42:13.891 10 INFO neutron.db.ovn_revision_numbers_db [None req-7a6cfdd1-cb65-4404-ab64-b42f249208a3 ba32525bed174d22be390071ceebf288 87e6ed84b1264cfeb23c82ce42e178be - - default default] Successfully bumped revision number for resource 56f63000-a002-4f48-8092-af605ff57235 (type: routers) to 1
2026-04-22 19:42:13.905 10 INFO neutron.wsgi [None req-7a6cfdd1-cb65-4404-ab64-b42f249208a3 ba32525bed174d22be390071ceebf288 87e6ed84b1264cfeb23c82ce42e178be - - default default] 10.0.0.53 "POST /v2.0/routers HTTP/1.1" status: 201 len: 654 time: 0.4739919
2026-04-22 19:42:13.996 10 INFO neutron.wsgi [None req-1117bb91-5ab2-4a1e-9159-18768c1420c6 ba32525bed174d22be390071ceebf288 87e6ed84b1264cfeb23c82ce42e178be - - default default] 10.0.0.53 "PUT /v2.0/routers/56f63000-a002-4f48-8092-af605ff57235/tags HTTP/1.1" status: 200 len: 218 time: 0.0803730
2026-04-22 19:42:14.021 9 INFO neutron.db.ovn_revision_numbers_db [None req-f0da296b-270a-4726-ba3d-0a4ec5605f91 75247bd2b63e44e1b878e4ddcbf10e66 b55dc74cc8db45c78fbee6853bbd08a0 - - default default] Successfully bumped revision number for resource 58792269-8d5b-4dda-b6b0-c0eb5473e02d (type: networks) to 1
2026-04-22 19:42:14.053 10 INFO neutron.wsgi [None req-c42c3406-baa8-4df4-beeb-ec273f256a21 ba32525bed174d22be390071ceebf288 87e6ed84b1264cfeb23c82ce42e178be - - default default] 10.0.0.53 "GET /v2.0/routers/56f63000-a002-4f48-8092-af605ff57235/tags HTTP/1.1" status: 200 len: 218 time: 0.0531888
2026-04-22 19:42:14.129 10 INFO neutron.wsgi [None req-16e2947c-e8db-47b5-8d50-2fb099e55ebd ba32525bed174d22be390071ceebf288 87e6ed84b1264cfeb23c82ce42e178be - - default default] 10.0.0.53 "PUT /v2.0/routers/56f63000-a002-4f48-8092-af605ff57235/tags/green HTTP/1.1" status: 201 len: 201 time: 0.0716679
2026-04-22 19:42:14.186 10 INFO neutron.wsgi [None req-1b8171e1-f52f-4754-b5cf-fee6a62b0440 ba32525bed174d22be390071ceebf288 87e6ed84b1264cfeb23c82ce42e178be - - default default] 10.0.0.53 "GET /v2.0/routers/56f63000-a002-4f48-8092-af605ff57235/tags HTTP/1.1" status: 200 len: 227 time: 0.0527229
2026-04-22 19:42:14.242 10 INFO neutron.wsgi [None req-9417a9fe-69b9-4e7e-a7d4-e4418639dd79 ba32525bed174d22be390071ceebf288 87e6ed84b1264cfeb23c82ce42e178be - - default default] 10.0.0.53 "PUT /v2.0/routers/56f63000-a002-4f48-8092-af605ff57235/tags/red HTTP/1.1" status: 201 len: 201 time: 0.0493717
2026-04-22 19:42:14.269 9 WARNING neutron.scheduler.dhcp_agent_scheduler [None req-f0da296b-270a-4726-ba3d-0a4ec5605f91 75247bd2b63e44e1b878e4ddcbf10e66 b55dc74cc8db45c78fbee6853bbd08a0 - - default default] No more DHCP agents
2026-04-22 19:42:14.273 9 WARNING neutron.api.rpc.agentnotifiers.dhcp_rpc_agent_api [None req-f0da296b-270a-4726-ba3d-0a4ec5605f91 75247bd2b63e44e1b878e4ddcbf10e66 b55dc74cc8db45c78fbee6853bbd08a0 - - default default] Unable to schedule network 58792269-8d5b-4dda-b6b0-c0eb5473e02d: no agents available; will retry on subsequent port and subnet creation events.
2026-04-22 19:42:14.298 10 INFO neutron.wsgi [None req-3bf8b395-736e-4179-b0b0-653a7ea1815b ba32525bed174d22be390071ceebf288 87e6ed84b1264cfeb23c82ce42e178be - - default default] 10.0.0.53 "GET /v2.0/routers/56f63000-a002-4f48-8092-af605ff57235/tags HTTP/1.1" status: 200 len: 227 time: 0.0511489
2026-04-22 19:42:14.366 10 INFO neutron.wsgi [None req-ab27e4ca-5269-4b33-ba8a-df311a425ce5 ba32525bed174d22be390071ceebf288 87e6ed84b1264cfeb23c82ce42e178be - - default default] 10.0.0.53 "PUT /v2.0/routers/56f63000-a002-4f48-8092-af605ff57235/tags/black.or.white HTTP/1.1" status: 201 len: 201 time: 0.0635753
2026-04-22 19:42:14.380 9 INFO neutron.db.ovn_revision_numbers_db [None req-f0da296b-270a-4726-ba3d-0a4ec5605f91 75247bd2b63e44e1b878e4ddcbf10e66 b55dc74cc8db45c78fbee6853bbd08a0 - - default default] Successfully bumped revision number for resource 631d55e0-2670-40a4-8864-9ba34ef03a46 (type: ports) to 1
2026-04-22 19:42:14.415 9 INFO neutron.wsgi [None req-f0da296b-270a-4726-ba3d-0a4ec5605f91 75247bd2b63e44e1b878e4ddcbf10e66 b55dc74cc8db45c78fbee6853bbd08a0 - - default default] 10.0.0.53 "POST /v2.0/networks HTTP/1.1" status: 201 len: 831 time: 0.7041228
2026-04-22 19:42:14.425 10 WARNING neutron_lib.context [None req-6d61500e-6f7e-42f9-b5cd-b04a4aaa18c1 75247bd2b63e44e1b878e4ddcbf10e66 b55dc74cc8db45c78fbee6853bbd08a0 - - default default] Method 'is_advsvc' is deprecated since 2023.2 release (neutron-lib 3.8.0) and will be removed once support for the old RBAC API policies will be removed from Neutron. Please use method 'is_service_role' instead.
2026-04-22 19:42:14.429 10 INFO neutron.wsgi [None req-a80f00f9-87ac-455b-b9c6-04acf29b208a ba32525bed174d22be390071ceebf288 87e6ed84b1264cfeb23c82ce42e178be - - default default] 10.0.0.53 "GET /v2.0/routers/56f63000-a002-4f48-8092-af605ff57235/tags HTTP/1.1" status: 200 len: 245 time: 0.0583136
2026-04-22 19:42:14.507 10 INFO neutron.db.segments_db [None req-6d61500e-6f7e-42f9-b5cd-b04a4aaa18c1 75247bd2b63e44e1b878e4ddcbf10e66 b55dc74cc8db45c78fbee6853bbd08a0 - - default default] Added segment 96d0cf00-e766-4509-ba76-6b5e8f3cff8d of type geneve for network 34c64f4d-7e97-4e03-b4da-81e7e46acdec
2026-04-22 19:42:14.524 9 INFO neutron.wsgi [None req-5dffe00d-915f-4bbc-ba40-edf01749f614 ba32525bed174d22be390071ceebf288 87e6ed84b1264cfeb23c82ce42e178be - - default default] 10.0.0.53 "PUT /v2.0/routers/56f63000-a002-4f48-8092-af605ff57235/tags HTTP/1.1" status: 200 len: 230 time: 0.0915000
2026-04-22 19:42:14.566 9 INFO neutron.services.segments.plugin [-] Segment d4e62987-5c9d-45fd-b673-62961d5de00a resource provider aggregate not found
2026-04-22 19:42:14.571 9 INFO neutron.services.segments.plugin [-] Segment d4e62987-5c9d-45fd-b673-62961d5de00a resource provider aggregate not found
2026-04-22 19:42:14.807 9 INFO neutron.services.segments.plugin [-] Segment d4e62987-5c9d-45fd-b673-62961d5de00a resource provider not found; error: Placement Client Error (4xx): {"errors": [{"status": 404, "title": "Not Found", "detail": "The resource could not be found.\n\n No resource provider with uuid d4e62987-5c9d-45fd-b673-62961d5de00a found for delete ", "request_id": "req-51618907-de16-4ce1-a81d-5d96ceea8746"}]}
2026-04-22 19:42:14.824 9 INFO neutron.services.segments.plugin [-] Segment d4e62987-5c9d-45fd-b673-62961d5de00a resource provider not found; error: Placement Client Error (4xx): {"errors": [{"status": 404, "title": "Not Found", "detail": "The resource could not be found.\n\n No resource provider with uuid d4e62987-5c9d-45fd-b673-62961d5de00a found for delete ", "request_id": "req-f280ee03-787a-4d63-8e6b-7d19a513f2ab"}]}
2026-04-22 19:42:14.830 9 INFO neutron.wsgi [None req-0cc39a86-9b35-4b68-9134-0402d4f4ca4c ba32525bed174d22be390071ceebf288 87e6ed84b1264cfeb23c82ce42e178be - - default default] 10.0.0.53 "GET /v2.0/routers/56f63000-a002-4f48-8092-af605ff57235/tags HTTP/1.1" status: 200 len: 230 time: 0.3002186
2026-04-22 19:42:14.851 9 INFO neutron.wsgi [None req-5d516670-c159-4c47-bbe2-9e46415e92c4 84bde3be73dd46adbe0b2c786d794ed7 d5121ec3b6fb48d7aa7aa431c4746cc6 - - default default] 10.0.0.53 "DELETE /v2.0/networks/02750eca-f707-4329-b4aa-a2e114458038 HTTP/1.1" status: 204 len: 168 time: 1.0644093
2026-04-22 19:42:14.873 9 INFO neutron.notifiers.nova [-] Nova event matching ['req-90ddc4cc-8529-41d4-bd3e-44cb34d81e7a'] response: {'server_uuid': '341b6146-12c4-4aa1-ac46-efbcfbc1ab53', 'name': 'network-vif-plugged', 'status': 'completed', 'tag': 'cf5536f4-7e7d-41bf-894c-5e70e3123f35', 'code': 200}
2026-04-22 19:42:14.874 9 INFO neutron.notifiers.nova [-] Nova event matching ['req-90ddc4cc-8529-41d4-bd3e-44cb34d81e7a'] response: {'server_uuid': '341b6146-12c4-4aa1-ac46-efbcfbc1ab53', 'name': 'network-vif-deleted', 'tag': 'cf5536f4-7e7d-41bf-894c-5e70e3123f35', 'status': 'completed', 'code': 200}
2026-04-22 19:42:14.909 10 INFO neutron.wsgi [None req-ef314f60-0a90-4ad0-8eff-ad0a6a52bff2 ba32525bed174d22be390071ceebf288 87e6ed84b1264cfeb23c82ce42e178be - - default default] 10.0.0.53 "GET /v2.0/routers/56f63000-a002-4f48-8092-af605ff57235/tags/red HTTP/1.1" status: 204 len: 168 time: 0.0730200
2026-04-22 19:42:14.949 9 INFO neutron.db.segments_db [None req-e1c97b52-96be-41d0-8691-90a22bd2381a 84bde3be73dd46adbe0b2c786d794ed7 d5121ec3b6fb48d7aa7aa431c4746cc6 - - default default] Added segment d41a77f5-0a97-4f2c-873c-2898559c81a8 of type geneve for network b690691b-025a-43cb-b333-08f25cfa6581
2026-04-22 19:42:14.970 9 INFO neutron.api.v2.resource [None req-8348c93f-3c8e-443f-8cd1-6cf9d58f9702 ba32525bed174d22be390071ceebf288 87e6ed84b1264cfeb23c82ce42e178be - - default default] show failed (client error): The resource could not be found.
2026-04-22 19:42:14.971 9 INFO neutron.wsgi [None req-8348c93f-3c8e-443f-8cd1-6cf9d58f9702 ba32525bed174d22be390071ceebf288 87e6ed84b1264cfeb23c82ce42e178be - - default default] 10.0.0.53 "GET /v2.0/routers/56f63000-a002-4f48-8092-af605ff57235/tags/green HTTP/1.1" status: 404 len: 299 time: 0.0557449
2026-04-22 19:42:14.980 10 INFO neutron.db.ovn_revision_numbers_db [None req-6d61500e-6f7e-42f9-b5cd-b04a4aaa18c1 75247bd2b63e44e1b878e4ddcbf10e66 b55dc74cc8db45c78fbee6853bbd08a0 - - default default] Successfully bumped revision number for resource 34c64f4d-7e97-4e03-b4da-81e7e46acdec (type: networks) to 1
