2026-04-22 19:40:50.807 9 INFO neutron.db.ovn_revision_numbers_db [None req-8f333268-dbe3-49a4-9ec4-28ad1d16ecdc ee2f3d3ab3a143b9885bf97c048b0ef6 e95d747a0c2a412389ead86875c3a8ec - - default default] Successfully bumped revision number for resource cfa4c6a8-94c2-431a-bd4a-ff9bdd114afc (type: security_group_rules) to 0
2026-04-22 19:40:50.841 10 WARNING neutron.scheduler.dhcp_agent_scheduler [None req-05c03c42-dbf2-4cb4-a1fc-f78fc221464e 0c304dbd6973441ab7ef89b356244598 7e37d8face47420696c1e3aaa808f3c0 - - default default] No more DHCP agents
2026-04-22 19:40:50.843 10 WARNING neutron.api.rpc.agentnotifiers.dhcp_rpc_agent_api [None req-05c03c42-dbf2-4cb4-a1fc-f78fc221464e 0c304dbd6973441ab7ef89b356244598 7e37d8face47420696c1e3aaa808f3c0 - - default default] Unable to schedule network 5fd16e7e-75e7-4b5e-a825-6e619f51a5fd: no agents available; will retry on subsequent port and subnet creation events.
2026-04-22 19:40:50.859 9 INFO neutron.wsgi [None req-8f333268-dbe3-49a4-9ec4-28ad1d16ecdc ee2f3d3ab3a143b9885bf97c048b0ef6 e95d747a0c2a412389ead86875c3a8ec - - default default] 10.0.0.53 "GET /v2.0/security-groups?tenant_id=54e6b46c51204a858b065647fda7fa03&name=default HTTP/1.1" status: 200 len: 2996 time: 0.4494793
2026-04-22 19:40:50.903 10 WARNING neutron.plugins.ml2.drivers.ovn.mech_driver.ovsdb.ovn_client [None req-c2fced80-5b12-4624-b74c-be943de9d8e3 - - - - - -] No port found with ID 911a8868-69a4-4361-ae16-59940e305795: RuntimeError: No port found with ID 911a8868-69a4-4361-ae16-59940e305795
2026-04-22 19:40:50.956 10 INFO neutron.db.ovn_revision_numbers_db [None req-05c03c42-dbf2-4cb4-a1fc-f78fc221464e 0c304dbd6973441ab7ef89b356244598 7e37d8face47420696c1e3aaa808f3c0 - - default default] Successfully bumped revision number for resource b952698d-a1c9-48cb-95c6-2d9d88258673 (type: ports) to 1
2026-04-22 19:40:50.980 10 INFO neutron.wsgi [None req-05c03c42-dbf2-4cb4-a1fc-f78fc221464e 0c304dbd6973441ab7ef89b356244598 7e37d8face47420696c1e3aaa808f3c0 - - default default] 10.0.0.53 "POST /v2.0/ports HTTP/1.1" status: 201 len: 977 time: 0.4383588 /var/lib/openstack/lib/python3.10/site-packages/pycadf/identifier.py:71: UserWarning: Invalid uuid: neutron. To ensure interoperability, identifiers should be a valid uuid. warnings.warn(('Invalid uuid: %s. To ensure interoperability, '
2026-04-22 19:40:51.185 9 INFO neutron.wsgi [None req-ccc4387d-30f1-4c95-b288-f74629f54f65 ee2f3d3ab3a143b9885bf97c048b0ef6 e95d747a0c2a412389ead86875c3a8ec - - default default] 10.0.0.53 "DELETE /v2.0/security-groups/2363a40d-5127-40bd-accc-942a74ffdbb8 HTTP/1.1" status: 204 len: 168 time: 0.3218925
2026-04-22 19:40:51.255 9 INFO neutron.plugins.ml2.drivers.ovn.mech_driver.mech_driver [None req-0f7edde9-43a3-45cf-ae74-5f357d8d0ae2 - - - - - -] OVN reports status down for port: b952698d-a1c9-48cb-95c6-2d9d88258673
2026-04-22 19:40:51.287 10 INFO neutron.db.ovn_revision_numbers_db [None req-de31d464-19b8-489b-9ba2-085d27796c64 0c304dbd6973441ab7ef89b356244598 7e37d8face47420696c1e3aaa808f3c0 - - default default] Successfully bumped revision number for resource b952698d-a1c9-48cb-95c6-2d9d88258673 (type: ports) to 2
2026-04-22 19:40:51.302 10 INFO neutron.wsgi [None req-de31d464-19b8-489b-9ba2-085d27796c64 0c304dbd6973441ab7ef89b356244598 7e37d8face47420696c1e3aaa808f3c0 - - default default] 10.0.0.53 "PUT /v2.0/ports/b952698d-a1c9-48cb-95c6-2d9d88258673 HTTP/1.1" status: 200 len: 946 time: 0.3168919
2026-04-22 19:40:51.398 9 INFO neutron.db.ovn_revision_numbers_db [None req-f56aa1b8-a39f-46ac-b838-3cffc89df9df 7975e1acb5494a238ff62f92ad612bee 41aea11e8ea541c181b1c6ed02bc5f87 - - default default] Successfully bumped revision number for resource bd9cf848-7373-4695-af50-d0c2ddbc7919 (type: ports) to 2
2026-04-22 19:40:51.444 9 INFO neutron.db.ovn_revision_numbers_db [None req-f56aa1b8-a39f-46ac-b838-3cffc89df9df 7975e1acb5494a238ff62f92ad612bee 41aea11e8ea541c181b1c6ed02bc5f87 - - default default] Successfully bumped revision number for resource ad9dd0f2-c6dc-4d95-b568-bdb951aa1c3d (type: subnets) to 0
2026-04-22 19:40:51.471 9 INFO neutron.wsgi [None req-f56aa1b8-a39f-46ac-b838-3cffc89df9df 7975e1acb5494a238ff62f92ad612bee 41aea11e8ea541c181b1c6ed02bc5f87 - - default default] 10.0.0.53 "POST /v2.0/subnets HTTP/1.1" status: 201 len: 801 time: 1.0526071 /var/lib/openstack/lib/python3.10/site-packages/pycadf/identifier.py:71: UserWarning: Invalid uuid: neutron. To ensure interoperability, identifiers should be a valid uuid. warnings.warn(('Invalid uuid: %s. To ensure interoperability, '
2026-04-22 19:40:51.486 10 WARNING neutron_lib.context [None req-60ef9b7d-d987-4c20-aabb-c55c32143620 7975e1acb5494a238ff62f92ad612bee 41aea11e8ea541c181b1c6ed02bc5f87 - - default default] Method 'is_advsvc' is deprecated since 2023.2 release (neutron-lib 3.8.0) and will be removed once support for the old RBAC API policies will be removed from Neutron. Please use method 'is_service_role' instead.
2026-04-22 19:40:51.607 9 INFO neutron.wsgi [None req-acf2daa6-f5aa-43c9-ab6c-bbe9aa7faac9 0c304dbd6973441ab7ef89b356244598 7e37d8face47420696c1e3aaa808f3c0 - - default default] 10.0.0.53 "DELETE /v2.0/ports/b952698d-a1c9-48cb-95c6-2d9d88258673 HTTP/1.1" status: 204 len: 168 time: 0.2996061
2026-04-22 19:40:51.647 10 INFO neutron.db.ovn_revision_numbers_db [None req-60ef9b7d-d987-4c20-aabb-c55c32143620 7975e1acb5494a238ff62f92ad612bee 41aea11e8ea541c181b1c6ed02bc5f87 - - default default] Successfully bumped revision number for resource 4794ef29-d90d-4f29-a270-8442f9196c58 (type: routers) to 1
2026-04-22 19:40:51.662 10 INFO neutron.wsgi [None req-60ef9b7d-d987-4c20-aabb-c55c32143620 7975e1acb5494a238ff62f92ad612bee 41aea11e8ea541c181b1c6ed02bc5f87 - - default default] 10.0.0.53 "POST /v2.0/routers HTTP/1.1" status: 201 len: 687 time: 0.1840222
2026-04-22 19:40:51.676 10 WARNING neutron_lib.context [None req-8f1876cc-1830-476c-8c5b-96e03b338b98 7975e1acb5494a238ff62f92ad612bee 41aea11e8ea541c181b1c6ed02bc5f87 - - default default] Method 'is_advsvc' is deprecated since 2023.2 release (neutron-lib 3.8.0) and will be removed once support for the old RBAC API policies will be removed from Neutron. Please use method 'is_service_role' instead.
2026-04-22 19:40:51.698 9 INFO neutron.wsgi [None req-234fbe58-6c9d-4265-8e1a-fd97b6bf8c5c 0c304dbd6973441ab7ef89b356244598 7e37d8face47420696c1e3aaa808f3c0 - - default default] 10.0.0.53 "GET /v2.0/ports HTTP/1.1" status: 200 len: 1732 time: 0.0850885
2026-04-22 19:40:51.726 9 INFO neutron.pecan_wsgi.hooks.translation [None req-646232f4-3f63-4d45-8006-8b9a3d9d23f1 0c304dbd6973441ab7ef89b356244598 7e37d8face47420696c1e3aaa808f3c0 - - default default] GET failed (client error): The resource could not be found.
2026-04-22 19:40:51.728 9 INFO neutron.wsgi [None req-646232f4-3f63-4d45-8006-8b9a3d9d23f1 0c304dbd6973441ab7ef89b356244598 7e37d8face47420696c1e3aaa808f3c0 - - default default] 10.0.0.53 "GET /v2.0/ports/b952698d-a1c9-48cb-95c6-2d9d88258673 HTTP/1.1" status: 404 len: 333 time: 0.0218122
2026-04-22 19:40:51.792 9 INFO neutron.wsgi [None req-d91763ee-ff5f-45bb-95f3-69a66a0676fa 0c304dbd6973441ab7ef89b356244598 7e37d8face47420696c1e3aaa808f3c0 - - default default] 10.0.0.53 "GET /v2.0/ports HTTP/1.1" status: 200 len: 1732 time: 0.0537019
2026-04-22 19:40:51.850 9 INFO neutron.wsgi [None req-7cd7de5e-bb3c-4edd-9f87-88b1ebe80679 0c304dbd6973441ab7ef89b356244598 7e37d8face47420696c1e3aaa808f3c0 - - default default] 10.0.0.53 "GET /v2.0/ports/30f0e83d-a0a1-4968-8851-fd691ad541db HTTP/1.1" status: 200 len: 972 time: 0.0523710
2026-04-22 19:40:51.879 9 INFO neutron.pecan_wsgi.hooks.translation [None req-f6eaf742-32b9-43e4-96bf-3a370f31a5eb 0c304dbd6973441ab7ef89b356244598 7e37d8face47420696c1e3aaa808f3c0 - - default default] DELETE failed (client error): The resource could not be found.
2026-04-22 19:40:51.883 9 INFO neutron.wsgi [None req-f6eaf742-32b9-43e4-96bf-3a370f31a5eb 0c304dbd6973441ab7ef89b356244598 7e37d8face47420696c1e3aaa808f3c0 - - default default] 10.0.0.53 "DELETE /v2.0/ports/b5dd1e10-a0a3-49aa-8387-d4ab67095c90 HTTP/1.1" status: 404 len: 333 time: 0.0269125
2026-04-22 19:40:51.911 9 INFO neutron.pecan_wsgi.hooks.translation [None req-dec27a62-9963-4a53-a774-f5400c73ab90 0c304dbd6973441ab7ef89b356244598 7e37d8face47420696c1e3aaa808f3c0 - - default default] DELETE failed (client error): The resource could not be found.
2026-04-22 19:40:51.914 9 INFO neutron.wsgi [None req-dec27a62-9963-4a53-a774-f5400c73ab90 0c304dbd6973441ab7ef89b356244598 7e37d8face47420696c1e3aaa808f3c0 - - default default] 10.0.0.53 "DELETE /v2.0/subnets/8d14e658-c3e0-491b-b445-24052a595b07 HTTP/1.1" status: 404 len: 337 time: 0.0258992
2026-04-22 19:40:51.951 9 INFO neutron.pecan_wsgi.hooks.translation [None req-3655f1b3-504f-4a55-ad79-7d4001fe0ed6 0c304dbd6973441ab7ef89b356244598 7e37d8face47420696c1e3aaa808f3c0 - - default default] DELETE failed (client error): The resource could not be found.
2026-04-22 19:40:51.954 9 INFO neutron.wsgi [None req-3655f1b3-504f-4a55-ad79-7d4001fe0ed6 0c304dbd6973441ab7ef89b356244598 7e37d8face47420696c1e3aaa808f3c0 - - default default] 10.0.0.53 "DELETE /v2.0/subnets/43fe8b36-b8c9-4cf9-9f66-fc86b4a0ce0a HTTP/1.1" status: 404 len: 337 time: 0.0358083
2026-04-22 19:40:52.244 10 WARNING neutron.scheduler.dhcp_agent_scheduler [None req-8f1876cc-1830-476c-8c5b-96e03b338b98 7975e1acb5494a238ff62f92ad612bee 41aea11e8ea541c181b1c6ed02bc5f87 - - default default] No more DHCP agents
2026-04-22 19:40:52.252 10 WARNING neutron.api.rpc.agentnotifiers.dhcp_rpc_agent_api [None req-8f1876cc-1830-476c-8c5b-96e03b338b98 7975e1acb5494a238ff62f92ad612bee 41aea11e8ea541c181b1c6ed02bc5f87 - - default default] Unable to schedule network e733e5d6-1539-4b1f-9b71-e27a01345072: no agents available; will retry on subsequent port and subnet creation events. /var/lib/openstack/lib/python3.10/site-packages/pycadf/identifier.py:71: UserWarning: Invalid uuid: neutron. To ensure interoperability, identifiers should be a valid uuid. warnings.warn(('Invalid uuid: %s. To ensure interoperability, '
2026-04-22 19:40:52.394 10 INFO neutron.wsgi [None req-138120e5-3b8f-4134-8681-07cb428ca4f0 ee2f3d3ab3a143b9885bf97c048b0ef6 e95d747a0c2a412389ead86875c3a8ec - - default default] 10.0.0.42 "GET /v2.0/routers HTTP/1.1" status: 200 len: 672 time: 0.3771620
2026-04-22 19:40:52.499 10 INFO neutron.wsgi [None req-d88651b6-0f77-48e4-ac4e-6bb195edbac6 ee2f3d3ab3a143b9885bf97c048b0ef6 e95d747a0c2a412389ead86875c3a8ec - - default default] 10.0.0.42 "GET /v2.0/agents?binary=ovn-controller HTTP/1.1" status: 200 len: 591 time: 0.1035047
2026-04-22 19:40:52.537 10 INFO neutron.wsgi [None req-40d7cb0b-1b45-426c-8339-3d44330aa125 0c304dbd6973441ab7ef89b356244598 7e37d8face47420696c1e3aaa808f3c0 - - default default] 10.0.0.53 "DELETE /v2.0/ports/30f0e83d-a0a1-4968-8851-fd691ad541db HTTP/1.1" status: 204 len: 168 time: 0.5709708
2026-04-22 19:40:52.552 10 INFO neutron.wsgi [None req-2fcc7172-464a-4b2e-8ed9-551e76320a6b ee2f3d3ab3a143b9885bf97c048b0ef6 e95d747a0c2a412389ead86875c3a8ec - - default default] 10.0.0.42 "GET /v2.0/subnets HTTP/1.1" status: 200 len: 2047 time: 0.0492976
2026-04-22 19:40:52.570 10 INFO neutron.wsgi [None req-71a3ee37-3193-4e96-a422-1368b15fa9f5 ee2f3d3ab3a143b9885bf97c048b0ef6 e95d747a0c2a412389ead86875c3a8ec - - default default] 10.0.0.42 "GET /v2.0/subnetpools HTTP/1.1" status: 200 len: 193 time: 0.0169928
2026-04-22 19:40:52.630 10 INFO neutron.db.ovn_revision_numbers_db [None req-8f1876cc-1830-476c-8c5b-96e03b338b98 7975e1acb5494a238ff62f92ad612bee 41aea11e8ea541c181b1c6ed02bc5f87 - - default default] Successfully bumped revision number for resource 62fd76f6-b0d2-43ef-a9a9-23b0ce171503 (type: ports) to 1
2026-04-22 19:40:52.656 10 INFO neutron.wsgi [None req-4a4d1bf7-c6c2-4b40-9638-53a256974a4d ee2f3d3ab3a143b9885bf97c048b0ef6 e95d747a0c2a412389ead86875c3a8ec - - default default] 10.0.0.42 "GET /v2.0/security-groups HTTP/1.1" status: 200 len: 22363 time: 0.0839686
2026-04-22 19:40:52.672 10 INFO neutron.wsgi [None req-8f1876cc-1830-476c-8c5b-96e03b338b98 7975e1acb5494a238ff62f92ad612bee 41aea11e8ea541c181b1c6ed02bc5f87 - - default default] 10.0.0.53 "POST /v2.0/ports HTTP/1.1" status: 201 len: 1147 time: 1.0034685
2026-04-22 19:40:52.760 10 INFO neutron.wsgi [None req-282fe754-e759-4175-b554-4a31dd03090a ee2f3d3ab3a143b9885bf97c048b0ef6 e95d747a0c2a412389ead86875c3a8ec - - default default] 10.0.0.42 "GET /v2.0/ports HTTP/1.1" status: 200 len: 8338 time: 0.0962372
2026-04-22 19:40:52.820 10 INFO neutron.wsgi [None req-14e8b846-f352-426a-be76-fad2359bda28 ee2f3d3ab3a143b9885bf97c048b0ef6 e95d747a0c2a412389ead86875c3a8ec - - default default] 10.0.0.42 "GET /v2.0/agents HTTP/1.1" status: 200 len: 997 time: 0.0332730
2026-04-22 19:40:52.846 10 INFO neutron.wsgi [None req-dfc0d310-4831-4c9f-a170-40b77b3da8b5 ee2f3d3ab3a143b9885bf97c048b0ef6 e95d747a0c2a412389ead86875c3a8ec - - default default] 10.0.0.42 "GET /v2.0/network-ip-availabilities HTTP/1.1" status: 200 len: 1977 time: 0.0229745
2026-04-22 19:40:52.848 9 INFO neutron.db.ovn_revision_numbers_db [None req-1a3b1b1f-0ca6-4692-8295-c6b85c41d72e ee2f3d3ab3a143b9885bf97c048b0ef6 e95d747a0c2a412389ead86875c3a8ec - - default default] Successfully bumped revision number for resource 1ea4a482-4316-4e2f-aed1-885649c10f48 (type: security_groups) to 1
2026-04-22 19:40:52.871 9 INFO neutron.db.ovn_revision_numbers_db [None req-1a3b1b1f-0ca6-4692-8295-c6b85c41d72e ee2f3d3ab3a143b9885bf97c048b0ef6 e95d747a0c2a412389ead86875c3a8ec - - default default] Successfully bumped revision number for resource 4607ff8e-bd1b-4a0d-b068-3e4e313c0a88 (type: security_group_rules) to 0
2026-04-22 19:40:52.887 10 INFO neutron.wsgi [None req-ad1f5f64-6e13-4a17-bafc-80b4d1e400d3 ee2f3d3ab3a143b9885bf97c048b0ef6 e95d747a0c2a412389ead86875c3a8ec - - default default] 10.0.0.42 "GET /v2.0/floatingips HTTP/1.1" status: 200 len: 193 time: 0.0391974
2026-04-22 19:40:52.904 9 INFO neutron.db.ovn_revision_numbers_db [None req-1a3b1b1f-0ca6-4692-8295-c6b85c41d72e ee2f3d3ab3a143b9885bf97c048b0ef6 e95d747a0c2a412389ead86875c3a8ec - - default default] Successfully bumped revision number for resource 77a5977b-6cbb-42ed-a427-909f6a0a7f8c (type: security_group_rules) to 0
2026-04-22 19:40:52.936 9 INFO neutron.db.ovn_revision_numbers_db [None req-1a3b1b1f-0ca6-4692-8295-c6b85c41d72e ee2f3d3ab3a143b9885bf97c048b0ef6 e95d747a0c2a412389ead86875c3a8ec - - default default] Successfully bumped revision number for resource a5bca499-7927-4e2e-a6be-e41483eb8c50 (type: security_group_rules) to 0
2026-04-22 19:40:52.949 10 INFO neutron.wsgi [None req-d86e326a-3f0b-4ceb-9ded-7f19e3542ecd ee2f3d3ab3a143b9885bf97c048b0ef6 e95d747a0c2a412389ead86875c3a8ec - - default default] 10.0.0.42 "GET /v2.0/subnets HTTP/1.1" status: 200 len: 2047 time: 0.0550084
2026-04-22 19:40:52.954 9 INFO neutron.db.ovn_revision_numbers_db [None req-1a3b1b1f-0ca6-4692-8295-c6b85c41d72e ee2f3d3ab3a143b9885bf97c048b0ef6 e95d747a0c2a412389ead86875c3a8ec - - default default] Successfully bumped revision number for resource e9ab750f-797d-4fe2-a15b-553037f520b5 (type: security_group_rules) to 0
2026-04-22 19:40:52.999 9 INFO neutron.services.segments.plugin [-] Segment 99e1f062-84a0-4a7e-95f9-b9381e517621 resource provider aggregate not found
2026-04-22 19:40:53.017 9 INFO neutron.services.segments.plugin [-] Segment 99e1f062-84a0-4a7e-95f9-b9381e517621 resource provider aggregate not found
2026-04-22 19:40:53.034 9 INFO neutron.wsgi [None req-1a3b1b1f-0ca6-4692-8295-c6b85c41d72e ee2f3d3ab3a143b9885bf97c048b0ef6 e95d747a0c2a412389ead86875c3a8ec - - default default] 10.0.0.53 "GET /v2.0/security-groups?tenant_id=031fd34c8811474ea81e39bd41cc5804&name=default HTTP/1.1" status: 200 len: 2996 time: 0.6486766
2026-04-22 19:40:53.041 9 INFO neutron.services.segments.plugin [-] Segment 99e1f062-84a0-4a7e-95f9-b9381e517621 resource provider not found; error: Placement Client Error (4xx): {"errors": [{"status": 404, "title": "Not Found", "detail": "The resource could not be found.\n\n No resource provider with uuid 99e1f062-84a0-4a7e-95f9-b9381e517621 found for delete ", "request_id": "req-ab9a024b-adc1-4bb7-8882-b0acfa0b0bcc"}]}
2026-04-22 19:40:53.042 9 INFO neutron.services.segments.plugin [-] Segment 99e1f062-84a0-4a7e-95f9-b9381e517621 resource provider not found; error: Placement Client Error (4xx): {"errors": [{"status": 404, "title": "Not Found", "detail": "The resource could not be found.\n\n No resource provider with uuid 99e1f062-84a0-4a7e-95f9-b9381e517621 found for delete ", "request_id": "req-3564ef4b-2782-4227-a28e-4320afa1b3fc"}]}
2026-04-22 19:40:53.081 9 INFO neutron.wsgi [None req-259adcc3-6f0c-4249-be8b-e5998c173255 0c304dbd6973441ab7ef89b356244598 7e37d8face47420696c1e3aaa808f3c0 - - default default] 10.0.0.53 "DELETE /v2.0/networks/5fd16e7e-75e7-4b5e-a825-6e619f51a5fd HTTP/1.1" status: 204 len: 168 time: 0.5382938
2026-04-22 19:40:53.083 10 INFO neutron.wsgi [None req-3fba5ed5-b3ed-4ff6-9a3f-889a13415c84 ee2f3d3ab3a143b9885bf97c048b0ef6 e95d747a0c2a412389ead86875c3a8ec - - default default] 10.0.0.42 "GET /v2.0/networks HTTP/1.1" status: 200 len: 3816 time: 0.1319325
2026-04-22 19:40:53.310 10 INFO neutron.plugins.ml2.drivers.ovn.mech_driver.mech_driver [None req-c2fced80-5b12-4624-b74c-be943de9d8e3 - - - - - -] OVN reports status up for port: 62fd76f6-b0d2-43ef-a9a9-23b0ce171503
2026-04-22 19:40:53.315 10 INFO neutron.plugins.ml2.plugin [None req-c2fced80-5b12-4624-b74c-be943de9d8e3 - - - - - -] Attempt 1 to provision port 62fd76f6-b0d2-43ef-a9a9-23b0ce171503
2026-04-22 19:40:53.320 9 INFO neutron.wsgi [None req-6fb38626-e95e-4296-80b5-cff2dd9cdb56 ee2f3d3ab3a143b9885bf97c048b0ef6 e95d747a0c2a412389ead86875c3a8ec - - default default] 10.0.0.53 "DELETE /v2.0/security-groups/1ea4a482-4316-4e2f-aed1-885649c10f48 HTTP/1.1" status: 204 len: 168 time: 0.2811911
2026-04-22 19:40:53.356 10 INFO neutron.db.ovn_revision_numbers_db [None req-47c681d6-00c5-4b2e-9900-9d6447c8521c 7975e1acb5494a238ff62f92ad612bee 41aea11e8ea541c181b1c6ed02bc5f87 - - default default] Successfully bumped revision number for resource 62fd76f6-b0d2-43ef-a9a9-23b0ce171503 (type: router_ports) to 2
2026-04-22 19:40:53.639 9 INFO neutron.db.ovn_revision_numbers_db [None req-8baf810f-bb81-45a3-9d9b-dcc64dc87a07 ee2f3d3ab3a143b9885bf97c048b0ef6 e95d747a0c2a412389ead86875c3a8ec - - default default] Successfully bumped revision number for resource 571d4cad-82d1-4858-97b0-50c0a25f6f1b (type: security_groups) to 1
2026-04-22 19:40:53.659 9 INFO neutron.db.ovn_revision_numbers_db [None req-8baf810f-bb81-45a3-9d9b-dcc64dc87a07 ee2f3d3ab3a143b9885bf97c048b0ef6 e95d747a0c2a412389ead86875c3a8ec - - default default] Successfully bumped revision number for resource 201ac610-5ea3-42f6-a798-a1bec2e8b03d (type: security_group_rules) to 0
2026-04-22 19:40:53.674 9 INFO neutron.db.ovn_revision_numbers_db [None req-8baf810f-bb81-45a3-9d9b-dcc64dc87a07 ee2f3d3ab3a143b9885bf97c048b0ef6 e95d747a0c2a412389ead86875c3a8ec - - default default] Successfully bumped revision number for resource 7111b44b-f65f-4411-b733-7fd7635e7a57 (type: security_group_rules) to 0
2026-04-22 19:40:53.693 9 INFO neutron.db.ovn_revision_numbers_db [None req-8baf810f-bb81-45a3-9d9b-dcc64dc87a07 ee2f3d3ab3a143b9885bf97c048b0ef6 e95d747a0c2a412389ead86875c3a8ec - - default default] Successfully bumped revision number for resource a63ea92b-2fb1-4280-aede-37662866e9a1 (type: security_group_rules) to 0
2026-04-22 19:40:53.708 9 INFO neutron.db.ovn_revision_numbers_db [None req-8baf810f-bb81-45a3-9d9b-dcc64dc87a07 ee2f3d3ab3a143b9885bf97c048b0ef6 e95d747a0c2a412389ead86875c3a8ec - - default default] Successfully bumped revision number for resource af3f0d66-d5b2-4f96-8616-3b0d2d16387a (type: security_group_rules) to 0
2026-04-22 19:40:53.732 9 INFO neutron.wsgi [None req-8baf810f-bb81-45a3-9d9b-dcc64dc87a07 ee2f3d3ab3a143b9885bf97c048b0ef6 e95d747a0c2a412389ead86875c3a8ec - - default default] 10.0.0.53 "GET /v2.0/security-groups?tenant_id=4b6c069d962548349b27d855a746a78d&name=default HTTP/1.1" status: 200 len: 2996 time: 0.2174265
2026-04-22 19:40:53.822 9 INFO neutron.wsgi [None req-546512f1-a026-4bc3-85df-a1b707379e70 ee2f3d3ab3a143b9885bf97c048b0ef6 e95d747a0c2a412389ead86875c3a8ec - - default default] 10.0.0.53 "GET /v2.0/security-groups?tenant_id=7e37d8face47420696c1e3aaa808f3c0&name=default HTTP/1.1" status: 200 len: 2996 time: 0.2003379
2026-04-22 19:40:53.824 10 INFO neutron.db.ovn_revision_numbers_db [None req-47c681d6-00c5-4b2e-9900-9d6447c8521c 7975e1acb5494a238ff62f92ad612bee 41aea11e8ea541c181b1c6ed02bc5f87 - - default default] Successfully bumped revision number for resource 62fd76f6-b0d2-43ef-a9a9-23b0ce171503 (type: ports) to 2 /var/lib/openstack/lib/python3.10/site-packages/pycadf/identifier.py:71: UserWarning: Invalid uuid: neutron. To ensure interoperability, identifiers should be a valid uuid. warnings.warn(('Invalid uuid: %s. To ensure interoperability, '
2026-04-22 19:40:53.938 9 INFO neutron.db.ovn_revision_numbers_db [None req-c78bca74-2ed1-4d42-a0ee-d022c634aa6a ee2f3d3ab3a143b9885bf97c048b0ef6 e95d747a0c2a412389ead86875c3a8ec - - default default] Successfully bumped revision number for resource 899a196d-cc31-4a8f-879a-76cdeea10dc6 (type: security_groups) to 1
2026-04-22 19:40:53.945 10 INFO neutron.db.ovn_revision_numbers_db [None req-c2fced80-5b12-4624-b74c-be943de9d8e3 - - - - - -] Successfully bumped revision number for resource 62fd76f6-b0d2-43ef-a9a9-23b0ce171503 (type: ports) to 3
2026-04-22 19:40:53.952 9 INFO neutron.db.ovn_revision_numbers_db [None req-c78bca74-2ed1-4d42-a0ee-d022c634aa6a ee2f3d3ab3a143b9885bf97c048b0ef6 e95d747a0c2a412389ead86875c3a8ec - - default default] Successfully bumped revision number for resource 20ae4e82-7f9c-430c-985d-ae97c009067c (type: security_group_rules) to 0
2026-04-22 19:40:53.972 9 INFO neutron.db.ovn_revision_numbers_db [None req-c78bca74-2ed1-4d42-a0ee-d022c634aa6a ee2f3d3ab3a143b9885bf97c048b0ef6 e95d747a0c2a412389ead86875c3a8ec - - default default] Successfully bumped revision number for resource 8e623908-b0e4-4eb8-bfe6-267378e3707f (type: security_group_rules) to 0
2026-04-22 19:40:53.983 9 INFO neutron.db.ovn_revision_numbers_db [None req-c78bca74-2ed1-4d42-a0ee-d022c634aa6a ee2f3d3ab3a143b9885bf97c048b0ef6 e95d747a0c2a412389ead86875c3a8ec - - default default] Successfully bumped revision number for resource b86740bb-34d2-44f5-a491-ac971deecb2a (type: security_group_rules) to 0
2026-04-22 19:40:54.000 9 INFO neutron.db.ovn_revision_numbers_db [None req-c78bca74-2ed1-4d42-a0ee-d022c634aa6a ee2f3d3ab3a143b9885bf97c048b0ef6 e95d747a0c2a412389ead86875c3a8ec - - default default] Successfully bumped revision number for resource b9ad5f34-aa6a-4bf1-9877-14afd8e52c0b (type: security_group_rules) to 0
2026-04-22 19:40:54.025 9 INFO neutron.wsgi [None req-ad372700-f674-486a-a8e5-563291d53555 ee2f3d3ab3a143b9885bf97c048b0ef6 e95d747a0c2a412389ead86875c3a8ec - - default default] 10.0.0.53 "DELETE /v2.0/security-groups/571d4cad-82d1-4858-97b0-50c0a25f6f1b HTTP/1.1" status: 204 len: 168 time: 0.2877588
2026-04-22 19:40:54.033 9 INFO neutron.wsgi [None req-c78bca74-2ed1-4d42-a0ee-d022c634aa6a ee2f3d3ab3a143b9885bf97c048b0ef6 e95d747a0c2a412389ead86875c3a8ec - - default default] 10.0.0.53 "GET /v2.0/security-groups?tenant_id=f7a5c705fd6c449abd48cefa9caf559b&name=default HTTP/1.1" status: 200 len: 2996 time: 0.3857365
2026-04-22 19:40:54.094 10 INFO neutron.db.ovn_revision_numbers_db [None req-c2fced80-5b12-4624-b74c-be943de9d8e3 - - - - - -] Successfully bumped revision number for resource 62fd76f6-b0d2-43ef-a9a9-23b0ce171503 (type: router_ports) to 3
2026-04-22 19:40:54.226 9 INFO neutron.wsgi [None req-683a228e-60c7-4451-bf44-c2ce0ad22578 ee2f3d3ab3a143b9885bf97c048b0ef6 e95d747a0c2a412389ead86875c3a8ec - - default default] 10.0.0.53 "DELETE /v2.0/security-groups/899a196d-cc31-4a8f-879a-76cdeea10dc6 HTTP/1.1" status: 204 len: 168 time: 0.1837978
2026-04-22 19:40:54.297 10 INFO neutron.wsgi [None req-0a239de4-8e75-47ca-b9d0-812989124747 ee2f3d3ab3a143b9885bf97c048b0ef6 e95d747a0c2a412389ead86875c3a8ec - - default default] 10.0.0.53 "DELETE /v2.0/security-groups/8207de76-e60b-437c-8c83-a351a9b31d39 HTTP/1.1" status: 204 len: 168 time: 0.4684813
2026-04-22 19:40:54.584 10 INFO neutron.db.ovn_revision_numbers_db [None req-47c681d6-00c5-4b2e-9900-9d6447c8521c 7975e1acb5494a238ff62f92ad612bee 41aea11e8ea541c181b1c6ed02bc5f87 - - default default] Successfully bumped revision number for resource 62fd76f6-b0d2-43ef-a9a9-23b0ce171503 (type: ports) to 3
2026-04-22 19:40:54.663 10 WARNING neutron.scheduler.dhcp_agent_scheduler [None req-47c681d6-00c5-4b2e-9900-9d6447c8521c 7975e1acb5494a238ff62f92ad612bee 41aea11e8ea541c181b1c6ed02bc5f87 - - default default] No more DHCP agents
2026-04-22 19:40:54.664 10 WARNING neutron.api.rpc.agentnotifiers.dhcp_rpc_agent_api [None req-47c681d6-00c5-4b2e-9900-9d6447c8521c 7975e1acb5494a238ff62f92ad612bee 41aea11e8ea541c181b1c6ed02bc5f87 - - default default] Unable to schedule network e733e5d6-1539-4b1f-9b71-e27a01345072: no agents available; will retry on subsequent port and subnet creation events.
2026-04-22 19:40:54.791 10 INFO neutron.db.ovn_revision_numbers_db [None req-47c681d6-00c5-4b2e-9900-9d6447c8521c 7975e1acb5494a238ff62f92ad612bee 41aea11e8ea541c181b1c6ed02bc5f87 - - default default] Successfully bumped revision number for resource 62fd76f6-b0d2-43ef-a9a9-23b0ce171503 (type: router_ports) to 3
2026-04-22 19:40:54.794 10 INFO neutron.wsgi [None req-47c681d6-00c5-4b2e-9900-9d6447c8521c 7975e1acb5494a238ff62f92ad612bee 41aea11e8ea541c181b1c6ed02bc5f87 - - default default] 10.0.0.53 "PUT /v2.0/routers/4794ef29-d90d-4f29-a270-8442f9196c58/add_router_interface HTTP/1.1" status: 200 len: 503 time: 2.1095231 /var/lib/openstack/lib/python3.10/site-packages/pycadf/identifier.py:71: UserWarning: Invalid uuid: neutron. To ensure interoperability, identifiers should be a valid uuid. warnings.warn(('Invalid uuid: %s. To ensure interoperability, '
2026-04-22 19:40:54.894 10 INFO neutron.wsgi [None req-f782b18c-d54a-4cdb-a4e9-31da0397e655 7975e1acb5494a238ff62f92ad612bee 41aea11e8ea541c181b1c6ed02bc5f87 - - default default] 10.0.0.53 "GET /v2.0/ports/62fd76f6-b0d2-43ef-a9a9-23b0ce171503 HTTP/1.1" status: 200 len: 1205 time: 0.0949194
2026-04-22 19:40:55.609 10 INFO neutron.wsgi [None req-b4687452-f0c8-46b5-9b8b-df3a30f866de 7975e1acb5494a238ff62f92ad612bee 41aea11e8ea541c181b1c6ed02bc5f87 - - default default] 10.0.0.53 "PUT /v2.0/routers/4794ef29-d90d-4f29-a270-8442f9196c58/remove_router_interface HTTP/1.1" status: 200 len: 503 time: 0.7095318 /var/lib/openstack/lib/python3.10/site-packages/pycadf/identifier.py:71: UserWarning: Invalid uuid: neutron. To ensure interoperability, identifiers should be a valid uuid. warnings.warn(('Invalid uuid: %s. To ensure interoperability, '
2026-04-22 19:40:55.703 10 INFO neutron.api.v2.resource [None req-785e3d4c-bb19-4cd3-ab53-340035e93244 7975e1acb5494a238ff62f92ad612bee 41aea11e8ea541c181b1c6ed02bc5f87 - - default default] remove_router_interface failed (client error): The resource could not be found.
2026-04-22 19:40:55.704 10 INFO neutron.wsgi [None req-785e3d4c-bb19-4cd3-ab53-340035e93244 7975e1acb5494a238ff62f92ad612bee 41aea11e8ea541c181b1c6ed02bc5f87 - - default default] 10.0.0.53 "PUT /v2.0/routers/4794ef29-d90d-4f29-a270-8442f9196c58/remove_router_interface HTTP/1.1" status: 404 len: 398 time: 0.0878057
2026-04-22 19:40:55.738 10 INFO neutron.wsgi [None req-743112d0-e53e-402d-ab7a-c74d0fd72172 7975e1acb5494a238ff62f92ad612bee 41aea11e8ea541c181b1c6ed02bc5f87 - - default default] 10.0.0.53 "GET /v2.0/ports?device_id=4794ef29-d90d-4f29-a270-8442f9196c58 HTTP/1.1" status: 200 len: 205 time: 0.0273643
2026-04-22 19:40:56.030 10 INFO neutron.wsgi [None req-f91082bf-e442-4e30-91ec-a157a2e2060b 7975e1acb5494a238ff62f92ad612bee 41aea11e8ea541c181b1c6ed02bc5f87 - - default default] 10.0.0.53 "DELETE /v2.0/routers/4794ef29-d90d-4f29-a270-8442f9196c58 HTTP/1.1" status: 204 len: 168 time: 0.2787154
2026-04-22 19:40:56.373 10 WARNING neutron_lib.context [None req-89d043e2-389d-47fd-b0a7-3adf7cc3f82e 34eaa71828ca4668a67265669ab5dcc5 5074986342464e0aab52c6191facf52a - - default default] Method 'is_advsvc' is deprecated since 2023.2 release (neutron-lib 3.8.0) and will be removed once support for the old RBAC API policies will be removed from Neutron. Please use method 'is_service_role' instead.
2026-04-22 19:40:56.519 10 INFO neutron.wsgi [None req-21bcfca6-cfe4-4749-9226-63e1ed2253ae 7975e1acb5494a238ff62f92ad612bee 41aea11e8ea541c181b1c6ed02bc5f87 - - default default] 10.0.0.53 "DELETE /v2.0/subnets/ad9dd0f2-c6dc-4d95-b568-bdb951aa1c3d HTTP/1.1" status: 204 len: 168 time: 0.4850562
2026-04-22 19:40:56.594 10 INFO neutron.db.ovn_revision_numbers_db [None req-89d043e2-389d-47fd-b0a7-3adf7cc3f82e 34eaa71828ca4668a67265669ab5dcc5 5074986342464e0aab52c6191facf52a - - default default] Successfully bumped revision number for resource 58b826c1-21ec-48d8-a716-e1bece9b7007 (type: security_groups) to 1
2026-04-22 19:40:56.623 10 INFO neutron.db.ovn_revision_numbers_db [None req-89d043e2-389d-47fd-b0a7-3adf7cc3f82e 34eaa71828ca4668a67265669ab5dcc5 5074986342464e0aab52c6191facf52a - - default default] Successfully bumped revision number for resource 825cad3c-d757-4dfd-8b30-411af90d67bd (type: security_group_rules) to 0
2026-04-22 19:40:56.640 10 INFO neutron.db.ovn_revision_numbers_db [None req-89d043e2-389d-47fd-b0a7-3adf7cc3f82e 34eaa71828ca4668a67265669ab5dcc5 5074986342464e0aab52c6191facf52a - - default default] Successfully bumped revision number for resource b9d9a105-4bb4-4aa7-9592-b8f3471c03fa (type: security_group_rules) to 0
2026-04-22 19:40:56.677 10 INFO neutron.db.ovn_revision_numbers_db [None req-89d043e2-389d-47fd-b0a7-3adf7cc3f82e 34eaa71828ca4668a67265669ab5dcc5 5074986342464e0aab52c6191facf52a - - default default] Successfully bumped revision number for resource bb3666c3-704f-4537-b5c2-2a9ad5ea90fe (type: security_group_rules) to 0
2026-04-22 19:40:56.699 10 INFO neutron.db.ovn_revision_numbers_db [None req-89d043e2-389d-47fd-b0a7-3adf7cc3f82e 34eaa71828ca4668a67265669ab5dcc5 5074986342464e0aab52c6191facf52a - - default default] Successfully bumped revision number for resource c9a57fc1-4ee2-4564-ba03-59fd969c2d9b (type: security_group_rules) to 0
2026-04-22 19:40:56.766 10 INFO neutron.db.segments_db [None req-89d043e2-389d-47fd-b0a7-3adf7cc3f82e 34eaa71828ca4668a67265669ab5dcc5 5074986342464e0aab52c6191facf52a - - default default] Added segment 6600ea50-1a94-41c2-8d7d-20dc2350a0b0 of type geneve for network d4a25efc-2df8-458e-a40b-51d95c56cfaf
2026-04-22 19:40:56.961 10 INFO neutron.db.ovn_revision_numbers_db [None req-89d043e2-389d-47fd-b0a7-3adf7cc3f82e 34eaa71828ca4668a67265669ab5dcc5 5074986342464e0aab52c6191facf52a - - default default] Successfully bumped revision number for resource d4a25efc-2df8-458e-a40b-51d95c56cfaf (type: networks) to 1
2026-04-22 19:40:57.017 10 INFO neutron.services.segments.plugin [-] Segment 7f855942-be22-4ad0-84db-48145365474d resource provider aggregate not found
2026-04-22 19:40:57.022 10 INFO neutron.services.segments.plugin [-] Segment 7f855942-be22-4ad0-84db-48145365474d resource provider aggregate not found
2026-04-22 19:40:57.043 10 INFO neutron.services.segments.plugin [-] Segment 7f855942-be22-4ad0-84db-48145365474d resource provider not found; error: Placement Client Error (4xx): {"errors": [{"status": 404, "title": "Not Found", "detail": "The resource could not be found.\n\n No resource provider with uuid 7f855942-be22-4ad0-84db-48145365474d found for delete ", "request_id": "req-32d32fcd-7fd8-439f-96bb-f09b13581a72"}]}
2026-04-22 19:40:57.047 10 INFO neutron.services.segments.plugin [-] Segment 7f855942-be22-4ad0-84db-48145365474d resource provider not found; error: Placement Client Error (4xx): {"errors": [{"status": 404, "title": "Not Found", "detail": "The resource could not be found.\n\n No resource provider with uuid 7f855942-be22-4ad0-84db-48145365474d found for delete ", "request_id": "req-cc603001-acb4-4e00-885d-521bc5b69043"}]}
2026-04-22 19:40:57.084 10 INFO neutron.wsgi [None req-df848b70-33df-47ba-b228-6ac085d81a38 7975e1acb5494a238ff62f92ad612bee 41aea11e8ea541c181b1c6ed02bc5f87 - - default default] 10.0.0.53 "DELETE /v2.0/networks/e733e5d6-1539-4b1f-9b71-e27a01345072 HTTP/1.1" status: 204 len: 168 time: 0.5560789
2026-04-22 19:40:57.099 9 WARNING neutron_lib.context [None req-0ba69c01-0688-4b60-b9a7-907ece47f410 7975e1acb5494a238ff62f92ad612bee 41aea11e8ea541c181b1c6ed02bc5f87 - - default default] Method 'is_advsvc' is deprecated since 2023.2 release (neutron-lib 3.8.0) and will be removed once support for the old RBAC API policies will be removed from Neutron. Please use method 'is_service_role' instead.
2026-04-22 19:40:57.191 9 INFO neutron.db.segments_db [None req-0ba69c01-0688-4b60-b9a7-907ece47f410 7975e1acb5494a238ff62f92ad612bee 41aea11e8ea541c181b1c6ed02bc5f87 - - default default] Added segment 525f71d5-dead-4df3-a970-9ea36463a346 of type geneve for network c5f4d813-ee0e-4630-aaa7-ec0deaadd3e0
2026-04-22 19:40:57.194 10 WARNING neutron.scheduler.dhcp_agent_scheduler [None req-89d043e2-389d-47fd-b0a7-3adf7cc3f82e 34eaa71828ca4668a67265669ab5dcc5 5074986342464e0aab52c6191facf52a - - default default] No more DHCP agents
2026-04-22 19:40:57.196 10 WARNING neutron.api.rpc.agentnotifiers.dhcp_rpc_agent_api [None req-89d043e2-389d-47fd-b0a7-3adf7cc3f82e 34eaa71828ca4668a67265669ab5dcc5 5074986342464e0aab52c6191facf52a - - default default] Unable to schedule network d4a25efc-2df8-458e-a40b-51d95c56cfaf: no agents available; will retry on subsequent port and subnet creation events.
2026-04-22 19:40:57.283 10 INFO neutron.db.ovn_revision_numbers_db [None req-89d043e2-389d-47fd-b0a7-3adf7cc3f82e 34eaa71828ca4668a67265669ab5dcc5 5074986342464e0aab52c6191facf52a - - default default] Successfully bumped revision number for resource 88ab47ce-7dec-43a5-bacc-162e4a6e8774 (type: ports) to 1
2026-04-22 19:40:57.293 9 WARNING neutron_lib.context [None req-4ad685ca-4fc7-4962-ac07-5f3ad37308b3 087f25fdef84458c88019d61f895c627 b0054cfa74404dd09b1352e78cdee1d4 - - default default] Method 'is_advsvc' is deprecated since 2023.2 release (neutron-lib 3.8.0) and will be removed once support for the old RBAC API policies will be removed from Neutron. Please use method 'is_service_role' instead.
2026-04-22 19:40:57.307 10 INFO neutron.wsgi [None req-89d043e2-389d-47fd-b0a7-3adf7cc3f82e 34eaa71828ca4668a67265669ab5dcc5 5074986342464e0aab52c6191facf52a - - default default] 10.0.0.53 "POST /v2.0/networks HTTP/1.1" status: 201 len: 844 time: 1.3019760
2026-04-22 19:40:57.319 10 WARNING neutron_lib.context [None req-00c59372-4896-42c0-8641-5830afb91cb2 34eaa71828ca4668a67265669ab5dcc5 5074986342464e0aab52c6191facf52a - - default default] Method 'is_advsvc' is deprecated since 2023.2 release (neutron-lib 3.8.0) and will be removed once support for the old RBAC API policies will be removed from Neutron. Please use method 'is_service_role' instead.
2026-04-22 19:40:57.356 9 INFO neutron.db.ovn_revision_numbers_db [None req-0ba69c01-0688-4b60-b9a7-907ece47f410 7975e1acb5494a238ff62f92ad612bee 41aea11e8ea541c181b1c6ed02bc5f87 - - default default] Successfully bumped revision number for resource c5f4d813-ee0e-4630-aaa7-ec0deaadd3e0 (type: networks) to 1
2026-04-22 19:40:57.480 9 INFO neutron.db.ovn_revision_numbers_db [None req-4ad685ca-4fc7-4962-ac07-5f3ad37308b3 087f25fdef84458c88019d61f895c627 b0054cfa74404dd09b1352e78cdee1d4 - - default default] Successfully bumped revision number for resource d9b4d819-f004-471c-a3d3-f45696d0ab13 (type: security_groups) to 1
2026-04-22 19:40:57.503 9 INFO neutron.db.ovn_revision_numbers_db [None req-4ad685ca-4fc7-4962-ac07-5f3ad37308b3 087f25fdef84458c88019d61f895c627 b0054cfa74404dd09b1352e78cdee1d4 - - default default] Successfully bumped revision number for resource 26e93d64-a7d0-44f1-b27f-77b436906624 (type: security_group_rules) to 0
2026-04-22 19:40:57.519 9 INFO neutron.db.ovn_revision_numbers_db [None req-4ad685ca-4fc7-4962-ac07-5f3ad37308b3 087f25fdef84458c88019d61f895c627 b0054cfa74404dd09b1352e78cdee1d4 - - default default] Successfully bumped revision number for resource 656edb70-20cb-4a3e-adb3-14756498e00a (type: security_group_rules) to 0
2026-04-22 19:40:57.541 9 WARNING neutron.scheduler.dhcp_agent_scheduler [None req-0ba69c01-0688-4b60-b9a7-907ece47f410 7975e1acb5494a238ff62f92ad612bee 41aea11e8ea541c181b1c6ed02bc5f87 - - default default] No more DHCP agents
2026-04-22 19:40:57.544 9 WARNING neutron.api.rpc.agentnotifiers.dhcp_rpc_agent_api [None req-0ba69c01-0688-4b60-b9a7-907ece47f410 7975e1acb5494a238ff62f92ad612bee 41aea11e8ea541c181b1c6ed02bc5f87 - - default default] Unable to schedule network c5f4d813-ee0e-4630-aaa7-ec0deaadd3e0: no agents available; will retry on subsequent port and subnet creation events.
2026-04-22 19:40:57.553 9 INFO neutron.db.ovn_revision_numbers_db [None req-4ad685ca-4fc7-4962-ac07-5f3ad37308b3 087f25fdef84458c88019d61f895c627 b0054cfa74404dd09b1352e78cdee1d4 - - default default] Successfully bumped revision number for resource 7f687b6b-b76d-4624-ba3b-083b1fab570a (type: security_group_rules) to 0
2026-04-22 19:40:57.589 9 INFO neutron.db.ovn_revision_numbers_db [None req-4ad685ca-4fc7-4962-ac07-5f3ad37308b3 087f25fdef84458c88019d61f895c627 b0054cfa74404dd09b1352e78cdee1d4 - - default default] Successfully bumped revision number for resource c666412a-1eb2-4894-a810-effee1ef831d (type: security_group_rules) to 0
2026-04-22 19:40:57.595 10 WARNING neutron.scheduler.dhcp_agent_scheduler [None req-00c59372-4896-42c0-8641-5830afb91cb2 34eaa71828ca4668a67265669ab5dcc5 5074986342464e0aab52c6191facf52a - - default default] No more DHCP agents
2026-04-22 19:40:57.599 10 WARNING neutron.api.rpc.agentnotifiers.dhcp_rpc_agent_api [None req-00c59372-4896-42c0-8641-5830afb91cb2 34eaa71828ca4668a67265669ab5dcc5 5074986342464e0aab52c6191facf52a - - default default] Unable to schedule network d4a25efc-2df8-458e-a40b-51d95c56cfaf: no agents available; will retry on subsequent port and subnet creation events.
2026-04-22 19:40:57.632 9 INFO neutron.db.ovn_revision_numbers_db [None req-0ba69c01-0688-4b60-b9a7-907ece47f410 7975e1acb5494a238ff62f92ad612bee 41aea11e8ea541c181b1c6ed02bc5f87 - - default default] Successfully bumped revision number for resource bd7d4d2b-6516-4043-91b9-58bc29edb9f7 (type: ports) to 1
2026-04-22 19:40:57.651 9 INFO neutron.db.segments_db [None req-4ad685ca-4fc7-4962-ac07-5f3ad37308b3 087f25fdef84458c88019d61f895c627 b0054cfa74404dd09b1352e78cdee1d4 - - default default] Added segment 29424e34-63d3-4443-ab87-ac93b5b79095 of type geneve for network a31c1763-db81-49ab-832e-fa5508ababd5
2026-04-22 19:40:57.657 9 INFO neutron.wsgi [None req-0ba69c01-0688-4b60-b9a7-907ece47f410 7975e1acb5494a238ff62f92ad612bee 41aea11e8ea541c181b1c6ed02bc5f87 - - default default] 10.0.0.53 "POST /v2.0/networks HTTP/1.1" status: 201 len: 829 time: 0.5647244 /var/lib/openstack/lib/python3.10/site-packages/pycadf/identifier.py:71: UserWarning: Invalid uuid: neutron. To ensure interoperability, identifiers should be a valid uuid. warnings.warn(('Invalid uuid: %s. To ensure interoperability, '
2026-04-22 19:40:57.673 10 WARNING neutron_lib.context [None req-ed886e9d-e7b3-475a-8cac-48775271d02f 7975e1acb5494a238ff62f92ad612bee 41aea11e8ea541c181b1c6ed02bc5f87 - - default default] Method 'is_advsvc' is deprecated since 2023.2 release (neutron-lib 3.8.0) and will be removed once support for the old RBAC API policies will be removed from Neutron. Please use method 'is_service_role' instead.
2026-04-22 19:40:57.711 10 INFO neutron.db.ovn_revision_numbers_db [None req-00c59372-4896-42c0-8641-5830afb91cb2 34eaa71828ca4668a67265669ab5dcc5 5074986342464e0aab52c6191facf52a - - default default] Successfully bumped revision number for resource 82382a26-a33f-484f-9d56-6a91a9dd38d2 (type: ports) to 1
2026-04-22 19:40:57.736 10 INFO neutron.wsgi [None req-00c59372-4896-42c0-8641-5830afb91cb2 34eaa71828ca4668a67265669ab5dcc5 5074986342464e0aab52c6191facf52a - - default default] 10.0.0.53 "POST /v2.0/ports HTTP/1.1" status: 201 len: 974 time: 0.4236090
2026-04-22 19:40:57.751 10 WARNING neutron_lib.context [None req-87a7a0e3-0e4a-4a87-8876-b2945ce9289b 34eaa71828ca4668a67265669ab5dcc5 5074986342464e0aab52c6191facf52a - - default default] Method 'is_advsvc' is deprecated since 2023.2 release (neutron-lib 3.8.0) and will be removed once support for the old RBAC API policies will be removed from Neutron. Please use method 'is_service_role' instead.
2026-04-22 19:40:57.823 9 INFO neutron.db.ovn_revision_numbers_db [None req-4ad685ca-4fc7-4962-ac07-5f3ad37308b3 087f25fdef84458c88019d61f895c627 b0054cfa74404dd09b1352e78cdee1d4 - - default default] Successfully bumped revision number for resource a31c1763-db81-49ab-832e-fa5508ababd5 (type: networks) to 1
2026-04-22 19:40:57.881 10 INFO neutron.db.segments_db [None req-87a7a0e3-0e4a-4a87-8876-b2945ce9289b 34eaa71828ca4668a67265669ab5dcc5 5074986342464e0aab52c6191facf52a - - default default] Added segment 2df64ae4-07d4-4fc6-8e29-061ed86df7c0 of type geneve for network 7f55a78b-5649-48a1-a73d-31a5cfcc1c83
2026-04-22 19:40:57.911 9 INFO neutron.db.ovn_revision_numbers_db [None req-ff35da37-600e-4c34-a842-6fc2e36fc52b ee2f3d3ab3a143b9885bf97c048b0ef6 e95d747a0c2a412389ead86875c3a8ec - - default default] Successfully bumped revision number for resource 05353dfa-2ac2-4d83-a11b-8dd5e818d6a7 (type: security_groups) to 1
2026-04-22 19:40:57.942 9 INFO neutron.db.ovn_revision_numbers_db [None req-ff35da37-600e-4c34-a842-6fc2e36fc52b ee2f3d3ab3a143b9885bf97c048b0ef6 e95d747a0c2a412389ead86875c3a8ec - - default default] Successfully bumped revision number for resource 3c6037ed-4491-4994-9865-5c70ee4dec28 (type: security_group_rules) to 0
2026-04-22 19:40:57.966 9 INFO neutron.db.ovn_revision_numbers_db [None req-ff35da37-600e-4c34-a842-6fc2e36fc52b ee2f3d3ab3a143b9885bf97c048b0ef6 e95d747a0c2a412389ead86875c3a8ec - - default default] Successfully bumped revision number for resource 8a534bb8-4deb-4190-a566-7e1dd7b7985c (type: security_group_rules) to 0
2026-04-22 19:40:57.971 10 WARNING neutron.scheduler.dhcp_agent_scheduler [None req-ed886e9d-e7b3-475a-8cac-48775271d02f 7975e1acb5494a238ff62f92ad612bee 41aea11e8ea541c181b1c6ed02bc5f87 - - default default] No more DHCP agents
2026-04-22 19:40:57.978 10 WARNING neutron.api.rpc.agentnotifiers.dhcp_rpc_agent_api [None req-ed886e9d-e7b3-475a-8cac-48775271d02f 7975e1acb5494a238ff62f92ad612bee 41aea11e8ea541c181b1c6ed02bc5f87 - - default default] Unable to schedule network c5f4d813-ee0e-4630-aaa7-ec0deaadd3e0: no agents available; will retry on subsequent port and subnet creation events.
2026-04-22 19:40:57.998 9 INFO neutron.db.ovn_revision_numbers_db [None req-ff35da37-600e-4c34-a842-6fc2e36fc52b ee2f3d3ab3a143b9885bf97c048b0ef6 e95d747a0c2a412389ead86875c3a8ec - - default default] Successfully bumped revision number for resource a694d0d7-dffb-412d-8764-70825fb3a4dd (type: security_group_rules) to 0
2026-04-22 19:40:58.025 9 INFO neutron.db.ovn_revision_numbers_db [None req-ff35da37-600e-4c34-a842-6fc2e36fc52b ee2f3d3ab3a143b9885bf97c048b0ef6 e95d747a0c2a412389ead86875c3a8ec - - default default] Successfully bumped revision number for resource bc3e7c48-2feb-4492-af5c-9d46df201a42 (type: security_group_rules) to 0
2026-04-22 19:40:58.080 9 WARNING neutron.scheduler.dhcp_agent_scheduler [None req-4ad685ca-4fc7-4962-ac07-5f3ad37308b3 087f25fdef84458c88019d61f895c627 b0054cfa74404dd09b1352e78cdee1d4 - - default default] No more DHCP agents
2026-04-22 19:40:58.087 9 INFO neutron.wsgi [None req-ff35da37-600e-4c34-a842-6fc2e36fc52b ee2f3d3ab3a143b9885bf97c048b0ef6 e95d747a0c2a412389ead86875c3a8ec - - default default] 10.0.0.53 "GET /v2.0/security-groups?tenant_id=b54c3362937a487bac51fdbb3c70e40d&name=default HTTP/1.1" status: 200 len: 2996 time: 0.5043561
2026-04-22 19:40:58.090 9 WARNING neutron.api.rpc.agentnotifiers.dhcp_rpc_agent_api [None req-4ad685ca-4fc7-4962-ac07-5f3ad37308b3 087f25fdef84458c88019d61f895c627 b0054cfa74404dd09b1352e78cdee1d4 - - default default] Unable to schedule network a31c1763-db81-49ab-832e-fa5508ababd5: no agents available; will retry on subsequent port and subnet creation events.
2026-04-22 19:40:58.098 10 INFO neutron.db.ovn_revision_numbers_db [None req-87a7a0e3-0e4a-4a87-8876-b2945ce9289b 34eaa71828ca4668a67265669ab5dcc5 5074986342464e0aab52c6191facf52a - - default default] Successfully bumped revision number for resource 7f55a78b-5649-48a1-a73d-31a5cfcc1c83 (type: networks) to 1
2026-04-22 19:40:58.179 9 INFO neutron.wsgi [-] 10.0.0.157 "GET / HTTP/1.1" status: 200 len: 247 time: 0.0012255
2026-04-22 19:40:58.182 10 INFO neutron.wsgi [-] 10.0.0.157 "GET / HTTP/1.1" status: 200 len: 247 time: 0.0014727
2026-04-22 19:40:58.192 9 INFO neutron.db.ovn_revision_numbers_db [None req-4ad685ca-4fc7-4962-ac07-5f3ad37308b3 087f25fdef84458c88019d61f895c627 b0054cfa74404dd09b1352e78cdee1d4 - - default default] Successfully bumped revision number for resource 0a351a23-a688-4e86-9e49-0d2d36e92092 (type: ports) to 1
2026-04-22 19:40:58.210 9 INFO neutron.wsgi [None req-4ad685ca-4fc7-4962-ac07-5f3ad37308b3 087f25fdef84458c88019d61f895c627 b0054cfa74404dd09b1352e78cdee1d4 - - default default] 10.0.0.53 "POST /v2.0/networks HTTP/1.1" status: 201 len: 832 time: 1.1388543
2026-04-22 19:40:58.218 9 WARNING neutron_lib.context [None req-30fbc73f-dd45-4d81-ae16-60f7015d2683 087f25fdef84458c88019d61f895c627 b0054cfa74404dd09b1352e78cdee1d4 - - default default] Method 'is_advsvc' is deprecated since 2023.2 release (neutron-lib 3.8.0) and will be removed once support for the old RBAC API policies will be removed from Neutron. Please use method 'is_service_role' instead.
2026-04-22 19:40:58.400 10 WARNING neutron.scheduler.dhcp_agent_scheduler [None req-87a7a0e3-0e4a-4a87-8876-b2945ce9289b 34eaa71828ca4668a67265669ab5dcc5 5074986342464e0aab52c6191facf52a - - default default] No more DHCP agents
2026-04-22 19:40:58.407 10 WARNING neutron.api.rpc.agentnotifiers.dhcp_rpc_agent_api [None req-87a7a0e3-0e4a-4a87-8876-b2945ce9289b 34eaa71828ca4668a67265669ab5dcc5 5074986342464e0aab52c6191facf52a - - default default] Unable to schedule network 7f55a78b-5649-48a1-a73d-31a5cfcc1c83: no agents available; will retry on subsequent port and subnet creation events.
2026-04-22 19:40:58.562 10 INFO neutron.db.ovn_revision_numbers_db [None req-87a7a0e3-0e4a-4a87-8876-b2945ce9289b 34eaa71828ca4668a67265669ab5dcc5 5074986342464e0aab52c6191facf52a - - default default] Successfully bumped revision number for resource 2e0b43b8-864f-42d8-8082-aba7d72ad553 (type: ports) to 1
2026-04-22 19:40:58.565 10 INFO neutron.wsgi [None req-918e1c8f-068c-4e1a-b01f-49304209dd67 ee2f3d3ab3a143b9885bf97c048b0ef6 e95d747a0c2a412389ead86875c3a8ec - - default default] 10.0.0.53 "DELETE /v2.0/security-groups/05353dfa-2ac2-4d83-a11b-8dd5e818d6a7 HTTP/1.1" status: 204 len: 168 time: 0.4681852
2026-04-22 19:40:58.592 10 INFO neutron.wsgi [None req-87a7a0e3-0e4a-4a87-8876-b2945ce9289b 34eaa71828ca4668a67265669ab5dcc5 5074986342464e0aab52c6191facf52a - - default default] 10.0.0.53 "POST /v2.0/networks HTTP/1.1" status: 201 len: 831 time: 0.8491111
2026-04-22 19:40:58.607 9 WARNING neutron_lib.context [None req-1674f6f4-eca8-47f2-9a22-bd74fbbf3f93 34eaa71828ca4668a67265669ab5dcc5 5074986342464e0aab52c6191facf52a - - default default] Method 'is_advsvc' is deprecated since 2023.2 release (neutron-lib 3.8.0) and will be removed once support for the old RBAC API policies will be removed from Neutron. Please use method 'is_service_role' instead.
2026-04-22 19:40:58.719 10 INFO neutron.db.ovn_revision_numbers_db [None req-ed886e9d-e7b3-475a-8cac-48775271d02f 7975e1acb5494a238ff62f92ad612bee 41aea11e8ea541c181b1c6ed02bc5f87 - - default default] Successfully bumped revision number for resource bd7d4d2b-6516-4043-91b9-58bc29edb9f7 (type: ports) to 2
2026-04-22 19:40:58.748 10 INFO neutron.db.ovn_revision_numbers_db [None req-ed886e9d-e7b3-475a-8cac-48775271d02f 7975e1acb5494a238ff62f92ad612bee 41aea11e8ea541c181b1c6ed02bc5f87 - - default default] Successfully bumped revision number for resource 62a8f090-8e58-44ea-baa7-e44db4072a3d (type: subnets) to 0
2026-04-22 19:40:58.767 10 INFO neutron.wsgi [None req-ed886e9d-e7b3-475a-8cac-48775271d02f 7975e1acb5494a238ff62f92ad612bee 41aea11e8ea541c181b1c6ed02bc5f87 - - default default] 10.0.0.53 "POST /v2.0/subnets HTTP/1.1" status: 201 len: 801 time: 1.0997028
2026-04-22 19:40:58.776 10 WARNING neutron_lib.context [None req-b53db4de-fb87-4902-8316-83bdb1664759 7975e1acb5494a238ff62f92ad612bee 41aea11e8ea541c181b1c6ed02bc5f87 - - default default] Method 'is_advsvc' is deprecated since 2023.2 release (neutron-lib 3.8.0) and will be removed once support for the old RBAC API policies will be removed from Neutron. Please use method 'is_service_role' instead.
2026-04-22 19:40:58.917 10 INFO neutron.db.ovn_revision_numbers_db [None req-b53db4de-fb87-4902-8316-83bdb1664759 7975e1acb5494a238ff62f92ad612bee 41aea11e8ea541c181b1c6ed02bc5f87 - - default default] Successfully bumped revision number for resource c0f9079d-8344-49da-b76b-640534e53c72 (type: routers) to 1
2026-04-22 19:40:58.932 9 WARNING neutron.scheduler.dhcp_agent_scheduler [None req-30fbc73f-dd45-4d81-ae16-60f7015d2683 087f25fdef84458c88019d61f895c627 b0054cfa74404dd09b1352e78cdee1d4 - - default default] No more DHCP agents
2026-04-22 19:40:58.932 10 INFO neutron.wsgi [None req-b53db4de-fb87-4902-8316-83bdb1664759 7975e1acb5494a238ff62f92ad612bee 41aea11e8ea541c181b1c6ed02bc5f87 - - default default] 10.0.0.53 "POST /v2.0/routers HTTP/1.1" status: 201 len: 686 time: 0.1606605
2026-04-22 19:40:58.939 9 WARNING neutron.scheduler.dhcp_agent_scheduler [None req-1674f6f4-eca8-47f2-9a22-bd74fbbf3f93 34eaa71828ca4668a67265669ab5dcc5 5074986342464e0aab52c6191facf52a - - default default] No more DHCP agents
