2026-04-22 19:40:36.860 9 WARNING neutron_lib.context [None req-050a5005-250f-4e82-854f-9d2964ea0d1b 7975e1acb5494a238ff62f92ad612bee 41aea11e8ea541c181b1c6ed02bc5f87 - - default default] Method 'is_advsvc' is deprecated since 2023.2 release (neutron-lib 3.8.0) and will be removed once support for the old RBAC API policies will be removed from Neutron. Please use method 'is_service_role' instead.
2026-04-22 19:40:36.875 9 INFO neutron.db.ovn_revision_numbers_db [None req-284ee124-5909-4225-a5ce-b7b15c67295d ee2f3d3ab3a143b9885bf97c048b0ef6 e95d747a0c2a412389ead86875c3a8ec - - default default] Successfully bumped revision number for resource 5298df14-5ead-40f3-9e8d-9b882db770ec (type: security_group_rules) to 0
2026-04-22 19:40:36.899 9 INFO neutron.db.ovn_revision_numbers_db [None req-284ee124-5909-4225-a5ce-b7b15c67295d ee2f3d3ab3a143b9885bf97c048b0ef6 e95d747a0c2a412389ead86875c3a8ec - - default default] Successfully bumped revision number for resource 7d372406-b0ce-4499-93be-075761aed9a7 (type: security_group_rules) to 0
2026-04-22 19:40:36.912 9 INFO neutron.db.ovn_revision_numbers_db [None req-284ee124-5909-4225-a5ce-b7b15c67295d ee2f3d3ab3a143b9885bf97c048b0ef6 e95d747a0c2a412389ead86875c3a8ec - - default default] Successfully bumped revision number for resource b65799a5-f94b-4b9c-aa91-90470b2e5f05 (type: security_group_rules) to 0
2026-04-22 19:40:36.944 9 INFO neutron.db.ovn_revision_numbers_db [None req-284ee124-5909-4225-a5ce-b7b15c67295d ee2f3d3ab3a143b9885bf97c048b0ef6 e95d747a0c2a412389ead86875c3a8ec - - default default] Successfully bumped revision number for resource b8e36ee2-a711-4b3e-afb4-8359bd3092f9 (type: security_group_rules) to 0
2026-04-22 19:40:36.977 9 INFO neutron.wsgi [None req-284ee124-5909-4225-a5ce-b7b15c67295d ee2f3d3ab3a143b9885bf97c048b0ef6 e95d747a0c2a412389ead86875c3a8ec - - default default] 10.0.0.53 "GET /v2.0/security-groups?tenant_id=a1bc81acfe7d4c7889661cd954fa9990&name=default HTTP/1.1" status: 200 len: 2996 time: 0.4693813
2026-04-22 19:40:37.061 10 INFO neutron.wsgi [None req-e7b00a6d-3761-4ba3-82a5-ae47ded8a6e2 488460b395714d05bd0576a04834f0ec 5b9d85c109b348b894a11a8bb7cd2e79 - - default default] 10.0.0.53 "GET /v2.0/networks HTTP/1.1" status: 200 len: 845 time: 0.2864275
2026-04-22 19:40:37.076 10 WARNING neutron_lib.context [None req-4d3b39e8-6c15-4b71-bed4-872f0694165b 488460b395714d05bd0576a04834f0ec 5b9d85c109b348b894a11a8bb7cd2e79 - - default default] Method 'is_advsvc' is deprecated since 2023.2 release (neutron-lib 3.8.0) and will be removed once support for the old RBAC API policies will be removed from Neutron. Please use method 'is_service_role' instead.
2026-04-22 19:40:37.143 9 WARNING neutron.scheduler.dhcp_agent_scheduler [None req-050a5005-250f-4e82-854f-9d2964ea0d1b 7975e1acb5494a238ff62f92ad612bee 41aea11e8ea541c181b1c6ed02bc5f87 - - default default] No more DHCP agents
2026-04-22 19:40:37.145 9 WARNING neutron.api.rpc.agentnotifiers.dhcp_rpc_agent_api [None req-050a5005-250f-4e82-854f-9d2964ea0d1b 7975e1acb5494a238ff62f92ad612bee 41aea11e8ea541c181b1c6ed02bc5f87 - - default default] Unable to schedule network 5a9e4611-41b9-445b-b996-ad761a122606: no agents available; will retry on subsequent port and subnet creation events.
2026-04-22 19:40:37.168 10 INFO neutron.db.segments_db [None req-4d3b39e8-6c15-4b71-bed4-872f0694165b 488460b395714d05bd0576a04834f0ec 5b9d85c109b348b894a11a8bb7cd2e79 - - default default] Added segment 26b917e1-c064-4711-8efd-4b02d1ac28ba of type geneve for network 9d7dfeeb-b3c3-4c4f-a2ce-4299de08d962
2026-04-22 19:40:37.307 9 INFO neutron.wsgi [None req-d200c5bc-3875-46ae-bea4-eea611a63bc7 ee2f3d3ab3a143b9885bf97c048b0ef6 e95d747a0c2a412389ead86875c3a8ec - - default default] 10.0.0.53 "DELETE /v2.0/security-groups/3bdfe395-ae76-43fe-af7e-24e6c05b0883 HTTP/1.1" status: 204 len: 168 time: 0.3239021
2026-04-22 19:40:37.364 10 INFO neutron.db.ovn_revision_numbers_db [None req-4d3b39e8-6c15-4b71-bed4-872f0694165b 488460b395714d05bd0576a04834f0ec 5b9d85c109b348b894a11a8bb7cd2e79 - - default default] Successfully bumped revision number for resource 9d7dfeeb-b3c3-4c4f-a2ce-4299de08d962 (type: networks) to 1
2026-04-22 19:40:37.600 10 WARNING neutron.scheduler.dhcp_agent_scheduler [None req-4d3b39e8-6c15-4b71-bed4-872f0694165b 488460b395714d05bd0576a04834f0ec 5b9d85c109b348b894a11a8bb7cd2e79 - - default default] No more DHCP agents
2026-04-22 19:40:37.600 10 INFO neutron.db.ovn_revision_numbers_db [None req-749c53d8-5712-4c86-b703-c150b4a7ec3c 6500250d2adf489cbc186b69eb5f3230 5bc31aa20bfd48b2a1cb4de68e742508 - - default default] Successfully bumped revision number for resource 51d7aaff-bdaa-4640-b618-5a8138edc952 (type: ports) to 2
2026-04-22 19:40:37.603 10 WARNING neutron.api.rpc.agentnotifiers.dhcp_rpc_agent_api [None req-4d3b39e8-6c15-4b71-bed4-872f0694165b 488460b395714d05bd0576a04834f0ec 5b9d85c109b348b894a11a8bb7cd2e79 - - default default] Unable to schedule network 9d7dfeeb-b3c3-4c4f-a2ce-4299de08d962: no agents available; will retry on subsequent port and subnet creation events.
2026-04-22 19:40:37.661 10 INFO neutron.db.ovn_revision_numbers_db [None req-749c53d8-5712-4c86-b703-c150b4a7ec3c 6500250d2adf489cbc186b69eb5f3230 5bc31aa20bfd48b2a1cb4de68e742508 - - default default] Successfully bumped revision number for resource f934e40a-b6c1-4c12-97c8-1abeb5d08f77 (type: subnets) to 0
2026-04-22 19:40:37.680 10 INFO neutron.wsgi [None req-749c53d8-5712-4c86-b703-c150b4a7ec3c 6500250d2adf489cbc186b69eb5f3230 5bc31aa20bfd48b2a1cb4de68e742508 - - default default] 10.0.0.53 "POST /v2.0/subnets HTTP/1.1" status: 201 len: 801 time: 1.3035088
2026-04-22 19:40:37.720 10 INFO neutron.db.ovn_revision_numbers_db [None req-4d3b39e8-6c15-4b71-bed4-872f0694165b 488460b395714d05bd0576a04834f0ec 5b9d85c109b348b894a11a8bb7cd2e79 - - default default] Successfully bumped revision number for resource 664bb05a-b00e-4a41-b4c1-165e08f37ada (type: ports) to 1
2026-04-22 19:40:37.742 10 INFO neutron.wsgi [None req-4d3b39e8-6c15-4b71-bed4-872f0694165b 488460b395714d05bd0576a04834f0ec 5b9d85c109b348b894a11a8bb7cd2e79 - - default default] 10.0.0.53 "POST /v2.0/networks HTTP/1.1" status: 201 len: 853 time: 0.6713829
2026-04-22 19:40:37.752 10 WARNING neutron_lib.context [None req-fb1ba105-dcb2-434b-b19b-83a64d4daaf2 488460b395714d05bd0576a04834f0ec 5b9d85c109b348b894a11a8bb7cd2e79 - - default default] Method 'is_advsvc' is deprecated since 2023.2 release (neutron-lib 3.8.0) and will be removed once support for the old RBAC API policies will be removed from Neutron. Please use method 'is_service_role' instead.
2026-04-22 19:40:37.766 9 INFO neutron.db.ovn_revision_numbers_db [None req-050a5005-250f-4e82-854f-9d2964ea0d1b 7975e1acb5494a238ff62f92ad612bee 41aea11e8ea541c181b1c6ed02bc5f87 - - default default] Successfully bumped revision number for resource 8b4c5278-99e0-4547-bc36-6b8559e33d7f (type: ports) to 2
2026-04-22 19:40:37.831 9 INFO neutron.db.ovn_revision_numbers_db [None req-050a5005-250f-4e82-854f-9d2964ea0d1b 7975e1acb5494a238ff62f92ad612bee 41aea11e8ea541c181b1c6ed02bc5f87 - - default default] Successfully bumped revision number for resource 218fa511-43fb-4472-bf32-75fa39b9d3a5 (type: subnets) to 0
2026-04-22 19:40:37.831 10 INFO neutron.db.segments_db [None req-fb1ba105-dcb2-434b-b19b-83a64d4daaf2 488460b395714d05bd0576a04834f0ec 5b9d85c109b348b894a11a8bb7cd2e79 - - default default] Added segment 69b140a2-eca0-47b5-a1df-3950b71fc430 of type geneve for network 28d1cd59-09cf-4baf-815b-caf0ce9396c8
2026-04-22 19:40:37.849 9 INFO neutron.wsgi [None req-050a5005-250f-4e82-854f-9d2964ea0d1b 7975e1acb5494a238ff62f92ad612bee 41aea11e8ea541c181b1c6ed02bc5f87 - - default default] 10.0.0.53 "POST /v2.0/subnets HTTP/1.1" status: 201 len: 801 time: 0.9956701
2026-04-22 19:40:37.866 10 WARNING neutron_lib.context [None req-4184935d-c1bb-4184-8d59-67bb0b74936b 7975e1acb5494a238ff62f92ad612bee 41aea11e8ea541c181b1c6ed02bc5f87 - - default default] Method 'is_advsvc' is deprecated since 2023.2 release (neutron-lib 3.8.0) and will be removed once support for the old RBAC API policies will be removed from Neutron. Please use method 'is_service_role' instead.
2026-04-22 19:40:38.044 10 INFO neutron.db.ovn_revision_numbers_db [None req-fb1ba105-dcb2-434b-b19b-83a64d4daaf2 488460b395714d05bd0576a04834f0ec 5b9d85c109b348b894a11a8bb7cd2e79 - - default default] Successfully bumped revision number for resource 28d1cd59-09cf-4baf-815b-caf0ce9396c8 (type: networks) to 1
2026-04-22 19:40:38.053 9 INFO neutron.db.ovn_revision_numbers_db [None req-33a57c55-1622-4d41-9daf-0ba65e91a909 6500250d2adf489cbc186b69eb5f3230 5bc31aa20bfd48b2a1cb4de68e742508 - - default default] Successfully bumped revision number for resource f934e40a-b6c1-4c12-97c8-1abeb5d08f77 (type: subnets) to 1
2026-04-22 19:40:38.056 9 INFO neutron.wsgi [None req-33a57c55-1622-4d41-9daf-0ba65e91a909 6500250d2adf489cbc186b69eb5f3230 5bc31aa20bfd48b2a1cb4de68e742508 - - default default] 10.0.0.53 "PUT /v2.0/subnets/f934e40a-b6c1-4c12-97c8-1abeb5d08f77 HTTP/1.1" status: 200 len: 806 time: 0.3726397
2026-04-22 19:40:38.056 10 INFO neutron.db.ovn_revision_numbers_db [None req-4184935d-c1bb-4184-8d59-67bb0b74936b 7975e1acb5494a238ff62f92ad612bee 41aea11e8ea541c181b1c6ed02bc5f87 - - default default] Successfully bumped revision number for resource 3b67f7be-31ba-42e1-93f8-bebcae70f6b0 (type: routers) to 1
2026-04-22 19:40:38.099 10 INFO neutron.wsgi [None req-4184935d-c1bb-4184-8d59-67bb0b74936b 7975e1acb5494a238ff62f92ad612bee 41aea11e8ea541c181b1c6ed02bc5f87 - - default default] 10.0.0.53 "POST /v2.0/routers HTTP/1.1" status: 201 len: 687 time: 0.2390676
2026-04-22 19:40:38.243 10 INFO neutron.services.segments.plugin [-] Segment d5baed65-69f7-4246-ba46-e57dba6b3813 resource provider aggregate not found
2026-04-22 19:40:38.253 10 INFO neutron.services.segments.plugin [-] Segment d5baed65-69f7-4246-ba46-e57dba6b3813 resource provider aggregate not found
2026-04-22 19:40:38.269 10 INFO neutron.services.segments.plugin [-] Segment d5baed65-69f7-4246-ba46-e57dba6b3813 resource provider not found; error: Placement Client Error (4xx): {"errors": [{"status": 404, "title": "Not Found", "detail": "The resource could not be found.\n\n No resource provider with uuid d5baed65-69f7-4246-ba46-e57dba6b3813 found for delete ", "request_id": "req-2fe9a6da-4d39-4831-9b60-389077c7ca61"}]}
2026-04-22 19:40:38.271 10 INFO neutron.services.segments.plugin [-] Segment d5baed65-69f7-4246-ba46-e57dba6b3813 resource provider not found; error: Placement Client Error (4xx): {"errors": [{"status": 404, "title": "Not Found", "detail": "The resource could not be found.\n\n No resource provider with uuid d5baed65-69f7-4246-ba46-e57dba6b3813 found for delete ", "request_id": "req-2772084a-5578-44b1-9e14-0e823f2b2850"}]}
2026-04-22 19:40:38.367 10 WARNING neutron.scheduler.dhcp_agent_scheduler [None req-fb1ba105-dcb2-434b-b19b-83a64d4daaf2 488460b395714d05bd0576a04834f0ec 5b9d85c109b348b894a11a8bb7cd2e79 - - default default] No more DHCP agents
2026-04-22 19:40:38.371 10 WARNING neutron.api.rpc.agentnotifiers.dhcp_rpc_agent_api [None req-fb1ba105-dcb2-434b-b19b-83a64d4daaf2 488460b395714d05bd0576a04834f0ec 5b9d85c109b348b894a11a8bb7cd2e79 - - default default] Unable to schedule network 28d1cd59-09cf-4baf-815b-caf0ce9396c8: no agents available; will retry on subsequent port and subnet creation events.
2026-04-22 19:40:38.497 10 INFO neutron.db.ovn_revision_numbers_db [None req-fb1ba105-dcb2-434b-b19b-83a64d4daaf2 488460b395714d05bd0576a04834f0ec 5b9d85c109b348b894a11a8bb7cd2e79 - - default default] Successfully bumped revision number for resource f5de37b7-2565-44b5-add8-0ce9ce7dc9ae (type: ports) to 1
2026-04-22 19:40:38.525 10 INFO neutron.wsgi [None req-fb1ba105-dcb2-434b-b19b-83a64d4daaf2 488460b395714d05bd0576a04834f0ec 5b9d85c109b348b894a11a8bb7cd2e79 - - default default] 10.0.0.53 "POST /v2.0/networks HTTP/1.1" status: 201 len: 853 time: 0.7770085
2026-04-22 19:40:38.535 10 WARNING neutron_lib.context [None req-ea2173d3-a0f9-4f12-8fb5-1ce2e05f7534 488460b395714d05bd0576a04834f0ec 5b9d85c109b348b894a11a8bb7cd2e79 - - default default] Method 'is_advsvc' is deprecated since 2023.2 release (neutron-lib 3.8.0) and will be removed once support for the old RBAC API policies will be removed from Neutron. Please use method 'is_service_role' instead.
2026-04-22 19:40:38.575 9 INFO neutron.services.segments.plugin [-] Segment 8505daf6-846c-48c7-adcc-cbabb9316508 resource provider aggregate not found
2026-04-22 19:40:38.589 9 INFO neutron.services.segments.plugin [-] Segment 8505daf6-846c-48c7-adcc-cbabb9316508 resource provider aggregate not found
2026-04-22 19:40:38.593 10 WARNING neutron_lib.context [None req-ea2173d3-a0f9-4f12-8fb5-1ce2e05f7534 488460b395714d05bd0576a04834f0ec 5b9d85c109b348b894a11a8bb7cd2e79 - - default default] Method 'is_advsvc' is deprecated since 2023.2 release (neutron-lib 3.8.0) and will be removed once support for the old RBAC API policies will be removed from Neutron. Please use method 'is_service_role' instead.
2026-04-22 19:40:38.602 9 INFO neutron.services.segments.plugin [-] Segment 8505daf6-846c-48c7-adcc-cbabb9316508 resource provider not found; error: Placement Client Error (4xx): {"errors": [{"status": 404, "title": "Not Found", "detail": "The resource could not be found.\n\n No resource provider with uuid 8505daf6-846c-48c7-adcc-cbabb9316508 found for delete ", "request_id": "req-2fa69f09-74ef-450f-a43d-8d5ba37bf348"}]}
2026-04-22 19:40:38.610 9 INFO neutron.services.segments.plugin [-] Segment 8505daf6-846c-48c7-adcc-cbabb9316508 resource provider not found; error: Placement Client Error (4xx): {"errors": [{"status": 404, "title": "Not Found", "detail": "The resource could not be found.\n\n No resource provider with uuid 8505daf6-846c-48c7-adcc-cbabb9316508 found for delete ", "request_id": "req-b3a4bbc7-f60b-4ac1-b6ec-347c8481110f"}]}
2026-04-22 19:40:38.629 9 INFO neutron.wsgi [None req-06a6b7cc-6a67-4083-adb2-d7214514bb34 6500250d2adf489cbc186b69eb5f3230 5bc31aa20bfd48b2a1cb4de68e742508 - - default default] 10.0.0.53 "DELETE /v2.0/networks/4dddef6b-efe8-4ccb-8082-0fd1a6280c78 HTTP/1.1" status: 204 len: 168 time: 0.5683339
2026-04-22 19:40:38.644 10 WARNING neutron.scheduler.dhcp_agent_scheduler [None req-ee06828c-a831-4644-843d-4686b198be08 7975e1acb5494a238ff62f92ad612bee 41aea11e8ea541c181b1c6ed02bc5f87 - - default default] No more DHCP agents
2026-04-22 19:40:38.649 10 WARNING neutron.api.rpc.agentnotifiers.dhcp_rpc_agent_api [None req-ee06828c-a831-4644-843d-4686b198be08 7975e1acb5494a238ff62f92ad612bee 41aea11e8ea541c181b1c6ed02bc5f87 - - default default] Unable to schedule network c44ede72-ccb0-483c-b17f-48b64d98e325: no agents available; will retry on subsequent port and subnet creation events.
2026-04-22 19:40:38.653 9 INFO neutron.pecan_wsgi.hooks.translation [None req-d820c53b-efb5-43a2-9d27-ca32e05784e2 6500250d2adf489cbc186b69eb5f3230 5bc31aa20bfd48b2a1cb4de68e742508 - - default default] DELETE failed (client error): The resource could not be found.
2026-04-22 19:40:38.655 9 INFO neutron.wsgi [None req-d820c53b-efb5-43a2-9d27-ca32e05784e2 6500250d2adf489cbc186b69eb5f3230 5bc31aa20bfd48b2a1cb4de68e742508 - - default default] 10.0.0.53 "DELETE /v2.0/networks/4dddef6b-efe8-4ccb-8082-0fd1a6280c78 HTTP/1.1" status: 404 len: 339 time: 0.0183065
2026-04-22 19:40:38.771 9 INFO neutron.wsgi [None req-1354d28b-6500-4a6b-9345-580088e94c08 6500250d2adf489cbc186b69eb5f3230 5bc31aa20bfd48b2a1cb4de68e742508 - - default default] 10.0.0.53 "GET /v2.0/networks?router%3Aexternal=True HTTP/1.1" status: 200 len: 845 time: 0.1101065
2026-04-22 19:40:38.809 9 INFO neutron.wsgi [None req-4f3e22dd-ccb4-46b9-9cc1-e7f1ccecbc7c 6500250d2adf489cbc186b69eb5f3230 5bc31aa20bfd48b2a1cb4de68e742508 - - default default] 10.0.0.53 "GET /v2.0/subnets?network_id=03f27d31-9d52-4b53-a198-8e48ce201940 HTTP/1.1" status: 200 len: 820 time: 0.0329626
2026-04-22 19:40:38.819 9 INFO neutron.wsgi [None req-a38c81a7-2670-4ae5-9750-508bd8ad72b4 6500250d2adf489cbc186b69eb5f3230 5bc31aa20bfd48b2a1cb4de68e742508 - - default default] 10.0.0.53 "GET /v2.0/extensions HTTP/1.1" status: 200 len: 16975 time: 0.0055871
2026-04-22 19:40:38.891 9 INFO neutron.wsgi [None req-526eefbf-85be-4232-96d0-f5de188a18a3 6500250d2adf489cbc186b69eb5f3230 5bc31aa20bfd48b2a1cb4de68e742508 - - default default] 10.0.0.53 "GET /v2.0/networks HTTP/1.1" status: 200 len: 1503 time: 0.0662940
2026-04-22 19:40:38.895 10 INFO neutron.db.ovn_revision_numbers_db [None req-ee06828c-a831-4644-843d-4686b198be08 7975e1acb5494a238ff62f92ad612bee 41aea11e8ea541c181b1c6ed02bc5f87 - - default default] Successfully bumped revision number for resource 04343997-4276-49bf-94ed-7d2fe44e0ede (type: ports) to 1
2026-04-22 19:40:38.931 9 INFO neutron.wsgi [None req-057aefaf-54a0-4011-875c-5d01ad6f75f1 6500250d2adf489cbc186b69eb5f3230 5bc31aa20bfd48b2a1cb4de68e742508 - - default default] 10.0.0.53 "GET /v2.0/subnets HTTP/1.1" status: 200 len: 1428 time: 0.0342507
2026-04-22 19:40:39.006 9 INFO neutron.wsgi [None req-7c207487-3bdf-4ab7-a347-2ab8581a10fa 6500250d2adf489cbc186b69eb5f3230 5bc31aa20bfd48b2a1cb4de68e742508 - - default default] 10.0.0.53 "GET /v2.0/networks/e8a08a02-8851-449b-bf7d-ff4c8222c13d HTTP/1.1" status: 200 len: 862 time: 0.0696032
2026-04-22 19:40:39.047 9 INFO neutron.wsgi [None req-4689a9f7-3908-4160-8f4b-6efb9af77d4b 6500250d2adf489cbc186b69eb5f3230 5bc31aa20bfd48b2a1cb4de68e742508 - - default default] 10.0.0.53 "GET /v2.0/subnets/3677451b-1e89-42ba-9358-c1f2c534f9f4 HTTP/1.1" status: 200 len: 811 time: 0.0350368
2026-04-22 19:40:39.066 9 INFO neutron.pecan_wsgi.hooks.translation [None req-dec681f5-2a05-415d-a488-8443275be420 6500250d2adf489cbc186b69eb5f3230 5bc31aa20bfd48b2a1cb4de68e742508 - - default default] DELETE failed (client error): The resource could not be found.
2026-04-22 19:40:39.068 9 INFO neutron.wsgi [None req-dec681f5-2a05-415d-a488-8443275be420 6500250d2adf489cbc186b69eb5f3230 5bc31aa20bfd48b2a1cb4de68e742508 - - default default] 10.0.0.53 "DELETE /v2.0/subnets/f934e40a-b6c1-4c12-97c8-1abeb5d08f77 HTTP/1.1" status: 404 len: 337 time: 0.0160453
2026-04-22 19:40:39.087 9 INFO neutron.pecan_wsgi.hooks.translation [None req-e69db5d0-0303-40f1-8ab7-eec80dc8f8d8 6500250d2adf489cbc186b69eb5f3230 5bc31aa20bfd48b2a1cb4de68e742508 - - default default] DELETE failed (client error): The resource could not be found.
2026-04-22 19:40:39.089 9 INFO neutron.wsgi [None req-e69db5d0-0303-40f1-8ab7-eec80dc8f8d8 6500250d2adf489cbc186b69eb5f3230 5bc31aa20bfd48b2a1cb4de68e742508 - - default default] 10.0.0.53 "DELETE /v2.0/networks/4dddef6b-efe8-4ccb-8082-0fd1a6280c78 HTTP/1.1" status: 404 len: 339 time: 0.0159550
2026-04-22 19:40:39.259 9 WARNING neutron_lib.context [None req-639cb291-d9ea-4303-8b9c-fd009ca044db daa41a9d54e24d798a91923b9c43e44b fa3f7db648564a7085d09c1ae30ebb71 - - default default] Method 'is_advsvc' is deprecated since 2023.2 release (neutron-lib 3.8.0) and will be removed once support for the old RBAC API policies will be removed from Neutron. Please use method 'is_service_role' instead.
2026-04-22 19:40:39.296 9 INFO neutron.wsgi [None req-b744a7f7-d146-42cb-82f1-fce07f23e5cb 6500250d2adf489cbc186b69eb5f3230 5bc31aa20bfd48b2a1cb4de68e742508 - - default default] 10.0.0.53 "DELETE /v2.0/subnets/3677451b-1e89-42ba-9358-c1f2c534f9f4 HTTP/1.1" status: 204 len: 168 time: 0.1997674
2026-04-22 19:40:39.381 10 WARNING neutron.scheduler.dhcp_agent_scheduler [None req-ea2173d3-a0f9-4f12-8fb5-1ce2e05f7534 488460b395714d05bd0576a04834f0ec 5b9d85c109b348b894a11a8bb7cd2e79 - - default default] No more DHCP agents
2026-04-22 19:40:39.385 10 WARNING neutron.api.rpc.agentnotifiers.dhcp_rpc_agent_api [None req-ea2173d3-a0f9-4f12-8fb5-1ce2e05f7534 488460b395714d05bd0576a04834f0ec 5b9d85c109b348b894a11a8bb7cd2e79 - - default default] Unable to schedule network 9d7dfeeb-b3c3-4c4f-a2ce-4299de08d962: no agents available; will retry on subsequent port and subnet creation events.
2026-04-22 19:40:39.433 9 INFO neutron.db.ovn_revision_numbers_db [None req-639cb291-d9ea-4303-8b9c-fd009ca044db daa41a9d54e24d798a91923b9c43e44b fa3f7db648564a7085d09c1ae30ebb71 - - default default] Successfully bumped revision number for resource 3dfca7d6-9cbd-47a3-8fbc-d837391c343b (type: security_groups) to 1
2026-04-22 19:40:39.463 9 INFO neutron.db.ovn_revision_numbers_db [None req-639cb291-d9ea-4303-8b9c-fd009ca044db daa41a9d54e24d798a91923b9c43e44b fa3f7db648564a7085d09c1ae30ebb71 - - default default] Successfully bumped revision number for resource 13326d9c-30d2-4a26-954b-4399d0aae400 (type: security_group_rules) to 0
2026-04-22 19:40:39.494 9 INFO neutron.db.ovn_revision_numbers_db [None req-639cb291-d9ea-4303-8b9c-fd009ca044db daa41a9d54e24d798a91923b9c43e44b fa3f7db648564a7085d09c1ae30ebb71 - - default default] Successfully bumped revision number for resource 1e62aa1c-fdb1-48a4-aaa1-493e8fa7fd1a (type: security_group_rules) to 0
2026-04-22 19:40:39.496 10 INFO neutron.plugins.ml2.drivers.ovn.mech_driver.mech_driver [None req-c2fced80-5b12-4624-b74c-be943de9d8e3 - - - - - -] OVN reports status up for port: 04343997-4276-49bf-94ed-7d2fe44e0ede
2026-04-22 19:40:39.508 9 INFO neutron.db.ovn_revision_numbers_db [None req-639cb291-d9ea-4303-8b9c-fd009ca044db daa41a9d54e24d798a91923b9c43e44b fa3f7db648564a7085d09c1ae30ebb71 - - default default] Successfully bumped revision number for resource a87574c7-df76-4771-adf8-5bb945027d9b (type: security_group_rules) to 0
2026-04-22 19:40:39.517 10 INFO neutron.plugins.ml2.plugin [None req-c2fced80-5b12-4624-b74c-be943de9d8e3 - - - - - -] Attempt 1 to provision port 04343997-4276-49bf-94ed-7d2fe44e0ede
2026-04-22 19:40:39.525 9 INFO neutron.db.ovn_revision_numbers_db [None req-639cb291-d9ea-4303-8b9c-fd009ca044db daa41a9d54e24d798a91923b9c43e44b fa3f7db648564a7085d09c1ae30ebb71 - - default default] Successfully bumped revision number for resource de20b756-57d7-45a3-91bc-f71cf8d7c19c (type: security_group_rules) to 0
2026-04-22 19:40:39.534 10 INFO neutron.db.ovn_revision_numbers_db [None req-ea2173d3-a0f9-4f12-8fb5-1ce2e05f7534 488460b395714d05bd0576a04834f0ec 5b9d85c109b348b894a11a8bb7cd2e79 - - default default] Successfully bumped revision number for resource ff602008-eada-46b6-bd78-cada45d49b87 (type: ports) to 1
2026-04-22 19:40:39.548 10 INFO neutron.db.ovn_revision_numbers_db [None req-ee06828c-a831-4644-843d-4686b198be08 7975e1acb5494a238ff62f92ad612bee 41aea11e8ea541c181b1c6ed02bc5f87 - - default default] Successfully bumped revision number for resource 04343997-4276-49bf-94ed-7d2fe44e0ede (type: router_ports) to 1
2026-04-22 19:40:39.595 10 WARNING neutron.scheduler.dhcp_agent_scheduler [None req-ea2173d3-a0f9-4f12-8fb5-1ce2e05f7534 488460b395714d05bd0576a04834f0ec 5b9d85c109b348b894a11a8bb7cd2e79 - - default default] No more DHCP agents
2026-04-22 19:40:39.601 10 WARNING neutron.api.rpc.agentnotifiers.dhcp_rpc_agent_api [None req-ea2173d3-a0f9-4f12-8fb5-1ce2e05f7534 488460b395714d05bd0576a04834f0ec 5b9d85c109b348b894a11a8bb7cd2e79 - - default default] Unable to schedule network 28d1cd59-09cf-4baf-815b-caf0ce9396c8: no agents available; will retry on subsequent port and subnet creation events.
2026-04-22 19:40:39.644 9 INFO neutron.db.ovn_revision_numbers_db [None req-639cb291-d9ea-4303-8b9c-fd009ca044db daa41a9d54e24d798a91923b9c43e44b fa3f7db648564a7085d09c1ae30ebb71 - - default default] Successfully bumped revision number for resource af108581-bad1-4d1f-a8ee-d2b89e4ad626 (type: security_groups) to 1
2026-04-22 19:40:39.665 9 INFO neutron.db.ovn_revision_numbers_db [None req-639cb291-d9ea-4303-8b9c-fd009ca044db daa41a9d54e24d798a91923b9c43e44b fa3f7db648564a7085d09c1ae30ebb71 - - default default] Successfully bumped revision number for resource 6e9dfb4d-702e-4fc9-a60d-522e71d062dc (type: security_group_rules) to 0
2026-04-22 19:40:39.698 9 INFO neutron.db.ovn_revision_numbers_db [None req-639cb291-d9ea-4303-8b9c-fd009ca044db daa41a9d54e24d798a91923b9c43e44b fa3f7db648564a7085d09c1ae30ebb71 - - default default] Successfully bumped revision number for resource fa1b50d5-7b4b-4929-9949-75b35df6d2be (type: security_group_rules) to 0
2026-04-22 19:40:39.724 9 INFO neutron.wsgi [None req-639cb291-d9ea-4303-8b9c-fd009ca044db daa41a9d54e24d798a91923b9c43e44b fa3f7db648564a7085d09c1ae30ebb71 - - default default] 10.0.0.53 "POST /v2.0/security-groups HTTP/1.1" status: 201 len: 1760 time: 0.6399555
2026-04-22 19:40:39.756 9 INFO neutron.wsgi [None req-2372e472-b77f-44cb-8fab-958b65d1ba65 6500250d2adf489cbc186b69eb5f3230 5bc31aa20bfd48b2a1cb4de68e742508 - - default default] 10.0.0.53 "DELETE /v2.0/networks/e8a08a02-8851-449b-bf7d-ff4c8222c13d HTTP/1.1" status: 204 len: 168 time: 0.4507987
2026-04-22 19:40:39.791 10 INFO neutron.db.ovn_revision_numbers_db [None req-ea2173d3-a0f9-4f12-8fb5-1ce2e05f7534 488460b395714d05bd0576a04834f0ec 5b9d85c109b348b894a11a8bb7cd2e79 - - default default] Successfully bumped revision number for resource 0e97b41f-a294-42fa-8af2-21bf8a86deb5 (type: ports) to 1
2026-04-22 19:40:39.796 9 INFO neutron.wsgi [None req-723f69dd-49e9-4f35-b0e1-a67f3cedcdb4 daa41a9d54e24d798a91923b9c43e44b fa3f7db648564a7085d09c1ae30ebb71 - - default default] 10.0.0.53 "GET /v2.0/security-groups HTTP/1.1" status: 200 len: 4538 time: 0.0670476
2026-04-22 19:40:39.841 10 INFO neutron.wsgi [None req-ea2173d3-a0f9-4f12-8fb5-1ce2e05f7534 488460b395714d05bd0576a04834f0ec 5b9d85c109b348b894a11a8bb7cd2e79 - - default default] 10.0.0.53 "POST /v2.0/ports HTTP/1.1" status: 201 len: 1705 time: 1.3108974
2026-04-22 19:40:39.857 10 INFO neutron.db.ovn_revision_numbers_db [None req-ee06828c-a831-4644-843d-4686b198be08 7975e1acb5494a238ff62f92ad612bee 41aea11e8ea541c181b1c6ed02bc5f87 - - default default] Successfully bumped revision number for resource 04343997-4276-49bf-94ed-7d2fe44e0ede (type: ports) to 1
2026-04-22 19:40:39.923 9 INFO neutron.db.ovn_revision_numbers_db [None req-8ffd6042-4bfb-4eda-8e89-69ecf6c0562e daa41a9d54e24d798a91923b9c43e44b fa3f7db648564a7085d09c1ae30ebb71 - - default default] Successfully bumped revision number for resource af108581-bad1-4d1f-a8ee-d2b89e4ad626 (type: security_groups) to 2
2026-04-22 19:40:39.926 9 INFO neutron.wsgi [None req-8ffd6042-4bfb-4eda-8e89-69ecf6c0562e daa41a9d54e24d798a91923b9c43e44b fa3f7db648564a7085d09c1ae30ebb71 - - default default] 10.0.0.53 "PUT /v2.0/security-groups/af108581-bad1-4d1f-a8ee-d2b89e4ad626 HTTP/1.1" status: 200 len: 1793 time: 0.1157715
2026-04-22 19:40:39.961 10 WARNING neutron.scheduler.dhcp_agent_scheduler [None req-ee06828c-a831-4644-843d-4686b198be08 7975e1acb5494a238ff62f92ad612bee 41aea11e8ea541c181b1c6ed02bc5f87 - - default default] No more DHCP agents
2026-04-22 19:40:39.964 10 WARNING neutron.api.rpc.agentnotifiers.dhcp_rpc_agent_api [None req-ee06828c-a831-4644-843d-4686b198be08 7975e1acb5494a238ff62f92ad612bee 41aea11e8ea541c181b1c6ed02bc5f87 - - default default] Unable to schedule network c44ede72-ccb0-483c-b17f-48b64d98e325: no agents available; will retry on subsequent port and subnet creation events.
2026-04-22 19:40:39.979 9 INFO neutron.wsgi [None req-66c72537-3678-4d51-b286-14f06a5ca598 488460b395714d05bd0576a04834f0ec 5b9d85c109b348b894a11a8bb7cd2e79 - - default default] 10.0.0.53 "GET /v2.0/ports HTTP/1.1" status: 200 len: 3212 time: 0.1301727 /var/lib/openstack/lib/python3.10/site-packages/pycadf/identifier.py:71: UserWarning: Invalid uuid: neutron. To ensure interoperability, identifiers should be a valid uuid. warnings.warn(('Invalid uuid: %s. To ensure interoperability, '
2026-04-22 19:40:40.069 10 INFO neutron.db.ovn_revision_numbers_db [None req-c2fced80-5b12-4624-b74c-be943de9d8e3 - - - - - -] Successfully bumped revision number for resource 04343997-4276-49bf-94ed-7d2fe44e0ede (type: ports) to 2
2026-04-22 19:40:40.211 10 INFO neutron.db.ovn_revision_numbers_db [None req-c2fced80-5b12-4624-b74c-be943de9d8e3 - - - - - -] Successfully bumped revision number for resource 04343997-4276-49bf-94ed-7d2fe44e0ede (type: router_ports) to 2
2026-04-22 19:40:40.257 10 INFO neutron.db.ovn_revision_numbers_db [None req-ee06828c-a831-4644-843d-4686b198be08 7975e1acb5494a238ff62f92ad612bee 41aea11e8ea541c181b1c6ed02bc5f87 - - default default] Successfully bumped revision number for resource 04343997-4276-49bf-94ed-7d2fe44e0ede (type: router_ports) to 2
2026-04-22 19:40:40.259 10 INFO neutron.wsgi [None req-ee06828c-a831-4644-843d-4686b198be08 7975e1acb5494a238ff62f92ad612bee 41aea11e8ea541c181b1c6ed02bc5f87 - - default default] 10.0.0.53 "PUT /v2.0/routers/3b67f7be-31ba-42e1-93f8-bebcae70f6b0/add_router_interface HTTP/1.1" status: 200 len: 503 time: 2.1561933
2026-04-22 19:40:40.282 10 INFO neutron.wsgi [None req-2248a0ba-9d55-42f0-b125-5524ad4bf6c5 daa41a9d54e24d798a91923b9c43e44b fa3f7db648564a7085d09c1ae30ebb71 - - default default] 10.0.0.53 "GET /v2.0/security-groups/af108581-bad1-4d1f-a8ee-d2b89e4ad626 HTTP/1.1" status: 200 len: 1793 time: 0.0794055
2026-04-22 19:40:40.323 9 INFO neutron.wsgi [None req-f367b339-ad63-441c-b6ac-139a0294782f 7975e1acb5494a238ff62f92ad612bee 41aea11e8ea541c181b1c6ed02bc5f87 - - default default] 10.0.0.53 "GET /v2.0/ports/04343997-4276-49bf-94ed-7d2fe44e0ede HTTP/1.1" status: 200 len: 1137 time: 0.0574081
2026-04-22 19:40:40.349 10 INFO neutron.wsgi [None req-9009ef20-21d9-4bea-9e9e-18c944b4dc95 488460b395714d05bd0576a04834f0ec 5b9d85c109b348b894a11a8bb7cd2e79 - - default default] 10.0.0.53 "DELETE /v2.0/ports/ff602008-eada-46b6-bd78-cada45d49b87 HTTP/1.1" status: 204 len: 168 time: 0.3639529
2026-04-22 19:40:40.484 9 INFO neutron.wsgi [None req-842bbf8c-9ec4-4637-b159-5b3062440f37 ee2f3d3ab3a143b9885bf97c048b0ef6 e95d747a0c2a412389ead86875c3a8ec - - default default] 10.0.0.53 "GET /v2.0/security-groups?tenant_id=5bc31aa20bfd48b2a1cb4de68e742508&name=default HTTP/1.1" status: 200 len: 2996 time: 0.1951203
2026-04-22 19:40:40.509 9 INFO neutron.wsgi [None req-3db38a9b-8d6c-4890-986d-138c71e65a12 daa41a9d54e24d798a91923b9c43e44b fa3f7db648564a7085d09c1ae30ebb71 - - default default] 10.0.0.53 "DELETE /v2.0/security-groups/af108581-bad1-4d1f-a8ee-d2b89e4ad626 HTTP/1.1" status: 204 len: 168 time: 0.2209558
2026-04-22 19:40:40.568 10 INFO neutron.wsgi [None req-44f2acfe-5ca9-436a-8b3f-9df49bab9581 daa41a9d54e24d798a91923b9c43e44b fa3f7db648564a7085d09c1ae30ebb71 - - default default] 10.0.0.53 "GET /v2.0/security-groups HTTP/1.1" status: 200 len: 2996 time: 0.0520499
2026-04-22 19:40:40.586 9 INFO neutron.api.v2.resource [None req-515ac170-f975-4383-a025-82c8370411a6 daa41a9d54e24d798a91923b9c43e44b fa3f7db648564a7085d09c1ae30ebb71 - - default default] delete failed (client error): The resource could not be found.
2026-04-22 19:40:40.587 9 INFO neutron.wsgi [None req-515ac170-f975-4383-a025-82c8370411a6 daa41a9d54e24d798a91923b9c43e44b fa3f7db648564a7085d09c1ae30ebb71 - - default default] 10.0.0.53 "DELETE /v2.0/security-groups/af108581-bad1-4d1f-a8ee-d2b89e4ad626 HTTP/1.1" status: 404 len: 347 time: 0.0128367
2026-04-22 19:40:40.597 9 WARNING neutron_lib.context [None req-e433b077-eed4-40fb-bc23-90180b36b83e daa41a9d54e24d798a91923b9c43e44b fa3f7db648564a7085d09c1ae30ebb71 - - default default] Method 'is_advsvc' is deprecated since 2023.2 release (neutron-lib 3.8.0) and will be removed once support for the old RBAC API policies will be removed from Neutron. Please use method 'is_service_role' instead.
2026-04-22 19:40:40.605 10 INFO neutron.wsgi [None req-173ea6ca-f7bc-4671-8fe4-d75d86dd98e2 488460b395714d05bd0576a04834f0ec 5b9d85c109b348b894a11a8bb7cd2e79 - - default default] 10.0.0.53 "DELETE /v2.0/ports/0e97b41f-a294-42fa-8af2-21bf8a86deb5 HTTP/1.1" status: 204 len: 168 time: 0.2510648
2026-04-22 19:40:40.623 9 INFO neutron.services.segments.plugin [-] Segment 1de99682-0a6d-4af9-ac78-31facd4febcf resource provider aggregate not found
2026-04-22 19:40:40.657 9 INFO neutron.services.segments.plugin [-] Segment 1de99682-0a6d-4af9-ac78-31facd4febcf resource provider aggregate not found
2026-04-22 19:40:40.663 9 INFO neutron.services.segments.plugin [-] Segment 1de99682-0a6d-4af9-ac78-31facd4febcf resource provider not found; error: Placement Client Error (4xx): {"errors": [{"status": 404, "title": "Not Found", "detail": "The resource could not be found.\n\n No resource provider with uuid 1de99682-0a6d-4af9-ac78-31facd4febcf found for delete ", "request_id": "req-e334a70c-ef84-41da-a481-3fb6239a5a04"}]}
2026-04-22 19:40:40.686 9 INFO neutron.services.segments.plugin [-] Segment 1de99682-0a6d-4af9-ac78-31facd4febcf resource provider not found; error: Placement Client Error (4xx): {"errors": [{"status": 404, "title": "Not Found", "detail": "The resource could not be found.\n\n No resource provider with uuid 1de99682-0a6d-4af9-ac78-31facd4febcf found for delete ", "request_id": "req-d94ddbf1-43bc-4445-a820-8a4abe394b5a"}]}
2026-04-22 19:40:40.745 10 INFO neutron.wsgi [None req-a00e0616-764b-49ec-959c-4668f3f5eb47 488460b395714d05bd0576a04834f0ec 5b9d85c109b348b894a11a8bb7cd2e79 - - default default] 10.0.0.53 "GET /v2.0/ports HTTP/1.1" status: 200 len: 1718 time: 0.1336710
2026-04-22 19:40:40.758 10 WARNING neutron_lib.context [None req-4e8096a2-1400-495f-bc8a-399e5218feb9 488460b395714d05bd0576a04834f0ec 5b9d85c109b348b894a11a8bb7cd2e79 - - default default] Method 'is_advsvc' is deprecated since 2023.2 release (neutron-lib 3.8.0) and will be removed once support for the old RBAC API policies will be removed from Neutron. Please use method 'is_service_role' instead.
2026-04-22 19:40:40.824 10 INFO neutron.wsgi [None req-eca8d89a-3b85-4df1-a60c-e95a6f05b052 ee2f3d3ab3a143b9885bf97c048b0ef6 e95d747a0c2a412389ead86875c3a8ec - - default default] 10.0.0.53 "DELETE /v2.0/security-groups/16c42e01-f101-4b46-9b44-116865425342 HTTP/1.1" status: 204 len: 168 time: 0.3346248
2026-04-22 19:40:40.850 10 INFO neutron.db.segments_db [None req-4e8096a2-1400-495f-bc8a-399e5218feb9 488460b395714d05bd0576a04834f0ec 5b9d85c109b348b894a11a8bb7cd2e79 - - default default] Added segment 1102f846-6840-40d6-a914-6e965c3b5770 of type geneve for network 45ba8ba4-39e1-4af5-a4f8-2b33519eebad
2026-04-22 19:40:41.002 10 INFO neutron.db.ovn_revision_numbers_db [None req-4e8096a2-1400-495f-bc8a-399e5218feb9 488460b395714d05bd0576a04834f0ec 5b9d85c109b348b894a11a8bb7cd2e79 - - default default] Successfully bumped revision number for resource 45ba8ba4-39e1-4af5-a4f8-2b33519eebad (type: networks) to 1
2026-04-22 19:40:41.031 9 INFO neutron.db.ovn_revision_numbers_db [None req-e433b077-eed4-40fb-bc23-90180b36b83e daa41a9d54e24d798a91923b9c43e44b fa3f7db648564a7085d09c1ae30ebb71 - - default default] Successfully bumped revision number for resource 9beacc80-7e17-4501-b323-656cd2866d11 (type: security_groups) to 1
2026-04-22 19:40:41.050 9 INFO neutron.db.ovn_revision_numbers_db [None req-e433b077-eed4-40fb-bc23-90180b36b83e daa41a9d54e24d798a91923b9c43e44b fa3f7db648564a7085d09c1ae30ebb71 - - default default] Successfully bumped revision number for resource 090fb81e-b179-4045-b76a-8faa4d61b076 (type: security_group_rules) to 0
2026-04-22 19:40:41.071 9 INFO neutron.db.ovn_revision_numbers_db [None req-e433b077-eed4-40fb-bc23-90180b36b83e daa41a9d54e24d798a91923b9c43e44b fa3f7db648564a7085d09c1ae30ebb71 - - default default] Successfully bumped revision number for resource 1d9faecb-264d-44af-b80f-2e06029fa296 (type: security_group_rules) to 0
2026-04-22 19:40:41.101 9 INFO neutron.wsgi [None req-e433b077-eed4-40fb-bc23-90180b36b83e daa41a9d54e24d798a91923b9c43e44b fa3f7db648564a7085d09c1ae30ebb71 - - default default] 10.0.0.53 "POST /v2.0/security-groups HTTP/1.1" status: 201 len: 1760 time: 0.5085938
2026-04-22 19:40:41.112 9 WARNING neutron_lib.context [None req-4ef07478-184e-432f-8b58-611b9d04fa3e daa41a9d54e24d798a91923b9c43e44b fa3f7db648564a7085d09c1ae30ebb71 - - default default] Method 'is_advsvc' is deprecated since 2023.2 release (neutron-lib 3.8.0) and will be removed once support for the old RBAC API policies will be removed from Neutron. Please use method 'is_service_role' instead.
2026-04-22 19:40:41.147 9 WARNING neutron.scheduler.dhcp_agent_scheduler [None req-dcfdd7a4-f7bb-465f-a6e5-ac8e23d8a51f 7975e1acb5494a238ff62f92ad612bee 41aea11e8ea541c181b1c6ed02bc5f87 - - default default] No more DHCP agents
2026-04-22 19:40:41.152 9 WARNING neutron.api.rpc.agentnotifiers.dhcp_rpc_agent_api [None req-dcfdd7a4-f7bb-465f-a6e5-ac8e23d8a51f 7975e1acb5494a238ff62f92ad612bee 41aea11e8ea541c181b1c6ed02bc5f87 - - default default] Unable to schedule network 5a9e4611-41b9-445b-b996-ad761a122606: no agents available; will retry on subsequent port and subnet creation events.
2026-04-22 19:40:41.182 10 WARNING neutron.scheduler.dhcp_agent_scheduler [None req-4e8096a2-1400-495f-bc8a-399e5218feb9 488460b395714d05bd0576a04834f0ec 5b9d85c109b348b894a11a8bb7cd2e79 - - default default] No more DHCP agents
2026-04-22 19:40:41.185 10 WARNING neutron.api.rpc.agentnotifiers.dhcp_rpc_agent_api [None req-4e8096a2-1400-495f-bc8a-399e5218feb9 488460b395714d05bd0576a04834f0ec 5b9d85c109b348b894a11a8bb7cd2e79 - - default default] Unable to schedule network 45ba8ba4-39e1-4af5-a4f8-2b33519eebad: no agents available; will retry on subsequent port and subnet creation events.
2026-04-22 19:40:41.262 10 INFO neutron.db.ovn_revision_numbers_db [None req-4e8096a2-1400-495f-bc8a-399e5218feb9 488460b395714d05bd0576a04834f0ec 5b9d85c109b348b894a11a8bb7cd2e79 - - default default] Successfully bumped revision number for resource a4e7ec78-04f1-4d22-a3fb-0a856af1b05e (type: ports) to 1
2026-04-22 19:40:41.284 10 INFO neutron.wsgi [None req-4e8096a2-1400-495f-bc8a-399e5218feb9 488460b395714d05bd0576a04834f0ec 5b9d85c109b348b894a11a8bb7cd2e79 - - default default] 10.0.0.53 "POST /v2.0/networks HTTP/1.1" status: 201 len: 853 time: 0.5311494
2026-04-22 19:40:41.293 10 WARNING neutron_lib.context [None req-3691b454-b82d-4749-aa35-d2aa94dc5931 488460b395714d05bd0576a04834f0ec 5b9d85c109b348b894a11a8bb7cd2e79 - - default default] Method 'is_advsvc' is deprecated since 2023.2 release (neutron-lib 3.8.0) and will be removed once support for the old RBAC API policies will be removed from Neutron. Please use method 'is_service_role' instead.
2026-04-22 19:40:41.297 9 INFO neutron.db.ovn_revision_numbers_db [None req-4ef07478-184e-432f-8b58-611b9d04fa3e daa41a9d54e24d798a91923b9c43e44b fa3f7db648564a7085d09c1ae30ebb71 - - default default] Successfully bumped revision number for resource 7193cebd-8ba8-40da-ab7a-5be68ddd93f8 (type: security_group_rules) to 0
2026-04-22 19:40:41.336 9 INFO neutron.wsgi [None req-4ef07478-184e-432f-8b58-611b9d04fa3e daa41a9d54e24d798a91923b9c43e44b fa3f7db648564a7085d09c1ae30ebb71 - - default default] 10.0.0.53 "POST /v2.0/security-group-rules HTTP/1.1" status: 201 len: 768 time: 0.2281764
2026-04-22 19:40:41.344 9 INFO neutron.db.ovn_revision_numbers_db [None req-dcfdd7a4-f7bb-465f-a6e5-ac8e23d8a51f 7975e1acb5494a238ff62f92ad612bee 41aea11e8ea541c181b1c6ed02bc5f87 - - default default] Successfully bumped revision number for resource 911a8868-69a4-4361-ae16-59940e305795 (type: ports) to 1
2026-04-22 19:40:41.368 10 INFO neutron.wsgi [None req-f46981d1-54c6-4a48-ad2c-28f4d17c0736 daa41a9d54e24d798a91923b9c43e44b fa3f7db648564a7085d09c1ae30ebb71 - - default default] 10.0.0.53 "GET /v2.0/security-group-rules/7193cebd-8ba8-40da-ab7a-5be68ddd93f8 HTTP/1.1" status: 200 len: 763 time: 0.0265381
2026-04-22 19:40:41.376 10 INFO neutron.db.segments_db [None req-3691b454-b82d-4749-aa35-d2aa94dc5931 488460b395714d05bd0576a04834f0ec 5b9d85c109b348b894a11a8bb7cd2e79 - - default default] Added segment ac58b10f-0a80-4097-835c-c8a6f5871d58 of type geneve for network 1fda32ae-733b-4473-a107-9dc7d0c02cf9
2026-04-22 19:40:41.455 9 INFO neutron.wsgi [None req-ed1b984d-7098-4404-8c6f-98840f30d9e4 daa41a9d54e24d798a91923b9c43e44b fa3f7db648564a7085d09c1ae30ebb71 - - default default] 10.0.0.53 "GET /v2.0/security-group-rules HTTP/1.1" status: 200 len: 4113 time: 0.0826004
2026-04-22 19:40:41.504 10 INFO neutron.db.ovn_revision_numbers_db [None req-3691b454-b82d-4749-aa35-d2aa94dc5931 488460b395714d05bd0576a04834f0ec 5b9d85c109b348b894a11a8bb7cd2e79 - - default default] Successfully bumped revision number for resource 1fda32ae-733b-4473-a107-9dc7d0c02cf9 (type: networks) to 1
2026-04-22 19:40:41.635 10 INFO neutron.wsgi [None req-acc2c7d2-9aea-4708-a5b2-bb51f3dd1b00 daa41a9d54e24d798a91923b9c43e44b fa3f7db648564a7085d09c1ae30ebb71 - - default default] 10.0.0.53 "DELETE /v2.0/security-group-rules/7193cebd-8ba8-40da-ab7a-5be68ddd93f8 HTTP/1.1" status: 204 len: 168 time: 0.1733837
2026-04-22 19:40:41.705 9 INFO neutron.wsgi [None req-de209018-e972-470e-917b-94f3b4b30080 daa41a9d54e24d798a91923b9c43e44b fa3f7db648564a7085d09c1ae30ebb71 - - default default] 10.0.0.53 "GET /v2.0/security-group-rules HTTP/1.1" status: 200 len: 3567 time: 0.0610924
2026-04-22 19:40:41.721 9 WARNING neutron_lib.context [None req-c25cc8b0-e9ad-4333-b586-b2b070fc2e11 daa41a9d54e24d798a91923b9c43e44b fa3f7db648564a7085d09c1ae30ebb71 - - default default] Method 'is_advsvc' is deprecated since 2023.2 release (neutron-lib 3.8.0) and will be removed once support for the old RBAC API policies will be removed from Neutron. Please use method 'is_service_role' instead.
2026-04-22 19:40:41.865 10 WARNING neutron.scheduler.dhcp_agent_scheduler [None req-3691b454-b82d-4749-aa35-d2aa94dc5931 488460b395714d05bd0576a04834f0ec 5b9d85c109b348b894a11a8bb7cd2e79 - - default default] No more DHCP agents
2026-04-22 19:40:41.867 10 WARNING neutron.api.rpc.agentnotifiers.dhcp_rpc_agent_api [None req-3691b454-b82d-4749-aa35-d2aa94dc5931 488460b395714d05bd0576a04834f0ec 5b9d85c109b348b894a11a8bb7cd2e79 - - default default] Unable to schedule network 1fda32ae-733b-4473-a107-9dc7d0c02cf9: no agents available; will retry on subsequent port and subnet creation events.
2026-04-22 19:40:41.871 9 INFO neutron.db.ovn_revision_numbers_db [None req-dcfdd7a4-f7bb-465f-a6e5-ac8e23d8a51f 7975e1acb5494a238ff62f92ad612bee 41aea11e8ea541c181b1c6ed02bc5f87 - - default default] Successfully bumped revision number for resource 911a8868-69a4-4361-ae16-59940e305795 (type: router_ports) to 1
2026-04-22 19:40:41.929 9 INFO neutron.db.ovn_revision_numbers_db [None req-c25cc8b0-e9ad-4333-b586-b2b070fc2e11 daa41a9d54e24d798a91923b9c43e44b fa3f7db648564a7085d09c1ae30ebb71 - - default default] Successfully bumped revision number for resource 200cbac1-680f-47dd-8009-6a80de9626a8 (type: security_group_rules) to 0
2026-04-22 19:40:41.946 10 INFO neutron.db.ovn_revision_numbers_db [None req-3691b454-b82d-4749-aa35-d2aa94dc5931 488460b395714d05bd0576a04834f0ec 5b9d85c109b348b894a11a8bb7cd2e79 - - default default] Successfully bumped revision number for resource c25c8f9c-0348-46c1-bc9e-b3fd93073ef8 (type: ports) to 1
2026-04-22 19:40:41.966 10 INFO neutron.wsgi [None req-3691b454-b82d-4749-aa35-d2aa94dc5931 488460b395714d05bd0576a04834f0ec 5b9d85c109b348b894a11a8bb7cd2e79 - - default default] 10.0.0.53 "POST /v2.0/networks HTTP/1.1" status: 201 len: 852 time: 0.6780112
2026-04-22 19:40:41.969 9 INFO neutron.wsgi [None req-c25cc8b0-e9ad-4333-b586-b2b070fc2e11 daa41a9d54e24d798a91923b9c43e44b fa3f7db648564a7085d09c1ae30ebb71 - - default default] 10.0.0.53 "POST /v2.0/security-group-rules HTTP/1.1" status: 201 len: 768 time: 0.2545631
2026-04-22 19:40:41.998 9 INFO neutron.wsgi [None req-d1b422b5-837d-44c4-881a-2c72d7989c51 daa41a9d54e24d798a91923b9c43e44b fa3f7db648564a7085d09c1ae30ebb71 - - default default] 10.0.0.53 "GET /v2.0/security-group-rules/200cbac1-680f-47dd-8009-6a80de9626a8 HTTP/1.1" status: 200 len: 763 time: 0.0231493
2026-04-22 19:40:42.060 9 INFO neutron.db.ovn_revision_numbers_db [None req-dcfdd7a4-f7bb-465f-a6e5-ac8e23d8a51f 7975e1acb5494a238ff62f92ad612bee 41aea11e8ea541c181b1c6ed02bc5f87 - - default default] Successfully bumped revision number for resource 911a8868-69a4-4361-ae16-59940e305795 (type: ports) to 1
2026-04-22 19:40:42.069 10 INFO neutron.wsgi [None req-24b67907-7f9f-45ff-be4d-54c86a7afff6 daa41a9d54e24d798a91923b9c43e44b fa3f7db648564a7085d09c1ae30ebb71 - - default default] 10.0.0.53 "GET /v2.0/security-group-rules HTTP/1.1" status: 200 len: 4113 time: 0.0666499
2026-04-22 19:40:42.122 9 WARNING neutron.scheduler.dhcp_agent_scheduler [None req-dcfdd7a4-f7bb-465f-a6e5-ac8e23d8a51f 7975e1acb5494a238ff62f92ad612bee 41aea11e8ea541c181b1c6ed02bc5f87 - - default default] No more DHCP agents
2026-04-22 19:40:42.123 9 WARNING neutron.api.rpc.agentnotifiers.dhcp_rpc_agent_api [None req-dcfdd7a4-f7bb-465f-a6e5-ac8e23d8a51f 7975e1acb5494a238ff62f92ad612bee 41aea11e8ea541c181b1c6ed02bc5f87 - - default default] Unable to schedule network 5a9e4611-41b9-445b-b996-ad761a122606: no agents available; will retry on subsequent port and subnet creation events.
2026-04-22 19:40:42.199 10 INFO neutron.wsgi [None req-5128809c-0c44-458b-9851-b9badab31d9d daa41a9d54e24d798a91923b9c43e44b fa3f7db648564a7085d09c1ae30ebb71 - - default default] 10.0.0.53 "DELETE /v2.0/security-group-rules/200cbac1-680f-47dd-8009-6a80de9626a8 HTTP/1.1" status: 204 len: 168 time: 0.1243858
2026-04-22 19:40:42.254 10 INFO neutron.wsgi [None req-a55e790b-798f-44a4-b32b-25e7674ffd22 daa41a9d54e24d798a91923b9c43e44b fa3f7db648564a7085d09c1ae30ebb71 - - default default] 10.0.0.53 "GET /v2.0/security-group-rules HTTP/1.1" status: 200 len: 3567 time: 0.0464919
2026-04-22 19:40:42.263 10 WARNING neutron_lib.context [None req-210e2a34-a9ba-4764-81a6-9219442f711a daa41a9d54e24d798a91923b9c43e44b fa3f7db648564a7085d09c1ae30ebb71 - - default default] Method 'is_advsvc' is deprecated since 2023.2 release (neutron-lib 3.8.0) and will be removed once support for the old RBAC API policies will be removed from Neutron. Please use method 'is_service_role' instead.
2026-04-22 19:40:42.269 9 INFO neutron.db.ovn_revision_numbers_db [None req-dcfdd7a4-f7bb-465f-a6e5-ac8e23d8a51f 7975e1acb5494a238ff62f92ad612bee 41aea11e8ea541c181b1c6ed02bc5f87 - - default default] Successfully bumped revision number for resource 911a8868-69a4-4361-ae16-59940e305795 (type: router_ports) to 1
2026-04-22 19:40:42.272 9 INFO neutron.wsgi [None req-dcfdd7a4-f7bb-465f-a6e5-ac8e23d8a51f 7975e1acb5494a238ff62f92ad612bee 41aea11e8ea541c181b1c6ed02bc5f87 - - default default] 10.0.0.53 "PUT /v2.0/routers/3b67f7be-31ba-42e1-93f8-bebcae70f6b0/add_router_interface HTTP/1.1" status: 200 len: 503 time: 1.9431806
2026-04-22 19:40:42.373 9 INFO neutron.wsgi [None req-edfa65e4-0d90-4cb4-8ad1-e0eed2546bdf 7975e1acb5494a238ff62f92ad612bee 41aea11e8ea541c181b1c6ed02bc5f87 - - default default] 10.0.0.53 "GET /v2.0/ports/911a8868-69a4-4361-ae16-59940e305795 HTTP/1.1" status: 200 len: 1135 time: 0.0946689
2026-04-22 19:40:42.387 10 INFO neutron.db.ovn_revision_numbers_db [None req-210e2a34-a9ba-4764-81a6-9219442f711a daa41a9d54e24d798a91923b9c43e44b fa3f7db648564a7085d09c1ae30ebb71 - - default default] Successfully bumped revision number for resource 47c2043e-6639-411e-ac5d-522baecb63a5 (type: security_group_rules) to 0
2026-04-22 19:40:42.410 9 INFO neutron.wsgi [None req-75113b5a-b5b3-453d-89eb-8c55466d871b 7975e1acb5494a238ff62f92ad612bee 41aea11e8ea541c181b1c6ed02bc5f87 - - default default] 10.0.0.53 "GET /v2.0/ports/911a8868-69a4-4361-ae16-59940e305795 HTTP/1.1" status: 200 len: 1135 time: 0.0318933
2026-04-22 19:40:42.412 10 INFO neutron.wsgi [None req-210e2a34-a9ba-4764-81a6-9219442f711a daa41a9d54e24d798a91923b9c43e44b fa3f7db648564a7085d09c1ae30ebb71 - - default default] 10.0.0.53 "POST /v2.0/security-group-rules HTTP/1.1" status: 201 len: 769 time: 0.1538134
2026-04-22 19:40:42.430 9 INFO neutron.wsgi [None req-644462cc-9e9b-46e7-9e97-7d1853ea1ac3 daa41a9d54e24d798a91923b9c43e44b fa3f7db648564a7085d09c1ae30ebb71 - - default default] 10.0.0.53 "GET /v2.0/security-group-rules/47c2043e-6639-411e-ac5d-522baecb63a5 HTTP/1.1" status: 200 len: 764 time: 0.0132236
2026-04-22 19:40:42.436 9 WARNING neutron_lib.context [None req-9314f8dd-a5e9-4356-895f-962db2177460 488460b395714d05bd0576a04834f0ec 5b9d85c109b348b894a11a8bb7cd2e79 - - default default] Method 'is_advsvc' is deprecated since 2023.2 release (neutron-lib 3.8.0) and will be removed once support for the old RBAC API policies will be removed from Neutron. Please use method 'is_service_role' instead.
2026-04-22 19:40:42.475 9 WARNING neutron_lib.context [None req-9314f8dd-a5e9-4356-895f-962db2177460 488460b395714d05bd0576a04834f0ec 5b9d85c109b348b894a11a8bb7cd2e79 - - default default] Method 'is_advsvc' is deprecated since 2023.2 release (neutron-lib 3.8.0) and will be removed once support for the old RBAC API policies will be removed from Neutron. Please use method 'is_service_role' instead.
2026-04-22 19:40:42.481 10 INFO neutron.wsgi [None req-7a89b77c-e5d6-4657-a3ed-09a432db376c daa41a9d54e24d798a91923b9c43e44b fa3f7db648564a7085d09c1ae30ebb71 - - default default] 10.0.0.53 "GET /v2.0/security-group-rules HTTP/1.1" status: 200 len: 4114 time: 0.0446665
2026-04-22 19:40:42.608 10 INFO neutron.wsgi [None req-9c29a9f7-f184-4e78-accc-7394b003f16d daa41a9d54e24d798a91923b9c43e44b fa3f7db648564a7085d09c1ae30ebb71 - - default default] 10.0.0.53 "DELETE /v2.0/security-group-rules/47c2043e-6639-411e-ac5d-522baecb63a5 HTTP/1.1" status: 204 len: 168 time: 0.1232340
2026-04-22 19:40:42.650 10 INFO neutron.wsgi [None req-5c5052ec-032b-4f93-95ac-aa3e9c5d195e daa41a9d54e24d798a91923b9c43e44b fa3f7db648564a7085d09c1ae30ebb71 - - default default] 10.0.0.53 "GET /v2.0/security-group-rules HTTP/1.1" status: 200 len: 3567 time: 0.0361691
2026-04-22 19:40:42.767 10 INFO neutron.wsgi [None req-96721a90-92cb-4071-8ef1-d2f9bba46b56 daa41a9d54e24d798a91923b9c43e44b fa3f7db648564a7085d09c1ae30ebb71 - - default default] 10.0.0.53 "DELETE /v2.0/security-groups/9beacc80-7e17-4501-b323-656cd2866d11 HTTP/1.1" status: 204 len: 168 time: 0.1107137
2026-04-22 19:40:42.812 10 INFO neutron.wsgi [None req-2b381a17-8743-4ea7-be6e-cf0a5305f1c2 daa41a9d54e24d798a91923b9c43e44b fa3f7db648564a7085d09c1ae30ebb71 - - default default] 10.0.0.53 "GET /v2.0/security-groups HTTP/1.1" status: 200 len: 2996 time: 0.0422108
