2026-04-22 19:41:51.644 10 INFO neutron.wsgi [None req-46416ce5-e8c5-4778-9d61-eabafae87448 ad77f1f0ea3c42cea6d2c8ea2026a1a3 cc31d9347edc405da200c6457021603c - - default default] 10.0.0.53 "GET /v2.0/security-groups/645692e4-7ad9-4e84-a26a-8ffeb5fe43ee HTTP/1.1" status: 200 len: 1793 time: 0.0496066
2026-04-22 19:41:51.782 9 INFO neutron.wsgi [None req-1b2ce913-d90e-472b-b83d-fadc760c3ff4 ad77f1f0ea3c42cea6d2c8ea2026a1a3 cc31d9347edc405da200c6457021603c - - default default] 10.0.0.53 "DELETE /v2.0/security-groups/645692e4-7ad9-4e84-a26a-8ffeb5fe43ee HTTP/1.1" status: 204 len: 168 time: 0.1330969
2026-04-22 19:41:51.831 9 INFO neutron.wsgi [None req-8d8e69da-c24c-4e8c-a600-b117a1135868 ad77f1f0ea3c42cea6d2c8ea2026a1a3 cc31d9347edc405da200c6457021603c - - default default] 10.0.0.53 "GET /v2.0/security-groups HTTP/1.1" status: 200 len: 2996 time: 0.0410566
2026-04-22 19:41:51.848 9 INFO neutron.api.v2.resource [None req-dfbdb105-4c12-47b6-8673-9369bf99bb92 ad77f1f0ea3c42cea6d2c8ea2026a1a3 cc31d9347edc405da200c6457021603c - - default default] delete failed (client error): The resource could not be found.
2026-04-22 19:41:51.850 9 INFO neutron.wsgi [None req-dfbdb105-4c12-47b6-8673-9369bf99bb92 ad77f1f0ea3c42cea6d2c8ea2026a1a3 cc31d9347edc405da200c6457021603c - - default default] 10.0.0.53 "DELETE /v2.0/security-groups/645692e4-7ad9-4e84-a26a-8ffeb5fe43ee HTTP/1.1" status: 404 len: 347 time: 0.0124598
2026-04-22 19:41:51.871 9 WARNING neutron_lib.context [None req-33314420-8edd-40e0-9a3f-c67ef9e94a2f ad77f1f0ea3c42cea6d2c8ea2026a1a3 cc31d9347edc405da200c6457021603c - - default default] Method 'is_advsvc' is deprecated since 2023.2 release (neutron-lib 3.8.0) and will be removed once support for the old RBAC API policies will be removed from Neutron. Please use method 'is_service_role' instead.
2026-04-22 19:41:52.030 9 INFO neutron.db.ovn_revision_numbers_db [None req-33314420-8edd-40e0-9a3f-c67ef9e94a2f ad77f1f0ea3c42cea6d2c8ea2026a1a3 cc31d9347edc405da200c6457021603c - - default default] Successfully bumped revision number for resource b87b34a8-2fd5-4bfd-b9d2-ba6bf34d19a8 (type: security_groups) to 1
2026-04-22 19:41:52.056 9 INFO neutron.db.ovn_revision_numbers_db [None req-33314420-8edd-40e0-9a3f-c67ef9e94a2f ad77f1f0ea3c42cea6d2c8ea2026a1a3 cc31d9347edc405da200c6457021603c - - default default] Successfully bumped revision number for resource 68876812-cd24-47be-a9ca-039eadcf75fd (type: security_group_rules) to 0
2026-04-22 19:41:52.076 9 INFO neutron.db.ovn_revision_numbers_db [None req-33314420-8edd-40e0-9a3f-c67ef9e94a2f ad77f1f0ea3c42cea6d2c8ea2026a1a3 cc31d9347edc405da200c6457021603c - - default default] Successfully bumped revision number for resource ee25a9ed-4db6-468a-afd3-aa10c53af310 (type: security_group_rules) to 0
2026-04-22 19:41:52.099 9 INFO neutron.wsgi [None req-33314420-8edd-40e0-9a3f-c67ef9e94a2f ad77f1f0ea3c42cea6d2c8ea2026a1a3 cc31d9347edc405da200c6457021603c - - default default] 10.0.0.53 "POST /v2.0/security-groups HTTP/1.1" status: 201 len: 1761 time: 0.2375491
2026-04-22 19:41:52.114 9 WARNING neutron_lib.context [None req-cb9bbdc6-e8e9-4be1-b9da-1ef9d400afc8 ad77f1f0ea3c42cea6d2c8ea2026a1a3 cc31d9347edc405da200c6457021603c - - default default] Method 'is_advsvc' is deprecated since 2023.2 release (neutron-lib 3.8.0) and will be removed once support for the old RBAC API policies will be removed from Neutron. Please use method 'is_service_role' instead.
2026-04-22 19:41:52.184 10 INFO neutron.wsgi [None req-a956931c-d691-46fe-9127-b6d2be0330b6 ee2f3d3ab3a143b9885bf97c048b0ef6 e95d747a0c2a412389ead86875c3a8ec - - default default] 10.0.0.42 "GET /v2.0/floatingips HTTP/1.1" status: 200 len: 1575 time: 0.1812930
2026-04-22 19:41:52.281 9 INFO neutron.db.ovn_revision_numbers_db [None req-cb9bbdc6-e8e9-4be1-b9da-1ef9d400afc8 ad77f1f0ea3c42cea6d2c8ea2026a1a3 cc31d9347edc405da200c6457021603c - - default default] Successfully bumped revision number for resource b17e65f0-99ee-4df1-a924-604a6758c7fd (type: security_group_rules) to 0
2026-04-22 19:41:52.300 10 INFO neutron.wsgi [None req-90ddf81d-a52e-48f2-83a1-37e816828cde ee2f3d3ab3a143b9885bf97c048b0ef6 e95d747a0c2a412389ead86875c3a8ec - - default default] 10.0.0.42 "GET /v2.0/ports HTTP/1.1" status: 200 len: 22822 time: 0.1139965
2026-04-22 19:41:52.317 9 INFO neutron.wsgi [None req-cb9bbdc6-e8e9-4be1-b9da-1ef9d400afc8 ad77f1f0ea3c42cea6d2c8ea2026a1a3 cc31d9347edc405da200c6457021603c - - default default] 10.0.0.53 "POST /v2.0/security-group-rules HTTP/1.1" status: 201 len: 768 time: 0.2081296
2026-04-22 19:41:52.339 9 INFO neutron.wsgi [None req-1cf7a249-a9ae-483f-a142-f77d24f74e59 ad77f1f0ea3c42cea6d2c8ea2026a1a3 cc31d9347edc405da200c6457021603c - - default default] 10.0.0.53 "GET /v2.0/security-group-rules/b17e65f0-99ee-4df1-a924-604a6758c7fd HTTP/1.1" status: 200 len: 763 time: 0.0165906
2026-04-22 19:41:52.370 10 INFO neutron.wsgi [None req-3037f291-e777-4e5e-b8c4-da5ddea419ce ee2f3d3ab3a143b9885bf97c048b0ef6 e95d747a0c2a412389ead86875c3a8ec - - default default] 10.0.0.42 "GET /v2.0/subnets HTTP/1.1" status: 200 len: 4036 time: 0.0564585
2026-04-22 19:41:52.408 9 INFO neutron.wsgi [None req-cd432e13-0d99-41a0-a776-d1d07fe05617 ad77f1f0ea3c42cea6d2c8ea2026a1a3 cc31d9347edc405da200c6457021603c - - default default] 10.0.0.53 "GET /v2.0/security-group-rules HTTP/1.1" status: 200 len: 4113 time: 0.0652492
2026-04-22 19:41:52.414 10 INFO neutron.wsgi [None req-e0c5dbab-1798-4a97-bbcc-a119cb8d8f20 ee2f3d3ab3a143b9885bf97c048b0ef6 e95d747a0c2a412389ead86875c3a8ec - - default default] 10.0.0.42 "GET /v2.0/agents HTTP/1.1" status: 200 len: 997 time: 0.0414491
2026-04-22 19:41:52.451 10 INFO neutron.wsgi [None req-0873a77e-8536-45a1-9cec-a58347a228e2 ee2f3d3ab3a143b9885bf97c048b0ef6 e95d747a0c2a412389ead86875c3a8ec - - default default] 10.0.0.42 "GET /v2.0/network-ip-availabilities HTTP/1.1" status: 200 len: 3135 time: 0.0317400
2026-04-22 19:41:52.570 9 INFO neutron.wsgi [None req-68ffda8e-0060-456e-bb03-14e427dd72f6 ad77f1f0ea3c42cea6d2c8ea2026a1a3 cc31d9347edc405da200c6457021603c - - default default] 10.0.0.53 "DELETE /v2.0/security-group-rules/b17e65f0-99ee-4df1-a924-604a6758c7fd HTTP/1.1" status: 204 len: 168 time: 0.1480134
2026-04-22 19:41:52.600 10 INFO neutron.wsgi [None req-070f9e94-583a-40ac-8005-5b1efec23583 ee2f3d3ab3a143b9885bf97c048b0ef6 e95d747a0c2a412389ead86875c3a8ec - - default default] 10.0.0.42 "GET /v2.0/networks HTTP/1.1" status: 200 len: 5365 time: 0.1466300
2026-04-22 19:41:52.619 9 INFO neutron.wsgi [None req-7462bdf6-d7fd-4449-bda9-21cf45206ae9 ad77f1f0ea3c42cea6d2c8ea2026a1a3 cc31d9347edc405da200c6457021603c - - default default] 10.0.0.53 "GET /v2.0/security-group-rules HTTP/1.1" status: 200 len: 3567 time: 0.0450644
2026-04-22 19:41:52.630 9 WARNING neutron_lib.context [None req-cd90ec1e-a582-4fbc-a322-28c7da4427b5 ad77f1f0ea3c42cea6d2c8ea2026a1a3 cc31d9347edc405da200c6457021603c - - default default] Method 'is_advsvc' is deprecated since 2023.2 release (neutron-lib 3.8.0) and will be removed once support for the old RBAC API policies will be removed from Neutron. Please use method 'is_service_role' instead.
2026-04-22 19:41:52.756 10 INFO neutron.wsgi [None req-df429dc6-fc21-48e8-9cd7-3c470ab3d98d ee2f3d3ab3a143b9885bf97c048b0ef6 e95d747a0c2a412389ead86875c3a8ec - - default default] 10.0.0.42 "GET /v2.0/security-groups HTTP/1.1" status: 200 len: 50266 time: 0.1507530
2026-04-22 19:41:52.759 9 INFO neutron.wsgi [req-73fba02e-c7bf-4976-a96d-f604148e9d84 req-3f8087b5-7b6e-420e-b528-b32f408c85b9 04b5aef04603496d903386f83278a878 a0356a7c76774970affd0ae69dac4347 - - default default] 10.0.0.78 "GET /v2.0/ports?device_id=341b6146-12c4-4aa1-ac46-efbcfbc1ab53 HTTP/1.1" status: 200 len: 1210 time: 0.1182928
2026-04-22 19:41:52.833 9 INFO neutron.wsgi [req-73fba02e-c7bf-4976-a96d-f604148e9d84 req-a24d7228-0b70-4fc8-8322-55422372a925 04b5aef04603496d903386f83278a878 a0356a7c76774970affd0ae69dac4347 - - default default] 10.0.0.78 "GET /v2.0/security-groups?id=437919c2-8dce-495b-a148-d55bfd3ba2b0&id=777df50d-01ce-461e-9199-95dd2d65d467&fields=id&fields=name HTTP/1.1" status: 200 len: 404 time: 0.0677676
2026-04-22 19:41:52.836 9 INFO neutron.db.ovn_revision_numbers_db [None req-cd90ec1e-a582-4fbc-a322-28c7da4427b5 ad77f1f0ea3c42cea6d2c8ea2026a1a3 cc31d9347edc405da200c6457021603c - - default default] Successfully bumped revision number for resource 1b74df1f-9351-496f-9eff-f3e4914b10e8 (type: security_group_rules) to 0
2026-04-22 19:41:52.863 9 INFO neutron.wsgi [None req-cd90ec1e-a582-4fbc-a322-28c7da4427b5 ad77f1f0ea3c42cea6d2c8ea2026a1a3 cc31d9347edc405da200c6457021603c - - default default] 10.0.0.53 "POST /v2.0/security-group-rules HTTP/1.1" status: 201 len: 768 time: 0.2369838
2026-04-22 19:41:52.902 9 INFO neutron.wsgi [None req-cee6758c-9f0c-444b-8edd-39326ad33f95 ad77f1f0ea3c42cea6d2c8ea2026a1a3 cc31d9347edc405da200c6457021603c - - default default] 10.0.0.53 "GET /v2.0/security-group-rules/1b74df1f-9351-496f-9eff-f3e4914b10e8 HTTP/1.1" status: 200 len: 763 time: 0.0340638
2026-04-22 19:41:52.951 9 INFO neutron.wsgi [None req-4b8499f1-09a4-4609-8f5a-2608683d009e ad77f1f0ea3c42cea6d2c8ea2026a1a3 cc31d9347edc405da200c6457021603c - - default default] 10.0.0.53 "GET /v2.0/security-group-rules HTTP/1.1" status: 200 len: 4113 time: 0.0445204
2026-04-22 19:41:53.073 9 INFO neutron.wsgi [None req-677b91f6-b927-46ed-9511-381606747a1e ad77f1f0ea3c42cea6d2c8ea2026a1a3 cc31d9347edc405da200c6457021603c - - default default] 10.0.0.53 "DELETE /v2.0/security-group-rules/1b74df1f-9351-496f-9eff-f3e4914b10e8 HTTP/1.1" status: 204 len: 168 time: 0.1164649
2026-04-22 19:41:53.119 9 INFO neutron.wsgi [None req-b4c0d2ee-ed01-4314-81b2-eac481ed0342 ad77f1f0ea3c42cea6d2c8ea2026a1a3 cc31d9347edc405da200c6457021603c - - default default] 10.0.0.53 "GET /v2.0/security-group-rules HTTP/1.1" status: 200 len: 3567 time: 0.0407364
2026-04-22 19:41:53.128 9 WARNING neutron_lib.context [None req-c28041c7-0c23-43eb-842e-9323ebc7c73d ad77f1f0ea3c42cea6d2c8ea2026a1a3 cc31d9347edc405da200c6457021603c - - default default] Method 'is_advsvc' is deprecated since 2023.2 release (neutron-lib 3.8.0) and will be removed once support for the old RBAC API policies will be removed from Neutron. Please use method 'is_service_role' instead.
2026-04-22 19:41:53.147 9 INFO neutron.db.securitygroups_db [None req-c28041c7-0c23-43eb-842e-9323ebc7c73d ad77f1f0ea3c42cea6d2c8ea2026a1a3 cc31d9347edc405da200c6457021603c - - default default] Project cc31d9347edc405da200c6457021603c added a security group rule with legacy IPv6 ICMP protocol name icmp, ipv6-icmp should be used instead. It was automatically converted.
2026-04-22 19:41:53.197 10 INFO neutron.wsgi [req-25ca9b1d-a856-4094-92ee-44f5ad3dd190 req-48b77e2b-501c-4663-b0c3-5662968c8eb7 04b5aef04603496d903386f83278a878 a0356a7c76774970affd0ae69dac4347 - - default default] 10.0.0.78 "GET /v2.0/ports?device_id=341b6146-12c4-4aa1-ac46-efbcfbc1ab53 HTTP/1.1" status: 200 len: 1210 time: 0.0927927
2026-04-22 19:41:53.239 10 INFO neutron.wsgi [None req-bcb4e7f2-18fe-43b8-a462-d17bd026a24e ee2f3d3ab3a143b9885bf97c048b0ef6 e95d747a0c2a412389ead86875c3a8ec - - default default] 10.0.0.42 "GET /v2.0/routers HTTP/1.1" status: 200 len: 2870 time: 0.4682703
2026-04-22 19:41:53.272 10 INFO neutron.wsgi [None req-f4a03763-9887-4c0e-b3fa-85c4887d21f7 ee2f3d3ab3a143b9885bf97c048b0ef6 e95d747a0c2a412389ead86875c3a8ec - - default default] 10.0.0.42 "GET /v2.0/agents?binary=ovn-controller HTTP/1.1" status: 200 len: 591 time: 0.0313144
2026-04-22 19:41:53.310 9 INFO neutron.db.ovn_revision_numbers_db [None req-c28041c7-0c23-43eb-842e-9323ebc7c73d ad77f1f0ea3c42cea6d2c8ea2026a1a3 cc31d9347edc405da200c6457021603c - - default default] Successfully bumped revision number for resource 47f67cf9-99a4-4fb0-bdd2-33f47cc26f02 (type: security_group_rules) to 0
2026-04-22 19:41:53.325 10 INFO neutron.wsgi [None req-d9fb768c-0029-45ca-ba52-695d56e9fd5a ee2f3d3ab3a143b9885bf97c048b0ef6 e95d747a0c2a412389ead86875c3a8ec - - default default] 10.0.0.42 "GET /v2.0/subnets HTTP/1.1" status: 200 len: 4036 time: 0.0501196
2026-04-22 19:41:53.360 10 INFO neutron.wsgi [None req-32e4f8a0-bcb5-4e47-acce-a0435e8bf4a8 ee2f3d3ab3a143b9885bf97c048b0ef6 e95d747a0c2a412389ead86875c3a8ec - - default default] 10.0.0.42 "GET /v2.0/subnetpools HTTP/1.1" status: 200 len: 193 time: 0.0305102
2026-04-22 19:41:53.379 9 INFO neutron.wsgi [None req-c28041c7-0c23-43eb-842e-9323ebc7c73d ad77f1f0ea3c42cea6d2c8ea2026a1a3 cc31d9347edc405da200c6457021603c - - default default] 10.0.0.53 "POST /v2.0/security-group-rules HTTP/1.1" status: 201 len: 774 time: 0.2554183
2026-04-22 19:41:53.437 10 INFO neutron.wsgi [req-1fee1748-48cf-4436-934e-c7ea23328f66 req-dd14e344-5dec-4dbf-b238-9e2bc6598023 74c10f796dd9484d81aaaeadb9fc6aa7 4eabc121554046faadfb1f554ba2c17b - - bc3a08d6369941d6adfa3d0f4b770de6 bc3a08d6369941d6adfa3d0f4b770de6] 10.0.0.55 "GET /v2.0/ports?device_id=a42e1b41-6546-4163-9eeb-1afedabb7599 HTTP/1.1" status: 200 len: 1413 time: 0.0995972
2026-04-22 19:41:53.492 10 INFO neutron.wsgi [None req-410e65a1-1174-4f58-af58-cafaf307a52e ad77f1f0ea3c42cea6d2c8ea2026a1a3 cc31d9347edc405da200c6457021603c - - default default] 10.0.0.53 "GET /v2.0/security-group-rules/47f67cf9-99a4-4fb0-bdd2-33f47cc26f02 HTTP/1.1" status: 200 len: 769 time: 0.1046486
2026-04-22 19:41:53.541 10 INFO neutron.wsgi [req-1fee1748-48cf-4436-934e-c7ea23328f66 req-465b0b88-bfb6-46ca-b96c-cd761e5fd5fb 74c10f796dd9484d81aaaeadb9fc6aa7 4eabc121554046faadfb1f554ba2c17b - - bc3a08d6369941d6adfa3d0f4b770de6 bc3a08d6369941d6adfa3d0f4b770de6] 10.0.0.55 "GET /v2.0/security-groups?id=12b650ab-57ba-46e0-a3cd-9b389df07bcf&fields=id&fields=name HTTP/1.1" status: 200 len: 313 time: 0.0959277
2026-04-22 19:41:53.552 9 INFO neutron.db.l3_db [None req-15bfc102-3679-49da-a6c2-53b81aebf4c7 04b5aef04603496d903386f83278a878 a0356a7c76774970affd0ae69dac4347 - - default default] Floating IP b67468d0-447d-4125-acb0-b3f87e8ff5e0 associated. External IP: 10.96.250.218, port: cf5536f4-7e7d-41bf-894c-5e70e3123f35.
2026-04-22 19:41:53.605 10 INFO neutron.wsgi [None req-67da6dd9-dddc-4293-910e-2b131bd5f3f1 ee2f3d3ab3a143b9885bf97c048b0ef6 e95d747a0c2a412389ead86875c3a8ec - - default default] 10.0.0.53 "PUT /v2.0/routers/aee81d36-c3ad-411e-a607-fa3fb4bd6924/remove_router_interface HTTP/1.1" status: 200 len: 503 time: 2.9273462 /var/lib/openstack/lib/python3.10/site-packages/pycadf/identifier.py:71: UserWarning: Invalid uuid: neutron. To ensure interoperability, identifiers should be a valid uuid. warnings.warn(('Invalid uuid: %s. To ensure interoperability, '
2026-04-22 19:41:53.681 10 INFO neutron.wsgi [None req-6e806929-6d0e-4098-8a7a-061acba92bfa ad77f1f0ea3c42cea6d2c8ea2026a1a3 cc31d9347edc405da200c6457021603c - - default default] 10.0.0.53 "GET /v2.0/security-group-rules HTTP/1.1" status: 200 len: 4119 time: 0.1818783
2026-04-22 19:41:53.846 9 INFO neutron.db.ovn_revision_numbers_db [None req-15bfc102-3679-49da-a6c2-53b81aebf4c7 04b5aef04603496d903386f83278a878 a0356a7c76774970affd0ae69dac4347 - - default default] Successfully bumped revision number for resource b67468d0-447d-4125-acb0-b3f87e8ff5e0 (type: floatingips) to 1
2026-04-22 19:41:53.909 9 INFO neutron.wsgi [None req-50ceeb13-6a8f-4164-b12e-5cc6c4b5261f ad77f1f0ea3c42cea6d2c8ea2026a1a3 cc31d9347edc405da200c6457021603c - - default default] 10.0.0.53 "DELETE /v2.0/security-group-rules/47f67cf9-99a4-4fb0-bdd2-33f47cc26f02 HTTP/1.1" status: 204 len: 168 time: 0.2159936
2026-04-22 19:41:53.962 9 INFO neutron.wsgi [None req-f62bce7f-5a3d-4e16-9386-fc8e6bf3bc89 ad77f1f0ea3c42cea6d2c8ea2026a1a3 cc31d9347edc405da200c6457021603c - - default default] 10.0.0.53 "GET /v2.0/security-group-rules HTTP/1.1" status: 200 len: 3567 time: 0.0463989
2026-04-22 19:41:54.013 9 INFO neutron.db.ovn_revision_numbers_db [None req-15bfc102-3679-49da-a6c2-53b81aebf4c7 04b5aef04603496d903386f83278a878 a0356a7c76774970affd0ae69dac4347 - - default default] Successfully bumped revision number for resource b67468d0-447d-4125-acb0-b3f87e8ff5e0 (type: floatingips) to 2
2026-04-22 19:41:54.049 9 INFO neutron.wsgi [None req-15bfc102-3679-49da-a6c2-53b81aebf4c7 04b5aef04603496d903386f83278a878 a0356a7c76774970affd0ae69dac4347 - - default default] 10.0.0.53 "PUT /v2.0/floatingips/b67468d0-447d-4125-acb0-b3f87e8ff5e0 HTTP/1.1" status: 200 len: 1049 time: 0.8368292
2026-04-22 19:41:54.083 9 INFO neutron.notifiers.nova [-] Nova event matching ['req-32d289cd-b3bb-479a-ba58-294b3988a2bd'] response: {'name': 'network-changed', 'server_uuid': '341b6146-12c4-4aa1-ac46-efbcfbc1ab53', 'tag': 'cf5536f4-7e7d-41bf-894c-5e70e3123f35', 'status': 'completed', 'code': 200}
2026-04-22 19:41:54.129 9 INFO neutron.wsgi [None req-04af2aa5-46d9-48ea-a419-c1f53fa7fa5b ad77f1f0ea3c42cea6d2c8ea2026a1a3 cc31d9347edc405da200c6457021603c - - default default] 10.0.0.53 "DELETE /v2.0/security-groups/b87b34a8-2fd5-4bfd-b9d2-ba6bf34d19a8 HTTP/1.1" status: 204 len: 168 time: 0.1544430
2026-04-22 19:41:54.153 9 INFO neutron.wsgi [req-efd86991-8f96-4f6a-a6d5-4d5739c415d0 req-ea98e40f-1b1b-4f23-bd3c-1334a42c849c 74c10f796dd9484d81aaaeadb9fc6aa7 4eabc121554046faadfb1f554ba2c17b - - bc3a08d6369941d6adfa3d0f4b770de6 bc3a08d6369941d6adfa3d0f4b770de6] 199.19.213.132 "GET /v2.0/ports?tenant_id=a0356a7c76774970affd0ae69dac4347&device_id=341b6146-12c4-4aa1-ac46-efbcfbc1ab53 HTTP/1.1" status: 200 len: 1448 time: 0.0481129
2026-04-22 19:41:54.191 9 INFO neutron.wsgi [None req-da93770d-bc89-485c-aaee-4a7a9de63d62 ad77f1f0ea3c42cea6d2c8ea2026a1a3 cc31d9347edc405da200c6457021603c - - default default] 10.0.0.53 "GET /v2.0/security-groups HTTP/1.1" status: 200 len: 2996 time: 0.0569263 /var/lib/openstack/lib/python3.10/site-packages/pycadf/identifier.py:71: UserWarning: Invalid uuid: neutron. To ensure interoperability, identifiers should be a valid uuid. warnings.warn(('Invalid uuid: %s. To ensure interoperability, '
2026-04-22 19:41:54.236 9 INFO neutron.wsgi [req-efd86991-8f96-4f6a-a6d5-4d5739c415d0 req-b419a4cb-9828-45e4-868c-5af86d521b6b 74c10f796dd9484d81aaaeadb9fc6aa7 4eabc121554046faadfb1f554ba2c17b - - bc3a08d6369941d6adfa3d0f4b770de6 bc3a08d6369941d6adfa3d0f4b770de6] 199.19.213.132 "GET /v2.0/networks?id=79369d53-314c-4a26-bef3-ad7796e5b42b HTTP/1.1" status: 200 len: 969 time: 0.0723119
2026-04-22 19:41:54.277 10 INFO neutron.wsgi [None req-6deecb4c-56c1-47eb-b97f-39b02c2f2ffd ad77f1f0ea3c42cea6d2c8ea2026a1a3 cc31d9347edc405da200c6457021603c - - default default] 10.0.0.53 "GET /v2.0/security-groups HTTP/1.1" status: 200 len: 2996 time: 0.0722404
2026-04-22 19:41:54.304 9 INFO neutron.wsgi [req-efd86991-8f96-4f6a-a6d5-4d5739c415d0 req-891a3659-3239-42ae-92f5-ab12e04af13d 74c10f796dd9484d81aaaeadb9fc6aa7 4eabc121554046faadfb1f554ba2c17b - - bc3a08d6369941d6adfa3d0f4b770de6 bc3a08d6369941d6adfa3d0f4b770de6] 199.19.213.132 "GET /v2.0/floatingips?fixed_ip_address=10.100.0.6&port_id=cf5536f4-7e7d-41bf-894c-5e70e3123f35 HTTP/1.1" status: 200 len: 1059 time: 0.0622296
2026-04-22 19:41:54.351 9 INFO neutron.wsgi [req-efd86991-8f96-4f6a-a6d5-4d5739c415d0 req-6a9eaea9-623c-4fc0-8ce4-fb24d2516af0 74c10f796dd9484d81aaaeadb9fc6aa7 4eabc121554046faadfb1f554ba2c17b - - bc3a08d6369941d6adfa3d0f4b770de6 bc3a08d6369941d6adfa3d0f4b770de6] 199.19.213.132 "GET /v2.0/subnets?id=9507bede-47c0-43f7-b2d4-390908a13aa5 HTTP/1.1" status: 200 len: 864 time: 0.0392396
2026-04-22 19:41:54.381 9 INFO neutron.wsgi [req-efd86991-8f96-4f6a-a6d5-4d5739c415d0 req-b72e3915-207e-41de-98af-27ba802d4033 74c10f796dd9484d81aaaeadb9fc6aa7 4eabc121554046faadfb1f554ba2c17b - - bc3a08d6369941d6adfa3d0f4b770de6 bc3a08d6369941d6adfa3d0f4b770de6] 199.19.213.132 "GET /v2.0/ports?network_id=79369d53-314c-4a26-bef3-ad7796e5b42b&device_owner=network%3Adhcp HTTP/1.1" status: 200 len: 210 time: 0.0205188
2026-04-22 19:41:54.463 9 INFO neutron.wsgi [req-efd86991-8f96-4f6a-a6d5-4d5739c415d0 req-d2c34e33-c655-43cf-af90-92495a542a61 74c10f796dd9484d81aaaeadb9fc6aa7 4eabc121554046faadfb1f554ba2c17b - - bc3a08d6369941d6adfa3d0f4b770de6 bc3a08d6369941d6adfa3d0f4b770de6] 199.19.213.132 "GET /v2.0/networks/79369d53-314c-4a26-bef3-ad7796e5b42b?fields=segments HTTP/1.1" status: 200 len: 212 time: 0.0748861
2026-04-22 19:41:54.529 9 INFO neutron.wsgi [req-efd86991-8f96-4f6a-a6d5-4d5739c415d0 req-412d88ce-883d-4342-86dd-c9ea1de551a4 74c10f796dd9484d81aaaeadb9fc6aa7 4eabc121554046faadfb1f554ba2c17b - - bc3a08d6369941d6adfa3d0f4b770de6 bc3a08d6369941d6adfa3d0f4b770de6] 199.19.213.132 "GET /v2.0/networks/79369d53-314c-4a26-bef3-ad7796e5b42b?fields=provider%3Aphysical_network&fields=provider%3Anetwork_type HTTP/1.1" status: 200 len: 277 time: 0.0601954
2026-04-22 19:41:54.706 10 INFO neutron.wsgi [None req-675b0b18-30c9-4603-84d2-765d619f8f02 ee2f3d3ab3a143b9885bf97c048b0ef6 e95d747a0c2a412389ead86875c3a8ec - - default default] 10.0.0.53 "DELETE /v2.0/routers/aee81d36-c3ad-411e-a607-fa3fb4bd6924 HTTP/1.1" status: 204 len: 168 time: 1.0944502
2026-04-22 19:41:54.951 9 INFO neutron.wsgi [None req-6fc5b7e0-5733-472b-a178-48d3ea319110 ee2f3d3ab3a143b9885bf97c048b0ef6 e95d747a0c2a412389ead86875c3a8ec - - default default] 10.0.0.53 "GET /v2.0/security-groups?tenant_id=cc31d9347edc405da200c6457021603c&name=default HTTP/1.1" status: 200 len: 2996 time: 0.1464229
2026-04-22 19:41:55.004 10 INFO neutron.wsgi [None req-8c9a9934-f0e7-4b9d-9599-0652846bd8bc ee2f3d3ab3a143b9885bf97c048b0ef6 e95d747a0c2a412389ead86875c3a8ec - - default default] 10.0.0.53 "DELETE /v2.0/subnets/0987ee15-ffb1-4bf5-9a11-6b8d5a1dc392 HTTP/1.1" status: 204 len: 168 time: 0.2923844
2026-04-22 19:41:55.184 10 INFO neutron.wsgi [None req-0be262ea-df23-4e87-9341-e92fda66311b ee2f3d3ab3a143b9885bf97c048b0ef6 e95d747a0c2a412389ead86875c3a8ec - - default default] 10.0.0.53 "DELETE /v2.0/security-groups/f543e683-3180-48ae-9009-60ce08122038 HTTP/1.1" status: 204 len: 168 time: 0.2251928
2026-04-22 19:41:55.572 9 INFO neutron.services.segments.plugin [-] Segment 3357fb84-a789-4a40-bf39-d834e7c10c16 resource provider aggregate not found
2026-04-22 19:41:55.577 9 INFO neutron.services.segments.plugin [-] Segment 3357fb84-a789-4a40-bf39-d834e7c10c16 resource provider aggregate not found
2026-04-22 19:41:55.594 9 INFO neutron.services.segments.plugin [-] Segment 3357fb84-a789-4a40-bf39-d834e7c10c16 resource provider not found; error: Placement Client Error (4xx): {"errors": [{"status": 404, "title": "Not Found", "detail": "The resource could not be found.\n\n No resource provider with uuid 3357fb84-a789-4a40-bf39-d834e7c10c16 found for delete ", "request_id": "req-04bed6c8-5753-46ce-863f-9facac736828"}]}
2026-04-22 19:41:55.595 9 INFO neutron.services.segments.plugin [-] Segment 3357fb84-a789-4a40-bf39-d834e7c10c16 resource provider not found; error: Placement Client Error (4xx): {"errors": [{"status": 404, "title": "Not Found", "detail": "The resource could not be found.\n\n No resource provider with uuid 3357fb84-a789-4a40-bf39-d834e7c10c16 found for delete ", "request_id": "req-583ed7be-225b-49df-9e46-278aa81fa8c0"}]}
2026-04-22 19:41:55.627 9 INFO neutron.wsgi [None req-0fee9be5-6e28-4cc9-af78-424519a051a4 ee2f3d3ab3a143b9885bf97c048b0ef6 e95d747a0c2a412389ead86875c3a8ec - - default default] 10.0.0.53 "DELETE /v2.0/networks/e6c16cf4-0a5b-46d4-a6cb-4b58823e1e84 HTTP/1.1" status: 204 len: 168 time: 0.6160603
2026-04-22 19:41:55.880 9 INFO neutron.wsgi [None req-148b2a2a-2350-45ac-ad7e-b4842f9fef5c ee2f3d3ab3a143b9885bf97c048b0ef6 e95d747a0c2a412389ead86875c3a8ec - - default default] 10.0.0.53 "GET /v2.0/security-groups?tenant_id=3f608b26d04841d28a8e76b3f542c194&name=default HTTP/1.1" status: 200 len: 2996 time: 0.0551012
2026-04-22 19:41:56.128 9 INFO neutron.plugins.ml2.drivers.ovn.mech_driver.mech_driver [None req-0f7edde9-43a3-45cf-ae74-5f357d8d0ae2 - - - - - -] OVN reports status down for port: 7381ca15-7fc4-49f5-b82d-7a17a4628e3a
2026-04-22 19:41:56.186 9 INFO neutron.wsgi [None req-2dc1cebd-fcee-47a4-bb19-e60afa1b20ba ee2f3d3ab3a143b9885bf97c048b0ef6 e95d747a0c2a412389ead86875c3a8ec - - default default] 10.0.0.53 "DELETE /v2.0/security-groups/e3a5ee3a-8fc3-4778-96a3-9fd511e799f4 HTTP/1.1" status: 204 len: 168 time: 0.3015163
2026-04-22 19:41:56.196 9 INFO neutron.wsgi [req-daeec502-af04-4dd3-9605-96d7f666c662 req-980ad0c4-829c-412a-bcfe-31f7c4629897 087f25fdef84458c88019d61f895c627 b0054cfa74404dd09b1352e78cdee1d4 - - default default] 10.0.0.78 "GET /v2.0/ports?device_id=a42e1b41-6546-4163-9eeb-1afedabb7599 HTTP/1.1" status: 200 len: 1174 time: 0.1285188
2026-04-22 19:41:56.280 9 INFO neutron.wsgi [req-daeec502-af04-4dd3-9605-96d7f666c662 req-349a5361-9491-4f1d-bf43-ce9185fb95f6 087f25fdef84458c88019d61f895c627 b0054cfa74404dd09b1352e78cdee1d4 - - default default] 10.0.0.78 "GET /v2.0/security-groups?id=12b650ab-57ba-46e0-a3cd-9b389df07bcf&fields=id&fields=name HTTP/1.1" status: 200 len: 313 time: 0.0727289
2026-04-22 19:41:56.309 9 INFO neutron.notifiers.nova [-] Nova event matching ['req-72789143-977e-4306-9a80-d91e77a7e364'] response: {'server_uuid': 'a42e1b41-6546-4163-9eeb-1afedabb7599', 'name': 'network-vif-unplugged', 'status': 'completed', 'tag': '7381ca15-7fc4-49f5-b82d-7a17a4628e3a', 'code': 200}
2026-04-22 19:41:56.418 9 INFO neutron.wsgi [req-e9a65274-a242-49c7-993f-37ce3de0e641 req-71b09f41-3568-41ab-b24f-d4e2b985db71 087f25fdef84458c88019d61f895c627 b0054cfa74404dd09b1352e78cdee1d4 - - default default] 199.19.213.132 "GET /v2.0/ports?device_id=a42e1b41-6546-4163-9eeb-1afedabb7599 HTTP/1.1" status: 200 len: 1172 time: 0.0362101
2026-04-22 19:41:56.540 9 INFO neutron.db.ovn_revision_numbers_db [None req-0f7edde9-43a3-45cf-ae74-5f357d8d0ae2 - - - - - -] Successfully bumped revision number for resource 7381ca15-7fc4-49f5-b82d-7a17a4628e3a (type: ports) to 5
2026-04-22 19:41:56.833 9 INFO neutron.db.l3_db [req-e9a65274-a242-49c7-993f-37ce3de0e641 req-c056f8e6-bb08-486e-ab91-6cb375c1caff 087f25fdef84458c88019d61f895c627 b0054cfa74404dd09b1352e78cdee1d4 - - default default] Floating IP bc8e496e-3759-495e-9489-4e0e35ed01f5 disassociated. External IP: 10.96.250.211, port: 7381ca15-7fc4-49f5-b82d-7a17a4628e3a.
2026-04-22 19:41:57.071 9 INFO neutron.wsgi [req-e9a65274-a242-49c7-993f-37ce3de0e641 req-c056f8e6-bb08-486e-ab91-6cb375c1caff 087f25fdef84458c88019d61f895c627 b0054cfa74404dd09b1352e78cdee1d4 - - default default] 199.19.213.132 "DELETE /v2.0/ports/7381ca15-7fc4-49f5-b82d-7a17a4628e3a HTTP/1.1" status: 204 len: 173 time: 0.6475594 /var/lib/openstack/lib/python3.10/site-packages/pycadf/identifier.py:71: UserWarning: Invalid uuid: neutron. To ensure interoperability, identifiers should be a valid uuid. warnings.warn(('Invalid uuid: %s. To ensure interoperability, '
2026-04-22 19:41:57.392 9 INFO neutron.wsgi [req-b246eda7-3438-4bf0-ae89-46000a6246ac req-76d76ccf-2204-43b6-954c-db1f5f11c83f 087f25fdef84458c88019d61f895c627 b0054cfa74404dd09b1352e78cdee1d4 - - default default] 10.0.0.78 "GET /v2.0/ports?device_id=a42e1b41-6546-4163-9eeb-1afedabb7599 HTTP/1.1" status: 200 len: 210 time: 0.0288386
2026-04-22 19:41:58.182 9 INFO neutron.wsgi [-] 10.0.0.157 "GET / HTTP/1.1" status: 200 len: 247 time: 0.0030098
2026-04-22 19:41:58.182 10 INFO neutron.wsgi [-] 10.0.0.157 "GET / HTTP/1.1" status: 200 len: 247 time: 0.0030935
2026-04-22 19:41:58.352 9 INFO neutron.notifiers.nova [-] Nova event matching ['req-31cae05f-8197-4e03-b307-2cf73e9bc941'] response: {'server_uuid': 'a42e1b41-6546-4163-9eeb-1afedabb7599', 'name': 'network-vif-plugged', 'status': 'completed', 'tag': '7381ca15-7fc4-49f5-b82d-7a17a4628e3a', 'code': 200}
2026-04-22 19:41:58.353 9 INFO neutron.notifiers.nova [-] Nova event matching ['req-31cae05f-8197-4e03-b307-2cf73e9bc941'] response: {'server_uuid': 'a42e1b41-6546-4163-9eeb-1afedabb7599', 'name': 'network-vif-deleted', 'tag': '7381ca15-7fc4-49f5-b82d-7a17a4628e3a', 'status': 'completed', 'code': 200}
2026-04-22 19:41:58.608 9 INFO neutron.wsgi [None req-4d38957a-20f4-45c6-ac14-b32015626005 087f25fdef84458c88019d61f895c627 b0054cfa74404dd09b1352e78cdee1d4 - - default default] 10.0.0.53 "DELETE /v2.0/security-groups/12b650ab-57ba-46e0-a3cd-9b389df07bcf HTTP/1.1" status: 204 len: 168 time: 0.1442122
2026-04-22 19:41:58.985 9 INFO neutron.wsgi [None req-cf909122-04a4-43a4-a0a6-64417bccca99 087f25fdef84458c88019d61f895c627 b0054cfa74404dd09b1352e78cdee1d4 - - default default] 10.0.0.53 "DELETE /v2.0/floatingips/bc8e496e-3759-495e-9489-4e0e35ed01f5 HTTP/1.1" status: 204 len: 168 time: 0.3367076
2026-04-22 19:41:59.239 10 INFO neutron.plugins.ml2.drivers.ovn.mech_driver.mech_driver [None req-c2fced80-5b12-4624-b74c-be943de9d8e3 - - - - - -] OVN reports status down for port: db275e35-0d40-49bc-9125-8f6024a44346
2026-04-22 19:41:59.272 10 INFO neutron.wsgi [req-48cf3a20-5b5e-4a12-9e96-d2d1c822be86 req-f40242ba-71b3-44dc-87f0-6ac6c3aea62a 087f25fdef84458c88019d61f895c627 b0054cfa74404dd09b1352e78cdee1d4 - - default default] 10.0.0.78 "GET /v2.0/ports?device_id=9efb61dc-4544-47bd-865e-f20256bfff0f HTTP/1.1" status: 200 len: 1170 time: 0.1071875
2026-04-22 19:41:59.337 10 INFO neutron.wsgi [req-48cf3a20-5b5e-4a12-9e96-d2d1c822be86 req-753ccbb3-84e4-4895-94e4-54ce936b2840 087f25fdef84458c88019d61f895c627 b0054cfa74404dd09b1352e78cdee1d4 - - default default] 10.0.0.78 "GET /v2.0/security-groups?id=67f10fe9-c472-4152-b7ea-0775ce8b69f6&fields=id&fields=name HTTP/1.1" status: 200 len: 313 time: 0.0567021
2026-04-22 19:41:59.406 10 INFO neutron.notifiers.nova [-] Nova event matching ['req-6d1ba273-c99c-4967-a047-25ae268e60b5'] response: {'server_uuid': '9efb61dc-4544-47bd-865e-f20256bfff0f', 'name': 'network-vif-unplugged', 'status': 'completed', 'tag': 'db275e35-0d40-49bc-9125-8f6024a44346', 'code': 200}
2026-04-22 19:41:59.527 9 INFO neutron.wsgi [req-681f88a8-7314-4b15-be98-e7c632dead4c req-1f5c1f00-0230-423a-aafd-2be37ad45dd2 087f25fdef84458c88019d61f895c627 b0054cfa74404dd09b1352e78cdee1d4 - - default default] 199.19.213.132 "GET /v2.0/ports?device_id=9efb61dc-4544-47bd-865e-f20256bfff0f HTTP/1.1" status: 200 len: 1168 time: 0.0477924
2026-04-22 19:41:59.568 10 INFO neutron.db.ovn_revision_numbers_db [None req-c2fced80-5b12-4624-b74c-be943de9d8e3 - - - - - -] Successfully bumped revision number for resource db275e35-0d40-49bc-9125-8f6024a44346 (type: ports) to 5
2026-04-22 19:41:59.783 9 INFO neutron.wsgi [None req-0b67051b-e4b4-44fa-800d-935ebe59ea05 2e9b65453b2943d78f2f95e7055a144f 3cde0d57b1c0453f9449156042527aba - - default default] 10.0.0.53 "POST /v2.0/qos/policies HTTP/1.1" status: 201 len: 558 time: 0.2738702 /var/lib/openstack/lib/python3.10/site-packages/pycadf/identifier.py:71: UserWarning: Invalid uuid: neutron. To ensure interoperability, identifiers should be a valid uuid. warnings.warn(('Invalid uuid: %s. To ensure interoperability, '
2026-04-22 19:41:59.858 10 INFO neutron.wsgi [None req-23a1c997-3d69-4331-8c47-67ea27de6914 2e9b65453b2943d78f2f95e7055a144f 3cde0d57b1c0453f9449156042527aba - - default default] 10.0.0.53 "POST /v2.0/qos/policies HTTP/1.1" status: 201 len: 558 time: 0.0689063
2026-04-22 19:41:59.894 9 INFO neutron.wsgi [req-681f88a8-7314-4b15-be98-e7c632dead4c req-ae47480a-0895-47f6-a793-a311ca88f0ba 087f25fdef84458c88019d61f895c627 b0054cfa74404dd09b1352e78cdee1d4 - - default default] 199.19.213.132 "DELETE /v2.0/ports/db275e35-0d40-49bc-9125-8f6024a44346 HTTP/1.1" status: 204 len: 173 time: 0.3622653
2026-04-22 19:41:59.908 10 INFO neutron.wsgi [None req-1bde78c8-6b6c-4a20-9f1f-7023210291dc 2e9b65453b2943d78f2f95e7055a144f 3cde0d57b1c0453f9449156042527aba - - default default] 10.0.0.53 "POST /v2.0/qos/policies HTTP/1.1" status: 201 len: 558 time: 0.0462263
2026-04-22 19:41:59.951 10 INFO neutron.wsgi [None req-da4e78f9-a20c-4b67-9844-dd0caf661134 2e9b65453b2943d78f2f95e7055a144f 3cde0d57b1c0453f9449156042527aba - - default default] 10.0.0.53 "POST /v2.0/qos/policies HTTP/1.1" status: 201 len: 558 time: 0.0376155
2026-04-22 19:41:59.996 10 INFO neutron.wsgi [None req-c39c6e8b-dd7c-46c0-83a8-76fa4b52fe36 2e9b65453b2943d78f2f95e7055a144f 3cde0d57b1c0453f9449156042527aba - - default default] 10.0.0.53 "POST /v2.0/qos/policies HTTP/1.1" status: 201 len: 558 time: 0.0407217
2026-04-22 19:42:00.025 10 INFO neutron.wsgi [None req-ce4e1642-337c-4400-b221-6782f4deec34 2e9b65453b2943d78f2f95e7055a144f 3cde0d57b1c0453f9449156042527aba - - default default] 10.0.0.53 "PUT /v2.0/policies/d92abf43-2169-4c29-939c-2c87994d7faf/tags HTTP/1.1" status: 200 len: 210 time: 0.0240173
2026-04-22 19:42:00.059 10 INFO neutron.wsgi [None req-5c7aa78e-7f6f-4a9c-b20e-809d793666de 2e9b65453b2943d78f2f95e7055a144f 3cde0d57b1c0453f9449156042527aba - - default default] 10.0.0.53 "PUT /v2.0/policies/357af1f0-0d82-4e70-9210-fdf26a2bc6bb/tags HTTP/1.1" status: 200 len: 218 time: 0.0297201
2026-04-22 19:42:00.101 9 INFO neutron.wsgi [None req-13df368e-0ef4-4032-bb35-03a43961b5f7 2e9b65453b2943d78f2f95e7055a144f 3cde0d57b1c0453f9449156042527aba - - default default] 10.0.0.53 "PUT /v2.0/policies/a9b5ddcb-314c-4ee3-9691-721a3329244b/tags HTTP/1.1" status: 200 len: 227 time: 0.0368767
2026-04-22 19:42:00.129 9 INFO neutron.wsgi [None req-c0657fe7-5b43-4ba7-9d82-8af35214aca5 2e9b65453b2943d78f2f95e7055a144f 3cde0d57b1c0453f9449156042527aba - - default default] 10.0.0.53 "PUT /v2.0/policies/44385b6e-4102-4a6a-9a3f-992b1001376b/tags HTTP/1.1" status: 200 len: 212 time: 0.0233216
2026-04-22 19:42:00.397 9 INFO neutron.notifiers.nova [-] Nova event matching ['req-76ea7caf-b997-4845-8e76-33670221f1d9'] response: {'server_uuid': '9efb61dc-4544-47bd-865e-f20256bfff0f', 'name': 'network-vif-deleted', 'tag': 'db275e35-0d40-49bc-9125-8f6024a44346', 'status': 'completed', 'code': 200}
2026-04-22 19:42:00.566 9 INFO neutron.wsgi [None req-9fe809d1-1bb9-403f-ad30-5fb3231408ec 087f25fdef84458c88019d61f895c627 b0054cfa74404dd09b1352e78cdee1d4 - - default default] 10.0.0.53 "DELETE /v2.0/security-groups/67f10fe9-c472-4152-b7ea-0775ce8b69f6 HTTP/1.1" status: 204 len: 168 time: 0.1493244
2026-04-22 19:42:00.640 10 INFO neutron.wsgi [None req-13c6a70e-8d8a-4a7f-944c-784ee0abc6ef 4d97c4ea5189420f84a75b8a0a7d911f 1c504cb723fe4a47b10c12475cac3bb3 - - default default] 10.0.0.53 "GET /v2.0/qos/policies?tags=red HTTP/1.1" status: 200 len: 1296 time: 0.1523650
2026-04-22 19:42:00.709 9 INFO neutron.wsgi [None req-c0bce7cf-0dc9-45ef-aa58-041d88e3260a 4d97c4ea5189420f84a75b8a0a7d911f 1c504cb723fe4a47b10c12475cac3bb3 - - default default] 10.0.0.53 "GET /v2.0/qos/policies?tags=red%2Cblue HTTP/1.1" status: 200 len: 941 time: 0.0637188
2026-04-22 19:42:00.762 9 INFO neutron.wsgi [None req-34ef3d46-dda9-425c-a670-849c529de3a9 4d97c4ea5189420f84a75b8a0a7d911f 1c504cb723fe4a47b10c12475cac3bb3 - - default default] 10.0.0.53 "GET /v2.0/qos/policies?tags-any=blue HTTP/1.1" status: 200 len: 941 time: 0.0484214
2026-04-22 19:42:00.883 10 INFO neutron.wsgi [None req-e498480a-f27f-45cf-9c8e-f80db5755d45 4d97c4ea5189420f84a75b8a0a7d911f 1c504cb723fe4a47b10c12475cac3bb3 - - default default] 10.0.0.53 "GET /v2.0/qos/policies?tags-any=red%2Cblue HTTP/1.1" status: 200 len: 1296 time: 0.1178000
2026-04-22 19:42:00.999 10 INFO neutron.wsgi [None req-8b7cee59-8a6e-4bb6-a77f-c37bdb6194f1 4d97c4ea5189420f84a75b8a0a7d911f 1c504cb723fe4a47b10c12475cac3bb3 - - default default] 10.0.0.53 "GET /v2.0/qos/policies?not-tags=red HTTP/1.1" status: 200 len: 913 time: 0.1101820
2026-04-22 19:42:01.074 9 INFO neutron.wsgi [None req-b3474be3-6365-46a7-9ca8-803d04c3909c 4d97c4ea5189420f84a75b8a0a7d911f 1c504cb723fe4a47b10c12475cac3bb3 - - default default] 10.0.0.53 "GET /v2.0/qos/policies?not-tags=red%2Cblue HTTP/1.1" status: 200 len: 1268 time: 0.0698314
2026-04-22 19:42:01.143 9 INFO neutron.wsgi [None req-f2d549f9-cf91-487d-a6fe-183fc00677c7 4d97c4ea5189420f84a75b8a0a7d911f 1c504cb723fe4a47b10c12475cac3bb3 - - default default] 10.0.0.53 "GET /v2.0/qos/policies?not-tags-any=blue HTTP/1.1" status: 200 len: 1268 time: 0.0657825
2026-04-22 19:42:01.201 9 INFO neutron.wsgi [None req-3237758b-63a9-4073-b261-0b5634d9cd9e 4d97c4ea5189420f84a75b8a0a7d911f 1c504cb723fe4a47b10c12475cac3bb3 - - default default] 10.0.0.53 "GET /v2.0/qos/policies?not-tags-any=red%2Cblue HTTP/1.1" status: 200 len: 913 time: 0.0536144
2026-04-22 19:42:01.269 9 INFO neutron.wsgi [None req-bd61e82f-a5a7-4e5c-aa21-08e19c842e41 2e9b65453b2943d78f2f95e7055a144f 3cde0d57b1c0453f9449156042527aba - - default default] 10.0.0.53 "DELETE /v2.0/qos/policies/d92abf43-2169-4c29-939c-2c87994d7faf HTTP/1.1" status: 204 len: 168 time: 0.0622838
2026-04-22 19:42:01.334 9 INFO neutron.wsgi [None req-8104e348-cbf0-4797-a65d-75f1ed4cc201 2e9b65453b2943d78f2f95e7055a144f 3cde0d57b1c0453f9449156042527aba - - default default] 10.0.0.53 "DELETE /v2.0/qos/policies/357af1f0-0d82-4e70-9210-fdf26a2bc6bb HTTP/1.1" status: 204 len: 168 time: 0.0610242
2026-04-22 19:42:01.393 9 INFO neutron.wsgi [None req-5d402fd4-4380-4a26-a293-de08c88cff5f 2e9b65453b2943d78f2f95e7055a144f 3cde0d57b1c0453f9449156042527aba - - default default] 10.0.0.53 "DELETE /v2.0/qos/policies/a9b5ddcb-314c-4ee3-9691-721a3329244b HTTP/1.1" status: 204 len: 168 time: 0.0535374
2026-04-22 19:42:01.448 10 INFO neutron.notifiers.nova [-] Nova event matching ['req-fbcc8e4c-85a3-406c-bf2f-bcb59333a41a'] response: {'server_uuid': '9efb61dc-4544-47bd-865e-f20256bfff0f', 'name': 'network-vif-plugged', 'status': 'completed', 'tag': 'db275e35-0d40-49bc-9125-8f6024a44346', 'code': 200}
2026-04-22 19:42:01.451 9 INFO neutron.wsgi [None req-da817587-6ef4-473a-83a2-85377bdb7af6 2e9b65453b2943d78f2f95e7055a144f 3cde0d57b1c0453f9449156042527aba - - default default] 10.0.0.53 "DELETE /v2.0/qos/policies/44385b6e-4102-4a6a-9a3f-992b1001376b HTTP/1.1" status: 204 len: 168 time: 0.0536752
2026-04-22 19:42:01.514 9 INFO neutron.wsgi [None req-083c0aa3-041d-480f-bfab-edd09934f97c 2e9b65453b2943d78f2f95e7055a144f 3cde0d57b1c0453f9449156042527aba - - default default] 10.0.0.53 "DELETE /v2.0/qos/policies/8000db36-e90b-4412-9c7e-1c465a8df2d2 HTTP/1.1" status: 204 len: 168 time: 0.0567648
2026-04-22 19:42:01.528 10 INFO neutron.wsgi [None req-b49b7040-e977-4067-a4d1-e40e17e942d2 087f25fdef84458c88019d61f895c627 b0054cfa74404dd09b1352e78cdee1d4 - - default default] 10.0.0.53 "PUT /v2.0/routers/08d73c94-2b8f-4af4-bb06-892f0e6b831e/remove_router_interface HTTP/1.1" status: 200 len: 503 time: 0.9300869 /var/lib/openstack/lib/python3.10/site-packages/pycadf/identifier.py:71: UserWarning: Invalid uuid: neutron. To ensure interoperability, identifiers should be a valid uuid. warnings.warn(('Invalid uuid: %s. To ensure interoperability, '
2026-04-22 19:42:01.752 10 INFO neutron.wsgi [None req-92f1bdf0-1fb4-41ba-b941-f59b7f11b69e 087f25fdef84458c88019d61f895c627 b0054cfa74404dd09b1352e78cdee1d4 - - default default] 10.0.0.53 "DELETE /v2.0/subnets/1358aab4-0c51-4a11-bb1c-20fb7ba9edb1 HTTP/1.1" status: 204 len: 168 time: 0.2184203
2026-04-22 19:42:02.649 9 INFO neutron.db.ovn_revision_numbers_db [None req-e95b8b23-e408-4178-be4f-aee44e333c4f ee2f3d3ab3a143b9885bf97c048b0ef6 e95d747a0c2a412389ead86875c3a8ec - - default default] Successfully bumped revision number for resource 70e9678a-754e-4291-b69c-4b1c0dedb912 (type: security_groups) to 1
2026-04-22 19:42:02.665 9 INFO neutron.db.ovn_revision_numbers_db [None req-e95b8b23-e408-4178-be4f-aee44e333c4f ee2f3d3ab3a143b9885bf97c048b0ef6 e95d747a0c2a412389ead86875c3a8ec - - default default] Successfully bumped revision number for resource 468f6109-cadc-48c4-abe6-624bb16c1451 (type: security_group_rules) to 0
2026-04-22 19:42:02.692 9 INFO neutron.db.ovn_revision_numbers_db [None req-e95b8b23-e408-4178-be4f-aee44e333c4f ee2f3d3ab3a143b9885bf97c048b0ef6 e95d747a0c2a412389ead86875c3a8ec - - default default] Successfully bumped revision number for resource 5063c21b-7389-4d5c-8d3b-b13e3059ca6c (type: security_group_rules) to 0
2026-04-22 19:42:02.710 9 INFO neutron.db.ovn_revision_numbers_db [None req-e95b8b23-e408-4178-be4f-aee44e333c4f ee2f3d3ab3a143b9885bf97c048b0ef6 e95d747a0c2a412389ead86875c3a8ec - - default default] Successfully bumped revision number for resource 62d7fc9b-8154-4ff4-b8dd-e741ec30bd2b (type: security_group_rules) to 0
2026-04-22 19:42:02.725 9 INFO neutron.db.ovn_revision_numbers_db [None req-e95b8b23-e408-4178-be4f-aee44e333c4f ee2f3d3ab3a143b9885bf97c048b0ef6 e95d747a0c2a412389ead86875c3a8ec - - default default] Successfully bumped revision number for resource e9dfed75-a117-4d52-acfb-c2dcda21e84d (type: security_group_rules) to 0
2026-04-22 19:42:02.752 9 INFO neutron.wsgi [None req-e95b8b23-e408-4178-be4f-aee44e333c4f ee2f3d3ab3a143b9885bf97c048b0ef6 e95d747a0c2a412389ead86875c3a8ec - - default default] 10.0.0.53 "GET /v2.0/security-groups?tenant_id=1c504cb723fe4a47b10c12475cac3bb3&name=default HTTP/1.1" status: 200 len: 2996 time: 0.3753302
2026-04-22 19:42:02.964 9 INFO neutron.wsgi [None req-58a561d6-b689-43ba-bf5e-a47518030d9a ee2f3d3ab3a143b9885bf97c048b0ef6 e95d747a0c2a412389ead86875c3a8ec - - default default] 10.0.0.53 "DELETE /v2.0/security-groups/70e9678a-754e-4291-b69c-4b1c0dedb912 HTTP/1.1" status: 204 len: 168 time: 0.2067096
2026-04-22 19:42:02.989 10 INFO neutron.wsgi [None req-e479aea6-c2ba-434d-a629-0190e07b3394 087f25fdef84458c88019d61f895c627 b0054cfa74404dd09b1352e78cdee1d4 - - default default] 10.0.0.53 "DELETE /v2.0/routers/08d73c94-2b8f-4af4-bb06-892f0e6b831e HTTP/1.1" status: 204 len: 168 time: 1.2325246
2026-04-22 19:42:03.243 10 INFO neutron.db.ovn_revision_numbers_db [None req-7734defe-5543-4a37-a0ed-4efccfbd1c50 ee2f3d3ab3a143b9885bf97c048b0ef6 e95d747a0c2a412389ead86875c3a8ec - - default default] Successfully bumped revision number for resource c51d913d-2508-420e-886c-80d34f5ec4de (type: security_groups) to 1
2026-04-22 19:42:03.275 10 INFO neutron.db.ovn_revision_numbers_db [None req-7734defe-5543-4a37-a0ed-4efccfbd1c50 ee2f3d3ab3a143b9885bf97c048b0ef6 e95d747a0c2a412389ead86875c3a8ec - - default default] Successfully bumped revision number for resource 3f467d42-ed9e-4426-b9e8-b6dc2416e783 (type: security_group_rules) to 0
2026-04-22 19:42:03.292 10 INFO neutron.db.ovn_revision_numbers_db [None req-7734defe-5543-4a37-a0ed-4efccfbd1c50 ee2f3d3ab3a143b9885bf97c048b0ef6 e95d747a0c2a412389ead86875c3a8ec - - default default] Successfully bumped revision number for resource 57ff33bd-0b5c-4a72-a725-bf8e5500f55c (type: security_group_rules) to 0
2026-04-22 19:42:03.318 10 INFO neutron.db.ovn_revision_numbers_db [None req-7734defe-5543-4a37-a0ed-4efccfbd1c50 ee2f3d3ab3a143b9885bf97c048b0ef6 e95d747a0c2a412389ead86875c3a8ec - - default default] Successfully bumped revision number for resource 7bd37cb9-848d-48e4-828e-9e3b3792cfd5 (type: security_group_rules) to 0
2026-04-22 19:42:03.338 10 INFO neutron.db.ovn_revision_numbers_db [None req-7734defe-5543-4a37-a0ed-4efccfbd1c50 ee2f3d3ab3a143b9885bf97c048b0ef6 e95d747a0c2a412389ead86875c3a8ec - - default default] Successfully bumped revision number for resource c85708d0-d83b-4351-bc6c-decc795b0dcc (type: security_group_rules) to 0
2026-04-22 19:42:03.377 10 INFO neutron.wsgi [None req-7734defe-5543-4a37-a0ed-4efccfbd1c50 ee2f3d3ab3a143b9885bf97c048b0ef6 e95d747a0c2a412389ead86875c3a8ec - - default default] 10.0.0.53 "GET /v2.0/security-groups?tenant_id=3cde0d57b1c0453f9449156042527aba&name=default HTTP/1.1" status: 200 len: 2996 time: 0.3116100
2026-04-22 19:42:03.408 10 INFO neutron.services.segments.plugin [-] Segment 29424e34-63d3-4443-ab87-ac93b5b79095 resource provider aggregate not found
2026-04-22 19:42:03.414 10 INFO neutron.services.segments.plugin [-] Segment 29424e34-63d3-4443-ab87-ac93b5b79095 resource provider aggregate not found
2026-04-22 19:42:03.432 10 INFO neutron.services.segments.plugin [-] Segment 29424e34-63d3-4443-ab87-ac93b5b79095 resource provider not found; error: Placement Client Error (4xx): {"errors": [{"status": 404, "title": "Not Found", "detail": "The resource could not be found.\n\n No resource provider with uuid 29424e34-63d3-4443-ab87-ac93b5b79095 found for delete ", "request_id": "req-b283ea0f-5d8e-4a4e-ae78-7cb122a76301"}]}
2026-04-22 19:42:03.438 10 INFO neutron.services.segments.plugin [-] Segment 29424e34-63d3-4443-ab87-ac93b5b79095 resource provider not found; error: Placement Client Error (4xx): {"errors": [{"status": 404, "title": "Not Found", "detail": "The resource could not be found.\n\n No resource provider with uuid 29424e34-63d3-4443-ab87-ac93b5b79095 found for delete ", "request_id": "req-3b37029b-5a2d-4f63-a9ed-52464c307cf0"}]}
2026-04-22 19:42:03.474 10 INFO neutron.wsgi [None req-0aad75ba-edfb-44db-b918-87414f10672c 087f25fdef84458c88019d61f895c627 b0054cfa74404dd09b1352e78cdee1d4 - - default default] 10.0.0.53 "DELETE /v2.0/networks/a31c1763-db81-49ab-832e-fa5508ababd5 HTTP/1.1" status: 204 len: 168 time: 0.4696617
2026-04-22 19:42:03.628 10 INFO neutron.wsgi [None req-1e358034-a919-414b-9c9c-fd4c5ab20052 ee2f3d3ab3a143b9885bf97c048b0ef6 e95d747a0c2a412389ead86875c3a8ec - - default default] 10.0.0.53 "DELETE /v2.0/security-groups/c51d913d-2508-420e-886c-80d34f5ec4de HTTP/1.1" status: 204 len: 168 time: 0.2454195
2026-04-22 19:42:03.952 10 INFO neutron.db.ovn_revision_numbers_db [None req-ec18c622-772f-4695-bf55-9c0a72489bfa ee2f3d3ab3a143b9885bf97c048b0ef6 e95d747a0c2a412389ead86875c3a8ec - - default default] Successfully bumped revision number for resource c471c805-ae67-4056-aeaa-ce378a68942f (type: security_groups) to 1
2026-04-22 19:42:03.976 10 INFO neutron.db.ovn_revision_numbers_db [None req-ec18c622-772f-4695-bf55-9c0a72489bfa ee2f3d3ab3a143b9885bf97c048b0ef6 e95d747a0c2a412389ead86875c3a8ec - - default default] Successfully bumped revision number for resource 2001fea7-99e5-494f-80ac-0bfcf6449294 (type: security_group_rules) to 0
2026-04-22 19:42:03.992 10 INFO neutron.db.ovn_revision_numbers_db [None req-ec18c622-772f-4695-bf55-9c0a72489bfa ee2f3d3ab3a143b9885bf97c048b0ef6 e95d747a0c2a412389ead86875c3a8ec - - default default] Successfully bumped revision number for resource 49448345-7e34-4b4b-9b45-508e039a2693 (type: security_group_rules) to 0
2026-04-22 19:42:04.006 10 INFO neutron.db.ovn_revision_numbers_db [None req-ec18c622-772f-4695-bf55-9c0a72489bfa ee2f3d3ab3a143b9885bf97c048b0ef6 e95d747a0c2a412389ead86875c3a8ec - - default default] Successfully bumped revision number for resource 9aca3a0e-749b-44ff-ae10-060cb49ecea2 (type: security_group_rules) to 0
2026-04-22 19:42:04.020 10 INFO neutron.db.ovn_revision_numbers_db [None req-ec18c622-772f-4695-bf55-9c0a72489bfa ee2f3d3ab3a143b9885bf97c048b0ef6 e95d747a0c2a412389ead86875c3a8ec - - default default] Successfully bumped revision number for resource e32829aa-43ea-42ef-a5c3-cf5d71b5e6c7 (type: security_group_rules) to 0
2026-04-22 19:42:04.045 10 INFO neutron.wsgi [None req-ec18c622-772f-4695-bf55-9c0a72489bfa ee2f3d3ab3a143b9885bf97c048b0ef6 e95d747a0c2a412389ead86875c3a8ec - - default default] 10.0.0.53 "GET /v2.0/security-groups?tenant_id=c3ff1e0c84a04eb980b16a6b5c076c9a&name=default HTTP/1.1" status: 200 len: 2996 time: 0.2404132
2026-04-22 19:42:04.239 10 INFO neutron.wsgi [None req-77c86b05-3fff-4595-a1f2-5230f5972d8d ee2f3d3ab3a143b9885bf97c048b0ef6 e95d747a0c2a412389ead86875c3a8ec - - default default] 10.0.0.53 "DELETE /v2.0/security-groups/c471c805-ae67-4056-aeaa-ce378a68942f HTTP/1.1" status: 204 len: 168 time: 0.1884165
2026-04-22 19:42:04.386 9 INFO neutron.wsgi [None req-119f04e5-f366-4972-9f44-648fda3ce5df ee2f3d3ab3a143b9885bf97c048b0ef6 e95d747a0c2a412389ead86875c3a8ec - - default default] 10.0.0.53 "GET /v2.0/security-groups?tenant_id=b0054cfa74404dd09b1352e78cdee1d4&name=default HTTP/1.1" status: 200 len: 2996 time: 0.2067001
2026-04-22 19:42:04.603 9 INFO neutron.wsgi [None req-a4d5b542-a7c1-4477-ae7e-42e969f1ba52 ee2f3d3ab3a143b9885bf97c048b0ef6 e95d747a0c2a412389ead86875c3a8ec - - default default] 10.0.0.53 "DELETE /v2.0/security-groups/d9b4d819-f004-471c-a3d3-f45696d0ab13 HTTP/1.1" status: 204 len: 168 time: 0.2118657
2026-04-22 19:42:04.890 10 INFO neutron.db.ovn_revision_numbers_db [None req-41032632-afb6-4efc-b45b-9f60c13f27dd ee2f3d3ab3a143b9885bf97c048b0ef6 e95d747a0c2a412389ead86875c3a8ec - - default default] Successfully bumped revision number for resource 2a62616d-54e6-4f91-8bb3-98b70bc72ba8 (type: security_groups) to 1
2026-04-22 19:42:04.908 10 INFO neutron.db.ovn_revision_numbers_db [None req-41032632-afb6-4efc-b45b-9f60c13f27dd ee2f3d3ab3a143b9885bf97c048b0ef6 e95d747a0c2a412389ead86875c3a8ec - - default default] Successfully bumped revision number for resource 1997ff35-e09c-43bd-b046-99a159a3a71d (type: security_group_rules) to 0
2026-04-22 19:42:04.923 10 INFO neutron.db.ovn_revision_numbers_db [None req-41032632-afb6-4efc-b45b-9f60c13f27dd ee2f3d3ab3a143b9885bf97c048b0ef6 e95d747a0c2a412389ead86875c3a8ec - - default default] Successfully bumped revision number for resource 6638a418-eccf-48d6-a64f-cd6194d0570b (type: security_group_rules) to 0
2026-04-22 19:42:04.938 10 INFO neutron.db.ovn_revision_numbers_db [None req-41032632-afb6-4efc-b45b-9f60c13f27dd ee2f3d3ab3a143b9885bf97c048b0ef6 e95d747a0c2a412389ead86875c3a8ec - - default default] Successfully bumped revision number for resource c66d36b1-a715-42b8-9750-94598b024c60 (type: security_group_rules) to 0
2026-04-22 19:42:04.953 10 INFO neutron.db.ovn_revision_numbers_db [None req-41032632-afb6-4efc-b45b-9f60c13f27dd ee2f3d3ab3a143b9885bf97c048b0ef6 e95d747a0c2a412389ead86875c3a8ec - - default default] Successfully bumped revision number for resource fa0649e7-4fc7-486a-a2d0-494ecca818c7 (type: security_group_rules) to 0
2026-04-22 19:42:04.980 10 INFO neutron.wsgi [None req-41032632-afb6-4efc-b45b-9f60c13f27dd ee2f3d3ab3a143b9885bf97c048b0ef6 e95d747a0c2a412389ead86875c3a8ec - - default default] 10.0.0.53 "GET /v2.0/security-groups?tenant_id=d92a9f21ce36467082b1936dd24faa22&name=default HTTP/1.1" status: 200 len: 2996 time: 0.2277451
2026-04-22 19:42:05.182 9 INFO neutron.wsgi [None req-ded99b6c-1449-4713-b8e3-820ec123b064 ee2f3d3ab3a143b9885bf97c048b0ef6 e95d747a0c2a412389ead86875c3a8ec - - default default] 10.0.0.53 "DELETE /v2.0/security-groups/2a62616d-54e6-4f91-8bb3-98b70bc72ba8 HTTP/1.1" status: 204 len: 168 time: 0.1962886
