2026-04-22 19:41:43.383 9 INFO neutron.db.ovn_revision_numbers_db [None req-8c5108b1-43a3-4fc0-b0f5-08f3130962a4 04b5aef04603496d903386f83278a878 a0356a7c76774970affd0ae69dac4347 - - default default] Successfully bumped revision number for resource d9f37c52-2b71-4096-9c17-3707919b5426 (type: security_group_rules) to 0
2026-04-22 19:41:43.387 9 INFO neutron.db.ovn_revision_numbers_db [None req-ac3298f3-6ff8-43f4-8e28-1d7e4e2f0f0f 685b29c7b905421fa6006623d71c6ee1 b9ecc6d636b54d978fd921ea5950a0ef - - default default] Successfully bumped revision number for resource cd01f6eb-ae0b-4892-a7d3-82dfb9441d20 (type: ports) to 1
2026-04-22 19:41:43.420 10 INFO neutron.wsgi [req-4c6a1dfa-861f-4147-a059-4b07565fdb59 req-4e30ccfb-799d-4da0-b8a1-1fc6d2e558f5 74c10f796dd9484d81aaaeadb9fc6aa7 4eabc121554046faadfb1f554ba2c17b - - bc3a08d6369941d6adfa3d0f4b770de6 bc3a08d6369941d6adfa3d0f4b770de6] 199.19.213.132 "GET /v2.0/subnets?id=1358aab4-0c51-4a11-bb1c-20fb7ba9edb1 HTTP/1.1" status: 200 len: 853 time: 0.0349727
2026-04-22 19:41:43.431 9 INFO neutron.wsgi [None req-8c5108b1-43a3-4fc0-b0f5-08f3130962a4 04b5aef04603496d903386f83278a878 a0356a7c76774970affd0ae69dac4347 - - default default] 10.0.0.53 "POST /v2.0/security-group-rules HTTP/1.1" status: 201 len: 768 time: 0.2394452
2026-04-22 19:41:43.449 10 WARNING neutron_lib.context [None req-578d2870-eac4-45dc-983b-b0323ac58ffd 04b5aef04603496d903386f83278a878 a0356a7c76774970affd0ae69dac4347 - - default default] Method 'is_advsvc' is deprecated since 2023.2 release (neutron-lib 3.8.0) and will be removed once support for the old RBAC API policies will be removed from Neutron. Please use method 'is_service_role' instead.
2026-04-22 19:41:43.453 10 INFO neutron.wsgi [req-4c6a1dfa-861f-4147-a059-4b07565fdb59 req-fe9f75f1-15b0-4c68-aabd-6bef1cff7cac 74c10f796dd9484d81aaaeadb9fc6aa7 4eabc121554046faadfb1f554ba2c17b - - bc3a08d6369941d6adfa3d0f4b770de6 bc3a08d6369941d6adfa3d0f4b770de6] 199.19.213.132 "GET /v2.0/ports?network_id=a31c1763-db81-49ab-832e-fa5508ababd5&device_owner=network%3Adhcp HTTP/1.1" status: 200 len: 210 time: 0.0284891
2026-04-22 19:41:43.517 10 INFO neutron.db.securitygroups_db [None req-578d2870-eac4-45dc-983b-b0323ac58ffd 04b5aef04603496d903386f83278a878 a0356a7c76774970affd0ae69dac4347 - - default default] Project a0356a7c76774970affd0ae69dac4347 added a security group rule with legacy IPv6 ICMP protocol name icmp, ipv6-icmp should be used instead. It was automatically converted.
2026-04-22 19:41:43.539 10 INFO neutron.wsgi [req-4c6a1dfa-861f-4147-a059-4b07565fdb59 req-a63a52e4-42db-4def-8679-177cd85ceafd 74c10f796dd9484d81aaaeadb9fc6aa7 4eabc121554046faadfb1f554ba2c17b - - bc3a08d6369941d6adfa3d0f4b770de6 bc3a08d6369941d6adfa3d0f4b770de6] 199.19.213.132 "GET /v2.0/networks/a31c1763-db81-49ab-832e-fa5508ababd5?fields=segments HTTP/1.1" status: 200 len: 212 time: 0.0785074
2026-04-22 19:41:43.621 10 INFO neutron.wsgi [req-4c6a1dfa-861f-4147-a059-4b07565fdb59 req-5dc42d71-867b-444c-907d-419cfdafb353 74c10f796dd9484d81aaaeadb9fc6aa7 4eabc121554046faadfb1f554ba2c17b - - bc3a08d6369941d6adfa3d0f4b770de6 bc3a08d6369941d6adfa3d0f4b770de6] 199.19.213.132 "GET /v2.0/networks/a31c1763-db81-49ab-832e-fa5508ababd5?fields=provider%3Aphysical_network&fields=provider%3Anetwork_type HTTP/1.1" status: 200 len: 277 time: 0.0775912
2026-04-22 19:41:43.750 10 INFO neutron.db.ovn_revision_numbers_db [None req-578d2870-eac4-45dc-983b-b0323ac58ffd 04b5aef04603496d903386f83278a878 a0356a7c76774970affd0ae69dac4347 - - default default] Successfully bumped revision number for resource fafd45da-f57b-472d-94ca-2af5bc7403cf (type: security_group_rules) to 0
2026-04-22 19:41:43.787 10 INFO neutron.wsgi [None req-578d2870-eac4-45dc-983b-b0323ac58ffd 04b5aef04603496d903386f83278a878 a0356a7c76774970affd0ae69dac4347 - - default default] 10.0.0.53 "POST /v2.0/security-group-rules HTTP/1.1" status: 201 len: 774 time: 0.3507054
2026-04-22 19:41:43.799 10 WARNING neutron_lib.context [None req-a88f418d-c3f5-41ee-8f5c-8bb7b8f867be 04b5aef04603496d903386f83278a878 a0356a7c76774970affd0ae69dac4347 - - default default] Method 'is_advsvc' is deprecated since 2023.2 release (neutron-lib 3.8.0) and will be removed once support for the old RBAC API policies will be removed from Neutron. Please use method 'is_service_role' instead.
2026-04-22 19:41:43.831 10 INFO neutron.db.securitygroups_db [None req-a88f418d-c3f5-41ee-8f5c-8bb7b8f867be 04b5aef04603496d903386f83278a878 a0356a7c76774970affd0ae69dac4347 - - default default] Project a0356a7c76774970affd0ae69dac4347 added a security group rule with legacy IPv6 ICMP protocol name icmp, ipv6-icmp should be used instead. It was automatically converted.
2026-04-22 19:41:44.020 10 INFO neutron.db.ovn_revision_numbers_db [None req-a88f418d-c3f5-41ee-8f5c-8bb7b8f867be 04b5aef04603496d903386f83278a878 a0356a7c76774970affd0ae69dac4347 - - default default] Successfully bumped revision number for resource 031d326a-ef97-46fe-aa98-0a9497b9dce0 (type: security_group_rules) to 0
2026-04-22 19:41:44.047 10 INFO neutron.wsgi [None req-a88f418d-c3f5-41ee-8f5c-8bb7b8f867be 04b5aef04603496d903386f83278a878 a0356a7c76774970affd0ae69dac4347 - - default default] 10.0.0.53 "POST /v2.0/security-group-rules HTTP/1.1" status: 201 len: 773 time: 0.2539425
2026-04-22 19:41:44.173 9 INFO neutron.wsgi [req-9fc69308-bed9-480b-9c01-2956e3f545a4 req-0036e54d-5bf4-40b0-b5ab-61a347f3b1ae f0ac2c3661e34290a2c8b3100003944d 3f608b26d04841d28a8e76b3f542c194 - - default default] 10.0.0.78 "GET /v2.0/ports?device_id=90f97880-6502-43b3-847f-038771e7b6c1 HTTP/1.1" status: 200 len: 1172 time: 0.0575273
2026-04-22 19:41:44.213 9 INFO neutron.db.ovn_revision_numbers_db [None req-ac3298f3-6ff8-43f4-8e28-1d7e4e2f0f0f 685b29c7b905421fa6006623d71c6ee1 b9ecc6d636b54d978fd921ea5950a0ef - - default default] Successfully bumped revision number for resource cd01f6eb-ae0b-4892-a7d3-82dfb9441d20 (type: router_ports) to 1
2026-04-22 19:41:44.235 9 INFO neutron.wsgi [req-9fc69308-bed9-480b-9c01-2956e3f545a4 req-da17f978-455e-4a6e-99a8-d1fe5ca4dcdf f0ac2c3661e34290a2c8b3100003944d 3f608b26d04841d28a8e76b3f542c194 - - default default] 10.0.0.78 "GET /v2.0/security-groups?id=e3a5ee3a-8fc3-4778-96a3-9fd511e799f4&fields=id&fields=name HTTP/1.1" status: 200 len: 286 time: 0.0542436
2026-04-22 19:41:44.292 9 INFO neutron.db.ovn_revision_numbers_db [None req-ac3298f3-6ff8-43f4-8e28-1d7e4e2f0f0f 685b29c7b905421fa6006623d71c6ee1 b9ecc6d636b54d978fd921ea5950a0ef - - default default] Successfully bumped revision number for resource 4bb7e748-b745-4f4d-a0c7-5c14cd3bab4c (type: routers) to 2
2026-04-22 19:41:44.311 9 INFO neutron.wsgi [None req-ac3298f3-6ff8-43f4-8e28-1d7e4e2f0f0f 685b29c7b905421fa6006623d71c6ee1 b9ecc6d636b54d978fd921ea5950a0ef - - default default] 10.0.0.53 "POST /v2.0/routers HTTP/1.1" status: 201 len: 872 time: 1.7159793
2026-04-22 19:41:44.416 9 WARNING neutron_lib.context [None req-546e385a-1541-4029-bf7d-cb2f07883bf0 04b5aef04603496d903386f83278a878 a0356a7c76774970affd0ae69dac4347 - - default default] Method 'is_advsvc' is deprecated since 2023.2 release (neutron-lib 3.8.0) and will be removed once support for the old RBAC API policies will be removed from Neutron. Please use method 'is_service_role' instead.
2026-04-22 19:41:44.432 9 INFO neutron.wsgi [None req-6b96b50f-b0f9-4f7a-a073-901ec2fd56e8 685b29c7b905421fa6006623d71c6ee1 b9ecc6d636b54d978fd921ea5950a0ef - - default default] 10.0.0.53 "GET /v2.0/routers/4bb7e748-b745-4f4d-a0c7-5c14cd3bab4c HTTP/1.1" status: 200 len: 873 time: 0.1155174
2026-04-22 19:41:44.532 10 INFO neutron.wsgi [None req-c628308e-080c-4dfb-ae7c-6c5253e73682 685b29c7b905421fa6006623d71c6ee1 b9ecc6d636b54d978fd921ea5950a0ef - - default default] 10.0.0.53 "GET /v2.0/routers HTTP/1.1" status: 200 len: 876 time: 0.0935199
2026-04-22 19:41:44.592 9 INFO neutron.db.ovn_revision_numbers_db [None req-546e385a-1541-4029-bf7d-cb2f07883bf0 04b5aef04603496d903386f83278a878 a0356a7c76774970affd0ae69dac4347 - - default default] Successfully bumped revision number for resource 437919c2-8dce-495b-a148-d55bfd3ba2b0 (type: security_groups) to 1
2026-04-22 19:41:44.616 9 INFO neutron.db.ovn_revision_numbers_db [None req-546e385a-1541-4029-bf7d-cb2f07883bf0 04b5aef04603496d903386f83278a878 a0356a7c76774970affd0ae69dac4347 - - default default] Successfully bumped revision number for resource 0f5cc11f-8a8e-46cb-bcc2-dcde2660ab12 (type: security_group_rules) to 0
2026-04-22 19:41:44.633 9 INFO neutron.db.ovn_revision_numbers_db [None req-546e385a-1541-4029-bf7d-cb2f07883bf0 04b5aef04603496d903386f83278a878 a0356a7c76774970affd0ae69dac4347 - - default default] Successfully bumped revision number for resource 80023cbd-a1be-495d-9efd-ad4391845da1 (type: security_group_rules) to 0
2026-04-22 19:41:44.657 9 INFO neutron.wsgi [None req-546e385a-1541-4029-bf7d-cb2f07883bf0 04b5aef04603496d903386f83278a878 a0356a7c76774970affd0ae69dac4347 - - default default] 10.0.0.53 "POST /v2.0/security-groups HTTP/1.1" status: 201 len: 1795 time: 0.2505360
2026-04-22 19:41:44.675 9 WARNING neutron_lib.context [None req-06a1a28a-61ca-43c0-bdd4-523e4d6b1827 04b5aef04603496d903386f83278a878 a0356a7c76774970affd0ae69dac4347 - - default default] Method 'is_advsvc' is deprecated since 2023.2 release (neutron-lib 3.8.0) and will be removed once support for the old RBAC API policies will be removed from Neutron. Please use method 'is_service_role' instead.
2026-04-22 19:41:44.810 9 INFO neutron.db.ovn_revision_numbers_db [None req-06a1a28a-61ca-43c0-bdd4-523e4d6b1827 04b5aef04603496d903386f83278a878 a0356a7c76774970affd0ae69dac4347 - - default default] Successfully bumped revision number for resource 30e2247f-0d9a-4c28-b7e7-15ac33f597e1 (type: security_group_rules) to 0
2026-04-22 19:41:44.839 9 INFO neutron.wsgi [None req-06a1a28a-61ca-43c0-bdd4-523e4d6b1827 04b5aef04603496d903386f83278a878 a0356a7c76774970affd0ae69dac4347 - - default default] 10.0.0.53 "POST /v2.0/security-group-rules HTTP/1.1" status: 201 len: 764 time: 0.1721232
2026-04-22 19:41:44.851 9 WARNING neutron_lib.context [None req-5bd78b9c-0c09-45f5-93f4-680011d52858 04b5aef04603496d903386f83278a878 a0356a7c76774970affd0ae69dac4347 - - default default] Method 'is_advsvc' is deprecated since 2023.2 release (neutron-lib 3.8.0) and will be removed once support for the old RBAC API policies will be removed from Neutron. Please use method 'is_service_role' instead.
2026-04-22 19:41:44.955 9 INFO neutron.db.ovn_revision_numbers_db [None req-5bd78b9c-0c09-45f5-93f4-680011d52858 04b5aef04603496d903386f83278a878 a0356a7c76774970affd0ae69dac4347 - - default default] Successfully bumped revision number for resource 5e99a4e2-fdc4-476e-a387-8c51347211b4 (type: security_group_rules) to 0
2026-04-22 19:41:44.986 9 INFO neutron.wsgi [None req-5bd78b9c-0c09-45f5-93f4-680011d52858 04b5aef04603496d903386f83278a878 a0356a7c76774970affd0ae69dac4347 - - default default] 10.0.0.53 "POST /v2.0/security-group-rules HTTP/1.1" status: 201 len: 769 time: 0.1405056
2026-04-22 19:41:44.999 10 WARNING neutron_lib.context [None req-28cba8d2-77ae-418b-ae8b-a7caca7ed50b 04b5aef04603496d903386f83278a878 a0356a7c76774970affd0ae69dac4347 - - default default] Method 'is_advsvc' is deprecated since 2023.2 release (neutron-lib 3.8.0) and will be removed once support for the old RBAC API policies will be removed from Neutron. Please use method 'is_service_role' instead.
2026-04-22 19:41:45.341 9 INFO neutron.wsgi [req-c5c1b83e-9492-48cc-9c34-2de9f03e3610 req-de9b17f5-053f-403b-b0fd-4ad66f8cd321 f0ac2c3661e34290a2c8b3100003944d 3f608b26d04841d28a8e76b3f542c194 - - default default] 10.0.0.78 "GET /v2.0/ports?device_id=90f97880-6502-43b3-847f-038771e7b6c1 HTTP/1.1" status: 200 len: 1172 time: 0.0401270
2026-04-22 19:41:45.351 10 WARNING neutron.plugins.ml2.drivers.ovn.mech_driver.ovsdb.ovn_client [None req-c2fced80-5b12-4624-b74c-be943de9d8e3 - - - - - -] No port found with ID 3230b503-d559-4df9-9a2d-3ac84b1e42bb: RuntimeError: No port found with ID 3230b503-d559-4df9-9a2d-3ac84b1e42bb
2026-04-22 19:41:45.352 10 INFO neutron.plugins.ml2.drivers.ovn.mech_driver.mech_driver [None req-c2fced80-5b12-4624-b74c-be943de9d8e3 - - - - - -] OVN reports status up for port: e70b6557-679d-45a5-9af4-e9d5dad9c116
2026-04-22 19:41:45.379 10 INFO neutron.plugins.ml2.plugin [None req-c2fced80-5b12-4624-b74c-be943de9d8e3 - - - - - -] Attempt 1 to provision port e70b6557-679d-45a5-9af4-e9d5dad9c116
2026-04-22 19:41:45.381 10 INFO neutron.db.ovn_revision_numbers_db [None req-44808c5b-8044-444f-9e5a-a9bb563e1892 685b29c7b905421fa6006623d71c6ee1 b9ecc6d636b54d978fd921ea5950a0ef - - default default] Successfully bumped revision number for resource 4bb7e748-b745-4f4d-a0c7-5c14cd3bab4c (type: routers) to 3
2026-04-22 19:41:45.384 10 INFO neutron.wsgi [None req-44808c5b-8044-444f-9e5a-a9bb563e1892 685b29c7b905421fa6006623d71c6ee1 b9ecc6d636b54d978fd921ea5950a0ef - - default default] 10.0.0.53 "PUT /v2.0/routers/4bb7e748-b745-4f4d-a0c7-5c14cd3bab4c HTTP/1.1" status: 200 len: 880 time: 0.8474386
2026-04-22 19:41:45.395 9 INFO neutron.wsgi [req-c5c1b83e-9492-48cc-9c34-2de9f03e3610 req-64ae2940-15a3-4c6e-b7c3-bc2a0c32953b f0ac2c3661e34290a2c8b3100003944d 3f608b26d04841d28a8e76b3f542c194 - - default default] 10.0.0.78 "GET /v2.0/security-groups?id=e3a5ee3a-8fc3-4778-96a3-9fd511e799f4&fields=id&fields=name HTTP/1.1" status: 200 len: 286 time: 0.0453315
2026-04-22 19:41:45.410 10 WARNING neutron.scheduler.dhcp_agent_scheduler [None req-28cba8d2-77ae-418b-ae8b-a7caca7ed50b 04b5aef04603496d903386f83278a878 a0356a7c76774970affd0ae69dac4347 - - default default] No more DHCP agents
2026-04-22 19:41:45.418 10 WARNING neutron.api.rpc.agentnotifiers.dhcp_rpc_agent_api [None req-28cba8d2-77ae-418b-ae8b-a7caca7ed50b 04b5aef04603496d903386f83278a878 a0356a7c76774970affd0ae69dac4347 - - default default] Unable to schedule network 03f27d31-9d52-4b53-a198-8e48ce201940: no agents available; will retry on subsequent port and subnet creation events.
2026-04-22 19:41:45.481 9 INFO neutron.wsgi [None req-6f153b17-85ab-42bb-9617-c3b01a1e71b1 685b29c7b905421fa6006623d71c6ee1 b9ecc6d636b54d978fd921ea5950a0ef - - default default] 10.0.0.53 "GET /v2.0/routers/4bb7e748-b745-4f4d-a0c7-5c14cd3bab4c HTTP/1.1" status: 200 len: 880 time: 0.0855019
2026-04-22 19:41:45.512 9 INFO neutron.wsgi [None req-4474d5b1-fad2-4f5f-8007-961f75cc69da 685b29c7b905421fa6006623d71c6ee1 b9ecc6d636b54d978fd921ea5950a0ef - - default default] 10.0.0.53 "GET /v2.0/ports?device_id=4bb7e748-b745-4f4d-a0c7-5c14cd3bab4c HTTP/1.1" status: 200 len: 205 time: 0.0258954
2026-04-22 19:41:45.538 10 INFO neutron.plugins.ml2.drivers.ovn.mech_driver.mech_driver [None req-c2fced80-5b12-4624-b74c-be943de9d8e3 - - - - - -] OVN reports status up for port: c100403a-f9aa-4e37-9489-e35be8af4341
2026-04-22 19:41:45.560 10 INFO neutron.plugins.ml2.plugin [None req-c2fced80-5b12-4624-b74c-be943de9d8e3 - - - - - -] Attempt 1 to provision port c100403a-f9aa-4e37-9489-e35be8af4341
2026-04-22 19:41:45.714 10 INFO neutron.notifiers.nova [-] Nova event matching ['req-193a0d4e-19b7-4eb1-a0eb-c8580b424b00'] response: {'server_uuid': '90f97880-6502-43b3-847f-038771e7b6c1', 'name': 'network-vif-plugged', 'status': 'completed', 'tag': 'c100403a-f9aa-4e37-9489-e35be8af4341', 'code': 200}
2026-04-22 19:41:45.880 10 INFO neutron.db.ovn_revision_numbers_db [None req-28cba8d2-77ae-418b-ae8b-a7caca7ed50b 04b5aef04603496d903386f83278a878 a0356a7c76774970affd0ae69dac4347 - - default default] Successfully bumped revision number for resource b67468d0-447d-4125-acb0-b3f87e8ff5e0 (type: floatingips) to 0
2026-04-22 19:41:45.895 10 INFO neutron.wsgi [None req-28cba8d2-77ae-418b-ae8b-a7caca7ed50b 04b5aef04603496d903386f83278a878 a0356a7c76774970affd0ae69dac4347 - - default default] 10.0.0.53 "POST /v2.0/floatingips HTTP/1.1" status: 201 len: 751 time: 0.9021330
2026-04-22 19:41:45.964 10 INFO neutron.db.ovn_revision_numbers_db [None req-c2fced80-5b12-4624-b74c-be943de9d8e3 - - - - - -] Successfully bumped revision number for resource c100403a-f9aa-4e37-9489-e35be8af4341 (type: ports) to 4
2026-04-22 19:41:46.073 9 INFO neutron.wsgi [req-b3690b28-74ec-449d-b7c2-7761ebd6e3fb req-e958e0f8-aa5a-4a7e-9ac3-db83781e6b1a 04b5aef04603496d903386f83278a878 a0356a7c76774970affd0ae69dac4347 - - default default] 10.0.0.78 "GET /v2.0/security-groups?name=tempest-secgroup-smoke-318710182&fields=id&tenant_id=a0356a7c76774970affd0ae69dac4347 HTTP/1.1" status: 200 len: 267 time: 0.0451264
2026-04-22 19:41:46.139 9 INFO neutron.wsgi [req-b3690b28-74ec-449d-b7c2-7761ebd6e3fb req-5126a4d6-60ec-4006-9cdc-1a40b28df019 04b5aef04603496d903386f83278a878 a0356a7c76774970affd0ae69dac4347 - - default default] 10.0.0.78 "GET /v2.0/security-groups?name=tempest-securitygroup--341502486&fields=id&tenant_id=a0356a7c76774970affd0ae69dac4347 HTTP/1.1" status: 200 len: 267 time: 0.0542586
2026-04-22 19:41:46.238 9 INFO neutron.wsgi [req-b3690b28-74ec-449d-b7c2-7761ebd6e3fb req-42a880ea-f3fb-42ce-ad6e-7714fd8147ff 04b5aef04603496d903386f83278a878 a0356a7c76774970affd0ae69dac4347 - - default default] 10.0.0.78 "GET /v2.0/networks?id=79369d53-314c-4a26-bef3-ad7796e5b42b HTTP/1.1" status: 200 len: 870 time: 0.0903432
2026-04-22 19:41:46.268 9 INFO neutron.wsgi [req-b3690b28-74ec-449d-b7c2-7761ebd6e3fb req-0d58de47-41b7-44c2-b934-fe59ff5a3e46 04b5aef04603496d903386f83278a878 a0356a7c76774970affd0ae69dac4347 - - default default] 10.0.0.78 "GET /v2.0/quotas/a0356a7c76774970affd0ae69dac4347 HTTP/1.1" status: 200 len: 386 time: 0.0211112
2026-04-22 19:41:46.397 9 INFO neutron.wsgi [req-b3690b28-74ec-449d-b7c2-7761ebd6e3fb req-a2a9cf52-1531-4a49-a6f7-e0d5dbe65c1c 04b5aef04603496d903386f83278a878 a0356a7c76774970affd0ae69dac4347 - - default default] 10.0.0.78 "GET /v2.0/ports?tenant_id=a0356a7c76774970affd0ae69dac4347&fields=id HTTP/1.1" status: 200 len: 302 time: 0.1093018 /var/lib/openstack/lib/python3.10/site-packages/pycadf/identifier.py:71: UserWarning: Invalid uuid: neutron. To ensure interoperability, identifiers should be a valid uuid. warnings.warn(('Invalid uuid: %s. To ensure interoperability, '
2026-04-22 19:41:46.489 9 INFO neutron.wsgi [req-b3690b28-74ec-449d-b7c2-7761ebd6e3fb req-77914d03-eadd-4e2e-8bf2-c0422958dfaa 74c10f796dd9484d81aaaeadb9fc6aa7 4eabc121554046faadfb1f554ba2c17b - - bc3a08d6369941d6adfa3d0f4b770de6 bc3a08d6369941d6adfa3d0f4b770de6] 10.0.0.78 "GET /v2.0/networks/79369d53-314c-4a26-bef3-ad7796e5b42b?fields=segments HTTP/1.1" status: 200 len: 212 time: 0.0732937
2026-04-22 19:41:46.561 10 INFO neutron.wsgi [req-27aaed50-134a-4719-90e9-37e4175b3975 req-f3b2681f-93ec-436e-bea4-b1e1ce39af55 f0ac2c3661e34290a2c8b3100003944d 3f608b26d04841d28a8e76b3f542c194 - - default default] 10.0.0.78 "GET /v2.0/ports?device_id=90f97880-6502-43b3-847f-038771e7b6c1 HTTP/1.1" status: 200 len: 1174 time: 0.1000957
2026-04-22 19:41:46.583 9 INFO neutron.wsgi [req-b3690b28-74ec-449d-b7c2-7761ebd6e3fb req-0422d212-d14d-4f95-bddc-c9429fd3f0be 74c10f796dd9484d81aaaeadb9fc6aa7 4eabc121554046faadfb1f554ba2c17b - - bc3a08d6369941d6adfa3d0f4b770de6 bc3a08d6369941d6adfa3d0f4b770de6] 10.0.0.78 "GET /v2.0/networks/79369d53-314c-4a26-bef3-ad7796e5b42b?fields=provider%3Aphysical_network&fields=provider%3Anetwork_type HTTP/1.1" status: 200 len: 277 time: 0.0877395
2026-04-22 19:41:46.610 10 INFO neutron.wsgi [req-27aaed50-134a-4719-90e9-37e4175b3975 req-c5aae352-33df-428b-8d0b-85f42ba24227 f0ac2c3661e34290a2c8b3100003944d 3f608b26d04841d28a8e76b3f542c194 - - default default] 10.0.0.78 "GET /v2.0/security-groups?id=e3a5ee3a-8fc3-4778-96a3-9fd511e799f4&fields=id&fields=name HTTP/1.1" status: 200 len: 286 time: 0.0377731
2026-04-22 19:41:46.790 9 INFO neutron.wsgi [None req-a80594a4-c9a4-4237-bf8b-e92a155e8a0b 685b29c7b905421fa6006623d71c6ee1 b9ecc6d636b54d978fd921ea5950a0ef - - default default] 10.0.0.53 "DELETE /v2.0/routers/4bb7e748-b745-4f4d-a0c7-5c14cd3bab4c HTTP/1.1" status: 204 len: 168 time: 1.2732420
2026-04-22 19:41:46.806 10 INFO neutron.wsgi [req-c214d75b-8585-4c53-9d48-80629a4d2fab req-2ddf567d-6f73-472e-9f26-1d4c1d846074 04b5aef04603496d903386f83278a878 a0356a7c76774970affd0ae69dac4347 - - default default] 10.0.0.78 "GET /v2.0/ports?device_id=341b6146-12c4-4aa1-ac46-efbcfbc1ab53 HTTP/1.1" status: 200 len: 210 time: 0.0439322
2026-04-22 19:41:46.827 9 INFO neutron.wsgi [None req-1452bb2e-9851-4afb-b010-9399f405b842 685b29c7b905421fa6006623d71c6ee1 b9ecc6d636b54d978fd921ea5950a0ef - - default default] 10.0.0.53 "GET /v2.0/ports?device_id=4bb7e748-b745-4f4d-a0c7-5c14cd3bab4c HTTP/1.1" status: 200 len: 205 time: 0.0287983
2026-04-22 19:41:46.856 9 INFO neutron.api.v2.resource [None req-dc11cbde-6f27-46aa-86cb-cc0e39fb0e08 685b29c7b905421fa6006623d71c6ee1 b9ecc6d636b54d978fd921ea5950a0ef - - default default] delete failed (client error): The resource could not be found.
2026-04-22 19:41:46.857 9 INFO neutron.wsgi [None req-dc11cbde-6f27-46aa-86cb-cc0e39fb0e08 685b29c7b905421fa6006623d71c6ee1 b9ecc6d636b54d978fd921ea5950a0ef - - default default] 10.0.0.53 "DELETE /v2.0/routers/4bb7e748-b745-4f4d-a0c7-5c14cd3bab4c HTTP/1.1" status: 404 len: 336 time: 0.0250697
2026-04-22 19:41:46.893 9 INFO neutron.wsgi [None req-85ca9f1f-8fc3-482b-b4f7-7ce83fa1370d 685b29c7b905421fa6006623d71c6ee1 b9ecc6d636b54d978fd921ea5950a0ef - - default default] 10.0.0.53 "GET /v2.0/ports?device_id=3dff34b6-64f3-40a5-a606-140cf11d32c9 HTTP/1.1" status: 200 len: 205 time: 0.0309441
2026-04-22 19:41:46.915 9 WARNING neutron.plugins.ml2.drivers.ovn.mech_driver.ovsdb.ovn_client [None req-0f7edde9-43a3-45cf-ae74-5f357d8d0ae2 - - - - - -] No hosting information found for port f4342789-bcf1-4942-adfb-bf988901522d: RuntimeError: No hosting information found for port f4342789-bcf1-4942-adfb-bf988901522d
2026-04-22 19:41:46.934 10 INFO neutron.api.v2.resource [None req-b1ecce6c-860d-42f7-a73d-7837f573c630 685b29c7b905421fa6006623d71c6ee1 b9ecc6d636b54d978fd921ea5950a0ef - - default default] delete failed (client error): The resource could not be found.
2026-04-22 19:41:46.936 10 INFO neutron.wsgi [None req-b1ecce6c-860d-42f7-a73d-7837f573c630 685b29c7b905421fa6006623d71c6ee1 b9ecc6d636b54d978fd921ea5950a0ef - - default default] 10.0.0.53 "DELETE /v2.0/routers/3dff34b6-64f3-40a5-a606-140cf11d32c9 HTTP/1.1" status: 404 len: 336 time: 0.0363214
2026-04-22 19:41:46.946 9 INFO neutron.plugins.ml2.drivers.ovn.mech_driver.mech_driver [None req-0f7edde9-43a3-45cf-ae74-5f357d8d0ae2 - - - - - -] OVN reports status up for port: cd01f6eb-ae0b-4892-a7d3-82dfb9441d20
2026-04-22 19:41:46.972 10 INFO neutron.pecan_wsgi.hooks.translation [None req-e3b3a569-1fca-480a-aadc-b5dc3260c751 685b29c7b905421fa6006623d71c6ee1 b9ecc6d636b54d978fd921ea5950a0ef - - default default] DELETE failed (client error): The resource could not be found.
2026-04-22 19:41:46.975 10 INFO neutron.wsgi [None req-e3b3a569-1fca-480a-aadc-b5dc3260c751 685b29c7b905421fa6006623d71c6ee1 b9ecc6d636b54d978fd921ea5950a0ef - - default default] 10.0.0.53 "DELETE /v2.0/subnets/d9d2e9fb-c51b-4604-8e0e-25641387c4e0 HTTP/1.1" status: 404 len: 337 time: 0.0286853
2026-04-22 19:41:47.005 10 INFO neutron.wsgi [None req-33d34640-64e6-4667-9fea-bda4f5c761bc 685b29c7b905421fa6006623d71c6ee1 b9ecc6d636b54d978fd921ea5950a0ef - - default default] 10.0.0.53 "GET /v2.0/ports?device_id=c5437260-1420-4421-aa5a-7a3da005ea5f HTTP/1.1" status: 200 len: 205 time: 0.0239353
2026-04-22 19:41:47.069 10 INFO neutron.api.v2.resource [None req-edaf6d62-db7e-49ec-8840-088c8906b202 685b29c7b905421fa6006623d71c6ee1 b9ecc6d636b54d978fd921ea5950a0ef - - default default] delete failed (client error): The resource could not be found.
2026-04-22 19:41:47.071 10 INFO neutron.wsgi [None req-edaf6d62-db7e-49ec-8840-088c8906b202 685b29c7b905421fa6006623d71c6ee1 b9ecc6d636b54d978fd921ea5950a0ef - - default default] 10.0.0.53 "DELETE /v2.0/routers/c5437260-1420-4421-aa5a-7a3da005ea5f HTTP/1.1" status: 404 len: 336 time: 0.0495450
2026-04-22 19:41:47.096 10 INFO neutron.pecan_wsgi.hooks.translation [None req-b52696c4-c898-491e-8bc3-a3f42515f97a 685b29c7b905421fa6006623d71c6ee1 b9ecc6d636b54d978fd921ea5950a0ef - - default default] DELETE failed (client error): The resource could not be found.
2026-04-22 19:41:47.099 10 INFO neutron.wsgi [None req-b52696c4-c898-491e-8bc3-a3f42515f97a 685b29c7b905421fa6006623d71c6ee1 b9ecc6d636b54d978fd921ea5950a0ef - - default default] 10.0.0.53 "DELETE /v2.0/subnets/03ca77b6-03ca-4c58-9fa7-bca23ec2f483 HTTP/1.1" status: 404 len: 337 time: 0.0225985
2026-04-22 19:41:47.140 10 INFO neutron.wsgi [None req-39ee4942-e960-4dd2-ba99-3ebb57fed491 685b29c7b905421fa6006623d71c6ee1 b9ecc6d636b54d978fd921ea5950a0ef - - default default] 10.0.0.53 "GET /v2.0/ports?device_id=922666bc-b266-4bdb-993f-fcbd3c328e38 HTTP/1.1" status: 200 len: 205 time: 0.0343518
2026-04-22 19:41:47.181 10 INFO neutron.api.v2.resource [None req-c988b147-cd41-4ebd-90dd-9fa80ba4e613 685b29c7b905421fa6006623d71c6ee1 b9ecc6d636b54d978fd921ea5950a0ef - - default default] delete failed (client error): The resource could not be found.
2026-04-22 19:41:47.183 10 INFO neutron.wsgi [None req-c988b147-cd41-4ebd-90dd-9fa80ba4e613 685b29c7b905421fa6006623d71c6ee1 b9ecc6d636b54d978fd921ea5950a0ef - - default default] 10.0.0.53 "DELETE /v2.0/routers/922666bc-b266-4bdb-993f-fcbd3c328e38 HTTP/1.1" status: 404 len: 336 time: 0.0380142 /var/lib/openstack/lib/python3.10/site-packages/pycadf/identifier.py:71: UserWarning: Invalid uuid: neutron. To ensure interoperability, identifiers should be a valid uuid. warnings.warn(('Invalid uuid: %s. To ensure interoperability, '
2026-04-22 19:41:47.218 9 INFO neutron.pecan_wsgi.hooks.translation [None req-183107ab-60e6-409f-93dc-fc7e4a5a8c88 685b29c7b905421fa6006623d71c6ee1 b9ecc6d636b54d978fd921ea5950a0ef - - default default] DELETE failed (client error): The resource could not be found.
2026-04-22 19:41:47.221 9 INFO neutron.wsgi [None req-183107ab-60e6-409f-93dc-fc7e4a5a8c88 685b29c7b905421fa6006623d71c6ee1 b9ecc6d636b54d978fd921ea5950a0ef - - default default] 10.0.0.53 "DELETE /v2.0/subnets/139e7260-f5b4-4b7f-b943-8a10b70dbf67 HTTP/1.1" status: 404 len: 337 time: 0.0319815
2026-04-22 19:41:47.230 10 INFO neutron.wsgi [req-5806a3f3-56d3-4e0a-a2b1-d52f18401c84 req-eb4f3fe1-4ab3-4d83-a62e-ba6362e9c280 f0ac2c3661e34290a2c8b3100003944d 3f608b26d04841d28a8e76b3f542c194 - - default default] 10.0.0.78 "GET /v2.0/ports?device_id=90f97880-6502-43b3-847f-038771e7b6c1 HTTP/1.1" status: 200 len: 1174 time: 0.0517735
2026-04-22 19:41:47.247 9 INFO neutron.pecan_wsgi.hooks.translation [None req-1b285be8-31ea-44c9-ac42-9cb2a5378f18 685b29c7b905421fa6006623d71c6ee1 b9ecc6d636b54d978fd921ea5950a0ef - - default default] DELETE failed (client error): The resource could not be found.
2026-04-22 19:41:47.251 9 INFO neutron.wsgi [None req-1b285be8-31ea-44c9-ac42-9cb2a5378f18 685b29c7b905421fa6006623d71c6ee1 b9ecc6d636b54d978fd921ea5950a0ef - - default default] 10.0.0.53 "DELETE /v2.0/subnets/36eb0743-2f7f-458a-82be-19bc71def8d0 HTTP/1.1" status: 404 len: 337 time: 0.0251489
2026-04-22 19:41:47.307 10 INFO neutron.wsgi [req-5806a3f3-56d3-4e0a-a2b1-d52f18401c84 req-e088e0af-ac15-43ef-81c7-9f9564a79561 f0ac2c3661e34290a2c8b3100003944d 3f608b26d04841d28a8e76b3f542c194 - - default default] 10.0.0.78 "GET /v2.0/security-groups?id=e3a5ee3a-8fc3-4778-96a3-9fd511e799f4&fields=id&fields=name HTTP/1.1" status: 200 len: 286 time: 0.0709984
2026-04-22 19:41:47.371 10 INFO neutron.plugins.ml2.drivers.ovn.mech_driver.mech_driver [None req-c2fced80-5b12-4624-b74c-be943de9d8e3 - - - - - -] OVN reports status down for port: c100403a-f9aa-4e37-9489-e35be8af4341
2026-04-22 19:41:47.778 10 INFO neutron.notifiers.nova [-] Nova event matching ['req-259e5bf7-9b06-4740-94fe-09fe5b13e11d'] response: {'server_uuid': '90f97880-6502-43b3-847f-038771e7b6c1', 'name': 'network-vif-plugged', 'status': 'completed', 'tag': 'c100403a-f9aa-4e37-9489-e35be8af4341', 'code': 200}
2026-04-22 19:41:47.779 10 INFO neutron.notifiers.nova [-] Nova event matching ['req-259e5bf7-9b06-4740-94fe-09fe5b13e11d'] response: {'server_uuid': '90f97880-6502-43b3-847f-038771e7b6c1', 'name': 'network-vif-unplugged', 'status': 'completed', 'tag': 'c100403a-f9aa-4e37-9489-e35be8af4341', 'code': 200}
2026-04-22 19:41:47.812 10 INFO neutron.wsgi [req-b2d57da5-cea8-49cd-a2ca-f205b9103fa5 req-18e17809-6d4a-49ba-ab67-801117574c86 f0ac2c3661e34290a2c8b3100003944d 3f608b26d04841d28a8e76b3f542c194 - - default default] 199.19.213.132 "GET /v2.0/ports?device_id=90f97880-6502-43b3-847f-038771e7b6c1 HTTP/1.1" status: 200 len: 1172 time: 0.0707521
2026-04-22 19:41:47.843 10 INFO neutron.db.ovn_revision_numbers_db [None req-c2fced80-5b12-4624-b74c-be943de9d8e3 - - - - - -] Successfully bumped revision number for resource c100403a-f9aa-4e37-9489-e35be8af4341 (type: ports) to 5
2026-04-22 19:41:47.865 9 INFO neutron.wsgi [req-b3690b28-74ec-449d-b7c2-7761ebd6e3fb req-71ef2da9-9ee9-4f36-9b91-6d4e6a03b2ca 04b5aef04603496d903386f83278a878 a0356a7c76774970affd0ae69dac4347 - - default default] 199.19.213.132 "GET /v2.0/networks?id=79369d53-314c-4a26-bef3-ad7796e5b42b HTTP/1.1" status: 200 len: 870 time: 0.1193275
2026-04-22 19:41:47.929 10 INFO neutron.wsgi [req-df41054d-07aa-4f6b-93c9-71ffd1dad138 req-3fafb929-dde8-4f9c-aa1f-ac6a5c6cd5ff 04b5aef04603496d903386f83278a878 a0356a7c76774970affd0ae69dac4347 - - default default] 10.0.0.78 "GET /v2.0/ports?device_id=341b6146-12c4-4aa1-ac46-efbcfbc1ab53 HTTP/1.1" status: 200 len: 210 time: 0.0345590
2026-04-22 19:41:47.933 9 INFO neutron.wsgi [req-b3690b28-74ec-449d-b7c2-7761ebd6e3fb req-632a4bcd-4fe3-46b2-b384-a97f605f1268 04b5aef04603496d903386f83278a878 a0356a7c76774970affd0ae69dac4347 - - default default] 199.19.213.132 "GET /v2.0/security-groups?fields=id&fields=name&tenant_id=a0356a7c76774970affd0ae69dac4347 HTTP/1.1" status: 200 len: 471 time: 0.0625429
2026-04-22 19:41:47.962 9 WARNING neutron_lib.context [req-b3690b28-74ec-449d-b7c2-7761ebd6e3fb req-ff3a2667-d237-498e-b4c6-cbe3948a9a4e 04b5aef04603496d903386f83278a878 a0356a7c76774970affd0ae69dac4347 - - default default] Method 'is_advsvc' is deprecated since 2023.2 release (neutron-lib 3.8.0) and will be removed once support for the old RBAC API policies will be removed from Neutron. Please use method 'is_service_role' instead.
2026-04-22 19:41:48.217 10 INFO neutron.wsgi [req-b2d57da5-cea8-49cd-a2ca-f205b9103fa5 req-08c6d582-c78f-4b7d-ba2d-354cd6b78bf6 f0ac2c3661e34290a2c8b3100003944d 3f608b26d04841d28a8e76b3f542c194 - - default default] 199.19.213.132 "DELETE /v2.0/ports/c100403a-f9aa-4e37-9489-e35be8af4341 HTTP/1.1" status: 204 len: 173 time: 0.4003482
2026-04-22 19:41:48.229 9 INFO neutron.wsgi [None req-339f14e3-3f51-44f3-9ad2-7011f7ded5ed ee2f3d3ab3a143b9885bf97c048b0ef6 e95d747a0c2a412389ead86875c3a8ec - - default default] 10.0.0.53 "GET /v2.0/security-groups?tenant_id=b9ecc6d636b54d978fd921ea5950a0ef&name=default HTTP/1.1" status: 200 len: 2996 time: 0.2594714
2026-04-22 19:41:48.383 9 WARNING neutron.scheduler.dhcp_agent_scheduler [req-b3690b28-74ec-449d-b7c2-7761ebd6e3fb req-ff3a2667-d237-498e-b4c6-cbe3948a9a4e 04b5aef04603496d903386f83278a878 a0356a7c76774970affd0ae69dac4347 - - default default] No more DHCP agents
2026-04-22 19:41:48.389 9 WARNING neutron.api.rpc.agentnotifiers.dhcp_rpc_agent_api [req-b3690b28-74ec-449d-b7c2-7761ebd6e3fb req-ff3a2667-d237-498e-b4c6-cbe3948a9a4e 04b5aef04603496d903386f83278a878 a0356a7c76774970affd0ae69dac4347 - - default default] Unable to schedule network 79369d53-314c-4a26-bef3-ad7796e5b42b: no agents available; will retry on subsequent port and subnet creation events. /var/lib/openstack/lib/python3.10/site-packages/pycadf/identifier.py:71: UserWarning: Invalid uuid: neutron. To ensure interoperability, identifiers should be a valid uuid. warnings.warn(('Invalid uuid: %s. To ensure interoperability, '
2026-04-22 19:41:48.424 9 INFO neutron.wsgi [req-39ad876e-bce8-48e6-b18f-1e271fa1ae3a req-2478b2b8-863a-4f35-b333-da17fd24f7a3 f0ac2c3661e34290a2c8b3100003944d 3f608b26d04841d28a8e76b3f542c194 - - default default] 10.0.0.78 "GET /v2.0/ports?device_id=90f97880-6502-43b3-847f-038771e7b6c1 HTTP/1.1" status: 200 len: 210 time: 0.0324962
2026-04-22 19:41:48.575 9 INFO neutron.wsgi [None req-e70052f2-0add-4a46-8a0a-6dbf990da268 ee2f3d3ab3a143b9885bf97c048b0ef6 e95d747a0c2a412389ead86875c3a8ec - - default default] 10.0.0.53 "DELETE /v2.0/security-groups/96dcea20-3340-4c23-8c5e-ec14630e957f HTTP/1.1" status: 204 len: 168 time: 0.3400068
2026-04-22 19:41:48.617 9 INFO neutron.db.ovn_revision_numbers_db [req-b3690b28-74ec-449d-b7c2-7761ebd6e3fb req-ff3a2667-d237-498e-b4c6-cbe3948a9a4e 04b5aef04603496d903386f83278a878 a0356a7c76774970affd0ae69dac4347 - - default default] Successfully bumped revision number for resource cf5536f4-7e7d-41bf-894c-5e70e3123f35 (type: ports) to 1
2026-04-22 19:41:48.663 9 INFO neutron.wsgi [req-b3690b28-74ec-449d-b7c2-7761ebd6e3fb req-ff3a2667-d237-498e-b4c6-cbe3948a9a4e 04b5aef04603496d903386f83278a878 a0356a7c76774970affd0ae69dac4347 - - default default] 199.19.213.132 "POST /v2.0/ports HTTP/1.1" status: 201 len: 1197 time: 0.7087440 /var/lib/openstack/lib/python3.10/site-packages/pycadf/identifier.py:71: UserWarning: Invalid uuid: neutron. To ensure interoperability, identifiers should be a valid uuid. warnings.warn(('Invalid uuid: %s. To ensure interoperability, ' /var/lib/openstack/lib/python3.10/site-packages/pycadf/identifier.py:71: UserWarning: Invalid uuid: neutron. To ensure interoperability, identifiers should be a valid uuid. warnings.warn(('Invalid uuid: %s. To ensure interoperability, '
2026-04-22 19:41:49.092 9 INFO neutron.db.ovn_revision_numbers_db [req-b3690b28-74ec-449d-b7c2-7761ebd6e3fb req-79dddb3d-fb25-43b7-8420-50fdb94fc02b 74c10f796dd9484d81aaaeadb9fc6aa7 4eabc121554046faadfb1f554ba2c17b - - bc3a08d6369941d6adfa3d0f4b770de6 bc3a08d6369941d6adfa3d0f4b770de6] Successfully bumped revision number for resource cf5536f4-7e7d-41bf-894c-5e70e3123f35 (type: ports) to 2
2026-04-22 19:41:49.116 10 INFO neutron.wsgi [req-a5015d61-7617-4ae2-947d-8a55c723ad4e req-f0988a3d-946c-4fea-acbc-baa150e26fca 04b5aef04603496d903386f83278a878 a0356a7c76774970affd0ae69dac4347 - - default default] 10.0.0.78 "GET /v2.0/ports?device_id=341b6146-12c4-4aa1-ac46-efbcfbc1ab53 HTTP/1.1" status: 200 len: 1208 time: 0.1049969
2026-04-22 19:41:49.171 10 INFO neutron.wsgi [req-a5015d61-7617-4ae2-947d-8a55c723ad4e req-cf95bb35-0396-46ba-b8db-1ef7fca4f4a5 04b5aef04603496d903386f83278a878 a0356a7c76774970affd0ae69dac4347 - - default default] 10.0.0.78 "GET /v2.0/security-groups?id=437919c2-8dce-495b-a148-d55bfd3ba2b0&id=777df50d-01ce-461e-9199-95dd2d65d467&fields=id&fields=name HTTP/1.1" status: 200 len: 404 time: 0.0443144
2026-04-22 19:41:49.309 9 INFO neutron.db.ovn_revision_numbers_db [req-b3690b28-74ec-449d-b7c2-7761ebd6e3fb req-79dddb3d-fb25-43b7-8420-50fdb94fc02b 74c10f796dd9484d81aaaeadb9fc6aa7 4eabc121554046faadfb1f554ba2c17b - - bc3a08d6369941d6adfa3d0f4b770de6 bc3a08d6369941d6adfa3d0f4b770de6] Successfully bumped revision number for resource cf5536f4-7e7d-41bf-894c-5e70e3123f35 (type: ports) to 2
2026-04-22 19:41:49.329 9 INFO neutron.wsgi [req-b3690b28-74ec-449d-b7c2-7761ebd6e3fb req-79dddb3d-fb25-43b7-8420-50fdb94fc02b 74c10f796dd9484d81aaaeadb9fc6aa7 4eabc121554046faadfb1f554ba2c17b - - bc3a08d6369941d6adfa3d0f4b770de6 bc3a08d6369941d6adfa3d0f4b770de6] 199.19.213.132 "PUT /v2.0/ports/cf5536f4-7e7d-41bf-894c-5e70e3123f35 HTTP/1.1" status: 200 len: 1415 time: 0.6560621
2026-04-22 19:41:49.369 9 INFO neutron.notifiers.nova [-] Nova event matching ['req-54ffa877-6cdb-4604-86db-c7693d8a488a'] response: {'name': 'network-changed', 'server_uuid': '341b6146-12c4-4aa1-ac46-efbcfbc1ab53', 'tag': 'cf5536f4-7e7d-41bf-894c-5e70e3123f35', 'status': 'completed', 'code': 200} /var/lib/openstack/lib/python3.10/site-packages/pycadf/identifier.py:71: UserWarning: Invalid uuid: neutron. To ensure interoperability, identifiers should be a valid uuid. warnings.warn(('Invalid uuid: %s. To ensure interoperability, '
2026-04-22 19:41:49.416 9 INFO neutron.wsgi [req-b3690b28-74ec-449d-b7c2-7761ebd6e3fb req-aab9fda8-7166-4ea0-a0e9-02cffd0f9901 74c10f796dd9484d81aaaeadb9fc6aa7 4eabc121554046faadfb1f554ba2c17b - - bc3a08d6369941d6adfa3d0f4b770de6 bc3a08d6369941d6adfa3d0f4b770de6] 199.19.213.132 "GET /v2.0/ports?tenant_id=a0356a7c76774970affd0ae69dac4347&device_id=341b6146-12c4-4aa1-ac46-efbcfbc1ab53 HTTP/1.1" status: 200 len: 1446 time: 0.0416305
2026-04-22 19:41:49.449 9 INFO neutron.wsgi [req-b3690b28-74ec-449d-b7c2-7761ebd6e3fb req-6b3d25d5-2849-4896-b2e3-83984f52ce2e 74c10f796dd9484d81aaaeadb9fc6aa7 4eabc121554046faadfb1f554ba2c17b - - bc3a08d6369941d6adfa3d0f4b770de6 bc3a08d6369941d6adfa3d0f4b770de6] 199.19.213.132 "GET /v2.0/floatingips?fixed_ip_address=10.100.0.6&port_id=cf5536f4-7e7d-41bf-894c-5e70e3123f35 HTTP/1.1" status: 200 len: 217 time: 0.0243421
2026-04-22 19:41:49.497 9 INFO neutron.wsgi [req-b3690b28-74ec-449d-b7c2-7761ebd6e3fb req-04f4b5b5-98f5-467c-a868-11f77d3f3a4d 74c10f796dd9484d81aaaeadb9fc6aa7 4eabc121554046faadfb1f554ba2c17b - - bc3a08d6369941d6adfa3d0f4b770de6 bc3a08d6369941d6adfa3d0f4b770de6] 199.19.213.132 "GET /v2.0/subnets?id=9507bede-47c0-43f7-b2d4-390908a13aa5 HTTP/1.1" status: 200 len: 864 time: 0.0400507
2026-04-22 19:41:49.527 9 INFO neutron.wsgi [req-b3690b28-74ec-449d-b7c2-7761ebd6e3fb req-5c584d82-8dfa-471b-9b75-22d37d9ad6c5 74c10f796dd9484d81aaaeadb9fc6aa7 4eabc121554046faadfb1f554ba2c17b - - bc3a08d6369941d6adfa3d0f4b770de6 bc3a08d6369941d6adfa3d0f4b770de6] 199.19.213.132 "GET /v2.0/ports?network_id=79369d53-314c-4a26-bef3-ad7796e5b42b&device_owner=network%3Adhcp HTTP/1.1" status: 200 len: 210 time: 0.0209036
2026-04-22 19:41:49.596 9 INFO neutron.wsgi [req-b3690b28-74ec-449d-b7c2-7761ebd6e3fb req-d38853bc-dc05-48d0-983c-b183c57879fc 74c10f796dd9484d81aaaeadb9fc6aa7 4eabc121554046faadfb1f554ba2c17b - - bc3a08d6369941d6adfa3d0f4b770de6 bc3a08d6369941d6adfa3d0f4b770de6] 199.19.213.132 "GET /v2.0/networks/79369d53-314c-4a26-bef3-ad7796e5b42b?fields=segments HTTP/1.1" status: 200 len: 212 time: 0.0635307
2026-04-22 19:41:49.678 9 INFO neutron.wsgi [req-b3690b28-74ec-449d-b7c2-7761ebd6e3fb req-3bf56cf4-c793-4c93-9ee2-9db0b443a207 74c10f796dd9484d81aaaeadb9fc6aa7 4eabc121554046faadfb1f554ba2c17b - - bc3a08d6369941d6adfa3d0f4b770de6 bc3a08d6369941d6adfa3d0f4b770de6] 199.19.213.132 "GET /v2.0/networks/79369d53-314c-4a26-bef3-ad7796e5b42b?fields=provider%3Aphysical_network&fields=provider%3Anetwork_type HTTP/1.1" status: 200 len: 277 time: 0.0744770
2026-04-22 19:41:49.753 9 INFO neutron.wsgi [req-255d51df-7699-4861-b800-2bb69094df95 req-4d04fef5-3702-4787-9666-28e6a92d5452 74c10f796dd9484d81aaaeadb9fc6aa7 4eabc121554046faadfb1f554ba2c17b - - bc3a08d6369941d6adfa3d0f4b770de6 bc3a08d6369941d6adfa3d0f4b770de6] 199.19.213.132 "GET /v2.0/ports?tenant_id=a0356a7c76774970affd0ae69dac4347&device_id=341b6146-12c4-4aa1-ac46-efbcfbc1ab53 HTTP/1.1" status: 200 len: 1446 time: 0.0355446
2026-04-22 19:41:49.826 10 INFO neutron.notifiers.nova [-] Nova event matching ['req-97e627fb-eee3-4e8b-808e-1a6a906d0542'] response: {'server_uuid': '90f97880-6502-43b3-847f-038771e7b6c1', 'name': 'network-vif-plugged', 'status': 'completed', 'tag': 'c100403a-f9aa-4e37-9489-e35be8af4341', 'code': 200}
2026-04-22 19:41:49.827 10 INFO neutron.notifiers.nova [-] Nova event matching ['req-97e627fb-eee3-4e8b-808e-1a6a906d0542'] response: {'server_uuid': '90f97880-6502-43b3-847f-038771e7b6c1', 'name': 'network-vif-deleted', 'tag': 'c100403a-f9aa-4e37-9489-e35be8af4341', 'status': 'completed', 'code': 200}
2026-04-22 19:41:49.838 9 INFO neutron.wsgi [req-255d51df-7699-4861-b800-2bb69094df95 req-d4364f2c-511d-4b2f-bede-a4a3b9c0f38e 74c10f796dd9484d81aaaeadb9fc6aa7 4eabc121554046faadfb1f554ba2c17b - - bc3a08d6369941d6adfa3d0f4b770de6 bc3a08d6369941d6adfa3d0f4b770de6] 199.19.213.132 "GET /v2.0/networks?id=79369d53-314c-4a26-bef3-ad7796e5b42b HTTP/1.1" status: 200 len: 969 time: 0.0752430
2026-04-22 19:41:49.878 9 INFO neutron.wsgi [req-255d51df-7699-4861-b800-2bb69094df95 req-23427145-0469-41ed-ad4c-516dfcf50f06 74c10f796dd9484d81aaaeadb9fc6aa7 4eabc121554046faadfb1f554ba2c17b - - bc3a08d6369941d6adfa3d0f4b770de6 bc3a08d6369941d6adfa3d0f4b770de6] 199.19.213.132 "GET /v2.0/floatingips?fixed_ip_address=10.100.0.6&port_id=cf5536f4-7e7d-41bf-894c-5e70e3123f35 HTTP/1.1" status: 200 len: 217 time: 0.0267792
2026-04-22 19:41:49.899 10 INFO neutron.wsgi [req-75544587-9171-47c3-ab7c-6110f843e97b req-ddcd91d8-6e19-41d3-aa0c-a35f09a4e687 74c10f796dd9484d81aaaeadb9fc6aa7 4eabc121554046faadfb1f554ba2c17b - - bc3a08d6369941d6adfa3d0f4b770de6 bc3a08d6369941d6adfa3d0f4b770de6] 199.19.213.132 "GET /v2.0/ports?device_id=341b6146-12c4-4aa1-ac46-efbcfbc1ab53 HTTP/1.1" status: 200 len: 1446 time: 0.0483711
2026-04-22 19:41:49.922 9 INFO neutron.wsgi [req-255d51df-7699-4861-b800-2bb69094df95 req-b11d0cab-89f5-4cc6-99c6-02ff19f55c13 74c10f796dd9484d81aaaeadb9fc6aa7 4eabc121554046faadfb1f554ba2c17b - - bc3a08d6369941d6adfa3d0f4b770de6 bc3a08d6369941d6adfa3d0f4b770de6] 199.19.213.132 "GET /v2.0/subnets?id=9507bede-47c0-43f7-b2d4-390908a13aa5 HTTP/1.1" status: 200 len: 864 time: 0.0370896
2026-04-22 19:41:49.959 10 INFO neutron.wsgi [req-75544587-9171-47c3-ab7c-6110f843e97b req-38cc047e-dcdf-4990-84f4-9b9f6f5e659b 74c10f796dd9484d81aaaeadb9fc6aa7 4eabc121554046faadfb1f554ba2c17b - - bc3a08d6369941d6adfa3d0f4b770de6 bc3a08d6369941d6adfa3d0f4b770de6] 199.19.213.132 "GET /v2.0/security-groups?id=777df50d-01ce-461e-9199-95dd2d65d467&id=437919c2-8dce-495b-a148-d55bfd3ba2b0&fields=id&fields=name HTTP/1.1" status: 200 len: 404 time: 0.0504773
2026-04-22 19:41:49.959 9 INFO neutron.wsgi [req-255d51df-7699-4861-b800-2bb69094df95 req-adb3fd71-fee1-4ea7-be4c-bb6fc9b68b65 74c10f796dd9484d81aaaeadb9fc6aa7 4eabc121554046faadfb1f554ba2c17b - - bc3a08d6369941d6adfa3d0f4b770de6 bc3a08d6369941d6adfa3d0f4b770de6] 199.19.213.132 "GET /v2.0/ports?network_id=79369d53-314c-4a26-bef3-ad7796e5b42b&device_owner=network%3Adhcp HTTP/1.1" status: 200 len: 210 time: 0.0301359
2026-04-22 19:41:50.266 9 INFO neutron.plugins.ml2.drivers.ovn.mech_driver.mech_driver [None req-0f7edde9-43a3-45cf-ae74-5f357d8d0ae2 - - - - - -] OVN reports status up for port: cf5536f4-7e7d-41bf-894c-5e70e3123f35
2026-04-22 19:41:50.284 10 INFO neutron.wsgi [req-d943a774-5e90-43b1-ac0a-f0eecd117f47 req-62883609-d83d-462b-8377-a5817987ec61 04b5aef04603496d903386f83278a878 a0356a7c76774970affd0ae69dac4347 - - default default] 10.0.0.78 "GET /v2.0/ports?device_id=341b6146-12c4-4aa1-ac46-efbcfbc1ab53 HTTP/1.1" status: 200 len: 1208 time: 0.0517902
2026-04-22 19:41:50.304 9 INFO neutron.plugins.ml2.plugin [None req-0f7edde9-43a3-45cf-ae74-5f357d8d0ae2 - - - - - -] Attempt 1 to provision port cf5536f4-7e7d-41bf-894c-5e70e3123f35
2026-04-22 19:41:50.333 9 INFO neutron.wsgi [req-255d51df-7699-4861-b800-2bb69094df95 req-08619ec8-f761-4e3b-b8db-837466e7a056 74c10f796dd9484d81aaaeadb9fc6aa7 4eabc121554046faadfb1f554ba2c17b - - bc3a08d6369941d6adfa3d0f4b770de6 bc3a08d6369941d6adfa3d0f4b770de6] 199.19.213.132 "GET /v2.0/networks/79369d53-314c-4a26-bef3-ad7796e5b42b?fields=segments HTTP/1.1" status: 200 len: 212 time: 0.3271074
2026-04-22 19:41:50.345 10 INFO neutron.wsgi [req-d943a774-5e90-43b1-ac0a-f0eecd117f47 req-10d937da-5c19-4cb2-8f46-e77873887a55 04b5aef04603496d903386f83278a878 a0356a7c76774970affd0ae69dac4347 - - default default] 10.0.0.78 "GET /v2.0/security-groups?id=437919c2-8dce-495b-a148-d55bfd3ba2b0&id=777df50d-01ce-461e-9199-95dd2d65d467&fields=id&fields=name HTTP/1.1" status: 200 len: 404 time: 0.0572350
2026-04-22 19:41:50.423 9 INFO neutron.wsgi [req-255d51df-7699-4861-b800-2bb69094df95 req-439b1ac3-8602-4e54-8f78-a747780bd701 74c10f796dd9484d81aaaeadb9fc6aa7 4eabc121554046faadfb1f554ba2c17b - - bc3a08d6369941d6adfa3d0f4b770de6 bc3a08d6369941d6adfa3d0f4b770de6] 199.19.213.132 "GET /v2.0/networks/79369d53-314c-4a26-bef3-ad7796e5b42b?fields=provider%3Aphysical_network&fields=provider%3Anetwork_type HTTP/1.1" status: 200 len: 277 time: 0.0833006
2026-04-22 19:41:50.573 10 WARNING neutron_lib.context [None req-c73c518d-aba9-4448-b33b-165e00d39d44 ad77f1f0ea3c42cea6d2c8ea2026a1a3 cc31d9347edc405da200c6457021603c - - default default] Method 'is_advsvc' is deprecated since 2023.2 release (neutron-lib 3.8.0) and will be removed once support for the old RBAC API policies will be removed from Neutron. Please use method 'is_service_role' instead.
2026-04-22 19:41:50.658 9 INFO neutron.db.ovn_revision_numbers_db [None req-0f7edde9-43a3-45cf-ae74-5f357d8d0ae2 - - - - - -] Successfully bumped revision number for resource cf5536f4-7e7d-41bf-894c-5e70e3123f35 (type: ports) to 4
2026-04-22 19:41:50.773 10 INFO neutron.db.ovn_revision_numbers_db [None req-c73c518d-aba9-4448-b33b-165e00d39d44 ad77f1f0ea3c42cea6d2c8ea2026a1a3 cc31d9347edc405da200c6457021603c - - default default] Successfully bumped revision number for resource f543e683-3180-48ae-9009-60ce08122038 (type: security_groups) to 1
2026-04-22 19:41:50.808 10 INFO neutron.db.ovn_revision_numbers_db [None req-c73c518d-aba9-4448-b33b-165e00d39d44 ad77f1f0ea3c42cea6d2c8ea2026a1a3 cc31d9347edc405da200c6457021603c - - default default] Successfully bumped revision number for resource 1d28fdbb-d879-402a-ad69-945e8c77ad2a (type: security_group_rules) to 0
2026-04-22 19:41:50.850 10 INFO neutron.db.ovn_revision_numbers_db [None req-c73c518d-aba9-4448-b33b-165e00d39d44 ad77f1f0ea3c42cea6d2c8ea2026a1a3 cc31d9347edc405da200c6457021603c - - default default] Successfully bumped revision number for resource 421b88cc-c2cd-45b7-afc1-8f946c9281b8 (type: security_group_rules) to 0
2026-04-22 19:41:50.886 10 INFO neutron.db.ovn_revision_numbers_db [None req-c73c518d-aba9-4448-b33b-165e00d39d44 ad77f1f0ea3c42cea6d2c8ea2026a1a3 cc31d9347edc405da200c6457021603c - - default default] Successfully bumped revision number for resource 6097d93a-15de-4c87-8695-c8997883298c (type: security_group_rules) to 0
2026-04-22 19:41:51.194 10 INFO neutron.db.ovn_revision_numbers_db [None req-c73c518d-aba9-4448-b33b-165e00d39d44 ad77f1f0ea3c42cea6d2c8ea2026a1a3 cc31d9347edc405da200c6457021603c - - default default] Successfully bumped revision number for resource db29a139-4dbe-4e12-8950-dffcb8bb0bed (type: security_group_rules) to 0
2026-04-22 19:41:51.341 10 INFO neutron.db.ovn_revision_numbers_db [None req-c73c518d-aba9-4448-b33b-165e00d39d44 ad77f1f0ea3c42cea6d2c8ea2026a1a3 cc31d9347edc405da200c6457021603c - - default default] Successfully bumped revision number for resource 645692e4-7ad9-4e84-a26a-8ffeb5fe43ee (type: security_groups) to 1
2026-04-22 19:41:51.358 10 INFO neutron.db.ovn_revision_numbers_db [None req-c73c518d-aba9-4448-b33b-165e00d39d44 ad77f1f0ea3c42cea6d2c8ea2026a1a3 cc31d9347edc405da200c6457021603c - - default default] Successfully bumped revision number for resource 71170771-ff34-48ae-8975-7b3b26dd4e6f (type: security_group_rules) to 0
2026-04-22 19:41:51.394 10 INFO neutron.db.ovn_revision_numbers_db [None req-c73c518d-aba9-4448-b33b-165e00d39d44 ad77f1f0ea3c42cea6d2c8ea2026a1a3 cc31d9347edc405da200c6457021603c - - default default] Successfully bumped revision number for resource f36d2437-69ba-4677-9b6b-b3da9fcaaca0 (type: security_group_rules) to 0
2026-04-22 19:41:51.407 9 INFO neutron.notifiers.nova [-] Nova event matching ['req-c27b6054-2cff-4ee4-9151-e3434a6493f5'] response: {'server_uuid': '341b6146-12c4-4aa1-ac46-efbcfbc1ab53', 'name': 'network-vif-plugged', 'status': 'completed', 'tag': 'cf5536f4-7e7d-41bf-894c-5e70e3123f35', 'code': 200}
2026-04-22 19:41:51.408 9 INFO neutron.notifiers.nova [-] Nova event matching ['req-c27b6054-2cff-4ee4-9151-e3434a6493f5'] response: {'server_uuid': '341b6146-12c4-4aa1-ac46-efbcfbc1ab53', 'name': 'network-vif-plugged', 'status': 'completed', 'tag': 'cf5536f4-7e7d-41bf-894c-5e70e3123f35', 'code': 200}
2026-04-22 19:41:51.426 10 INFO neutron.wsgi [None req-c73c518d-aba9-4448-b33b-165e00d39d44 ad77f1f0ea3c42cea6d2c8ea2026a1a3 cc31d9347edc405da200c6457021603c - - default default] 10.0.0.53 "POST /v2.0/security-groups HTTP/1.1" status: 201 len: 1761 time: 1.1154265 /var/lib/openstack/lib/python3.10/site-packages/pycadf/identifier.py:71: UserWarning: Invalid uuid: neutron. To ensure interoperability, identifiers should be a valid uuid. warnings.warn(('Invalid uuid: %s. To ensure interoperability, '
2026-04-22 19:41:51.476 9 INFO neutron.wsgi [None req-3e2a360e-507c-48f1-973e-30ee501ffd51 ad77f1f0ea3c42cea6d2c8ea2026a1a3 cc31d9347edc405da200c6457021603c - - default default] 10.0.0.53 "GET /v2.0/security-groups HTTP/1.1" status: 200 len: 4539 time: 0.0441582
2026-04-22 19:41:51.489 10 INFO neutron.wsgi [req-706b1513-eb70-4d6f-877f-f7ecb260b75c req-e7927e6e-8eab-4592-a7a6-73c9f7864e67 04b5aef04603496d903386f83278a878 a0356a7c76774970affd0ae69dac4347 - - default default] 10.0.0.78 "GET /v2.0/ports?device_id=341b6146-12c4-4aa1-ac46-efbcfbc1ab53 HTTP/1.1" status: 200 len: 1210 time: 0.0593958
2026-04-22 19:41:51.564 10 INFO neutron.wsgi [req-706b1513-eb70-4d6f-877f-f7ecb260b75c req-4dead567-78dd-4ba3-89b9-fceaf3bb38db 04b5aef04603496d903386f83278a878 a0356a7c76774970affd0ae69dac4347 - - default default] 10.0.0.78 "GET /v2.0/security-groups?id=437919c2-8dce-495b-a148-d55bfd3ba2b0&id=777df50d-01ce-461e-9199-95dd2d65d467&fields=id&fields=name HTTP/1.1" status: 200 len: 404 time: 0.0583694
2026-04-22 19:41:51.582 9 INFO neutron.db.ovn_revision_numbers_db [None req-c8bb047e-143c-4f2c-a7e3-5f0a1774c24d ad77f1f0ea3c42cea6d2c8ea2026a1a3 cc31d9347edc405da200c6457021603c - - default default] Successfully bumped revision number for resource 645692e4-7ad9-4e84-a26a-8ffeb5fe43ee (type: security_groups) to 2
2026-04-22 19:41:51.587 9 INFO neutron.wsgi [None req-c8bb047e-143c-4f2c-a7e3-5f0a1774c24d ad77f1f0ea3c42cea6d2c8ea2026a1a3 cc31d9347edc405da200c6457021603c - - default default] 10.0.0.53 "PUT /v2.0/security-groups/645692e4-7ad9-4e84-a26a-8ffeb5fe43ee HTTP/1.1" status: 200 len: 1793 time: 0.1038580
