2026-04-22 19:43:08.815 9 INFO neutron.wsgi [None req-16f52358-d4bb-4b94-a271-65f6546d21d4 1fd4f95fba2c42e18d9446075ab2b968 795051ab0dc54f0f98895e750b9b9a00 - - default default] 10.0.0.53 "DELETE /v2.0/ports/2fa8d1b2-5a83-4aa1-886e-8cae15b2eb37/tags/green HTTP/1.1" status: 404 len: 299 time: 0.0521109
2026-04-22 19:43:08.818 10 INFO neutron.wsgi [req-22b5b598-5fd9-4591-bc9d-cf25661ef63f req-0d4e02c2-bf94-4410-8dec-220efab3affd 74c10f796dd9484d81aaaeadb9fc6aa7 4eabc121554046faadfb1f554ba2c17b - - bc3a08d6369941d6adfa3d0f4b770de6 bc3a08d6369941d6adfa3d0f4b770de6] 199.19.213.132 "GET /v2.0/ports?tenant_id=fc4d0f1d08824aa7a6f33dc313c5a32f&device_id=ab918a0b-29f1-4680-afd2-d10ef9b6b0e1 HTTP/1.1" status: 200 len: 1636 time: 0.0554752
2026-04-22 19:43:08.863 10 INFO neutron.wsgi [req-22b5b598-5fd9-4591-bc9d-cf25661ef63f req-2e975e38-b175-4ea7-8326-2235bfe9cf3d 74c10f796dd9484d81aaaeadb9fc6aa7 4eabc121554046faadfb1f554ba2c17b - - bc3a08d6369941d6adfa3d0f4b770de6 bc3a08d6369941d6adfa3d0f4b770de6] 199.19.213.132 "GET /v2.0/floatingips?fixed_ip_address=10.2.2.120&port_id=dea219ce-a385-485f-8757-160d19871530 HTTP/1.1" status: 200 len: 217 time: 0.0381141
2026-04-22 19:43:08.893 10 INFO neutron.wsgi [req-22b5b598-5fd9-4591-bc9d-cf25661ef63f req-1403be4a-bf06-45a6-8f73-0a267186ccae 74c10f796dd9484d81aaaeadb9fc6aa7 4eabc121554046faadfb1f554ba2c17b - - bc3a08d6369941d6adfa3d0f4b770de6 bc3a08d6369941d6adfa3d0f4b770de6] 199.19.213.132 "GET /v2.0/floatingips?fixed_ip_address=fd77%3A1457%3A4cf0%3A26a8%3A%3Af7&port_id=dea219ce-a385-485f-8757-160d19871530 HTTP/1.1" status: 200 len: 217 time: 0.0235384
2026-04-22 19:43:08.938 9 INFO neutron.db.ovn_revision_numbers_db [None req-796270c6-ec48-4ca4-9142-91ce6656e775 ee2f3d3ab3a143b9885bf97c048b0ef6 e95d747a0c2a412389ead86875c3a8ec - - default default] Successfully bumped revision number for resource 91ce52c5-1cc0-4e05-9041-24afb98323af (type: security_groups) to 1
2026-04-22 19:43:08.940 10 INFO neutron.wsgi [None req-49967fe6-da50-4af9-935c-78987ae2f7ee 1fd4f95fba2c42e18d9446075ab2b968 795051ab0dc54f0f98895e750b9b9a00 - - default default] 10.0.0.53 "DELETE /v2.0/ports/2fa8d1b2-5a83-4aa1-886e-8cae15b2eb37/tags HTTP/1.1" status: 204 len: 168 time: 0.1197062
2026-04-22 19:43:08.949 10 INFO neutron.wsgi [req-22b5b598-5fd9-4591-bc9d-cf25661ef63f req-56802fb4-c95a-4a5b-bc1e-c2d6b986f1cb 74c10f796dd9484d81aaaeadb9fc6aa7 4eabc121554046faadfb1f554ba2c17b - - bc3a08d6369941d6adfa3d0f4b770de6 bc3a08d6369941d6adfa3d0f4b770de6] 199.19.213.132 "GET /v2.0/subnets?id=06c8ca96-2d41-419b-895c-031eecaabe0d&id=d93e9560-f15b-437d-a3d5-9a40909607dc HTTP/1.1" status: 200 len: 1566 time: 0.0501778
2026-04-22 19:43:08.958 9 INFO neutron.db.ovn_revision_numbers_db [None req-796270c6-ec48-4ca4-9142-91ce6656e775 ee2f3d3ab3a143b9885bf97c048b0ef6 e95d747a0c2a412389ead86875c3a8ec - - default default] Successfully bumped revision number for resource 1c95ce72-c220-45fc-a406-2b65d4343628 (type: security_group_rules) to 0
2026-04-22 19:43:08.981 9 INFO neutron.db.ovn_revision_numbers_db [None req-796270c6-ec48-4ca4-9142-91ce6656e775 ee2f3d3ab3a143b9885bf97c048b0ef6 e95d747a0c2a412389ead86875c3a8ec - - default default] Successfully bumped revision number for resource 2501b669-f98e-471f-a683-7c009edc518a (type: security_group_rules) to 0
2026-04-22 19:43:08.986 10 INFO neutron.wsgi [req-22b5b598-5fd9-4591-bc9d-cf25661ef63f req-5e418424-caa8-46a5-86dd-d0b896ebbc29 74c10f796dd9484d81aaaeadb9fc6aa7 4eabc121554046faadfb1f554ba2c17b - - bc3a08d6369941d6adfa3d0f4b770de6 bc3a08d6369941d6adfa3d0f4b770de6] 199.19.213.132 "GET /v2.0/ports?network_id=c5682615-5bea-41a9-8be2-50ca5a3e75f3&device_owner=network%3Adhcp HTTP/1.1" status: 200 len: 210 time: 0.0311742
2026-04-22 19:43:08.987 9 INFO neutron.wsgi [None req-d448920b-ed4b-4f65-8582-88846b12489b 1fd4f95fba2c42e18d9446075ab2b968 795051ab0dc54f0f98895e750b9b9a00 - - default default] 10.0.0.53 "GET /v2.0/ports/2fa8d1b2-5a83-4aa1-886e-8cae15b2eb37/tags HTTP/1.1" status: 200 len: 205 time: 0.0410833
2026-04-22 19:43:08.995 10 WARNING neutron_lib.context [None req-89c9860d-ec45-4ec0-96a4-9d9f32b59801 7f97ebbcb559480289953e380d80f0c1 22e7ee0566ea489592044c01922b01ec - - default default] Method 'is_advsvc' is deprecated since 2023.2 release (neutron-lib 3.8.0) and will be removed once support for the old RBAC API policies will be removed from Neutron. Please use method 'is_service_role' instead.
2026-04-22 19:43:09.010 9 INFO neutron.db.ovn_revision_numbers_db [None req-796270c6-ec48-4ca4-9142-91ce6656e775 ee2f3d3ab3a143b9885bf97c048b0ef6 e95d747a0c2a412389ead86875c3a8ec - - default default] Successfully bumped revision number for resource 3375d433-a07f-4ad9-8b25-b1fa667feac4 (type: security_group_rules) to 0
2026-04-22 19:43:09.027 9 INFO neutron.db.ovn_revision_numbers_db [None req-796270c6-ec48-4ca4-9142-91ce6656e775 ee2f3d3ab3a143b9885bf97c048b0ef6 e95d747a0c2a412389ead86875c3a8ec - - default default] Successfully bumped revision number for resource ea85b566-8852-47ef-aec6-1756dbb6843f (type: security_group_rules) to 0
2026-04-22 19:43:09.069 9 INFO neutron.wsgi [None req-796270c6-ec48-4ca4-9142-91ce6656e775 ee2f3d3ab3a143b9885bf97c048b0ef6 e95d747a0c2a412389ead86875c3a8ec - - default default] 10.0.0.53 "GET /v2.0/security-groups?tenant_id=8ba619f41dba4d4397345c60cb96f1ba&name=default HTTP/1.1" status: 200 len: 3000 time: 0.2658298
2026-04-22 19:43:09.251 10 INFO neutron.wsgi [req-22b5b598-5fd9-4591-bc9d-cf25661ef63f req-46c99e1f-17fa-4bad-9c6b-d8e97ad0c362 74c10f796dd9484d81aaaeadb9fc6aa7 4eabc121554046faadfb1f554ba2c17b - - bc3a08d6369941d6adfa3d0f4b770de6 bc3a08d6369941d6adfa3d0f4b770de6] 199.19.213.132 "GET /v2.0/ports?network_id=c5682615-5bea-41a9-8be2-50ca5a3e75f3&device_owner=network%3Adhcp HTTP/1.1" status: 200 len: 210 time: 0.2591000
2026-04-22 19:43:09.290 9 INFO neutron.wsgi [None req-454f522f-d55c-4f2a-b986-a378a185f924 1fd4f95fba2c42e18d9446075ab2b968 795051ab0dc54f0f98895e750b9b9a00 - - default default] 10.0.0.53 "DELETE /v2.0/ports/2fa8d1b2-5a83-4aa1-886e-8cae15b2eb37 HTTP/1.1" status: 204 len: 168 time: 0.2953179
2026-04-22 19:43:09.343 10 INFO neutron.wsgi [req-22b5b598-5fd9-4591-bc9d-cf25661ef63f req-00ffce09-f48a-4368-8f80-15d15b153f22 74c10f796dd9484d81aaaeadb9fc6aa7 4eabc121554046faadfb1f554ba2c17b - - bc3a08d6369941d6adfa3d0f4b770de6 bc3a08d6369941d6adfa3d0f4b770de6] 199.19.213.132 "GET /v2.0/networks/c5682615-5bea-41a9-8be2-50ca5a3e75f3?fields=segments HTTP/1.1" status: 200 len: 212 time: 0.0831344
2026-04-22 19:43:09.388 9 INFO neutron.wsgi [None req-618fadab-90c3-4998-bb10-6820a1ffe184 ee2f3d3ab3a143b9885bf97c048b0ef6 e95d747a0c2a412389ead86875c3a8ec - - default default] 10.0.0.53 "DELETE /v2.0/security-groups/91ce52c5-1cc0-4e05-9041-24afb98323af HTTP/1.1" status: 204 len: 168 time: 0.3144860
2026-04-22 19:43:09.432 10 INFO neutron.wsgi [req-22b5b598-5fd9-4591-bc9d-cf25661ef63f req-c13bf1d6-1e75-4a1b-994b-91e029a36949 74c10f796dd9484d81aaaeadb9fc6aa7 4eabc121554046faadfb1f554ba2c17b - - bc3a08d6369941d6adfa3d0f4b770de6 bc3a08d6369941d6adfa3d0f4b770de6] 199.19.213.132 "GET /v2.0/networks/c5682615-5bea-41a9-8be2-50ca5a3e75f3?fields=provider%3Aphysical_network&fields=provider%3Anetwork_type HTTP/1.1" status: 200 len: 277 time: 0.0818069
2026-04-22 19:43:09.521 10 INFO neutron.wsgi [req-bbd4103f-0641-46f7-981f-50b9cacc1a1b req-87166a6b-671b-4acb-98ba-83f635a89510 74c10f796dd9484d81aaaeadb9fc6aa7 4eabc121554046faadfb1f554ba2c17b - - bc3a08d6369941d6adfa3d0f4b770de6 bc3a08d6369941d6adfa3d0f4b770de6] 199.19.213.132 "GET /v2.0/ports?tenant_id=fc4d0f1d08824aa7a6f33dc313c5a32f&device_id=ab918a0b-29f1-4680-afd2-d10ef9b6b0e1 HTTP/1.1" status: 200 len: 1636 time: 0.0455401
2026-04-22 19:43:09.615 10 WARNING neutron.scheduler.dhcp_agent_scheduler [None req-89c9860d-ec45-4ec0-96a4-9d9f32b59801 7f97ebbcb559480289953e380d80f0c1 22e7ee0566ea489592044c01922b01ec - - default default] No more DHCP agents
2026-04-22 19:43:09.622 10 WARNING neutron.api.rpc.agentnotifiers.dhcp_rpc_agent_api [None req-89c9860d-ec45-4ec0-96a4-9d9f32b59801 7f97ebbcb559480289953e380d80f0c1 22e7ee0566ea489592044c01922b01ec - - default default] Unable to schedule network 03f27d31-9d52-4b53-a198-8e48ce201940: no agents available; will retry on subsequent port and subnet creation events.
2026-04-22 19:43:09.646 10 INFO neutron.wsgi [req-bbd4103f-0641-46f7-981f-50b9cacc1a1b req-a37c3c1e-931f-46ad-bc3a-f7c742723b76 74c10f796dd9484d81aaaeadb9fc6aa7 4eabc121554046faadfb1f554ba2c17b - - bc3a08d6369941d6adfa3d0f4b770de6 bc3a08d6369941d6adfa3d0f4b770de6] 199.19.213.132 "GET /v2.0/networks?id=c5682615-5bea-41a9-8be2-50ca5a3e75f3 HTTP/1.1" status: 200 len: 1002 time: 0.1161005
2026-04-22 19:43:09.679 10 INFO neutron.wsgi [req-bbd4103f-0641-46f7-981f-50b9cacc1a1b req-ee2847c7-2bd8-4e7a-8163-7bd89488162c 74c10f796dd9484d81aaaeadb9fc6aa7 4eabc121554046faadfb1f554ba2c17b - - bc3a08d6369941d6adfa3d0f4b770de6 bc3a08d6369941d6adfa3d0f4b770de6] 199.19.213.132 "GET /v2.0/floatingips?fixed_ip_address=10.2.2.120&port_id=dea219ce-a385-485f-8757-160d19871530 HTTP/1.1" status: 200 len: 217 time: 0.0257685
2026-04-22 19:43:09.685 9 INFO neutron.plugins.ml2.drivers.ovn.mech_driver.mech_driver [None req-0f7edde9-43a3-45cf-ae74-5f357d8d0ae2 - - - - - -] OVN reports status up for port: dea219ce-a385-485f-8757-160d19871530
2026-04-22 19:43:09.698 9 INFO neutron.services.segments.plugin [-] Segment e825445f-b3b2-40d5-9779-6219698ec630 resource provider aggregate not found
2026-04-22 19:43:09.711 9 INFO neutron.services.segments.plugin [-] Segment e825445f-b3b2-40d5-9779-6219698ec630 resource provider aggregate not found
2026-04-22 19:43:09.715 10 INFO neutron.wsgi [req-bbd4103f-0641-46f7-981f-50b9cacc1a1b req-5d8f2a43-24a8-43d7-ace7-a798e1a9856a 74c10f796dd9484d81aaaeadb9fc6aa7 4eabc121554046faadfb1f554ba2c17b - - bc3a08d6369941d6adfa3d0f4b770de6 bc3a08d6369941d6adfa3d0f4b770de6] 199.19.213.132 "GET /v2.0/floatingips?fixed_ip_address=fd77%3A1457%3A4cf0%3A26a8%3A%3Af7&port_id=dea219ce-a385-485f-8757-160d19871530 HTTP/1.1" status: 200 len: 217 time: 0.0301211
2026-04-22 19:43:09.722 9 INFO neutron.services.segments.plugin [-] Segment e825445f-b3b2-40d5-9779-6219698ec630 resource provider not found; error: Placement Client Error (4xx): {"errors": [{"status": 404, "title": "Not Found", "detail": "The resource could not be found.\n\n No resource provider with uuid e825445f-b3b2-40d5-9779-6219698ec630 found for delete ", "request_id": "req-7833f32a-97cd-4fc2-bec3-957f47b3e90d"}]}
2026-04-22 19:43:09.730 9 INFO neutron.services.segments.plugin [-] Segment e825445f-b3b2-40d5-9779-6219698ec630 resource provider not found; error: Placement Client Error (4xx): {"errors": [{"status": 404, "title": "Not Found", "detail": "The resource could not be found.\n\n No resource provider with uuid e825445f-b3b2-40d5-9779-6219698ec630 found for delete ", "request_id": "req-e60551bd-ad0a-489b-9d98-10a71f77a5bc"}]}
2026-04-22 19:43:09.730 9 INFO neutron.plugins.ml2.plugin [None req-0f7edde9-43a3-45cf-ae74-5f357d8d0ae2 - - - - - -] Attempt 1 to provision port dea219ce-a385-485f-8757-160d19871530
2026-04-22 19:43:09.764 9 INFO neutron.wsgi [None req-317790f0-aeb3-464f-9491-26109d2aa35a 1fd4f95fba2c42e18d9446075ab2b968 795051ab0dc54f0f98895e750b9b9a00 - - default default] 10.0.0.53 "DELETE /v2.0/networks/1c64ee57-6a8c-42bb-96a3-4206db558ffd HTTP/1.1" status: 204 len: 168 time: 0.4692063
2026-04-22 19:43:09.788 10 INFO neutron.wsgi [req-bbd4103f-0641-46f7-981f-50b9cacc1a1b req-e22493d6-86fd-4d67-a645-5714a2a7379e 74c10f796dd9484d81aaaeadb9fc6aa7 4eabc121554046faadfb1f554ba2c17b - - bc3a08d6369941d6adfa3d0f4b770de6 bc3a08d6369941d6adfa3d0f4b770de6] 199.19.213.132 "GET /v2.0/subnets?id=06c8ca96-2d41-419b-895c-031eecaabe0d&id=d93e9560-f15b-437d-a3d5-9a40909607dc HTTP/1.1" status: 200 len: 1566 time: 0.0663910
2026-04-22 19:43:09.835 10 INFO neutron.wsgi [req-bbd4103f-0641-46f7-981f-50b9cacc1a1b req-2637c5d0-d282-49fc-bfd0-510880098d52 74c10f796dd9484d81aaaeadb9fc6aa7 4eabc121554046faadfb1f554ba2c17b - - bc3a08d6369941d6adfa3d0f4b770de6 bc3a08d6369941d6adfa3d0f4b770de6] 199.19.213.132 "GET /v2.0/ports?network_id=c5682615-5bea-41a9-8be2-50ca5a3e75f3&device_owner=network%3Adhcp HTTP/1.1" status: 200 len: 210 time: 0.0408854
2026-04-22 19:43:09.866 10 INFO neutron.wsgi [req-bbd4103f-0641-46f7-981f-50b9cacc1a1b req-14c7e245-68cc-46c7-ad6c-590ae1472fdf 74c10f796dd9484d81aaaeadb9fc6aa7 4eabc121554046faadfb1f554ba2c17b - - bc3a08d6369941d6adfa3d0f4b770de6 bc3a08d6369941d6adfa3d0f4b770de6] 199.19.213.132 "GET /v2.0/ports?network_id=c5682615-5bea-41a9-8be2-50ca5a3e75f3&device_owner=network%3Adhcp HTTP/1.1" status: 200 len: 210 time: 0.0248475
2026-04-22 19:43:09.890 9 INFO neutron.notifiers.nova [-] Nova event matching ['req-8663e84e-beaa-49a0-825e-2e5e861901a7'] response: {'server_uuid': 'ab918a0b-29f1-4680-afd2-d10ef9b6b0e1', 'name': 'network-vif-plugged', 'status': 'completed', 'tag': 'dea219ce-a385-485f-8757-160d19871530', 'code': 200}
2026-04-22 19:43:09.964 10 INFO neutron.wsgi [req-bbd4103f-0641-46f7-981f-50b9cacc1a1b req-6e2e6d70-7b40-4b13-93c6-5301db34aed1 74c10f796dd9484d81aaaeadb9fc6aa7 4eabc121554046faadfb1f554ba2c17b - - bc3a08d6369941d6adfa3d0f4b770de6 bc3a08d6369941d6adfa3d0f4b770de6] 199.19.213.132 "GET /v2.0/networks/c5682615-5bea-41a9-8be2-50ca5a3e75f3?fields=segments HTTP/1.1" status: 200 len: 212 time: 0.0885866
2026-04-22 19:43:10.053 9 INFO neutron.db.ovn_revision_numbers_db [None req-0f7edde9-43a3-45cf-ae74-5f357d8d0ae2 - - - - - -] Successfully bumped revision number for resource dea219ce-a385-485f-8757-160d19871530 (type: ports) to 4
2026-04-22 19:43:10.072 10 INFO neutron.wsgi [req-bbd4103f-0641-46f7-981f-50b9cacc1a1b req-4c82e845-5fa2-48c2-89ba-e9eaca0380ea 74c10f796dd9484d81aaaeadb9fc6aa7 4eabc121554046faadfb1f554ba2c17b - - bc3a08d6369941d6adfa3d0f4b770de6 bc3a08d6369941d6adfa3d0f4b770de6] 199.19.213.132 "GET /v2.0/networks/c5682615-5bea-41a9-8be2-50ca5a3e75f3?fields=provider%3Aphysical_network&fields=provider%3Anetwork_type HTTP/1.1" status: 200 len: 277 time: 0.1012449
2026-04-22 19:43:10.207 10 INFO neutron.db.ovn_revision_numbers_db [None req-89c9860d-ec45-4ec0-96a4-9d9f32b59801 7f97ebbcb559480289953e380d80f0c1 22e7ee0566ea489592044c01922b01ec - - default default] Successfully bumped revision number for resource c59effaa-2ee4-424f-a3cd-753436c80a53 (type: floatingips) to 0
2026-04-22 19:43:10.223 10 INFO neutron.wsgi [None req-89c9860d-ec45-4ec0-96a4-9d9f32b59801 7f97ebbcb559480289953e380d80f0c1 22e7ee0566ea489592044c01922b01ec - - default default] 10.0.0.53 "POST /v2.0/floatingips HTTP/1.1" status: 201 len: 751 time: 1.4235735
2026-04-22 19:43:10.295 10 INFO neutron.wsgi [None req-754059b3-f34a-41ea-a93a-7da8e7bfaaa9 7f97ebbcb559480289953e380d80f0c1 22e7ee0566ea489592044c01922b01ec - - default default] 10.0.0.53 "PUT /v2.0/floatingips/c59effaa-2ee4-424f-a3cd-753436c80a53/tags HTTP/1.1" status: 200 len: 218 time: 0.0627122
2026-04-22 19:43:10.328 10 INFO neutron.wsgi [None req-40bff29b-abe2-4af7-9221-e09a1a6a753f 7f97ebbcb559480289953e380d80f0c1 22e7ee0566ea489592044c01922b01ec - - default default] 10.0.0.53 "GET /v2.0/floatingips/c59effaa-2ee4-424f-a3cd-753436c80a53/tags HTTP/1.1" status: 200 len: 218 time: 0.0281229
2026-04-22 19:43:10.374 10 INFO neutron.wsgi [None req-bcdc7468-7377-4b33-9f41-2f049bb8ffa7 7f97ebbcb559480289953e380d80f0c1 22e7ee0566ea489592044c01922b01ec - - default default] 10.0.0.53 "PUT /v2.0/floatingips/c59effaa-2ee4-424f-a3cd-753436c80a53/tags/green HTTP/1.1" status: 201 len: 201 time: 0.0419505
2026-04-22 19:43:10.413 10 INFO neutron.wsgi [None req-48433dd2-0002-4b39-8f72-e8835505e34b 7f97ebbcb559480289953e380d80f0c1 22e7ee0566ea489592044c01922b01ec - - default default] 10.0.0.53 "GET /v2.0/floatingips/c59effaa-2ee4-424f-a3cd-753436c80a53/tags HTTP/1.1" status: 200 len: 227 time: 0.0341549
2026-04-22 19:43:10.450 10 INFO neutron.wsgi [None req-de85a16e-dd2e-4e8d-95c0-7eabcfbd5990 7f97ebbcb559480289953e380d80f0c1 22e7ee0566ea489592044c01922b01ec - - default default] 10.0.0.53 "PUT /v2.0/floatingips/c59effaa-2ee4-424f-a3cd-753436c80a53/tags/red HTTP/1.1" status: 201 len: 201 time: 0.0316455
2026-04-22 19:43:10.485 10 INFO neutron.wsgi [None req-13e51964-2d87-43ea-a466-9398e4c390a4 7f97ebbcb559480289953e380d80f0c1 22e7ee0566ea489592044c01922b01ec - - default default] 10.0.0.53 "GET /v2.0/floatingips/c59effaa-2ee4-424f-a3cd-753436c80a53/tags HTTP/1.1" status: 200 len: 227 time: 0.0303292
2026-04-22 19:43:10.533 10 INFO neutron.wsgi [None req-3b45b96f-7288-4938-9eb4-c684969da2e6 7f97ebbcb559480289953e380d80f0c1 22e7ee0566ea489592044c01922b01ec - - default default] 10.0.0.53 "PUT /v2.0/floatingips/c59effaa-2ee4-424f-a3cd-753436c80a53/tags/black.or.white HTTP/1.1" status: 201 len: 201 time: 0.0438387
2026-04-22 19:43:10.570 10 INFO neutron.wsgi [None req-a430c622-a358-4eba-b1d9-0f12e718aae6 7f97ebbcb559480289953e380d80f0c1 22e7ee0566ea489592044c01922b01ec - - default default] 10.0.0.53 "GET /v2.0/floatingips/c59effaa-2ee4-424f-a3cd-753436c80a53/tags HTTP/1.1" status: 200 len: 245 time: 0.0312214
2026-04-22 19:43:10.616 10 INFO neutron.wsgi [None req-3b8329a3-2a23-4207-965c-6e7e5faf3404 7f97ebbcb559480289953e380d80f0c1 22e7ee0566ea489592044c01922b01ec - - default default] 10.0.0.53 "PUT /v2.0/floatingips/c59effaa-2ee4-424f-a3cd-753436c80a53/tags HTTP/1.1" status: 200 len: 230 time: 0.0421681
2026-04-22 19:43:10.649 10 INFO neutron.wsgi [None req-024c4e15-d549-4b7d-986b-a5d5363db499 7f97ebbcb559480289953e380d80f0c1 22e7ee0566ea489592044c01922b01ec - - default default] 10.0.0.53 "GET /v2.0/floatingips/c59effaa-2ee4-424f-a3cd-753436c80a53/tags HTTP/1.1" status: 200 len: 230 time: 0.0280030
2026-04-22 19:43:10.681 10 INFO neutron.wsgi [None req-38fbe542-f47d-4621-83d1-c01bbc7f49ed 7f97ebbcb559480289953e380d80f0c1 22e7ee0566ea489592044c01922b01ec - - default default] 10.0.0.53 "GET /v2.0/floatingips/c59effaa-2ee4-424f-a3cd-753436c80a53/tags/red HTTP/1.1" status: 204 len: 168 time: 0.0267446
2026-04-22 19:43:10.715 10 INFO neutron.api.v2.resource [None req-cdf46e96-bf6b-4473-b1f2-bb84c3ed55c3 7f97ebbcb559480289953e380d80f0c1 22e7ee0566ea489592044c01922b01ec - - default default] show failed (client error): The resource could not be found.
2026-04-22 19:43:10.716 10 INFO neutron.wsgi [None req-cdf46e96-bf6b-4473-b1f2-bb84c3ed55c3 7f97ebbcb559480289953e380d80f0c1 22e7ee0566ea489592044c01922b01ec - - default default] 10.0.0.53 "GET /v2.0/floatingips/c59effaa-2ee4-424f-a3cd-753436c80a53/tags/green HTTP/1.1" status: 404 len: 299 time: 0.0300133 /var/lib/openstack/lib/python3.10/site-packages/pycadf/identifier.py:71: UserWarning: Invalid uuid: neutron. To ensure interoperability, identifiers should be a valid uuid. warnings.warn(('Invalid uuid: %s. To ensure interoperability, '
2026-04-22 19:43:10.764 10 INFO neutron.wsgi [None req-c7b68de4-b432-422e-92c7-3707a554eaaa 7f97ebbcb559480289953e380d80f0c1 22e7ee0566ea489592044c01922b01ec - - default default] 10.0.0.53 "DELETE /v2.0/floatingips/c59effaa-2ee4-424f-a3cd-753436c80a53/tags/red HTTP/1.1" status: 204 len: 168 time: 0.0422812
2026-04-22 19:43:10.802 10 INFO neutron.wsgi [None req-aa314e85-e232-4ba1-aaf4-c0fbcdff914b 7f97ebbcb559480289953e380d80f0c1 22e7ee0566ea489592044c01922b01ec - - default default] 10.0.0.53 "GET /v2.0/floatingips/c59effaa-2ee4-424f-a3cd-753436c80a53/tags HTTP/1.1" status: 200 len: 223 time: 0.0325615
2026-04-22 19:43:10.844 10 INFO neutron.api.v2.resource [None req-7120e67c-6c4a-4708-a6c6-c5251976a4b0 7f97ebbcb559480289953e380d80f0c1 22e7ee0566ea489592044c01922b01ec - - default default] delete failed (client error): The resource could not be found.
2026-04-22 19:43:10.846 10 INFO neutron.wsgi [None req-7120e67c-6c4a-4708-a6c6-c5251976a4b0 7f97ebbcb559480289953e380d80f0c1 22e7ee0566ea489592044c01922b01ec - - default default] 10.0.0.53 "DELETE /v2.0/floatingips/c59effaa-2ee4-424f-a3cd-753436c80a53/tags/green HTTP/1.1" status: 404 len: 299 time: 0.0381756
2026-04-22 19:43:10.895 9 INFO neutron.db.ovn_revision_numbers_db [None req-201447bf-0dff-4788-b0b0-6e816bebaa9f ee2f3d3ab3a143b9885bf97c048b0ef6 e95d747a0c2a412389ead86875c3a8ec - - default default] Successfully bumped revision number for resource 8415ce44-23ab-4221-bb5a-66c3a593b15e (type: security_groups) to 1
2026-04-22 19:43:10.911 10 INFO neutron.wsgi [None req-49e8334f-4789-41af-99af-bc98cbdf87a2 7f97ebbcb559480289953e380d80f0c1 22e7ee0566ea489592044c01922b01ec - - default default] 10.0.0.53 "DELETE /v2.0/floatingips/c59effaa-2ee4-424f-a3cd-753436c80a53/tags HTTP/1.1" status: 204 len: 168 time: 0.0563920
2026-04-22 19:43:10.921 9 INFO neutron.db.ovn_revision_numbers_db [None req-201447bf-0dff-4788-b0b0-6e816bebaa9f ee2f3d3ab3a143b9885bf97c048b0ef6 e95d747a0c2a412389ead86875c3a8ec - - default default] Successfully bumped revision number for resource 1d110186-c7b9-4130-a618-e6c3430e106c (type: security_group_rules) to 0
2026-04-22 19:43:10.951 9 INFO neutron.db.ovn_revision_numbers_db [None req-201447bf-0dff-4788-b0b0-6e816bebaa9f ee2f3d3ab3a143b9885bf97c048b0ef6 e95d747a0c2a412389ead86875c3a8ec - - default default] Successfully bumped revision number for resource 28d270a5-b953-4137-a78b-857904fafb89 (type: security_group_rules) to 0
2026-04-22 19:43:10.955 9 INFO neutron.wsgi [None req-c6207f04-462b-4765-8aec-97b2e846b970 7f97ebbcb559480289953e380d80f0c1 22e7ee0566ea489592044c01922b01ec - - default default] 10.0.0.53 "GET /v2.0/floatingips/c59effaa-2ee4-424f-a3cd-753436c80a53/tags HTTP/1.1" status: 200 len: 205 time: 0.0389504
2026-04-22 19:43:10.971 9 INFO neutron.db.ovn_revision_numbers_db [None req-201447bf-0dff-4788-b0b0-6e816bebaa9f ee2f3d3ab3a143b9885bf97c048b0ef6 e95d747a0c2a412389ead86875c3a8ec - - default default] Successfully bumped revision number for resource 2a46cbde-893a-416c-a335-7dc291046a2d (type: security_group_rules) to 0
2026-04-22 19:43:11.018 9 INFO neutron.db.ovn_revision_numbers_db [None req-201447bf-0dff-4788-b0b0-6e816bebaa9f ee2f3d3ab3a143b9885bf97c048b0ef6 e95d747a0c2a412389ead86875c3a8ec - - default default] Successfully bumped revision number for resource b296922b-ae1d-470f-b77a-7cfde6297b6c (type: security_group_rules) to 0
2026-04-22 19:43:11.040 9 INFO neutron.wsgi [None req-201447bf-0dff-4788-b0b0-6e816bebaa9f ee2f3d3ab3a143b9885bf97c048b0ef6 e95d747a0c2a412389ead86875c3a8ec - - default default] 10.0.0.53 "GET /v2.0/security-groups?tenant_id=8fada29400004525bbf723d76c9e25ac&name=default HTTP/1.1" status: 200 len: 3000 time: 0.4614015
2026-04-22 19:43:11.263 10 INFO neutron.wsgi [None req-b4a3ceba-5652-44a2-8184-4db16d3817ee ee2f3d3ab3a143b9885bf97c048b0ef6 e95d747a0c2a412389ead86875c3a8ec - - default default] 10.0.0.53 "DELETE /v2.0/security-groups/8415ce44-23ab-4221-bb5a-66c3a593b15e HTTP/1.1" status: 204 len: 168 time: 0.2153826
2026-04-22 19:43:11.359 9 INFO neutron.wsgi [None req-e9d44189-f8b4-4ca9-baa5-4237de5f7091 7f97ebbcb559480289953e380d80f0c1 22e7ee0566ea489592044c01922b01ec - - default default] 10.0.0.53 "DELETE /v2.0/floatingips/c59effaa-2ee4-424f-a3cd-753436c80a53 HTTP/1.1" status: 204 len: 168 time: 0.3936522
2026-04-22 19:43:11.413 9 INFO neutron.wsgi [req-e7c246bd-32f0-4d73-a81d-80068d3c4fef req-5b8ac3cb-3f2c-4a8f-8a53-21c0e2f31f29 29d1dd3d8cc24bd6a6ce0b620fbb91a4 fc4d0f1d08824aa7a6f33dc313c5a32f - - default default] 10.0.0.78 "GET /v2.0/ports?device_id=ab918a0b-29f1-4680-afd2-d10ef9b6b0e1 HTTP/1.1" status: 200 len: 1400 time: 0.1006887
2026-04-22 19:43:11.423 10 INFO neutron.wsgi [None req-d97f67e5-efbc-4002-b0b1-a9e194b3274a ee2f3d3ab3a143b9885bf97c048b0ef6 e95d747a0c2a412389ead86875c3a8ec - - default default] 10.0.0.53 "GET /v2.0/security-groups?tenant_id=795051ab0dc54f0f98895e750b9b9a00&name=default HTTP/1.1" status: 200 len: 3000 time: 0.0558381
2026-04-22 19:43:11.466 9 INFO neutron.wsgi [req-e7c246bd-32f0-4d73-a81d-80068d3c4fef req-463a3572-7a84-46b7-8e44-dc2d0072974c 29d1dd3d8cc24bd6a6ce0b620fbb91a4 fc4d0f1d08824aa7a6f33dc313c5a32f - - default default] 10.0.0.78 "GET /v2.0/security-groups?id=65e7594e-0bf2-41c0-8c9f-7087c3451e3b&fields=id&fields=name HTTP/1.1" status: 200 len: 310 time: 0.0466461
2026-04-22 19:43:11.552 9 INFO neutron.wsgi [None req-4da32bd3-315b-472b-ad36-b8e6558c2316 29d1dd3d8cc24bd6a6ce0b620fbb91a4 fc4d0f1d08824aa7a6f33dc313c5a32f - - default default] 10.0.0.53 "GET /v2.0/ports?network_id=c5682615-5bea-41a9-8be2-50ca5a3e75f3&mac_address=fa%3A16%3A3e%3A25%3A10%3A2c HTTP/1.1" status: 200 len: 1395 time: 0.0558968
2026-04-22 19:43:11.561 9 WARNING neutron_lib.context [None req-443ca62d-1296-4a79-9925-261e9bec1762 29d1dd3d8cc24bd6a6ce0b620fbb91a4 fc4d0f1d08824aa7a6f33dc313c5a32f - - default default] Method 'is_advsvc' is deprecated since 2023.2 release (neutron-lib 3.8.0) and will be removed once support for the old RBAC API policies will be removed from Neutron. Please use method 'is_service_role' instead.
2026-04-22 19:43:11.665 10 INFO neutron.wsgi [None req-eae3e1dd-c479-4a54-9da2-0be406f4c711 ee2f3d3ab3a143b9885bf97c048b0ef6 e95d747a0c2a412389ead86875c3a8ec - - default default] 10.0.0.53 "DELETE /v2.0/security-groups/7978c806-9d4f-4f50-aacb-0dcd007c7d1b HTTP/1.1" status: 204 len: 168 time: 0.2372613
2026-04-22 19:43:11.903 9 WARNING neutron.scheduler.dhcp_agent_scheduler [None req-443ca62d-1296-4a79-9925-261e9bec1762 29d1dd3d8cc24bd6a6ce0b620fbb91a4 fc4d0f1d08824aa7a6f33dc313c5a32f - - default default] No more DHCP agents
2026-04-22 19:43:11.905 9 WARNING neutron.api.rpc.agentnotifiers.dhcp_rpc_agent_api [None req-443ca62d-1296-4a79-9925-261e9bec1762 29d1dd3d8cc24bd6a6ce0b620fbb91a4 fc4d0f1d08824aa7a6f33dc313c5a32f - - default default] Unable to schedule network 03f27d31-9d52-4b53-a198-8e48ce201940: no agents available; will retry on subsequent port and subnet creation events.
2026-04-22 19:43:11.931 9 INFO neutron.notifiers.nova [-] Nova event matching ['req-79c072bd-a012-4838-90c4-65722e064807'] response: {'server_uuid': 'ab918a0b-29f1-4680-afd2-d10ef9b6b0e1', 'name': 'network-vif-plugged', 'status': 'completed', 'tag': 'dea219ce-a385-485f-8757-160d19871530', 'code': 200}
2026-04-22 19:43:12.391 9 INFO neutron.db.l3_db [None req-443ca62d-1296-4a79-9925-261e9bec1762 29d1dd3d8cc24bd6a6ce0b620fbb91a4 fc4d0f1d08824aa7a6f33dc313c5a32f - - default default] Floating IP bbc10d2c-b424-454b-9761-e0a57ccc13c0 associated. External IP: 10.96.250.202, port: dea219ce-a385-485f-8757-160d19871530.
2026-04-22 19:43:12.426 10 INFO neutron.db.ovn_revision_numbers_db [None req-e72de0a4-85c9-472f-a42a-1254f3350d96 ee2f3d3ab3a143b9885bf97c048b0ef6 e95d747a0c2a412389ead86875c3a8ec - - default default] Successfully bumped revision number for resource b395ba6c-3586-4601-931c-51eb7ae9acad (type: security_groups) to 1
2026-04-22 19:43:12.441 10 INFO neutron.db.ovn_revision_numbers_db [None req-e72de0a4-85c9-472f-a42a-1254f3350d96 ee2f3d3ab3a143b9885bf97c048b0ef6 e95d747a0c2a412389ead86875c3a8ec - - default default] Successfully bumped revision number for resource 036b0e70-89b0-45db-a384-5293ae24d680 (type: security_group_rules) to 0
2026-04-22 19:43:12.466 10 INFO neutron.db.ovn_revision_numbers_db [None req-e72de0a4-85c9-472f-a42a-1254f3350d96 ee2f3d3ab3a143b9885bf97c048b0ef6 e95d747a0c2a412389ead86875c3a8ec - - default default] Successfully bumped revision number for resource ba4f4a26-1a1b-4e05-8c7e-e298b8809587 (type: security_group_rules) to 0
2026-04-22 19:43:12.483 10 INFO neutron.db.ovn_revision_numbers_db [None req-e72de0a4-85c9-472f-a42a-1254f3350d96 ee2f3d3ab3a143b9885bf97c048b0ef6 e95d747a0c2a412389ead86875c3a8ec - - default default] Successfully bumped revision number for resource be285cb0-f121-40e5-affc-947eab9f7e4b (type: security_group_rules) to 0
2026-04-22 19:43:12.498 10 INFO neutron.db.ovn_revision_numbers_db [None req-e72de0a4-85c9-472f-a42a-1254f3350d96 ee2f3d3ab3a143b9885bf97c048b0ef6 e95d747a0c2a412389ead86875c3a8ec - - default default] Successfully bumped revision number for resource fdac672d-5a0b-47da-95a4-2cc568328f29 (type: security_group_rules) to 0
2026-04-22 19:43:12.527 10 INFO neutron.wsgi [None req-e72de0a4-85c9-472f-a42a-1254f3350d96 ee2f3d3ab3a143b9885bf97c048b0ef6 e95d747a0c2a412389ead86875c3a8ec - - default default] 10.0.0.53 "GET /v2.0/security-groups?tenant_id=4d7861276907438ebf949bb74c8f85a4&name=default HTTP/1.1" status: 200 len: 3000 time: 0.4325125
2026-04-22 19:43:12.650 9 INFO neutron.db.ovn_revision_numbers_db [None req-443ca62d-1296-4a79-9925-261e9bec1762 29d1dd3d8cc24bd6a6ce0b620fbb91a4 fc4d0f1d08824aa7a6f33dc313c5a32f - - default default] Successfully bumped revision number for resource bbc10d2c-b424-454b-9761-e0a57ccc13c0 (type: floatingips) to 0
2026-04-22 19:43:12.778 9 INFO neutron.db.ovn_revision_numbers_db [None req-443ca62d-1296-4a79-9925-261e9bec1762 29d1dd3d8cc24bd6a6ce0b620fbb91a4 fc4d0f1d08824aa7a6f33dc313c5a32f - - default default] Successfully bumped revision number for resource bbc10d2c-b424-454b-9761-e0a57ccc13c0 (type: floatingips) to 1
2026-04-22 19:43:12.788 10 INFO neutron.wsgi [None req-f1d24eee-21cd-419e-9fa1-07a382fe9f6b ee2f3d3ab3a143b9885bf97c048b0ef6 e95d747a0c2a412389ead86875c3a8ec - - default default] 10.0.0.53 "DELETE /v2.0/security-groups/b395ba6c-3586-4601-931c-51eb7ae9acad HTTP/1.1" status: 204 len: 168 time: 0.2552221
2026-04-22 19:43:12.825 9 INFO neutron.wsgi [None req-443ca62d-1296-4a79-9925-261e9bec1762 29d1dd3d8cc24bd6a6ce0b620fbb91a4 fc4d0f1d08824aa7a6f33dc313c5a32f - - default default] 10.0.0.53 "POST /v2.0/floatingips HTTP/1.1" status: 201 len: 1054 time: 1.2677293 /var/lib/openstack/lib/python3.10/site-packages/pycadf/identifier.py:71: UserWarning: Invalid uuid: neutron. To ensure interoperability, identifiers should be a valid uuid. warnings.warn(('Invalid uuid: %s. To ensure interoperability, '
2026-04-22 19:43:13.034 10 INFO neutron.db.ovn_revision_numbers_db [None req-284a2132-036c-4136-bf7e-7b1761724046 ee2f3d3ab3a143b9885bf97c048b0ef6 e95d747a0c2a412389ead86875c3a8ec - - default default] Successfully bumped revision number for resource 78e0d3c3-c4c7-4f01-b1fc-e29dd52d7943 (type: security_groups) to 1
2026-04-22 19:43:13.049 10 INFO neutron.db.ovn_revision_numbers_db [None req-284a2132-036c-4136-bf7e-7b1761724046 ee2f3d3ab3a143b9885bf97c048b0ef6 e95d747a0c2a412389ead86875c3a8ec - - default default] Successfully bumped revision number for resource c1a8c70a-5947-4f08-be59-f3aa91d645b4 (type: security_group_rules) to 0
2026-04-22 19:43:13.068 10 INFO neutron.db.ovn_revision_numbers_db [None req-284a2132-036c-4136-bf7e-7b1761724046 ee2f3d3ab3a143b9885bf97c048b0ef6 e95d747a0c2a412389ead86875c3a8ec - - default default] Successfully bumped revision number for resource c421b278-886d-4e2c-b51e-e959448fd2e0 (type: security_group_rules) to 0
2026-04-22 19:43:13.084 10 INFO neutron.db.ovn_revision_numbers_db [None req-284a2132-036c-4136-bf7e-7b1761724046 ee2f3d3ab3a143b9885bf97c048b0ef6 e95d747a0c2a412389ead86875c3a8ec - - default default] Successfully bumped revision number for resource e4633c7c-62e6-441b-ad84-7e20e574eba6 (type: security_group_rules) to 0
2026-04-22 19:43:13.100 10 INFO neutron.db.ovn_revision_numbers_db [None req-284a2132-036c-4136-bf7e-7b1761724046 ee2f3d3ab3a143b9885bf97c048b0ef6 e95d747a0c2a412389ead86875c3a8ec - - default default] Successfully bumped revision number for resource f46d722d-766d-4e72-9d41-cf0bc069be1c (type: security_group_rules) to 0
2026-04-22 19:43:13.124 10 INFO neutron.wsgi [None req-284a2132-036c-4136-bf7e-7b1761724046 ee2f3d3ab3a143b9885bf97c048b0ef6 e95d747a0c2a412389ead86875c3a8ec - - default default] 10.0.0.53 "GET /v2.0/security-groups?tenant_id=22e7ee0566ea489592044c01922b01ec&name=default HTTP/1.1" status: 200 len: 3000 time: 0.2390170
2026-04-22 19:43:13.181 10 INFO neutron.wsgi [-] 10.0.0.157 "GET / HTTP/1.1" status: 200 len: 247 time: 0.0019128
2026-04-22 19:43:13.183 10 INFO neutron.wsgi [-] 10.0.0.157 "GET / HTTP/1.1" status: 200 len: 247 time: 0.0010071
2026-04-22 19:43:13.346 10 INFO neutron.wsgi [None req-af921155-6c9e-4b32-9a07-5c37b8d5b659 ee2f3d3ab3a143b9885bf97c048b0ef6 e95d747a0c2a412389ead86875c3a8ec - - default default] 10.0.0.53 "DELETE /v2.0/security-groups/78e0d3c3-c4c7-4f01-b1fc-e29dd52d7943 HTTP/1.1" status: 204 len: 168 time: 0.2162464
2026-04-22 19:43:13.968 9 INFO neutron.notifiers.nova [-] Nova event matching ['req-e17baff9-0426-48fb-9bba-98ac7d9315da'] response: {'name': 'network-changed', 'server_uuid': 'ab918a0b-29f1-4680-afd2-d10ef9b6b0e1', 'tag': 'dea219ce-a385-485f-8757-160d19871530', 'status': 'completed', 'code': 200}
2026-04-22 19:43:14.036 10 INFO neutron.wsgi [req-63439f4d-caa9-4ff5-b8e1-8364e7e35dc0 req-8158ac33-1029-4bff-ba2a-ace65cec7514 74c10f796dd9484d81aaaeadb9fc6aa7 4eabc121554046faadfb1f554ba2c17b - - bc3a08d6369941d6adfa3d0f4b770de6 bc3a08d6369941d6adfa3d0f4b770de6] 199.19.213.132 "GET /v2.0/ports?tenant_id=fc4d0f1d08824aa7a6f33dc313c5a32f&device_id=ab918a0b-29f1-4680-afd2-d10ef9b6b0e1 HTTP/1.1" status: 200 len: 1638 time: 0.0451660
2026-04-22 19:43:14.103 10 INFO neutron.wsgi [req-63439f4d-caa9-4ff5-b8e1-8364e7e35dc0 req-840c302a-4bc0-42cd-8d18-7b1b56059928 74c10f796dd9484d81aaaeadb9fc6aa7 4eabc121554046faadfb1f554ba2c17b - - bc3a08d6369941d6adfa3d0f4b770de6 bc3a08d6369941d6adfa3d0f4b770de6] 199.19.213.132 "GET /v2.0/networks?id=c5682615-5bea-41a9-8be2-50ca5a3e75f3 HTTP/1.1" status: 200 len: 1002 time: 0.0611439
2026-04-22 19:43:14.168 10 INFO neutron.wsgi [req-63439f4d-caa9-4ff5-b8e1-8364e7e35dc0 req-f56e932d-cda1-4d22-b521-552a995dfd5b 74c10f796dd9484d81aaaeadb9fc6aa7 4eabc121554046faadfb1f554ba2c17b - - bc3a08d6369941d6adfa3d0f4b770de6 bc3a08d6369941d6adfa3d0f4b770de6] 199.19.213.132 "GET /v2.0/floatingips?fixed_ip_address=10.2.2.120&port_id=dea219ce-a385-485f-8757-160d19871530 HTTP/1.1" status: 200 len: 1059 time: 0.0585828
2026-04-22 19:43:14.205 10 INFO neutron.wsgi [req-63439f4d-caa9-4ff5-b8e1-8364e7e35dc0 req-5ddaadd2-52f1-4976-8678-ca2b43d495ff 74c10f796dd9484d81aaaeadb9fc6aa7 4eabc121554046faadfb1f554ba2c17b - - bc3a08d6369941d6adfa3d0f4b770de6 bc3a08d6369941d6adfa3d0f4b770de6] 199.19.213.132 "GET /v2.0/floatingips?fixed_ip_address=fd77%3A1457%3A4cf0%3A26a8%3A%3Af7&port_id=dea219ce-a385-485f-8757-160d19871530 HTTP/1.1" status: 200 len: 217 time: 0.0247343
2026-04-22 19:43:14.252 10 INFO neutron.wsgi [req-63439f4d-caa9-4ff5-b8e1-8364e7e35dc0 req-a95d034e-b5c4-4a54-9923-c179b5d68388 74c10f796dd9484d81aaaeadb9fc6aa7 4eabc121554046faadfb1f554ba2c17b - - bc3a08d6369941d6adfa3d0f4b770de6 bc3a08d6369941d6adfa3d0f4b770de6] 199.19.213.132 "GET /v2.0/subnets?id=06c8ca96-2d41-419b-895c-031eecaabe0d&id=d93e9560-f15b-437d-a3d5-9a40909607dc HTTP/1.1" status: 200 len: 1566 time: 0.0427608
2026-04-22 19:43:14.283 10 INFO neutron.wsgi [req-63439f4d-caa9-4ff5-b8e1-8364e7e35dc0 req-a9f3a6f8-16c7-48bb-87b2-b0eac7874ada 74c10f796dd9484d81aaaeadb9fc6aa7 4eabc121554046faadfb1f554ba2c17b - - bc3a08d6369941d6adfa3d0f4b770de6 bc3a08d6369941d6adfa3d0f4b770de6] 199.19.213.132 "GET /v2.0/ports?network_id=c5682615-5bea-41a9-8be2-50ca5a3e75f3&device_owner=network%3Adhcp HTTP/1.1" status: 200 len: 210 time: 0.0233858
2026-04-22 19:43:14.314 10 INFO neutron.wsgi [req-63439f4d-caa9-4ff5-b8e1-8364e7e35dc0 req-35f76e0e-956a-48cd-9a52-55be72f62080 74c10f796dd9484d81aaaeadb9fc6aa7 4eabc121554046faadfb1f554ba2c17b - - bc3a08d6369941d6adfa3d0f4b770de6 bc3a08d6369941d6adfa3d0f4b770de6] 199.19.213.132 "GET /v2.0/ports?network_id=c5682615-5bea-41a9-8be2-50ca5a3e75f3&device_owner=network%3Adhcp HTTP/1.1" status: 200 len: 210 time: 0.0230734
2026-04-22 19:43:14.384 10 INFO neutron.wsgi [req-63439f4d-caa9-4ff5-b8e1-8364e7e35dc0 req-8e905148-3d74-4ae9-a193-24dae1e47bde 74c10f796dd9484d81aaaeadb9fc6aa7 4eabc121554046faadfb1f554ba2c17b - - bc3a08d6369941d6adfa3d0f4b770de6 bc3a08d6369941d6adfa3d0f4b770de6] 199.19.213.132 "GET /v2.0/networks/c5682615-5bea-41a9-8be2-50ca5a3e75f3?fields=segments HTTP/1.1" status: 200 len: 212 time: 0.0625267
2026-04-22 19:43:14.468 10 INFO neutron.wsgi [req-63439f4d-caa9-4ff5-b8e1-8364e7e35dc0 req-13a3bd7b-17f4-4244-bc21-6abe9e76b4cb 74c10f796dd9484d81aaaeadb9fc6aa7 4eabc121554046faadfb1f554ba2c17b - - bc3a08d6369941d6adfa3d0f4b770de6 bc3a08d6369941d6adfa3d0f4b770de6] 199.19.213.132 "GET /v2.0/networks/c5682615-5bea-41a9-8be2-50ca5a3e75f3?fields=provider%3Aphysical_network&fields=provider%3Anetwork_type HTTP/1.1" status: 200 len: 277 time: 0.0756180
2026-04-22 19:43:15.278 10 INFO neutron.wsgi [req-c0f34de9-6510-4990-b87b-cf50d0d415d0 req-33370c38-0844-48e3-8f0e-f90f294dbab2 74c10f796dd9484d81aaaeadb9fc6aa7 4eabc121554046faadfb1f554ba2c17b - - bc3a08d6369941d6adfa3d0f4b770de6 bc3a08d6369941d6adfa3d0f4b770de6] 10.0.0.55 "GET /v2.0/ports?device_id=3a36ac41-8654-47d3-9437-b2c1fdb95a84 HTTP/1.1" status: 200 len: 1638 time: 0.0526781
2026-04-22 19:43:15.332 10 INFO neutron.wsgi [req-c0f34de9-6510-4990-b87b-cf50d0d415d0 req-14c49696-03df-4974-b64c-4400b201a3aa 74c10f796dd9484d81aaaeadb9fc6aa7 4eabc121554046faadfb1f554ba2c17b - - bc3a08d6369941d6adfa3d0f4b770de6 bc3a08d6369941d6adfa3d0f4b770de6] 10.0.0.55 "GET /v2.0/security-groups?id=65e7594e-0bf2-41c0-8c9f-7087c3451e3b&fields=id&fields=name HTTP/1.1" status: 200 len: 310 time: 0.0464103
2026-04-22 19:43:15.349 10 WARNING neutron_lib.context [None req-5400009c-20b9-4f8a-bf7f-cf639f42ed7f 8523ecd5cc104634970adcece5d17df1 6eda694f978048319c14ea2d39712393 - - default default] Method 'is_advsvc' is deprecated since 2023.2 release (neutron-lib 3.8.0) and will be removed once support for the old RBAC API policies will be removed from Neutron. Please use method 'is_service_role' instead.
2026-04-22 19:43:15.489 10 INFO neutron.db.ovn_revision_numbers_db [None req-5400009c-20b9-4f8a-bf7f-cf639f42ed7f 8523ecd5cc104634970adcece5d17df1 6eda694f978048319c14ea2d39712393 - - default default] Successfully bumped revision number for resource b17972bb-9a98-4120-bb68-b0ddff5f71f8 (type: security_groups) to 1
2026-04-22 19:43:15.509 10 INFO neutron.db.ovn_revision_numbers_db [None req-5400009c-20b9-4f8a-bf7f-cf639f42ed7f 8523ecd5cc104634970adcece5d17df1 6eda694f978048319c14ea2d39712393 - - default default] Successfully bumped revision number for resource 0cb1028c-d3c7-4bde-a1de-a9d5afc6dae6 (type: security_group_rules) to 0
2026-04-22 19:43:15.526 10 INFO neutron.db.ovn_revision_numbers_db [None req-5400009c-20b9-4f8a-bf7f-cf639f42ed7f 8523ecd5cc104634970adcece5d17df1 6eda694f978048319c14ea2d39712393 - - default default] Successfully bumped revision number for resource 898f9a8a-47a0-4d2f-88b0-219d33977b80 (type: security_group_rules) to 0
2026-04-22 19:43:15.543 10 INFO neutron.db.ovn_revision_numbers_db [None req-5400009c-20b9-4f8a-bf7f-cf639f42ed7f 8523ecd5cc104634970adcece5d17df1 6eda694f978048319c14ea2d39712393 - - default default] Successfully bumped revision number for resource b1198ca2-773d-44b1-ae19-1bfce1a310d2 (type: security_group_rules) to 0
2026-04-22 19:43:15.563 10 INFO neutron.db.ovn_revision_numbers_db [None req-5400009c-20b9-4f8a-bf7f-cf639f42ed7f 8523ecd5cc104634970adcece5d17df1 6eda694f978048319c14ea2d39712393 - - default default] Successfully bumped revision number for resource d82fa548-72c2-4edb-91fc-0c760c004aff (type: security_group_rules) to 0
2026-04-22 19:43:15.619 10 INFO neutron.db.segments_db [None req-5400009c-20b9-4f8a-bf7f-cf639f42ed7f 8523ecd5cc104634970adcece5d17df1 6eda694f978048319c14ea2d39712393 - - default default] Added segment 6ecc1d36-f336-496d-b5d0-cffb2741c922 of type geneve for network eec68474-ce0c-4bbb-9cc3-e1d9391fa04a
2026-04-22 19:43:15.788 10 INFO neutron.db.ovn_revision_numbers_db [None req-5400009c-20b9-4f8a-bf7f-cf639f42ed7f 8523ecd5cc104634970adcece5d17df1 6eda694f978048319c14ea2d39712393 - - default default] Successfully bumped revision number for resource eec68474-ce0c-4bbb-9cc3-e1d9391fa04a (type: networks) to 1
2026-04-22 19:43:15.969 10 WARNING neutron.scheduler.dhcp_agent_scheduler [None req-5400009c-20b9-4f8a-bf7f-cf639f42ed7f 8523ecd5cc104634970adcece5d17df1 6eda694f978048319c14ea2d39712393 - - default default] No more DHCP agents
2026-04-22 19:43:15.972 10 WARNING neutron.api.rpc.agentnotifiers.dhcp_rpc_agent_api [None req-5400009c-20b9-4f8a-bf7f-cf639f42ed7f 8523ecd5cc104634970adcece5d17df1 6eda694f978048319c14ea2d39712393 - - default default] Unable to schedule network eec68474-ce0c-4bbb-9cc3-e1d9391fa04a: no agents available; will retry on subsequent port and subnet creation events.
2026-04-22 19:43:16.055 10 INFO neutron.db.ovn_revision_numbers_db [None req-5400009c-20b9-4f8a-bf7f-cf639f42ed7f 8523ecd5cc104634970adcece5d17df1 6eda694f978048319c14ea2d39712393 - - default default] Successfully bumped revision number for resource da8ad59f-023c-4524-936b-9b3081f4e555 (type: ports) to 1
2026-04-22 19:43:16.078 10 INFO neutron.wsgi [None req-5400009c-20b9-4f8a-bf7f-cf639f42ed7f 8523ecd5cc104634970adcece5d17df1 6eda694f978048319c14ea2d39712393 - - default default] 10.0.0.53 "POST /v2.0/networks HTTP/1.1" status: 201 len: 829 time: 0.9173052
2026-04-22 19:43:16.087 10 WARNING neutron_lib.context [None req-d9b1dfcc-4a1f-404e-8450-bada35d7a049 8523ecd5cc104634970adcece5d17df1 6eda694f978048319c14ea2d39712393 - - default default] Method 'is_advsvc' is deprecated since 2023.2 release (neutron-lib 3.8.0) and will be removed once support for the old RBAC API policies will be removed from Neutron. Please use method 'is_service_role' instead.
2026-04-22 19:43:16.351 10 WARNING neutron.scheduler.dhcp_agent_scheduler [None req-d9b1dfcc-4a1f-404e-8450-bada35d7a049 8523ecd5cc104634970adcece5d17df1 6eda694f978048319c14ea2d39712393 - - default default] No more DHCP agents
2026-04-22 19:43:16.354 10 WARNING neutron.api.rpc.agentnotifiers.dhcp_rpc_agent_api [None req-d9b1dfcc-4a1f-404e-8450-bada35d7a049 8523ecd5cc104634970adcece5d17df1 6eda694f978048319c14ea2d39712393 - - default default] Unable to schedule network eec68474-ce0c-4bbb-9cc3-e1d9391fa04a: no agents available; will retry on subsequent port and subnet creation events.
2026-04-22 19:43:16.867 10 INFO neutron.db.ovn_revision_numbers_db [None req-d9b1dfcc-4a1f-404e-8450-bada35d7a049 8523ecd5cc104634970adcece5d17df1 6eda694f978048319c14ea2d39712393 - - default default] Successfully bumped revision number for resource da8ad59f-023c-4524-936b-9b3081f4e555 (type: ports) to 2
2026-04-22 19:43:16.902 10 INFO neutron.db.ovn_revision_numbers_db [None req-d9b1dfcc-4a1f-404e-8450-bada35d7a049 8523ecd5cc104634970adcece5d17df1 6eda694f978048319c14ea2d39712393 - - default default] Successfully bumped revision number for resource 2cadb2ba-431d-42d7-b05b-f0fd81d33532 (type: subnets) to 0
2026-04-22 19:43:16.921 10 INFO neutron.wsgi [None req-d9b1dfcc-4a1f-404e-8450-bada35d7a049 8523ecd5cc104634970adcece5d17df1 6eda694f978048319c14ea2d39712393 - - default default] 10.0.0.53 "POST /v2.0/subnets HTTP/1.1" status: 201 len: 801 time: 0.8387554
2026-04-22 19:43:16.970 9 WARNING neutron_lib.context [None req-f616a3f2-1607-4e13-9c2d-968ba5c72b75 49e9843d586a4297b8964914a85b5f86 78dd3f2f602046ca96a9576c6dfd9fc2 - - default default] Method 'is_advsvc' is deprecated since 2023.2 release (neutron-lib 3.8.0) and will be removed once support for the old RBAC API policies will be removed from Neutron. Please use method 'is_service_role' instead.
2026-04-22 19:43:17.001 10 INFO neutron.wsgi [None req-6a981c94-2e9e-419a-8398-bea494d71585 8523ecd5cc104634970adcece5d17df1 6eda694f978048319c14ea2d39712393 - - default default] 10.0.0.53 "PUT /v2.0/subnets/2cadb2ba-431d-42d7-b05b-f0fd81d33532/tags HTTP/1.1" status: 200 len: 218 time: 0.0744109
2026-04-22 19:43:17.054 9 INFO neutron.wsgi [None req-6988dd53-166a-4854-8fbc-4357425cdc2a 8523ecd5cc104634970adcece5d17df1 6eda694f978048319c14ea2d39712393 - - default default] 10.0.0.53 "GET /v2.0/subnets/2cadb2ba-431d-42d7-b05b-f0fd81d33532/tags HTTP/1.1" status: 200 len: 218 time: 0.0471313
2026-04-22 19:43:17.112 10 INFO neutron.wsgi [None req-5a4d6a9b-aa85-440b-89a7-0d341c568f58 8523ecd5cc104634970adcece5d17df1 6eda694f978048319c14ea2d39712393 - - default default] 10.0.0.53 "PUT /v2.0/subnets/2cadb2ba-431d-42d7-b05b-f0fd81d33532/tags/green HTTP/1.1" status: 201 len: 201 time: 0.0537167
2026-04-22 19:43:17.119 9 INFO neutron.db.ovn_revision_numbers_db [None req-f616a3f2-1607-4e13-9c2d-968ba5c72b75 49e9843d586a4297b8964914a85b5f86 78dd3f2f602046ca96a9576c6dfd9fc2 - - default default] Successfully bumped revision number for resource dcf1b624-b13f-433a-adf9-87f5f0bcd762 (type: security_groups) to 1
2026-04-22 19:43:17.136 9 INFO neutron.db.ovn_revision_numbers_db [None req-f616a3f2-1607-4e13-9c2d-968ba5c72b75 49e9843d586a4297b8964914a85b5f86 78dd3f2f602046ca96a9576c6dfd9fc2 - - default default] Successfully bumped revision number for resource 11042c8b-2de3-42be-a1a1-c1dea185eaa2 (type: security_group_rules) to 0
2026-04-22 19:43:17.153 9 INFO neutron.db.ovn_revision_numbers_db [None req-f616a3f2-1607-4e13-9c2d-968ba5c72b75 49e9843d586a4297b8964914a85b5f86 78dd3f2f602046ca96a9576c6dfd9fc2 - - default default] Successfully bumped revision number for resource 459881a8-65c6-4c84-8f42-2b2b63ea7d1d (type: security_group_rules) to 0
2026-04-22 19:43:17.162 10 INFO neutron.wsgi [None req-740de227-13b4-4d6f-a649-9d6adacfe8e8 8523ecd5cc104634970adcece5d17df1 6eda694f978048319c14ea2d39712393 - - default default] 10.0.0.53 "GET /v2.0/subnets/2cadb2ba-431d-42d7-b05b-f0fd81d33532/tags HTTP/1.1" status: 200 len: 227 time: 0.0466430
2026-04-22 19:43:17.173 9 INFO neutron.db.ovn_revision_numbers_db [None req-f616a3f2-1607-4e13-9c2d-968ba5c72b75 49e9843d586a4297b8964914a85b5f86 78dd3f2f602046ca96a9576c6dfd9fc2 - - default default] Successfully bumped revision number for resource a129ffb8-fa69-49e3-a712-f32586ace633 (type: security_group_rules) to 0
2026-04-22 19:43:17.195 9 INFO neutron.db.ovn_revision_numbers_db [None req-f616a3f2-1607-4e13-9c2d-968ba5c72b75 49e9843d586a4297b8964914a85b5f86 78dd3f2f602046ca96a9576c6dfd9fc2 - - default default] Successfully bumped revision number for resource aa8210ff-995f-4ea2-8d45-ec38508cb2f8 (type: security_group_rules) to 0
2026-04-22 19:43:17.218 9 INFO neutron.wsgi [None req-0900bce7-4e08-4f6f-bf52-83716a8af226 8523ecd5cc104634970adcece5d17df1 6eda694f978048319c14ea2d39712393 - - default default] 10.0.0.53 "PUT /v2.0/subnets/2cadb2ba-431d-42d7-b05b-f0fd81d33532/tags/red HTTP/1.1" status: 201 len: 201 time: 0.0503705
2026-04-22 19:43:17.255 9 INFO neutron.db.segments_db [None req-f616a3f2-1607-4e13-9c2d-968ba5c72b75 49e9843d586a4297b8964914a85b5f86 78dd3f2f602046ca96a9576c6dfd9fc2 - - default default] Added segment b691416a-d4b6-484c-a20d-f8102a014055 of type geneve for network 20f5bafb-0b16-4445-bbd0-19cca6014738
2026-04-22 19:43:17.264 9 INFO neutron.wsgi [None req-991aaceb-13d7-4ee4-a052-7591135c1792 8523ecd5cc104634970adcece5d17df1 6eda694f978048319c14ea2d39712393 - - default default] 10.0.0.53 "GET /v2.0/subnets/2cadb2ba-431d-42d7-b05b-f0fd81d33532/tags HTTP/1.1" status: 200 len: 227 time: 0.0425768
2026-04-22 19:43:17.327 10 INFO neutron.wsgi [None req-0d95c8c1-4c02-4e16-88f0-d61d96b7cd73 8523ecd5cc104634970adcece5d17df1 6eda694f978048319c14ea2d39712393 - - default default] 10.0.0.53 "PUT /v2.0/subnets/2cadb2ba-431d-42d7-b05b-f0fd81d33532/tags/black.or.white HTTP/1.1" status: 201 len: 201 time: 0.0555968
2026-04-22 19:43:17.434 9 INFO neutron.db.ovn_revision_numbers_db [None req-f616a3f2-1607-4e13-9c2d-968ba5c72b75 49e9843d586a4297b8964914a85b5f86 78dd3f2f602046ca96a9576c6dfd9fc2 - - default default] Successfully bumped revision number for resource 20f5bafb-0b16-4445-bbd0-19cca6014738 (type: networks) to 1
2026-04-22 19:43:17.630 10 INFO neutron.wsgi [None req-23282e83-981f-4622-acd5-25de5f9406c2 8523ecd5cc104634970adcece5d17df1 6eda694f978048319c14ea2d39712393 - - default default] 10.0.0.53 "GET /v2.0/subnets/2cadb2ba-431d-42d7-b05b-f0fd81d33532/tags HTTP/1.1" status: 200 len: 245 time: 0.2994885
2026-04-22 19:43:17.701 10 INFO neutron.wsgi [None req-11952df3-386d-4ffa-8511-ab41822f3db4 8523ecd5cc104634970adcece5d17df1 6eda694f978048319c14ea2d39712393 - - default default] 10.0.0.53 "PUT /v2.0/subnets/2cadb2ba-431d-42d7-b05b-f0fd81d33532/tags HTTP/1.1" status: 200 len: 230 time: 0.0663817
2026-04-22 19:43:17.756 10 INFO neutron.wsgi [None req-c86d31e1-c778-4b9f-91bb-f03209e16be6 8523ecd5cc104634970adcece5d17df1 6eda694f978048319c14ea2d39712393 - - default default] 10.0.0.53 "GET /v2.0/subnets/2cadb2ba-431d-42d7-b05b-f0fd81d33532/tags HTTP/1.1" status: 200 len: 230 time: 0.0493903
2026-04-22 19:43:17.798 10 INFO neutron.wsgi [None req-641d6f77-9e7e-4d73-a085-3be55b1c2869 8523ecd5cc104634970adcece5d17df1 6eda694f978048319c14ea2d39712393 - - default default] 10.0.0.53 "GET /v2.0/subnets/2cadb2ba-431d-42d7-b05b-f0fd81d33532/tags/red HTTP/1.1" status: 204 len: 168 time: 0.0386732
2026-04-22 19:43:17.842 10 INFO neutron.api.v2.resource [None req-3c1aa34c-bb30-45f4-94be-94acdf87270f 8523ecd5cc104634970adcece5d17df1 6eda694f978048319c14ea2d39712393 - - default default] show failed (client error): The resource could not be found.
2026-04-22 19:43:17.845 10 INFO neutron.wsgi [None req-3c1aa34c-bb30-45f4-94be-94acdf87270f 8523ecd5cc104634970adcece5d17df1 6eda694f978048319c14ea2d39712393 - - default default] 10.0.0.53 "GET /v2.0/subnets/2cadb2ba-431d-42d7-b05b-f0fd81d33532/tags/green HTTP/1.1" status: 404 len: 299 time: 0.0415382
2026-04-22 19:43:17.864 9 WARNING neutron.scheduler.dhcp_agent_scheduler [None req-f616a3f2-1607-4e13-9c2d-968ba5c72b75 49e9843d586a4297b8964914a85b5f86 78dd3f2f602046ca96a9576c6dfd9fc2 - - default default] No more DHCP agents
2026-04-22 19:43:17.866 9 WARNING neutron.api.rpc.agentnotifiers.dhcp_rpc_agent_api [None req-f616a3f2-1607-4e13-9c2d-968ba5c72b75 49e9843d586a4297b8964914a85b5f86 78dd3f2f602046ca96a9576c6dfd9fc2 - - default default] Unable to schedule network 20f5bafb-0b16-4445-bbd0-19cca6014738: no agents available; will retry on subsequent port and subnet creation events.
2026-04-22 19:43:17.892 10 INFO neutron.wsgi [None req-1545aca8-53d7-4f0b-bca7-c0545b30f6f0 8523ecd5cc104634970adcece5d17df1 6eda694f978048319c14ea2d39712393 - - default default] 10.0.0.53 "DELETE /v2.0/subnets/2cadb2ba-431d-42d7-b05b-f0fd81d33532/tags/red HTTP/1.1" status: 204 len: 168 time: 0.0422833
