2026-04-22 19:42:23.118 9 INFO neutron.api.v2.resource [None req-ae9e4e4b-54e9-41fd-ba29-3deabf303300 a3032e47ac1f4d779d946e12786aa01c 6290c7a99ae24a0592c4510c2aca835f - - default default] show failed (client error): The resource could not be found.
2026-04-22 19:42:23.120 9 INFO neutron.wsgi [None req-ae9e4e4b-54e9-41fd-ba29-3deabf303300 a3032e47ac1f4d779d946e12786aa01c 6290c7a99ae24a0592c4510c2aca835f - - default default] 10.0.0.53 "GET /v2.0/security-groups/55de2061-1823-44c5-b3c1-b024edb231d9/tags/green HTTP/1.1" status: 404 len: 299 time: 0.0315437
2026-04-22 19:42:23.160 9 INFO neutron.wsgi [None req-157f1cb5-a05a-4d3f-81e3-1f39396ed179 a3032e47ac1f4d779d946e12786aa01c 6290c7a99ae24a0592c4510c2aca835f - - default default] 10.0.0.53 "DELETE /v2.0/security-groups/55de2061-1823-44c5-b3c1-b024edb231d9/tags/red HTTP/1.1" status: 204 len: 168 time: 0.0362482
2026-04-22 19:42:23.204 10 INFO neutron.wsgi [None req-8ee52ab1-a1f7-4d3c-b928-714198abbb47 a3032e47ac1f4d779d946e12786aa01c 6290c7a99ae24a0592c4510c2aca835f - - default default] 10.0.0.53 "GET /v2.0/security-groups/55de2061-1823-44c5-b3c1-b024edb231d9/tags HTTP/1.1" status: 200 len: 223 time: 0.0344458
2026-04-22 19:42:23.240 9 INFO neutron.api.v2.resource [None req-ad2d7b34-a23b-4dd2-a2ea-40d1f462a72d a3032e47ac1f4d779d946e12786aa01c 6290c7a99ae24a0592c4510c2aca835f - - default default] delete failed (client error): The resource could not be found.
2026-04-22 19:42:23.242 9 INFO neutron.wsgi [None req-ad2d7b34-a23b-4dd2-a2ea-40d1f462a72d a3032e47ac1f4d779d946e12786aa01c 6290c7a99ae24a0592c4510c2aca835f - - default default] 10.0.0.53 "DELETE /v2.0/security-groups/55de2061-1823-44c5-b3c1-b024edb231d9/tags/green HTTP/1.1" status: 404 len: 299 time: 0.0319130
2026-04-22 19:42:23.315 9 INFO neutron.wsgi [None req-f5b93b95-a2c4-4331-9740-4ba6920035ab a3032e47ac1f4d779d946e12786aa01c 6290c7a99ae24a0592c4510c2aca835f - - default default] 10.0.0.53 "DELETE /v2.0/security-groups/55de2061-1823-44c5-b3c1-b024edb231d9/tags HTTP/1.1" status: 204 len: 168 time: 0.0679398
2026-04-22 19:42:23.322 10 INFO neutron.wsgi [None req-33c1f181-0212-4aab-9d63-d11aeb3325fe ee2f3d3ab3a143b9885bf97c048b0ef6 e95d747a0c2a412389ead86875c3a8ec - - default default] 10.0.0.53 "DELETE /v2.0/security-groups/b7af34c8-6f61-49b6-ada4-10ccc3120482 HTTP/1.1" status: 204 len: 168 time: 0.2405610
2026-04-22 19:42:23.324 10 INFO neutron.services.segments.plugin [-] Segment 4832dc50-da38-4a54-b43f-ee7330b4a910 resource provider aggregate not found
2026-04-22 19:42:23.328 10 INFO neutron.services.segments.plugin [-] Segment 4832dc50-da38-4a54-b43f-ee7330b4a910 resource provider aggregate not found
2026-04-22 19:42:23.345 10 INFO neutron.services.segments.plugin [-] Segment 4832dc50-da38-4a54-b43f-ee7330b4a910 resource provider not found; error: Placement Client Error (4xx): {"errors": [{"status": 404, "title": "Not Found", "detail": "The resource could not be found.\n\n No resource provider with uuid 4832dc50-da38-4a54-b43f-ee7330b4a910 found for delete ", "request_id": "req-37bb7807-4969-4c80-97e6-41c5594407d9"}]}
2026-04-22 19:42:23.352 10 INFO neutron.services.segments.plugin [-] Segment 4832dc50-da38-4a54-b43f-ee7330b4a910 resource provider not found; error: Placement Client Error (4xx): {"errors": [{"status": 404, "title": "Not Found", "detail": "The resource could not be found.\n\n No resource provider with uuid 4832dc50-da38-4a54-b43f-ee7330b4a910 found for delete ", "request_id": "req-fb029109-379e-4120-99a2-73e120f18766"}]}
2026-04-22 19:42:23.355 9 INFO neutron.wsgi [None req-b220b0f5-2ab0-4195-b02d-d0dff56f143b a3032e47ac1f4d779d946e12786aa01c 6290c7a99ae24a0592c4510c2aca835f - - default default] 10.0.0.53 "GET /v2.0/security-groups/55de2061-1823-44c5-b3c1-b024edb231d9/tags HTTP/1.1" status: 200 len: 205 time: 0.0289845
2026-04-22 19:42:23.502 9 INFO neutron.wsgi [None req-193e1bf4-0ca8-4357-ba28-b7f323be1564 a3032e47ac1f4d779d946e12786aa01c 6290c7a99ae24a0592c4510c2aca835f - - default default] 10.0.0.53 "DELETE /v2.0/security-groups/55de2061-1823-44c5-b3c1-b024edb231d9 HTTP/1.1" status: 204 len: 168 time: 0.1264379
2026-04-22 19:42:24.599 10 INFO neutron.wsgi [None req-030fe5e4-75e3-470e-bfa3-01b63296f8b5 ee2f3d3ab3a143b9885bf97c048b0ef6 e95d747a0c2a412389ead86875c3a8ec - - default default] 10.0.0.53 "GET /v2.0/security-groups?tenant_id=6290c7a99ae24a0592c4510c2aca835f&name=default HTTP/1.1" status: 200 len: 2996 time: 0.1995051
2026-04-22 19:42:24.789 10 INFO neutron.wsgi [None req-34ba24fe-fcad-47ab-859d-8963a7f7297e ee2f3d3ab3a143b9885bf97c048b0ef6 e95d747a0c2a412389ead86875c3a8ec - - default default] 10.0.0.53 "DELETE /v2.0/security-groups/c85ba63e-ebbd-4dec-9e78-a2ee164394a9 HTTP/1.1" status: 204 len: 168 time: 0.1853852
2026-04-22 19:42:25.048 9 INFO neutron.db.ovn_revision_numbers_db [None req-8d8d44c6-5920-4a5b-99c0-ee619883552c ee2f3d3ab3a143b9885bf97c048b0ef6 e95d747a0c2a412389ead86875c3a8ec - - default default] Successfully bumped revision number for resource 895f4140-d89c-4a28-9b75-d5f8f29be082 (type: security_groups) to 1
2026-04-22 19:42:25.062 9 INFO neutron.db.ovn_revision_numbers_db [None req-8d8d44c6-5920-4a5b-99c0-ee619883552c ee2f3d3ab3a143b9885bf97c048b0ef6 e95d747a0c2a412389ead86875c3a8ec - - default default] Successfully bumped revision number for resource 37a1efd2-0ffc-46bb-87ad-18de60deea58 (type: security_group_rules) to 0
2026-04-22 19:42:25.078 9 INFO neutron.db.ovn_revision_numbers_db [None req-8d8d44c6-5920-4a5b-99c0-ee619883552c ee2f3d3ab3a143b9885bf97c048b0ef6 e95d747a0c2a412389ead86875c3a8ec - - default default] Successfully bumped revision number for resource 433159ed-c5ca-4c66-9553-9a47a59371bb (type: security_group_rules) to 0
2026-04-22 19:42:25.094 9 INFO neutron.db.ovn_revision_numbers_db [None req-8d8d44c6-5920-4a5b-99c0-ee619883552c ee2f3d3ab3a143b9885bf97c048b0ef6 e95d747a0c2a412389ead86875c3a8ec - - default default] Successfully bumped revision number for resource c3bbb818-4e87-44ed-9c95-58a066ac3a4a (type: security_group_rules) to 0
2026-04-22 19:42:25.108 9 INFO neutron.db.ovn_revision_numbers_db [None req-8d8d44c6-5920-4a5b-99c0-ee619883552c ee2f3d3ab3a143b9885bf97c048b0ef6 e95d747a0c2a412389ead86875c3a8ec - - default default] Successfully bumped revision number for resource f4b72c85-15b4-42f9-a179-20f4c3f136ce (type: security_group_rules) to 0
2026-04-22 19:42:25.132 9 INFO neutron.wsgi [None req-8d8d44c6-5920-4a5b-99c0-ee619883552c ee2f3d3ab3a143b9885bf97c048b0ef6 e95d747a0c2a412389ead86875c3a8ec - - default default] 10.0.0.53 "GET /v2.0/security-groups?tenant_id=40851f7e0bbc4fc18a5f6bfafcb78117&name=default HTTP/1.1" status: 200 len: 2996 time: 0.2107859
2026-04-22 19:42:25.344 10 INFO neutron.wsgi [None req-1e4f8612-efcc-4966-b3d2-d3faa8c0f619 ee2f3d3ab3a143b9885bf97c048b0ef6 e95d747a0c2a412389ead86875c3a8ec - - default default] 10.0.0.53 "DELETE /v2.0/security-groups/895f4140-d89c-4a28-9b75-d5f8f29be082 HTTP/1.1" status: 204 len: 168 time: 0.2046258
2026-04-22 19:42:26.647 10 WARNING neutron_lib.context [None req-d0998fad-17c8-408b-bd5b-ecadf1d1c192 f9584ec2964d41b7951d6a50259acab0 937611095f4d4b20828974c92d7a132f - - default default] Method 'is_advsvc' is deprecated since 2023.2 release (neutron-lib 3.8.0) and will be removed once support for the old RBAC API policies will be removed from Neutron. Please use method 'is_service_role' instead.
2026-04-22 19:42:26.795 10 INFO neutron.db.ovn_revision_numbers_db [None req-d0998fad-17c8-408b-bd5b-ecadf1d1c192 f9584ec2964d41b7951d6a50259acab0 937611095f4d4b20828974c92d7a132f - - default default] Successfully bumped revision number for resource 55e9edd1-43e5-494c-a9b6-225f76b1310e (type: security_groups) to 1
2026-04-22 19:42:26.815 10 INFO neutron.db.ovn_revision_numbers_db [None req-d0998fad-17c8-408b-bd5b-ecadf1d1c192 f9584ec2964d41b7951d6a50259acab0 937611095f4d4b20828974c92d7a132f - - default default] Successfully bumped revision number for resource 0570df17-ab3f-4e8c-9dca-383b6bfe1349 (type: security_group_rules) to 0
2026-04-22 19:42:26.836 10 INFO neutron.db.ovn_revision_numbers_db [None req-d0998fad-17c8-408b-bd5b-ecadf1d1c192 f9584ec2964d41b7951d6a50259acab0 937611095f4d4b20828974c92d7a132f - - default default] Successfully bumped revision number for resource 4595e940-5a9e-4d44-9855-daf8887d54ca (type: security_group_rules) to 0
2026-04-22 19:42:26.852 10 INFO neutron.db.ovn_revision_numbers_db [None req-d0998fad-17c8-408b-bd5b-ecadf1d1c192 f9584ec2964d41b7951d6a50259acab0 937611095f4d4b20828974c92d7a132f - - default default] Successfully bumped revision number for resource 6ca34d45-f616-4810-9319-0ed11bf563b1 (type: security_group_rules) to 0
2026-04-22 19:42:26.869 10 INFO neutron.db.ovn_revision_numbers_db [None req-d0998fad-17c8-408b-bd5b-ecadf1d1c192 f9584ec2964d41b7951d6a50259acab0 937611095f4d4b20828974c92d7a132f - - default default] Successfully bumped revision number for resource ae61c313-8a85-46ea-8d1a-90441407b86c (type: security_group_rules) to 0
2026-04-22 19:42:26.931 10 INFO neutron.db.segments_db [None req-d0998fad-17c8-408b-bd5b-ecadf1d1c192 f9584ec2964d41b7951d6a50259acab0 937611095f4d4b20828974c92d7a132f - - default default] Added segment 64c115f3-31aa-4f10-9162-4aafcbb5e8e8 of type geneve for network 047e38ff-2fe5-4356-8cfb-7e370dde0a5b
2026-04-22 19:42:27.087 10 WARNING neutron_lib.context [None req-0667c378-962c-4162-b551-cdd7058ab38f fa44493f6b2841aca6934e807115efad ea1ba4c2ba5543f496d7b399a2c3d907 - - default default] Method 'is_advsvc' is deprecated since 2023.2 release (neutron-lib 3.8.0) and will be removed once support for the old RBAC API policies will be removed from Neutron. Please use method 'is_service_role' instead.
2026-04-22 19:42:27.102 10 INFO neutron.db.ovn_revision_numbers_db [None req-d0998fad-17c8-408b-bd5b-ecadf1d1c192 f9584ec2964d41b7951d6a50259acab0 937611095f4d4b20828974c92d7a132f - - default default] Successfully bumped revision number for resource 047e38ff-2fe5-4356-8cfb-7e370dde0a5b (type: networks) to 1
2026-04-22 19:42:27.268 10 INFO neutron.db.ovn_revision_numbers_db [None req-0667c378-962c-4162-b551-cdd7058ab38f fa44493f6b2841aca6934e807115efad ea1ba4c2ba5543f496d7b399a2c3d907 - - default default] Successfully bumped revision number for resource 35cef423-8303-4fc5-8664-cff8126c46bf (type: routers) to 1
2026-04-22 19:42:27.297 10 INFO neutron.wsgi [None req-0667c378-962c-4162-b551-cdd7058ab38f fa44493f6b2841aca6934e807115efad ea1ba4c2ba5543f496d7b399a2c3d907 - - default default] 10.0.0.53 "POST /v2.0/routers HTTP/1.1" status: 201 len: 654 time: 0.3801012
2026-04-22 19:42:27.307 9 WARNING neutron_lib.context [None req-1f21f9e0-2d4a-4d75-aa41-13a4b3029082 fa44493f6b2841aca6934e807115efad ea1ba4c2ba5543f496d7b399a2c3d907 - - default default] Method 'is_advsvc' is deprecated since 2023.2 release (neutron-lib 3.8.0) and will be removed once support for the old RBAC API policies will be removed from Neutron. Please use method 'is_service_role' instead.
2026-04-22 19:42:27.343 10 WARNING neutron.scheduler.dhcp_agent_scheduler [None req-d0998fad-17c8-408b-bd5b-ecadf1d1c192 f9584ec2964d41b7951d6a50259acab0 937611095f4d4b20828974c92d7a132f - - default default] No more DHCP agents
2026-04-22 19:42:27.345 10 WARNING neutron.api.rpc.agentnotifiers.dhcp_rpc_agent_api [None req-d0998fad-17c8-408b-bd5b-ecadf1d1c192 f9584ec2964d41b7951d6a50259acab0 937611095f4d4b20828974c92d7a132f - - default default] Unable to schedule network 047e38ff-2fe5-4356-8cfb-7e370dde0a5b: no agents available; will retry on subsequent port and subnet creation events.
2026-04-22 19:42:27.429 10 INFO neutron.db.ovn_revision_numbers_db [None req-d0998fad-17c8-408b-bd5b-ecadf1d1c192 f9584ec2964d41b7951d6a50259acab0 937611095f4d4b20828974c92d7a132f - - default default] Successfully bumped revision number for resource 9533f55d-3b47-478c-8bcb-12c6725bfb0e (type: ports) to 1
2026-04-22 19:42:27.456 10 INFO neutron.wsgi [None req-d0998fad-17c8-408b-bd5b-ecadf1d1c192 f9584ec2964d41b7951d6a50259acab0 937611095f4d4b20828974c92d7a132f - - default default] 10.0.0.53 "POST /v2.0/networks HTTP/1.1" status: 201 len: 830 time: 0.9222064
2026-04-22 19:42:27.467 10 WARNING neutron_lib.context [None req-777b948e-011d-4d19-8a56-9c57d2d93b27 f9584ec2964d41b7951d6a50259acab0 937611095f4d4b20828974c92d7a132f - - default default] Method 'is_advsvc' is deprecated since 2023.2 release (neutron-lib 3.8.0) and will be removed once support for the old RBAC API policies will be removed from Neutron. Please use method 'is_service_role' instead.
2026-04-22 19:42:27.732 9 INFO neutron.db.ovn_revision_numbers_db [None req-1f21f9e0-2d4a-4d75-aa41-13a4b3029082 fa44493f6b2841aca6934e807115efad ea1ba4c2ba5543f496d7b399a2c3d907 - - default default] Successfully bumped revision number for resource e72f8e86-2f35-44af-ba9d-1a9fc25c0874 (type: routers) to 1
2026-04-22 19:42:27.750 9 INFO neutron.wsgi [None req-1f21f9e0-2d4a-4d75-aa41-13a4b3029082 fa44493f6b2841aca6934e807115efad ea1ba4c2ba5543f496d7b399a2c3d907 - - default default] 10.0.0.53 "POST /v2.0/routers HTTP/1.1" status: 201 len: 654 time: 0.4491196
2026-04-22 19:42:27.767 10 WARNING neutron_lib.context [None req-3c85879d-11b7-4dde-b927-227fc546b18e fa44493f6b2841aca6934e807115efad ea1ba4c2ba5543f496d7b399a2c3d907 - - default default] Method 'is_advsvc' is deprecated since 2023.2 release (neutron-lib 3.8.0) and will be removed once support for the old RBAC API policies will be removed from Neutron. Please use method 'is_service_role' instead.
2026-04-22 19:42:28.004 10 INFO neutron.db.ovn_revision_numbers_db [None req-3c85879d-11b7-4dde-b927-227fc546b18e fa44493f6b2841aca6934e807115efad ea1ba4c2ba5543f496d7b399a2c3d907 - - default default] Successfully bumped revision number for resource c19a18bd-0477-4c72-86f6-8f49faf388d3 (type: routers) to 1
2026-04-22 19:42:28.028 10 INFO neutron.wsgi [None req-3c85879d-11b7-4dde-b927-227fc546b18e fa44493f6b2841aca6934e807115efad ea1ba4c2ba5543f496d7b399a2c3d907 - - default default] 10.0.0.53 "POST /v2.0/routers HTTP/1.1" status: 201 len: 654 time: 0.2720418 /var/lib/openstack/lib/python3.10/site-packages/pycadf/identifier.py:71: UserWarning: Invalid uuid: neutron. To ensure interoperability, identifiers should be a valid uuid. warnings.warn(('Invalid uuid: %s. To ensure interoperability, '
2026-04-22 19:42:28.040 10 WARNING neutron_lib.context [None req-f2ce6bf2-c443-426d-8f61-9a12fd2c166b fa44493f6b2841aca6934e807115efad ea1ba4c2ba5543f496d7b399a2c3d907 - - default default] Method 'is_advsvc' is deprecated since 2023.2 release (neutron-lib 3.8.0) and will be removed once support for the old RBAC API policies will be removed from Neutron. Please use method 'is_service_role' instead.
2026-04-22 19:42:28.045 10 WARNING neutron.scheduler.dhcp_agent_scheduler [None req-777b948e-011d-4d19-8a56-9c57d2d93b27 f9584ec2964d41b7951d6a50259acab0 937611095f4d4b20828974c92d7a132f - - default default] No more DHCP agents
2026-04-22 19:42:28.107 10 WARNING neutron.api.rpc.agentnotifiers.dhcp_rpc_agent_api [None req-777b948e-011d-4d19-8a56-9c57d2d93b27 f9584ec2964d41b7951d6a50259acab0 937611095f4d4b20828974c92d7a132f - - default default] Unable to schedule network 047e38ff-2fe5-4356-8cfb-7e370dde0a5b: no agents available; will retry on subsequent port and subnet creation events.
2026-04-22 19:42:28.056 9 WARNING neutron_lib.context [None req-34597fc6-6f11-4cc9-b468-de7defe525c0 0174725941774d449c06190bfab66dad da2c6b2d27f141e7b0c115b781bd3268 - - default default] Method 'is_advsvc' is deprecated since 2023.2 release (neutron-lib 3.8.0) and will be removed once support for the old RBAC API policies will be removed from Neutron. Please use method 'is_service_role' instead.
2026-04-22 19:42:28.180 9 INFO neutron.wsgi [-] 10.0.0.157 "GET / HTTP/1.1" status: 200 len: 247 time: 0.0013237
2026-04-22 19:42:28.183 9 INFO neutron.wsgi [-] 10.0.0.157 "GET / HTTP/1.1" status: 200 len: 247 time: 0.0009315
2026-04-22 19:42:28.258 10 INFO neutron.db.ovn_revision_numbers_db [None req-777b948e-011d-4d19-8a56-9c57d2d93b27 f9584ec2964d41b7951d6a50259acab0 937611095f4d4b20828974c92d7a132f - - default default] Successfully bumped revision number for resource cf9df26b-28d3-44f5-8639-dafcf345ee73 (type: ports) to 1
2026-04-22 19:42:28.296 10 INFO neutron.wsgi [None req-777b948e-011d-4d19-8a56-9c57d2d93b27 f9584ec2964d41b7951d6a50259acab0 937611095f4d4b20828974c92d7a132f - - default default] 10.0.0.53 "POST /v2.0/ports HTTP/1.1" status: 201 len: 942 time: 0.8337667
2026-04-22 19:42:28.307 9 WARNING neutron_lib.context [None req-c509de71-a08a-4902-8bad-6ee5168a11a0 f9584ec2964d41b7951d6a50259acab0 937611095f4d4b20828974c92d7a132f - - default default] Method 'is_advsvc' is deprecated since 2023.2 release (neutron-lib 3.8.0) and will be removed once support for the old RBAC API policies will be removed from Neutron. Please use method 'is_service_role' instead.
2026-04-22 19:42:28.318 10 INFO neutron.db.ovn_revision_numbers_db [None req-f2ce6bf2-c443-426d-8f61-9a12fd2c166b fa44493f6b2841aca6934e807115efad ea1ba4c2ba5543f496d7b399a2c3d907 - - default default] Successfully bumped revision number for resource ede5580b-e03c-4118-9278-d5a576c9dca3 (type: routers) to 1
2026-04-22 19:42:28.333 10 INFO neutron.wsgi [None req-f2ce6bf2-c443-426d-8f61-9a12fd2c166b fa44493f6b2841aca6934e807115efad ea1ba4c2ba5543f496d7b399a2c3d907 - - default default] 10.0.0.53 "POST /v2.0/routers HTTP/1.1" status: 201 len: 654 time: 0.2988274
2026-04-22 19:42:28.348 10 WARNING neutron_lib.context [None req-c519a780-446c-4f5a-886f-6bea398bd8ec fa44493f6b2841aca6934e807115efad ea1ba4c2ba5543f496d7b399a2c3d907 - - default default] Method 'is_advsvc' is deprecated since 2023.2 release (neutron-lib 3.8.0) and will be removed once support for the old RBAC API policies will be removed from Neutron. Please use method 'is_service_role' instead.
2026-04-22 19:42:28.401 9 WARNING neutron.scheduler.dhcp_agent_scheduler [None req-34597fc6-6f11-4cc9-b468-de7defe525c0 0174725941774d449c06190bfab66dad da2c6b2d27f141e7b0c115b781bd3268 - - default default] No more DHCP agents
2026-04-22 19:42:28.402 9 WARNING neutron.api.rpc.agentnotifiers.dhcp_rpc_agent_api [None req-34597fc6-6f11-4cc9-b468-de7defe525c0 0174725941774d449c06190bfab66dad da2c6b2d27f141e7b0c115b781bd3268 - - default default] Unable to schedule network 03f27d31-9d52-4b53-a198-8e48ce201940: no agents available; will retry on subsequent port and subnet creation events.
2026-04-22 19:42:28.420 9 INFO neutron.db.segments_db [None req-c509de71-a08a-4902-8bad-6ee5168a11a0 f9584ec2964d41b7951d6a50259acab0 937611095f4d4b20828974c92d7a132f - - default default] Added segment 0a2d0a70-b326-4ec2-804b-676e5858846a of type geneve for network ec20ccf7-304a-4d09-91d3-13016fff9dc9
2026-04-22 19:42:28.524 10 INFO neutron.db.ovn_revision_numbers_db [None req-c519a780-446c-4f5a-886f-6bea398bd8ec fa44493f6b2841aca6934e807115efad ea1ba4c2ba5543f496d7b399a2c3d907 - - default default] Successfully bumped revision number for resource a94516dd-6d35-4a50-b7de-52a034e09177 (type: routers) to 1
2026-04-22 19:42:28.538 10 INFO neutron.wsgi [None req-c519a780-446c-4f5a-886f-6bea398bd8ec fa44493f6b2841aca6934e807115efad ea1ba4c2ba5543f496d7b399a2c3d907 - - default default] 10.0.0.53 "POST /v2.0/routers HTTP/1.1" status: 201 len: 654 time: 0.1979308
2026-04-22 19:42:28.607 10 INFO neutron.wsgi [None req-20f1902c-9d66-4e39-8694-032862ea0634 fa44493f6b2841aca6934e807115efad ea1ba4c2ba5543f496d7b399a2c3d907 - - default default] 10.0.0.53 "PUT /v2.0/routers/35cef423-8303-4fc5-8664-cff8126c46bf/tags HTTP/1.1" status: 200 len: 210 time: 0.0646827
2026-04-22 19:42:28.643 9 INFO neutron.db.ovn_revision_numbers_db [None req-c509de71-a08a-4902-8bad-6ee5168a11a0 f9584ec2964d41b7951d6a50259acab0 937611095f4d4b20828974c92d7a132f - - default default] Successfully bumped revision number for resource ec20ccf7-304a-4d09-91d3-13016fff9dc9 (type: networks) to 1
2026-04-22 19:42:28.679 10 INFO neutron.wsgi [None req-c646364c-4550-40ed-b257-5dcf82e6d9c5 fa44493f6b2841aca6934e807115efad ea1ba4c2ba5543f496d7b399a2c3d907 - - default default] 10.0.0.53 "PUT /v2.0/routers/e72f8e86-2f35-44af-ba9d-1a9fc25c0874/tags HTTP/1.1" status: 200 len: 218 time: 0.0686233
2026-04-22 19:42:28.745 10 INFO neutron.wsgi [None req-38efe680-09cb-47bc-9b6b-408b07644c71 fa44493f6b2841aca6934e807115efad ea1ba4c2ba5543f496d7b399a2c3d907 - - default default] 10.0.0.53 "PUT /v2.0/routers/c19a18bd-0477-4c72-86f6-8f49faf388d3/tags HTTP/1.1" status: 200 len: 227 time: 0.0599828
2026-04-22 19:42:28.809 10 INFO neutron.wsgi [None req-b7f47c53-6f92-4a9d-9994-11654289fb77 fa44493f6b2841aca6934e807115efad ea1ba4c2ba5543f496d7b399a2c3d907 - - default default] 10.0.0.53 "PUT /v2.0/routers/ede5580b-e03c-4118-9278-d5a576c9dca3/tags HTTP/1.1" status: 200 len: 212 time: 0.0594597
2026-04-22 19:42:28.882 10 INFO neutron.wsgi [None req-d1385fa6-5c1f-44a0-923d-8aa8a728a4c1 fa44493f6b2841aca6934e807115efad ea1ba4c2ba5543f496d7b399a2c3d907 - - default default] 10.0.0.53 "GET /v2.0/routers?tags=red HTTP/1.1" status: 200 len: 1601 time: 0.0665989
2026-04-22 19:42:28.883 9 WARNING neutron.scheduler.dhcp_agent_scheduler [None req-c509de71-a08a-4902-8bad-6ee5168a11a0 f9584ec2964d41b7951d6a50259acab0 937611095f4d4b20828974c92d7a132f - - default default] No more DHCP agents
2026-04-22 19:42:28.893 9 WARNING neutron.api.rpc.agentnotifiers.dhcp_rpc_agent_api [None req-c509de71-a08a-4902-8bad-6ee5168a11a0 f9584ec2964d41b7951d6a50259acab0 937611095f4d4b20828974c92d7a132f - - default default] Unable to schedule network ec20ccf7-304a-4d09-91d3-13016fff9dc9: no agents available; will retry on subsequent port and subnet creation events.
2026-04-22 19:42:28.954 10 INFO neutron.wsgi [None req-ed68bbbc-86d7-4d03-9aa3-b4cdaf69c198 fa44493f6b2841aca6934e807115efad ea1ba4c2ba5543f496d7b399a2c3d907 - - default default] 10.0.0.53 "GET /v2.0/routers?tags=red%2Cblue HTTP/1.1" status: 200 len: 1144 time: 0.0669065
2026-04-22 19:42:28.985 9 INFO neutron.db.ovn_revision_numbers_db [None req-34597fc6-6f11-4cc9-b468-de7defe525c0 0174725941774d449c06190bfab66dad da2c6b2d27f141e7b0c115b781bd3268 - - default default] Successfully bumped revision number for resource 90880377-e095-4841-bd63-be19db4d1745 (type: floatingips) to 0
2026-04-22 19:42:29.009 9 INFO neutron.wsgi [None req-34597fc6-6f11-4cc9-b468-de7defe525c0 0174725941774d449c06190bfab66dad da2c6b2d27f141e7b0c115b781bd3268 - - default default] 10.0.0.53 "POST /v2.0/floatingips HTTP/1.1" status: 201 len: 751 time: 1.1633940
2026-04-22 19:42:29.020 9 WARNING neutron_lib.context [None req-e79b8a35-712f-4100-82a9-f7a61d9fd8a2 0174725941774d449c06190bfab66dad da2c6b2d27f141e7b0c115b781bd3268 - - default default] Method 'is_advsvc' is deprecated since 2023.2 release (neutron-lib 3.8.0) and will be removed once support for the old RBAC API policies will be removed from Neutron. Please use method 'is_service_role' instead.
2026-04-22 19:42:29.026 10 INFO neutron.wsgi [None req-66683423-0814-4c5a-b9af-3ddfe76b5b7e fa44493f6b2841aca6934e807115efad ea1ba4c2ba5543f496d7b399a2c3d907 - - default default] 10.0.0.53 "GET /v2.0/routers?tags-any=blue HTTP/1.1" status: 200 len: 1144 time: 0.0675879
2026-04-22 19:42:29.027 9 INFO neutron.db.ovn_revision_numbers_db [None req-c509de71-a08a-4902-8bad-6ee5168a11a0 f9584ec2964d41b7951d6a50259acab0 937611095f4d4b20828974c92d7a132f - - default default] Successfully bumped revision number for resource b113fac9-d49a-41de-84f6-a0706c674d21 (type: ports) to 1
2026-04-22 19:42:29.054 9 INFO neutron.wsgi [None req-c509de71-a08a-4902-8bad-6ee5168a11a0 f9584ec2964d41b7951d6a50259acab0 937611095f4d4b20828974c92d7a132f - - default default] 10.0.0.53 "POST /v2.0/networks HTTP/1.1" status: 201 len: 831 time: 0.7518988
2026-04-22 19:42:29.072 9 WARNING neutron_lib.context [None req-5f177b0f-954f-409a-8d8b-9b956ce84e78 f9584ec2964d41b7951d6a50259acab0 937611095f4d4b20828974c92d7a132f - - default default] Method 'is_advsvc' is deprecated since 2023.2 release (neutron-lib 3.8.0) and will be removed once support for the old RBAC API policies will be removed from Neutron. Please use method 'is_service_role' instead.
2026-04-22 19:42:29.080 10 INFO neutron.wsgi [None req-58fa5053-ad35-4199-8707-e21f3a7ca7c8 fa44493f6b2841aca6934e807115efad ea1ba4c2ba5543f496d7b399a2c3d907 - - default default] 10.0.0.53 "GET /v2.0/routers?tags-any=red%2Cblue HTTP/1.1" status: 200 len: 1601 time: 0.0482516
2026-04-22 19:42:29.160 10 INFO neutron.wsgi [None req-853413d0-9418-4bfc-8795-758a55030ffa fa44493f6b2841aca6934e807115efad ea1ba4c2ba5543f496d7b399a2c3d907 - - default default] 10.0.0.53 "GET /v2.0/routers?not-tags=red HTTP/1.1" status: 200 len: 1116 time: 0.0769172
2026-04-22 19:42:29.342 9 WARNING neutron.scheduler.dhcp_agent_scheduler [None req-e79b8a35-712f-4100-82a9-f7a61d9fd8a2 0174725941774d449c06190bfab66dad da2c6b2d27f141e7b0c115b781bd3268 - - default default] No more DHCP agents
2026-04-22 19:42:29.343 9 WARNING neutron.scheduler.dhcp_agent_scheduler [None req-5f177b0f-954f-409a-8d8b-9b956ce84e78 f9584ec2964d41b7951d6a50259acab0 937611095f4d4b20828974c92d7a132f - - default default] No more DHCP agents
2026-04-22 19:42:29.345 9 WARNING neutron.api.rpc.agentnotifiers.dhcp_rpc_agent_api [None req-e79b8a35-712f-4100-82a9-f7a61d9fd8a2 0174725941774d449c06190bfab66dad da2c6b2d27f141e7b0c115b781bd3268 - - default default] Unable to schedule network 03f27d31-9d52-4b53-a198-8e48ce201940: no agents available; will retry on subsequent port and subnet creation events.
2026-04-22 19:42:29.348 9 WARNING neutron.api.rpc.agentnotifiers.dhcp_rpc_agent_api [None req-5f177b0f-954f-409a-8d8b-9b956ce84e78 f9584ec2964d41b7951d6a50259acab0 937611095f4d4b20828974c92d7a132f - - default default] Unable to schedule network ec20ccf7-304a-4d09-91d3-13016fff9dc9: no agents available; will retry on subsequent port and subnet creation events.
2026-04-22 19:42:29.443 10 INFO neutron.wsgi [None req-2cc7ea76-9c5f-4afd-9e02-90a94875ed9b fa44493f6b2841aca6934e807115efad ea1ba4c2ba5543f496d7b399a2c3d907 - - default default] 10.0.0.53 "GET /v2.0/routers?not-tags=red%2Cblue HTTP/1.1" status: 200 len: 1573 time: 0.2778592
2026-04-22 19:42:29.498 9 INFO neutron.db.ovn_revision_numbers_db [None req-5f177b0f-954f-409a-8d8b-9b956ce84e78 f9584ec2964d41b7951d6a50259acab0 937611095f4d4b20828974c92d7a132f - - default default] Successfully bumped revision number for resource 076c8ced-a189-42db-a1bd-d169f9c1fa1b (type: ports) to 1
2026-04-22 19:42:29.526 9 INFO neutron.wsgi [None req-5f177b0f-954f-409a-8d8b-9b956ce84e78 f9584ec2964d41b7951d6a50259acab0 937611095f4d4b20828974c92d7a132f - - default default] 10.0.0.53 "POST /v2.0/ports HTTP/1.1" status: 201 len: 942 time: 0.4669316
2026-04-22 19:42:29.528 10 INFO neutron.wsgi [None req-9a4d883c-2971-470c-a496-7a215c7343ec fa44493f6b2841aca6934e807115efad ea1ba4c2ba5543f496d7b399a2c3d907 - - default default] 10.0.0.53 "GET /v2.0/routers?not-tags-any=blue HTTP/1.1" status: 200 len: 1573 time: 0.0789511
2026-04-22 19:42:29.537 10 WARNING neutron_lib.context [None req-569c71e1-2c9c-46ab-8950-5f9e8214ba2f f9584ec2964d41b7951d6a50259acab0 937611095f4d4b20828974c92d7a132f - - default default] Method 'is_advsvc' is deprecated since 2023.2 release (neutron-lib 3.8.0) and will be removed once support for the old RBAC API policies will be removed from Neutron. Please use method 'is_service_role' instead. /var/lib/openstack/lib/python3.10/site-packages/pycadf/identifier.py:71: UserWarning: Invalid uuid: neutron. To ensure interoperability, identifiers should be a valid uuid. warnings.warn(('Invalid uuid: %s. To ensure interoperability, '
2026-04-22 19:42:29.613 9 INFO neutron.wsgi [None req-76facc0c-4eed-4002-a3cb-66436c482ab6 fa44493f6b2841aca6934e807115efad ea1ba4c2ba5543f496d7b399a2c3d907 - - default default] 10.0.0.53 "GET /v2.0/routers?not-tags-any=red%2Cblue HTTP/1.1" status: 200 len: 1116 time: 0.0779755
2026-04-22 19:42:29.614 10 INFO neutron.db.segments_db [None req-569c71e1-2c9c-46ab-8950-5f9e8214ba2f f9584ec2964d41b7951d6a50259acab0 937611095f4d4b20828974c92d7a132f - - default default] Added segment a4e562ec-86e2-4f4f-b0c5-6ffa9cd6eeaf of type geneve for network d81ccae4-7adb-49ee-98cc-9721704c97f9
2026-04-22 19:42:29.674 10 INFO neutron.wsgi [None req-36e6aea6-9226-4dde-9f49-445a08113020 fa44493f6b2841aca6934e807115efad ea1ba4c2ba5543f496d7b399a2c3d907 - - default default] 10.0.0.53 "GET /v2.0/routers/35cef423-8303-4fc5-8664-cff8126c46bf HTTP/1.1" status: 200 len: 660 time: 0.0548017
2026-04-22 19:42:29.796 9 INFO neutron.db.ovn_revision_numbers_db [None req-e79b8a35-712f-4100-82a9-f7a61d9fd8a2 0174725941774d449c06190bfab66dad da2c6b2d27f141e7b0c115b781bd3268 - - default default] Successfully bumped revision number for resource e42c227a-292a-474d-9637-ea654c245f78 (type: floatingips) to 0
2026-04-22 19:42:29.812 9 INFO neutron.wsgi [None req-e79b8a35-712f-4100-82a9-f7a61d9fd8a2 0174725941774d449c06190bfab66dad da2c6b2d27f141e7b0c115b781bd3268 - - default default] 10.0.0.53 "POST /v2.0/floatingips HTTP/1.1" status: 201 len: 751 time: 0.7979932
2026-04-22 19:42:29.829 9 WARNING neutron_lib.context [None req-c4f9e949-c350-4b6f-bafd-73b0cf87b662 0174725941774d449c06190bfab66dad da2c6b2d27f141e7b0c115b781bd3268 - - default default] Method 'is_advsvc' is deprecated since 2023.2 release (neutron-lib 3.8.0) and will be removed once support for the old RBAC API policies will be removed from Neutron. Please use method 'is_service_role' instead.
2026-04-22 19:42:29.909 10 INFO neutron.db.ovn_revision_numbers_db [None req-569c71e1-2c9c-46ab-8950-5f9e8214ba2f f9584ec2964d41b7951d6a50259acab0 937611095f4d4b20828974c92d7a132f - - default default] Successfully bumped revision number for resource d81ccae4-7adb-49ee-98cc-9721704c97f9 (type: networks) to 1
2026-04-22 19:42:30.093 9 WARNING neutron.scheduler.dhcp_agent_scheduler [None req-c4f9e949-c350-4b6f-bafd-73b0cf87b662 0174725941774d449c06190bfab66dad da2c6b2d27f141e7b0c115b781bd3268 - - default default] No more DHCP agents
2026-04-22 19:42:30.095 9 WARNING neutron.api.rpc.agentnotifiers.dhcp_rpc_agent_api [None req-c4f9e949-c350-4b6f-bafd-73b0cf87b662 0174725941774d449c06190bfab66dad da2c6b2d27f141e7b0c115b781bd3268 - - default default] Unable to schedule network 03f27d31-9d52-4b53-a198-8e48ce201940: no agents available; will retry on subsequent port and subnet creation events.
2026-04-22 19:42:30.236 10 WARNING neutron.scheduler.dhcp_agent_scheduler [None req-569c71e1-2c9c-46ab-8950-5f9e8214ba2f f9584ec2964d41b7951d6a50259acab0 937611095f4d4b20828974c92d7a132f - - default default] No more DHCP agents
2026-04-22 19:42:30.238 10 WARNING neutron.api.rpc.agentnotifiers.dhcp_rpc_agent_api [None req-569c71e1-2c9c-46ab-8950-5f9e8214ba2f f9584ec2964d41b7951d6a50259acab0 937611095f4d4b20828974c92d7a132f - - default default] Unable to schedule network d81ccae4-7adb-49ee-98cc-9721704c97f9: no agents available; will retry on subsequent port and subnet creation events.
2026-04-22 19:42:30.241 10 INFO neutron.db.ovn_revision_numbers_db [None req-17023eda-7fbd-420a-b10f-17655124f96f fa44493f6b2841aca6934e807115efad ea1ba4c2ba5543f496d7b399a2c3d907 - - default default] Successfully bumped revision number for resource 35cef423-8303-4fc5-8664-cff8126c46bf (type: routers) to 2
2026-04-22 19:42:30.243 10 INFO neutron.wsgi [None req-17023eda-7fbd-420a-b10f-17655124f96f fa44493f6b2841aca6934e807115efad ea1ba4c2ba5543f496d7b399a2c3d907 - - default default] 10.0.0.53 "PUT /v2.0/routers/35cef423-8303-4fc5-8664-cff8126c46bf HTTP/1.1" status: 200 len: 660 time: 0.5620108
2026-04-22 19:42:30.272 9 INFO neutron.wsgi [None req-9e06544f-f0ce-4f1a-aec8-9da1f9975b06 fa44493f6b2841aca6934e807115efad ea1ba4c2ba5543f496d7b399a2c3d907 - - default default] 10.0.0.53 "GET /v2.0/ports?device_id=35cef423-8303-4fc5-8664-cff8126c46bf HTTP/1.1" status: 200 len: 205 time: 0.0246437
2026-04-22 19:42:30.433 9 INFO neutron.db.ovn_revision_numbers_db [None req-c4f9e949-c350-4b6f-bafd-73b0cf87b662 0174725941774d449c06190bfab66dad da2c6b2d27f141e7b0c115b781bd3268 - - default default] Successfully bumped revision number for resource 4dd6552d-a5e2-46c8-923d-8327b1b93766 (type: floatingips) to 0
2026-04-22 19:42:30.451 9 INFO neutron.wsgi [None req-c4f9e949-c350-4b6f-bafd-73b0cf87b662 0174725941774d449c06190bfab66dad da2c6b2d27f141e7b0c115b781bd3268 - - default default] 10.0.0.53 "POST /v2.0/floatingips HTTP/1.1" status: 201 len: 751 time: 0.6310561
2026-04-22 19:42:30.464 9 WARNING neutron_lib.context [None req-5c052086-6042-4a31-bf50-752716db3d7d 0174725941774d449c06190bfab66dad da2c6b2d27f141e7b0c115b781bd3268 - - default default] Method 'is_advsvc' is deprecated since 2023.2 release (neutron-lib 3.8.0) and will be removed once support for the old RBAC API policies will be removed from Neutron. Please use method 'is_service_role' instead.
2026-04-22 19:42:30.612 10 INFO neutron.db.ovn_revision_numbers_db [None req-569c71e1-2c9c-46ab-8950-5f9e8214ba2f f9584ec2964d41b7951d6a50259acab0 937611095f4d4b20828974c92d7a132f - - default default] Successfully bumped revision number for resource c7158c5f-dca1-4cfb-a803-51311d7c46e1 (type: ports) to 1
2026-04-22 19:42:30.672 10 INFO neutron.wsgi [None req-569c71e1-2c9c-46ab-8950-5f9e8214ba2f f9584ec2964d41b7951d6a50259acab0 937611095f4d4b20828974c92d7a132f - - default default] 10.0.0.53 "POST /v2.0/networks HTTP/1.1" status: 201 len: 831 time: 1.1395001
2026-04-22 19:42:30.681 10 WARNING neutron_lib.context [None req-5cc728a9-d28b-4c4a-9aa0-16e44e110942 f9584ec2964d41b7951d6a50259acab0 937611095f4d4b20828974c92d7a132f - - default default] Method 'is_advsvc' is deprecated since 2023.2 release (neutron-lib 3.8.0) and will be removed once support for the old RBAC API policies will be removed from Neutron. Please use method 'is_service_role' instead.
2026-04-22 19:42:30.727 9 WARNING neutron.scheduler.dhcp_agent_scheduler [None req-5c052086-6042-4a31-bf50-752716db3d7d 0174725941774d449c06190bfab66dad da2c6b2d27f141e7b0c115b781bd3268 - - default default] No more DHCP agents
2026-04-22 19:42:30.731 9 WARNING neutron.api.rpc.agentnotifiers.dhcp_rpc_agent_api [None req-5c052086-6042-4a31-bf50-752716db3d7d 0174725941774d449c06190bfab66dad da2c6b2d27f141e7b0c115b781bd3268 - - default default] Unable to schedule network 03f27d31-9d52-4b53-a198-8e48ce201940: no agents available; will retry on subsequent port and subnet creation events.
2026-04-22 19:42:30.798 10 INFO neutron.wsgi [None req-568c61c9-e193-4cbd-a445-bd9aae811539 fa44493f6b2841aca6934e807115efad ea1ba4c2ba5543f496d7b399a2c3d907 - - default default] 10.0.0.53 "DELETE /v2.0/routers/35cef423-8303-4fc5-8664-cff8126c46bf HTTP/1.1" status: 204 len: 168 time: 0.5190301
2026-04-22 19:42:30.864 10 INFO neutron.wsgi [None req-205d6c66-3d4a-412b-b74b-43fb81703915 fa44493f6b2841aca6934e807115efad ea1ba4c2ba5543f496d7b399a2c3d907 - - default default] 10.0.0.53 "GET /v2.0/routers/e72f8e86-2f35-44af-ba9d-1a9fc25c0874 HTTP/1.1" status: 200 len: 668 time: 0.0588856
2026-04-22 19:42:31.079 9 INFO neutron.db.ovn_revision_numbers_db [None req-5c052086-6042-4a31-bf50-752716db3d7d 0174725941774d449c06190bfab66dad da2c6b2d27f141e7b0c115b781bd3268 - - default default] Successfully bumped revision number for resource c6710e43-7160-451c-90e0-4aadbd244764 (type: floatingips) to 0
2026-04-22 19:42:31.094 9 INFO neutron.wsgi [None req-5c052086-6042-4a31-bf50-752716db3d7d 0174725941774d449c06190bfab66dad da2c6b2d27f141e7b0c115b781bd3268 - - default default] 10.0.0.53 "POST /v2.0/floatingips HTTP/1.1" status: 201 len: 751 time: 0.6375654
2026-04-22 19:42:31.103 9 WARNING neutron_lib.context [None req-8fd7d57d-0b94-49db-bf15-780683b239d9 0174725941774d449c06190bfab66dad da2c6b2d27f141e7b0c115b781bd3268 - - default default] Method 'is_advsvc' is deprecated since 2023.2 release (neutron-lib 3.8.0) and will be removed once support for the old RBAC API policies will be removed from Neutron. Please use method 'is_service_role' instead.
2026-04-22 19:42:31.121 10 WARNING neutron.scheduler.dhcp_agent_scheduler [None req-5cc728a9-d28b-4c4a-9aa0-16e44e110942 f9584ec2964d41b7951d6a50259acab0 937611095f4d4b20828974c92d7a132f - - default default] No more DHCP agents
2026-04-22 19:42:31.135 10 WARNING neutron.api.rpc.agentnotifiers.dhcp_rpc_agent_api [None req-5cc728a9-d28b-4c4a-9aa0-16e44e110942 f9584ec2964d41b7951d6a50259acab0 937611095f4d4b20828974c92d7a132f - - default default] Unable to schedule network d81ccae4-7adb-49ee-98cc-9721704c97f9: no agents available; will retry on subsequent port and subnet creation events.
2026-04-22 19:42:31.303 10 INFO neutron.db.ovn_revision_numbers_db [None req-5cc728a9-d28b-4c4a-9aa0-16e44e110942 f9584ec2964d41b7951d6a50259acab0 937611095f4d4b20828974c92d7a132f - - default default] Successfully bumped revision number for resource f994410f-00c4-49d4-8ef0-852890b4f173 (type: ports) to 1
2026-04-22 19:42:31.370 9 WARNING neutron.scheduler.dhcp_agent_scheduler [None req-8fd7d57d-0b94-49db-bf15-780683b239d9 0174725941774d449c06190bfab66dad da2c6b2d27f141e7b0c115b781bd3268 - - default default] No more DHCP agents
2026-04-22 19:42:31.374 9 WARNING neutron.api.rpc.agentnotifiers.dhcp_rpc_agent_api [None req-8fd7d57d-0b94-49db-bf15-780683b239d9 0174725941774d449c06190bfab66dad da2c6b2d27f141e7b0c115b781bd3268 - - default default] Unable to schedule network 03f27d31-9d52-4b53-a198-8e48ce201940: no agents available; will retry on subsequent port and subnet creation events.
2026-04-22 19:42:31.395 10 INFO neutron.wsgi [None req-5cc728a9-d28b-4c4a-9aa0-16e44e110942 f9584ec2964d41b7951d6a50259acab0 937611095f4d4b20828974c92d7a132f - - default default] 10.0.0.53 "POST /v2.0/ports HTTP/1.1" status: 201 len: 942 time: 0.7179170 /var/lib/openstack/lib/python3.10/site-packages/pycadf/identifier.py:71: UserWarning: Invalid uuid: neutron. To ensure interoperability, identifiers should be a valid uuid. warnings.warn(('Invalid uuid: %s. To ensure interoperability, '
2026-04-22 19:42:31.407 10 WARNING neutron_lib.context [None req-2924c56b-bd7c-4627-a90a-b96c8bc2dac2 f9584ec2964d41b7951d6a50259acab0 937611095f4d4b20828974c92d7a132f - - default default] Method 'is_advsvc' is deprecated since 2023.2 release (neutron-lib 3.8.0) and will be removed once support for the old RBAC API policies will be removed from Neutron. Please use method 'is_service_role' instead.
2026-04-22 19:42:31.463 10 INFO neutron.db.ovn_revision_numbers_db [None req-780e37c0-d0a5-4f26-a27f-4d9e13cb566c fa44493f6b2841aca6934e807115efad ea1ba4c2ba5543f496d7b399a2c3d907 - - default default] Successfully bumped revision number for resource e72f8e86-2f35-44af-ba9d-1a9fc25c0874 (type: routers) to 2
2026-04-22 19:42:31.466 10 INFO neutron.wsgi [None req-780e37c0-d0a5-4f26-a27f-4d9e13cb566c fa44493f6b2841aca6934e807115efad ea1ba4c2ba5543f496d7b399a2c3d907 - - default default] 10.0.0.53 "PUT /v2.0/routers/e72f8e86-2f35-44af-ba9d-1a9fc25c0874 HTTP/1.1" status: 200 len: 668 time: 0.5969605
2026-04-22 19:42:31.495 10 INFO neutron.wsgi [None req-510312fe-c4fd-4daf-8166-6e2c831b4fea fa44493f6b2841aca6934e807115efad ea1ba4c2ba5543f496d7b399a2c3d907 - - default default] 10.0.0.53 "GET /v2.0/ports?device_id=e72f8e86-2f35-44af-ba9d-1a9fc25c0874 HTTP/1.1" status: 200 len: 205 time: 0.0235217
2026-04-22 19:42:31.549 10 INFO neutron.db.segments_db [None req-2924c56b-bd7c-4627-a90a-b96c8bc2dac2 f9584ec2964d41b7951d6a50259acab0 937611095f4d4b20828974c92d7a132f - - default default] Added segment c2b6ca47-d4de-4207-9bac-82ce634e3f76 of type geneve for network 7c92b169-f9c6-462c-9ba8-277510706bb0
2026-04-22 19:42:31.721 9 INFO neutron.db.ovn_revision_numbers_db [None req-8fd7d57d-0b94-49db-bf15-780683b239d9 0174725941774d449c06190bfab66dad da2c6b2d27f141e7b0c115b781bd3268 - - default default] Successfully bumped revision number for resource 9042485b-8e15-4d80-bdb9-78cf1e21ba0f (type: floatingips) to 0
2026-04-22 19:42:31.737 9 INFO neutron.wsgi [None req-8fd7d57d-0b94-49db-bf15-780683b239d9 0174725941774d449c06190bfab66dad da2c6b2d27f141e7b0c115b781bd3268 - - default default] 10.0.0.53 "POST /v2.0/floatingips HTTP/1.1" status: 201 len: 751 time: 0.6380153
2026-04-22 19:42:31.811 9 INFO neutron.wsgi [None req-400932c2-f89d-4141-a3a6-01266b23493e 0174725941774d449c06190bfab66dad da2c6b2d27f141e7b0c115b781bd3268 - - default default] 10.0.0.53 "PUT /v2.0/floatingips/90880377-e095-4841-bd63-be19db4d1745/tags HTTP/1.1" status: 200 len: 210 time: 0.0578513
2026-04-22 19:42:31.840 10 INFO neutron.db.ovn_revision_numbers_db [None req-2924c56b-bd7c-4627-a90a-b96c8bc2dac2 f9584ec2964d41b7951d6a50259acab0 937611095f4d4b20828974c92d7a132f - - default default] Successfully bumped revision number for resource 7c92b169-f9c6-462c-9ba8-277510706bb0 (type: networks) to 1
2026-04-22 19:42:31.844 10 INFO neutron.wsgi [None req-750ebd0b-b387-4fd0-a26c-7077bbb7ec87 fa44493f6b2841aca6934e807115efad ea1ba4c2ba5543f496d7b399a2c3d907 - - default default] 10.0.0.53 "DELETE /v2.0/routers/e72f8e86-2f35-44af-ba9d-1a9fc25c0874 HTTP/1.1" status: 204 len: 168 time: 0.3436391
2026-04-22 19:42:32.141 9 INFO neutron.wsgi [None req-bcbec106-d8db-459c-b72f-c937e1a69f29 0174725941774d449c06190bfab66dad da2c6b2d27f141e7b0c115b781bd3268 - - default default] 10.0.0.53 "PUT /v2.0/floatingips/e42c227a-292a-474d-9637-ea654c245f78/tags HTTP/1.1" status: 200 len: 218 time: 0.3240142
2026-04-22 19:42:32.148 9 INFO neutron.wsgi [None req-187179c8-8f48-4431-9ea2-38401e3a3162 fa44493f6b2841aca6934e807115efad ea1ba4c2ba5543f496d7b399a2c3d907 - - default default] 10.0.0.53 "GET /v2.0/routers/c19a18bd-0477-4c72-86f6-8f49faf388d3 HTTP/1.1" status: 200 len: 677 time: 0.2950885
2026-04-22 19:42:32.221 10 INFO neutron.wsgi [None req-f202ed2f-549c-4c73-bf89-4d6af66f3ec6 0174725941774d449c06190bfab66dad da2c6b2d27f141e7b0c115b781bd3268 - - default default] 10.0.0.53 "PUT /v2.0/floatingips/4dd6552d-a5e2-46c8-923d-8327b1b93766/tags HTTP/1.1" status: 200 len: 227 time: 0.0735085
2026-04-22 19:42:32.285 10 INFO neutron.wsgi [None req-bb369c9b-b8f8-48bf-b784-21e34a83fe43 0174725941774d449c06190bfab66dad da2c6b2d27f141e7b0c115b781bd3268 - - default default] 10.0.0.53 "PUT /v2.0/floatingips/c6710e43-7160-451c-90e0-4aadbd244764/tags HTTP/1.1" status: 200 len: 212 time: 0.0578775
2026-04-22 19:42:32.291 10 WARNING neutron.scheduler.dhcp_agent_scheduler [None req-2924c56b-bd7c-4627-a90a-b96c8bc2dac2 f9584ec2964d41b7951d6a50259acab0 937611095f4d4b20828974c92d7a132f - - default default] No more DHCP agents
2026-04-22 19:42:32.307 10 WARNING neutron.api.rpc.agentnotifiers.dhcp_rpc_agent_api [None req-2924c56b-bd7c-4627-a90a-b96c8bc2dac2 f9584ec2964d41b7951d6a50259acab0 937611095f4d4b20828974c92d7a132f - - default default] Unable to schedule network 7c92b169-f9c6-462c-9ba8-277510706bb0: no agents available; will retry on subsequent port and subnet creation events.
2026-04-22 19:42:32.338 10 INFO neutron.wsgi [None req-bbaa12eb-1e34-457d-8db8-0edc05969208 0174725941774d449c06190bfab66dad da2c6b2d27f141e7b0c115b781bd3268 - - default default] 10.0.0.53 "GET /v2.0/floatingips?tags=red HTTP/1.1" status: 200 len: 1866 time: 0.0459781
2026-04-22 19:42:32.398 10 INFO neutron.wsgi [None req-9464348c-3946-40dd-b994-6288a82e2d60 0174725941774d449c06190bfab66dad da2c6b2d27f141e7b0c115b781bd3268 - - default default] 10.0.0.53 "GET /v2.0/floatingips?tags=red%2Cblue HTTP/1.1" status: 200 len: 1323 time: 0.0543520
2026-04-22 19:42:32.450 10 INFO neutron.wsgi [None req-3725fd49-42eb-4de7-bdcd-ffb596cbefd5 0174725941774d449c06190bfab66dad da2c6b2d27f141e7b0c115b781bd3268 - - default default] 10.0.0.53 "GET /v2.0/floatingips?tags-any=blue HTTP/1.1" status: 200 len: 1323 time: 0.0448933
2026-04-22 19:42:32.480 10 INFO neutron.db.ovn_revision_numbers_db [None req-2924c56b-bd7c-4627-a90a-b96c8bc2dac2 f9584ec2964d41b7951d6a50259acab0 937611095f4d4b20828974c92d7a132f - - default default] Successfully bumped revision number for resource 4a071d0b-068f-4d0d-89fa-801ef693e6cf (type: ports) to 1
2026-04-22 19:42:32.506 10 INFO neutron.wsgi [None req-2924c56b-bd7c-4627-a90a-b96c8bc2dac2 f9584ec2964d41b7951d6a50259acab0 937611095f4d4b20828974c92d7a132f - - default default] 10.0.0.53 "POST /v2.0/networks HTTP/1.1" status: 201 len: 830 time: 1.1044228
2026-04-22 19:42:32.510 9 INFO neutron.wsgi [None req-f65ae05c-4f03-4903-99cb-fc321e1ee902 0174725941774d449c06190bfab66dad da2c6b2d27f141e7b0c115b781bd3268 - - default default] 10.0.0.53 "GET /v2.0/floatingips?tags-any=red%2Cblue HTTP/1.1" status: 200 len: 1866 time: 0.0567517
2026-04-22 19:42:32.516 9 WARNING neutron_lib.context [None req-48acf530-39cf-494d-a1d5-e8e2153d0f91 f9584ec2964d41b7951d6a50259acab0 937611095f4d4b20828974c92d7a132f - - default default] Method 'is_advsvc' is deprecated since 2023.2 release (neutron-lib 3.8.0) and will be removed once support for the old RBAC API policies will be removed from Neutron. Please use method 'is_service_role' instead.
2026-04-22 19:42:32.556 10 INFO neutron.wsgi [None req-ee7701b8-44fd-4e53-9909-c62c02b2b780 0174725941774d449c06190bfab66dad da2c6b2d27f141e7b0c115b781bd3268 - - default default] 10.0.0.53 "GET /v2.0/floatingips?not-tags=red HTTP/1.1" status: 200 len: 1295 time: 0.0420270
2026-04-22 19:42:32.603 10 INFO neutron.wsgi [None req-e8c48628-f46e-41b0-85d9-a88d17021312 0174725941774d449c06190bfab66dad da2c6b2d27f141e7b0c115b781bd3268 - - default default] 10.0.0.53 "GET /v2.0/floatingips?not-tags=red%2Cblue HTTP/1.1" status: 200 len: 1838 time: 0.0421500
2026-04-22 19:42:32.635 9 INFO neutron.db.ovn_revision_numbers_db [None req-be0de4ea-aef3-424c-b81f-4e00451779cb fa44493f6b2841aca6934e807115efad ea1ba4c2ba5543f496d7b399a2c3d907 - - default default] Successfully bumped revision number for resource c19a18bd-0477-4c72-86f6-8f49faf388d3 (type: routers) to 2
2026-04-22 19:42:32.638 9 INFO neutron.wsgi [None req-be0de4ea-aef3-424c-b81f-4e00451779cb fa44493f6b2841aca6934e807115efad ea1ba4c2ba5543f496d7b399a2c3d907 - - default default] 10.0.0.53 "PUT /v2.0/routers/c19a18bd-0477-4c72-86f6-8f49faf388d3 HTTP/1.1" status: 200 len: 677 time: 0.4858980
2026-04-22 19:42:32.659 10 INFO neutron.wsgi [None req-2519e836-e7b3-412f-90ac-2d272f3d273c 0174725941774d449c06190bfab66dad da2c6b2d27f141e7b0c115b781bd3268 - - default default] 10.0.0.53 "GET /v2.0/floatingips?not-tags-any=blue HTTP/1.1" status: 200 len: 1838 time: 0.0499194
2026-04-22 19:42:32.672 10 INFO neutron.wsgi [None req-cc7e00bb-9dc7-4374-8a69-afea64ca586c fa44493f6b2841aca6934e807115efad ea1ba4c2ba5543f496d7b399a2c3d907 - - default default] 10.0.0.53 "GET /v2.0/ports?device_id=c19a18bd-0477-4c72-86f6-8f49faf388d3 HTTP/1.1" status: 200 len: 205 time: 0.0230410
2026-04-22 19:42:32.716 9 INFO neutron.wsgi [None req-82bf99c6-8be9-454a-bc77-5d303954fdfa 0174725941774d449c06190bfab66dad da2c6b2d27f141e7b0c115b781bd3268 - - default default] 10.0.0.53 "GET /v2.0/floatingips?not-tags-any=red%2Cblue HTTP/1.1" status: 200 len: 1295 time: 0.0488718
2026-04-22 19:42:32.887 9 WARNING neutron.scheduler.dhcp_agent_scheduler [None req-48acf530-39cf-494d-a1d5-e8e2153d0f91 f9584ec2964d41b7951d6a50259acab0 937611095f4d4b20828974c92d7a132f - - default default] No more DHCP agents
2026-04-22 19:42:32.890 9 WARNING neutron.api.rpc.agentnotifiers.dhcp_rpc_agent_api [None req-48acf530-39cf-494d-a1d5-e8e2153d0f91 f9584ec2964d41b7951d6a50259acab0 937611095f4d4b20828974c92d7a132f - - default default] Unable to schedule network 7c92b169-f9c6-462c-9ba8-277510706bb0: no agents available; will retry on subsequent port and subnet creation events.
2026-04-22 19:42:32.956 10 INFO neutron.wsgi [None req-8d5d4aaa-da23-4b21-b3c8-b1372d566375 fa44493f6b2841aca6934e807115efad ea1ba4c2ba5543f496d7b399a2c3d907 - - default default] 10.0.0.53 "DELETE /v2.0/routers/c19a18bd-0477-4c72-86f6-8f49faf388d3 HTTP/1.1" status: 204 len: 168 time: 0.2790883
2026-04-22 19:42:33.012 9 INFO neutron.db.ovn_revision_numbers_db [None req-48acf530-39cf-494d-a1d5-e8e2153d0f91 f9584ec2964d41b7951d6a50259acab0 937611095f4d4b20828974c92d7a132f - - default default] Successfully bumped revision number for resource 4ef2d266-5be2-45c7-9335-4021735dfb20 (type: ports) to 1
2026-04-22 19:42:33.026 10 INFO neutron.wsgi [None req-884c163e-5091-4a1e-81f9-d6e63ee17f76 fa44493f6b2841aca6934e807115efad ea1ba4c2ba5543f496d7b399a2c3d907 - - default default] 10.0.0.53 "GET /v2.0/routers/ede5580b-e03c-4118-9278-d5a576c9dca3 HTTP/1.1" status: 200 len: 662 time: 0.0603347
2026-04-22 19:42:33.046 9 INFO neutron.wsgi [None req-48acf530-39cf-494d-a1d5-e8e2153d0f91 f9584ec2964d41b7951d6a50259acab0 937611095f4d4b20828974c92d7a132f - - default default] 10.0.0.53 "POST /v2.0/ports HTTP/1.1" status: 201 len: 942 time: 0.5338778 /var/lib/openstack/lib/python3.10/site-packages/pycadf/identifier.py:71: UserWarning: Invalid uuid: neutron. To ensure interoperability, identifiers should be a valid uuid. warnings.warn(('Invalid uuid: %s. To ensure interoperability, '
2026-04-22 19:42:33.056 9 WARNING neutron_lib.context [None req-b45fbb83-d8ad-4727-8b93-26a907c609fd f9584ec2964d41b7951d6a50259acab0 937611095f4d4b20828974c92d7a132f - - default default] Method 'is_advsvc' is deprecated since 2023.2 release (neutron-lib 3.8.0) and will be removed once support for the old RBAC API policies will be removed from Neutron. Please use method 'is_service_role' instead.
2026-04-22 19:42:33.151 9 INFO neutron.db.segments_db [None req-b45fbb83-d8ad-4727-8b93-26a907c609fd f9584ec2964d41b7951d6a50259acab0 937611095f4d4b20828974c92d7a132f - - default default] Added segment 30ec4497-f064-40fc-b9cd-b78fb80a41eb of type geneve for network cb85ea2f-931f-487d-806b-997fe9addf4a
2026-04-22 19:42:33.157 9 INFO neutron.wsgi [None req-35974103-8e98-4936-b39b-4e2a024bfdd7 0174725941774d449c06190bfab66dad da2c6b2d27f141e7b0c115b781bd3268 - - default default] 10.0.0.53 "DELETE /v2.0/floatingips/90880377-e095-4841-bd63-be19db4d1745 HTTP/1.1" status: 204 len: 168 time: 0.4334395
