2026-04-22 19:40:42.867 10 INFO neutron.wsgi [None req-564cc58d-0c57-4620-9a60-6cb6118e8488 daa41a9d54e24d798a91923b9c43e44b fa3f7db648564a7085d09c1ae30ebb71 - - default default] 10.0.0.53 "GET /v2.0/security-groups HTTP/1.1" status: 200 len: 2996 time: 0.0485511
2026-04-22 19:40:42.874 9 WARNING neutron_lib.context [None req-95a9f5d3-b677-4d22-ab6c-fbc634284d5a 0c304dbd6973441ab7ef89b356244598 7e37d8face47420696c1e3aaa808f3c0 - - default default] Method 'is_advsvc' is deprecated since 2023.2 release (neutron-lib 3.8.0) and will be removed once support for the old RBAC API policies will be removed from Neutron. Please use method 'is_service_role' instead.
2026-04-22 19:40:42.914 9 WARNING neutron.scheduler.dhcp_agent_scheduler [None req-9314f8dd-a5e9-4356-895f-962db2177460 488460b395714d05bd0576a04834f0ec 5b9d85c109b348b894a11a8bb7cd2e79 - - default default] No more DHCP agents
2026-04-22 19:40:42.917 9 WARNING neutron.api.rpc.agentnotifiers.dhcp_rpc_agent_api [None req-9314f8dd-a5e9-4356-895f-962db2177460 488460b395714d05bd0576a04834f0ec 5b9d85c109b348b894a11a8bb7cd2e79 - - default default] Unable to schedule network 45ba8ba4-39e1-4af5-a4f8-2b33519eebad: no agents available; will retry on subsequent port and subnet creation events.
2026-04-22 19:40:42.957 9 INFO neutron.db.ovn_revision_numbers_db [None req-9314f8dd-a5e9-4356-895f-962db2177460 488460b395714d05bd0576a04834f0ec 5b9d85c109b348b894a11a8bb7cd2e79 - - default default] Successfully bumped revision number for resource 1d0147f7-ac68-49c1-990c-5b36d6816b4d (type: subnets) to 0
2026-04-22 19:40:42.991 9 WARNING neutron.scheduler.dhcp_agent_scheduler [None req-9314f8dd-a5e9-4356-895f-962db2177460 488460b395714d05bd0576a04834f0ec 5b9d85c109b348b894a11a8bb7cd2e79 - - default default] No more DHCP agents
2026-04-22 19:40:42.995 9 WARNING neutron.api.rpc.agentnotifiers.dhcp_rpc_agent_api [None req-9314f8dd-a5e9-4356-895f-962db2177460 488460b395714d05bd0576a04834f0ec 5b9d85c109b348b894a11a8bb7cd2e79 - - default default] Unable to schedule network 1fda32ae-733b-4473-a107-9dc7d0c02cf9: no agents available; will retry on subsequent port and subnet creation events.
2026-04-22 19:40:43.046 9 INFO neutron.db.ovn_revision_numbers_db [None req-9314f8dd-a5e9-4356-895f-962db2177460 488460b395714d05bd0576a04834f0ec 5b9d85c109b348b894a11a8bb7cd2e79 - - default default] Successfully bumped revision number for resource 8c4c8025-630c-42c2-8a14-9b00c4daab2c (type: subnets) to 0
2026-04-22 19:40:43.068 9 INFO neutron.wsgi [None req-9314f8dd-a5e9-4356-895f-962db2177460 488460b395714d05bd0576a04834f0ec 5b9d85c109b348b894a11a8bb7cd2e79 - - default default] 10.0.0.53 "POST /v2.0/subnets HTTP/1.1" status: 201 len: 1476 time: 0.6357217
2026-04-22 19:40:43.098 9 INFO neutron.db.ovn_revision_numbers_db [None req-95a9f5d3-b677-4d22-ab6c-fbc634284d5a 0c304dbd6973441ab7ef89b356244598 7e37d8face47420696c1e3aaa808f3c0 - - default default] Successfully bumped revision number for resource 8207de76-e60b-437c-8c83-a351a9b31d39 (type: security_groups) to 1
2026-04-22 19:40:43.117 9 INFO neutron.wsgi [None req-ba6dd9fc-efea-4ff7-ba3e-d8358a7bff5d 488460b395714d05bd0576a04834f0ec 5b9d85c109b348b894a11a8bb7cd2e79 - - default default] 10.0.0.53 "GET /v2.0/subnets HTTP/1.1" status: 200 len: 2084 time: 0.0433049
2026-04-22 19:40:43.123 9 INFO neutron.db.ovn_revision_numbers_db [None req-95a9f5d3-b677-4d22-ab6c-fbc634284d5a 0c304dbd6973441ab7ef89b356244598 7e37d8face47420696c1e3aaa808f3c0 - - default default] Successfully bumped revision number for resource 0f8a1440-6e5a-4b3b-be04-fa2533e27a13 (type: security_group_rules) to 0
2026-04-22 19:40:43.140 9 INFO neutron.db.ovn_revision_numbers_db [None req-95a9f5d3-b677-4d22-ab6c-fbc634284d5a 0c304dbd6973441ab7ef89b356244598 7e37d8face47420696c1e3aaa808f3c0 - - default default] Successfully bumped revision number for resource 5529d2c3-87ba-4aba-8322-b0dc8afa11f8 (type: security_group_rules) to 0
2026-04-22 19:40:43.155 9 INFO neutron.db.ovn_revision_numbers_db [None req-95a9f5d3-b677-4d22-ab6c-fbc634284d5a 0c304dbd6973441ab7ef89b356244598 7e37d8face47420696c1e3aaa808f3c0 - - default default] Successfully bumped revision number for resource 5eb4d89e-36c9-4baf-89eb-95aa3a2b9515 (type: security_group_rules) to 0
2026-04-22 19:40:43.180 9 INFO neutron.wsgi [-] 10.0.0.157 "GET / HTTP/1.1" status: 200 len: 247 time: 0.0017989
2026-04-22 19:40:43.182 9 INFO neutron.wsgi [-] 10.0.0.157 "GET / HTTP/1.1" status: 200 len: 247 time: 0.0015061
2026-04-22 19:40:43.184 9 INFO neutron.db.ovn_revision_numbers_db [None req-95a9f5d3-b677-4d22-ab6c-fbc634284d5a 0c304dbd6973441ab7ef89b356244598 7e37d8face47420696c1e3aaa808f3c0 - - default default] Successfully bumped revision number for resource d56929c6-6c81-44f3-bfab-951830de62bb (type: security_group_rules) to 0
2026-04-22 19:40:43.234 9 INFO neutron.db.segments_db [None req-95a9f5d3-b677-4d22-ab6c-fbc634284d5a 0c304dbd6973441ab7ef89b356244598 7e37d8face47420696c1e3aaa808f3c0 - - default default] Added segment 99e1f062-84a0-4a7e-95f9-b9381e517621 of type geneve for network 5fd16e7e-75e7-4b5e-a825-6e619f51a5fd
2026-04-22 19:40:43.379 10 INFO neutron.wsgi [None req-f2bb4070-e9ea-47f4-beac-ff514ae76362 488460b395714d05bd0576a04834f0ec 5b9d85c109b348b894a11a8bb7cd2e79 - - default default] 10.0.0.53 "DELETE /v2.0/subnets/1d0147f7-ac68-49c1-990c-5b36d6816b4d HTTP/1.1" status: 204 len: 168 time: 0.2512460
2026-04-22 19:40:43.390 9 INFO neutron.db.ovn_revision_numbers_db [None req-95a9f5d3-b677-4d22-ab6c-fbc634284d5a 0c304dbd6973441ab7ef89b356244598 7e37d8face47420696c1e3aaa808f3c0 - - default default] Successfully bumped revision number for resource 5fd16e7e-75e7-4b5e-a825-6e619f51a5fd (type: networks) to 1
2026-04-22 19:40:43.458 9 INFO neutron.wsgi [None req-60bc3aa6-3421-40e5-a6ef-dd4889887a47 7975e1acb5494a238ff62f92ad612bee 41aea11e8ea541c181b1c6ed02bc5f87 - - default default] 10.0.0.53 "GET /v2.0/ports/911a8868-69a4-4361-ae16-59940e305795 HTTP/1.1" status: 200 len: 1135 time: 0.0400858
2026-04-22 19:40:43.585 9 INFO neutron.wsgi [None req-d7313a7e-8419-4fdd-9ab8-6209cdedab2b ee2f3d3ab3a143b9885bf97c048b0ef6 e95d747a0c2a412389ead86875c3a8ec - - default default] 10.0.0.53 "GET /v2.0/security-groups?tenant_id=fa3f7db648564a7085d09c1ae30ebb71&name=default HTTP/1.1" status: 200 len: 2996 time: 0.1807573
2026-04-22 19:40:43.632 10 INFO neutron.wsgi [None req-3f5e0927-38f3-4a15-949b-4a2ec48f10d9 488460b395714d05bd0576a04834f0ec 5b9d85c109b348b894a11a8bb7cd2e79 - - default default] 10.0.0.53 "DELETE /v2.0/subnets/8c4c8025-630c-42c2-8a14-9b00c4daab2c HTTP/1.1" status: 204 len: 168 time: 0.2485149
2026-04-22 19:40:43.646 9 WARNING neutron.scheduler.dhcp_agent_scheduler [None req-95a9f5d3-b677-4d22-ab6c-fbc634284d5a 0c304dbd6973441ab7ef89b356244598 7e37d8face47420696c1e3aaa808f3c0 - - default default] No more DHCP agents
2026-04-22 19:40:43.665 9 WARNING neutron.api.rpc.agentnotifiers.dhcp_rpc_agent_api [None req-95a9f5d3-b677-4d22-ab6c-fbc634284d5a 0c304dbd6973441ab7ef89b356244598 7e37d8face47420696c1e3aaa808f3c0 - - default default] Unable to schedule network 5fd16e7e-75e7-4b5e-a825-6e619f51a5fd: no agents available; will retry on subsequent port and subnet creation events.
2026-04-22 19:40:43.692 10 INFO neutron.wsgi [None req-3a0d3b13-4f8b-4fe4-9da4-d72392af9691 488460b395714d05bd0576a04834f0ec 5b9d85c109b348b894a11a8bb7cd2e79 - - default default] 10.0.0.53 "GET /v2.0/subnets HTTP/1.1" status: 200 len: 820 time: 0.0539513
2026-04-22 19:40:43.779 9 INFO neutron.db.ovn_revision_numbers_db [None req-95a9f5d3-b677-4d22-ab6c-fbc634284d5a 0c304dbd6973441ab7ef89b356244598 7e37d8face47420696c1e3aaa808f3c0 - - default default] Successfully bumped revision number for resource 5baa031d-9594-4ee2-8fdd-4f34e3d52283 (type: ports) to 1
2026-04-22 19:40:43.812 9 INFO neutron.wsgi [None req-95a9f5d3-b677-4d22-ab6c-fbc634284d5a 0c304dbd6973441ab7ef89b356244598 7e37d8face47420696c1e3aaa808f3c0 - - default default] 10.0.0.53 "POST /v2.0/networks HTTP/1.1" status: 201 len: 847 time: 1.1399040
2026-04-22 19:40:43.823 9 WARNING neutron_lib.context [None req-af1f3fa2-5999-48cf-8ce4-1a7cd11a811d 0c304dbd6973441ab7ef89b356244598 7e37d8face47420696c1e3aaa808f3c0 - - default default] Method 'is_advsvc' is deprecated since 2023.2 release (neutron-lib 3.8.0) and will be removed once support for the old RBAC API policies will be removed from Neutron. Please use method 'is_service_role' instead.
2026-04-22 19:40:43.932 9 INFO neutron.wsgi [None req-21ebb9bd-5a29-44d9-b327-a9485e4fe6b3 ee2f3d3ab3a143b9885bf97c048b0ef6 e95d747a0c2a412389ead86875c3a8ec - - default default] 10.0.0.53 "DELETE /v2.0/security-groups/3dfca7d6-9cbd-47a3-8fbc-d837391c343b HTTP/1.1" status: 204 len: 168 time: 0.3421590
2026-04-22 19:40:44.092 9 WARNING neutron.scheduler.dhcp_agent_scheduler [None req-af1f3fa2-5999-48cf-8ce4-1a7cd11a811d 0c304dbd6973441ab7ef89b356244598 7e37d8face47420696c1e3aaa808f3c0 - - default default] No more DHCP agents
2026-04-22 19:40:44.093 9 WARNING neutron.api.rpc.agentnotifiers.dhcp_rpc_agent_api [None req-af1f3fa2-5999-48cf-8ce4-1a7cd11a811d 0c304dbd6973441ab7ef89b356244598 7e37d8face47420696c1e3aaa808f3c0 - - default default] Unable to schedule network 5fd16e7e-75e7-4b5e-a825-6e619f51a5fd: no agents available; will retry on subsequent port and subnet creation events.
2026-04-22 19:40:44.110 10 INFO neutron.services.segments.plugin [-] Segment ac58b10f-0a80-4097-835c-c8a6f5871d58 resource provider aggregate not found
2026-04-22 19:40:44.116 10 INFO neutron.services.segments.plugin [-] Segment ac58b10f-0a80-4097-835c-c8a6f5871d58 resource provider aggregate not found
2026-04-22 19:40:44.136 10 INFO neutron.services.segments.plugin [-] Segment ac58b10f-0a80-4097-835c-c8a6f5871d58 resource provider not found; error: Placement Client Error (4xx): {"errors": [{"status": 404, "title": "Not Found", "detail": "The resource could not be found.\n\n No resource provider with uuid ac58b10f-0a80-4097-835c-c8a6f5871d58 found for delete ", "request_id": "req-0cba0b15-ba2c-4653-a18a-e86eb0586f95"}]}
2026-04-22 19:40:44.141 10 INFO neutron.services.segments.plugin [-] Segment ac58b10f-0a80-4097-835c-c8a6f5871d58 resource provider not found; error: Placement Client Error (4xx): {"errors": [{"status": 404, "title": "Not Found", "detail": "The resource could not be found.\n\n No resource provider with uuid ac58b10f-0a80-4097-835c-c8a6f5871d58 found for delete ", "request_id": "req-f2cfcf1e-a956-4e81-988c-1059c5326c07"}]}
2026-04-22 19:40:44.158 10 INFO neutron.wsgi [None req-71fad51d-888a-47cc-852c-73ff2ef30462 488460b395714d05bd0576a04834f0ec 5b9d85c109b348b894a11a8bb7cd2e79 - - default default] 10.0.0.53 "DELETE /v2.0/networks/1fda32ae-733b-4473-a107-9dc7d0c02cf9 HTTP/1.1" status: 204 len: 168 time: 0.4595106
2026-04-22 19:40:44.185 9 INFO neutron.db.ovn_revision_numbers_db [None req-af1f3fa2-5999-48cf-8ce4-1a7cd11a811d 0c304dbd6973441ab7ef89b356244598 7e37d8face47420696c1e3aaa808f3c0 - - default default] Successfully bumped revision number for resource 30f0e83d-a0a1-4968-8851-fd691ad541db (type: ports) to 1
2026-04-22 19:40:44.216 9 INFO neutron.wsgi [None req-af1f3fa2-5999-48cf-8ce4-1a7cd11a811d 0c304dbd6973441ab7ef89b356244598 7e37d8face47420696c1e3aaa808f3c0 - - default default] 10.0.0.53 "POST /v2.0/ports HTTP/1.1" status: 201 len: 977 time: 0.3984821
2026-04-22 19:40:44.235 10 WARNING neutron_lib.context [None req-b3e1ae62-26a1-4e65-baa7-fb3b2ef64591 0c304dbd6973441ab7ef89b356244598 7e37d8face47420696c1e3aaa808f3c0 - - default default] Method 'is_advsvc' is deprecated since 2023.2 release (neutron-lib 3.8.0) and will be removed once support for the old RBAC API policies will be removed from Neutron. Please use method 'is_service_role' instead.
2026-04-22 19:40:44.343 10 INFO neutron.db.segments_db [None req-b3e1ae62-26a1-4e65-baa7-fb3b2ef64591 0c304dbd6973441ab7ef89b356244598 7e37d8face47420696c1e3aaa808f3c0 - - default default] Added segment e58f85ca-5e97-49c7-805a-3a74411ce540 of type geneve for network 2af7ce48-9f7d-4530-a8ec-bcbf3bdc92a5 /var/lib/openstack/lib/python3.10/site-packages/pycadf/identifier.py:71: UserWarning: Invalid uuid: neutron. To ensure interoperability, identifiers should be a valid uuid. warnings.warn(('Invalid uuid: %s. To ensure interoperability, '
2026-04-22 19:40:44.507 9 INFO neutron.wsgi [None req-98326487-4d52-411a-8527-891c1205a308 7975e1acb5494a238ff62f92ad612bee 41aea11e8ea541c181b1c6ed02bc5f87 - - default default] 10.0.0.53 "GET /v2.0/ports/911a8868-69a4-4361-ae16-59940e305795 HTTP/1.1" status: 200 len: 1135 time: 0.0368934
2026-04-22 19:40:44.512 10 INFO neutron.db.ovn_revision_numbers_db [None req-b3e1ae62-26a1-4e65-baa7-fb3b2ef64591 0c304dbd6973441ab7ef89b356244598 7e37d8face47420696c1e3aaa808f3c0 - - default default] Successfully bumped revision number for resource 2af7ce48-9f7d-4530-a8ec-bcbf3bdc92a5 (type: networks) to 1
2026-04-22 19:40:44.659 10 INFO neutron.wsgi [None req-b7bd3d02-b0e2-450b-a431-429ee86db3d8 488460b395714d05bd0576a04834f0ec 5b9d85c109b348b894a11a8bb7cd2e79 - - default default] 10.0.0.53 "DELETE /v2.0/networks/45ba8ba4-39e1-4af5-a4f8-2b33519eebad HTTP/1.1" status: 204 len: 168 time: 0.4899147
2026-04-22 19:40:44.722 10 WARNING neutron.scheduler.dhcp_agent_scheduler [None req-b3e1ae62-26a1-4e65-baa7-fb3b2ef64591 0c304dbd6973441ab7ef89b356244598 7e37d8face47420696c1e3aaa808f3c0 - - default default] No more DHCP agents
2026-04-22 19:40:44.725 10 WARNING neutron.api.rpc.agentnotifiers.dhcp_rpc_agent_api [None req-b3e1ae62-26a1-4e65-baa7-fb3b2ef64591 0c304dbd6973441ab7ef89b356244598 7e37d8face47420696c1e3aaa808f3c0 - - default default] Unable to schedule network 2af7ce48-9f7d-4530-a8ec-bcbf3bdc92a5: no agents available; will retry on subsequent port and subnet creation events.
2026-04-22 19:40:44.819 10 INFO neutron.db.ovn_revision_numbers_db [None req-b3e1ae62-26a1-4e65-baa7-fb3b2ef64591 0c304dbd6973441ab7ef89b356244598 7e37d8face47420696c1e3aaa808f3c0 - - default default] Successfully bumped revision number for resource c38840ee-b7b3-4311-9898-a6b23e16bf2d (type: ports) to 1
2026-04-22 19:40:44.846 10 INFO neutron.wsgi [None req-b3e1ae62-26a1-4e65-baa7-fb3b2ef64591 0c304dbd6973441ab7ef89b356244598 7e37d8face47420696c1e3aaa808f3c0 - - default default] 10.0.0.53 "POST /v2.0/networks HTTP/1.1" status: 201 len: 834 time: 0.6190040
2026-04-22 19:40:44.858 10 WARNING neutron_lib.context [None req-03547bcf-7b1d-4209-b9d9-e7f10116c5eb 0c304dbd6973441ab7ef89b356244598 7e37d8face47420696c1e3aaa808f3c0 - - default default] Method 'is_advsvc' is deprecated since 2023.2 release (neutron-lib 3.8.0) and will be removed once support for the old RBAC API policies will be removed from Neutron. Please use method 'is_service_role' instead.
2026-04-22 19:40:45.068 9 INFO neutron.services.segments.plugin [-] Segment 69b140a2-eca0-47b5-a1df-3950b71fc430 resource provider aggregate not found
2026-04-22 19:40:45.073 9 INFO neutron.services.segments.plugin [-] Segment 69b140a2-eca0-47b5-a1df-3950b71fc430 resource provider aggregate not found
2026-04-22 19:40:45.099 9 INFO neutron.services.segments.plugin [-] Segment 69b140a2-eca0-47b5-a1df-3950b71fc430 resource provider not found; error: Placement Client Error (4xx): {"errors": [{"status": 404, "title": "Not Found", "detail": "The resource could not be found.\n\n No resource provider with uuid 69b140a2-eca0-47b5-a1df-3950b71fc430 found for delete ", "request_id": "req-9f19fa6b-bf31-4e09-a7ed-8984b14cabde"}]}
2026-04-22 19:40:45.102 9 INFO neutron.services.segments.plugin [-] Segment 69b140a2-eca0-47b5-a1df-3950b71fc430 resource provider not found; error: Placement Client Error (4xx): {"errors": [{"status": 404, "title": "Not Found", "detail": "The resource could not be found.\n\n No resource provider with uuid 69b140a2-eca0-47b5-a1df-3950b71fc430 found for delete ", "request_id": "req-11bd9bfc-e772-4639-89eb-c3f125ae9a0e"}]}
2026-04-22 19:40:45.107 10 WARNING neutron.scheduler.dhcp_agent_scheduler [None req-03547bcf-7b1d-4209-b9d9-e7f10116c5eb 0c304dbd6973441ab7ef89b356244598 7e37d8face47420696c1e3aaa808f3c0 - - default default] No more DHCP agents
2026-04-22 19:40:45.108 10 WARNING neutron.api.rpc.agentnotifiers.dhcp_rpc_agent_api [None req-03547bcf-7b1d-4209-b9d9-e7f10116c5eb 0c304dbd6973441ab7ef89b356244598 7e37d8face47420696c1e3aaa808f3c0 - - default default] Unable to schedule network 2af7ce48-9f7d-4530-a8ec-bcbf3bdc92a5: no agents available; will retry on subsequent port and subnet creation events.
2026-04-22 19:40:45.116 9 INFO neutron.wsgi [None req-393253aa-39b1-42c1-9e34-460c25ab235c 488460b395714d05bd0576a04834f0ec 5b9d85c109b348b894a11a8bb7cd2e79 - - default default] 10.0.0.53 "DELETE /v2.0/networks/28d1cd59-09cf-4baf-815b-caf0ce9396c8 HTTP/1.1" status: 204 len: 168 time: 0.4519064
2026-04-22 19:40:45.139 10 INFO neutron.db.ovn_revision_numbers_db [None req-03547bcf-7b1d-4209-b9d9-e7f10116c5eb 0c304dbd6973441ab7ef89b356244598 7e37d8face47420696c1e3aaa808f3c0 - - default default] Successfully bumped revision number for resource 43fe8b36-b8c9-4cf9-9f66-fc86b4a0ce0a (type: subnets) to 0
2026-04-22 19:40:45.159 10 INFO neutron.wsgi [None req-03547bcf-7b1d-4209-b9d9-e7f10116c5eb 0c304dbd6973441ab7ef89b356244598 7e37d8face47420696c1e3aaa808f3c0 - - default default] 10.0.0.53 "POST /v2.0/subnets HTTP/1.1" status: 201 len: 821 time: 0.3080258
2026-04-22 19:40:45.169 10 WARNING neutron_lib.context [None req-2366e394-bd38-4539-b424-9813cdd50c52 0c304dbd6973441ab7ef89b356244598 7e37d8face47420696c1e3aaa808f3c0 - - default default] Method 'is_advsvc' is deprecated since 2023.2 release (neutron-lib 3.8.0) and will be removed once support for the old RBAC API policies will be removed from Neutron. Please use method 'is_service_role' instead.
2026-04-22 19:40:45.348 10 WARNING neutron.plugins.ml2.drivers.ovn.mech_driver.ovsdb.ovn_client [None req-c2fced80-5b12-4624-b74c-be943de9d8e3 - - - - - -] No hosting information found for port 04343997-4276-49bf-94ed-7d2fe44e0ede: RuntimeError: No hosting information found for port 04343997-4276-49bf-94ed-7d2fe44e0ede
2026-04-22 19:40:45.348 10 INFO neutron.plugins.ml2.drivers.ovn.mech_driver.mech_driver [None req-c2fced80-5b12-4624-b74c-be943de9d8e3 - - - - - -] OVN reports status up for port: 911a8868-69a4-4361-ae16-59940e305795
2026-04-22 19:40:45.362 10 INFO neutron.plugins.ml2.plugin [None req-c2fced80-5b12-4624-b74c-be943de9d8e3 - - - - - -] Attempt 1 to provision port 911a8868-69a4-4361-ae16-59940e305795
2026-04-22 19:40:45.572 9 INFO neutron.wsgi [None req-379332ef-7da3-4d1f-a2c6-cdcd8804839f 7975e1acb5494a238ff62f92ad612bee 41aea11e8ea541c181b1c6ed02bc5f87 - - default default] 10.0.0.53 "GET /v2.0/ports/911a8868-69a4-4361-ae16-59940e305795 HTTP/1.1" status: 200 len: 1137 time: 0.0577574
2026-04-22 19:40:45.577 10 WARNING neutron.scheduler.dhcp_agent_scheduler [None req-2366e394-bd38-4539-b424-9813cdd50c52 0c304dbd6973441ab7ef89b356244598 7e37d8face47420696c1e3aaa808f3c0 - - default default] No more DHCP agents
2026-04-22 19:40:45.580 10 WARNING neutron.api.rpc.agentnotifiers.dhcp_rpc_agent_api [None req-2366e394-bd38-4539-b424-9813cdd50c52 0c304dbd6973441ab7ef89b356244598 7e37d8face47420696c1e3aaa808f3c0 - - default default] Unable to schedule network 2af7ce48-9f7d-4530-a8ec-bcbf3bdc92a5: no agents available; will retry on subsequent port and subnet creation events.
2026-04-22 19:40:45.748 10 INFO neutron.db.ovn_revision_numbers_db [None req-2366e394-bd38-4539-b424-9813cdd50c52 0c304dbd6973441ab7ef89b356244598 7e37d8face47420696c1e3aaa808f3c0 - - default default] Successfully bumped revision number for resource e1c44507-85c2-4517-b0bc-744e8183976c (type: ports) to 1
2026-04-22 19:40:45.762 10 INFO neutron.db.ovn_revision_numbers_db [None req-c2fced80-5b12-4624-b74c-be943de9d8e3 - - - - - -] Successfully bumped revision number for resource 911a8868-69a4-4361-ae16-59940e305795 (type: ports) to 2
2026-04-22 19:40:45.772 10 INFO neutron.wsgi [None req-2366e394-bd38-4539-b424-9813cdd50c52 0c304dbd6973441ab7ef89b356244598 7e37d8face47420696c1e3aaa808f3c0 - - default default] 10.0.0.53 "POST /v2.0/ports HTTP/1.1" status: 201 len: 1164 time: 0.6090384 /var/lib/openstack/lib/python3.10/site-packages/pycadf/identifier.py:71: UserWarning: Invalid uuid: neutron. To ensure interoperability, identifiers should be a valid uuid. warnings.warn(('Invalid uuid: %s. To ensure interoperability, '
2026-04-22 19:40:45.810 9 INFO neutron.wsgi [None req-a64ba739-7b77-4af1-8e74-d062e0f13bf5 488460b395714d05bd0576a04834f0ec 5b9d85c109b348b894a11a8bb7cd2e79 - - default default] 10.0.0.53 "DELETE /v2.0/networks/9d7dfeeb-b3c3-4c4f-a2ce-4299de08d962 HTTP/1.1" status: 204 len: 168 time: 0.6902318
2026-04-22 19:40:45.821 9 WARNING neutron_lib.context [None req-d8b2aef4-fed4-4d51-a320-d2dddc997e5b c0f139977a994d41990827952a463d99 e0e36190e9d649598788c4f6af441774 - - default default] Method 'is_advsvc' is deprecated since 2023.2 release (neutron-lib 3.8.0) and will be removed once support for the old RBAC API policies will be removed from Neutron. Please use method 'is_service_role' instead.
2026-04-22 19:40:45.865 10 INFO neutron.db.ovn_revision_numbers_db [None req-c2fced80-5b12-4624-b74c-be943de9d8e3 - - - - - -] Successfully bumped revision number for resource 911a8868-69a4-4361-ae16-59940e305795 (type: router_ports) to 2
2026-04-22 19:40:45.894 9 INFO neutron.wsgi [None req-d8b2aef4-fed4-4d51-a320-d2dddc997e5b c0f139977a994d41990827952a463d99 e0e36190e9d649598788c4f6af441774 - - default default] 10.0.0.53 "POST /v2.0/subnetpools HTTP/1.1" status: 201 len: 748 time: 0.2581539
2026-04-22 19:40:45.937 9 INFO neutron.wsgi [None req-46e98d0d-11df-42bf-970c-7eb184bca55d c0f139977a994d41990827952a463d99 e0e36190e9d649598788c4f6af441774 - - default default] 10.0.0.53 "GET /v2.0/subnetpools/5af1ba3c-a32b-44ab-94d0-8144ee1ca63f HTTP/1.1" status: 200 len: 743 time: 0.0359516
2026-04-22 19:40:46.039 9 INFO neutron.wsgi [None req-1014b985-5dbf-4887-bf5c-ad1fd00a10fa c0f139977a994d41990827952a463d99 e0e36190e9d649598788c4f6af441774 - - default default] 10.0.0.53 "PUT /v2.0/subnetpools/5af1ba3c-a32b-44ab-94d0-8144ee1ca63f HTTP/1.1" status: 200 len: 695 time: 0.0952814
2026-04-22 19:40:46.156 10 INFO neutron.wsgi [None req-7c9fb500-388f-49eb-80cd-ebc8babdfc8e 0c304dbd6973441ab7ef89b356244598 7e37d8face47420696c1e3aaa808f3c0 - - default default] 10.0.0.53 "DELETE /v2.0/ports/e1c44507-85c2-4517-b0bc-744e8183976c HTTP/1.1" status: 204 len: 168 time: 0.3709667
2026-04-22 19:40:46.162 10 INFO neutron.services.segments.plugin [-] Segment 1102f846-6840-40d6-a914-6e965c3b5770 resource provider aggregate not found
2026-04-22 19:40:46.171 10 INFO neutron.services.segments.plugin [-] Segment 1102f846-6840-40d6-a914-6e965c3b5770 resource provider aggregate not found
2026-04-22 19:40:46.180 10 INFO neutron.wsgi [None req-2783d386-8331-4aef-8eb8-61b58b81e51c c0f139977a994d41990827952a463d99 e0e36190e9d649598788c4f6af441774 - - default default] 10.0.0.53 "DELETE /v2.0/subnetpools/5af1ba3c-a32b-44ab-94d0-8144ee1ca63f HTTP/1.1" status: 204 len: 168 time: 0.1242888
2026-04-22 19:40:46.189 9 INFO neutron.pecan_wsgi.hooks.translation [None req-15e30170-9e75-49a8-8630-bc7f035fa609 0c304dbd6973441ab7ef89b356244598 7e37d8face47420696c1e3aaa808f3c0 - - default default] DELETE failed (client error): The resource could not be found.
2026-04-22 19:40:46.191 9 INFO neutron.wsgi [None req-15e30170-9e75-49a8-8630-bc7f035fa609 0c304dbd6973441ab7ef89b356244598 7e37d8face47420696c1e3aaa808f3c0 - - default default] 10.0.0.53 "DELETE /v2.0/ports/e1c44507-85c2-4517-b0bc-744e8183976c HTTP/1.1" status: 404 len: 333 time: 0.0189040
2026-04-22 19:40:46.195 10 INFO neutron.services.segments.plugin [-] Segment 1102f846-6840-40d6-a914-6e965c3b5770 resource provider not found; error: Placement Client Error (4xx): {"errors": [{"status": 404, "title": "Not Found", "detail": "The resource could not be found.\n\n No resource provider with uuid 1102f846-6840-40d6-a914-6e965c3b5770 found for delete ", "request_id": "req-8a489b93-40e3-4f4c-8921-ebcd6cee30e8"}]}
2026-04-22 19:40:46.198 10 INFO neutron.services.segments.plugin [-] Segment 1102f846-6840-40d6-a914-6e965c3b5770 resource provider not found; error: Placement Client Error (4xx): {"errors": [{"status": 404, "title": "Not Found", "detail": "The resource could not be found.\n\n No resource provider with uuid 1102f846-6840-40d6-a914-6e965c3b5770 found for delete ", "request_id": "req-b4c37835-6263-4ed3-af3e-ce27a27a94ae"}]}
2026-04-22 19:40:46.200 10 INFO neutron.api.v2.resource [None req-8476366e-6aba-4942-8797-b503a8944ce3 c0f139977a994d41990827952a463d99 e0e36190e9d649598788c4f6af441774 - - default default] show failed (client error): The resource could not be found.
2026-04-22 19:40:46.201 10 INFO neutron.wsgi [None req-8476366e-6aba-4942-8797-b503a8944ce3 c0f139977a994d41990827952a463d99 e0e36190e9d649598788c4f6af441774 - - default default] 10.0.0.53 "GET /v2.0/subnetpools/5af1ba3c-a32b-44ab-94d0-8144ee1ca63f HTTP/1.1" status: 404 len: 346 time: 0.0152030
2026-04-22 19:40:46.211 9 INFO neutron.pecan_wsgi.hooks.translation [None req-c6ca09d5-5bd5-438c-acd2-5abf7559ac9a 0c304dbd6973441ab7ef89b356244598 7e37d8face47420696c1e3aaa808f3c0 - - default default] GET failed (client error): The resource could not be found.
2026-04-22 19:40:46.213 9 INFO neutron.wsgi [None req-c6ca09d5-5bd5-438c-acd2-5abf7559ac9a 0c304dbd6973441ab7ef89b356244598 7e37d8face47420696c1e3aaa808f3c0 - - default default] 10.0.0.53 "GET /v2.0/ports/e1c44507-85c2-4517-b0bc-744e8183976c HTTP/1.1" status: 404 len: 333 time: 0.0177341
2026-04-22 19:40:46.220 10 INFO neutron.api.v2.resource [None req-7499295b-a63b-47d9-96a9-c8448552c31f c0f139977a994d41990827952a463d99 e0e36190e9d649598788c4f6af441774 - - default default] delete failed (client error): The resource could not be found.
2026-04-22 19:40:46.221 10 INFO neutron.wsgi [None req-7499295b-a63b-47d9-96a9-c8448552c31f c0f139977a994d41990827952a463d99 e0e36190e9d649598788c4f6af441774 - - default default] 10.0.0.53 "DELETE /v2.0/subnetpools/5af1ba3c-a32b-44ab-94d0-8144ee1ca63f HTTP/1.1" status: 404 len: 346 time: 0.0149612
2026-04-22 19:40:46.446 9 INFO neutron.wsgi [None req-63680741-e0d5-4834-91bd-462cebdb4f11 7975e1acb5494a238ff62f92ad612bee 41aea11e8ea541c181b1c6ed02bc5f87 - - default default] 10.0.0.53 "PUT /v2.0/routers/3b67f7be-31ba-42e1-93f8-bebcae70f6b0/remove_router_interface HTTP/1.1" status: 200 len: 503 time: 0.8689291
2026-04-22 19:40:46.476 9 INFO neutron.wsgi [None req-6e5d9148-10d1-48db-841c-60f1887d1a9b 0c304dbd6973441ab7ef89b356244598 7e37d8face47420696c1e3aaa808f3c0 - - default default] 10.0.0.53 "DELETE /v2.0/subnets/43fe8b36-b8c9-4cf9-9f66-fc86b4a0ce0a HTTP/1.1" status: 204 len: 168 time: 0.2575548 /var/lib/openstack/lib/python3.10/site-packages/pycadf/identifier.py:71: UserWarning: Invalid uuid: neutron. To ensure interoperability, identifiers should be a valid uuid. warnings.warn(('Invalid uuid: %s. To ensure interoperability, '
2026-04-22 19:40:46.539 10 INFO neutron.wsgi [None req-82836c25-4827-4828-83dc-aa8b1b6836f6 ee2f3d3ab3a143b9885bf97c048b0ef6 e95d747a0c2a412389ead86875c3a8ec - - default default] 10.0.0.53 "GET /v2.0/security-groups?tenant_id=5b9d85c109b348b894a11a8bb7cd2e79&name=default HTTP/1.1" status: 200 len: 2996 time: 0.2098684
2026-04-22 19:40:46.549 10 INFO neutron.wsgi [None req-c2fe8bfc-7a5d-4800-bdb3-829afb758c9f 7975e1acb5494a238ff62f92ad612bee 41aea11e8ea541c181b1c6ed02bc5f87 - - default default] 10.0.0.53 "GET /v2.0/ports/04343997-4276-49bf-94ed-7d2fe44e0ede HTTP/1.1" status: 200 len: 1137 time: 0.0987015
2026-04-22 19:40:46.846 9 INFO neutron.wsgi [None req-749a9714-b182-44f7-86c8-f3496df55b69 ee2f3d3ab3a143b9885bf97c048b0ef6 e95d747a0c2a412389ead86875c3a8ec - - default default] 10.0.0.53 "DELETE /v2.0/security-groups/542b542f-9140-4280-b136-be2221b3c194 HTTP/1.1" status: 204 len: 168 time: 0.3017173
2026-04-22 19:40:46.915 9 INFO neutron.wsgi [None req-83adb396-b324-4a5f-9051-d853d381e9c3 0c304dbd6973441ab7ef89b356244598 7e37d8face47420696c1e3aaa808f3c0 - - default default] 10.0.0.53 "DELETE /v2.0/networks/2af7ce48-9f7d-4530-a8ec-bcbf3bdc92a5 HTTP/1.1" status: 204 len: 168 time: 0.4342613
2026-04-22 19:40:46.930 10 WARNING neutron_lib.context [None req-31ce9bf8-1442-4ae5-93af-dd464a76e8b2 0c304dbd6973441ab7ef89b356244598 7e37d8face47420696c1e3aaa808f3c0 - - default default] Method 'is_advsvc' is deprecated since 2023.2 release (neutron-lib 3.8.0) and will be removed once support for the old RBAC API policies will be removed from Neutron. Please use method 'is_service_role' instead.
2026-04-22 19:40:47.045 9 INFO neutron.db.ovn_revision_numbers_db [None req-e013a7f8-a4b5-4777-8daa-fd82e49f84d3 ee2f3d3ab3a143b9885bf97c048b0ef6 e95d747a0c2a412389ead86875c3a8ec - - default default] Successfully bumped revision number for resource 218a79b6-acdc-4140-820b-794faf9911bd (type: security_groups) to 1
2026-04-22 19:40:47.062 9 INFO neutron.db.ovn_revision_numbers_db [None req-e013a7f8-a4b5-4777-8daa-fd82e49f84d3 ee2f3d3ab3a143b9885bf97c048b0ef6 e95d747a0c2a412389ead86875c3a8ec - - default default] Successfully bumped revision number for resource 118ca0fc-efca-447f-9e52-3f125677995e (type: security_group_rules) to 0
2026-04-22 19:40:47.074 9 INFO neutron.db.ovn_revision_numbers_db [None req-e013a7f8-a4b5-4777-8daa-fd82e49f84d3 ee2f3d3ab3a143b9885bf97c048b0ef6 e95d747a0c2a412389ead86875c3a8ec - - default default] Successfully bumped revision number for resource 67a4d8e5-3e60-421a-bef7-e3aadc6a0bcb (type: security_group_rules) to 0
2026-04-22 19:40:47.089 9 INFO neutron.db.ovn_revision_numbers_db [None req-e013a7f8-a4b5-4777-8daa-fd82e49f84d3 ee2f3d3ab3a143b9885bf97c048b0ef6 e95d747a0c2a412389ead86875c3a8ec - - default default] Successfully bumped revision number for resource c83d08b4-faf4-4c11-8b02-dae8b168af6c (type: security_group_rules) to 0
2026-04-22 19:40:47.110 9 INFO neutron.db.ovn_revision_numbers_db [None req-e013a7f8-a4b5-4777-8daa-fd82e49f84d3 ee2f3d3ab3a143b9885bf97c048b0ef6 e95d747a0c2a412389ead86875c3a8ec - - default default] Successfully bumped revision number for resource e9ee6694-d6e3-4a4f-bf46-6d946b73366d (type: security_group_rules) to 0
2026-04-22 19:40:47.136 9 INFO neutron.wsgi [None req-e013a7f8-a4b5-4777-8daa-fd82e49f84d3 ee2f3d3ab3a143b9885bf97c048b0ef6 e95d747a0c2a412389ead86875c3a8ec - - default default] 10.0.0.53 "GET /v2.0/security-groups?tenant_id=e0e36190e9d649598788c4f6af441774&name=default HTTP/1.1" status: 200 len: 2996 time: 0.4184096
2026-04-22 19:40:47.137 9 INFO neutron.services.segments.plugin [-] Segment 26b917e1-c064-4711-8efd-4b02d1ac28ba resource provider aggregate not found
2026-04-22 19:40:47.142 9 INFO neutron.services.segments.plugin [-] Segment 26b917e1-c064-4711-8efd-4b02d1ac28ba resource provider aggregate not found
2026-04-22 19:40:47.157 9 INFO neutron.services.segments.plugin [-] Segment 26b917e1-c064-4711-8efd-4b02d1ac28ba resource provider not found; error: Placement Client Error (4xx): {"errors": [{"status": 404, "title": "Not Found", "detail": "The resource could not be found.\n\n No resource provider with uuid 26b917e1-c064-4711-8efd-4b02d1ac28ba found for delete ", "request_id": "req-f0c3149e-b9e7-4dec-aaac-da902c09afc4"}]}
2026-04-22 19:40:47.162 9 INFO neutron.services.segments.plugin [-] Segment 26b917e1-c064-4711-8efd-4b02d1ac28ba resource provider not found; error: Placement Client Error (4xx): {"errors": [{"status": 404, "title": "Not Found", "detail": "The resource could not be found.\n\n No resource provider with uuid 26b917e1-c064-4711-8efd-4b02d1ac28ba found for delete ", "request_id": "req-cbfa3978-efc6-49ad-8946-1ba421486e48"}]}
2026-04-22 19:40:47.176 9 INFO neutron.services.segments.plugin [-] Segment e58f85ca-5e97-49c7-805a-3a74411ce540 resource provider aggregate not found
2026-04-22 19:40:47.180 9 INFO neutron.services.segments.plugin [-] Segment e58f85ca-5e97-49c7-805a-3a74411ce540 resource provider aggregate not found
2026-04-22 19:40:47.193 9 INFO neutron.services.segments.plugin [-] Segment e58f85ca-5e97-49c7-805a-3a74411ce540 resource provider not found; error: Placement Client Error (4xx): {"errors": [{"status": 404, "title": "Not Found", "detail": "The resource could not be found.\n\n No resource provider with uuid e58f85ca-5e97-49c7-805a-3a74411ce540 found for delete ", "request_id": "req-0215abe9-2327-4fa4-818b-867de6c6389d"}]}
2026-04-22 19:40:47.197 9 INFO neutron.services.segments.plugin [-] Segment e58f85ca-5e97-49c7-805a-3a74411ce540 resource provider not found; error: Placement Client Error (4xx): {"errors": [{"status": 404, "title": "Not Found", "detail": "The resource could not be found.\n\n No resource provider with uuid e58f85ca-5e97-49c7-805a-3a74411ce540 found for delete ", "request_id": "req-c6a42672-2074-4473-8dc7-634962279d46"}]}
2026-04-22 19:40:47.236 10 INFO neutron.db.segments_db [None req-31ce9bf8-1442-4ae5-93af-dd464a76e8b2 0c304dbd6973441ab7ef89b356244598 7e37d8face47420696c1e3aaa808f3c0 - - default default] Added segment 7a91190b-9da1-4047-97bc-74f2039e5076 of type geneve for network 9d3ddc85-c549-44a5-b243-472499f7d2a1
2026-04-22 19:40:47.366 9 INFO neutron.wsgi [None req-7ddf719f-07c1-4696-9e1e-f8537f8e0c7e ee2f3d3ab3a143b9885bf97c048b0ef6 e95d747a0c2a412389ead86875c3a8ec - - default default] 10.0.0.53 "DELETE /v2.0/security-groups/218a79b6-acdc-4140-820b-794faf9911bd HTTP/1.1" status: 204 len: 168 time: 0.2203798
2026-04-22 19:40:47.486 10 INFO neutron.db.ovn_revision_numbers_db [None req-31ce9bf8-1442-4ae5-93af-dd464a76e8b2 0c304dbd6973441ab7ef89b356244598 7e37d8face47420696c1e3aaa808f3c0 - - default default] Successfully bumped revision number for resource 9d3ddc85-c549-44a5-b243-472499f7d2a1 (type: networks) to 1
2026-04-22 19:40:47.510 10 INFO neutron.wsgi [None req-3d826a93-8aee-4093-b5f7-2593b5488c82 7975e1acb5494a238ff62f92ad612bee 41aea11e8ea541c181b1c6ed02bc5f87 - - default default] 10.0.0.53 "PUT /v2.0/routers/3b67f7be-31ba-42e1-93f8-bebcae70f6b0/remove_router_interface HTTP/1.1" status: 200 len: 503 time: 0.9551613 /var/lib/openstack/lib/python3.10/site-packages/pycadf/identifier.py:71: UserWarning: Invalid uuid: neutron. To ensure interoperability, identifiers should be a valid uuid. warnings.warn(('Invalid uuid: %s. To ensure interoperability, '
2026-04-22 19:40:47.557 10 INFO neutron.wsgi [None req-41798617-1e98-4e18-b6f9-844fc8c5fa70 7975e1acb5494a238ff62f92ad612bee 41aea11e8ea541c181b1c6ed02bc5f87 - - default default] 10.0.0.53 "GET /v2.0/ports?device_id=3b67f7be-31ba-42e1-93f8-bebcae70f6b0 HTTP/1.1" status: 200 len: 205 time: 0.0427642
2026-04-22 19:40:47.844 10 WARNING neutron.scheduler.dhcp_agent_scheduler [None req-31ce9bf8-1442-4ae5-93af-dd464a76e8b2 0c304dbd6973441ab7ef89b356244598 7e37d8face47420696c1e3aaa808f3c0 - - default default] No more DHCP agents
2026-04-22 19:40:47.847 10 WARNING neutron.api.rpc.agentnotifiers.dhcp_rpc_agent_api [None req-31ce9bf8-1442-4ae5-93af-dd464a76e8b2 0c304dbd6973441ab7ef89b356244598 7e37d8face47420696c1e3aaa808f3c0 - - default default] Unable to schedule network 9d3ddc85-c549-44a5-b243-472499f7d2a1: no agents available; will retry on subsequent port and subnet creation events.
2026-04-22 19:40:47.954 10 INFO neutron.wsgi [None req-9c2886d0-a4ab-4106-8dfa-01d1b043c13f 7975e1acb5494a238ff62f92ad612bee 41aea11e8ea541c181b1c6ed02bc5f87 - - default default] 10.0.0.53 "DELETE /v2.0/routers/3b67f7be-31ba-42e1-93f8-bebcae70f6b0 HTTP/1.1" status: 204 len: 168 time: 0.3920784
2026-04-22 19:40:48.010 10 INFO neutron.db.ovn_revision_numbers_db [None req-31ce9bf8-1442-4ae5-93af-dd464a76e8b2 0c304dbd6973441ab7ef89b356244598 7e37d8face47420696c1e3aaa808f3c0 - - default default] Successfully bumped revision number for resource 78c4dab1-cfe4-4267-9b9d-a3f1efa356af (type: ports) to 1
2026-04-22 19:40:48.039 10 INFO neutron.wsgi [None req-31ce9bf8-1442-4ae5-93af-dd464a76e8b2 0c304dbd6973441ab7ef89b356244598 7e37d8face47420696c1e3aaa808f3c0 - - default default] 10.0.0.53 "POST /v2.0/networks HTTP/1.1" status: 201 len: 835 time: 1.1174071
2026-04-22 19:40:48.050 9 WARNING neutron_lib.context [None req-a4e6aaaf-e874-4920-a6c3-154479a54abf 0c304dbd6973441ab7ef89b356244598 7e37d8face47420696c1e3aaa808f3c0 - - default default] Method 'is_advsvc' is deprecated since 2023.2 release (neutron-lib 3.8.0) and will be removed once support for the old RBAC API policies will be removed from Neutron. Please use method 'is_service_role' instead.
2026-04-22 19:40:48.162 10 INFO neutron.wsgi [None req-a91e7f32-aed5-4752-9832-5ad3c6bec7ee 7975e1acb5494a238ff62f92ad612bee 41aea11e8ea541c181b1c6ed02bc5f87 - - default default] 10.0.0.53 "DELETE /v2.0/subnets/218fa511-43fb-4472-bf32-75fa39b9d3a5 HTTP/1.1" status: 204 len: 168 time: 0.2006457
2026-04-22 19:40:48.297 9 WARNING neutron.scheduler.dhcp_agent_scheduler [None req-a4e6aaaf-e874-4920-a6c3-154479a54abf 0c304dbd6973441ab7ef89b356244598 7e37d8face47420696c1e3aaa808f3c0 - - default default] No more DHCP agents
2026-04-22 19:40:48.300 9 WARNING neutron.api.rpc.agentnotifiers.dhcp_rpc_agent_api [None req-a4e6aaaf-e874-4920-a6c3-154479a54abf 0c304dbd6973441ab7ef89b356244598 7e37d8face47420696c1e3aaa808f3c0 - - default default] Unable to schedule network 9d3ddc85-c549-44a5-b243-472499f7d2a1: no agents available; will retry on subsequent port and subnet creation events.
2026-04-22 19:40:48.335 9 INFO neutron.db.ovn_revision_numbers_db [None req-a4e6aaaf-e874-4920-a6c3-154479a54abf 0c304dbd6973441ab7ef89b356244598 7e37d8face47420696c1e3aaa808f3c0 - - default default] Successfully bumped revision number for resource 8d14e658-c3e0-491b-b445-24052a595b07 (type: subnets) to 0
2026-04-22 19:40:48.355 9 INFO neutron.wsgi [None req-a4e6aaaf-e874-4920-a6c3-154479a54abf 0c304dbd6973441ab7ef89b356244598 7e37d8face47420696c1e3aaa808f3c0 - - default default] 10.0.0.53 "POST /v2.0/subnets HTTP/1.1" status: 201 len: 821 time: 0.3105030
2026-04-22 19:40:48.369 9 WARNING neutron_lib.context [None req-095b5e29-3710-4f9d-b87c-a2b7b4c75ffa 0c304dbd6973441ab7ef89b356244598 7e37d8face47420696c1e3aaa808f3c0 - - default default] Method 'is_advsvc' is deprecated since 2023.2 release (neutron-lib 3.8.0) and will be removed once support for the old RBAC API policies will be removed from Neutron. Please use method 'is_service_role' instead.
2026-04-22 19:40:48.373 10 INFO neutron.wsgi [None req-c3d918cc-3ca0-426e-9569-d6decb50af97 7975e1acb5494a238ff62f92ad612bee 41aea11e8ea541c181b1c6ed02bc5f87 - - default default] 10.0.0.53 "DELETE /v2.0/subnets/260419aa-7b2b-40f1-a3d7-6b74b473f1ed HTTP/1.1" status: 204 len: 168 time: 0.2043102
2026-04-22 19:40:48.689 9 WARNING neutron.scheduler.dhcp_agent_scheduler [None req-095b5e29-3710-4f9d-b87c-a2b7b4c75ffa 0c304dbd6973441ab7ef89b356244598 7e37d8face47420696c1e3aaa808f3c0 - - default default] No more DHCP agents
2026-04-22 19:40:48.693 9 WARNING neutron.api.rpc.agentnotifiers.dhcp_rpc_agent_api [None req-095b5e29-3710-4f9d-b87c-a2b7b4c75ffa 0c304dbd6973441ab7ef89b356244598 7e37d8face47420696c1e3aaa808f3c0 - - default default] Unable to schedule network 9d3ddc85-c549-44a5-b243-472499f7d2a1: no agents available; will retry on subsequent port and subnet creation events.
2026-04-22 19:40:48.719 10 INFO neutron.services.segments.plugin [-] Segment 7e4370c7-12c1-4c3b-84de-950c42b61a65 resource provider aggregate not found
2026-04-22 19:40:48.724 10 INFO neutron.services.segments.plugin [-] Segment 7e4370c7-12c1-4c3b-84de-950c42b61a65 resource provider aggregate not found
2026-04-22 19:40:48.738 10 INFO neutron.services.segments.plugin [-] Segment 7e4370c7-12c1-4c3b-84de-950c42b61a65 resource provider not found; error: Placement Client Error (4xx): {"errors": [{"status": 404, "title": "Not Found", "detail": "The resource could not be found.\n\n No resource provider with uuid 7e4370c7-12c1-4c3b-84de-950c42b61a65 found for delete ", "request_id": "req-0c527253-941e-4e14-a0af-cf186dbe576e"}]}
2026-04-22 19:40:48.741 10 INFO neutron.services.segments.plugin [-] Segment 7e4370c7-12c1-4c3b-84de-950c42b61a65 resource provider not found; error: Placement Client Error (4xx): {"errors": [{"status": 404, "title": "Not Found", "detail": "The resource could not be found.\n\n No resource provider with uuid 7e4370c7-12c1-4c3b-84de-950c42b61a65 found for delete ", "request_id": "req-c11e73a7-3f6f-41de-a92d-74fca24babe7"}]}
2026-04-22 19:40:48.762 10 INFO neutron.wsgi [None req-d5b48157-d632-422f-a74b-d1dc060d0600 7975e1acb5494a238ff62f92ad612bee 41aea11e8ea541c181b1c6ed02bc5f87 - - default default] 10.0.0.53 "DELETE /v2.0/networks/5a9e4611-41b9-445b-b996-ad761a122606 HTTP/1.1" status: 204 len: 168 time: 0.3847797
2026-04-22 19:40:48.866 9 INFO neutron.db.ovn_revision_numbers_db [None req-095b5e29-3710-4f9d-b87c-a2b7b4c75ffa 0c304dbd6973441ab7ef89b356244598 7e37d8face47420696c1e3aaa808f3c0 - - default default] Successfully bumped revision number for resource b5dd1e10-a0a3-49aa-8387-d4ab67095c90 (type: ports) to 1
2026-04-22 19:40:48.889 9 INFO neutron.wsgi [None req-095b5e29-3710-4f9d-b87c-a2b7b4c75ffa 0c304dbd6973441ab7ef89b356244598 7e37d8face47420696c1e3aaa808f3c0 - - default default] 10.0.0.53 "POST /v2.0/ports HTTP/1.1" status: 201 len: 1127 time: 0.5290513
2026-04-22 19:40:49.415 9 INFO neutron.services.segments.plugin [-] Segment 33fb5b35-b485-49b1-a7fb-d32567066a95 resource provider aggregate not found
2026-04-22 19:40:49.420 9 INFO neutron.services.segments.plugin [-] Segment 33fb5b35-b485-49b1-a7fb-d32567066a95 resource provider aggregate not found
2026-04-22 19:40:49.439 9 INFO neutron.services.segments.plugin [-] Segment 33fb5b35-b485-49b1-a7fb-d32567066a95 resource provider not found; error: Placement Client Error (4xx): {"errors": [{"status": 404, "title": "Not Found", "detail": "The resource could not be found.\n\n No resource provider with uuid 33fb5b35-b485-49b1-a7fb-d32567066a95 found for delete ", "request_id": "req-040ff36d-b2e2-4827-a6ae-127f41e657b8"}]}
2026-04-22 19:40:49.440 9 INFO neutron.services.segments.plugin [-] Segment 33fb5b35-b485-49b1-a7fb-d32567066a95 resource provider not found; error: Placement Client Error (4xx): {"errors": [{"status": 404, "title": "Not Found", "detail": "The resource could not be found.\n\n No resource provider with uuid 33fb5b35-b485-49b1-a7fb-d32567066a95 found for delete ", "request_id": "req-80773a3c-903b-452d-9262-f66ae4757afb"}]}
2026-04-22 19:40:49.481 9 INFO neutron.wsgi [None req-55ef7ee3-8942-4c7a-8072-7a56084be49b 7975e1acb5494a238ff62f92ad612bee 41aea11e8ea541c181b1c6ed02bc5f87 - - default default] 10.0.0.53 "DELETE /v2.0/networks/c44ede72-ccb0-483c-b17f-48b64d98e325 HTTP/1.1" status: 204 len: 168 time: 0.7140777
2026-04-22 19:40:49.495 10 WARNING neutron_lib.context [None req-b4604c97-1af0-4105-b34f-78acdbd98c6e 7975e1acb5494a238ff62f92ad612bee 41aea11e8ea541c181b1c6ed02bc5f87 - - default default] Method 'is_advsvc' is deprecated since 2023.2 release (neutron-lib 3.8.0) and will be removed once support for the old RBAC API policies will be removed from Neutron. Please use method 'is_service_role' instead.
2026-04-22 19:40:49.499 9 INFO neutron.wsgi [None req-74d993ee-bcb0-4f74-b8db-68516ca50675 0c304dbd6973441ab7ef89b356244598 7e37d8face47420696c1e3aaa808f3c0 - - default default] 10.0.0.53 "DELETE /v2.0/ports/b5dd1e10-a0a3-49aa-8387-d4ab67095c90 HTTP/1.1" status: 204 len: 168 time: 0.6049123
2026-04-22 19:40:49.525 9 INFO neutron.pecan_wsgi.hooks.translation [None req-fbbe7886-7afc-4b5b-8db8-7703ec475d05 0c304dbd6973441ab7ef89b356244598 7e37d8face47420696c1e3aaa808f3c0 - - default default] GET failed (client error): The resource could not be found.
2026-04-22 19:40:49.528 9 INFO neutron.wsgi [None req-fbbe7886-7afc-4b5b-8db8-7703ec475d05 0c304dbd6973441ab7ef89b356244598 7e37d8face47420696c1e3aaa808f3c0 - - default default] 10.0.0.53 "GET /v2.0/ports/b5dd1e10-a0a3-49aa-8387-d4ab67095c90 HTTP/1.1" status: 404 len: 333 time: 0.0235424
2026-04-22 19:40:49.598 10 INFO neutron.db.segments_db [None req-b4604c97-1af0-4105-b34f-78acdbd98c6e 7975e1acb5494a238ff62f92ad612bee 41aea11e8ea541c181b1c6ed02bc5f87 - - default default] Added segment 7f855942-be22-4ad0-84db-48145365474d of type geneve for network e733e5d6-1539-4b1f-9b71-e27a01345072
2026-04-22 19:40:49.798 10 INFO neutron.wsgi [None req-0e7809de-8ae9-478d-8143-2934c7c379d5 0c304dbd6973441ab7ef89b356244598 7e37d8face47420696c1e3aaa808f3c0 - - default default] 10.0.0.53 "DELETE /v2.0/subnets/8d14e658-c3e0-491b-b445-24052a595b07 HTTP/1.1" status: 204 len: 168 time: 0.2645302
2026-04-22 19:40:49.799 10 INFO neutron.db.ovn_revision_numbers_db [None req-b4604c97-1af0-4105-b34f-78acdbd98c6e 7975e1acb5494a238ff62f92ad612bee 41aea11e8ea541c181b1c6ed02bc5f87 - - default default] Successfully bumped revision number for resource e733e5d6-1539-4b1f-9b71-e27a01345072 (type: networks) to 1
2026-04-22 19:40:50.076 10 WARNING neutron.scheduler.dhcp_agent_scheduler [None req-b4604c97-1af0-4105-b34f-78acdbd98c6e 7975e1acb5494a238ff62f92ad612bee 41aea11e8ea541c181b1c6ed02bc5f87 - - default default] No more DHCP agents
2026-04-22 19:40:50.080 10 WARNING neutron.api.rpc.agentnotifiers.dhcp_rpc_agent_api [None req-b4604c97-1af0-4105-b34f-78acdbd98c6e 7975e1acb5494a238ff62f92ad612bee 41aea11e8ea541c181b1c6ed02bc5f87 - - default default] Unable to schedule network e733e5d6-1539-4b1f-9b71-e27a01345072: no agents available; will retry on subsequent port and subnet creation events.
2026-04-22 19:40:50.375 10 INFO neutron.db.ovn_revision_numbers_db [None req-b4604c97-1af0-4105-b34f-78acdbd98c6e 7975e1acb5494a238ff62f92ad612bee 41aea11e8ea541c181b1c6ed02bc5f87 - - default default] Successfully bumped revision number for resource bd9cf848-7373-4695-af50-d0c2ddbc7919 (type: ports) to 1
2026-04-22 19:40:50.414 10 INFO neutron.wsgi [None req-b4604c97-1af0-4105-b34f-78acdbd98c6e 7975e1acb5494a238ff62f92ad612bee 41aea11e8ea541c181b1c6ed02bc5f87 - - default default] 10.0.0.53 "POST /v2.0/networks HTTP/1.1" status: 201 len: 829 time: 0.9263523
2026-04-22 19:40:50.423 9 WARNING neutron_lib.context [None req-f56aa1b8-a39f-46ac-b838-3cffc89df9df 7975e1acb5494a238ff62f92ad612bee 41aea11e8ea541c181b1c6ed02bc5f87 - - default default] Method 'is_advsvc' is deprecated since 2023.2 release (neutron-lib 3.8.0) and will be removed once support for the old RBAC API policies will be removed from Neutron. Please use method 'is_service_role' instead.
2026-04-22 19:40:50.533 10 INFO neutron.wsgi [None req-4a8850f7-57a3-4b2d-816b-a15bc2117e41 0c304dbd6973441ab7ef89b356244598 7e37d8face47420696c1e3aaa808f3c0 - - default default] 10.0.0.53 "DELETE /v2.0/networks/9d3ddc85-c549-44a5-b243-472499f7d2a1 HTTP/1.1" status: 204 len: 168 time: 0.7295675
2026-04-22 19:40:50.548 10 WARNING neutron_lib.context [None req-05c03c42-dbf2-4cb4-a1fc-f78fc221464e 0c304dbd6973441ab7ef89b356244598 7e37d8face47420696c1e3aaa808f3c0 - - default default] Method 'is_advsvc' is deprecated since 2023.2 release (neutron-lib 3.8.0) and will be removed once support for the old RBAC API policies will be removed from Neutron. Please use method 'is_service_role' instead.
2026-04-22 19:40:50.707 9 WARNING neutron.scheduler.dhcp_agent_scheduler [None req-f56aa1b8-a39f-46ac-b838-3cffc89df9df 7975e1acb5494a238ff62f92ad612bee 41aea11e8ea541c181b1c6ed02bc5f87 - - default default] No more DHCP agents
2026-04-22 19:40:50.708 9 INFO neutron.db.ovn_revision_numbers_db [None req-8f333268-dbe3-49a4-9ec4-28ad1d16ecdc ee2f3d3ab3a143b9885bf97c048b0ef6 e95d747a0c2a412389ead86875c3a8ec - - default default] Successfully bumped revision number for resource 2363a40d-5127-40bd-accc-942a74ffdbb8 (type: security_groups) to 1
2026-04-22 19:40:50.710 9 WARNING neutron.api.rpc.agentnotifiers.dhcp_rpc_agent_api [None req-f56aa1b8-a39f-46ac-b838-3cffc89df9df 7975e1acb5494a238ff62f92ad612bee 41aea11e8ea541c181b1c6ed02bc5f87 - - default default] Unable to schedule network e733e5d6-1539-4b1f-9b71-e27a01345072: no agents available; will retry on subsequent port and subnet creation events.
2026-04-22 19:40:50.732 9 INFO neutron.db.ovn_revision_numbers_db [None req-8f333268-dbe3-49a4-9ec4-28ad1d16ecdc ee2f3d3ab3a143b9885bf97c048b0ef6 e95d747a0c2a412389ead86875c3a8ec - - default default] Successfully bumped revision number for resource 0bed3ad6-a54c-4f1b-a2d3-9481ef125dd4 (type: security_group_rules) to 0
2026-04-22 19:40:50.755 10 INFO neutron.services.segments.plugin [-] Segment 7a91190b-9da1-4047-97bc-74f2039e5076 resource provider aggregate not found
2026-04-22 19:40:50.764 9 INFO neutron.db.ovn_revision_numbers_db [None req-8f333268-dbe3-49a4-9ec4-28ad1d16ecdc ee2f3d3ab3a143b9885bf97c048b0ef6 e95d747a0c2a412389ead86875c3a8ec - - default default] Successfully bumped revision number for resource 0e6d1139-04da-456a-95d4-b42dc36a0e2f (type: security_group_rules) to 0
2026-04-22 19:40:50.766 10 INFO neutron.services.segments.plugin [-] Segment 7a91190b-9da1-4047-97bc-74f2039e5076 resource provider aggregate not found
2026-04-22 19:40:50.774 10 INFO neutron.services.segments.plugin [-] Segment 7a91190b-9da1-4047-97bc-74f2039e5076 resource provider not found; error: Placement Client Error (4xx): {"errors": [{"status": 404, "title": "Not Found", "detail": "The resource could not be found.\n\n No resource provider with uuid 7a91190b-9da1-4047-97bc-74f2039e5076 found for delete ", "request_id": "req-6e4e1f66-97eb-4f68-bb2e-3fc510ac2127"}]}
2026-04-22 19:40:50.785 9 INFO neutron.db.ovn_revision_numbers_db [None req-8f333268-dbe3-49a4-9ec4-28ad1d16ecdc ee2f3d3ab3a143b9885bf97c048b0ef6 e95d747a0c2a412389ead86875c3a8ec - - default default] Successfully bumped revision number for resource 0f44b3f3-8068-44b1-8e0d-8bdc35c2da36 (type: security_group_rules) to 0
2026-04-22 19:40:50.791 10 INFO neutron.services.segments.plugin [-] Segment 7a91190b-9da1-4047-97bc-74f2039e5076 resource provider not found; error: Placement Client Error (4xx): {"errors": [{"status": 404, "title": "Not Found", "detail": "The resource could not be found.\n\n No resource provider with uuid 7a91190b-9da1-4047-97bc-74f2039e5076 found for delete ", "request_id": "req-636d4274-6681-4d06-8e36-3a937e522a5d"}]}
