2026-04-22 19:42:55.002 9 WARNING neutron.api.rpc.agentnotifiers.dhcp_rpc_agent_api [None req-a707d9ee-1011-4dd8-b8f1-235f1eea79de 2b89a5904df74e9cb64acc7f205c867f 2f218953071749c1bedf01c5455ad821 - - default default] Unable to schedule network 7ae871a6-642a-4842-82bb-8d1da49ff1c3: no agents available; will retry on subsequent port and subnet creation events.
2026-04-22 19:42:55.083 9 INFO neutron.db.ovn_revision_numbers_db [None req-a707d9ee-1011-4dd8-b8f1-235f1eea79de 2b89a5904df74e9cb64acc7f205c867f 2f218953071749c1bedf01c5455ad821 - - default default] Successfully bumped revision number for resource fef0b4d1-05e8-400b-925e-70105c710625 (type: ports) to 1
2026-04-22 19:42:55.106 9 INFO neutron.wsgi [None req-a707d9ee-1011-4dd8-b8f1-235f1eea79de 2b89a5904df74e9cb64acc7f205c867f 2f218953071749c1bedf01c5455ad821 - - default default] 10.0.0.53 "POST /v2.0/networks HTTP/1.1" status: 201 len: 830 time: 0.6828628
2026-04-22 19:42:55.118 9 WARNING neutron_lib.context [None req-8d674a5c-3875-437c-8e1a-5008869ed483 2b89a5904df74e9cb64acc7f205c867f 2f218953071749c1bedf01c5455ad821 - - default default] Method 'is_advsvc' is deprecated since 2023.2 release (neutron-lib 3.8.0) and will be removed once support for the old RBAC API policies will be removed from Neutron. Please use method 'is_service_role' instead.
2026-04-22 19:42:55.127 10 INFO neutron.db.ovn_revision_numbers_db [None req-2b2bca1e-b352-4c0b-b9b7-f56969f3ada2 29d1dd3d8cc24bd6a6ce0b620fbb91a4 fc4d0f1d08824aa7a6f33dc313c5a32f - - default default] Successfully bumped revision number for resource f1765473-f12d-4d13-8763-ff632c9f9d06 (type: security_group_rules) to 0
2026-04-22 19:42:55.173 10 INFO neutron.wsgi [None req-2b2bca1e-b352-4c0b-b9b7-f56969f3ada2 29d1dd3d8cc24bd6a6ce0b620fbb91a4 fc4d0f1d08824aa7a6f33dc313c5a32f - - default default] 10.0.0.53 "POST /v2.0/security-group-rules HTTP/1.1" status: 201 len: 766 time: 0.2211390
2026-04-22 19:42:55.187 9 WARNING neutron_lib.context [None req-99efaea4-ff59-4ad5-9f77-70e390de22bc 29d1dd3d8cc24bd6a6ce0b620fbb91a4 fc4d0f1d08824aa7a6f33dc313c5a32f - - default default] Method 'is_advsvc' is deprecated since 2023.2 release (neutron-lib 3.8.0) and will be removed once support for the old RBAC API policies will be removed from Neutron. Please use method 'is_service_role' instead.
2026-04-22 19:42:55.455 9 INFO neutron.db.ovn_revision_numbers_db [None req-99efaea4-ff59-4ad5-9f77-70e390de22bc 29d1dd3d8cc24bd6a6ce0b620fbb91a4 fc4d0f1d08824aa7a6f33dc313c5a32f - - default default] Successfully bumped revision number for resource e8f48b2e-9f70-4cb0-bf03-9ecacfb44b60 (type: security_group_rules) to 0
2026-04-22 19:42:55.472 9 WARNING neutron.scheduler.dhcp_agent_scheduler [None req-8d674a5c-3875-437c-8e1a-5008869ed483 2b89a5904df74e9cb64acc7f205c867f 2f218953071749c1bedf01c5455ad821 - - default default] No more DHCP agents
2026-04-22 19:42:55.480 9 WARNING neutron.api.rpc.agentnotifiers.dhcp_rpc_agent_api [None req-8d674a5c-3875-437c-8e1a-5008869ed483 2b89a5904df74e9cb64acc7f205c867f 2f218953071749c1bedf01c5455ad821 - - default default] Unable to schedule network 7ae871a6-642a-4842-82bb-8d1da49ff1c3: no agents available; will retry on subsequent port and subnet creation events.
2026-04-22 19:42:55.492 10 INFO neutron.wsgi [None req-e301a9ce-66e6-4506-a204-9cb8a2147bb0 ccc34db87ab74f3ab0b2991b45f22c61 499fff5a35cb4422b946f89d7b3f3ee2 - - default default] 10.0.0.53 "DELETE /v2.0/ports/19fb0eda-57e3-48c6-929f-0c56b9c8b176 HTTP/1.1" status: 204 len: 168 time: 0.5073810
2026-04-22 19:42:55.512 9 INFO neutron.wsgi [None req-99efaea4-ff59-4ad5-9f77-70e390de22bc 29d1dd3d8cc24bd6a6ce0b620fbb91a4 fc4d0f1d08824aa7a6f33dc313c5a32f - - default default] 10.0.0.53 "POST /v2.0/security-group-rules HTTP/1.1" status: 201 len: 768 time: 0.3348162
2026-04-22 19:42:55.524 10 WARNING neutron_lib.context [None req-96d26653-fafe-49a9-9a51-893bbec053b3 29d1dd3d8cc24bd6a6ce0b620fbb91a4 fc4d0f1d08824aa7a6f33dc313c5a32f - - default default] Method 'is_advsvc' is deprecated since 2023.2 release (neutron-lib 3.8.0) and will be removed once support for the old RBAC API policies will be removed from Neutron. Please use method 'is_service_role' instead.
2026-04-22 19:42:55.734 10 INFO neutron.db.ovn_revision_numbers_db [None req-96d26653-fafe-49a9-9a51-893bbec053b3 29d1dd3d8cc24bd6a6ce0b620fbb91a4 fc4d0f1d08824aa7a6f33dc313c5a32f - - default default] Successfully bumped revision number for resource 1e24ebce-1772-461c-8272-202e429577fa (type: security_group_rules) to 0
2026-04-22 19:42:55.762 10 INFO neutron.wsgi [None req-96d26653-fafe-49a9-9a51-893bbec053b3 29d1dd3d8cc24bd6a6ce0b620fbb91a4 fc4d0f1d08824aa7a6f33dc313c5a32f - - default default] 10.0.0.53 "POST /v2.0/security-group-rules HTTP/1.1" status: 201 len: 768 time: 0.2435455
2026-04-22 19:42:55.776 9 WARNING neutron_lib.context [None req-792217cb-8512-4f0e-8987-d87172789eb0 29d1dd3d8cc24bd6a6ce0b620fbb91a4 fc4d0f1d08824aa7a6f33dc313c5a32f - - default default] Method 'is_advsvc' is deprecated since 2023.2 release (neutron-lib 3.8.0) and will be removed once support for the old RBAC API policies will be removed from Neutron. Please use method 'is_service_role' instead.
2026-04-22 19:42:55.802 10 INFO neutron.wsgi [None req-9e530e01-f0d7-4ece-a819-113a1f5adeca ccc34db87ab74f3ab0b2991b45f22c61 499fff5a35cb4422b946f89d7b3f3ee2 - - default default] 10.0.0.53 "DELETE /v2.0/ports/cd572f97-5487-4789-85e5-ededb4afbde2 HTTP/1.1" status: 204 len: 168 time: 0.3032768
2026-04-22 19:42:55.939 9 INFO neutron.db.ovn_revision_numbers_db [None req-792217cb-8512-4f0e-8987-d87172789eb0 29d1dd3d8cc24bd6a6ce0b620fbb91a4 fc4d0f1d08824aa7a6f33dc313c5a32f - - default default] Successfully bumped revision number for resource 8e5c16dc-6d04-4e4b-8de2-d61b504b3c7e (type: security_group_rules) to 0
2026-04-22 19:42:55.997 9 INFO neutron.wsgi [None req-792217cb-8512-4f0e-8987-d87172789eb0 29d1dd3d8cc24bd6a6ce0b620fbb91a4 fc4d0f1d08824aa7a6f33dc313c5a32f - - default default] 10.0.0.53 "POST /v2.0/security-group-rules HTTP/1.1" status: 201 len: 764 time: 0.2276294
2026-04-22 19:42:56.007 10 WARNING neutron_lib.context [None req-3aa4cbd2-4f31-4d88-add5-0379d36cb5b6 29d1dd3d8cc24bd6a6ce0b620fbb91a4 fc4d0f1d08824aa7a6f33dc313c5a32f - - default default] Method 'is_advsvc' is deprecated since 2023.2 release (neutron-lib 3.8.0) and will be removed once support for the old RBAC API policies will be removed from Neutron. Please use method 'is_service_role' instead.
2026-04-22 19:42:56.050 10 INFO neutron.wsgi [None req-19a5f38f-0b0d-4b45-b062-9e3643270b9e ccc34db87ab74f3ab0b2991b45f22c61 499fff5a35cb4422b946f89d7b3f3ee2 - - default default] 10.0.0.53 "DELETE /v2.0/ports/0b8302a3-c515-42c5-84a7-d405a0a7ef51 HTTP/1.1" status: 204 len: 168 time: 0.2362781
2026-04-22 19:42:56.130 9 INFO neutron.db.ovn_revision_numbers_db [None req-8d674a5c-3875-437c-8e1a-5008869ed483 2b89a5904df74e9cb64acc7f205c867f 2f218953071749c1bedf01c5455ad821 - - default default] Successfully bumped revision number for resource fef0b4d1-05e8-400b-925e-70105c710625 (type: ports) to 2
2026-04-22 19:42:56.179 9 INFO neutron.db.ovn_revision_numbers_db [None req-8d674a5c-3875-437c-8e1a-5008869ed483 2b89a5904df74e9cb64acc7f205c867f 2f218953071749c1bedf01c5455ad821 - - default default] Successfully bumped revision number for resource aa601c24-ae11-43f8-b6c3-499a44175f9f (type: subnets) to 0
2026-04-22 19:42:56.183 10 INFO neutron.db.ovn_revision_numbers_db [None req-3aa4cbd2-4f31-4d88-add5-0379d36cb5b6 29d1dd3d8cc24bd6a6ce0b620fbb91a4 fc4d0f1d08824aa7a6f33dc313c5a32f - - default default] Successfully bumped revision number for resource bec002d5-6ead-4487-b7f9-4296d671c08e (type: security_group_rules) to 0
2026-04-22 19:42:56.196 9 INFO neutron.wsgi [None req-8d674a5c-3875-437c-8e1a-5008869ed483 2b89a5904df74e9cb64acc7f205c867f 2f218953071749c1bedf01c5455ad821 - - default default] 10.0.0.53 "POST /v2.0/subnets HTTP/1.1" status: 201 len: 804 time: 1.0835578
2026-04-22 19:42:56.215 10 INFO neutron.wsgi [None req-3aa4cbd2-4f31-4d88-add5-0379d36cb5b6 29d1dd3d8cc24bd6a6ce0b620fbb91a4 fc4d0f1d08824aa7a6f33dc313c5a32f - - default default] 10.0.0.53 "POST /v2.0/security-group-rules HTTP/1.1" status: 201 len: 764 time: 0.2134795
2026-04-22 19:42:56.225 10 WARNING neutron_lib.context [None req-1b7bd1dd-bc63-4ce3-9138-24ac88ce627c 29d1dd3d8cc24bd6a6ce0b620fbb91a4 fc4d0f1d08824aa7a6f33dc313c5a32f - - default default] Method 'is_advsvc' is deprecated since 2023.2 release (neutron-lib 3.8.0) and will be removed once support for the old RBAC API policies will be removed from Neutron. Please use method 'is_service_role' instead.
2026-04-22 19:42:56.297 9 INFO neutron.wsgi [None req-4554bb47-a3b6-46d6-8a18-251341919f70 2b89a5904df74e9cb64acc7f205c867f 2f218953071749c1bedf01c5455ad821 - - default default] 10.0.0.53 "PUT /v2.0/subnets/f6376025-66fd-4825-9f29-e51b6a4b8fb3/tags HTTP/1.1" status: 200 len: 210 time: 0.0973709
2026-04-22 19:42:56.355 10 INFO neutron.db.ovn_revision_numbers_db [None req-1b7bd1dd-bc63-4ce3-9138-24ac88ce627c 29d1dd3d8cc24bd6a6ce0b620fbb91a4 fc4d0f1d08824aa7a6f33dc313c5a32f - - default default] Successfully bumped revision number for resource dd31b6c0-6272-47c0-bd6e-05a5a1fa8eaf (type: security_group_rules) to 0
2026-04-22 19:42:56.368 9 INFO neutron.wsgi [None req-9cbab40a-8627-4447-bc88-4abd344d16da 2b89a5904df74e9cb64acc7f205c867f 2f218953071749c1bedf01c5455ad821 - - default default] 10.0.0.53 "PUT /v2.0/subnets/bada33a8-8891-4cd3-944a-ff20d290cd8d/tags HTTP/1.1" status: 200 len: 218 time: 0.0655966
2026-04-22 19:42:56.382 10 INFO neutron.wsgi [None req-1b7bd1dd-bc63-4ce3-9138-24ac88ce627c 29d1dd3d8cc24bd6a6ce0b620fbb91a4 fc4d0f1d08824aa7a6f33dc313c5a32f - - default default] 10.0.0.53 "POST /v2.0/security-group-rules HTTP/1.1" status: 201 len: 764 time: 0.1604652
2026-04-22 19:42:56.391 10 WARNING neutron_lib.context [None req-b963c2ea-9c19-4125-ad68-59f8c5250409 29d1dd3d8cc24bd6a6ce0b620fbb91a4 fc4d0f1d08824aa7a6f33dc313c5a32f - - default default] Method 'is_advsvc' is deprecated since 2023.2 release (neutron-lib 3.8.0) and will be removed once support for the old RBAC API policies will be removed from Neutron. Please use method 'is_service_role' instead.
2026-04-22 19:42:56.445 9 INFO neutron.wsgi [None req-66b39f77-4604-473e-8b1b-a99aa26a29bd 2b89a5904df74e9cb64acc7f205c867f 2f218953071749c1bedf01c5455ad821 - - default default] 10.0.0.53 "PUT /v2.0/subnets/e1d37421-c884-476d-a214-46dc4f8a009d/tags HTTP/1.1" status: 200 len: 227 time: 0.0739610
2026-04-22 19:42:56.516 10 INFO neutron.db.ovn_revision_numbers_db [None req-b963c2ea-9c19-4125-ad68-59f8c5250409 29d1dd3d8cc24bd6a6ce0b620fbb91a4 fc4d0f1d08824aa7a6f33dc313c5a32f - - default default] Successfully bumped revision number for resource 4e5ce5e6-d079-4ab2-9def-c7b080a00560 (type: security_group_rules) to 0
2026-04-22 19:42:56.521 9 INFO neutron.services.segments.plugin [-] Segment c31b0e3d-a1d8-4a2d-89cc-f539341c85f7 resource provider aggregate not found
2026-04-22 19:42:56.528 9 INFO neutron.services.segments.plugin [-] Segment c31b0e3d-a1d8-4a2d-89cc-f539341c85f7 resource provider aggregate not found
2026-04-22 19:42:56.538 10 INFO neutron.wsgi [None req-b963c2ea-9c19-4125-ad68-59f8c5250409 29d1dd3d8cc24bd6a6ce0b620fbb91a4 fc4d0f1d08824aa7a6f33dc313c5a32f - - default default] 10.0.0.53 "POST /v2.0/security-group-rules HTTP/1.1" status: 201 len: 766 time: 0.1516180
2026-04-22 19:42:56.545 10 WARNING neutron_lib.context [None req-151d947e-8ec0-4040-92b0-01bb57386072 29d1dd3d8cc24bd6a6ce0b620fbb91a4 fc4d0f1d08824aa7a6f33dc313c5a32f - - default default] Method 'is_advsvc' is deprecated since 2023.2 release (neutron-lib 3.8.0) and will be removed once support for the old RBAC API policies will be removed from Neutron. Please use method 'is_service_role' instead.
2026-04-22 19:42:56.546 9 INFO neutron.services.segments.plugin [-] Segment c31b0e3d-a1d8-4a2d-89cc-f539341c85f7 resource provider not found; error: Placement Client Error (4xx): {"errors": [{"status": 404, "title": "Not Found", "detail": "The resource could not be found.\n\n No resource provider with uuid c31b0e3d-a1d8-4a2d-89cc-f539341c85f7 found for delete ", "request_id": "req-5b019833-d0fb-484c-a9f6-451c5d1d9d76"}]}
2026-04-22 19:42:56.548 9 INFO neutron.services.segments.plugin [-] Segment c31b0e3d-a1d8-4a2d-89cc-f539341c85f7 resource provider not found; error: Placement Client Error (4xx): {"errors": [{"status": 404, "title": "Not Found", "detail": "The resource could not be found.\n\n No resource provider with uuid c31b0e3d-a1d8-4a2d-89cc-f539341c85f7 found for delete ", "request_id": "req-5773d1dc-f750-4f65-a26f-68209117b8ba"}]}
2026-04-22 19:42:56.550 9 INFO neutron.wsgi [None req-7d25f0b1-ed26-4752-9939-ebcc292e73c5 2b89a5904df74e9cb64acc7f205c867f 2f218953071749c1bedf01c5455ad821 - - default default] 10.0.0.53 "PUT /v2.0/subnets/9036c1f9-ae97-48b8-abbf-3ae66ab4268a/tags HTTP/1.1" status: 200 len: 212 time: 0.0993869
2026-04-22 19:42:56.575 9 INFO neutron.wsgi [None req-18fbe224-a50d-4db0-847b-9933f965332f ccc34db87ab74f3ab0b2991b45f22c61 499fff5a35cb4422b946f89d7b3f3ee2 - - default default] 10.0.0.53 "DELETE /v2.0/networks/ba30968b-9824-44b5-971c-9d0f971404ae HTTP/1.1" status: 204 len: 168 time: 0.5186648
2026-04-22 19:42:56.634 10 INFO neutron.wsgi [None req-6a4304e9-e884-4b01-b3b5-f3d8f276e5f9 2b89a5904df74e9cb64acc7f205c867f 2f218953071749c1bedf01c5455ad821 - - default default] 10.0.0.53 "GET /v2.0/subnets?tags=red HTTP/1.1" status: 200 len: 2027 time: 0.0781631
2026-04-22 19:42:56.708 9 INFO neutron.wsgi [None req-034f9633-e472-4c28-8961-75dc182cc502 2b89a5904df74e9cb64acc7f205c867f 2f218953071749c1bedf01c5455ad821 - - default default] 10.0.0.53 "GET /v2.0/subnets?tags=red%2Cblue HTTP/1.1" status: 200 len: 1430 time: 0.0677969
2026-04-22 19:42:56.761 10 INFO neutron.db.ovn_revision_numbers_db [None req-151d947e-8ec0-4040-92b0-01bb57386072 29d1dd3d8cc24bd6a6ce0b620fbb91a4 fc4d0f1d08824aa7a6f33dc313c5a32f - - default default] Successfully bumped revision number for resource 3121420a-f68f-469f-ad91-5f49cd2c7d86 (type: security_group_rules) to 0
2026-04-22 19:42:56.814 10 INFO neutron.wsgi [None req-151d947e-8ec0-4040-92b0-01bb57386072 29d1dd3d8cc24bd6a6ce0b620fbb91a4 fc4d0f1d08824aa7a6f33dc313c5a32f - - default default] 10.0.0.53 "POST /v2.0/security-group-rules HTTP/1.1" status: 201 len: 768 time: 0.2717295
2026-04-22 19:42:56.832 10 WARNING neutron_lib.context [None req-0747b519-6ca2-4e31-9e58-6cb8e57e9f5f 29d1dd3d8cc24bd6a6ce0b620fbb91a4 fc4d0f1d08824aa7a6f33dc313c5a32f - - default default] Method 'is_advsvc' is deprecated since 2023.2 release (neutron-lib 3.8.0) and will be removed once support for the old RBAC API policies will be removed from Neutron. Please use method 'is_service_role' instead.
2026-04-22 19:42:57.026 10 INFO neutron.services.segments.plugin [-] Segment 174b05e6-07d1-4619-99c2-a691904529df resource provider aggregate not found
2026-04-22 19:42:57.031 10 INFO neutron.services.segments.plugin [-] Segment 174b05e6-07d1-4619-99c2-a691904529df resource provider aggregate not found
2026-04-22 19:42:57.042 10 INFO neutron.db.ovn_revision_numbers_db [None req-0747b519-6ca2-4e31-9e58-6cb8e57e9f5f 29d1dd3d8cc24bd6a6ce0b620fbb91a4 fc4d0f1d08824aa7a6f33dc313c5a32f - - default default] Successfully bumped revision number for resource a225ac98-0993-4e13-a883-0f2e60ec39b8 (type: security_group_rules) to 0
2026-04-22 19:42:57.044 10 INFO neutron.services.segments.plugin [-] Segment 174b05e6-07d1-4619-99c2-a691904529df resource provider not found; error: Placement Client Error (4xx): {"errors": [{"status": 404, "title": "Not Found", "detail": "The resource could not be found.\n\n No resource provider with uuid 174b05e6-07d1-4619-99c2-a691904529df found for delete ", "request_id": "req-7ed7e636-ef5a-44b5-86c4-7d21914965b1"}]}
2026-04-22 19:42:57.055 10 INFO neutron.services.segments.plugin [-] Segment 174b05e6-07d1-4619-99c2-a691904529df resource provider not found; error: Placement Client Error (4xx): {"errors": [{"status": 404, "title": "Not Found", "detail": "The resource could not be found.\n\n No resource provider with uuid 174b05e6-07d1-4619-99c2-a691904529df found for delete ", "request_id": "req-6630a9e8-1fd1-4647-b009-05fca0668e36"}]}
2026-04-22 19:42:57.074 10 INFO neutron.wsgi [None req-0747b519-6ca2-4e31-9e58-6cb8e57e9f5f 29d1dd3d8cc24bd6a6ce0b620fbb91a4 fc4d0f1d08824aa7a6f33dc313c5a32f - - default default] 10.0.0.53 "POST /v2.0/security-group-rules HTTP/1.1" status: 201 len: 764 time: 0.2473605
2026-04-22 19:42:57.082 10 INFO neutron.wsgi [None req-5879be50-2391-4c90-8773-84a79c909d96 ccc34db87ab74f3ab0b2991b45f22c61 499fff5a35cb4422b946f89d7b3f3ee2 - - default default] 10.0.0.53 "DELETE /v2.0/networks/69ecf7c6-c7ac-4915-812b-28fa8158cdaa HTTP/1.1" status: 204 len: 168 time: 0.5011714
2026-04-22 19:42:57.110 9 INFO neutron.wsgi [None req-9605b5a6-3e14-45c0-b631-a8e89eda32c8 2b89a5904df74e9cb64acc7f205c867f 2f218953071749c1bedf01c5455ad821 - - default default] 10.0.0.53 "GET /v2.0/subnets?tags-any=blue HTTP/1.1" status: 200 len: 1430 time: 0.3979294
2026-04-22 19:42:57.157 9 INFO neutron.wsgi [None req-cb088505-11ef-4ffd-adc9-f89910068cc6 2b89a5904df74e9cb64acc7f205c867f 2f218953071749c1bedf01c5455ad821 - - default default] 10.0.0.53 "GET /v2.0/subnets?tags-any=red%2Cblue HTTP/1.1" status: 200 len: 2027 time: 0.0405028
2026-04-22 19:42:57.217 9 INFO neutron.wsgi [None req-43c8f46c-f1db-456d-949e-081ec97c218a 2b89a5904df74e9cb64acc7f205c867f 2f218953071749c1bedf01c5455ad821 - - default default] 10.0.0.53 "GET /v2.0/subnets?not-tags=red HTTP/1.1" status: 200 len: 2018 time: 0.0543721
2026-04-22 19:42:57.318 9 INFO neutron.wsgi [None req-e09b3153-118f-4e88-9381-6f5bd0a3b10e 2b89a5904df74e9cb64acc7f205c867f 2f218953071749c1bedf01c5455ad821 - - default default] 10.0.0.53 "GET /v2.0/subnets?not-tags=red%2Cblue HTTP/1.1" status: 200 len: 2615 time: 0.0955334
2026-04-22 19:42:57.389 10 INFO neutron.wsgi [req-79de7b57-754d-44f4-b2f3-c3610b49dcf8 req-1b07ae72-9f48-4e01-878f-bc46e98f43bb 29d1dd3d8cc24bd6a6ce0b620fbb91a4 fc4d0f1d08824aa7a6f33dc313c5a32f - - default default] 10.0.0.78 "GET /v2.0/security-groups?name=tempest-lb_member_SG-315476366&fields=id&tenant_id=fc4d0f1d08824aa7a6f33dc313c5a32f HTTP/1.1" status: 200 len: 267 time: 0.0598443
2026-04-22 19:42:57.394 9 INFO neutron.wsgi [None req-7fc8f881-f0f8-4281-952c-37dee40e981c 2b89a5904df74e9cb64acc7f205c867f 2f218953071749c1bedf01c5455ad821 - - default default] 10.0.0.53 "GET /v2.0/subnets?not-tags-any=blue HTTP/1.1" status: 200 len: 2615 time: 0.0698175
2026-04-22 19:42:57.447 9 INFO neutron.wsgi [None req-828f12ed-33ce-4343-b0d8-c18d697dee97 2b89a5904df74e9cb64acc7f205c867f 2f218953071749c1bedf01c5455ad821 - - default default] 10.0.0.53 "GET /v2.0/subnets?not-tags-any=red%2Cblue HTTP/1.1" status: 200 len: 2018 time: 0.0490119
2026-04-22 19:42:57.537 10 INFO neutron.wsgi [req-79de7b57-754d-44f4-b2f3-c3610b49dcf8 req-be0a2d1e-9be3-4128-8c6b-ceaeb66086cb 29d1dd3d8cc24bd6a6ce0b620fbb91a4 fc4d0f1d08824aa7a6f33dc313c5a32f - - default default] 10.0.0.78 "GET /v2.0/networks?id=9b0664e6-ef3e-43ee-b7e4-c5269fc0d99a HTTP/1.1" status: 200 len: 903 time: 0.1394427
2026-04-22 19:42:57.581 10 INFO neutron.wsgi [req-79de7b57-754d-44f4-b2f3-c3610b49dcf8 req-8841c566-288a-4dc3-bd04-08031753741b 29d1dd3d8cc24bd6a6ce0b620fbb91a4 fc4d0f1d08824aa7a6f33dc313c5a32f - - default default] 10.0.0.78 "GET /v2.0/quotas/fc4d0f1d08824aa7a6f33dc313c5a32f HTTP/1.1" status: 200 len: 386 time: 0.0350840
2026-04-22 19:42:57.676 10 INFO neutron.wsgi [None req-f10fc399-3e97-49b9-bb46-95a2395bf9aa ccc34db87ab74f3ab0b2991b45f22c61 499fff5a35cb4422b946f89d7b3f3ee2 - - default default] 10.0.0.53 "DELETE /v2.0/networks/95e45cad-9832-40b8-8471-260dfa0242e8 HTTP/1.1" status: 204 len: 168 time: 0.5856109
2026-04-22 19:42:57.677 9 INFO neutron.wsgi [None req-4b9258aa-98cb-4b44-b496-8f8eeb70134f 2b89a5904df74e9cb64acc7f205c867f 2f218953071749c1bedf01c5455ad821 - - default default] 10.0.0.53 "DELETE /v2.0/subnets/f6376025-66fd-4825-9f29-e51b6a4b8fb3 HTTP/1.1" status: 204 len: 168 time: 0.2229548
2026-04-22 19:42:58.103 10 INFO neutron.wsgi [req-79de7b57-754d-44f4-b2f3-c3610b49dcf8 req-4b8047f3-7b9a-4e79-8206-50858d3b896e 29d1dd3d8cc24bd6a6ce0b620fbb91a4 fc4d0f1d08824aa7a6f33dc313c5a32f - - default default] 10.0.0.78 "GET /v2.0/ports?tenant_id=fc4d0f1d08824aa7a6f33dc313c5a32f&fields=id HTTP/1.1" status: 200 len: 486 time: 0.5158126
2026-04-22 19:42:58.182 9 INFO neutron.wsgi [-] 10.0.0.157 "GET / HTTP/1.1" status: 200 len: 247 time: 0.0013833
2026-04-22 19:42:58.183 9 INFO neutron.wsgi [-] 10.0.0.157 "GET / HTTP/1.1" status: 200 len: 247 time: 0.0009913
2026-04-22 19:42:58.188 9 WARNING neutron.plugins.ml2.drivers.ovn.mech_driver.ovsdb.ovn_client [None req-0f7edde9-43a3-45cf-ae74-5f357d8d0ae2 - - - - - -] No hosting information found for port 79567625-1d92-40c3-83f3-f18f58564a4c: RuntimeError: No hosting information found for port 79567625-1d92-40c3-83f3-f18f58564a4c
2026-04-22 19:42:58.214 10 INFO neutron.wsgi [None req-02940c05-2cb9-4e87-8a5a-4d8635269f0f 2b89a5904df74e9cb64acc7f205c867f 2f218953071749c1bedf01c5455ad821 - - default default] 10.0.0.53 "DELETE /v2.0/subnets/bada33a8-8891-4cd3-944a-ff20d290cd8d HTTP/1.1" status: 204 len: 168 time: 0.5213008
2026-04-22 19:42:58.225 10 INFO neutron.wsgi [req-79de7b57-754d-44f4-b2f3-c3610b49dcf8 req-54282351-78f2-445f-a58d-b51acf73a069 74c10f796dd9484d81aaaeadb9fc6aa7 4eabc121554046faadfb1f554ba2c17b - - bc3a08d6369941d6adfa3d0f4b770de6 bc3a08d6369941d6adfa3d0f4b770de6] 10.0.0.78 "GET /v2.0/networks/9b0664e6-ef3e-43ee-b7e4-c5269fc0d99a?fields=segments HTTP/1.1" status: 200 len: 212 time: 0.1099460
2026-04-22 19:42:58.343 10 INFO neutron.wsgi [req-79de7b57-754d-44f4-b2f3-c3610b49dcf8 req-20eef840-90ad-4936-a78e-bb9791cb86fd 74c10f796dd9484d81aaaeadb9fc6aa7 4eabc121554046faadfb1f554ba2c17b - - bc3a08d6369941d6adfa3d0f4b770de6 bc3a08d6369941d6adfa3d0f4b770de6] 10.0.0.78 "GET /v2.0/networks/9b0664e6-ef3e-43ee-b7e4-c5269fc0d99a?fields=provider%3Aphysical_network&fields=provider%3Anetwork_type HTTP/1.1" status: 200 len: 277 time: 0.1105344
2026-04-22 19:42:58.414 10 INFO neutron.wsgi [None req-bc3b142d-07f5-4fe8-9711-d23bed57c768 ccc34db87ab74f3ab0b2991b45f22c61 499fff5a35cb4422b946f89d7b3f3ee2 - - default default] 10.0.0.53 "DELETE /v2.0/networks/7ea0a461-6fa2-40ed-be58-d019d829e9a9 HTTP/1.1" status: 204 len: 168 time: 0.7329621
2026-04-22 19:42:58.546 9 INFO neutron.wsgi [req-725f020a-744a-45a6-82a2-54eee3df0c07 req-b49983c0-7186-4e00-8b8d-84dd34f1e5a9 29d1dd3d8cc24bd6a6ce0b620fbb91a4 fc4d0f1d08824aa7a6f33dc313c5a32f - - default default] 10.0.0.78 "GET /v2.0/ports?device_id=3a36ac41-8654-47d3-9437-b2c1fdb95a84 HTTP/1.1" status: 200 len: 210 time: 0.0501964
2026-04-22 19:42:58.613 9 INFO neutron.wsgi [None req-96e242f5-76f4-4acb-b5f9-1dbd0aabb0c8 2b89a5904df74e9cb64acc7f205c867f 2f218953071749c1bedf01c5455ad821 - - default default] 10.0.0.53 "DELETE /v2.0/subnets/e1d37421-c884-476d-a214-46dc4f8a009d HTTP/1.1" status: 204 len: 168 time: 0.3940363
2026-04-22 19:42:58.910 9 INFO neutron.wsgi [None req-89320075-b59b-4a58-897e-41144cf53023 2b89a5904df74e9cb64acc7f205c867f 2f218953071749c1bedf01c5455ad821 - - default default] 10.0.0.53 "DELETE /v2.0/subnets/9036c1f9-ae97-48b8-abbf-3ae66ab4268a HTTP/1.1" status: 204 len: 168 time: 0.2921739
2026-04-22 19:42:58.999 9 INFO neutron.services.segments.plugin [-] Segment 3db112cb-f8e3-4f24-b569-d5558f62be8d resource provider aggregate not found
2026-04-22 19:42:59.020 9 INFO neutron.services.segments.plugin [-] Segment 3db112cb-f8e3-4f24-b569-d5558f62be8d resource provider aggregate not found
2026-04-22 19:42:59.033 9 INFO neutron.services.segments.plugin [-] Segment 3db112cb-f8e3-4f24-b569-d5558f62be8d resource provider not found; error: Placement Client Error (4xx): {"errors": [{"status": 404, "title": "Not Found", "detail": "The resource could not be found.\n\n No resource provider with uuid 3db112cb-f8e3-4f24-b569-d5558f62be8d found for delete ", "request_id": "req-0f158faf-8260-450e-96e0-3d4bf8d7418d"}]}
2026-04-22 19:42:59.042 9 INFO neutron.services.segments.plugin [-] Segment 3db112cb-f8e3-4f24-b569-d5558f62be8d resource provider not found; error: Placement Client Error (4xx): {"errors": [{"status": 404, "title": "Not Found", "detail": "The resource could not be found.\n\n No resource provider with uuid 3db112cb-f8e3-4f24-b569-d5558f62be8d found for delete ", "request_id": "req-61d95f88-f6cb-421a-93ef-84ce3eec9b29"}]}
2026-04-22 19:42:59.066 9 INFO neutron.wsgi [None req-becafd4e-ac71-4c2c-9c59-2c852e59726b ccc34db87ab74f3ab0b2991b45f22c61 499fff5a35cb4422b946f89d7b3f3ee2 - - default default] 10.0.0.53 "DELETE /v2.0/networks/7b1e5f9b-97a7-47a5-8025-37845a51d15f HTTP/1.1" status: 204 len: 168 time: 0.6319630
2026-04-22 19:42:59.068 10 INFO neutron.services.segments.plugin [-] Segment 87cc2ab2-ed22-4cdd-bf4f-79bef0bb9867 resource provider aggregate not found
2026-04-22 19:42:59.079 10 INFO neutron.services.segments.plugin [-] Segment 87cc2ab2-ed22-4cdd-bf4f-79bef0bb9867 resource provider aggregate not found
2026-04-22 19:42:59.086 10 INFO neutron.services.segments.plugin [-] Segment 87cc2ab2-ed22-4cdd-bf4f-79bef0bb9867 resource provider not found; error: Placement Client Error (4xx): {"errors": [{"status": 404, "title": "Not Found", "detail": "The resource could not be found.\n\n No resource provider with uuid 87cc2ab2-ed22-4cdd-bf4f-79bef0bb9867 found for delete ", "request_id": "req-5f41f191-bd6b-4fcd-bd63-6ba5964cafca"}]}
2026-04-22 19:42:59.116 10 INFO neutron.services.segments.plugin [-] Segment 5627bf35-6241-4c63-acd7-28b56a0bf368 resource provider aggregate not found
2026-04-22 19:42:59.121 10 INFO neutron.services.segments.plugin [-] Segment 87cc2ab2-ed22-4cdd-bf4f-79bef0bb9867 resource provider not found; error: Placement Client Error (4xx): {"errors": [{"status": 404, "title": "Not Found", "detail": "The resource could not be found.\n\n No resource provider with uuid 87cc2ab2-ed22-4cdd-bf4f-79bef0bb9867 found for delete ", "request_id": "req-c7b35003-33ac-42e1-95cb-57c40264bc23"}]}
2026-04-22 19:42:59.138 10 INFO neutron.services.segments.plugin [-] Segment 5627bf35-6241-4c63-acd7-28b56a0bf368 resource provider not found; error: Placement Client Error (4xx): {"errors": [{"status": 404, "title": "Not Found", "detail": "The resource could not be found.\n\n No resource provider with uuid 5627bf35-6241-4c63-acd7-28b56a0bf368 found for delete ", "request_id": "req-a7ea5839-2254-41f0-be0f-2f2fb4c16372"}]}
2026-04-22 19:42:59.139 10 INFO neutron.services.segments.plugin [-] Segment 5627bf35-6241-4c63-acd7-28b56a0bf368 resource provider aggregate not found
2026-04-22 19:42:59.158 10 INFO neutron.services.segments.plugin [-] Segment 5627bf35-6241-4c63-acd7-28b56a0bf368 resource provider not found; error: Placement Client Error (4xx): {"errors": [{"status": 404, "title": "Not Found", "detail": "The resource could not be found.\n\n No resource provider with uuid 5627bf35-6241-4c63-acd7-28b56a0bf368 found for delete ", "request_id": "req-20db1c2e-3a45-42c6-b691-c0b8b7655f30"}]}
2026-04-22 19:42:59.222 10 INFO neutron.wsgi [None req-0dcc466f-beaa-4c64-a83a-32e3f31e587a 2b89a5904df74e9cb64acc7f205c867f 2f218953071749c1bedf01c5455ad821 - - default default] 10.0.0.53 "DELETE /v2.0/subnets/aa601c24-ae11-43f8-b6c3-499a44175f9f HTTP/1.1" status: 204 len: 168 time: 0.3004761
2026-04-22 19:42:59.242 9 WARNING neutron_lib.context [None req-fd6ec83e-6830-4b62-bb18-6e0f5d75e810 132169a7cdbe48208fedd952b446a46a 88830e1d0afc4306ad4b291f890c7c18 - - default default] Method 'is_advsvc' is deprecated since 2023.2 release (neutron-lib 3.8.0) and will be removed once support for the old RBAC API policies will be removed from Neutron. Please use method 'is_service_role' instead.
2026-04-22 19:42:59.292 9 INFO neutron.wsgi [req-79de7b57-754d-44f4-b2f3-c3610b49dcf8 req-549ce5d9-fb69-4868-b10f-db3a0071a81b 29d1dd3d8cc24bd6a6ce0b620fbb91a4 fc4d0f1d08824aa7a6f33dc313c5a32f - - default default] 199.19.213.132 "GET /v2.0/networks?id=9b0664e6-ef3e-43ee-b7e4-c5269fc0d99a HTTP/1.1" status: 200 len: 903 time: 0.1171675
2026-04-22 19:42:59.331 9 INFO neutron.wsgi [None req-fd6ec83e-6830-4b62-bb18-6e0f5d75e810 132169a7cdbe48208fedd952b446a46a 88830e1d0afc4306ad4b291f890c7c18 - - default default] 10.0.0.53 "POST /v2.0/subnetpools HTTP/1.1" status: 201 len: 715 time: 0.2933004
2026-04-22 19:42:59.346 10 WARNING neutron_lib.context [None req-f06de762-082b-46a3-ae39-ce26d57def71 132169a7cdbe48208fedd952b446a46a 88830e1d0afc4306ad4b291f890c7c18 - - default default] Method 'is_advsvc' is deprecated since 2023.2 release (neutron-lib 3.8.0) and will be removed once support for the old RBAC API policies will be removed from Neutron. Please use method 'is_service_role' instead.
2026-04-22 19:42:59.360 9 INFO neutron.wsgi [req-79de7b57-754d-44f4-b2f3-c3610b49dcf8 req-436f1a2f-d555-413e-a768-bb65dcb6378d 29d1dd3d8cc24bd6a6ce0b620fbb91a4 fc4d0f1d08824aa7a6f33dc313c5a32f - - default default] 199.19.213.132 "GET /v2.0/security-groups?fields=id&fields=name&tenant_id=fc4d0f1d08824aa7a6f33dc313c5a32f HTTP/1.1" status: 200 len: 377 time: 0.0611360
2026-04-22 19:42:59.371 9 WARNING neutron_lib.context [req-79de7b57-754d-44f4-b2f3-c3610b49dcf8 req-21326944-0dbc-4543-ab9a-adc5beb4fa0e 29d1dd3d8cc24bd6a6ce0b620fbb91a4 fc4d0f1d08824aa7a6f33dc313c5a32f - - default default] Method 'is_advsvc' is deprecated since 2023.2 release (neutron-lib 3.8.0) and will be removed once support for the old RBAC API policies will be removed from Neutron. Please use method 'is_service_role' instead.
2026-04-22 19:42:59.458 10 INFO neutron.wsgi [None req-f06de762-082b-46a3-ae39-ce26d57def71 132169a7cdbe48208fedd952b446a46a 88830e1d0afc4306ad4b291f890c7c18 - - default default] 10.0.0.53 "POST /v2.0/subnetpools HTTP/1.1" status: 201 len: 715 time: 0.1191573
2026-04-22 19:42:59.458 10 WARNING neutron.plugins.ml2.drivers.ovn.mech_driver.ovsdb.ovn_client [None req-c2fced80-5b12-4624-b74c-be943de9d8e3 - - - - - -] No hosting information found for port e3099d02-68ea-4079-a644-914608dfb5a1: RuntimeError: No hosting information found for port e3099d02-68ea-4079-a644-914608dfb5a1
2026-04-22 19:42:59.467 10 WARNING neutron_lib.context [None req-02754c5e-8eee-49b9-8a7b-b5eb1bdb7858 132169a7cdbe48208fedd952b446a46a 88830e1d0afc4306ad4b291f890c7c18 - - default default] Method 'is_advsvc' is deprecated since 2023.2 release (neutron-lib 3.8.0) and will be removed once support for the old RBAC API policies will be removed from Neutron. Please use method 'is_service_role' instead.
2026-04-22 19:42:59.539 10 INFO neutron.wsgi [None req-02754c5e-8eee-49b9-8a7b-b5eb1bdb7858 132169a7cdbe48208fedd952b446a46a 88830e1d0afc4306ad4b291f890c7c18 - - default default] 10.0.0.53 "POST /v2.0/subnetpools HTTP/1.1" status: 201 len: 715 time: 0.0766745
2026-04-22 19:42:59.552 9 WARNING neutron_lib.context [None req-82c18e62-1513-4ac4-9f5b-f813603b561e 132169a7cdbe48208fedd952b446a46a 88830e1d0afc4306ad4b291f890c7c18 - - default default] Method 'is_advsvc' is deprecated since 2023.2 release (neutron-lib 3.8.0) and will be removed once support for the old RBAC API policies will be removed from Neutron. Please use method 'is_service_role' instead.
2026-04-22 19:42:59.646 9 INFO neutron.wsgi [None req-82c18e62-1513-4ac4-9f5b-f813603b561e 132169a7cdbe48208fedd952b446a46a 88830e1d0afc4306ad4b291f890c7c18 - - default default] 10.0.0.53 "POST /v2.0/subnetpools HTTP/1.1" status: 201 len: 715 time: 0.1003513
2026-04-22 19:42:59.663 9 WARNING neutron_lib.context [None req-63643ee9-67b5-46e8-b6c3-2824f5d07522 132169a7cdbe48208fedd952b446a46a 88830e1d0afc4306ad4b291f890c7c18 - - default default] Method 'is_advsvc' is deprecated since 2023.2 release (neutron-lib 3.8.0) and will be removed once support for the old RBAC API policies will be removed from Neutron. Please use method 'is_service_role' instead.
2026-04-22 19:42:59.702 10 INFO neutron.wsgi [None req-21077d48-a297-4e75-9ff5-ec8c27d34b48 2b89a5904df74e9cb64acc7f205c867f 2f218953071749c1bedf01c5455ad821 - - default default] 10.0.0.53 "DELETE /v2.0/networks/dc87b599-9ef2-4a65-a758-f8ee56f7fd1a HTTP/1.1" status: 204 len: 168 time: 0.4747212
2026-04-22 19:42:59.791 9 INFO neutron.wsgi [None req-63643ee9-67b5-46e8-b6c3-2824f5d07522 132169a7cdbe48208fedd952b446a46a 88830e1d0afc4306ad4b291f890c7c18 - - default default] 10.0.0.53 "POST /v2.0/subnetpools HTTP/1.1" status: 201 len: 715 time: 0.1333070
2026-04-22 19:42:59.886 9 INFO neutron.wsgi [None req-a3d9c5bc-dae3-45ae-b5d7-92dbb118e31a 132169a7cdbe48208fedd952b446a46a 88830e1d0afc4306ad4b291f890c7c18 - - default default] 10.0.0.53 "PUT /v2.0/subnetpools/a2bf7da7-1d15-4ea0-a4b4-566a4f2480a7/tags HTTP/1.1" status: 200 len: 210 time: 0.0905752
2026-04-22 19:42:59.927 10 INFO neutron.wsgi [None req-1eebfbb2-1ca5-4f48-87cd-519684e515f4 132169a7cdbe48208fedd952b446a46a 88830e1d0afc4306ad4b291f890c7c18 - - default default] 10.0.0.53 "PUT /v2.0/subnetpools/39f7f0ea-0c30-4dfe-8631-2315a6d21885/tags HTTP/1.1" status: 200 len: 218 time: 0.0357552
2026-04-22 19:42:59.979 10 INFO neutron.wsgi [None req-8984512f-0de0-4f48-bc60-20184e7ae6fa 132169a7cdbe48208fedd952b446a46a 88830e1d0afc4306ad4b291f890c7c18 - - default default] 10.0.0.53 "PUT /v2.0/subnetpools/53e452dc-9652-4a7d-a0ce-318d96a789f8/tags HTTP/1.1" status: 200 len: 227 time: 0.0436070
2026-04-22 19:42:59.993 9 WARNING neutron.scheduler.dhcp_agent_scheduler [req-79de7b57-754d-44f4-b2f3-c3610b49dcf8 req-21326944-0dbc-4543-ab9a-adc5beb4fa0e 29d1dd3d8cc24bd6a6ce0b620fbb91a4 fc4d0f1d08824aa7a6f33dc313c5a32f - - default default] No more DHCP agents
2026-04-22 19:43:00.002 9 WARNING neutron.api.rpc.agentnotifiers.dhcp_rpc_agent_api [req-79de7b57-754d-44f4-b2f3-c3610b49dcf8 req-21326944-0dbc-4543-ab9a-adc5beb4fa0e 29d1dd3d8cc24bd6a6ce0b620fbb91a4 fc4d0f1d08824aa7a6f33dc313c5a32f - - default default] Unable to schedule network 9b0664e6-ef3e-43ee-b7e4-c5269fc0d99a: no agents available; will retry on subsequent port and subnet creation events.
2026-04-22 19:43:00.027 10 INFO neutron.wsgi [None req-6f08bd0e-e165-45bf-8e45-a6eb6df709dc 132169a7cdbe48208fedd952b446a46a 88830e1d0afc4306ad4b291f890c7c18 - - default default] 10.0.0.53 "PUT /v2.0/subnetpools/0370145e-f507-4bd3-a558-afe538b4a153/tags HTTP/1.1" status: 200 len: 212 time: 0.0415289
2026-04-22 19:43:00.067 10 INFO neutron.wsgi [None req-93db039c-d373-4a5c-ae1c-c2cb8884d60e 132169a7cdbe48208fedd952b446a46a 88830e1d0afc4306ad4b291f890c7c18 - - default default] 10.0.0.53 "GET /v2.0/subnetpools?tags=red HTTP/1.1" status: 200 len: 1758 time: 0.0355036
2026-04-22 19:43:00.104 10 INFO neutron.wsgi [None req-c62e55fd-57e5-4c8f-a96c-1ca358c12d8e 132169a7cdbe48208fedd952b446a46a 88830e1d0afc4306ad4b291f890c7c18 - - default default] 10.0.0.53 "GET /v2.0/subnetpools?tags=red%2Cblue HTTP/1.1" status: 200 len: 1251 time: 0.0315151
2026-04-22 19:43:00.143 10 INFO neutron.wsgi [None req-c422de6e-67c5-4f4b-8e5a-83d040b6de4f 132169a7cdbe48208fedd952b446a46a 88830e1d0afc4306ad4b291f890c7c18 - - default default] 10.0.0.53 "GET /v2.0/subnetpools?tags-any=blue HTTP/1.1" status: 200 len: 1251 time: 0.0337236
2026-04-22 19:43:00.179 10 INFO neutron.wsgi [None req-fbf78de5-b36a-4337-8d8d-30fc7c28b69f 132169a7cdbe48208fedd952b446a46a 88830e1d0afc4306ad4b291f890c7c18 - - default default] 10.0.0.53 "GET /v2.0/subnetpools?tags-any=red%2Cblue HTTP/1.1" status: 200 len: 1758 time: 0.0303943
2026-04-22 19:43:00.216 10 INFO neutron.wsgi [None req-0924b6af-a472-4a2b-9131-182c04a153ec 132169a7cdbe48208fedd952b446a46a 88830e1d0afc4306ad4b291f890c7c18 - - default default] 10.0.0.53 "GET /v2.0/subnetpools?not-tags=red HTTP/1.1" status: 200 len: 1223 time: 0.0315232
2026-04-22 19:43:00.259 10 INFO neutron.wsgi [None req-e493173b-57ba-4727-9a74-d3b19047efac 132169a7cdbe48208fedd952b446a46a 88830e1d0afc4306ad4b291f890c7c18 - - default default] 10.0.0.53 "GET /v2.0/subnetpools?not-tags=red%2Cblue HTTP/1.1" status: 200 len: 1730 time: 0.0374563
2026-04-22 19:43:00.306 9 INFO neutron.db.ovn_revision_numbers_db [req-79de7b57-754d-44f4-b2f3-c3610b49dcf8 req-21326944-0dbc-4543-ab9a-adc5beb4fa0e 29d1dd3d8cc24bd6a6ce0b620fbb91a4 fc4d0f1d08824aa7a6f33dc313c5a32f - - default default] Successfully bumped revision number for resource 52e31316-8e18-45b8-904d-a85eb263dc7e (type: ports) to 1
2026-04-22 19:43:00.338 9 INFO neutron.wsgi [req-79de7b57-754d-44f4-b2f3-c3610b49dcf8 req-21326944-0dbc-4543-ab9a-adc5beb4fa0e 29d1dd3d8cc24bd6a6ce0b620fbb91a4 fc4d0f1d08824aa7a6f33dc313c5a32f - - default default] 199.19.213.132 "POST /v2.0/ports HTTP/1.1" status: 201 len: 1388 time: 0.9725871 /var/lib/openstack/lib/python3.10/site-packages/pycadf/identifier.py:71: UserWarning: Invalid uuid: neutron. To ensure interoperability, identifiers should be a valid uuid. warnings.warn(('Invalid uuid: %s. To ensure interoperability, '
2026-04-22 19:43:00.438 9 INFO neutron.wsgi [None req-476f5684-288a-4c51-a7ef-b35797af4918 2b89a5904df74e9cb64acc7f205c867f 2f218953071749c1bedf01c5455ad821 - - default default] 10.0.0.53 "DELETE /v2.0/networks/132a2e61-3084-4f51-89c7-2158847b77fa HTTP/1.1" status: 204 len: 168 time: 0.7284145
2026-04-22 19:43:00.568 10 INFO neutron.wsgi [None req-b24acaa8-8876-4a1a-af7b-43e15e971cda 132169a7cdbe48208fedd952b446a46a 88830e1d0afc4306ad4b291f890c7c18 - - default default] 10.0.0.53 "GET /v2.0/subnetpools?not-tags-any=blue HTTP/1.1" status: 200 len: 1730 time: 0.3049674
2026-04-22 19:43:00.596 10 INFO neutron.wsgi [None req-17023793-bc4c-4119-b20e-50bde33c90bb 132169a7cdbe48208fedd952b446a46a 88830e1d0afc4306ad4b291f890c7c18 - - default default] 10.0.0.53 "GET /v2.0/subnetpools?not-tags-any=red%2Cblue HTTP/1.1" status: 200 len: 1223 time: 0.0238705
2026-04-22 19:43:00.611 10 INFO neutron.db.ovn_revision_numbers_db [None req-78b9e5c1-92e9-42d9-a128-f8e67c924420 ee2f3d3ab3a143b9885bf97c048b0ef6 e95d747a0c2a412389ead86875c3a8ec - - default default] Successfully bumped revision number for resource 934a2ada-b78d-48e4-8635-4243331c9efd (type: security_groups) to 1
2026-04-22 19:43:00.636 10 INFO neutron.db.ovn_revision_numbers_db [None req-78b9e5c1-92e9-42d9-a128-f8e67c924420 ee2f3d3ab3a143b9885bf97c048b0ef6 e95d747a0c2a412389ead86875c3a8ec - - default default] Successfully bumped revision number for resource 04558d12-7167-4040-a96b-6f06ad1b0122 (type: security_group_rules) to 0
2026-04-22 19:43:00.659 10 INFO neutron.db.ovn_revision_numbers_db [None req-78b9e5c1-92e9-42d9-a128-f8e67c924420 ee2f3d3ab3a143b9885bf97c048b0ef6 e95d747a0c2a412389ead86875c3a8ec - - default default] Successfully bumped revision number for resource 1464ec93-b939-4e2e-aa28-17dc1edaa52c (type: security_group_rules) to 0
2026-04-22 19:43:00.671 10 INFO neutron.wsgi [None req-e10955b3-0cfc-4802-b7c9-db1713a592fb 132169a7cdbe48208fedd952b446a46a 88830e1d0afc4306ad4b291f890c7c18 - - default default] 10.0.0.53 "DELETE /v2.0/subnetpools/a2bf7da7-1d15-4ea0-a4b4-566a4f2480a7 HTTP/1.1" status: 204 len: 168 time: 0.0671120
2026-04-22 19:43:00.672 10 INFO neutron.db.ovn_revision_numbers_db [None req-78b9e5c1-92e9-42d9-a128-f8e67c924420 ee2f3d3ab3a143b9885bf97c048b0ef6 e95d747a0c2a412389ead86875c3a8ec - - default default] Successfully bumped revision number for resource 48ab4aa0-7c27-4831-b8e4-e4ad5e1053ea (type: security_group_rules) to 0
2026-04-22 19:43:00.692 10 INFO neutron.db.ovn_revision_numbers_db [None req-78b9e5c1-92e9-42d9-a128-f8e67c924420 ee2f3d3ab3a143b9885bf97c048b0ef6 e95d747a0c2a412389ead86875c3a8ec - - default default] Successfully bumped revision number for resource ff8c5905-7b20-4df5-9091-b83a0be44d41 (type: security_group_rules) to 0
2026-04-22 19:43:00.722 10 INFO neutron.wsgi [None req-78b9e5c1-92e9-42d9-a128-f8e67c924420 ee2f3d3ab3a143b9885bf97c048b0ef6 e95d747a0c2a412389ead86875c3a8ec - - default default] 10.0.0.53 "GET /v2.0/security-groups?tenant_id=dea25181dbc142b9bf66ed19c2eb0aa0&name=default HTTP/1.1" status: 200 len: 3000 time: 0.7934086
2026-04-22 19:43:00.758 10 INFO neutron.wsgi [None req-657bec58-c3ee-4f8e-bf73-acd6a3b88731 132169a7cdbe48208fedd952b446a46a 88830e1d0afc4306ad4b291f890c7c18 - - default default] 10.0.0.53 "DELETE /v2.0/subnetpools/39f7f0ea-0c30-4dfe-8631-2315a6d21885 HTTP/1.1" status: 204 len: 168 time: 0.0823858
2026-04-22 19:43:00.839 10 INFO neutron.wsgi [None req-e972113d-e7f9-48a1-8373-abf35359fcca 132169a7cdbe48208fedd952b446a46a 88830e1d0afc4306ad4b291f890c7c18 - - default default] 10.0.0.53 "DELETE /v2.0/subnetpools/53e452dc-9652-4a7d-a0ce-318d96a789f8 HTTP/1.1" status: 204 len: 168 time: 0.0738144
2026-04-22 19:43:00.919 10 INFO neutron.wsgi [None req-3a5cd77c-9467-4074-bdff-de46c8e2af64 132169a7cdbe48208fedd952b446a46a 88830e1d0afc4306ad4b291f890c7c18 - - default default] 10.0.0.53 "DELETE /v2.0/subnetpools/0370145e-f507-4bd3-a558-afe538b4a153 HTTP/1.1" status: 204 len: 168 time: 0.0710135
2026-04-22 19:43:00.980 10 INFO neutron.wsgi [None req-286c252b-da8c-4141-b161-1a3533d2eb08 132169a7cdbe48208fedd952b446a46a 88830e1d0afc4306ad4b291f890c7c18 - - default default] 10.0.0.53 "DELETE /v2.0/subnetpools/6cad5f37-1b73-4448-aa56-51caa36e0f09 HTTP/1.1" status: 204 len: 168 time: 0.0561633
2026-04-22 19:43:00.985 10 INFO neutron.wsgi [None req-4f181f32-a275-418c-94f9-731f62f1a707 ee2f3d3ab3a143b9885bf97c048b0ef6 e95d747a0c2a412389ead86875c3a8ec - - default default] 10.0.0.53 "DELETE /v2.0/security-groups/934a2ada-b78d-48e4-8635-4243331c9efd HTTP/1.1" status: 204 len: 168 time: 0.2573180
2026-04-22 19:43:01.055 9 INFO neutron.services.segments.plugin [-] Segment 11f7d121-9223-46d8-ba5f-c94eb6b6bd0a resource provider aggregate not found
2026-04-22 19:43:01.063 9 INFO neutron.services.segments.plugin [-] Segment 11f7d121-9223-46d8-ba5f-c94eb6b6bd0a resource provider aggregate not found
2026-04-22 19:43:01.070 9 INFO neutron.services.segments.plugin [-] Segment 11f7d121-9223-46d8-ba5f-c94eb6b6bd0a resource provider not found; error: Placement Client Error (4xx): {"errors": [{"status": 404, "title": "Not Found", "detail": "The resource could not be found.\n\n No resource provider with uuid 11f7d121-9223-46d8-ba5f-c94eb6b6bd0a found for delete ", "request_id": "req-2b30809e-a218-4472-876e-5300e0358064"}]}
2026-04-22 19:43:01.084 9 INFO neutron.services.segments.plugin [-] Segment 11f7d121-9223-46d8-ba5f-c94eb6b6bd0a resource provider not found; error: Placement Client Error (4xx): {"errors": [{"status": 404, "title": "Not Found", "detail": "The resource could not be found.\n\n No resource provider with uuid 11f7d121-9223-46d8-ba5f-c94eb6b6bd0a found for delete ", "request_id": "req-7208eb41-ca8d-4ccd-ab9f-8bb457dadf6c"}]}
2026-04-22 19:43:01.156 10 INFO neutron.services.segments.plugin [-] Segment 2724f51e-d13d-412d-a274-bf292bf7f842 resource provider aggregate not found
2026-04-22 19:43:01.178 10 INFO neutron.services.segments.plugin [-] Segment 2724f51e-d13d-412d-a274-bf292bf7f842 resource provider not found; error: Placement Client Error (4xx): {"errors": [{"status": 404, "title": "Not Found", "detail": "The resource could not be found.\n\n No resource provider with uuid 2724f51e-d13d-412d-a274-bf292bf7f842 found for delete ", "request_id": "req-9041a9f8-e1fe-4585-8680-b5ba99ec1513"}]}
2026-04-22 19:43:01.186 10 INFO neutron.services.segments.plugin [-] Segment 2724f51e-d13d-412d-a274-bf292bf7f842 resource provider aggregate not found
2026-04-22 19:43:01.210 10 INFO neutron.services.segments.plugin [-] Segment 2724f51e-d13d-412d-a274-bf292bf7f842 resource provider not found; error: Placement Client Error (4xx): {"errors": [{"status": 404, "title": "Not Found", "detail": "The resource could not be found.\n\n No resource provider with uuid 2724f51e-d13d-412d-a274-bf292bf7f842 found for delete ", "request_id": "req-9c1fc587-1c11-4ef2-ade1-2e7146d2e3c0"}]}
2026-04-22 19:43:01.224 10 INFO neutron.db.ovn_revision_numbers_db [None req-1b567cca-4533-47c6-8fde-0c4a8495bcac ee2f3d3ab3a143b9885bf97c048b0ef6 e95d747a0c2a412389ead86875c3a8ec - - default default] Successfully bumped revision number for resource ea577367-5340-46da-8065-15f7129236b0 (type: security_groups) to 1
2026-04-22 19:43:01.242 10 INFO neutron.db.ovn_revision_numbers_db [None req-1b567cca-4533-47c6-8fde-0c4a8495bcac ee2f3d3ab3a143b9885bf97c048b0ef6 e95d747a0c2a412389ead86875c3a8ec - - default default] Successfully bumped revision number for resource 5b45d4fd-6a68-4b77-adba-d1289768830a (type: security_group_rules) to 0
2026-04-22 19:43:01.255 10 INFO neutron.db.ovn_revision_numbers_db [None req-1b567cca-4533-47c6-8fde-0c4a8495bcac ee2f3d3ab3a143b9885bf97c048b0ef6 e95d747a0c2a412389ead86875c3a8ec - - default default] Successfully bumped revision number for resource 68a4b936-ba65-4885-9ff2-a566f6ecd86d (type: security_group_rules) to 0
2026-04-22 19:43:01.281 10 INFO neutron.db.ovn_revision_numbers_db [None req-1b567cca-4533-47c6-8fde-0c4a8495bcac ee2f3d3ab3a143b9885bf97c048b0ef6 e95d747a0c2a412389ead86875c3a8ec - - default default] Successfully bumped revision number for resource e2cd7c03-a3aa-421b-ab74-0198bd2cf462 (type: security_group_rules) to 0
2026-04-22 19:43:01.302 10 INFO neutron.db.ovn_revision_numbers_db [None req-1b567cca-4533-47c6-8fde-0c4a8495bcac ee2f3d3ab3a143b9885bf97c048b0ef6 e95d747a0c2a412389ead86875c3a8ec - - default default] Successfully bumped revision number for resource f7b732d7-2756-4655-9df8-c6f37a659742 (type: security_group_rules) to 0
2026-04-22 19:43:01.339 10 INFO neutron.wsgi [None req-1b567cca-4533-47c6-8fde-0c4a8495bcac ee2f3d3ab3a143b9885bf97c048b0ef6 e95d747a0c2a412389ead86875c3a8ec - - default default] 10.0.0.53 "GET /v2.0/security-groups?tenant_id=866027f558d546ccacfda29fb37b7b53&name=default HTTP/1.1" status: 200 len: 3000 time: 0.2504561
2026-04-22 19:43:01.511 9 INFO neutron.db.ovn_revision_numbers_db [req-79de7b57-754d-44f4-b2f3-c3610b49dcf8 req-f3813535-0b4e-412b-b22b-00a2082f04fa 74c10f796dd9484d81aaaeadb9fc6aa7 4eabc121554046faadfb1f554ba2c17b - - bc3a08d6369941d6adfa3d0f4b770de6 bc3a08d6369941d6adfa3d0f4b770de6] Successfully bumped revision number for resource 52e31316-8e18-45b8-904d-a85eb263dc7e (type: ports) to 2
2026-04-22 19:43:01.520 9 INFO neutron.wsgi [None req-bb1f0064-ec97-491f-85ca-f6b80b8fc58b 2b89a5904df74e9cb64acc7f205c867f 2f218953071749c1bedf01c5455ad821 - - default default] 10.0.0.53 "DELETE /v2.0/networks/3f02b382-c359-4390-813d-d9e6446f2b3e HTTP/1.1" status: 204 len: 168 time: 1.0724909
2026-04-22 19:43:01.645 10 INFO neutron.wsgi [None req-51c1b20f-0e10-4a4d-a8da-3d032f9ae574 ee2f3d3ab3a143b9885bf97c048b0ef6 e95d747a0c2a412389ead86875c3a8ec - - default default] 10.0.0.53 "DELETE /v2.0/security-groups/ea577367-5340-46da-8065-15f7129236b0 HTTP/1.1" status: 204 len: 168 time: 0.2813854
2026-04-22 19:43:01.720 9 INFO neutron.db.ovn_revision_numbers_db [req-79de7b57-754d-44f4-b2f3-c3610b49dcf8 req-f3813535-0b4e-412b-b22b-00a2082f04fa 74c10f796dd9484d81aaaeadb9fc6aa7 4eabc121554046faadfb1f554ba2c17b - - bc3a08d6369941d6adfa3d0f4b770de6 bc3a08d6369941d6adfa3d0f4b770de6] Successfully bumped revision number for resource 52e31316-8e18-45b8-904d-a85eb263dc7e (type: ports) to 2
2026-04-22 19:43:01.740 9 INFO neutron.wsgi [req-79de7b57-754d-44f4-b2f3-c3610b49dcf8 req-f3813535-0b4e-412b-b22b-00a2082f04fa 74c10f796dd9484d81aaaeadb9fc6aa7 4eabc121554046faadfb1f554ba2c17b - - bc3a08d6369941d6adfa3d0f4b770de6 bc3a08d6369941d6adfa3d0f4b770de6] 199.19.213.132 "PUT /v2.0/ports/52e31316-8e18-45b8-904d-a85eb263dc7e HTTP/1.1" status: 200 len: 1605 time: 1.3926165 /var/lib/openstack/lib/python3.10/site-packages/pycadf/identifier.py:71: UserWarning: Invalid uuid: neutron. To ensure interoperability, identifiers should be a valid uuid. warnings.warn(('Invalid uuid: %s. To ensure interoperability, '
2026-04-22 19:43:01.783 9 INFO neutron.notifiers.nova [-] Nova event matching ['req-1b306f60-7077-474f-8fcd-77bf9842ccff'] response: {'name': 'network-changed', 'server_uuid': '3a36ac41-8654-47d3-9437-b2c1fdb95a84', 'tag': '52e31316-8e18-45b8-904d-a85eb263dc7e', 'status': 'completed', 'code': 200}
2026-04-22 19:43:01.840 9 INFO neutron.wsgi [req-79de7b57-754d-44f4-b2f3-c3610b49dcf8 req-2f498cb1-03aa-4349-8d54-e6082d257887 74c10f796dd9484d81aaaeadb9fc6aa7 4eabc121554046faadfb1f554ba2c17b - - bc3a08d6369941d6adfa3d0f4b770de6 bc3a08d6369941d6adfa3d0f4b770de6] 199.19.213.132 "GET /v2.0/ports?tenant_id=fc4d0f1d08824aa7a6f33dc313c5a32f&device_id=3a36ac41-8654-47d3-9437-b2c1fdb95a84 HTTP/1.1" status: 200 len: 1636 time: 0.0647318
2026-04-22 19:43:01.883 9 INFO neutron.wsgi [req-79de7b57-754d-44f4-b2f3-c3610b49dcf8 req-3c55f470-9bfa-4bdf-802b-5f56c19352cf 74c10f796dd9484d81aaaeadb9fc6aa7 4eabc121554046faadfb1f554ba2c17b - - bc3a08d6369941d6adfa3d0f4b770de6 bc3a08d6369941d6adfa3d0f4b770de6] 199.19.213.132 "GET /v2.0/floatingips?fixed_ip_address=10.2.1.230&port_id=52e31316-8e18-45b8-904d-a85eb263dc7e HTTP/1.1" status: 200 len: 217 time: 0.0372305
2026-04-22 19:43:01.905 10 INFO neutron.wsgi [None req-20b5f3c5-26dc-416b-924b-c10951ed6e66 ee2f3d3ab3a143b9885bf97c048b0ef6 e95d747a0c2a412389ead86875c3a8ec - - default default] 10.0.0.53 "GET /v2.0/security-groups?tenant_id=499fff5a35cb4422b946f89d7b3f3ee2&name=default HTTP/1.1" status: 200 len: 2996 time: 0.0444701
2026-04-22 19:43:01.917 9 INFO neutron.wsgi [req-79de7b57-754d-44f4-b2f3-c3610b49dcf8 req-f499992c-e220-4aa0-a45e-c7277c955fa0 74c10f796dd9484d81aaaeadb9fc6aa7 4eabc121554046faadfb1f554ba2c17b - - bc3a08d6369941d6adfa3d0f4b770de6 bc3a08d6369941d6adfa3d0f4b770de6] 199.19.213.132 "GET /v2.0/floatingips?fixed_ip_address=fd7b%3Af9f7%3Afff%3A4eca%3A%3A29f&port_id=52e31316-8e18-45b8-904d-a85eb263dc7e HTTP/1.1" status: 200 len: 217 time: 0.0259380
2026-04-22 19:43:01.966 9 INFO neutron.wsgi [req-79de7b57-754d-44f4-b2f3-c3610b49dcf8 req-aa09e711-b52a-4c19-b234-2fd2d6ede0a3 74c10f796dd9484d81aaaeadb9fc6aa7 4eabc121554046faadfb1f554ba2c17b - - bc3a08d6369941d6adfa3d0f4b770de6 bc3a08d6369941d6adfa3d0f4b770de6] 199.19.213.132 "GET /v2.0/subnets?id=a57d6a19-28de-40a5-83b6-9a59e5d54bdd&id=8e637811-0412-4e18-97c3-58ae9956fda7 HTTP/1.1" status: 200 len: 1561 time: 0.0401406
