2026-04-22 19:40:58.939 9 WARNING neutron.api.rpc.agentnotifiers.dhcp_rpc_agent_api [None req-30fbc73f-dd45-4d81-ae16-60f7015d2683 087f25fdef84458c88019d61f895c627 b0054cfa74404dd09b1352e78cdee1d4 - - default default] Unable to schedule network 03f27d31-9d52-4b53-a198-8e48ce201940: no agents available; will retry on subsequent port and subnet creation events.
2026-04-22 19:40:58.942 9 WARNING neutron.api.rpc.agentnotifiers.dhcp_rpc_agent_api [None req-1674f6f4-eca8-47f2-9a22-bd74fbbf3f93 34eaa71828ca4668a67265669ab5dcc5 5074986342464e0aab52c6191facf52a - - default default] Unable to schedule network 7f55a78b-5649-48a1-a73d-31a5cfcc1c83: no agents available; will retry on subsequent port and subnet creation events.
2026-04-22 19:40:59.140 9 INFO neutron.db.ovn_revision_numbers_db [None req-30fbc73f-dd45-4d81-ae16-60f7015d2683 087f25fdef84458c88019d61f895c627 b0054cfa74404dd09b1352e78cdee1d4 - - default default] Successfully bumped revision number for resource 87e2233b-a2ce-4b70-8e71-eee65b0d98ce (type: ports) to 1
2026-04-22 19:40:59.292 10 WARNING neutron.plugins.ml2.drivers.ovn.mech_driver.ovsdb.ovn_client [None req-c2fced80-5b12-4624-b74c-be943de9d8e3 - - - - - -] No port found with ID 62fd76f6-b0d2-43ef-a9a9-23b0ce171503: RuntimeError: No port found with ID 62fd76f6-b0d2-43ef-a9a9-23b0ce171503
2026-04-22 19:40:59.329 10 WARNING neutron.scheduler.dhcp_agent_scheduler [None req-cc522747-11a6-4ea8-a993-9a95e2a737f4 7975e1acb5494a238ff62f92ad612bee 41aea11e8ea541c181b1c6ed02bc5f87 - - default default] No more DHCP agents
2026-04-22 19:40:59.331 10 WARNING neutron.api.rpc.agentnotifiers.dhcp_rpc_agent_api [None req-cc522747-11a6-4ea8-a993-9a95e2a737f4 7975e1acb5494a238ff62f92ad612bee 41aea11e8ea541c181b1c6ed02bc5f87 - - default default] Unable to schedule network c5f4d813-ee0e-4630-aaa7-ec0deaadd3e0: no agents available; will retry on subsequent port and subnet creation events.
2026-04-22 19:40:59.506 10 INFO neutron.db.ovn_revision_numbers_db [None req-cc522747-11a6-4ea8-a993-9a95e2a737f4 7975e1acb5494a238ff62f92ad612bee 41aea11e8ea541c181b1c6ed02bc5f87 - - default default] Successfully bumped revision number for resource d95cd5e6-7163-4619-b473-005d0c85ade9 (type: ports) to 1
2026-04-22 19:40:59.643 9 INFO neutron.db.ovn_revision_numbers_db [None req-1674f6f4-eca8-47f2-9a22-bd74fbbf3f93 34eaa71828ca4668a67265669ab5dcc5 5074986342464e0aab52c6191facf52a - - default default] Successfully bumped revision number for resource 2e0b43b8-864f-42d8-8082-aba7d72ad553 (type: ports) to 2
2026-04-22 19:40:59.688 9 INFO neutron.db.ovn_revision_numbers_db [None req-1674f6f4-eca8-47f2-9a22-bd74fbbf3f93 34eaa71828ca4668a67265669ab5dcc5 5074986342464e0aab52c6191facf52a - - default default] Successfully bumped revision number for resource fa8a231a-128a-4faf-9c5f-40246464628c (type: subnets) to 0
2026-04-22 19:40:59.703 9 INFO neutron.wsgi [None req-1674f6f4-eca8-47f2-9a22-bd74fbbf3f93 34eaa71828ca4668a67265669ab5dcc5 5074986342464e0aab52c6191facf52a - - default default] 10.0.0.53 "POST /v2.0/subnets HTTP/1.1" status: 201 len: 801 time: 1.1025195
2026-04-22 19:40:59.719 10 WARNING neutron_lib.context [None req-90125ba4-fd89-4eb4-8811-2fa9835cb7c8 34eaa71828ca4668a67265669ab5dcc5 5074986342464e0aab52c6191facf52a - - default default] Method 'is_advsvc' is deprecated since 2023.2 release (neutron-lib 3.8.0) and will be removed once support for the old RBAC API policies will be removed from Neutron. Please use method 'is_service_role' instead.
2026-04-22 19:40:59.861 9 INFO neutron.plugins.ml2.drivers.ovn.mech_driver.mech_driver [None req-0f7edde9-43a3-45cf-ae74-5f357d8d0ae2 - - - - - -] OVN reports status up for port: 87e2233b-a2ce-4b70-8e71-eee65b0d98ce
2026-04-22 19:40:59.887 9 INFO neutron.plugins.ml2.plugin [None req-0f7edde9-43a3-45cf-ae74-5f357d8d0ae2 - - - - - -] Attempt 1 to provision port 87e2233b-a2ce-4b70-8e71-eee65b0d98ce
2026-04-22 19:40:59.901 9 INFO neutron.db.ovn_revision_numbers_db [None req-30fbc73f-dd45-4d81-ae16-60f7015d2683 087f25fdef84458c88019d61f895c627 b0054cfa74404dd09b1352e78cdee1d4 - - default default] Successfully bumped revision number for resource 87e2233b-a2ce-4b70-8e71-eee65b0d98ce (type: router_ports) to 1
2026-04-22 19:40:59.971 10 INFO neutron.plugins.ml2.drivers.ovn.mech_driver.ovsdb.ovsdb_monitor [None req-601b8069-eb01-43d8-b4f5-9ec759a1d48e - - - - - -] Router 08d73c94-2b8f-4af4-bb06-892f0e6b831e is bound to host instance
2026-04-22 19:40:59.988 9 INFO neutron.db.ovn_revision_numbers_db [None req-30fbc73f-dd45-4d81-ae16-60f7015d2683 087f25fdef84458c88019d61f895c627 b0054cfa74404dd09b1352e78cdee1d4 - - default default] Successfully bumped revision number for resource 08d73c94-2b8f-4af4-bb06-892f0e6b831e (type: routers) to 2
2026-04-22 19:41:00.002 9 INFO neutron.wsgi [None req-30fbc73f-dd45-4d81-ae16-60f7015d2683 087f25fdef84458c88019d61f895c627 b0054cfa74404dd09b1352e78cdee1d4 - - default default] 10.0.0.53 "POST /v2.0/routers HTTP/1.1" status: 201 len: 875 time: 1.7876985
2026-04-22 19:41:00.183 10 INFO neutron.plugins.ml2.drivers.ovn.mech_driver.mech_driver [None req-c2fced80-5b12-4624-b74c-be943de9d8e3 - - - - - -] OVN reports status up for port: d95cd5e6-7163-4619-b473-005d0c85ade9
2026-04-22 19:41:00.207 10 INFO neutron.plugins.ml2.plugin [None req-c2fced80-5b12-4624-b74c-be943de9d8e3 - - - - - -] Attempt 1 to provision port d95cd5e6-7163-4619-b473-005d0c85ade9
2026-04-22 19:41:00.257 10 INFO neutron.db.ovn_revision_numbers_db [None req-cc522747-11a6-4ea8-a993-9a95e2a737f4 7975e1acb5494a238ff62f92ad612bee 41aea11e8ea541c181b1c6ed02bc5f87 - - default default] Successfully bumped revision number for resource d95cd5e6-7163-4619-b473-005d0c85ade9 (type: router_ports) to 1
2026-04-22 19:41:00.256 9 INFO neutron.wsgi [None req-1984f97d-44db-46ae-b117-f86da09e81c3 79d7c1d7cef84ec19a059db86b1f2ad3 d92a9f21ce36467082b1936dd24faa22 - - default default] 10.0.0.53 "GET /v2.0/subnets?project_id=b0054cfa74404dd09b1352e78cdee1d4&cidr=10.100.0.0%2F28 HTTP/1.1" status: 200 len: 207 time: 0.2495849
2026-04-22 19:41:00.349 9 INFO neutron.wsgi [None req-50b1fc89-a0d9-4cad-8977-9b11e993062c 79d7c1d7cef84ec19a059db86b1f2ad3 d92a9f21ce36467082b1936dd24faa22 - - default default] 10.0.0.53 "GET /v2.0/networks?router%3Aexternal=True HTTP/1.1" status: 200 len: 947 time: 0.0884256
2026-04-22 19:41:00.378 9 INFO neutron.wsgi [None req-355bf9c0-09f4-476b-8056-f72ab29083d0 79d7c1d7cef84ec19a059db86b1f2ad3 d92a9f21ce36467082b1936dd24faa22 - - default default] 10.0.0.53 "GET /v2.0/subnets?network_id=03f27d31-9d52-4b53-a198-8e48ce201940&cidr=10.100.0.0%2F28 HTTP/1.1" status: 200 len: 207 time: 0.0235035
2026-04-22 19:41:00.387 9 WARNING neutron_lib.context [None req-e73d7f5f-672c-45b4-95f8-0549d0a9517e 087f25fdef84458c88019d61f895c627 b0054cfa74404dd09b1352e78cdee1d4 - - default default] Method 'is_advsvc' is deprecated since 2023.2 release (neutron-lib 3.8.0) and will be removed once support for the old RBAC API policies will be removed from Neutron. Please use method 'is_service_role' instead.
2026-04-22 19:41:00.630 10 WARNING neutron.scheduler.dhcp_agent_scheduler [None req-90125ba4-fd89-4eb4-8811-2fa9835cb7c8 34eaa71828ca4668a67265669ab5dcc5 5074986342464e0aab52c6191facf52a - - default default] No more DHCP agents
2026-04-22 19:41:00.645 10 WARNING neutron.api.rpc.agentnotifiers.dhcp_rpc_agent_api [None req-90125ba4-fd89-4eb4-8811-2fa9835cb7c8 34eaa71828ca4668a67265669ab5dcc5 5074986342464e0aab52c6191facf52a - - default default] Unable to schedule network 7f55a78b-5649-48a1-a73d-31a5cfcc1c83: no agents available; will retry on subsequent port and subnet creation events.
2026-04-22 19:41:00.739 10 INFO neutron.db.ovn_revision_numbers_db [None req-cc522747-11a6-4ea8-a993-9a95e2a737f4 7975e1acb5494a238ff62f92ad612bee 41aea11e8ea541c181b1c6ed02bc5f87 - - default default] Successfully bumped revision number for resource d95cd5e6-7163-4619-b473-005d0c85ade9 (type: ports) to 1
2026-04-22 19:41:00.794 9 WARNING neutron.scheduler.dhcp_agent_scheduler [None req-e73d7f5f-672c-45b4-95f8-0549d0a9517e 087f25fdef84458c88019d61f895c627 b0054cfa74404dd09b1352e78cdee1d4 - - default default] No more DHCP agents
2026-04-22 19:41:00.797 9 WARNING neutron.api.rpc.agentnotifiers.dhcp_rpc_agent_api [None req-e73d7f5f-672c-45b4-95f8-0549d0a9517e 087f25fdef84458c88019d61f895c627 b0054cfa74404dd09b1352e78cdee1d4 - - default default] Unable to schedule network a31c1763-db81-49ab-832e-fa5508ababd5: no agents available; will retry on subsequent port and subnet creation events.
2026-04-22 19:41:00.990 10 WARNING neutron.scheduler.dhcp_agent_scheduler [None req-cc522747-11a6-4ea8-a993-9a95e2a737f4 7975e1acb5494a238ff62f92ad612bee 41aea11e8ea541c181b1c6ed02bc5f87 - - default default] No more DHCP agents
2026-04-22 19:41:00.996 10 WARNING neutron.api.rpc.agentnotifiers.dhcp_rpc_agent_api [None req-cc522747-11a6-4ea8-a993-9a95e2a737f4 7975e1acb5494a238ff62f92ad612bee 41aea11e8ea541c181b1c6ed02bc5f87 - - default default] Unable to schedule network c5f4d813-ee0e-4630-aaa7-ec0deaadd3e0: no agents available; will retry on subsequent port and subnet creation events.
2026-04-22 19:41:01.002 10 INFO neutron.db.ovn_revision_numbers_db [None req-c2fced80-5b12-4624-b74c-be943de9d8e3 - - - - - -] Successfully bumped revision number for resource d95cd5e6-7163-4619-b473-005d0c85ade9 (type: ports) to 2
2026-04-22 19:41:01.315 9 INFO neutron.db.ovn_revision_numbers_db [None req-e73d7f5f-672c-45b4-95f8-0549d0a9517e 087f25fdef84458c88019d61f895c627 b0054cfa74404dd09b1352e78cdee1d4 - - default default] Successfully bumped revision number for resource 0a351a23-a688-4e86-9e49-0d2d36e92092 (type: ports) to 2
2026-04-22 19:41:01.351 9 INFO neutron.db.ovn_revision_numbers_db [None req-e73d7f5f-672c-45b4-95f8-0549d0a9517e 087f25fdef84458c88019d61f895c627 b0054cfa74404dd09b1352e78cdee1d4 - - default default] Successfully bumped revision number for resource 1358aab4-0c51-4a11-bb1c-20fb7ba9edb1 (type: subnets) to 0
2026-04-22 19:41:01.352 10 INFO neutron.db.ovn_revision_numbers_db [None req-90125ba4-fd89-4eb4-8811-2fa9835cb7c8 34eaa71828ca4668a67265669ab5dcc5 5074986342464e0aab52c6191facf52a - - default default] Successfully bumped revision number for resource c0ca9a1d-d152-479f-a861-64b054d1803d (type: ports) to 1
2026-04-22 19:41:01.367 9 INFO neutron.wsgi [None req-e73d7f5f-672c-45b4-95f8-0549d0a9517e 087f25fdef84458c88019d61f895c627 b0054cfa74404dd09b1352e78cdee1d4 - - default default] 10.0.0.53 "POST /v2.0/subnets HTTP/1.1" status: 201 len: 832 time: 0.9840376
2026-04-22 19:41:01.395 10 INFO neutron.db.ovn_revision_numbers_db [None req-601b8069-eb01-43d8-b4f5-9ec759a1d48e - - - - - -] Successfully bumped revision number for resource 87e2233b-a2ce-4b70-8e71-eee65b0d98ce (type: ports) to 1
2026-04-22 19:41:01.407 10 INFO neutron.wsgi [None req-90125ba4-fd89-4eb4-8811-2fa9835cb7c8 34eaa71828ca4668a67265669ab5dcc5 5074986342464e0aab52c6191facf52a - - default default] 10.0.0.53 "POST /v2.0/ports HTTP/1.1" status: 201 len: 1149 time: 1.6970518
2026-04-22 19:41:01.413 10 INFO neutron.db.ovn_revision_numbers_db [None req-c2fced80-5b12-4624-b74c-be943de9d8e3 - - - - - -] Successfully bumped revision number for resource d95cd5e6-7163-4619-b473-005d0c85ade9 (type: router_ports) to 2 /var/lib/openstack/lib/python3.10/site-packages/pycadf/identifier.py:71: UserWarning: Invalid uuid: neutron. To ensure interoperability, identifiers should be a valid uuid. warnings.warn(('Invalid uuid: %s. To ensure interoperability, '
2026-04-22 19:41:01.507 10 INFO neutron.db.ovn_revision_numbers_db [None req-cc522747-11a6-4ea8-a993-9a95e2a737f4 7975e1acb5494a238ff62f92ad612bee 41aea11e8ea541c181b1c6ed02bc5f87 - - default default] Successfully bumped revision number for resource d95cd5e6-7163-4619-b473-005d0c85ade9 (type: router_ports) to 2
2026-04-22 19:41:01.510 10 INFO neutron.wsgi [None req-cc522747-11a6-4ea8-a993-9a95e2a737f4 7975e1acb5494a238ff62f92ad612bee 41aea11e8ea541c181b1c6ed02bc5f87 - - default default] 10.0.0.53 "PUT /v2.0/routers/c0f9079d-8344-49da-b76b-640534e53c72/add_router_interface HTTP/1.1" status: 200 len: 503 time: 2.5724347
2026-04-22 19:41:01.623 9 INFO neutron.wsgi [None req-1c869b67-1ae9-43bf-8b50-4bd9a64ed807 7975e1acb5494a238ff62f92ad612bee 41aea11e8ea541c181b1c6ed02bc5f87 - - default default] 10.0.0.53 "GET /v2.0/ports/d95cd5e6-7163-4619-b473-005d0c85ade9 HTTP/1.1" status: 200 len: 1137 time: 0.1089888
2026-04-22 19:41:01.667 9 INFO neutron.wsgi [None req-bc91cb2d-0a3b-41f1-a8bd-20b0cf6e7dff 7975e1acb5494a238ff62f92ad612bee 41aea11e8ea541c181b1c6ed02bc5f87 - - default default] 10.0.0.53 "GET /v2.0/ports/d95cd5e6-7163-4619-b473-005d0c85ade9 HTTP/1.1" status: 200 len: 1137 time: 0.0382609
2026-04-22 19:41:01.797 10 INFO neutron.db.ovn_revision_numbers_db [None req-601b8069-eb01-43d8-b4f5-9ec759a1d48e - - - - - -] Successfully bumped revision number for resource 87e2233b-a2ce-4b70-8e71-eee65b0d98ce (type: router_ports) to 3
2026-04-22 19:41:01.959 10 INFO neutron.wsgi [None req-5b575474-7b1d-446f-be79-f9b1b8c18fd3 34eaa71828ca4668a67265669ab5dcc5 5074986342464e0aab52c6191facf52a - - default default] 10.0.0.53 "DELETE /v2.0/ports/c0ca9a1d-d152-479f-a861-64b054d1803d HTTP/1.1" status: 204 len: 168 time: 0.5474224
2026-04-22 19:41:01.993 10 INFO neutron.pecan_wsgi.hooks.translation [None req-62aacfa0-c646-476f-adf1-641bd684cacc 34eaa71828ca4668a67265669ab5dcc5 5074986342464e0aab52c6191facf52a - - default default] DELETE failed (client error): The resource could not be found.
2026-04-22 19:41:01.996 10 INFO neutron.wsgi [None req-62aacfa0-c646-476f-adf1-641bd684cacc 34eaa71828ca4668a67265669ab5dcc5 5074986342464e0aab52c6191facf52a - - default default] 10.0.0.53 "DELETE /v2.0/ports/c0ca9a1d-d152-479f-a861-64b054d1803d HTTP/1.1" status: 404 len: 333 time: 0.0314028
2026-04-22 19:41:02.009 10 INFO neutron.db.ovn_revision_numbers_db [None req-601b8069-eb01-43d8-b4f5-9ec759a1d48e - - - - - -] Successfully bumped revision number for resource 87e2233b-a2ce-4b70-8e71-eee65b0d98ce (type: ports) to 2
2026-04-22 19:41:02.043 9 INFO neutron.pecan_wsgi.hooks.translation [None req-e24e3834-4711-4811-851d-f2f57a6c1a54 34eaa71828ca4668a67265669ab5dcc5 5074986342464e0aab52c6191facf52a - - default default] GET failed (client error): The resource could not be found.
2026-04-22 19:41:02.045 9 INFO neutron.wsgi [None req-e24e3834-4711-4811-851d-f2f57a6c1a54 34eaa71828ca4668a67265669ab5dcc5 5074986342464e0aab52c6191facf52a - - default default] 10.0.0.53 "GET /v2.0/ports/c0ca9a1d-d152-479f-a861-64b054d1803d HTTP/1.1" status: 404 len: 333 time: 0.0394475
2026-04-22 19:41:02.256 10 INFO neutron.db.ovn_revision_numbers_db [None req-601b8069-eb01-43d8-b4f5-9ec759a1d48e - - - - - -] Successfully bumped revision number for resource 87e2233b-a2ce-4b70-8e71-eee65b0d98ce (type: ports) to 4
2026-04-22 19:41:02.286 9 WARNING neutron.scheduler.dhcp_agent_scheduler [None req-2c6c72b2-7dc0-4559-88cb-2ad384b87024 087f25fdef84458c88019d61f895c627 b0054cfa74404dd09b1352e78cdee1d4 - - default default] No more DHCP agents
2026-04-22 19:41:02.290 9 WARNING neutron.api.rpc.agentnotifiers.dhcp_rpc_agent_api [None req-2c6c72b2-7dc0-4559-88cb-2ad384b87024 087f25fdef84458c88019d61f895c627 b0054cfa74404dd09b1352e78cdee1d4 - - default default] Unable to schedule network a31c1763-db81-49ab-832e-fa5508ababd5: no agents available; will retry on subsequent port and subnet creation events.
2026-04-22 19:41:02.428 10 INFO neutron.db.ovn_revision_numbers_db [None req-601b8069-eb01-43d8-b4f5-9ec759a1d48e - - - - - -] Successfully bumped revision number for resource 87e2233b-a2ce-4b70-8e71-eee65b0d98ce (type: router_ports) to 4
2026-04-22 19:41:02.671 9 INFO neutron.wsgi [None req-ed9e0091-c3b2-4ee8-8f7e-6f867f576ce7 34eaa71828ca4668a67265669ab5dcc5 5074986342464e0aab52c6191facf52a - - default default] 10.0.0.53 "DELETE /v2.0/subnets/fa8a231a-128a-4faf-9c5f-40246464628c HTTP/1.1" status: 204 len: 168 time: 0.6132560
2026-04-22 19:41:02.751 9 INFO neutron.db.ovn_revision_numbers_db [None req-2c6c72b2-7dc0-4559-88cb-2ad384b87024 087f25fdef84458c88019d61f895c627 b0054cfa74404dd09b1352e78cdee1d4 - - default default] Successfully bumped revision number for resource e813a68b-2c04-4d23-b58d-e9725b2554e8 (type: ports) to 1
2026-04-22 19:41:02.888 9 INFO neutron.wsgi [None req-0c988705-12d2-4063-a0f6-f3c166d9ef20 7975e1acb5494a238ff62f92ad612bee 41aea11e8ea541c181b1c6ed02bc5f87 - - default default] 10.0.0.53 "PUT /v2.0/routers/c0f9079d-8344-49da-b76b-640534e53c72/remove_router_interface HTTP/1.1" status: 200 len: 503 time: 1.2153027
2026-04-22 19:41:02.914 10 INFO neutron.wsgi [None req-24cf295a-298b-480d-acca-3b83171b56ac 7975e1acb5494a238ff62f92ad612bee 41aea11e8ea541c181b1c6ed02bc5f87 - - default default] 10.0.0.53 "GET /v2.0/ports?device_id=c0f9079d-8344-49da-b76b-640534e53c72 HTTP/1.1" status: 200 len: 205 time: 0.0205629
2026-04-22 19:41:03.157 10 INFO neutron.services.segments.plugin [-] Segment 2df64ae4-07d4-4fc6-8e29-061ed86df7c0 resource provider aggregate not found
2026-04-22 19:41:03.162 10 INFO neutron.services.segments.plugin [-] Segment 2df64ae4-07d4-4fc6-8e29-061ed86df7c0 resource provider aggregate not found
2026-04-22 19:41:03.195 10 INFO neutron.services.segments.plugin [-] Segment 2df64ae4-07d4-4fc6-8e29-061ed86df7c0 resource provider not found; error: Placement Client Error (4xx): {"errors": [{"status": 404, "title": "Not Found", "detail": "The resource could not be found.\n\n No resource provider with uuid 2df64ae4-07d4-4fc6-8e29-061ed86df7c0 found for delete ", "request_id": "req-c128edb2-9122-4baa-9493-3e5b78045fb8"}]}
2026-04-22 19:41:03.196 10 INFO neutron.services.segments.plugin [-] Segment 2df64ae4-07d4-4fc6-8e29-061ed86df7c0 resource provider not found; error: Placement Client Error (4xx): {"errors": [{"status": 404, "title": "Not Found", "detail": "The resource could not be found.\n\n No resource provider with uuid 2df64ae4-07d4-4fc6-8e29-061ed86df7c0 found for delete ", "request_id": "req-3d6bcf6a-363b-4100-a193-616a5e0a6b00"}]}
2026-04-22 19:41:03.249 10 INFO neutron.wsgi [None req-2b63ab0a-149b-4f98-b370-5b4353c50ead 34eaa71828ca4668a67265669ab5dcc5 5074986342464e0aab52c6191facf52a - - default default] 10.0.0.53 "DELETE /v2.0/networks/7f55a78b-5649-48a1-a73d-31a5cfcc1c83 HTTP/1.1" status: 204 len: 168 time: 0.5721490
2026-04-22 19:41:03.260 10 WARNING neutron_lib.context [None req-288e49f6-8a54-4b47-8247-fba715f35d52 34eaa71828ca4668a67265669ab5dcc5 5074986342464e0aab52c6191facf52a - - default default] Method 'is_advsvc' is deprecated since 2023.2 release (neutron-lib 3.8.0) and will be removed once support for the old RBAC API policies will be removed from Neutron. Please use method 'is_service_role' instead.
2026-04-22 19:41:03.273 10 INFO neutron.wsgi [None req-343e24ac-867d-4efa-9435-76d954c366a2 7975e1acb5494a238ff62f92ad612bee 41aea11e8ea541c181b1c6ed02bc5f87 - - default default] 10.0.0.53 "DELETE /v2.0/routers/c0f9079d-8344-49da-b76b-640534e53c72 HTTP/1.1" status: 204 len: 168 time: 0.3533885 /var/lib/openstack/lib/python3.10/site-packages/pycadf/identifier.py:71: UserWarning: Invalid uuid: neutron. To ensure interoperability, identifiers should be a valid uuid. warnings.warn(('Invalid uuid: %s. To ensure interoperability, '
2026-04-22 19:41:03.293 9 INFO neutron.plugins.ml2.drivers.ovn.mech_driver.mech_driver [None req-0f7edde9-43a3-45cf-ae74-5f357d8d0ae2 - - - - - -] OVN reports status up for port: e813a68b-2c04-4d23-b58d-e9725b2554e8
2026-04-22 19:41:03.308 9 INFO neutron.plugins.ml2.plugin [None req-0f7edde9-43a3-45cf-ae74-5f357d8d0ae2 - - - - - -] Attempt 1 to provision port e813a68b-2c04-4d23-b58d-e9725b2554e8
2026-04-22 19:41:03.349 10 INFO neutron.db.segments_db [None req-288e49f6-8a54-4b47-8247-fba715f35d52 34eaa71828ca4668a67265669ab5dcc5 5074986342464e0aab52c6191facf52a - - default default] Added segment 6e41e555-1deb-4db3-bca4-c3b7508a8b2a of type geneve for network 232dff09-5581-4154-901d-46a49adfb8d8
2026-04-22 19:41:03.369 9 INFO neutron.db.ovn_revision_numbers_db [None req-2c6c72b2-7dc0-4559-88cb-2ad384b87024 087f25fdef84458c88019d61f895c627 b0054cfa74404dd09b1352e78cdee1d4 - - default default] Successfully bumped revision number for resource e813a68b-2c04-4d23-b58d-e9725b2554e8 (type: router_ports) to 1
2026-04-22 19:41:03.503 10 INFO neutron.db.ovn_revision_numbers_db [None req-288e49f6-8a54-4b47-8247-fba715f35d52 34eaa71828ca4668a67265669ab5dcc5 5074986342464e0aab52c6191facf52a - - default default] Successfully bumped revision number for resource 232dff09-5581-4154-901d-46a49adfb8d8 (type: networks) to 1
2026-04-22 19:41:03.627 9 INFO neutron.db.ovn_revision_numbers_db [None req-2c6c72b2-7dc0-4559-88cb-2ad384b87024 087f25fdef84458c88019d61f895c627 b0054cfa74404dd09b1352e78cdee1d4 - - default default] Successfully bumped revision number for resource e813a68b-2c04-4d23-b58d-e9725b2554e8 (type: ports) to 1
2026-04-22 19:41:03.636 9 INFO neutron.wsgi [None req-0d6f8f2a-df90-4c68-ba0f-a30002ccab87 7975e1acb5494a238ff62f92ad612bee 41aea11e8ea541c181b1c6ed02bc5f87 - - default default] 10.0.0.53 "DELETE /v2.0/subnets/62a8f090-8e58-44ea-baa7-e44db4072a3d HTTP/1.1" status: 204 len: 168 time: 0.3574216
2026-04-22 19:41:03.730 9 WARNING neutron.scheduler.dhcp_agent_scheduler [None req-2c6c72b2-7dc0-4559-88cb-2ad384b87024 087f25fdef84458c88019d61f895c627 b0054cfa74404dd09b1352e78cdee1d4 - - default default] No more DHCP agents
2026-04-22 19:41:03.732 9 WARNING neutron.api.rpc.agentnotifiers.dhcp_rpc_agent_api [None req-2c6c72b2-7dc0-4559-88cb-2ad384b87024 087f25fdef84458c88019d61f895c627 b0054cfa74404dd09b1352e78cdee1d4 - - default default] Unable to schedule network a31c1763-db81-49ab-832e-fa5508ababd5: no agents available; will retry on subsequent port and subnet creation events.
2026-04-22 19:41:03.736 10 WARNING neutron.scheduler.dhcp_agent_scheduler [None req-288e49f6-8a54-4b47-8247-fba715f35d52 34eaa71828ca4668a67265669ab5dcc5 5074986342464e0aab52c6191facf52a - - default default] No more DHCP agents
2026-04-22 19:41:03.738 10 WARNING neutron.api.rpc.agentnotifiers.dhcp_rpc_agent_api [None req-288e49f6-8a54-4b47-8247-fba715f35d52 34eaa71828ca4668a67265669ab5dcc5 5074986342464e0aab52c6191facf52a - - default default] Unable to schedule network 232dff09-5581-4154-901d-46a49adfb8d8: no agents available; will retry on subsequent port and subnet creation events.
2026-04-22 19:41:03.746 9 INFO neutron.db.ovn_revision_numbers_db [None req-0f7edde9-43a3-45cf-ae74-5f357d8d0ae2 - - - - - -] Successfully bumped revision number for resource e813a68b-2c04-4d23-b58d-e9725b2554e8 (type: ports) to 2
2026-04-22 19:41:03.857 9 INFO neutron.db.ovn_revision_numbers_db [None req-0f7edde9-43a3-45cf-ae74-5f357d8d0ae2 - - - - - -] Successfully bumped revision number for resource e813a68b-2c04-4d23-b58d-e9725b2554e8 (type: router_ports) to 2
2026-04-22 19:41:03.865 10 INFO neutron.db.ovn_revision_numbers_db [None req-288e49f6-8a54-4b47-8247-fba715f35d52 34eaa71828ca4668a67265669ab5dcc5 5074986342464e0aab52c6191facf52a - - default default] Successfully bumped revision number for resource 9f6d6d96-38c3-424b-bb0f-e7a3cc5cefdc (type: ports) to 1
2026-04-22 19:41:03.910 10 INFO neutron.wsgi [None req-288e49f6-8a54-4b47-8247-fba715f35d52 34eaa71828ca4668a67265669ab5dcc5 5074986342464e0aab52c6191facf52a - - default default] 10.0.0.53 "POST /v2.0/networks HTTP/1.1" status: 201 len: 830 time: 0.6544809
2026-04-22 19:41:03.924 10 WARNING neutron_lib.context [None req-f919287a-23c2-4257-bc47-dd06e5e50977 34eaa71828ca4668a67265669ab5dcc5 5074986342464e0aab52c6191facf52a - - default default] Method 'is_advsvc' is deprecated since 2023.2 release (neutron-lib 3.8.0) and will be removed once support for the old RBAC API policies will be removed from Neutron. Please use method 'is_service_role' instead.
2026-04-22 19:41:04.049 9 INFO neutron.db.ovn_revision_numbers_db [None req-2c6c72b2-7dc0-4559-88cb-2ad384b87024 087f25fdef84458c88019d61f895c627 b0054cfa74404dd09b1352e78cdee1d4 - - default default] Successfully bumped revision number for resource e813a68b-2c04-4d23-b58d-e9725b2554e8 (type: router_ports) to 2
2026-04-22 19:41:04.052 9 INFO neutron.wsgi [None req-2c6c72b2-7dc0-4559-88cb-2ad384b87024 087f25fdef84458c88019d61f895c627 b0054cfa74404dd09b1352e78cdee1d4 - - default default] 10.0.0.53 "PUT /v2.0/routers/08d73c94-2b8f-4af4-bb06-892f0e6b831e/add_router_interface HTTP/1.1" status: 200 len: 503 time: 2.6784813
2026-04-22 19:41:04.154 9 INFO neutron.wsgi [None req-3b8d5ec7-3318-4821-83d4-68bfa7f742bf 79d7c1d7cef84ec19a059db86b1f2ad3 d92a9f21ce36467082b1936dd24faa22 - - default default] 10.0.0.53 "GET /v2.0/networks HTTP/1.1" status: 200 len: 5246 time: 0.0970201
2026-04-22 19:41:04.169 10 INFO neutron.wsgi [None req-3bcb15e5-7eb1-438c-a12c-e2c842bcda01 7975e1acb5494a238ff62f92ad612bee 41aea11e8ea541c181b1c6ed02bc5f87 - - default default] 10.0.0.53 "DELETE /v2.0/networks/c5f4d813-ee0e-4630-aaa7-ec0deaadd3e0 HTTP/1.1" status: 204 len: 168 time: 0.5219309
2026-04-22 19:41:04.188 9 WARNING neutron_lib.context [None req-d3cfea20-3fd5-4d92-a719-25d2a0bc98f2 7975e1acb5494a238ff62f92ad612bee 41aea11e8ea541c181b1c6ed02bc5f87 - - default default] Method 'is_advsvc' is deprecated since 2023.2 release (neutron-lib 3.8.0) and will be removed once support for the old RBAC API policies will be removed from Neutron. Please use method 'is_service_role' instead.
2026-04-22 19:41:04.210 10 WARNING neutron.scheduler.dhcp_agent_scheduler [None req-f919287a-23c2-4257-bc47-dd06e5e50977 34eaa71828ca4668a67265669ab5dcc5 5074986342464e0aab52c6191facf52a - - default default] No more DHCP agents
2026-04-22 19:41:04.211 10 WARNING neutron.api.rpc.agentnotifiers.dhcp_rpc_agent_api [None req-f919287a-23c2-4257-bc47-dd06e5e50977 34eaa71828ca4668a67265669ab5dcc5 5074986342464e0aab52c6191facf52a - - default default] Unable to schedule network 232dff09-5581-4154-901d-46a49adfb8d8: no agents available; will retry on subsequent port and subnet creation events.
2026-04-22 19:41:04.212 9 INFO neutron.wsgi [None req-739a6c0f-32be-44ff-9f2b-fd2e11ef6b79 79d7c1d7cef84ec19a059db86b1f2ad3 d92a9f21ce36467082b1936dd24faa22 - - default default] 10.0.0.53 "GET /v2.0/subnets HTTP/1.1" status: 200 len: 2097 time: 0.0532637
2026-04-22 19:41:04.562 9 INFO neutron.wsgi [None req-943ff1ee-8e79-4cde-ad40-7d8690b10036 79d7c1d7cef84ec19a059db86b1f2ad3 d92a9f21ce36467082b1936dd24faa22 - - default default] 10.0.0.53 "GET /v2.0/routers HTTP/1.1" status: 200 len: 879 time: 0.3425536
2026-04-22 19:41:04.637 10 WARNING neutron_lib.context [None req-72984fd2-0dd4-44fe-8b29-34ec2e2ab16b 087f25fdef84458c88019d61f895c627 b0054cfa74404dd09b1352e78cdee1d4 - - default default] Method 'is_advsvc' is deprecated since 2023.2 release (neutron-lib 3.8.0) and will be removed once support for the old RBAC API policies will be removed from Neutron. Please use method 'is_service_role' instead.
2026-04-22 19:41:04.709 10 INFO neutron.db.ovn_revision_numbers_db [None req-f919287a-23c2-4257-bc47-dd06e5e50977 34eaa71828ca4668a67265669ab5dcc5 5074986342464e0aab52c6191facf52a - - default default] Successfully bumped revision number for resource 9f6d6d96-38c3-424b-bb0f-e7a3cc5cefdc (type: ports) to 2
2026-04-22 19:41:04.748 10 INFO neutron.db.ovn_revision_numbers_db [None req-f919287a-23c2-4257-bc47-dd06e5e50977 34eaa71828ca4668a67265669ab5dcc5 5074986342464e0aab52c6191facf52a - - default default] Successfully bumped revision number for resource d5e84514-2ee8-4e05-8715-48537cbd6357 (type: subnets) to 0
2026-04-22 19:41:04.767 10 INFO neutron.wsgi [None req-f919287a-23c2-4257-bc47-dd06e5e50977 34eaa71828ca4668a67265669ab5dcc5 5074986342464e0aab52c6191facf52a - - default default] 10.0.0.53 "POST /v2.0/subnets HTTP/1.1" status: 201 len: 801 time: 0.8482766
2026-04-22 19:41:04.776 10 WARNING neutron_lib.context [None req-dd105bc7-fe8b-4233-886b-d4a3352f0cf6 34eaa71828ca4668a67265669ab5dcc5 5074986342464e0aab52c6191facf52a - - default default] Method 'is_advsvc' is deprecated since 2023.2 release (neutron-lib 3.8.0) and will be removed once support for the old RBAC API policies will be removed from Neutron. Please use method 'is_service_role' instead.
2026-04-22 19:41:04.952 9 WARNING neutron.scheduler.dhcp_agent_scheduler [None req-d3cfea20-3fd5-4d92-a719-25d2a0bc98f2 7975e1acb5494a238ff62f92ad612bee 41aea11e8ea541c181b1c6ed02bc5f87 - - default default] No more DHCP agents
2026-04-22 19:41:04.954 9 WARNING neutron.api.rpc.agentnotifiers.dhcp_rpc_agent_api [None req-d3cfea20-3fd5-4d92-a719-25d2a0bc98f2 7975e1acb5494a238ff62f92ad612bee 41aea11e8ea541c181b1c6ed02bc5f87 - - default default] Unable to schedule network 03f27d31-9d52-4b53-a198-8e48ce201940: no agents available; will retry on subsequent port and subnet creation events.
2026-04-22 19:41:05.020 10 INFO neutron.db.ovn_revision_numbers_db [None req-72984fd2-0dd4-44fe-8b29-34ec2e2ab16b 087f25fdef84458c88019d61f895c627 b0054cfa74404dd09b1352e78cdee1d4 - - default default] Successfully bumped revision number for resource 67f10fe9-c472-4152-b7ea-0775ce8b69f6 (type: security_groups) to 1
2026-04-22 19:41:05.045 10 INFO neutron.db.ovn_revision_numbers_db [None req-72984fd2-0dd4-44fe-8b29-34ec2e2ab16b 087f25fdef84458c88019d61f895c627 b0054cfa74404dd09b1352e78cdee1d4 - - default default] Successfully bumped revision number for resource 3f04f288-08f2-4301-8c7f-5b726a558655 (type: security_group_rules) to 0
2026-04-22 19:41:05.066 10 INFO neutron.db.ovn_revision_numbers_db [None req-72984fd2-0dd4-44fe-8b29-34ec2e2ab16b 087f25fdef84458c88019d61f895c627 b0054cfa74404dd09b1352e78cdee1d4 - - default default] Successfully bumped revision number for resource d7dbee6f-5131-431d-9b9e-9a1ef01c5e3f (type: security_group_rules) to 0
2026-04-22 19:41:05.089 10 INFO neutron.wsgi [None req-72984fd2-0dd4-44fe-8b29-34ec2e2ab16b 087f25fdef84458c88019d61f895c627 b0054cfa74404dd09b1352e78cdee1d4 - - default default] 10.0.0.53 "POST /v2.0/security-groups HTTP/1.1" status: 201 len: 1811 time: 0.4580386
2026-04-22 19:41:05.099 10 WARNING neutron_lib.context [None req-09966179-562a-4c77-819d-0a45d5db22a0 087f25fdef84458c88019d61f895c627 b0054cfa74404dd09b1352e78cdee1d4 - - default default] Method 'is_advsvc' is deprecated since 2023.2 release (neutron-lib 3.8.0) and will be removed once support for the old RBAC API policies will be removed from Neutron. Please use method 'is_service_role' instead.
2026-04-22 19:41:05.118 9 INFO neutron.db.ovn_revision_numbers_db [None req-d3cfea20-3fd5-4d92-a719-25d2a0bc98f2 7975e1acb5494a238ff62f92ad612bee 41aea11e8ea541c181b1c6ed02bc5f87 - - default default] Successfully bumped revision number for resource 9118c6f2-066f-45cc-a675-c74ae8f3f2e0 (type: ports) to 1
2026-04-22 19:41:05.222 10 INFO neutron.services.segments.plugin [-] Segment 525f71d5-dead-4df3-a970-9ea36463a346 resource provider aggregate not found
2026-04-22 19:41:05.228 10 INFO neutron.services.segments.plugin [-] Segment 525f71d5-dead-4df3-a970-9ea36463a346 resource provider aggregate not found
2026-04-22 19:41:05.241 10 INFO neutron.services.segments.plugin [-] Segment 525f71d5-dead-4df3-a970-9ea36463a346 resource provider not found; error: Placement Client Error (4xx): {"errors": [{"status": 404, "title": "Not Found", "detail": "The resource could not be found.\n\n No resource provider with uuid 525f71d5-dead-4df3-a970-9ea36463a346 found for delete ", "request_id": "req-b96195d9-b762-4482-8ddd-2affb1f0074b"}]}
2026-04-22 19:41:05.249 10 INFO neutron.services.segments.plugin [-] Segment 525f71d5-dead-4df3-a970-9ea36463a346 resource provider not found; error: Placement Client Error (4xx): {"errors": [{"status": 404, "title": "Not Found", "detail": "The resource could not be found.\n\n No resource provider with uuid 525f71d5-dead-4df3-a970-9ea36463a346 found for delete ", "request_id": "req-0ef08ea3-d242-4127-bb22-a85ac60880da"}]}
2026-04-22 19:41:05.346 10 INFO neutron.db.ovn_revision_numbers_db [None req-09966179-562a-4c77-819d-0a45d5db22a0 087f25fdef84458c88019d61f895c627 b0054cfa74404dd09b1352e78cdee1d4 - - default default] Successfully bumped revision number for resource 0fd64153-3605-4ab0-a859-d8a961c28f24 (type: security_group_rules) to 0
2026-04-22 19:41:05.393 10 INFO neutron.wsgi [None req-09966179-562a-4c77-819d-0a45d5db22a0 087f25fdef84458c88019d61f895c627 b0054cfa74404dd09b1352e78cdee1d4 - - default default] 10.0.0.53 "POST /v2.0/security-group-rules HTTP/1.1" status: 201 len: 764 time: 0.2988632
2026-04-22 19:41:05.402 10 WARNING neutron.scheduler.dhcp_agent_scheduler [None req-dd105bc7-fe8b-4233-886b-d4a3352f0cf6 34eaa71828ca4668a67265669ab5dcc5 5074986342464e0aab52c6191facf52a - - default default] No more DHCP agents
2026-04-22 19:41:05.404 10 WARNING neutron.api.rpc.agentnotifiers.dhcp_rpc_agent_api [None req-dd105bc7-fe8b-4233-886b-d4a3352f0cf6 34eaa71828ca4668a67265669ab5dcc5 5074986342464e0aab52c6191facf52a - - default default] Unable to schedule network 232dff09-5581-4154-901d-46a49adfb8d8: no agents available; will retry on subsequent port and subnet creation events.
2026-04-22 19:41:05.406 9 WARNING neutron_lib.context [None req-11c22238-71e4-4765-99b0-0009011a2703 087f25fdef84458c88019d61f895c627 b0054cfa74404dd09b1352e78cdee1d4 - - default default] Method 'is_advsvc' is deprecated since 2023.2 release (neutron-lib 3.8.0) and will be removed once support for the old RBAC API policies will be removed from Neutron. Please use method 'is_service_role' instead.
2026-04-22 19:41:05.573 10 INFO neutron.db.ovn_revision_numbers_db [None req-dd105bc7-fe8b-4233-886b-d4a3352f0cf6 34eaa71828ca4668a67265669ab5dcc5 5074986342464e0aab52c6191facf52a - - default default] Successfully bumped revision number for resource 8bcd9adb-d745-4d68-b798-80020040714d (type: ports) to 1
2026-04-22 19:41:05.596 10 INFO neutron.wsgi [None req-dd105bc7-fe8b-4233-886b-d4a3352f0cf6 34eaa71828ca4668a67265669ab5dcc5 5074986342464e0aab52c6191facf52a - - default default] 10.0.0.53 "POST /v2.0/ports HTTP/1.1" status: 201 len: 1115 time: 0.8245332
2026-04-22 19:41:05.643 9 INFO neutron.db.ovn_revision_numbers_db [None req-11c22238-71e4-4765-99b0-0009011a2703 087f25fdef84458c88019d61f895c627 b0054cfa74404dd09b1352e78cdee1d4 - - default default] Successfully bumped revision number for resource 1f2cd1ad-b0ec-40fb-82eb-baaaf3aa53a2 (type: security_group_rules) to 0
2026-04-22 19:41:05.684 9 INFO neutron.wsgi [None req-11c22238-71e4-4765-99b0-0009011a2703 087f25fdef84458c88019d61f895c627 b0054cfa74404dd09b1352e78cdee1d4 - - default default] 10.0.0.53 "POST /v2.0/security-group-rules HTTP/1.1" status: 201 len: 763 time: 0.2853727
2026-04-22 19:41:05.695 9 WARNING neutron_lib.context [None req-a13014d8-41df-43a3-9284-922aef6eba36 087f25fdef84458c88019d61f895c627 b0054cfa74404dd09b1352e78cdee1d4 - - default default] Method 'is_advsvc' is deprecated since 2023.2 release (neutron-lib 3.8.0) and will be removed once support for the old RBAC API policies will be removed from Neutron. Please use method 'is_service_role' instead.
2026-04-22 19:41:05.868 9 INFO neutron.db.ovn_revision_numbers_db [None req-d3cfea20-3fd5-4d92-a719-25d2a0bc98f2 7975e1acb5494a238ff62f92ad612bee 41aea11e8ea541c181b1c6ed02bc5f87 - - default default] Successfully bumped revision number for resource 9118c6f2-066f-45cc-a675-c74ae8f3f2e0 (type: router_ports) to 1
2026-04-22 19:41:05.912 9 INFO neutron.db.ovn_revision_numbers_db [None req-a13014d8-41df-43a3-9284-922aef6eba36 087f25fdef84458c88019d61f895c627 b0054cfa74404dd09b1352e78cdee1d4 - - default default] Successfully bumped revision number for resource 070a4576-881c-4b5e-8d72-17fa18a1ba32 (type: security_group_rules) to 0
2026-04-22 19:41:05.954 9 INFO neutron.wsgi [None req-a13014d8-41df-43a3-9284-922aef6eba36 087f25fdef84458c88019d61f895c627 b0054cfa74404dd09b1352e78cdee1d4 - - default default] 10.0.0.53 "POST /v2.0/security-group-rules HTTP/1.1" status: 201 len: 769 time: 0.2632704
2026-04-22 19:41:05.973 10 WARNING neutron_lib.context [None req-bb9ec633-6500-4d31-9a2a-f2cb28e79c6d 087f25fdef84458c88019d61f895c627 b0054cfa74404dd09b1352e78cdee1d4 - - default default] Method 'is_advsvc' is deprecated since 2023.2 release (neutron-lib 3.8.0) and will be removed once support for the old RBAC API policies will be removed from Neutron. Please use method 'is_service_role' instead.
2026-04-22 19:41:05.976 9 INFO neutron.db.ovn_revision_numbers_db [None req-d3cfea20-3fd5-4d92-a719-25d2a0bc98f2 7975e1acb5494a238ff62f92ad612bee 41aea11e8ea541c181b1c6ed02bc5f87 - - default default] Successfully bumped revision number for resource 686f2698-560d-4347-8737-ca4d3c14fee3 (type: routers) to 2
2026-04-22 19:41:06.001 9 INFO neutron.wsgi [None req-d3cfea20-3fd5-4d92-a719-25d2a0bc98f2 7975e1acb5494a238ff62f92ad612bee 41aea11e8ea541c181b1c6ed02bc5f87 - - default default] 10.0.0.53 "POST /v2.0/routers HTTP/1.1" status: 201 len: 868 time: 1.8211231
2026-04-22 19:41:06.021 10 INFO neutron.wsgi [None req-73996e43-1337-4935-b4e3-63f33dea3db0 34eaa71828ca4668a67265669ab5dcc5 5074986342464e0aab52c6191facf52a - - default default] 10.0.0.53 "DELETE /v2.0/ports/8bcd9adb-d745-4d68-b798-80020040714d HTTP/1.1" status: 204 len: 168 time: 0.4200981
2026-04-22 19:41:06.049 10 INFO neutron.pecan_wsgi.hooks.translation [None req-eae94ac9-d4d7-4bd0-a5dd-569a83536a3d 34eaa71828ca4668a67265669ab5dcc5 5074986342464e0aab52c6191facf52a - - default default] GET failed (client error): The resource could not be found.
2026-04-22 19:41:06.051 10 INFO neutron.wsgi [None req-eae94ac9-d4d7-4bd0-a5dd-569a83536a3d 34eaa71828ca4668a67265669ab5dcc5 5074986342464e0aab52c6191facf52a - - default default] 10.0.0.53 "GET /v2.0/ports/8bcd9adb-d745-4d68-b798-80020040714d HTTP/1.1" status: 404 len: 333 time: 0.0237293
2026-04-22 19:41:06.098 9 INFO neutron.wsgi [None req-fd54b60e-03ab-46f0-a090-65414ad86b1b 7975e1acb5494a238ff62f92ad612bee 41aea11e8ea541c181b1c6ed02bc5f87 - - default default] 10.0.0.53 "GET /v2.0/routers/686f2698-560d-4347-8737-ca4d3c14fee3 HTTP/1.1" status: 200 len: 869 time: 0.0899312
2026-04-22 19:41:06.165 10 INFO neutron.db.ovn_revision_numbers_db [None req-bb9ec633-6500-4d31-9a2a-f2cb28e79c6d 087f25fdef84458c88019d61f895c627 b0054cfa74404dd09b1352e78cdee1d4 - - default default] Successfully bumped revision number for resource e0d73151-9b5f-4dc4-aa0c-4967790d8b22 (type: security_group_rules) to 0
2026-04-22 19:41:06.208 10 INFO neutron.wsgi [None req-bb9ec633-6500-4d31-9a2a-f2cb28e79c6d 087f25fdef84458c88019d61f895c627 b0054cfa74404dd09b1352e78cdee1d4 - - default default] 10.0.0.53 "POST /v2.0/security-group-rules HTTP/1.1" status: 201 len: 768 time: 0.2398119
2026-04-22 19:41:06.219 9 WARNING neutron_lib.context [None req-fa881b68-c220-4818-a59f-48aba124e476 087f25fdef84458c88019d61f895c627 b0054cfa74404dd09b1352e78cdee1d4 - - default default] Method 'is_advsvc' is deprecated since 2023.2 release (neutron-lib 3.8.0) and will be removed once support for the old RBAC API policies will be removed from Neutron. Please use method 'is_service_role' instead.
2026-04-22 19:41:06.221 10 INFO neutron.wsgi [None req-58a9b351-5e75-4c1a-831f-cb8952e7be5e 7975e1acb5494a238ff62f92ad612bee 41aea11e8ea541c181b1c6ed02bc5f87 - - default default] 10.0.0.53 "GET /v2.0/routers HTTP/1.1" status: 200 len: 872 time: 0.1170473
2026-04-22 19:41:06.258 10 WARNING neutron.plugins.ml2.drivers.ovn.mech_driver.ovsdb.ovn_client [None req-c2fced80-5b12-4624-b74c-be943de9d8e3 - - - - - -] No port found with ID d95cd5e6-7163-4619-b473-005d0c85ade9: RuntimeError: No port found with ID d95cd5e6-7163-4619-b473-005d0c85ade9
2026-04-22 19:41:06.263 9 INFO neutron.db.securitygroups_db [None req-fa881b68-c220-4818-a59f-48aba124e476 087f25fdef84458c88019d61f895c627 b0054cfa74404dd09b1352e78cdee1d4 - - default default] Project b0054cfa74404dd09b1352e78cdee1d4 added a security group rule with legacy IPv6 ICMP protocol name icmp, ipv6-icmp should be used instead. It was automatically converted.
2026-04-22 19:41:06.368 9 INFO neutron.wsgi [None req-2fb58585-7703-4085-86cf-711cf97fc9c3 34eaa71828ca4668a67265669ab5dcc5 5074986342464e0aab52c6191facf52a - - default default] 10.0.0.53 "DELETE /v2.0/subnets/d5e84514-2ee8-4e05-8715-48537cbd6357 HTTP/1.1" status: 204 len: 168 time: 0.3125527
2026-04-22 19:41:06.397 9 INFO neutron.db.ovn_revision_numbers_db [None req-fa881b68-c220-4818-a59f-48aba124e476 087f25fdef84458c88019d61f895c627 b0054cfa74404dd09b1352e78cdee1d4 - - default default] Successfully bumped revision number for resource 83e86389-dac8-4e1c-ba76-56d9b803d8ca (type: security_group_rules) to 0
2026-04-22 19:41:06.420 9 INFO neutron.wsgi [None req-fa881b68-c220-4818-a59f-48aba124e476 087f25fdef84458c88019d61f895c627 b0054cfa74404dd09b1352e78cdee1d4 - - default default] 10.0.0.53 "POST /v2.0/security-group-rules HTTP/1.1" status: 201 len: 774 time: 0.2066619
2026-04-22 19:41:06.434 9 WARNING neutron_lib.context [None req-2e67e00e-0fdd-441a-9185-e91470060b76 087f25fdef84458c88019d61f895c627 b0054cfa74404dd09b1352e78cdee1d4 - - default default] Method 'is_advsvc' is deprecated since 2023.2 release (neutron-lib 3.8.0) and will be removed once support for the old RBAC API policies will be removed from Neutron. Please use method 'is_service_role' instead.
2026-04-22 19:41:06.449 9 INFO neutron.db.securitygroups_db [None req-2e67e00e-0fdd-441a-9185-e91470060b76 087f25fdef84458c88019d61f895c627 b0054cfa74404dd09b1352e78cdee1d4 - - default default] Project b0054cfa74404dd09b1352e78cdee1d4 added a security group rule with legacy IPv6 ICMP protocol name icmp, ipv6-icmp should be used instead. It was automatically converted.
2026-04-22 19:41:06.571 9 INFO neutron.db.ovn_revision_numbers_db [None req-2e67e00e-0fdd-441a-9185-e91470060b76 087f25fdef84458c88019d61f895c627 b0054cfa74404dd09b1352e78cdee1d4 - - default default] Successfully bumped revision number for resource 3cc398d7-590f-40d4-8775-7e0a2c488c32 (type: security_group_rules) to 0
2026-04-22 19:41:06.596 9 INFO neutron.wsgi [None req-2e67e00e-0fdd-441a-9185-e91470060b76 087f25fdef84458c88019d61f895c627 b0054cfa74404dd09b1352e78cdee1d4 - - default default] 10.0.0.53 "POST /v2.0/security-group-rules HTTP/1.1" status: 201 len: 773 time: 0.1675029
2026-04-22 19:41:06.749 10 INFO neutron.db.ovn_revision_numbers_db [None req-8545a6cd-0e36-45ad-bbb9-3d35f0ed35cf 7975e1acb5494a238ff62f92ad612bee 41aea11e8ea541c181b1c6ed02bc5f87 - - default default] Successfully bumped revision number for resource 686f2698-560d-4347-8737-ca4d3c14fee3 (type: routers) to 3
2026-04-22 19:41:06.751 10 INFO neutron.wsgi [None req-8545a6cd-0e36-45ad-bbb9-3d35f0ed35cf 7975e1acb5494a238ff62f92ad612bee 41aea11e8ea541c181b1c6ed02bc5f87 - - default default] 10.0.0.53 "PUT /v2.0/routers/686f2698-560d-4347-8737-ca4d3c14fee3 HTTP/1.1" status: 200 len: 876 time: 0.5256104
2026-04-22 19:41:06.829 9 INFO neutron.wsgi [None req-8a7d7e29-34b9-4329-b085-86af3318cd83 7975e1acb5494a238ff62f92ad612bee 41aea11e8ea541c181b1c6ed02bc5f87 - - default default] 10.0.0.53 "GET /v2.0/routers/686f2698-560d-4347-8737-ca4d3c14fee3 HTTP/1.1" status: 200 len: 876 time: 0.0683351
2026-04-22 19:41:06.852 10 INFO neutron.wsgi [None req-d47794c6-dd9b-4d90-803d-2fa58ac719b6 34eaa71828ca4668a67265669ab5dcc5 5074986342464e0aab52c6191facf52a - - default default] 10.0.0.53 "DELETE /v2.0/networks/232dff09-5581-4154-901d-46a49adfb8d8 HTTP/1.1" status: 204 len: 168 time: 0.4802477
2026-04-22 19:41:06.855 9 INFO neutron.wsgi [None req-7b547013-5a26-4702-bdc1-6fa40611d328 7975e1acb5494a238ff62f92ad612bee 41aea11e8ea541c181b1c6ed02bc5f87 - - default default] 10.0.0.53 "GET /v2.0/ports?device_id=686f2698-560d-4347-8737-ca4d3c14fee3 HTTP/1.1" status: 200 len: 205 time: 0.0211637
2026-04-22 19:41:06.865 9 WARNING neutron_lib.context [None req-21c0a5bd-ac77-40d7-a8b7-073033efb191 34eaa71828ca4668a67265669ab5dcc5 5074986342464e0aab52c6191facf52a - - default default] Method 'is_advsvc' is deprecated since 2023.2 release (neutron-lib 3.8.0) and will be removed once support for the old RBAC API policies will be removed from Neutron. Please use method 'is_service_role' instead.
2026-04-22 19:41:07.078 10 INFO neutron.wsgi [None req-fce7410f-3d54-49a9-b769-76aa8ee3aeb8 087f25fdef84458c88019d61f895c627 b0054cfa74404dd09b1352e78cdee1d4 - - default default] 10.0.0.53 "GET /v2.0/networks HTTP/1.1" status: 200 len: 1493 time: 0.1158392
2026-04-22 19:41:07.088 9 WARNING neutron.scheduler.dhcp_agent_scheduler [None req-21c0a5bd-ac77-40d7-a8b7-073033efb191 34eaa71828ca4668a67265669ab5dcc5 5074986342464e0aab52c6191facf52a - - default default] No more DHCP agents
2026-04-22 19:41:07.093 9 WARNING neutron.api.rpc.agentnotifiers.dhcp_rpc_agent_api [None req-21c0a5bd-ac77-40d7-a8b7-073033efb191 34eaa71828ca4668a67265669ab5dcc5 5074986342464e0aab52c6191facf52a - - default default] Unable to schedule network d4a25efc-2df8-458e-a40b-51d95c56cfaf: no agents available; will retry on subsequent port and subnet creation events.
2026-04-22 19:41:07.178 9 INFO neutron.db.ovn_revision_numbers_db [None req-21c0a5bd-ac77-40d7-a8b7-073033efb191 34eaa71828ca4668a67265669ab5dcc5 5074986342464e0aab52c6191facf52a - - default default] Successfully bumped revision number for resource 83feaa14-cca4-4e10-866a-43b55132bed9 (type: ports) to 1
2026-04-22 19:41:07.204 9 INFO neutron.wsgi [None req-21c0a5bd-ac77-40d7-a8b7-073033efb191 34eaa71828ca4668a67265669ab5dcc5 5074986342464e0aab52c6191facf52a - - default default] 10.0.0.53 "POST /v2.0/ports HTTP/1.1" status: 201 len: 971 time: 0.3438566
2026-04-22 19:41:07.210 10 INFO neutron.wsgi [req-652c6769-6eb4-484a-9999-cfa5927e3e6a req-f3279efd-2cd0-4d2a-9379-1072aba97c6f 087f25fdef84458c88019d61f895c627 b0054cfa74404dd09b1352e78cdee1d4 - - default default] 10.0.0.78 "GET /v2.0/security-groups?name=tempest-secgroup-smoke-1058150763&fields=id&tenant_id=b0054cfa74404dd09b1352e78cdee1d4 HTTP/1.1" status: 200 len: 267 time: 0.0492523 /var/lib/openstack/lib/python3.10/site-packages/pycadf/identifier.py:71: UserWarning: Invalid uuid: neutron. To ensure interoperability, identifiers should be a valid uuid. warnings.warn(('Invalid uuid: %s. To ensure interoperability, '
2026-04-22 19:41:07.262 10 INFO neutron.services.segments.plugin [-] Segment 6e41e555-1deb-4db3-bca4-c3b7508a8b2a resource provider aggregate not found
2026-04-22 19:41:07.277 10 INFO neutron.services.segments.plugin [-] Segment 6e41e555-1deb-4db3-bca4-c3b7508a8b2a resource provider aggregate not found
2026-04-22 19:41:07.290 10 INFO neutron.services.segments.plugin [-] Segment 6e41e555-1deb-4db3-bca4-c3b7508a8b2a resource provider not found; error: Placement Client Error (4xx): {"errors": [{"status": 404, "title": "Not Found", "detail": "The resource could not be found.\n\n No resource provider with uuid 6e41e555-1deb-4db3-bca4-c3b7508a8b2a found for delete ", "request_id": "req-d1939d9a-34b6-4f12-9d8d-19390d29c346"}]}
2026-04-22 19:41:07.295 10 INFO neutron.services.segments.plugin [-] Segment 6e41e555-1deb-4db3-bca4-c3b7508a8b2a resource provider not found; error: Placement Client Error (4xx): {"errors": [{"status": 404, "title": "Not Found", "detail": "The resource could not be found.\n\n No resource provider with uuid 6e41e555-1deb-4db3-bca4-c3b7508a8b2a found for delete ", "request_id": "req-e6a7a957-651f-4592-aa78-3e3dcc45a480"}]}
2026-04-22 19:41:07.475 9 INFO neutron.db.ovn_revision_numbers_db [None req-8ae02378-438a-4622-bccc-c5bedc7eb3f7 34eaa71828ca4668a67265669ab5dcc5 5074986342464e0aab52c6191facf52a - - default default] Successfully bumped revision number for resource 83feaa14-cca4-4e10-866a-43b55132bed9 (type: ports) to 2
2026-04-22 19:41:07.506 9 INFO neutron.wsgi [None req-8ae02378-438a-4622-bccc-c5bedc7eb3f7 34eaa71828ca4668a67265669ab5dcc5 5074986342464e0aab52c6191facf52a - - default default] 10.0.0.53 "PUT /v2.0/ports/83feaa14-cca4-4e10-866a-43b55132bed9 HTTP/1.1" status: 200 len: 946 time: 0.2976956 /var/lib/openstack/lib/python3.10/site-packages/pycadf/identifier.py:71: UserWarning: Invalid uuid: neutron. To ensure interoperability, identifiers should be a valid uuid. warnings.warn(('Invalid uuid: %s. To ensure interoperability, '
2026-04-22 19:41:07.575 10 INFO neutron.wsgi [req-652c6769-6eb4-484a-9999-cfa5927e3e6a req-43ff27e4-f904-4646-9027-7cb8325a544a 087f25fdef84458c88019d61f895c627 b0054cfa74404dd09b1352e78cdee1d4 - - default default] 10.0.0.78 "GET /v2.0/networks?id=a31c1763-db81-49ab-832e-fa5508ababd5 HTTP/1.1" status: 200 len: 860 time: 0.3558819
2026-04-22 19:41:07.598 10 INFO neutron.wsgi [req-652c6769-6eb4-484a-9999-cfa5927e3e6a req-fbbacb0a-8776-4727-8da8-d31104f43c47 087f25fdef84458c88019d61f895c627 b0054cfa74404dd09b1352e78cdee1d4 - - default default] 10.0.0.78 "GET /v2.0/quotas/b0054cfa74404dd09b1352e78cdee1d4 HTTP/1.1" status: 200 len: 386 time: 0.0180809
2026-04-22 19:41:07.780 10 INFO neutron.wsgi [req-652c6769-6eb4-484a-9999-cfa5927e3e6a req-be44637e-f060-4a83-9a91-04c0c2decd85 087f25fdef84458c88019d61f895c627 b0054cfa74404dd09b1352e78cdee1d4 - - default default] 10.0.0.78 "GET /v2.0/ports?tenant_id=b0054cfa74404dd09b1352e78cdee1d4&fields=id HTTP/1.1" status: 200 len: 302 time: 0.1649148
2026-04-22 19:41:07.825 9 INFO neutron.wsgi [None req-bc694df3-07d4-4e2e-af98-358af7095616 34eaa71828ca4668a67265669ab5dcc5 5074986342464e0aab52c6191facf52a - - default default] 10.0.0.53 "DELETE /v2.0/ports/83feaa14-cca4-4e10-866a-43b55132bed9 HTTP/1.1" status: 204 len: 168 time: 0.3041296
2026-04-22 19:41:07.892 10 INFO neutron.wsgi [req-652c6769-6eb4-484a-9999-cfa5927e3e6a req-ef03ef04-9d21-4d34-a52e-98f6ae63f18d 74c10f796dd9484d81aaaeadb9fc6aa7 4eabc121554046faadfb1f554ba2c17b - - bc3a08d6369941d6adfa3d0f4b770de6 bc3a08d6369941d6adfa3d0f4b770de6] 10.0.0.78 "GET /v2.0/networks/a31c1763-db81-49ab-832e-fa5508ababd5?fields=segments HTTP/1.1" status: 200 len: 212 time: 0.0975015
2026-04-22 19:41:07.917 9 INFO neutron.wsgi [None req-b636512f-ea59-4bb2-b00e-36b3a756d5c0 34eaa71828ca4668a67265669ab5dcc5 5074986342464e0aab52c6191facf52a - - default default] 10.0.0.53 "GET /v2.0/ports HTTP/1.1" status: 200 len: 1729 time: 0.0878630
