2026-04-22 19:42:49.532 9 INFO neutron.db.ovn_revision_numbers_db [None req-935e1355-f805-4fae-ba32-cb151335df4e 1b2f7108c3784300bb33f5d5cc971016 af2496e0c3bf450c86080db28939b280 - - default default] Successfully bumped revision number for resource deabbb86-101e-43a4-b1c3-f3a58d9adeb5 (type: security_groups) to 1
2026-04-22 19:42:49.556 9 INFO neutron.db.ovn_revision_numbers_db [None req-935e1355-f805-4fae-ba32-cb151335df4e 1b2f7108c3784300bb33f5d5cc971016 af2496e0c3bf450c86080db28939b280 - - default default] Successfully bumped revision number for resource 2f0f6e47-8775-49fb-824f-1d45a9c4bdb2 (type: security_group_rules) to 0
2026-04-22 19:42:49.576 10 INFO neutron.db.ovn_revision_numbers_db [None req-c8666f02-6cca-4b5f-8a72-2f7f3fd0b52d 29d1dd3d8cc24bd6a6ce0b620fbb91a4 fc4d0f1d08824aa7a6f33dc313c5a32f - - default default] Successfully bumped revision number for resource 79567625-1d92-40c3-83f3-f18f58564a4c (type: router_ports) to 1
2026-04-22 19:42:49.578 9 INFO neutron.db.ovn_revision_numbers_db [None req-935e1355-f805-4fae-ba32-cb151335df4e 1b2f7108c3784300bb33f5d5cc971016 af2496e0c3bf450c86080db28939b280 - - default default] Successfully bumped revision number for resource 75e845b4-e320-4d73-8b45-be730b6938b1 (type: security_group_rules) to 0
2026-04-22 19:42:49.607 9 INFO neutron.wsgi [None req-935e1355-f805-4fae-ba32-cb151335df4e 1b2f7108c3784300bb33f5d5cc971016 af2496e0c3bf450c86080db28939b280 - - default default] 10.0.0.53 "POST /v2.0/security-groups HTTP/1.1" status: 201 len: 1737 time: 0.2448702
2026-04-22 19:42:49.658 9 INFO neutron.wsgi [None req-4e1b0929-fa7e-4f5d-8db3-0c64b73f664b 1b2f7108c3784300bb33f5d5cc971016 af2496e0c3bf450c86080db28939b280 - - default default] 10.0.0.53 "PUT /v2.0/security-groups/3d58018d-4a53-484d-bafb-d63e7d873100/tags HTTP/1.1" status: 200 len: 210 time: 0.0445819
2026-04-22 19:42:49.711 9 INFO neutron.db.ovn_revision_numbers_db [None req-54b6930a-9156-48da-bd06-29d6c41230ac ccc34db87ab74f3ab0b2991b45f22c61 499fff5a35cb4422b946f89d7b3f3ee2 - - default default] Successfully bumped revision number for resource 7ea0a461-6fa2-40ed-be58-d019d829e9a9 (type: networks) to 1
2026-04-22 19:42:49.726 10 INFO neutron.wsgi [None req-3acac70d-c9ad-45fa-937c-32643f86a9fa 1b2f7108c3784300bb33f5d5cc971016 af2496e0c3bf450c86080db28939b280 - - default default] 10.0.0.53 "PUT /v2.0/security-groups/61bd0e15-f36d-44fd-b2ec-0f5bd5cc000c/tags HTTP/1.1" status: 200 len: 218 time: 0.0646563
2026-04-22 19:42:49.746 10 WARNING neutron.scheduler.dhcp_agent_scheduler [None req-d4359c4a-3aa3-4c89-985d-1f14c7f20507 2b89a5904df74e9cb64acc7f205c867f 2f218953071749c1bedf01c5455ad821 - - default default] No more DHCP agents
2026-04-22 19:42:49.750 10 WARNING neutron.api.rpc.agentnotifiers.dhcp_rpc_agent_api [None req-d4359c4a-3aa3-4c89-985d-1f14c7f20507 2b89a5904df74e9cb64acc7f205c867f 2f218953071749c1bedf01c5455ad821 - - default default] Unable to schedule network 3f02b382-c359-4390-813d-d9e6446f2b3e: no agents available; will retry on subsequent port and subnet creation events.
2026-04-22 19:42:49.790 9 INFO neutron.wsgi [None req-10ef5de8-b8b5-4d4e-b0b0-43740b6bee5d 1b2f7108c3784300bb33f5d5cc971016 af2496e0c3bf450c86080db28939b280 - - default default] 10.0.0.53 "PUT /v2.0/security-groups/38f933df-6555-4bb4-bc55-dd68734357ee/tags HTTP/1.1" status: 200 len: 227 time: 0.0589342
2026-04-22 19:42:49.821 10 INFO neutron.db.ovn_revision_numbers_db [None req-c8666f02-6cca-4b5f-8a72-2f7f3fd0b52d 29d1dd3d8cc24bd6a6ce0b620fbb91a4 fc4d0f1d08824aa7a6f33dc313c5a32f - - default default] Successfully bumped revision number for resource 79567625-1d92-40c3-83f3-f18f58564a4c (type: ports) to 1
2026-04-22 19:42:49.855 9 INFO neutron.wsgi [None req-1bd98ecb-d570-4ce6-bfa7-406c1d5122c7 1b2f7108c3784300bb33f5d5cc971016 af2496e0c3bf450c86080db28939b280 - - default default] 10.0.0.53 "PUT /v2.0/security-groups/a1dcd3ca-bd9e-4a43-b5f1-cac935a7f770/tags HTTP/1.1" status: 200 len: 212 time: 0.0613377
2026-04-22 19:42:49.864 10 INFO neutron.db.ovn_revision_numbers_db [None req-d4359c4a-3aa3-4c89-985d-1f14c7f20507 2b89a5904df74e9cb64acc7f205c867f 2f218953071749c1bedf01c5455ad821 - - default default] Successfully bumped revision number for resource 685765f7-d4e9-45fc-8f76-f606d246108b (type: ports) to 1
2026-04-22 19:42:49.906 9 WARNING neutron.scheduler.dhcp_agent_scheduler [None req-54b6930a-9156-48da-bd06-29d6c41230ac ccc34db87ab74f3ab0b2991b45f22c61 499fff5a35cb4422b946f89d7b3f3ee2 - - default default] No more DHCP agents
2026-04-22 19:42:49.907 10 INFO neutron.wsgi [None req-d4359c4a-3aa3-4c89-985d-1f14c7f20507 2b89a5904df74e9cb64acc7f205c867f 2f218953071749c1bedf01c5455ad821 - - default default] 10.0.0.53 "POST /v2.0/networks HTTP/1.1" status: 201 len: 830 time: 0.7691438
2026-04-22 19:42:49.909 9 WARNING neutron.api.rpc.agentnotifiers.dhcp_rpc_agent_api [None req-54b6930a-9156-48da-bd06-29d6c41230ac ccc34db87ab74f3ab0b2991b45f22c61 499fff5a35cb4422b946f89d7b3f3ee2 - - default default] Unable to schedule network 7ea0a461-6fa2-40ed-be58-d019d829e9a9: no agents available; will retry on subsequent port and subnet creation events.
2026-04-22 19:42:49.920 10 WARNING neutron_lib.context [None req-6eb8c4e2-a030-4679-a46a-57300008b5eb 2b89a5904df74e9cb64acc7f205c867f 2f218953071749c1bedf01c5455ad821 - - default default] Method 'is_advsvc' is deprecated since 2023.2 release (neutron-lib 3.8.0) and will be removed once support for the old RBAC API policies will be removed from Neutron. Please use method 'is_service_role' instead.
2026-04-22 19:42:49.933 10 WARNING neutron.scheduler.dhcp_agent_scheduler [None req-c8666f02-6cca-4b5f-8a72-2f7f3fd0b52d 29d1dd3d8cc24bd6a6ce0b620fbb91a4 fc4d0f1d08824aa7a6f33dc313c5a32f - - default default] No more DHCP agents
2026-04-22 19:42:49.937 10 INFO neutron.wsgi [None req-4d7fd2b1-5b03-4d95-b226-bcbc999dc824 1b2f7108c3784300bb33f5d5cc971016 af2496e0c3bf450c86080db28939b280 - - default default] 10.0.0.53 "GET /v2.0/security-groups?tags=red HTTP/1.1" status: 200 len: 4813 time: 0.0750690
2026-04-22 19:42:49.938 10 WARNING neutron.api.rpc.agentnotifiers.dhcp_rpc_agent_api [None req-c8666f02-6cca-4b5f-8a72-2f7f3fd0b52d 29d1dd3d8cc24bd6a6ce0b620fbb91a4 fc4d0f1d08824aa7a6f33dc313c5a32f - - default default] Unable to schedule network 9b0664e6-ef3e-43ee-b7e4-c5269fc0d99a: no agents available; will retry on subsequent port and subnet creation events.
2026-04-22 19:42:49.999 9 INFO neutron.wsgi [None req-23639271-94fe-46cd-bad7-34038b956785 1b2f7108c3784300bb33f5d5cc971016 af2496e0c3bf450c86080db28939b280 - - default default] 10.0.0.53 "GET /v2.0/security-groups?tags=red%2Cblue HTTP/1.1" status: 200 len: 3289 time: 0.0518496
2026-04-22 19:42:50.009 9 INFO neutron.db.ovn_revision_numbers_db [None req-54b6930a-9156-48da-bd06-29d6c41230ac ccc34db87ab74f3ab0b2991b45f22c61 499fff5a35cb4422b946f89d7b3f3ee2 - - default default] Successfully bumped revision number for resource 85a8dc72-cc71-46c2-8738-67f949b43b77 (type: ports) to 1
2026-04-22 19:42:50.037 9 INFO neutron.wsgi [None req-54b6930a-9156-48da-bd06-29d6c41230ac ccc34db87ab74f3ab0b2991b45f22c61 499fff5a35cb4422b946f89d7b3f3ee2 - - default default] 10.0.0.53 "POST /v2.0/networks HTTP/1.1" status: 201 len: 830 time: 0.6175272
2026-04-22 19:42:50.048 9 WARNING neutron_lib.context [None req-7d91917a-ebef-43c6-b89f-dc61d71f209f ccc34db87ab74f3ab0b2991b45f22c61 499fff5a35cb4422b946f89d7b3f3ee2 - - default default] Method 'is_advsvc' is deprecated since 2023.2 release (neutron-lib 3.8.0) and will be removed once support for the old RBAC API policies will be removed from Neutron. Please use method 'is_service_role' instead.
2026-04-22 19:42:50.056 9 INFO neutron.wsgi [None req-efacb790-fdff-4367-92c8-7c95909fb003 1b2f7108c3784300bb33f5d5cc971016 af2496e0c3bf450c86080db28939b280 - - default default] 10.0.0.53 "GET /v2.0/security-groups?tags-any=blue HTTP/1.1" status: 200 len: 3289 time: 0.0506361
2026-04-22 19:42:50.117 9 INFO neutron.wsgi [None req-ee635670-1871-40be-af33-55b13b7bf3df 1b2f7108c3784300bb33f5d5cc971016 af2496e0c3bf450c86080db28939b280 - - default default] 10.0.0.53 "GET /v2.0/security-groups?tags-any=red%2Cblue HTTP/1.1" status: 200 len: 4813 time: 0.0547538
2026-04-22 19:42:50.182 9 INFO neutron.wsgi [None req-4201d61c-7fe2-4ea7-b23f-38700c000459 1b2f7108c3784300bb33f5d5cc971016 af2496e0c3bf450c86080db28939b280 - - default default] 10.0.0.53 "GET /v2.0/security-groups?not-tags=red HTTP/1.1" status: 200 len: 6041 time: 0.0605013
2026-04-22 19:42:50.271 9 INFO neutron.wsgi [None req-b6f5c892-90e6-401e-bf20-03423c95939a 1b2f7108c3784300bb33f5d5cc971016 af2496e0c3bf450c86080db28939b280 - - default default] 10.0.0.53 "GET /v2.0/security-groups?not-tags=red%2Cblue HTTP/1.1" status: 200 len: 7565 time: 0.0831742
2026-04-22 19:42:50.333 9 WARNING neutron.scheduler.dhcp_agent_scheduler [None req-7d91917a-ebef-43c6-b89f-dc61d71f209f ccc34db87ab74f3ab0b2991b45f22c61 499fff5a35cb4422b946f89d7b3f3ee2 - - default default] No more DHCP agents
2026-04-22 19:42:50.336 9 WARNING neutron.api.rpc.agentnotifiers.dhcp_rpc_agent_api [None req-7d91917a-ebef-43c6-b89f-dc61d71f209f ccc34db87ab74f3ab0b2991b45f22c61 499fff5a35cb4422b946f89d7b3f3ee2 - - default default] Unable to schedule network 7ea0a461-6fa2-40ed-be58-d019d829e9a9: no agents available; will retry on subsequent port and subnet creation events.
2026-04-22 19:42:50.384 10 INFO neutron.wsgi [None req-58f60666-b412-4716-bf51-48506e644783 1b2f7108c3784300bb33f5d5cc971016 af2496e0c3bf450c86080db28939b280 - - default default] 10.0.0.53 "GET /v2.0/security-groups?not-tags-any=blue HTTP/1.1" status: 200 len: 7565 time: 0.1072705 /var/lib/openstack/lib/python3.10/site-packages/pycadf/identifier.py:71: UserWarning: Invalid uuid: neutron. To ensure interoperability, identifiers should be a valid uuid. warnings.warn(('Invalid uuid: %s. To ensure interoperability, '
2026-04-22 19:42:50.442 9 INFO neutron.db.ovn_revision_numbers_db [None req-7d91917a-ebef-43c6-b89f-dc61d71f209f ccc34db87ab74f3ab0b2991b45f22c61 499fff5a35cb4422b946f89d7b3f3ee2 - - default default] Successfully bumped revision number for resource cd572f97-5487-4789-85e5-ededb4afbde2 (type: ports) to 1
2026-04-22 19:42:50.455 9 INFO neutron.wsgi [None req-a25a1ffe-97c4-4195-984e-c777421fe8b2 1b2f7108c3784300bb33f5d5cc971016 af2496e0c3bf450c86080db28939b280 - - default default] 10.0.0.53 "GET /v2.0/security-groups?not-tags-any=red%2Cblue HTTP/1.1" status: 200 len: 6041 time: 0.0575736
2026-04-22 19:42:50.478 9 INFO neutron.wsgi [None req-7d91917a-ebef-43c6-b89f-dc61d71f209f ccc34db87ab74f3ab0b2991b45f22c61 499fff5a35cb4422b946f89d7b3f3ee2 - - default default] 10.0.0.53 "POST /v2.0/ports HTTP/1.1" status: 201 len: 942 time: 0.4355903
2026-04-22 19:42:50.489 9 WARNING neutron_lib.context [None req-10b4b1bb-91f1-478a-8c60-533ad89203ce ccc34db87ab74f3ab0b2991b45f22c61 499fff5a35cb4422b946f89d7b3f3ee2 - - default default] Method 'is_advsvc' is deprecated since 2023.2 release (neutron-lib 3.8.0) and will be removed once support for the old RBAC API policies will be removed from Neutron. Please use method 'is_service_role' instead.
2026-04-22 19:42:50.588 10 WARNING neutron.scheduler.dhcp_agent_scheduler [None req-6eb8c4e2-a030-4679-a46a-57300008b5eb 2b89a5904df74e9cb64acc7f205c867f 2f218953071749c1bedf01c5455ad821 - - default default] No more DHCP agents
2026-04-22 19:42:50.592 10 WARNING neutron.api.rpc.agentnotifiers.dhcp_rpc_agent_api [None req-6eb8c4e2-a030-4679-a46a-57300008b5eb 2b89a5904df74e9cb64acc7f205c867f 2f218953071749c1bedf01c5455ad821 - - default default] Unable to schedule network 3f02b382-c359-4390-813d-d9e6446f2b3e: no agents available; will retry on subsequent port and subnet creation events.
2026-04-22 19:42:50.642 10 INFO neutron.db.ovn_revision_numbers_db [None req-c8666f02-6cca-4b5f-8a72-2f7f3fd0b52d 29d1dd3d8cc24bd6a6ce0b620fbb91a4 fc4d0f1d08824aa7a6f33dc313c5a32f - - default default] Successfully bumped revision number for resource 79567625-1d92-40c3-83f3-f18f58564a4c (type: router_ports) to 1
2026-04-22 19:42:50.644 9 INFO neutron.wsgi [None req-70d8afc3-7803-48ec-befb-f97b3682d58d 1b2f7108c3784300bb33f5d5cc971016 af2496e0c3bf450c86080db28939b280 - - default default] 10.0.0.53 "DELETE /v2.0/security-groups/3d58018d-4a53-484d-bafb-d63e7d873100 HTTP/1.1" status: 204 len: 168 time: 0.1830850
2026-04-22 19:42:50.644 10 INFO neutron.wsgi [None req-c8666f02-6cca-4b5f-8a72-2f7f3fd0b52d 29d1dd3d8cc24bd6a6ce0b620fbb91a4 fc4d0f1d08824aa7a6f33dc313c5a32f - - default default] 10.0.0.53 "PUT /v2.0/routers/0d18b29b-ae85-4052-84d2-118668b530f3/add_router_interface HTTP/1.1" status: 200 len: 503 time: 2.8902836
2026-04-22 19:42:50.709 9 INFO neutron.wsgi [None req-10b4b1bb-91f1-478a-8c60-533ad89203ce ccc34db87ab74f3ab0b2991b45f22c61 499fff5a35cb4422b946f89d7b3f3ee2 - - default default] 10.0.0.53 "POST /v2.0/trunks HTTP/1.1" status: 201 len: 608 time: 0.2236738
2026-04-22 19:42:50.719 9 WARNING neutron_lib.context [None req-454894cb-3f07-4288-872d-efcb319b7041 ccc34db87ab74f3ab0b2991b45f22c61 499fff5a35cb4422b946f89d7b3f3ee2 - - default default] Method 'is_advsvc' is deprecated since 2023.2 release (neutron-lib 3.8.0) and will be removed once support for the old RBAC API policies will be removed from Neutron. Please use method 'is_service_role' instead.
2026-04-22 19:42:50.820 9 INFO neutron.db.segments_db [None req-454894cb-3f07-4288-872d-efcb319b7041 ccc34db87ab74f3ab0b2991b45f22c61 499fff5a35cb4422b946f89d7b3f3ee2 - - default default] Added segment 3db112cb-f8e3-4f24-b569-d5558f62be8d of type geneve for network 7b1e5f9b-97a7-47a5-8025-37845a51d15f
2026-04-22 19:42:50.884 10 INFO neutron.wsgi [None req-7b4190b3-9559-41d4-8e3c-b9776f19862e 1b2f7108c3784300bb33f5d5cc971016 af2496e0c3bf450c86080db28939b280 - - default default] 10.0.0.53 "DELETE /v2.0/security-groups/61bd0e15-f36d-44fd-b2ec-0f5bd5cc000c HTTP/1.1" status: 204 len: 168 time: 0.2358921
2026-04-22 19:42:51.000 9 INFO neutron.db.ovn_revision_numbers_db [None req-454894cb-3f07-4288-872d-efcb319b7041 ccc34db87ab74f3ab0b2991b45f22c61 499fff5a35cb4422b946f89d7b3f3ee2 - - default default] Successfully bumped revision number for resource 7b1e5f9b-97a7-47a5-8025-37845a51d15f (type: networks) to 1
2026-04-22 19:42:51.084 9 INFO neutron.wsgi [None req-add4120f-54ac-4fab-84ec-3582d144a917 1b2f7108c3784300bb33f5d5cc971016 af2496e0c3bf450c86080db28939b280 - - default default] 10.0.0.53 "DELETE /v2.0/security-groups/38f933df-6555-4bb4-bc55-dd68734357ee HTTP/1.1" status: 204 len: 168 time: 0.1919250
2026-04-22 19:42:51.222 9 WARNING neutron.scheduler.dhcp_agent_scheduler [None req-454894cb-3f07-4288-872d-efcb319b7041 ccc34db87ab74f3ab0b2991b45f22c61 499fff5a35cb4422b946f89d7b3f3ee2 - - default default] No more DHCP agents
2026-04-22 19:42:51.225 9 WARNING neutron.api.rpc.agentnotifiers.dhcp_rpc_agent_api [None req-454894cb-3f07-4288-872d-efcb319b7041 ccc34db87ab74f3ab0b2991b45f22c61 499fff5a35cb4422b946f89d7b3f3ee2 - - default default] Unable to schedule network 7b1e5f9b-97a7-47a5-8025-37845a51d15f: no agents available; will retry on subsequent port and subnet creation events.
2026-04-22 19:42:51.276 9 INFO neutron.wsgi [None req-738a5c10-11e2-4422-bdf7-42c171f0f5c7 1b2f7108c3784300bb33f5d5cc971016 af2496e0c3bf450c86080db28939b280 - - default default] 10.0.0.53 "DELETE /v2.0/security-groups/a1dcd3ca-bd9e-4a43-b5f1-cac935a7f770 HTTP/1.1" status: 204 len: 168 time: 0.1866174
2026-04-22 19:42:51.314 9 INFO neutron.db.ovn_revision_numbers_db [None req-454894cb-3f07-4288-872d-efcb319b7041 ccc34db87ab74f3ab0b2991b45f22c61 499fff5a35cb4422b946f89d7b3f3ee2 - - default default] Successfully bumped revision number for resource 5917cc5b-60aa-4303-9d74-f496222f46be (type: ports) to 1
2026-04-22 19:42:51.337 10 INFO neutron.db.ovn_revision_numbers_db [None req-6eb8c4e2-a030-4679-a46a-57300008b5eb 2b89a5904df74e9cb64acc7f205c867f 2f218953071749c1bedf01c5455ad821 - - default default] Successfully bumped revision number for resource 685765f7-d4e9-45fc-8f76-f606d246108b (type: ports) to 2
2026-04-22 19:42:51.340 9 INFO neutron.wsgi [None req-454894cb-3f07-4288-872d-efcb319b7041 ccc34db87ab74f3ab0b2991b45f22c61 499fff5a35cb4422b946f89d7b3f3ee2 - - default default] 10.0.0.53 "POST /v2.0/networks HTTP/1.1" status: 201 len: 831 time: 0.6253638
2026-04-22 19:42:51.349 9 WARNING neutron_lib.context [None req-caa0460a-d421-45e4-b906-ddeecc802c3c ccc34db87ab74f3ab0b2991b45f22c61 499fff5a35cb4422b946f89d7b3f3ee2 - - default default] Method 'is_advsvc' is deprecated since 2023.2 release (neutron-lib 3.8.0) and will be removed once support for the old RBAC API policies will be removed from Neutron. Please use method 'is_service_role' instead.
2026-04-22 19:42:51.392 10 INFO neutron.db.ovn_revision_numbers_db [None req-6eb8c4e2-a030-4679-a46a-57300008b5eb 2b89a5904df74e9cb64acc7f205c867f 2f218953071749c1bedf01c5455ad821 - - default default] Successfully bumped revision number for resource e1d37421-c884-476d-a214-46dc4f8a009d (type: subnets) to 0
2026-04-22 19:42:51.422 10 WARNING neutron.scheduler.dhcp_agent_scheduler [None req-c13355c8-cd48-4de8-ab82-c8fbe8103e85 29d1dd3d8cc24bd6a6ce0b620fbb91a4 fc4d0f1d08824aa7a6f33dc313c5a32f - - default default] No more DHCP agents
2026-04-22 19:42:51.431 10 INFO neutron.wsgi [None req-6eb8c4e2-a030-4679-a46a-57300008b5eb 2b89a5904df74e9cb64acc7f205c867f 2f218953071749c1bedf01c5455ad821 - - default default] 10.0.0.53 "POST /v2.0/subnets HTTP/1.1" status: 201 len: 804 time: 1.5177484
2026-04-22 19:42:51.433 10 WARNING neutron.api.rpc.agentnotifiers.dhcp_rpc_agent_api [None req-c13355c8-cd48-4de8-ab82-c8fbe8103e85 29d1dd3d8cc24bd6a6ce0b620fbb91a4 fc4d0f1d08824aa7a6f33dc313c5a32f - - default default] Unable to schedule network c5682615-5bea-41a9-8be2-50ca5a3e75f3: no agents available; will retry on subsequent port and subnet creation events.
2026-04-22 19:42:51.459 10 WARNING neutron_lib.context [None req-0cd5e1b5-cc7f-4708-925c-ca51ee458355 2b89a5904df74e9cb64acc7f205c867f 2f218953071749c1bedf01c5455ad821 - - default default] Method 'is_advsvc' is deprecated since 2023.2 release (neutron-lib 3.8.0) and will be removed once support for the old RBAC API policies will be removed from Neutron. Please use method 'is_service_role' instead.
2026-04-22 19:42:51.497 10 INFO neutron.wsgi [None req-305a9a08-3179-4c26-8fd0-ec06d33f6bf4 1b2f7108c3784300bb33f5d5cc971016 af2496e0c3bf450c86080db28939b280 - - default default] 10.0.0.53 "DELETE /v2.0/security-groups/deabbb86-101e-43a4-b1c3-f3a58d9adeb5 HTTP/1.1" status: 204 len: 168 time: 0.2044342
2026-04-22 19:42:51.577 10 INFO neutron.db.segments_db [None req-0cd5e1b5-cc7f-4708-925c-ca51ee458355 2b89a5904df74e9cb64acc7f205c867f 2f218953071749c1bedf01c5455ad821 - - default default] Added segment c5e1ab9d-408b-442b-b7f8-3d63997f70e2 of type geneve for network 49cdac72-36af-4715-94ad-44e6376b386a
2026-04-22 19:42:51.610 9 WARNING neutron.scheduler.dhcp_agent_scheduler [None req-caa0460a-d421-45e4-b906-ddeecc802c3c ccc34db87ab74f3ab0b2991b45f22c61 499fff5a35cb4422b946f89d7b3f3ee2 - - default default] No more DHCP agents
2026-04-22 19:42:51.613 9 WARNING neutron.api.rpc.agentnotifiers.dhcp_rpc_agent_api [None req-caa0460a-d421-45e4-b906-ddeecc802c3c ccc34db87ab74f3ab0b2991b45f22c61 499fff5a35cb4422b946f89d7b3f3ee2 - - default default] Unable to schedule network 7b1e5f9b-97a7-47a5-8025-37845a51d15f: no agents available; will retry on subsequent port and subnet creation events.
2026-04-22 19:42:51.668 10 INFO neutron.db.ovn_revision_numbers_db [None req-c13355c8-cd48-4de8-ab82-c8fbe8103e85 29d1dd3d8cc24bd6a6ce0b620fbb91a4 fc4d0f1d08824aa7a6f33dc313c5a32f - - default default] Successfully bumped revision number for resource e3099d02-68ea-4079-a644-914608dfb5a1 (type: ports) to 1
2026-04-22 19:42:51.690 9 INFO neutron.db.ovn_revision_numbers_db [None req-caa0460a-d421-45e4-b906-ddeecc802c3c ccc34db87ab74f3ab0b2991b45f22c61 499fff5a35cb4422b946f89d7b3f3ee2 - - default default] Successfully bumped revision number for resource 0b8302a3-c515-42c5-84a7-d405a0a7ef51 (type: ports) to 1
2026-04-22 19:42:51.738 9 INFO neutron.wsgi [None req-caa0460a-d421-45e4-b906-ddeecc802c3c ccc34db87ab74f3ab0b2991b45f22c61 499fff5a35cb4422b946f89d7b3f3ee2 - - default default] 10.0.0.53 "POST /v2.0/ports HTTP/1.1" status: 201 len: 942 time: 0.3935874 /var/lib/openstack/lib/python3.10/site-packages/pycadf/identifier.py:71: UserWarning: Invalid uuid: neutron. To ensure interoperability, identifiers should be a valid uuid. warnings.warn(('Invalid uuid: %s. To ensure interoperability, '
2026-04-22 19:42:51.754 9 WARNING neutron_lib.context [None req-78cb73e4-3a7b-4224-a075-2b663f900d85 ccc34db87ab74f3ab0b2991b45f22c61 499fff5a35cb4422b946f89d7b3f3ee2 - - default default] Method 'is_advsvc' is deprecated since 2023.2 release (neutron-lib 3.8.0) and will be removed once support for the old RBAC API policies will be removed from Neutron. Please use method 'is_service_role' instead.
2026-04-22 19:42:51.771 10 INFO neutron.db.ovn_revision_numbers_db [None req-0cd5e1b5-cc7f-4708-925c-ca51ee458355 2b89a5904df74e9cb64acc7f205c867f 2f218953071749c1bedf01c5455ad821 - - default default] Successfully bumped revision number for resource 49cdac72-36af-4715-94ad-44e6376b386a (type: networks) to 1
2026-04-22 19:42:51.926 9 WARNING neutron.plugins.ml2.drivers.ovn.mech_driver.ovsdb.ovn_client [None req-0f7edde9-43a3-45cf-ae74-5f357d8d0ae2 - - - - - -] No hosting information found for port fb022477-aa73-4341-8bc0-31ee433d5e6b: RuntimeError: No hosting information found for port fb022477-aa73-4341-8bc0-31ee433d5e6b
2026-04-22 19:42:51.927 9 INFO neutron.plugins.ml2.drivers.ovn.mech_driver.mech_driver [None req-0f7edde9-43a3-45cf-ae74-5f357d8d0ae2 - - - - - -] OVN reports status up for port: 79567625-1d92-40c3-83f3-f18f58564a4c
2026-04-22 19:42:51.936 9 INFO neutron.plugins.ml2.plugin [None req-0f7edde9-43a3-45cf-ae74-5f357d8d0ae2 - - - - - -] Attempt 1 to provision port 79567625-1d92-40c3-83f3-f18f58564a4c
2026-04-22 19:42:51.996 10 WARNING neutron.scheduler.dhcp_agent_scheduler [None req-0cd5e1b5-cc7f-4708-925c-ca51ee458355 2b89a5904df74e9cb64acc7f205c867f 2f218953071749c1bedf01c5455ad821 - - default default] No more DHCP agents
2026-04-22 19:42:51.999 10 WARNING neutron.api.rpc.agentnotifiers.dhcp_rpc_agent_api [None req-0cd5e1b5-cc7f-4708-925c-ca51ee458355 2b89a5904df74e9cb64acc7f205c867f 2f218953071749c1bedf01c5455ad821 - - default default] Unable to schedule network 49cdac72-36af-4715-94ad-44e6376b386a: no agents available; will retry on subsequent port and subnet creation events.
2026-04-22 19:42:52.039 9 INFO neutron.wsgi [None req-78cb73e4-3a7b-4224-a075-2b663f900d85 ccc34db87ab74f3ab0b2991b45f22c61 499fff5a35cb4422b946f89d7b3f3ee2 - - default default] 10.0.0.53 "POST /v2.0/trunks HTTP/1.1" status: 201 len: 608 time: 0.2921090
2026-04-22 19:42:52.114 9 INFO neutron.wsgi [None req-b677f86a-034e-4eb2-a01f-a8b50b7056c1 ccc34db87ab74f3ab0b2991b45f22c61 499fff5a35cb4422b946f89d7b3f3ee2 - - default default] 10.0.0.53 "PUT /v2.0/trunks/de12ed25-e680-4892-ae6c-d6be33ed0269/tags HTTP/1.1" status: 200 len: 210 time: 0.0702822
2026-04-22 19:42:52.173 10 INFO neutron.db.ovn_revision_numbers_db [None req-0cd5e1b5-cc7f-4708-925c-ca51ee458355 2b89a5904df74e9cb64acc7f205c867f 2f218953071749c1bedf01c5455ad821 - - default default] Successfully bumped revision number for resource 19447006-28d5-491d-96a2-30b7614a373a (type: ports) to 1
2026-04-22 19:42:52.178 10 INFO neutron.wsgi [None req-34223031-b6ae-48c6-9aaf-76041cca020f ccc34db87ab74f3ab0b2991b45f22c61 499fff5a35cb4422b946f89d7b3f3ee2 - - default default] 10.0.0.53 "PUT /v2.0/trunks/740f150f-0658-4417-850d-7a8458db1f2a/tags HTTP/1.1" status: 200 len: 218 time: 0.0551412
2026-04-22 19:42:52.220 10 INFO neutron.wsgi [None req-0cd5e1b5-cc7f-4708-925c-ca51ee458355 2b89a5904df74e9cb64acc7f205c867f 2f218953071749c1bedf01c5455ad821 - - default default] 10.0.0.53 "POST /v2.0/networks HTTP/1.1" status: 201 len: 830 time: 0.7675686
2026-04-22 19:42:52.234 10 WARNING neutron_lib.context [None req-17aed0b6-04b3-45fc-931b-487551900f5c 2b89a5904df74e9cb64acc7f205c867f 2f218953071749c1bedf01c5455ad821 - - default default] Method 'is_advsvc' is deprecated since 2023.2 release (neutron-lib 3.8.0) and will be removed once support for the old RBAC API policies will be removed from Neutron. Please use method 'is_service_role' instead.
2026-04-22 19:42:52.235 9 INFO neutron.wsgi [None req-403dea09-bae9-4624-8235-a5a0080fe861 ccc34db87ab74f3ab0b2991b45f22c61 499fff5a35cb4422b946f89d7b3f3ee2 - - default default] 10.0.0.53 "PUT /v2.0/trunks/bbcc6849-df9b-4e31-93c7-506d9c976bc0/tags HTTP/1.1" status: 200 len: 227 time: 0.0479689
2026-04-22 19:42:52.338 9 INFO neutron.db.ovn_revision_numbers_db [None req-0f7edde9-43a3-45cf-ae74-5f357d8d0ae2 - - - - - -] Successfully bumped revision number for resource 79567625-1d92-40c3-83f3-f18f58564a4c (type: ports) to 2
2026-04-22 19:42:52.414 9 INFO neutron.db.ovn_revision_numbers_db [None req-0f7edde9-43a3-45cf-ae74-5f357d8d0ae2 - - - - - -] Successfully bumped revision number for resource 79567625-1d92-40c3-83f3-f18f58564a4c (type: router_ports) to 2
2026-04-22 19:42:52.644 10 INFO neutron.wsgi [None req-1f953cd2-f395-43c8-8618-fe9e80a3414f ccc34db87ab74f3ab0b2991b45f22c61 499fff5a35cb4422b946f89d7b3f3ee2 - - default default] 10.0.0.53 "PUT /v2.0/trunks/86d76593-fb8c-4449-b4d5-4e5aadf73950/tags HTTP/1.1" status: 200 len: 212 time: 0.4029949
2026-04-22 19:42:52.661 10 INFO neutron.wsgi [None req-b80b0f64-bea1-4c3c-b86d-15a5fddc3631 ee2f3d3ab3a143b9885bf97c048b0ef6 e95d747a0c2a412389ead86875c3a8ec - - default default] 10.0.0.42 "GET /v2.0/subnets HTTP/1.1" status: 200 len: 7332 time: 0.6332917
2026-04-22 19:42:52.668 9 INFO neutron.db.ovn_revision_numbers_db [None req-b35a1236-68a8-494e-b41b-7b87c527f8bf ee2f3d3ab3a143b9885bf97c048b0ef6 e95d747a0c2a412389ead86875c3a8ec - - default default] Successfully bumped revision number for resource 28967b88-2aff-4081-95da-996c49d57920 (type: security_groups) to 1
2026-04-22 19:42:52.673 9 INFO neutron.wsgi [None req-764ced7c-b9d7-42cc-8aca-4076af44f8e8 ccc34db87ab74f3ab0b2991b45f22c61 499fff5a35cb4422b946f89d7b3f3ee2 - - default default] 10.0.0.53 "GET /v2.0/trunks?tags=red HTTP/1.1" status: 200 len: 1447 time: 0.0238395
2026-04-22 19:42:52.695 9 INFO neutron.db.ovn_revision_numbers_db [None req-b35a1236-68a8-494e-b41b-7b87c527f8bf ee2f3d3ab3a143b9885bf97c048b0ef6 e95d747a0c2a412389ead86875c3a8ec - - default default] Successfully bumped revision number for resource 262976ae-924b-43da-8f17-a06588f441de (type: security_group_rules) to 0
2026-04-22 19:42:52.700 9 INFO neutron.wsgi [None req-d476c993-c17f-4bc9-9699-5ab8215f94f6 ccc34db87ab74f3ab0b2991b45f22c61 499fff5a35cb4422b946f89d7b3f3ee2 - - default default] 10.0.0.53 "GET /v2.0/trunks?tags=red%2Cblue HTTP/1.1" status: 200 len: 1041 time: 0.0215907
2026-04-22 19:42:52.702 10 INFO neutron.wsgi [None req-c0a3c435-4307-4fa5-9f0f-6e0773fa4353 ee2f3d3ab3a143b9885bf97c048b0ef6 e95d747a0c2a412389ead86875c3a8ec - - default default] 10.0.0.42 "GET /v2.0/subnetpools HTTP/1.1" status: 200 len: 193 time: 0.0350919
2026-04-22 19:42:52.718 9 INFO neutron.db.ovn_revision_numbers_db [None req-b35a1236-68a8-494e-b41b-7b87c527f8bf ee2f3d3ab3a143b9885bf97c048b0ef6 e95d747a0c2a412389ead86875c3a8ec - - default default] Successfully bumped revision number for resource 6bd1c6bc-ef52-4c0f-b292-34f763e0547a (type: security_group_rules) to 0
2026-04-22 19:42:52.729 9 INFO neutron.wsgi [None req-ed37d5f7-2f0a-4cf5-8047-aaf093cbe6c0 ccc34db87ab74f3ab0b2991b45f22c61 499fff5a35cb4422b946f89d7b3f3ee2 - - default default] 10.0.0.53 "GET /v2.0/trunks?tags-any=blue HTTP/1.1" status: 200 len: 1041 time: 0.0223379
2026-04-22 19:42:52.740 9 INFO neutron.db.ovn_revision_numbers_db [None req-b35a1236-68a8-494e-b41b-7b87c527f8bf ee2f3d3ab3a143b9885bf97c048b0ef6 e95d747a0c2a412389ead86875c3a8ec - - default default] Successfully bumped revision number for resource 71dcb3ba-5e2b-4c34-95c3-eb7a2b84eaed (type: security_group_rules) to 0
2026-04-22 19:42:52.753 9 INFO neutron.wsgi [None req-e84eefce-88c6-4c9f-adc5-3d9360b78e05 ccc34db87ab74f3ab0b2991b45f22c61 499fff5a35cb4422b946f89d7b3f3ee2 - - default default] 10.0.0.53 "GET /v2.0/trunks?tags-any=red%2Cblue HTTP/1.1" status: 200 len: 1447 time: 0.0184882
2026-04-22 19:42:52.763 9 INFO neutron.db.ovn_revision_numbers_db [None req-b35a1236-68a8-494e-b41b-7b87c527f8bf ee2f3d3ab3a143b9885bf97c048b0ef6 e95d747a0c2a412389ead86875c3a8ec - - default default] Successfully bumped revision number for resource cb4bc0fd-4a0e-4aa8-8140-07b173079f46 (type: security_group_rules) to 0
2026-04-22 19:42:52.786 9 INFO neutron.wsgi [None req-7160204d-8183-4d1c-aa1a-8c8f5e1a87bd ccc34db87ab74f3ab0b2991b45f22c61 499fff5a35cb4422b946f89d7b3f3ee2 - - default default] 10.0.0.53 "GET /v2.0/trunks?not-tags=red HTTP/1.1" status: 200 len: 1013 time: 0.0285432
2026-04-22 19:42:52.802 9 INFO neutron.wsgi [None req-b35a1236-68a8-494e-b41b-7b87c527f8bf ee2f3d3ab3a143b9885bf97c048b0ef6 e95d747a0c2a412389ead86875c3a8ec - - default default] 10.0.0.53 "GET /v2.0/security-groups?tenant_id=6b5b46d7974f402693b77dacfcd54172&name=default HTTP/1.1" status: 200 len: 3000 time: 0.3210349
2026-04-22 19:42:52.820 9 INFO neutron.wsgi [None req-bec947d9-92bb-4224-ba11-0b1a0113a2ca ccc34db87ab74f3ab0b2991b45f22c61 499fff5a35cb4422b946f89d7b3f3ee2 - - default default] 10.0.0.53 "GET /v2.0/trunks?not-tags=red%2Cblue HTTP/1.1" status: 200 len: 1419 time: 0.0284610
2026-04-22 19:42:52.841 10 INFO neutron.wsgi [None req-11a97559-6fe9-4ca8-84b3-0d5daf9744f2 ee2f3d3ab3a143b9885bf97c048b0ef6 e95d747a0c2a412389ead86875c3a8ec - - default default] 10.0.0.42 "GET /v2.0/routers HTTP/1.1" status: 200 len: 850 time: 0.1351829
2026-04-22 19:42:52.852 9 INFO neutron.wsgi [None req-48767494-b503-454d-bcb2-cf59b87c3bb1 ccc34db87ab74f3ab0b2991b45f22c61 499fff5a35cb4422b946f89d7b3f3ee2 - - default default] 10.0.0.53 "GET /v2.0/trunks?not-tags-any=blue HTTP/1.1" status: 200 len: 1419 time: 0.0255625
2026-04-22 19:42:52.880 9 INFO neutron.wsgi [None req-fe4980df-7f3a-4ca4-b47c-59327d35ca3b ccc34db87ab74f3ab0b2991b45f22c61 499fff5a35cb4422b946f89d7b3f3ee2 - - default default] 10.0.0.53 "GET /v2.0/trunks?not-tags-any=red%2Cblue HTTP/1.1" status: 200 len: 1013 time: 0.0234494
2026-04-22 19:42:52.910 9 INFO neutron.wsgi [None req-32755c82-cd6b-4f92-a758-75974de89d1f ccc34db87ab74f3ab0b2991b45f22c61 499fff5a35cb4422b946f89d7b3f3ee2 - - default default] 10.0.0.53 "GET /v2.0/trunks/de12ed25-e680-4892-ae6c-d6be33ed0269 HTTP/1.1" status: 200 len: 608 time: 0.0222993
2026-04-22 19:42:52.911 10 INFO neutron.wsgi [None req-bb33ec77-325d-47ae-9468-1282a31b65f3 ee2f3d3ab3a143b9885bf97c048b0ef6 e95d747a0c2a412389ead86875c3a8ec - - default default] 10.0.0.42 "GET /v2.0/agents?binary=ovn-controller HTTP/1.1" status: 200 len: 591 time: 0.0685747
2026-04-22 19:42:52.952 10 INFO neutron.wsgi [None req-6773fbfb-89cd-4ed5-a5b4-f9e12821d26b ee2f3d3ab3a143b9885bf97c048b0ef6 e95d747a0c2a412389ead86875c3a8ec - - default default] 10.0.0.42 "GET /v2.0/floatingips HTTP/1.1" status: 200 len: 193 time: 0.0376661
2026-04-22 19:42:52.954 10 INFO neutron.plugins.ml2.drivers.ovn.mech_driver.mech_driver [None req-c2fced80-5b12-4624-b74c-be943de9d8e3 - - - - - -] OVN reports status up for port: e3099d02-68ea-4079-a644-914608dfb5a1
2026-04-22 19:42:53.007 10 INFO neutron.plugins.ml2.plugin [None req-c2fced80-5b12-4624-b74c-be943de9d8e3 - - - - - -] Attempt 1 to provision port e3099d02-68ea-4079-a644-914608dfb5a1
2026-04-22 19:42:53.066 10 INFO neutron.db.ovn_revision_numbers_db [None req-c13355c8-cd48-4de8-ab82-c8fbe8103e85 29d1dd3d8cc24bd6a6ce0b620fbb91a4 fc4d0f1d08824aa7a6f33dc313c5a32f - - default default] Successfully bumped revision number for resource e3099d02-68ea-4079-a644-914608dfb5a1 (type: router_ports) to 1
2026-04-22 19:42:53.157 10 INFO neutron.wsgi [None req-88eef2c0-9043-473c-b8f5-9854d072f9ac ee2f3d3ab3a143b9885bf97c048b0ef6 e95d747a0c2a412389ead86875c3a8ec - - default default] 10.0.0.42 "GET /v2.0/networks HTTP/1.1" status: 200 len: 11192 time: 0.2028127
2026-04-22 19:42:53.225 10 WARNING neutron.scheduler.dhcp_agent_scheduler [None req-17aed0b6-04b3-45fc-931b-487551900f5c 2b89a5904df74e9cb64acc7f205c867f 2f218953071749c1bedf01c5455ad821 - - default default] No more DHCP agents
2026-04-22 19:42:53.231 10 WARNING neutron.api.rpc.agentnotifiers.dhcp_rpc_agent_api [None req-17aed0b6-04b3-45fc-931b-487551900f5c 2b89a5904df74e9cb64acc7f205c867f 2f218953071749c1bedf01c5455ad821 - - default default] Unable to schedule network 49cdac72-36af-4715-94ad-44e6376b386a: no agents available; will retry on subsequent port and subnet creation events.
2026-04-22 19:42:53.240 9 INFO neutron.wsgi [None req-72556076-d073-42cf-ace8-a63725b0b078 ccc34db87ab74f3ab0b2991b45f22c61 499fff5a35cb4422b946f89d7b3f3ee2 - - default default] 10.0.0.53 "GET /v2.0/ports/2565b262-061e-49b9-b4de-aa6e09dfa07b HTTP/1.1" status: 200 len: 1020 time: 0.3245733
2026-04-22 19:42:53.350 9 INFO neutron.wsgi [None req-25a30a02-0a54-457d-984f-0265c8b9e293 ccc34db87ab74f3ab0b2991b45f22c61 499fff5a35cb4422b946f89d7b3f3ee2 - - default default] 10.0.0.53 "DELETE /v2.0/trunks/de12ed25-e680-4892-ae6c-d6be33ed0269 HTTP/1.1" status: 204 len: 168 time: 0.1044869
2026-04-22 19:42:53.354 9 INFO neutron.wsgi [None req-42e7a0d0-a37f-4d86-a1eb-3900db899139 ee2f3d3ab3a143b9885bf97c048b0ef6 e95d747a0c2a412389ead86875c3a8ec - - default default] 10.0.0.53 "DELETE /v2.0/security-groups/28967b88-2aff-4081-95da-996c49d57920 HTTP/1.1" status: 204 len: 168 time: 0.5460694
2026-04-22 19:42:53.356 10 INFO neutron.wsgi [None req-9a3eba89-7b28-40de-9331-ef223152e8f8 ee2f3d3ab3a143b9885bf97c048b0ef6 e95d747a0c2a412389ead86875c3a8ec - - default default] 10.0.0.42 "GET /v2.0/security-groups HTTP/1.1" status: 200 len: 30707 time: 0.1809092
2026-04-22 19:42:53.371 9 INFO neutron.wsgi [None req-444ed856-a841-4837-abc2-d91e40771b1b ccc34db87ab74f3ab0b2991b45f22c61 499fff5a35cb4422b946f89d7b3f3ee2 - - default default] 10.0.0.53 "GET /v2.0/trunks/740f150f-0658-4417-850d-7a8458db1f2a HTTP/1.1" status: 200 len: 616 time: 0.0157344
2026-04-22 19:42:53.419 10 INFO neutron.wsgi [None req-664df01f-f104-4cca-9171-c06191c95741 ee2f3d3ab3a143b9885bf97c048b0ef6 e95d747a0c2a412389ead86875c3a8ec - - default default] 10.0.0.42 "GET /v2.0/agents HTTP/1.1" status: 200 len: 997 time: 0.0521712
2026-04-22 19:42:53.459 10 INFO neutron.wsgi [None req-47713da7-eb0c-429f-9f20-39c735cb9e28 ee2f3d3ab3a143b9885bf97c048b0ef6 e95d747a0c2a412389ead86875c3a8ec - - default default] 10.0.0.42 "GET /v2.0/network-ip-availabilities HTTP/1.1" status: 200 len: 6360 time: 0.0362196
2026-04-22 19:42:53.503 9 INFO neutron.wsgi [None req-e46ea2e5-207e-4722-bacd-6133a87a54ec ccc34db87ab74f3ab0b2991b45f22c61 499fff5a35cb4422b946f89d7b3f3ee2 - - default default] 10.0.0.53 "GET /v2.0/ports/471122df-1cdd-4772-aa25-fb4222436584 HTTP/1.1" status: 200 len: 1020 time: 0.1127934
2026-04-22 19:42:53.564 10 INFO neutron.wsgi [None req-3d36a561-ed02-4889-8d87-3b97dd3531e4 ee2f3d3ab3a143b9885bf97c048b0ef6 e95d747a0c2a412389ead86875c3a8ec - - default default] 10.0.0.42 "GET /v2.0/subnets HTTP/1.1" status: 200 len: 7945 time: 0.1004159
2026-04-22 19:42:53.569 10 INFO neutron.db.ovn_revision_numbers_db [None req-c13355c8-cd48-4de8-ab82-c8fbe8103e85 29d1dd3d8cc24bd6a6ce0b620fbb91a4 fc4d0f1d08824aa7a6f33dc313c5a32f - - default default] Successfully bumped revision number for resource e3099d02-68ea-4079-a644-914608dfb5a1 (type: ports) to 1
2026-04-22 19:42:53.624 9 INFO neutron.wsgi [None req-58f886ce-0604-48c3-9983-1b5e392d47ad ccc34db87ab74f3ab0b2991b45f22c61 499fff5a35cb4422b946f89d7b3f3ee2 - - default default] 10.0.0.53 "DELETE /v2.0/trunks/740f150f-0658-4417-850d-7a8458db1f2a HTTP/1.1" status: 204 len: 168 time: 0.1152229
2026-04-22 19:42:53.649 9 INFO neutron.wsgi [None req-cec9be0c-0472-4748-8b25-4afc235e2521 ccc34db87ab74f3ab0b2991b45f22c61 499fff5a35cb4422b946f89d7b3f3ee2 - - default default] 10.0.0.53 "GET /v2.0/trunks/bbcc6849-df9b-4e31-93c7-506d9c976bc0 HTTP/1.1" status: 200 len: 625 time: 0.0193429
2026-04-22 19:42:53.722 9 INFO neutron.db.ovn_revision_numbers_db [None req-4516118c-a39a-4f76-8ced-e7438d8536a0 ee2f3d3ab3a143b9885bf97c048b0ef6 e95d747a0c2a412389ead86875c3a8ec - - default default] Successfully bumped revision number for resource 4686c6e9-9898-4811-b12e-d7b1807c65db (type: security_groups) to 1
2026-04-22 19:42:53.742 10 INFO neutron.wsgi [None req-c10eabab-e7ba-4e80-825e-6d90d3db04ab ee2f3d3ab3a143b9885bf97c048b0ef6 e95d747a0c2a412389ead86875c3a8ec - - default default] 10.0.0.42 "GET /v2.0/ports HTTP/1.1" status: 200 len: 25765 time: 0.1732326
2026-04-22 19:42:53.751 9 INFO neutron.db.ovn_revision_numbers_db [None req-4516118c-a39a-4f76-8ced-e7438d8536a0 ee2f3d3ab3a143b9885bf97c048b0ef6 e95d747a0c2a412389ead86875c3a8ec - - default default] Successfully bumped revision number for resource 00bbc6ed-a12f-47fa-a2dc-1bf3ed4f9e85 (type: security_group_rules) to 0
2026-04-22 19:42:53.760 9 INFO neutron.wsgi [None req-d955133d-9825-47ee-b589-760915721251 ccc34db87ab74f3ab0b2991b45f22c61 499fff5a35cb4422b946f89d7b3f3ee2 - - default default] 10.0.0.53 "GET /v2.0/ports/19fb0eda-57e3-48c6-929f-0c56b9c8b176 HTTP/1.1" status: 200 len: 1020 time: 0.1038110
2026-04-22 19:42:53.796 9 INFO neutron.db.ovn_revision_numbers_db [None req-4516118c-a39a-4f76-8ced-e7438d8536a0 ee2f3d3ab3a143b9885bf97c048b0ef6 e95d747a0c2a412389ead86875c3a8ec - - default default] Successfully bumped revision number for resource 2d1b95b8-e0b0-4cef-a130-a5623eeab426 (type: security_group_rules) to 0
2026-04-22 19:42:53.838 9 INFO neutron.db.ovn_revision_numbers_db [None req-4516118c-a39a-4f76-8ced-e7438d8536a0 ee2f3d3ab3a143b9885bf97c048b0ef6 e95d747a0c2a412389ead86875c3a8ec - - default default] Successfully bumped revision number for resource 2ffe8078-3d68-4213-92c5-04a97400be96 (type: security_group_rules) to 0
2026-04-22 19:42:53.845 10 WARNING neutron.scheduler.dhcp_agent_scheduler [None req-c13355c8-cd48-4de8-ab82-c8fbe8103e85 29d1dd3d8cc24bd6a6ce0b620fbb91a4 fc4d0f1d08824aa7a6f33dc313c5a32f - - default default] No more DHCP agents
2026-04-22 19:42:53.851 9 INFO neutron.wsgi [None req-c0d18958-a785-4e1b-aa00-8c9347a2c293 ccc34db87ab74f3ab0b2991b45f22c61 499fff5a35cb4422b946f89d7b3f3ee2 - - default default] 10.0.0.53 "DELETE /v2.0/trunks/bbcc6849-df9b-4e31-93c7-506d9c976bc0 HTTP/1.1" status: 204 len: 168 time: 0.0856326
2026-04-22 19:42:53.851 10 WARNING neutron.api.rpc.agentnotifiers.dhcp_rpc_agent_api [None req-c13355c8-cd48-4de8-ab82-c8fbe8103e85 29d1dd3d8cc24bd6a6ce0b620fbb91a4 fc4d0f1d08824aa7a6f33dc313c5a32f - - default default] Unable to schedule network c5682615-5bea-41a9-8be2-50ca5a3e75f3: no agents available; will retry on subsequent port and subnet creation events.
2026-04-22 19:42:53.860 9 INFO neutron.db.ovn_revision_numbers_db [None req-4516118c-a39a-4f76-8ced-e7438d8536a0 ee2f3d3ab3a143b9885bf97c048b0ef6 e95d747a0c2a412389ead86875c3a8ec - - default default] Successfully bumped revision number for resource 5d0dd2c1-9584-43f8-82e4-366fa6a7e0b2 (type: security_group_rules) to 0
2026-04-22 19:42:53.887 9 INFO neutron.wsgi [None req-4516118c-a39a-4f76-8ced-e7438d8536a0 ee2f3d3ab3a143b9885bf97c048b0ef6 e95d747a0c2a412389ead86875c3a8ec - - default default] 10.0.0.53 "GET /v2.0/security-groups?tenant_id=45a0f052a4f443e5a4465b9c3e3bce66&name=default HTTP/1.1" status: 200 len: 3000 time: 0.4002497
2026-04-22 19:42:53.905 10 INFO neutron.wsgi [None req-a5b54ac8-037d-4220-9f0b-30556ebf5ecc ccc34db87ab74f3ab0b2991b45f22c61 499fff5a35cb4422b946f89d7b3f3ee2 - - default default] 10.0.0.53 "GET /v2.0/trunks/86d76593-fb8c-4449-b4d5-4e5aadf73950 HTTP/1.1" status: 200 len: 610 time: 0.0369074
2026-04-22 19:42:53.953 10 INFO neutron.db.ovn_revision_numbers_db [None req-c2fced80-5b12-4624-b74c-be943de9d8e3 - - - - - -] Successfully bumped revision number for resource e3099d02-68ea-4079-a644-914608dfb5a1 (type: ports) to 2
2026-04-22 19:42:54.007 9 INFO neutron.wsgi [None req-5e00edba-bd74-4bf8-a951-1bcc623640fb ccc34db87ab74f3ab0b2991b45f22c61 499fff5a35cb4422b946f89d7b3f3ee2 - - default default] 10.0.0.53 "GET /v2.0/ports/cd572f97-5487-4789-85e5-ededb4afbde2 HTTP/1.1" status: 200 len: 1020 time: 0.0972254
2026-04-22 19:42:54.094 10 INFO neutron.db.ovn_revision_numbers_db [None req-c2fced80-5b12-4624-b74c-be943de9d8e3 - - - - - -] Successfully bumped revision number for resource e3099d02-68ea-4079-a644-914608dfb5a1 (type: router_ports) to 2
2026-04-22 19:42:54.116 9 INFO neutron.wsgi [None req-d83682cf-fcec-4e67-a927-bd79bab80145 ccc34db87ab74f3ab0b2991b45f22c61 499fff5a35cb4422b946f89d7b3f3ee2 - - default default] 10.0.0.53 "DELETE /v2.0/trunks/86d76593-fb8c-4449-b4d5-4e5aadf73950 HTTP/1.1" status: 204 len: 168 time: 0.1047578
2026-04-22 19:42:54.146 9 INFO neutron.wsgi [None req-01e763d2-84e5-43a9-9ade-3118b04a8508 ccc34db87ab74f3ab0b2991b45f22c61 499fff5a35cb4422b946f89d7b3f3ee2 - - default default] 10.0.0.53 "GET /v2.0/trunks/25d94b4e-31b5-4478-b158-08f9a57220b7 HTTP/1.1" status: 200 len: 603 time: 0.0238142
2026-04-22 19:42:54.216 9 INFO neutron.wsgi [None req-8a26cb98-feb4-4e25-ae66-a5b3749b0267 ee2f3d3ab3a143b9885bf97c048b0ef6 e95d747a0c2a412389ead86875c3a8ec - - default default] 10.0.0.53 "DELETE /v2.0/security-groups/4686c6e9-9898-4811-b12e-d7b1807c65db HTTP/1.1" status: 204 len: 168 time: 0.3180768
2026-04-22 19:42:54.242 9 INFO neutron.wsgi [None req-59983fe0-d4a6-4013-b5dc-47ae03a2dcb6 ccc34db87ab74f3ab0b2991b45f22c61 499fff5a35cb4422b946f89d7b3f3ee2 - - default default] 10.0.0.53 "GET /v2.0/ports/0b8302a3-c515-42c5-84a7-d405a0a7ef51 HTTP/1.1" status: 200 len: 1020 time: 0.0898111
2026-04-22 19:42:54.316 10 INFO neutron.db.ovn_revision_numbers_db [None req-c13355c8-cd48-4de8-ab82-c8fbe8103e85 29d1dd3d8cc24bd6a6ce0b620fbb91a4 fc4d0f1d08824aa7a6f33dc313c5a32f - - default default] Successfully bumped revision number for resource e3099d02-68ea-4079-a644-914608dfb5a1 (type: router_ports) to 2
2026-04-22 19:42:54.319 10 INFO neutron.wsgi [None req-c13355c8-cd48-4de8-ab82-c8fbe8103e85 29d1dd3d8cc24bd6a6ce0b620fbb91a4 fc4d0f1d08824aa7a6f33dc313c5a32f - - default default] 10.0.0.53 "PUT /v2.0/routers/0d18b29b-ae85-4052-84d2-118668b530f3/add_router_interface HTTP/1.1" status: 200 len: 503 time: 3.6680019
2026-04-22 19:42:54.330 9 INFO neutron.wsgi [None req-a0e4c638-05d5-4769-a411-410e2df5a23d ccc34db87ab74f3ab0b2991b45f22c61 499fff5a35cb4422b946f89d7b3f3ee2 - - default default] 10.0.0.53 "DELETE /v2.0/trunks/25d94b4e-31b5-4478-b158-08f9a57220b7 HTTP/1.1" status: 204 len: 168 time: 0.0833623
2026-04-22 19:42:54.350 10 INFO neutron.db.ovn_revision_numbers_db [None req-17aed0b6-04b3-45fc-931b-487551900f5c 2b89a5904df74e9cb64acc7f205c867f 2f218953071749c1bedf01c5455ad821 - - default default] Successfully bumped revision number for resource 19447006-28d5-491d-96a2-30b7614a373a (type: ports) to 2
2026-04-22 19:42:54.385 10 WARNING neutron_lib.context [None req-cc48eb13-6dc2-4147-b7ab-ed39879fe7fc 29d1dd3d8cc24bd6a6ce0b620fbb91a4 fc4d0f1d08824aa7a6f33dc313c5a32f - - default default] Method 'is_advsvc' is deprecated since 2023.2 release (neutron-lib 3.8.0) and will be removed once support for the old RBAC API policies will be removed from Neutron. Please use method 'is_service_role' instead.
2026-04-22 19:42:54.395 10 INFO neutron.db.ovn_revision_numbers_db [None req-17aed0b6-04b3-45fc-931b-487551900f5c 2b89a5904df74e9cb64acc7f205c867f 2f218953071749c1bedf01c5455ad821 - - default default] Successfully bumped revision number for resource 9036c1f9-ae97-48b8-abbf-3ae66ab4268a (type: subnets) to 0
2026-04-22 19:42:54.417 10 INFO neutron.wsgi [None req-17aed0b6-04b3-45fc-931b-487551900f5c 2b89a5904df74e9cb64acc7f205c867f 2f218953071749c1bedf01c5455ad821 - - default default] 10.0.0.53 "POST /v2.0/subnets HTTP/1.1" status: 201 len: 804 time: 2.1922555
2026-04-22 19:42:54.428 9 WARNING neutron_lib.context [None req-a707d9ee-1011-4dd8-b8f1-235f1eea79de 2b89a5904df74e9cb64acc7f205c867f 2f218953071749c1bedf01c5455ad821 - - default default] Method 'is_advsvc' is deprecated since 2023.2 release (neutron-lib 3.8.0) and will be removed once support for the old RBAC API policies will be removed from Neutron. Please use method 'is_service_role' instead.
2026-04-22 19:42:54.446 10 INFO neutron.wsgi [None req-78870649-bf57-4e3d-97f8-5e1e84823eda ee2f3d3ab3a143b9885bf97c048b0ef6 e95d747a0c2a412389ead86875c3a8ec - - default default] 10.0.0.53 "GET /v2.0/security-groups?tenant_id=af2496e0c3bf450c86080db28939b280&name=default HTTP/1.1" status: 200 len: 2996 time: 0.0419629
2026-04-22 19:42:54.540 10 INFO neutron.db.ovn_revision_numbers_db [None req-cc48eb13-6dc2-4147-b7ab-ed39879fe7fc 29d1dd3d8cc24bd6a6ce0b620fbb91a4 fc4d0f1d08824aa7a6f33dc313c5a32f - - default default] Successfully bumped revision number for resource 65e7594e-0bf2-41c0-8c9f-7087c3451e3b (type: security_groups) to 1
2026-04-22 19:42:54.557 9 INFO neutron.db.segments_db [None req-a707d9ee-1011-4dd8-b8f1-235f1eea79de 2b89a5904df74e9cb64acc7f205c867f 2f218953071749c1bedf01c5455ad821 - - default default] Added segment 8e0a2ae6-8073-4620-b81d-5d3a904b3aa8 of type geneve for network 7ae871a6-642a-4842-82bb-8d1da49ff1c3
2026-04-22 19:42:54.563 10 INFO neutron.db.ovn_revision_numbers_db [None req-cc48eb13-6dc2-4147-b7ab-ed39879fe7fc 29d1dd3d8cc24bd6a6ce0b620fbb91a4 fc4d0f1d08824aa7a6f33dc313c5a32f - - default default] Successfully bumped revision number for resource 505d7862-691f-4ad3-8839-f0a2849b3055 (type: security_group_rules) to 0
2026-04-22 19:42:54.582 10 INFO neutron.db.ovn_revision_numbers_db [None req-cc48eb13-6dc2-4147-b7ab-ed39879fe7fc 29d1dd3d8cc24bd6a6ce0b620fbb91a4 fc4d0f1d08824aa7a6f33dc313c5a32f - - default default] Successfully bumped revision number for resource 777a898b-ad86-4f55-ab18-2dae75bc906b (type: security_group_rules) to 0
2026-04-22 19:42:54.588 9 INFO neutron.wsgi [None req-30bb4401-2008-4507-aa8c-11e25699f28a ccc34db87ab74f3ab0b2991b45f22c61 499fff5a35cb4422b946f89d7b3f3ee2 - - default default] 10.0.0.53 "DELETE /v2.0/ports/2565b262-061e-49b9-b4de-aa6e09dfa07b HTTP/1.1" status: 204 len: 168 time: 0.2537780
2026-04-22 19:42:54.607 10 INFO neutron.wsgi [None req-cc48eb13-6dc2-4147-b7ab-ed39879fe7fc 29d1dd3d8cc24bd6a6ce0b620fbb91a4 fc4d0f1d08824aa7a6f33dc313c5a32f - - default default] 10.0.0.53 "POST /v2.0/security-groups HTTP/1.1" status: 201 len: 1765 time: 0.2270310
2026-04-22 19:42:54.620 10 WARNING neutron_lib.context [None req-61a3b932-1988-4d17-bdeb-23ebdc14d8ea 29d1dd3d8cc24bd6a6ce0b620fbb91a4 fc4d0f1d08824aa7a6f33dc313c5a32f - - default default] Method 'is_advsvc' is deprecated since 2023.2 release (neutron-lib 3.8.0) and will be removed once support for the old RBAC API policies will be removed from Neutron. Please use method 'is_service_role' instead.
2026-04-22 19:42:54.704 10 INFO neutron.wsgi [None req-07023cfd-006a-4e1f-9e5f-66bbdb911b1e ee2f3d3ab3a143b9885bf97c048b0ef6 e95d747a0c2a412389ead86875c3a8ec - - default default] 10.0.0.53 "DELETE /v2.0/security-groups/bde47c65-1dd6-4607-adc7-a88702a4062b HTTP/1.1" status: 204 len: 168 time: 0.2531908
2026-04-22 19:42:54.758 10 INFO neutron.db.ovn_revision_numbers_db [None req-61a3b932-1988-4d17-bdeb-23ebdc14d8ea 29d1dd3d8cc24bd6a6ce0b620fbb91a4 fc4d0f1d08824aa7a6f33dc313c5a32f - - default default] Successfully bumped revision number for resource 24734dad-7ec3-4316-abe0-3560e3618b1c (type: security_group_rules) to 0
2026-04-22 19:42:54.774 9 INFO neutron.db.ovn_revision_numbers_db [None req-a707d9ee-1011-4dd8-b8f1-235f1eea79de 2b89a5904df74e9cb64acc7f205c867f 2f218953071749c1bedf01c5455ad821 - - default default] Successfully bumped revision number for resource 7ae871a6-642a-4842-82bb-8d1da49ff1c3 (type: networks) to 1
2026-04-22 19:42:54.783 10 INFO neutron.wsgi [None req-61a3b932-1988-4d17-bdeb-23ebdc14d8ea 29d1dd3d8cc24bd6a6ce0b620fbb91a4 fc4d0f1d08824aa7a6f33dc313c5a32f - - default default] 10.0.0.53 "POST /v2.0/security-group-rules HTTP/1.1" status: 201 len: 764 time: 0.1685703
2026-04-22 19:42:54.793 10 WARNING neutron_lib.context [None req-c6c0bbee-37f4-4176-943a-c6d9c6a07529 29d1dd3d8cc24bd6a6ce0b620fbb91a4 fc4d0f1d08824aa7a6f33dc313c5a32f - - default default] Method 'is_advsvc' is deprecated since 2023.2 release (neutron-lib 3.8.0) and will be removed once support for the old RBAC API policies will be removed from Neutron. Please use method 'is_service_role' instead.
2026-04-22 19:42:54.920 10 INFO neutron.db.ovn_revision_numbers_db [None req-c6c0bbee-37f4-4176-943a-c6d9c6a07529 29d1dd3d8cc24bd6a6ce0b620fbb91a4 fc4d0f1d08824aa7a6f33dc313c5a32f - - default default] Successfully bumped revision number for resource dfc94a25-a171-4c15-bbe5-4f76002c1a55 (type: security_group_rules) to 0
2026-04-22 19:42:54.944 10 INFO neutron.wsgi [None req-c6c0bbee-37f4-4176-943a-c6d9c6a07529 29d1dd3d8cc24bd6a6ce0b620fbb91a4 fc4d0f1d08824aa7a6f33dc313c5a32f - - default default] 10.0.0.53 "POST /v2.0/security-group-rules HTTP/1.1" status: 201 len: 764 time: 0.1555741
2026-04-22 19:42:54.956 10 WARNING neutron_lib.context [None req-2b2bca1e-b352-4c0b-b9b7-f56969f3ada2 29d1dd3d8cc24bd6a6ce0b620fbb91a4 fc4d0f1d08824aa7a6f33dc313c5a32f - - default default] Method 'is_advsvc' is deprecated since 2023.2 release (neutron-lib 3.8.0) and will be removed once support for the old RBAC API policies will be removed from Neutron. Please use method 'is_service_role' instead.
2026-04-22 19:42:54.979 9 INFO neutron.wsgi [None req-a772a930-eb4d-4699-bdc7-cce45c64e534 ccc34db87ab74f3ab0b2991b45f22c61 499fff5a35cb4422b946f89d7b3f3ee2 - - default default] 10.0.0.53 "DELETE /v2.0/ports/471122df-1cdd-4772-aa25-fb4222436584 HTTP/1.1" status: 204 len: 168 time: 0.3852763
2026-04-22 19:42:54.998 9 WARNING neutron.scheduler.dhcp_agent_scheduler [None req-a707d9ee-1011-4dd8-b8f1-235f1eea79de 2b89a5904df74e9cb64acc7f205c867f 2f218953071749c1bedf01c5455ad821 - - default default] No more DHCP agents
