2026-04-22 19:38:51.994 10 INFO neutron.db.ovn_revision_numbers_db [None req-501516ff-0549-43e6-86f4-5137e34ca6a3 ee2f3d3ab3a143b9885bf97c048b0ef6 e95d747a0c2a412389ead86875c3a8ec - - default default] Successfully bumped revision number for resource 778a1488-75a4-4f67-a1a1-697496616644 (type: security_group_rules) to 0
2026-04-22 19:38:52.001 10 INFO neutron.db.ovn_revision_numbers_db [None req-6348a998-a980-4032-ad02-7388b20ceca0 ee2f3d3ab3a143b9885bf97c048b0ef6 e95d747a0c2a412389ead86875c3a8ec - - default default] Successfully bumped revision number for resource 6c5d26aa-6bc8-4ebe-9eaf-7cf47e7314b3 (type: security_group_rules) to 0
2026-04-22 19:38:52.003 10 INFO neutron.db.ovn_revision_numbers_db [None req-9d635315-cf45-4252-add4-561c14c992bc ee2f3d3ab3a143b9885bf97c048b0ef6 e95d747a0c2a412389ead86875c3a8ec - - default default] Successfully bumped revision number for resource 9a488ac9-58b4-48ae-99a4-09b5e231222d (type: security_group_rules) to 0
2026-04-22 19:38:52.014 10 INFO neutron.db.ovn_revision_numbers_db [None req-501516ff-0549-43e6-86f4-5137e34ca6a3 ee2f3d3ab3a143b9885bf97c048b0ef6 e95d747a0c2a412389ead86875c3a8ec - - default default] Successfully bumped revision number for resource be037233-0630-4b48-8891-847441b352a8 (type: security_group_rules) to 0
2026-04-22 19:38:52.029 10 INFO neutron.db.ovn_revision_numbers_db [None req-9d635315-cf45-4252-add4-561c14c992bc ee2f3d3ab3a143b9885bf97c048b0ef6 e95d747a0c2a412389ead86875c3a8ec - - default default] Successfully bumped revision number for resource 9b7ca3c2-30e5-4a2b-8c29-afea8d4e5ebd (type: security_group_rules) to 0
2026-04-22 19:38:52.040 10 INFO neutron.db.ovn_revision_numbers_db [None req-6348a998-a980-4032-ad02-7388b20ceca0 ee2f3d3ab3a143b9885bf97c048b0ef6 e95d747a0c2a412389ead86875c3a8ec - - default default] Successfully bumped revision number for resource f0b6ef7e-7102-4c35-beec-214a22f7544e (type: security_group_rules) to 0
2026-04-22 19:38:52.089 10 INFO neutron.db.segments_db [None req-501516ff-0549-43e6-86f4-5137e34ca6a3 ee2f3d3ab3a143b9885bf97c048b0ef6 e95d747a0c2a412389ead86875c3a8ec - - default default] Added segment 398fc7fb-96cb-4334-88d8-aa9442c5eab2 of type geneve for network 163ca626-5326-4b41-a021-e45a91478138
2026-04-22 19:38:52.095 10 INFO neutron.db.segments_db [None req-9d635315-cf45-4252-add4-561c14c992bc ee2f3d3ab3a143b9885bf97c048b0ef6 e95d747a0c2a412389ead86875c3a8ec - - default default] Added segment 78bf31e0-deda-4455-847b-0beb06fbba43 of type geneve for network 22359dbb-380f-4dc7-b889-8939b79f9c22
2026-04-22 19:38:52.150 10 INFO neutron.db.segments_db [None req-6348a998-a980-4032-ad02-7388b20ceca0 ee2f3d3ab3a143b9885bf97c048b0ef6 e95d747a0c2a412389ead86875c3a8ec - - default default] Added segment 76ef9868-bbae-42f1-b0ca-9fc51b5aeacb of type geneve for network d2203368-2bea-453b-8662-4267ce9bb216
2026-04-22 19:38:52.391 9 INFO neutron.db.ovn_revision_numbers_db [None req-13c8877f-7b09-4a90-878c-71da6e66b184 ee2f3d3ab3a143b9885bf97c048b0ef6 e95d747a0c2a412389ead86875c3a8ec - - default default] Successfully bumped revision number for resource be128297-538e-40cf-bc66-84225463bb3e (type: security_groups) to 1
2026-04-22 19:38:52.404 9 INFO neutron.db.ovn_revision_numbers_db [None req-13c8877f-7b09-4a90-878c-71da6e66b184 ee2f3d3ab3a143b9885bf97c048b0ef6 e95d747a0c2a412389ead86875c3a8ec - - default default] Successfully bumped revision number for resource 043237e9-b00f-4b27-9fe7-0fc9a0afabe7 (type: security_group_rules) to 0
2026-04-22 19:38:52.412 10 INFO neutron.wsgi [None req-b0170441-0aca-47a4-a9c3-4f5dd2bc735c ee2f3d3ab3a143b9885bf97c048b0ef6 e95d747a0c2a412389ead86875c3a8ec - - default default] 10.0.0.42 "GET /v2.0/security-groups HTTP/1.1" status: 200 len: 25131 time: 0.3313696
2026-04-22 19:38:52.417 9 INFO neutron.db.ovn_revision_numbers_db [None req-13c8877f-7b09-4a90-878c-71da6e66b184 ee2f3d3ab3a143b9885bf97c048b0ef6 e95d747a0c2a412389ead86875c3a8ec - - default default] Successfully bumped revision number for resource 2c5a09b9-aa9e-47a3-a9f6-b10fff85484f (type: security_group_rules) to 0
2026-04-22 19:38:52.435 9 INFO neutron.db.ovn_revision_numbers_db [None req-13c8877f-7b09-4a90-878c-71da6e66b184 ee2f3d3ab3a143b9885bf97c048b0ef6 e95d747a0c2a412389ead86875c3a8ec - - default default] Successfully bumped revision number for resource 52a0c42a-e221-4d2a-8fe5-f9fcde3e8fa6 (type: security_group_rules) to 0
2026-04-22 19:38:52.445 10 INFO neutron.wsgi [None req-722eadc1-7ace-47a1-bfc3-5bfb84aa4c24 ee2f3d3ab3a143b9885bf97c048b0ef6 e95d747a0c2a412389ead86875c3a8ec - - default default] 10.0.0.42 "GET /v2.0/agents HTTP/1.1" status: 200 len: 997 time: 0.0232415
2026-04-22 19:38:52.449 9 INFO neutron.db.ovn_revision_numbers_db [None req-13c8877f-7b09-4a90-878c-71da6e66b184 ee2f3d3ab3a143b9885bf97c048b0ef6 e95d747a0c2a412389ead86875c3a8ec - - default default] Successfully bumped revision number for resource fa43530c-3db8-44cd-a4a2-d0ce4dac0aae (type: security_group_rules) to 0
2026-04-22 19:38:52.478 9 INFO neutron.wsgi [None req-13c8877f-7b09-4a90-878c-71da6e66b184 ee2f3d3ab3a143b9885bf97c048b0ef6 e95d747a0c2a412389ead86875c3a8ec - - default default] 10.0.0.53 "GET /v2.0/security-groups?tenant_id=177ddd4713894c88ac1e094bcc9fa4dd&name=default HTTP/1.1" status: 200 len: 2992 time: 0.2494469
2026-04-22 19:38:52.549 10 INFO neutron.wsgi [None req-d95ac7b3-d21f-4088-be27-4194f31c8328 ee2f3d3ab3a143b9885bf97c048b0ef6 e95d747a0c2a412389ead86875c3a8ec - - default default] 10.0.0.42 "GET /v2.0/subnets HTTP/1.1" status: 200 len: 1437 time: 0.0962567
2026-04-22 19:38:52.624 10 INFO neutron.db.ovn_revision_numbers_db [None req-501516ff-0549-43e6-86f4-5137e34ca6a3 ee2f3d3ab3a143b9885bf97c048b0ef6 e95d747a0c2a412389ead86875c3a8ec - - default default] Successfully bumped revision number for resource 163ca626-5326-4b41-a021-e45a91478138 (type: networks) to 1
2026-04-22 19:38:52.644 10 INFO neutron.wsgi [None req-04bdff47-0ed5-49af-8538-dbfacc46ab4c ee2f3d3ab3a143b9885bf97c048b0ef6 e95d747a0c2a412389ead86875c3a8ec - - default default] 10.0.0.42 "GET /v2.0/subnetpools HTTP/1.1" status: 200 len: 193 time: 0.0711219
2026-04-22 19:38:52.660 10 INFO neutron.db.ovn_revision_numbers_db [None req-6348a998-a980-4032-ad02-7388b20ceca0 ee2f3d3ab3a143b9885bf97c048b0ef6 e95d747a0c2a412389ead86875c3a8ec - - default default] Successfully bumped revision number for resource d2203368-2bea-453b-8662-4267ce9bb216 (type: networks) to 1
2026-04-22 19:38:52.698 10 INFO neutron.db.ovn_revision_numbers_db [None req-9d635315-cf45-4252-add4-561c14c992bc ee2f3d3ab3a143b9885bf97c048b0ef6 e95d747a0c2a412389ead86875c3a8ec - - default default] Successfully bumped revision number for resource 22359dbb-380f-4dc7-b889-8939b79f9c22 (type: networks) to 1
2026-04-22 19:38:52.763 10 INFO neutron.wsgi [None req-ec91a013-0983-4c07-81c7-426c05619591 ee2f3d3ab3a143b9885bf97c048b0ef6 e95d747a0c2a412389ead86875c3a8ec - - default default] 10.0.0.42 "GET /v2.0/ports HTTP/1.1" status: 200 len: 5351 time: 0.1068306
2026-04-22 19:38:52.802 10 INFO neutron.wsgi [None req-1037e649-fad3-4436-be21-f40e55ff4949 ee2f3d3ab3a143b9885bf97c048b0ef6 e95d747a0c2a412389ead86875c3a8ec - - default default] 10.0.0.42 "GET /v2.0/floatingips HTTP/1.1" status: 200 len: 193 time: 0.0322540
2026-04-22 19:38:52.990 10 INFO neutron.wsgi [None req-e380bdfc-a0dd-438d-ba88-2e70c2d147b3 ee2f3d3ab3a143b9885bf97c048b0ef6 e95d747a0c2a412389ead86875c3a8ec - - default default] 10.0.0.42 "GET /v2.0/networks HTTP/1.1" status: 200 len: 4526 time: 0.1812260
2026-04-22 19:38:53.090 10 INFO neutron.wsgi [None req-e6449185-21ee-4a75-9d74-03d457f0aa14 ee2f3d3ab3a143b9885bf97c048b0ef6 e95d747a0c2a412389ead86875c3a8ec - - default default] 10.0.0.42 "GET /v2.0/subnets HTTP/1.1" status: 200 len: 1437 time: 0.0931318
2026-04-22 19:38:53.129 10 INFO neutron.wsgi [None req-c09e3cc7-03fa-4f27-a328-06d7556c9444 ee2f3d3ab3a143b9885bf97c048b0ef6 e95d747a0c2a412389ead86875c3a8ec - - default default] 10.0.0.42 "GET /v2.0/routers HTTP/1.1" status: 200 len: 189 time: 0.0349660
2026-04-22 19:38:53.172 10 INFO neutron.wsgi [None req-f0b92a6f-f59c-4f1c-91e8-cce5aa8a4284 ee2f3d3ab3a143b9885bf97c048b0ef6 e95d747a0c2a412389ead86875c3a8ec - - default default] 10.0.0.42 "GET /v2.0/agents?binary=ovn-controller HTTP/1.1" status: 200 len: 591 time: 0.0393386
2026-04-22 19:38:53.191 10 WARNING neutron.scheduler.dhcp_agent_scheduler [None req-6348a998-a980-4032-ad02-7388b20ceca0 ee2f3d3ab3a143b9885bf97c048b0ef6 e95d747a0c2a412389ead86875c3a8ec - - default default] No more DHCP agents
2026-04-22 19:38:53.202 10 WARNING neutron.scheduler.dhcp_agent_scheduler [None req-501516ff-0549-43e6-86f4-5137e34ca6a3 ee2f3d3ab3a143b9885bf97c048b0ef6 e95d747a0c2a412389ead86875c3a8ec - - default default] No more DHCP agents
2026-04-22 19:38:53.203 10 WARNING neutron.api.rpc.agentnotifiers.dhcp_rpc_agent_api [None req-6348a998-a980-4032-ad02-7388b20ceca0 ee2f3d3ab3a143b9885bf97c048b0ef6 e95d747a0c2a412389ead86875c3a8ec - - default default] Unable to schedule network d2203368-2bea-453b-8662-4267ce9bb216: no agents available; will retry on subsequent port and subnet creation events.
2026-04-22 19:38:53.214 10 INFO neutron.wsgi [None req-858c5c46-068c-4be6-92d0-1da6f09bb98f ee2f3d3ab3a143b9885bf97c048b0ef6 e95d747a0c2a412389ead86875c3a8ec - - default default] 10.0.0.42 "GET /v2.0/network-ip-availabilities HTTP/1.1" status: 200 len: 2139 time: 0.0367389
2026-04-22 19:38:53.215 10 WARNING neutron.scheduler.dhcp_agent_scheduler [None req-9d635315-cf45-4252-add4-561c14c992bc ee2f3d3ab3a143b9885bf97c048b0ef6 e95d747a0c2a412389ead86875c3a8ec - - default default] No more DHCP agents
2026-04-22 19:38:53.217 10 WARNING neutron.api.rpc.agentnotifiers.dhcp_rpc_agent_api [None req-501516ff-0549-43e6-86f4-5137e34ca6a3 ee2f3d3ab3a143b9885bf97c048b0ef6 e95d747a0c2a412389ead86875c3a8ec - - default default] Unable to schedule network 163ca626-5326-4b41-a021-e45a91478138: no agents available; will retry on subsequent port and subnet creation events.
2026-04-22 19:38:53.225 10 WARNING neutron.api.rpc.agentnotifiers.dhcp_rpc_agent_api [None req-9d635315-cf45-4252-add4-561c14c992bc ee2f3d3ab3a143b9885bf97c048b0ef6 e95d747a0c2a412389ead86875c3a8ec - - default default] Unable to schedule network 22359dbb-380f-4dc7-b889-8939b79f9c22: no agents available; will retry on subsequent port and subnet creation events.
2026-04-22 19:38:53.440 10 INFO neutron.wsgi [None req-a2d94236-c032-4501-b1f5-904351c225bf ee2f3d3ab3a143b9885bf97c048b0ef6 e95d747a0c2a412389ead86875c3a8ec - - default default] 10.0.0.53 "DELETE /v2.0/security-groups/be128297-538e-40cf-bc66-84225463bb3e HTTP/1.1" status: 204 len: 168 time: 0.9539900
2026-04-22 19:38:53.480 10 INFO neutron.db.ovn_revision_numbers_db [None req-6348a998-a980-4032-ad02-7388b20ceca0 ee2f3d3ab3a143b9885bf97c048b0ef6 e95d747a0c2a412389ead86875c3a8ec - - default default] Successfully bumped revision number for resource bb2262c0-85d5-485e-9c04-d958c4a4efa9 (type: ports) to 1
2026-04-22 19:38:53.497 10 INFO neutron.db.ovn_revision_numbers_db [None req-501516ff-0549-43e6-86f4-5137e34ca6a3 ee2f3d3ab3a143b9885bf97c048b0ef6 e95d747a0c2a412389ead86875c3a8ec - - default default] Successfully bumped revision number for resource 184c2564-0f2d-4125-83cc-d32d97024e11 (type: ports) to 1
2026-04-22 19:38:53.503 10 INFO neutron.db.ovn_revision_numbers_db [None req-9d635315-cf45-4252-add4-561c14c992bc ee2f3d3ab3a143b9885bf97c048b0ef6 e95d747a0c2a412389ead86875c3a8ec - - default default] Successfully bumped revision number for resource cac59b78-69d3-4ff5-8d1e-4e8f43e2705a (type: ports) to 1
2026-04-22 19:38:53.511 10 INFO neutron.wsgi [None req-6348a998-a980-4032-ad02-7388b20ceca0 ee2f3d3ab3a143b9885bf97c048b0ef6 e95d747a0c2a412389ead86875c3a8ec - - default default] 10.0.0.53 "POST /v2.0/networks HTTP/1.1" status: 201 len: 946 time: 1.9453256
2026-04-22 19:38:53.523 10 INFO neutron.wsgi [None req-501516ff-0549-43e6-86f4-5137e34ca6a3 ee2f3d3ab3a143b9885bf97c048b0ef6 e95d747a0c2a412389ead86875c3a8ec - - default default] 10.0.0.53 "POST /v2.0/networks HTTP/1.1" status: 201 len: 949 time: 2.0052247
2026-04-22 19:38:53.529 10 INFO neutron.wsgi [None req-9d635315-cf45-4252-add4-561c14c992bc ee2f3d3ab3a143b9885bf97c048b0ef6 e95d747a0c2a412389ead86875c3a8ec - - default default] 10.0.0.53 "POST /v2.0/networks HTTP/1.1" status: 201 len: 950 time: 1.9719923
2026-04-22 19:38:53.701 10 WARNING neutron.scheduler.dhcp_agent_scheduler [None req-6013214a-5add-4020-b93e-92bdcc44159a ee2f3d3ab3a143b9885bf97c048b0ef6 e95d747a0c2a412389ead86875c3a8ec - - default default] No more DHCP agents
2026-04-22 19:38:53.702 9 WARNING neutron.scheduler.dhcp_agent_scheduler [None req-6268cd15-3620-4bbd-97fe-272246b569a9 ee2f3d3ab3a143b9885bf97c048b0ef6 e95d747a0c2a412389ead86875c3a8ec - - default default] No more DHCP agents
2026-04-22 19:38:53.703 10 WARNING neutron.api.rpc.agentnotifiers.dhcp_rpc_agent_api [None req-6013214a-5add-4020-b93e-92bdcc44159a ee2f3d3ab3a143b9885bf97c048b0ef6 e95d747a0c2a412389ead86875c3a8ec - - default default] Unable to schedule network 163ca626-5326-4b41-a021-e45a91478138: no agents available; will retry on subsequent port and subnet creation events.
2026-04-22 19:38:53.704 9 WARNING neutron.api.rpc.agentnotifiers.dhcp_rpc_agent_api [None req-6268cd15-3620-4bbd-97fe-272246b569a9 ee2f3d3ab3a143b9885bf97c048b0ef6 e95d747a0c2a412389ead86875c3a8ec - - default default] Unable to schedule network d2203368-2bea-453b-8662-4267ce9bb216: no agents available; will retry on subsequent port and subnet creation events.
2026-04-22 19:38:53.707 9 WARNING neutron.scheduler.dhcp_agent_scheduler [None req-7102d793-3fb4-4b2f-a937-8a47b9dc511a ee2f3d3ab3a143b9885bf97c048b0ef6 e95d747a0c2a412389ead86875c3a8ec - - default default] No more DHCP agents
2026-04-22 19:38:53.724 9 WARNING neutron.api.rpc.agentnotifiers.dhcp_rpc_agent_api [None req-7102d793-3fb4-4b2f-a937-8a47b9dc511a ee2f3d3ab3a143b9885bf97c048b0ef6 e95d747a0c2a412389ead86875c3a8ec - - default default] Unable to schedule network 22359dbb-380f-4dc7-b889-8939b79f9c22: no agents available; will retry on subsequent port and subnet creation events.
2026-04-22 19:38:54.231 10 INFO neutron.db.ovn_revision_numbers_db [None req-6013214a-5add-4020-b93e-92bdcc44159a ee2f3d3ab3a143b9885bf97c048b0ef6 e95d747a0c2a412389ead86875c3a8ec - - default default] Successfully bumped revision number for resource 184c2564-0f2d-4125-83cc-d32d97024e11 (type: ports) to 2
2026-04-22 19:38:54.266 10 INFO neutron.db.ovn_revision_numbers_db [None req-6013214a-5add-4020-b93e-92bdcc44159a ee2f3d3ab3a143b9885bf97c048b0ef6 e95d747a0c2a412389ead86875c3a8ec - - default default] Successfully bumped revision number for resource f6aae1bd-39aa-4fe3-8d62-d6cd7bf8cf84 (type: subnets) to 0
2026-04-22 19:38:54.283 10 INFO neutron.wsgi [None req-6013214a-5add-4020-b93e-92bdcc44159a ee2f3d3ab3a143b9885bf97c048b0ef6 e95d747a0c2a412389ead86875c3a8ec - - default default] 10.0.0.53 "POST /v2.0/subnets HTTP/1.1" status: 201 len: 869 time: 0.7530887
2026-04-22 19:38:54.419 9 INFO neutron.db.ovn_revision_numbers_db [None req-6268cd15-3620-4bbd-97fe-272246b569a9 ee2f3d3ab3a143b9885bf97c048b0ef6 e95d747a0c2a412389ead86875c3a8ec - - default default] Successfully bumped revision number for resource bb2262c0-85d5-485e-9c04-d958c4a4efa9 (type: ports) to 2
2026-04-22 19:38:54.432 9 INFO neutron.db.ovn_revision_numbers_db [None req-7102d793-3fb4-4b2f-a937-8a47b9dc511a ee2f3d3ab3a143b9885bf97c048b0ef6 e95d747a0c2a412389ead86875c3a8ec - - default default] Successfully bumped revision number for resource cac59b78-69d3-4ff5-8d1e-4e8f43e2705a (type: ports) to 2
2026-04-22 19:38:54.457 9 INFO neutron.db.ovn_revision_numbers_db [None req-6268cd15-3620-4bbd-97fe-272246b569a9 ee2f3d3ab3a143b9885bf97c048b0ef6 e95d747a0c2a412389ead86875c3a8ec - - default default] Successfully bumped revision number for resource 737a6465-074a-498d-9f49-0c66d0469cd5 (type: subnets) to 0
2026-04-22 19:38:54.472 9 INFO neutron.db.ovn_revision_numbers_db [None req-7102d793-3fb4-4b2f-a937-8a47b9dc511a ee2f3d3ab3a143b9885bf97c048b0ef6 e95d747a0c2a412389ead86875c3a8ec - - default default] Successfully bumped revision number for resource d3300ebf-f8ea-40f3-8152-04f42950729f (type: subnets) to 0
2026-04-22 19:38:54.479 9 INFO neutron.wsgi [None req-6268cd15-3620-4bbd-97fe-272246b569a9 ee2f3d3ab3a143b9885bf97c048b0ef6 e95d747a0c2a412389ead86875c3a8ec - - default default] 10.0.0.53 "POST /v2.0/subnets HTTP/1.1" status: 201 len: 866 time: 0.9626796
2026-04-22 19:38:54.498 9 INFO neutron.wsgi [None req-7102d793-3fb4-4b2f-a937-8a47b9dc511a ee2f3d3ab3a143b9885bf97c048b0ef6 e95d747a0c2a412389ead86875c3a8ec - - default default] 10.0.0.53 "POST /v2.0/subnets HTTP/1.1" status: 201 len: 870 time: 0.9646480
2026-04-22 19:38:55.013 10 WARNING neutron.scheduler.dhcp_agent_scheduler [None req-f8ca423b-7a04-4210-94dd-b48a231e2a44 ee2f3d3ab3a143b9885bf97c048b0ef6 e95d747a0c2a412389ead86875c3a8ec - - default default] No more DHCP agents
2026-04-22 19:38:55.017 10 WARNING neutron.api.rpc.agentnotifiers.dhcp_rpc_agent_api [None req-f8ca423b-7a04-4210-94dd-b48a231e2a44 ee2f3d3ab3a143b9885bf97c048b0ef6 e95d747a0c2a412389ead86875c3a8ec - - default default] Unable to schedule network 03f27d31-9d52-4b53-a198-8e48ce201940: no agents available; will retry on subsequent port and subnet creation events.
2026-04-22 19:38:55.061 9 WARNING neutron.scheduler.dhcp_agent_scheduler [None req-ffc2f133-c27b-49ac-ab7c-94848e051929 ee2f3d3ab3a143b9885bf97c048b0ef6 e95d747a0c2a412389ead86875c3a8ec - - default default] No more DHCP agents
2026-04-22 19:38:55.063 9 WARNING neutron.api.rpc.agentnotifiers.dhcp_rpc_agent_api [None req-ffc2f133-c27b-49ac-ab7c-94848e051929 ee2f3d3ab3a143b9885bf97c048b0ef6 e95d747a0c2a412389ead86875c3a8ec - - default default] Unable to schedule network 03f27d31-9d52-4b53-a198-8e48ce201940: no agents available; will retry on subsequent port and subnet creation events.
2026-04-22 19:38:55.204 10 WARNING neutron.scheduler.dhcp_agent_scheduler [None req-16335259-83c3-49a4-9770-9e281c3a18cd ee2f3d3ab3a143b9885bf97c048b0ef6 e95d747a0c2a412389ead86875c3a8ec - - default default] No more DHCP agents
2026-04-22 19:38:55.206 10 WARNING neutron.api.rpc.agentnotifiers.dhcp_rpc_agent_api [None req-16335259-83c3-49a4-9770-9e281c3a18cd ee2f3d3ab3a143b9885bf97c048b0ef6 e95d747a0c2a412389ead86875c3a8ec - - default default] Unable to schedule network 03f27d31-9d52-4b53-a198-8e48ce201940: no agents available; will retry on subsequent port and subnet creation events.
2026-04-22 19:38:55.212 9 INFO neutron.db.ovn_revision_numbers_db [None req-ffc2f133-c27b-49ac-ab7c-94848e051929 ee2f3d3ab3a143b9885bf97c048b0ef6 e95d747a0c2a412389ead86875c3a8ec - - default default] Successfully bumped revision number for resource 4cf627f1-f3da-40b6-993c-20914ff08ed8 (type: ports) to 1
2026-04-22 19:38:55.231 10 INFO neutron.db.ovn_revision_numbers_db [None req-f8ca423b-7a04-4210-94dd-b48a231e2a44 ee2f3d3ab3a143b9885bf97c048b0ef6 e95d747a0c2a412389ead86875c3a8ec - - default default] Successfully bumped revision number for resource a8ed6af4-e8c3-427e-8ffa-9b8105595083 (type: ports) to 1
2026-04-22 19:38:55.424 10 INFO neutron.db.ovn_revision_numbers_db [None req-16335259-83c3-49a4-9770-9e281c3a18cd ee2f3d3ab3a143b9885bf97c048b0ef6 e95d747a0c2a412389ead86875c3a8ec - - default default] Successfully bumped revision number for resource 389212dc-1df9-4327-b966-b12f283537bf (type: ports) to 1
2026-04-22 19:38:55.659 9 INFO neutron.db.ovn_revision_numbers_db [None req-3fa29f2d-c5ad-4c31-813e-3ad0c86e9af1 ee2f3d3ab3a143b9885bf97c048b0ef6 e95d747a0c2a412389ead86875c3a8ec - - default default] Successfully bumped revision number for resource fee64f03-326d-430f-91f7-df354ee04473 (type: security_groups) to 1
2026-04-22 19:38:55.672 9 INFO neutron.db.ovn_revision_numbers_db [None req-3fa29f2d-c5ad-4c31-813e-3ad0c86e9af1 ee2f3d3ab3a143b9885bf97c048b0ef6 e95d747a0c2a412389ead86875c3a8ec - - default default] Successfully bumped revision number for resource 2fb51b81-b031-4674-959a-6c2b3894340a (type: security_group_rules) to 0
2026-04-22 19:38:55.678 9 INFO neutron.plugins.ml2.drivers.ovn.mech_driver.ovsdb.extensions.qos [None req-ffc2f133-c27b-49ac-ab7c-94848e051929 ee2f3d3ab3a143b9885bf97c048b0ef6 e95d747a0c2a412389ead86875c3a8ec - - default default] Starting OVNClientQosExtension
2026-04-22 19:38:55.698 9 INFO neutron.db.ovn_revision_numbers_db [None req-3fa29f2d-c5ad-4c31-813e-3ad0c86e9af1 ee2f3d3ab3a143b9885bf97c048b0ef6 e95d747a0c2a412389ead86875c3a8ec - - default default] Successfully bumped revision number for resource 6f5fd068-34f7-4e3f-a117-b071266c906c (type: security_group_rules) to 0
2026-04-22 19:38:55.725 9 INFO neutron.db.ovn_revision_numbers_db [None req-3fa29f2d-c5ad-4c31-813e-3ad0c86e9af1 ee2f3d3ab3a143b9885bf97c048b0ef6 e95d747a0c2a412389ead86875c3a8ec - - default default] Successfully bumped revision number for resource cac434e5-5b9b-4ad8-a2fd-294286c172c1 (type: security_group_rules) to 0
2026-04-22 19:38:55.739 9 INFO neutron.db.ovn_revision_numbers_db [None req-3fa29f2d-c5ad-4c31-813e-3ad0c86e9af1 ee2f3d3ab3a143b9885bf97c048b0ef6 e95d747a0c2a412389ead86875c3a8ec - - default default] Successfully bumped revision number for resource edb54c6b-1714-4984-ae2d-a803542fa732 (type: security_group_rules) to 0
2026-04-22 19:38:55.787 10 INFO neutron.plugins.ml2.drivers.ovn.mech_driver.ovsdb.extensions.qos [None req-f8ca423b-7a04-4210-94dd-b48a231e2a44 ee2f3d3ab3a143b9885bf97c048b0ef6 e95d747a0c2a412389ead86875c3a8ec - - default default] Starting OVNClientQosExtension
2026-04-22 19:38:55.831 9 INFO neutron.db.segments_db [None req-3fa29f2d-c5ad-4c31-813e-3ad0c86e9af1 ee2f3d3ab3a143b9885bf97c048b0ef6 e95d747a0c2a412389ead86875c3a8ec - - default default] Added segment e5732275-ba16-4090-abf2-dc51946027d1 of type geneve for network a8c9f572-12d9-4924-aadf-66780df844d2
2026-04-22 19:38:56.039 9 INFO neutron.db.ovn_revision_numbers_db [None req-3fa29f2d-c5ad-4c31-813e-3ad0c86e9af1 ee2f3d3ab3a143b9885bf97c048b0ef6 e95d747a0c2a412389ead86875c3a8ec - - default default] Successfully bumped revision number for resource a8c9f572-12d9-4924-aadf-66780df844d2 (type: networks) to 1
2026-04-22 19:38:56.071 9 INFO neutron.plugins.ml2.drivers.ovn.mech_driver.mech_driver [None req-0f7edde9-43a3-45cf-ae74-5f357d8d0ae2 - - - - - -] OVN reports status up for port: 4cf627f1-f3da-40b6-993c-20914ff08ed8
2026-04-22 19:38:56.082 10 INFO neutron.plugins.ml2.drivers.ovn.mech_driver.ovsdb.ovsdb_monitor [-] Router bdf87eab-4732-49d5-b86c-3560a265e225 is bound to host instance
2026-04-22 19:38:56.096 9 INFO neutron.plugins.ml2.plugin [None req-0f7edde9-43a3-45cf-ae74-5f357d8d0ae2 - - - - - -] Attempt 1 to provision port 4cf627f1-f3da-40b6-993c-20914ff08ed8
2026-04-22 19:38:56.129 9 INFO neutron.db.ovn_revision_numbers_db [None req-ffc2f133-c27b-49ac-ab7c-94848e051929 ee2f3d3ab3a143b9885bf97c048b0ef6 e95d747a0c2a412389ead86875c3a8ec - - default default] Successfully bumped revision number for resource 4cf627f1-f3da-40b6-993c-20914ff08ed8 (type: router_ports) to 1
2026-04-22 19:38:56.261 10 INFO neutron.db.ovn_revision_numbers_db [None req-f8ca423b-7a04-4210-94dd-b48a231e2a44 ee2f3d3ab3a143b9885bf97c048b0ef6 e95d747a0c2a412389ead86875c3a8ec - - default default] Successfully bumped revision number for resource a8ed6af4-e8c3-427e-8ffa-9b8105595083 (type: router_ports) to 1
2026-04-22 19:38:56.280 9 INFO neutron.db.ovn_revision_numbers_db [None req-ffc2f133-c27b-49ac-ab7c-94848e051929 ee2f3d3ab3a143b9885bf97c048b0ef6 e95d747a0c2a412389ead86875c3a8ec - - default default] Successfully bumped revision number for resource bdf87eab-4732-49d5-b86c-3560a265e225 (type: routers) to 2
2026-04-22 19:38:56.294 9 INFO neutron.wsgi [None req-ffc2f133-c27b-49ac-ab7c-94848e051929 ee2f3d3ab3a143b9885bf97c048b0ef6 e95d747a0c2a412389ead86875c3a8ec - - default default] 10.0.0.53 "POST /v2.0/routers HTTP/1.1" status: 201 len: 877 time: 1.8099918
2026-04-22 19:38:56.332 9 WARNING neutron.scheduler.dhcp_agent_scheduler [None req-3fa29f2d-c5ad-4c31-813e-3ad0c86e9af1 ee2f3d3ab3a143b9885bf97c048b0ef6 e95d747a0c2a412389ead86875c3a8ec - - default default] No more DHCP agents
2026-04-22 19:38:56.334 9 WARNING neutron.api.rpc.agentnotifiers.dhcp_rpc_agent_api [None req-3fa29f2d-c5ad-4c31-813e-3ad0c86e9af1 ee2f3d3ab3a143b9885bf97c048b0ef6 e95d747a0c2a412389ead86875c3a8ec - - default default] Unable to schedule network a8c9f572-12d9-4924-aadf-66780df844d2: no agents available; will retry on subsequent port and subnet creation events.
2026-04-22 19:38:56.446 9 INFO neutron.db.ovn_revision_numbers_db [None req-3fa29f2d-c5ad-4c31-813e-3ad0c86e9af1 ee2f3d3ab3a143b9885bf97c048b0ef6 e95d747a0c2a412389ead86875c3a8ec - - default default] Successfully bumped revision number for resource 27ad1bc0-ff92-4db2-bd6a-8c02c49ead65 (type: ports) to 1
2026-04-22 19:38:56.467 9 INFO neutron.wsgi [None req-3fa29f2d-c5ad-4c31-813e-3ad0c86e9af1 ee2f3d3ab3a143b9885bf97c048b0ef6 e95d747a0c2a412389ead86875c3a8ec - - default default] 10.0.0.53 "POST /v2.0/networks HTTP/1.1" status: 201 len: 947 time: 1.2985682
2026-04-22 19:38:56.475 10 INFO neutron.db.ovn_revision_numbers_db [None req-f8ca423b-7a04-4210-94dd-b48a231e2a44 ee2f3d3ab3a143b9885bf97c048b0ef6 e95d747a0c2a412389ead86875c3a8ec - - default default] Successfully bumped revision number for resource eb4e2f18-ee24-4ab8-95c9-c2f12fba0fcc (type: routers) to 2
2026-04-22 19:38:56.501 10 INFO neutron.wsgi [None req-f8ca423b-7a04-4210-94dd-b48a231e2a44 ee2f3d3ab3a143b9885bf97c048b0ef6 e95d747a0c2a412389ead86875c3a8ec - - default default] 10.0.0.53 "POST /v2.0/routers HTTP/1.1" status: 201 len: 880 time: 2.2130184
2026-04-22 19:38:56.548 10 INFO neutron.plugins.ml2.drivers.ovn.mech_driver.mech_driver [None req-c2fced80-5b12-4624-b74c-be943de9d8e3 - - - - - -] OVN reports status up for port: 389212dc-1df9-4327-b966-b12f283537bf
2026-04-22 19:38:56.586 10 INFO neutron.plugins.ml2.plugin [None req-c2fced80-5b12-4624-b74c-be943de9d8e3 - - - - - -] Attempt 1 to provision port 389212dc-1df9-4327-b966-b12f283537bf
2026-04-22 19:38:56.620 10 INFO neutron.db.ovn_revision_numbers_db [None req-16335259-83c3-49a4-9770-9e281c3a18cd ee2f3d3ab3a143b9885bf97c048b0ef6 e95d747a0c2a412389ead86875c3a8ec - - default default] Successfully bumped revision number for resource 389212dc-1df9-4327-b966-b12f283537bf (type: router_ports) to 1
2026-04-22 19:38:56.634 9 INFO neutron.plugins.ml2.drivers.ovn.mech_driver.ovsdb.ovsdb_monitor [-] Router e4e2bffd-0e0e-4665-93d0-816f9f4f6c32 is bound to host instance
2026-04-22 19:38:56.829 10 INFO neutron.db.ovn_revision_numbers_db [None req-16335259-83c3-49a4-9770-9e281c3a18cd ee2f3d3ab3a143b9885bf97c048b0ef6 e95d747a0c2a412389ead86875c3a8ec - - default default] Successfully bumped revision number for resource e4e2bffd-0e0e-4665-93d0-816f9f4f6c32 (type: routers) to 2
2026-04-22 19:38:56.858 10 INFO neutron.wsgi [None req-16335259-83c3-49a4-9770-9e281c3a18cd ee2f3d3ab3a143b9885bf97c048b0ef6 e95d747a0c2a412389ead86875c3a8ec - - default default] 10.0.0.53 "POST /v2.0/routers HTTP/1.1" status: 201 len: 881 time: 2.3532507
2026-04-22 19:38:56.924 9 WARNING neutron.scheduler.dhcp_agent_scheduler [None req-751ace43-2060-4f73-986a-f345fc4d3451 ee2f3d3ab3a143b9885bf97c048b0ef6 e95d747a0c2a412389ead86875c3a8ec - - default default] No more DHCP agents
2026-04-22 19:38:56.931 9 WARNING neutron.api.rpc.agentnotifiers.dhcp_rpc_agent_api [None req-751ace43-2060-4f73-986a-f345fc4d3451 ee2f3d3ab3a143b9885bf97c048b0ef6 e95d747a0c2a412389ead86875c3a8ec - - default default] Unable to schedule network a8c9f572-12d9-4924-aadf-66780df844d2: no agents available; will retry on subsequent port and subnet creation events.
2026-04-22 19:38:57.101 10 INFO neutron.db.ovn_revision_numbers_db [None req-601b8069-eb01-43d8-b4f5-9ec759a1d48e - - - - - -] Successfully bumped revision number for resource 4cf627f1-f3da-40b6-993c-20914ff08ed8 (type: ports) to 1
2026-04-22 19:38:57.153 9 WARNING neutron.scheduler.dhcp_agent_scheduler [None req-0b797966-c041-4f06-a20c-c306973fb68c ee2f3d3ab3a143b9885bf97c048b0ef6 e95d747a0c2a412389ead86875c3a8ec - - default default] No more DHCP agents
2026-04-22 19:38:57.165 9 WARNING neutron.api.rpc.agentnotifiers.dhcp_rpc_agent_api [None req-0b797966-c041-4f06-a20c-c306973fb68c ee2f3d3ab3a143b9885bf97c048b0ef6 e95d747a0c2a412389ead86875c3a8ec - - default default] Unable to schedule network d2203368-2bea-453b-8662-4267ce9bb216: no agents available; will retry on subsequent port and subnet creation events.
2026-04-22 19:38:57.442 9 INFO neutron.db.ovn_revision_numbers_db [None req-0b797966-c041-4f06-a20c-c306973fb68c ee2f3d3ab3a143b9885bf97c048b0ef6 e95d747a0c2a412389ead86875c3a8ec - - default default] Successfully bumped revision number for resource 65d7d45c-7b43-485b-a029-123182f91b5a (type: ports) to 1
2026-04-22 19:38:57.528 10 WARNING neutron.scheduler.dhcp_agent_scheduler [None req-4db19154-b144-4eb4-abdf-4c7ad3820167 ee2f3d3ab3a143b9885bf97c048b0ef6 e95d747a0c2a412389ead86875c3a8ec - - default default] No more DHCP agents
2026-04-22 19:38:57.534 10 WARNING neutron.api.rpc.agentnotifiers.dhcp_rpc_agent_api [None req-4db19154-b144-4eb4-abdf-4c7ad3820167 ee2f3d3ab3a143b9885bf97c048b0ef6 e95d747a0c2a412389ead86875c3a8ec - - default default] Unable to schedule network 163ca626-5326-4b41-a021-e45a91478138: no agents available; will retry on subsequent port and subnet creation events.
2026-04-22 19:38:57.635 10 INFO neutron.db.ovn_revision_numbers_db [None req-601b8069-eb01-43d8-b4f5-9ec759a1d48e - - - - - -] Successfully bumped revision number for resource 4cf627f1-f3da-40b6-993c-20914ff08ed8 (type: router_ports) to 3
2026-04-22 19:38:57.725 10 WARNING neutron.scheduler.dhcp_agent_scheduler [None req-b9389f36-7998-4760-9fd8-85e3c7b50c24 ee2f3d3ab3a143b9885bf97c048b0ef6 e95d747a0c2a412389ead86875c3a8ec - - default default] No more DHCP agents
2026-04-22 19:38:57.731 10 WARNING neutron.api.rpc.agentnotifiers.dhcp_rpc_agent_api [None req-b9389f36-7998-4760-9fd8-85e3c7b50c24 ee2f3d3ab3a143b9885bf97c048b0ef6 e95d747a0c2a412389ead86875c3a8ec - - default default] Unable to schedule network 22359dbb-380f-4dc7-b889-8939b79f9c22: no agents available; will retry on subsequent port and subnet creation events.
2026-04-22 19:38:57.731 9 INFO neutron.db.ovn_revision_numbers_db [None req-ae750c5c-f663-429b-9cb4-d78fea03cec3 - - - - - -] Successfully bumped revision number for resource 389212dc-1df9-4327-b966-b12f283537bf (type: ports) to 1
2026-04-22 19:38:57.819 10 INFO neutron.db.ovn_revision_numbers_db [None req-4db19154-b144-4eb4-abdf-4c7ad3820167 ee2f3d3ab3a143b9885bf97c048b0ef6 e95d747a0c2a412389ead86875c3a8ec - - default default] Successfully bumped revision number for resource 0ba6efce-2573-4b95-864b-380fd305c044 (type: ports) to 1
2026-04-22 19:38:57.959 10 INFO neutron.db.ovn_revision_numbers_db [None req-601b8069-eb01-43d8-b4f5-9ec759a1d48e - - - - - -] Successfully bumped revision number for resource 4cf627f1-f3da-40b6-993c-20914ff08ed8 (type: ports) to 2
2026-04-22 19:38:58.046 9 INFO neutron.db.ovn_revision_numbers_db [None req-751ace43-2060-4f73-986a-f345fc4d3451 ee2f3d3ab3a143b9885bf97c048b0ef6 e95d747a0c2a412389ead86875c3a8ec - - default default] Successfully bumped revision number for resource 27ad1bc0-ff92-4db2-bd6a-8c02c49ead65 (type: ports) to 2
2026-04-22 19:38:58.061 10 INFO neutron.db.ovn_revision_numbers_db [None req-b9389f36-7998-4760-9fd8-85e3c7b50c24 ee2f3d3ab3a143b9885bf97c048b0ef6 e95d747a0c2a412389ead86875c3a8ec - - default default] Successfully bumped revision number for resource 2b4c17ec-0aee-45ac-9c14-4cf2d945a0b2 (type: ports) to 1
2026-04-22 19:38:58.125 9 INFO neutron.db.ovn_revision_numbers_db [None req-751ace43-2060-4f73-986a-f345fc4d3451 ee2f3d3ab3a143b9885bf97c048b0ef6 e95d747a0c2a412389ead86875c3a8ec - - default default] Successfully bumped revision number for resource 1ddc1eea-ef66-4ca6-a8ab-57b84ac1f3d7 (type: subnets) to 0
2026-04-22 19:38:58.160 9 INFO neutron.wsgi [None req-751ace43-2060-4f73-986a-f345fc4d3451 ee2f3d3ab3a143b9885bf97c048b0ef6 e95d747a0c2a412389ead86875c3a8ec - - default default] 10.0.0.53 "POST /v2.0/subnets HTTP/1.1" status: 201 len: 867 time: 1.6870019
2026-04-22 19:38:58.183 9 INFO neutron.wsgi [-] 10.0.0.157 "GET / HTTP/1.1" status: 200 len: 247 time: 0.0014462
2026-04-22 19:38:58.185 9 INFO neutron.wsgi [-] 10.0.0.157 "GET / HTTP/1.1" status: 200 len: 247 time: 0.0011313
2026-04-22 19:38:58.188 9 INFO neutron.db.ovn_revision_numbers_db [None req-ae750c5c-f663-429b-9cb4-d78fea03cec3 - - - - - -] Successfully bumped revision number for resource 389212dc-1df9-4327-b966-b12f283537bf (type: router_ports) to 3
2026-04-22 19:38:58.531 9 INFO neutron.db.ovn_revision_numbers_db [None req-0b797966-c041-4f06-a20c-c306973fb68c ee2f3d3ab3a143b9885bf97c048b0ef6 e95d747a0c2a412389ead86875c3a8ec - - default default] Successfully bumped revision number for resource 65d7d45c-7b43-485b-a029-123182f91b5a (type: router_ports) to 1
2026-04-22 19:38:58.536 10 INFO neutron.db.ovn_revision_numbers_db [None req-601b8069-eb01-43d8-b4f5-9ec759a1d48e - - - - - -] Successfully bumped revision number for resource 4cf627f1-f3da-40b6-993c-20914ff08ed8 (type: ports) to 4
2026-04-22 19:38:58.568 9 INFO neutron.db.ovn_revision_numbers_db [None req-ae750c5c-f663-429b-9cb4-d78fea03cec3 - - - - - -] Successfully bumped revision number for resource 389212dc-1df9-4327-b966-b12f283537bf (type: ports) to 2
2026-04-22 19:38:58.749 10 INFO neutron.db.ovn_revision_numbers_db [None req-4db19154-b144-4eb4-abdf-4c7ad3820167 ee2f3d3ab3a143b9885bf97c048b0ef6 e95d747a0c2a412389ead86875c3a8ec - - default default] Successfully bumped revision number for resource 0ba6efce-2573-4b95-864b-380fd305c044 (type: router_ports) to 1
2026-04-22 19:38:58.792 9 INFO neutron.db.ovn_revision_numbers_db [None req-0b797966-c041-4f06-a20c-c306973fb68c ee2f3d3ab3a143b9885bf97c048b0ef6 e95d747a0c2a412389ead86875c3a8ec - - default default] Successfully bumped revision number for resource 65d7d45c-7b43-485b-a029-123182f91b5a (type: ports) to 1
2026-04-22 19:38:58.821 9 INFO neutron.plugins.ml2.drivers.ovn.mech_driver.mech_driver [None req-0f7edde9-43a3-45cf-ae74-5f357d8d0ae2 - - - - - -] OVN reports status up for port: a8ed6af4-e8c3-427e-8ffa-9b8105595083
2026-04-22 19:38:58.851 9 INFO neutron.plugins.ml2.plugin [None req-0f7edde9-43a3-45cf-ae74-5f357d8d0ae2 - - - - - -] Attempt 1 to provision port a8ed6af4-e8c3-427e-8ffa-9b8105595083
2026-04-22 19:38:58.891 10 INFO neutron.db.ovn_revision_numbers_db [None req-b9389f36-7998-4760-9fd8-85e3c7b50c24 ee2f3d3ab3a143b9885bf97c048b0ef6 e95d747a0c2a412389ead86875c3a8ec - - default default] Successfully bumped revision number for resource 2b4c17ec-0aee-45ac-9c14-4cf2d945a0b2 (type: router_ports) to 1
2026-04-22 19:38:58.947 10 INFO neutron.db.ovn_revision_numbers_db [None req-601b8069-eb01-43d8-b4f5-9ec759a1d48e - - - - - -] Successfully bumped revision number for resource 4cf627f1-f3da-40b6-993c-20914ff08ed8 (type: router_ports) to 4
2026-04-22 19:38:58.975 10 INFO neutron.plugins.ml2.drivers.ovn.mech_driver.ovsdb.ovsdb_monitor [None req-601b8069-eb01-43d8-b4f5-9ec759a1d48e - - - - - -] Router eb4e2f18-ee24-4ab8-95c9-c2f12fba0fcc is bound to host instance
2026-04-22 19:38:58.977 9 WARNING neutron.scheduler.dhcp_agent_scheduler [None req-0b797966-c041-4f06-a20c-c306973fb68c ee2f3d3ab3a143b9885bf97c048b0ef6 e95d747a0c2a412389ead86875c3a8ec - - default default] No more DHCP agents
2026-04-22 19:38:58.985 9 WARNING neutron.api.rpc.agentnotifiers.dhcp_rpc_agent_api [None req-0b797966-c041-4f06-a20c-c306973fb68c ee2f3d3ab3a143b9885bf97c048b0ef6 e95d747a0c2a412389ead86875c3a8ec - - default default] Unable to schedule network d2203368-2bea-453b-8662-4267ce9bb216: no agents available; will retry on subsequent port and subnet creation events.
2026-04-22 19:38:59.031 10 INFO neutron.db.ovn_revision_numbers_db [None req-4db19154-b144-4eb4-abdf-4c7ad3820167 ee2f3d3ab3a143b9885bf97c048b0ef6 e95d747a0c2a412389ead86875c3a8ec - - default default] Successfully bumped revision number for resource 0ba6efce-2573-4b95-864b-380fd305c044 (type: ports) to 1
2026-04-22 19:38:59.121 9 WARNING neutron.scheduler.dhcp_agent_scheduler [None req-15fc63df-6957-47d9-b86f-c0f69617223e ee2f3d3ab3a143b9885bf97c048b0ef6 e95d747a0c2a412389ead86875c3a8ec - - default default] No more DHCP agents
2026-04-22 19:38:59.125 9 WARNING neutron.api.rpc.agentnotifiers.dhcp_rpc_agent_api [None req-15fc63df-6957-47d9-b86f-c0f69617223e ee2f3d3ab3a143b9885bf97c048b0ef6 e95d747a0c2a412389ead86875c3a8ec - - default default] Unable to schedule network 03f27d31-9d52-4b53-a198-8e48ce201940: no agents available; will retry on subsequent port and subnet creation events.
2026-04-22 19:38:59.139 9 INFO neutron.db.ovn_revision_numbers_db [None req-ae750c5c-f663-429b-9cb4-d78fea03cec3 - - - - - -] Successfully bumped revision number for resource 389212dc-1df9-4327-b966-b12f283537bf (type: ports) to 4
2026-04-22 19:38:59.243 10 INFO neutron.db.ovn_revision_numbers_db [None req-b9389f36-7998-4760-9fd8-85e3c7b50c24 ee2f3d3ab3a143b9885bf97c048b0ef6 e95d747a0c2a412389ead86875c3a8ec - - default default] Successfully bumped revision number for resource 2b4c17ec-0aee-45ac-9c14-4cf2d945a0b2 (type: ports) to 1
2026-04-22 19:38:59.249 10 INFO neutron.plugins.ml2.drivers.ovn.mech_driver.mech_driver [None req-c2fced80-5b12-4624-b74c-be943de9d8e3 - - - - - -] OVN reports status up for port: 2b4c17ec-0aee-45ac-9c14-4cf2d945a0b2
2026-04-22 19:38:59.264 10 INFO neutron.plugins.ml2.plugin [None req-c2fced80-5b12-4624-b74c-be943de9d8e3 - - - - - -] Attempt 1 to provision port 2b4c17ec-0aee-45ac-9c14-4cf2d945a0b2
2026-04-22 19:38:59.275 10 WARNING neutron.scheduler.dhcp_agent_scheduler [None req-4db19154-b144-4eb4-abdf-4c7ad3820167 ee2f3d3ab3a143b9885bf97c048b0ef6 e95d747a0c2a412389ead86875c3a8ec - - default default] No more DHCP agents
2026-04-22 19:38:59.279 10 WARNING neutron.api.rpc.agentnotifiers.dhcp_rpc_agent_api [None req-4db19154-b144-4eb4-abdf-4c7ad3820167 ee2f3d3ab3a143b9885bf97c048b0ef6 e95d747a0c2a412389ead86875c3a8ec - - default default] Unable to schedule network 163ca626-5326-4b41-a021-e45a91478138: no agents available; will retry on subsequent port and subnet creation events.
2026-04-22 19:38:59.428 10 WARNING neutron.scheduler.dhcp_agent_scheduler [None req-b9389f36-7998-4760-9fd8-85e3c7b50c24 ee2f3d3ab3a143b9885bf97c048b0ef6 e95d747a0c2a412389ead86875c3a8ec - - default default] No more DHCP agents
2026-04-22 19:38:59.440 10 WARNING neutron.api.rpc.agentnotifiers.dhcp_rpc_agent_api [None req-b9389f36-7998-4760-9fd8-85e3c7b50c24 ee2f3d3ab3a143b9885bf97c048b0ef6 e95d747a0c2a412389ead86875c3a8ec - - default default] Unable to schedule network 22359dbb-380f-4dc7-b889-8939b79f9c22: no agents available; will retry on subsequent port and subnet creation events.
2026-04-22 19:38:59.532 9 INFO neutron.db.ovn_revision_numbers_db [None req-15fc63df-6957-47d9-b86f-c0f69617223e ee2f3d3ab3a143b9885bf97c048b0ef6 e95d747a0c2a412389ead86875c3a8ec - - default default] Successfully bumped revision number for resource 8a8dd96f-4a30-4ca8-9133-a24f7b118283 (type: ports) to 1
2026-04-22 19:38:59.710 9 INFO neutron.db.ovn_revision_numbers_db [None req-ae750c5c-f663-429b-9cb4-d78fea03cec3 - - - - - -] Successfully bumped revision number for resource 389212dc-1df9-4327-b966-b12f283537bf (type: router_ports) to 4
2026-04-22 19:39:00.058 10 INFO neutron.db.ovn_revision_numbers_db [None req-c2fced80-5b12-4624-b74c-be943de9d8e3 - - - - - -] Successfully bumped revision number for resource 2b4c17ec-0aee-45ac-9c14-4cf2d945a0b2 (type: ports) to 2
2026-04-22 19:39:00.277 10 INFO neutron.db.ovn_revision_numbers_db [None req-c2fced80-5b12-4624-b74c-be943de9d8e3 - - - - - -] Successfully bumped revision number for resource 2b4c17ec-0aee-45ac-9c14-4cf2d945a0b2 (type: router_ports) to 2
2026-04-22 19:39:00.330 10 INFO neutron.db.ovn_revision_numbers_db [None req-601b8069-eb01-43d8-b4f5-9ec759a1d48e - - - - - -] Successfully bumped revision number for resource a8ed6af4-e8c3-427e-8ffa-9b8105595083 (type: ports) to 1
2026-04-22 19:39:00.390 9 INFO neutron.db.ovn_revision_numbers_db [None req-0b797966-c041-4f06-a20c-c306973fb68c ee2f3d3ab3a143b9885bf97c048b0ef6 e95d747a0c2a412389ead86875c3a8ec - - default default] Successfully bumped revision number for resource 65d7d45c-7b43-485b-a029-123182f91b5a (type: router_ports) to 1
2026-04-22 19:39:00.393 9 INFO neutron.wsgi [None req-0b797966-c041-4f06-a20c-c306973fb68c ee2f3d3ab3a143b9885bf97c048b0ef6 e95d747a0c2a412389ead86875c3a8ec - - default default] 10.0.0.53 "PUT /v2.0/routers/bdf87eab-4732-49d5-b86c-3560a265e225/add_router_interface HTTP/1.1" status: 200 len: 503 time: 4.0888054
2026-04-22 19:39:00.511 9 INFO neutron.db.ovn_revision_numbers_db [None req-15fc63df-6957-47d9-b86f-c0f69617223e ee2f3d3ab3a143b9885bf97c048b0ef6 e95d747a0c2a412389ead86875c3a8ec - - default default] Successfully bumped revision number for resource 8a8dd96f-4a30-4ca8-9133-a24f7b118283 (type: router_ports) to 1
2026-04-22 19:39:00.587 9 INFO neutron.db.ovn_revision_numbers_db [None req-15fc63df-6957-47d9-b86f-c0f69617223e ee2f3d3ab3a143b9885bf97c048b0ef6 e95d747a0c2a412389ead86875c3a8ec - - default default] Successfully bumped revision number for resource 1c4105d9-fb38-4fdc-a01a-b07b622f74e9 (type: routers) to 2
2026-04-22 19:39:00.604 9 INFO neutron.wsgi [None req-15fc63df-6957-47d9-b86f-c0f69617223e ee2f3d3ab3a143b9885bf97c048b0ef6 e95d747a0c2a412389ead86875c3a8ec - - default default] 10.0.0.53 "POST /v2.0/routers HTTP/1.1" status: 201 len: 878 time: 2.4336050
2026-04-22 19:39:00.983 9 WARNING neutron_lib.context [None req-a8b561b3-06e0-4cb9-bb14-2f46011f363e 61b5a74120bd494db2facdad2dbc85cc 05191b109abd43fbb80e2578b2fb11d7 - - default default] Method 'is_advsvc' is deprecated since 2023.2 release (neutron-lib 3.8.0) and will be removed once support for the old RBAC API policies will be removed from Neutron. Please use method 'is_service_role' instead.
2026-04-22 19:39:00.991 10 INFO neutron.db.ovn_revision_numbers_db [None req-601b8069-eb01-43d8-b4f5-9ec759a1d48e - - - - - -] Successfully bumped revision number for resource a8ed6af4-e8c3-427e-8ffa-9b8105595083 (type: router_ports) to 3
2026-04-22 19:39:00.993 10 INFO neutron.db.ovn_revision_numbers_db [None req-4db19154-b144-4eb4-abdf-4c7ad3820167 ee2f3d3ab3a143b9885bf97c048b0ef6 e95d747a0c2a412389ead86875c3a8ec - - default default] Successfully bumped revision number for resource 0ba6efce-2573-4b95-864b-380fd305c044 (type: router_ports) to 1
2026-04-22 19:39:00.995 10 INFO neutron.wsgi [None req-4db19154-b144-4eb4-abdf-4c7ad3820167 ee2f3d3ab3a143b9885bf97c048b0ef6 e95d747a0c2a412389ead86875c3a8ec - - default default] 10.0.0.53 "PUT /v2.0/routers/eb4e2f18-ee24-4ab8-95c9-c2f12fba0fcc/add_router_interface HTTP/1.1" status: 200 len: 503 time: 4.4881921
2026-04-22 19:39:01.106 9 WARNING neutron.scheduler.dhcp_agent_scheduler [None req-d38b1f21-065a-4307-a6a6-9e4fab3af1e0 ee2f3d3ab3a143b9885bf97c048b0ef6 e95d747a0c2a412389ead86875c3a8ec - - default default] No more DHCP agents
2026-04-22 19:39:01.108 9 WARNING neutron.api.rpc.agentnotifiers.dhcp_rpc_agent_api [None req-d38b1f21-065a-4307-a6a6-9e4fab3af1e0 ee2f3d3ab3a143b9885bf97c048b0ef6 e95d747a0c2a412389ead86875c3a8ec - - default default] Unable to schedule network a8c9f572-12d9-4924-aadf-66780df844d2: no agents available; will retry on subsequent port and subnet creation events.
2026-04-22 19:39:01.146 9 INFO neutron.db.ovn_revision_numbers_db [None req-a8b561b3-06e0-4cb9-bb14-2f46011f363e 61b5a74120bd494db2facdad2dbc85cc 05191b109abd43fbb80e2578b2fb11d7 - - default default] Successfully bumped revision number for resource 835ef5df-1a86-4ce7-9021-69190bcb99b1 (type: security_groups) to 1
2026-04-22 19:39:01.153 10 INFO neutron.wsgi [None req-b9389f36-7998-4760-9fd8-85e3c7b50c24 ee2f3d3ab3a143b9885bf97c048b0ef6 e95d747a0c2a412389ead86875c3a8ec - - default default] 10.0.0.53 "PUT /v2.0/routers/e4e2bffd-0e0e-4665-93d0-816f9f4f6c32/add_router_interface HTTP/1.1" status: 200 len: 503 time: 4.2903790
2026-04-22 19:39:01.159 10 INFO neutron.db.ovn_revision_numbers_db [None req-601b8069-eb01-43d8-b4f5-9ec759a1d48e - - - - - -] Successfully bumped revision number for resource a8ed6af4-e8c3-427e-8ffa-9b8105595083 (type: ports) to 2
2026-04-22 19:39:01.167 9 INFO neutron.db.ovn_revision_numbers_db [None req-a8b561b3-06e0-4cb9-bb14-2f46011f363e 61b5a74120bd494db2facdad2dbc85cc 05191b109abd43fbb80e2578b2fb11d7 - - default default] Successfully bumped revision number for resource 6f0f707f-ca97-4bd2-86cc-c34a742d5561 (type: security_group_rules) to 0
2026-04-22 19:39:01.190 9 INFO neutron.db.ovn_revision_numbers_db [None req-a8b561b3-06e0-4cb9-bb14-2f46011f363e 61b5a74120bd494db2facdad2dbc85cc 05191b109abd43fbb80e2578b2fb11d7 - - default default] Successfully bumped revision number for resource dbb41b94-a5b1-4b37-b431-97b4c3c29f1c (type: security_group_rules) to 0
2026-04-22 19:39:01.214 9 INFO neutron.wsgi [None req-a8b561b3-06e0-4cb9-bb14-2f46011f363e 61b5a74120bd494db2facdad2dbc85cc 05191b109abd43fbb80e2578b2fb11d7 - - default default] 10.0.0.53 "POST /v2.0/security-groups HTTP/1.1" status: 201 len: 1795 time: 0.2359498
2026-04-22 19:39:01.226 10 WARNING neutron_lib.context [None req-3e21e391-4a27-4310-92c9-535ff2039b42 61b5a74120bd494db2facdad2dbc85cc 05191b109abd43fbb80e2578b2fb11d7 - - default default] Method 'is_advsvc' is deprecated since 2023.2 release (neutron-lib 3.8.0) and will be removed once support for the old RBAC API policies will be removed from Neutron. Please use method 'is_service_role' instead.
2026-04-22 19:39:01.269 9 INFO neutron.db.ovn_revision_numbers_db [None req-d38b1f21-065a-4307-a6a6-9e4fab3af1e0 ee2f3d3ab3a143b9885bf97c048b0ef6 e95d747a0c2a412389ead86875c3a8ec - - default default] Successfully bumped revision number for resource fac1724a-c085-4b90-8ff8-13191b9ed1c9 (type: ports) to 1
2026-04-22 19:39:01.459 10 INFO neutron.db.ovn_revision_numbers_db [None req-3e21e391-4a27-4310-92c9-535ff2039b42 61b5a74120bd494db2facdad2dbc85cc 05191b109abd43fbb80e2578b2fb11d7 - - default default] Successfully bumped revision number for resource 9661b428-dee7-4882-9230-e01c9ebc7f51 (type: security_group_rules) to 0
2026-04-22 19:39:01.477 10 INFO neutron.db.ovn_revision_numbers_db [None req-601b8069-eb01-43d8-b4f5-9ec759a1d48e - - - - - -] Successfully bumped revision number for resource a8ed6af4-e8c3-427e-8ffa-9b8105595083 (type: ports) to 4
2026-04-22 19:39:01.499 10 INFO neutron.wsgi [None req-3e21e391-4a27-4310-92c9-535ff2039b42 61b5a74120bd494db2facdad2dbc85cc 05191b109abd43fbb80e2578b2fb11d7 - - default default] 10.0.0.53 "POST /v2.0/security-group-rules HTTP/1.1" status: 201 len: 764 time: 0.2793376
2026-04-22 19:39:01.517 10 WARNING neutron_lib.context [None req-005e5000-98e1-4118-af2d-61257897fdba 61b5a74120bd494db2facdad2dbc85cc 05191b109abd43fbb80e2578b2fb11d7 - - default default] Method 'is_advsvc' is deprecated since 2023.2 release (neutron-lib 3.8.0) and will be removed once support for the old RBAC API policies will be removed from Neutron. Please use method 'is_service_role' instead.
2026-04-22 19:39:01.592 9 WARNING neutron_lib.context [None req-e3a0c515-1666-4af8-926b-21f00e1c313b 49252d15a0bb49718a8b605df3aa8bfe 8cb44d207e374d9db07910652b5ab7e3 - - default default] Method 'is_advsvc' is deprecated since 2023.2 release (neutron-lib 3.8.0) and will be removed once support for the old RBAC API policies will be removed from Neutron. Please use method 'is_service_role' instead.
2026-04-22 19:39:01.719 10 INFO neutron.db.ovn_revision_numbers_db [None req-005e5000-98e1-4118-af2d-61257897fdba 61b5a74120bd494db2facdad2dbc85cc 05191b109abd43fbb80e2578b2fb11d7 - - default default] Successfully bumped revision number for resource 6035f22d-8e03-41f6-9da5-4a593075f8b6 (type: security_group_rules) to 0
2026-04-22 19:39:01.744 10 INFO neutron.db.ovn_revision_numbers_db [None req-601b8069-eb01-43d8-b4f5-9ec759a1d48e - - - - - -] Successfully bumped revision number for resource a8ed6af4-e8c3-427e-8ffa-9b8105595083 (type: router_ports) to 4
2026-04-22 19:39:01.749 10 INFO neutron.wsgi [None req-005e5000-98e1-4118-af2d-61257897fdba 61b5a74120bd494db2facdad2dbc85cc 05191b109abd43fbb80e2578b2fb11d7 - - default default] 10.0.0.53 "POST /v2.0/security-group-rules HTTP/1.1" status: 201 len: 769 time: 0.2444224
2026-04-22 19:39:01.756 9 INFO neutron.plugins.ml2.drivers.ovn.mech_driver.mech_driver [None req-0f7edde9-43a3-45cf-ae74-5f357d8d0ae2 - - - - - -] OVN reports status up for port: 65d7d45c-7b43-485b-a029-123182f91b5a
2026-04-22 19:39:01.762 10 WARNING neutron_lib.context [None req-ae71a08b-2a7f-4968-a996-8145b97af437 61b5a74120bd494db2facdad2dbc85cc 05191b109abd43fbb80e2578b2fb11d7 - - default default] Method 'is_advsvc' is deprecated since 2023.2 release (neutron-lib 3.8.0) and will be removed once support for the old RBAC API policies will be removed from Neutron. Please use method 'is_service_role' instead.
2026-04-22 19:39:01.772 9 INFO neutron.plugins.ml2.plugin [None req-0f7edde9-43a3-45cf-ae74-5f357d8d0ae2 - - - - - -] Attempt 1 to provision port 65d7d45c-7b43-485b-a029-123182f91b5a
2026-04-22 19:39:01.779 10 INFO neutron.plugins.ml2.drivers.ovn.mech_driver.ovsdb.ovsdb_monitor [None req-601b8069-eb01-43d8-b4f5-9ec759a1d48e - - - - - -] Router 1c4105d9-fb38-4fdc-a01a-b07b622f74e9 is bound to host instance
2026-04-22 19:39:01.785 9 INFO neutron.db.ovn_revision_numbers_db [None req-e3a0c515-1666-4af8-926b-21f00e1c313b 49252d15a0bb49718a8b605df3aa8bfe 8cb44d207e374d9db07910652b5ab7e3 - - default default] Successfully bumped revision number for resource c9f7ba84-d702-4b97-bf9f-9ff4e2e126fd (type: security_groups) to 1
2026-04-22 19:39:01.829 9 INFO neutron.db.ovn_revision_numbers_db [None req-e3a0c515-1666-4af8-926b-21f00e1c313b 49252d15a0bb49718a8b605df3aa8bfe 8cb44d207e374d9db07910652b5ab7e3 - - default default] Successfully bumped revision number for resource 2af3230f-3467-40ac-af7e-42c852154729 (type: security_group_rules) to 0
