2026-04-22 19:39:01.860 9 INFO neutron.db.ovn_revision_numbers_db [None req-e3a0c515-1666-4af8-926b-21f00e1c313b 49252d15a0bb49718a8b605df3aa8bfe 8cb44d207e374d9db07910652b5ab7e3 - - default default] Successfully bumped revision number for resource c8f1a3e6-b0e6-4c6d-9789-951ee303e23d (type: security_group_rules) to 0
2026-04-22 19:39:01.894 9 INFO neutron.wsgi [None req-e3a0c515-1666-4af8-926b-21f00e1c313b 49252d15a0bb49718a8b605df3aa8bfe 8cb44d207e374d9db07910652b5ab7e3 - - default default] 10.0.0.53 "POST /v2.0/security-groups HTTP/1.1" status: 201 len: 1797 time: 0.3090990
2026-04-22 19:39:01.902 9 INFO neutron.db.ovn_revision_numbers_db [None req-d38b1f21-065a-4307-a6a6-9e4fab3af1e0 ee2f3d3ab3a143b9885bf97c048b0ef6 e95d747a0c2a412389ead86875c3a8ec - - default default] Successfully bumped revision number for resource fac1724a-c085-4b90-8ff8-13191b9ed1c9 (type: router_ports) to 1
2026-04-22 19:39:01.906 9 WARNING neutron_lib.context [None req-08748815-e654-46cf-8d87-b8a12e45b629 49252d15a0bb49718a8b605df3aa8bfe 8cb44d207e374d9db07910652b5ab7e3 - - default default] Method 'is_advsvc' is deprecated since 2023.2 release (neutron-lib 3.8.0) and will be removed once support for the old RBAC API policies will be removed from Neutron. Please use method 'is_service_role' instead.
2026-04-22 19:39:02.113 10 WARNING neutron_lib.context [req-307e1359-798d-45df-a906-b5c7b89ee4a1 req-212a8209-693d-4626-8bbf-d91d51e9b458 8dae15990f92479db8bd3e3482a3a084 b8178cf8c82f466a9f7899f391694dd3 - - default default] Method 'is_advsvc' is deprecated since 2023.2 release (neutron-lib 3.8.0) and will be removed once support for the old RBAC API policies will be removed from Neutron. Please use method 'is_service_role' instead.
2026-04-22 19:39:02.186 10 WARNING neutron.scheduler.dhcp_agent_scheduler [None req-ae71a08b-2a7f-4968-a996-8145b97af437 61b5a74120bd494db2facdad2dbc85cc 05191b109abd43fbb80e2578b2fb11d7 - - default default] No more DHCP agents
2026-04-22 19:39:02.191 10 WARNING neutron.api.rpc.agentnotifiers.dhcp_rpc_agent_api [None req-ae71a08b-2a7f-4968-a996-8145b97af437 61b5a74120bd494db2facdad2dbc85cc 05191b109abd43fbb80e2578b2fb11d7 - - default default] Unable to schedule network 03f27d31-9d52-4b53-a198-8e48ce201940: no agents available; will retry on subsequent port and subnet creation events.
2026-04-22 19:39:02.406 9 INFO neutron.db.ovn_revision_numbers_db [None req-d38b1f21-065a-4307-a6a6-9e4fab3af1e0 ee2f3d3ab3a143b9885bf97c048b0ef6 e95d747a0c2a412389ead86875c3a8ec - - default default] Successfully bumped revision number for resource fac1724a-c085-4b90-8ff8-13191b9ed1c9 (type: ports) to 1
2026-04-22 19:39:02.453 9 INFO neutron.db.ovn_revision_numbers_db [None req-08748815-e654-46cf-8d87-b8a12e45b629 49252d15a0bb49718a8b605df3aa8bfe 8cb44d207e374d9db07910652b5ab7e3 - - default default] Successfully bumped revision number for resource d0a7c10c-404b-4921-a164-1cf6c9ef21c0 (type: security_group_rules) to 0
2026-04-22 19:39:02.523 9 INFO neutron.wsgi [None req-08748815-e654-46cf-8d87-b8a12e45b629 49252d15a0bb49718a8b605df3aa8bfe 8cb44d207e374d9db07910652b5ab7e3 - - default default] 10.0.0.53 "POST /v2.0/security-group-rules HTTP/1.1" status: 201 len: 764 time: 0.6217299
2026-04-22 19:39:02.530 10 INFO neutron.db.ovn_revision_numbers_db [req-307e1359-798d-45df-a906-b5c7b89ee4a1 req-212a8209-693d-4626-8bbf-d91d51e9b458 8dae15990f92479db8bd3e3482a3a084 b8178cf8c82f466a9f7899f391694dd3 - - default default] Successfully bumped revision number for resource adb41486-43ec-48e6-84c0-1be5d3bb72fa (type: security_groups) to 1
2026-04-22 19:39:02.534 9 WARNING neutron_lib.context [None req-de0bf3f1-be49-4faa-9fef-4a0d1d7ab14d 49252d15a0bb49718a8b605df3aa8bfe 8cb44d207e374d9db07910652b5ab7e3 - - default default] Method 'is_advsvc' is deprecated since 2023.2 release (neutron-lib 3.8.0) and will be removed once support for the old RBAC API policies will be removed from Neutron. Please use method 'is_service_role' instead.
2026-04-22 19:39:02.562 9 INFO neutron.db.ovn_revision_numbers_db [None req-0f7edde9-43a3-45cf-ae74-5f357d8d0ae2 - - - - - -] Successfully bumped revision number for resource 65d7d45c-7b43-485b-a029-123182f91b5a (type: ports) to 2
2026-04-22 19:39:02.563 10 INFO neutron.db.ovn_revision_numbers_db [req-307e1359-798d-45df-a906-b5c7b89ee4a1 req-212a8209-693d-4626-8bbf-d91d51e9b458 8dae15990f92479db8bd3e3482a3a084 b8178cf8c82f466a9f7899f391694dd3 - - default default] Successfully bumped revision number for resource 2ab6e996-bea3-4562-ad87-22faf1c98f28 (type: security_group_rules) to 0
2026-04-22 19:39:02.564 9 WARNING neutron.scheduler.dhcp_agent_scheduler [None req-d38b1f21-065a-4307-a6a6-9e4fab3af1e0 ee2f3d3ab3a143b9885bf97c048b0ef6 e95d747a0c2a412389ead86875c3a8ec - - default default] No more DHCP agents
2026-04-22 19:39:02.567 9 WARNING neutron.api.rpc.agentnotifiers.dhcp_rpc_agent_api [None req-d38b1f21-065a-4307-a6a6-9e4fab3af1e0 ee2f3d3ab3a143b9885bf97c048b0ef6 e95d747a0c2a412389ead86875c3a8ec - - default default] Unable to schedule network a8c9f572-12d9-4924-aadf-66780df844d2: no agents available; will retry on subsequent port and subnet creation events.
2026-04-22 19:39:02.598 10 INFO neutron.db.ovn_revision_numbers_db [req-307e1359-798d-45df-a906-b5c7b89ee4a1 req-212a8209-693d-4626-8bbf-d91d51e9b458 8dae15990f92479db8bd3e3482a3a084 b8178cf8c82f466a9f7899f391694dd3 - - default default] Successfully bumped revision number for resource 55380091-6e46-407c-af11-7e302fc8f2fd (type: security_group_rules) to 0
2026-04-22 19:39:02.643 10 INFO neutron.wsgi [req-307e1359-798d-45df-a906-b5c7b89ee4a1 req-212a8209-693d-4626-8bbf-d91d51e9b458 8dae15990f92479db8bd3e3482a3a084 b8178cf8c82f466a9f7899f391694dd3 - - default default] 10.0.0.78 "POST /v2.0/security-groups HTTP/1.1" status: 201 len: 1827 time: 0.6010277
2026-04-22 19:39:02.707 9 INFO neutron.db.ovn_revision_numbers_db [None req-0f7edde9-43a3-45cf-ae74-5f357d8d0ae2 - - - - - -] Successfully bumped revision number for resource 65d7d45c-7b43-485b-a029-123182f91b5a (type: router_ports) to 2
2026-04-22 19:39:02.787 10 INFO neutron.db.ovn_revision_numbers_db [None req-601b8069-eb01-43d8-b4f5-9ec759a1d48e - - - - - -] Successfully bumped revision number for resource 8a8dd96f-4a30-4ca8-9133-a24f7b118283 (type: ports) to 1
2026-04-22 19:39:02.802 9 INFO neutron.db.ovn_revision_numbers_db [None req-de0bf3f1-be49-4faa-9fef-4a0d1d7ab14d 49252d15a0bb49718a8b605df3aa8bfe 8cb44d207e374d9db07910652b5ab7e3 - - default default] Successfully bumped revision number for resource 53cf2ffc-b18f-448c-b6cf-d038cec0ccab (type: security_group_rules) to 0
2026-04-22 19:39:02.837 9 INFO neutron.wsgi [None req-de0bf3f1-be49-4faa-9fef-4a0d1d7ab14d 49252d15a0bb49718a8b605df3aa8bfe 8cb44d207e374d9db07910652b5ab7e3 - - default default] 10.0.0.53 "POST /v2.0/security-group-rules HTTP/1.1" status: 201 len: 769 time: 0.3095694
2026-04-22 19:39:02.852 10 WARNING neutron_lib.context [None req-6f628796-53a6-468a-a54c-6794fd52c8b6 49252d15a0bb49718a8b605df3aa8bfe 8cb44d207e374d9db07910652b5ab7e3 - - default default] Method 'is_advsvc' is deprecated since 2023.2 release (neutron-lib 3.8.0) and will be removed once support for the old RBAC API policies will be removed from Neutron. Please use method 'is_service_role' instead.
2026-04-22 19:39:02.873 10 INFO neutron.db.ovn_revision_numbers_db [None req-ae71a08b-2a7f-4968-a996-8145b97af437 61b5a74120bd494db2facdad2dbc85cc 05191b109abd43fbb80e2578b2fb11d7 - - default default] Successfully bumped revision number for resource 93c2dee3-2362-4abc-bc1c-156b77d82954 (type: floatingips) to 0
2026-04-22 19:39:02.901 10 INFO neutron.wsgi [None req-ae71a08b-2a7f-4968-a996-8145b97af437 61b5a74120bd494db2facdad2dbc85cc 05191b109abd43fbb80e2578b2fb11d7 - - default default] 10.0.0.53 "POST /v2.0/floatingips HTTP/1.1" status: 201 len: 751 time: 1.1437194
2026-04-22 19:39:03.094 9 INFO neutron.wsgi [req-c78f79ea-d810-4f0b-9dc1-2e2b3caa0e93 req-d08cadb3-6913-493d-ae94-dc55e78596be 8dae15990f92479db8bd3e3482a3a084 b8178cf8c82f466a9f7899f391694dd3 - - default default] 10.0.0.78 "GET /v2.0/security-groups/adb41486-43ec-48e6-84c0-1be5d3bb72fa HTTP/1.1" status: 200 len: 1822 time: 0.0884225
2026-04-22 19:39:03.106 9 WARNING neutron_lib.context [req-c78f79ea-d810-4f0b-9dc1-2e2b3caa0e93 req-6a252fe0-0368-4ff6-93eb-4afbdabc320b 8dae15990f92479db8bd3e3482a3a084 b8178cf8c82f466a9f7899f391694dd3 - - default default] Method 'is_advsvc' is deprecated since 2023.2 release (neutron-lib 3.8.0) and will be removed once support for the old RBAC API policies will be removed from Neutron. Please use method 'is_service_role' instead.
2026-04-22 19:39:03.204 10 INFO neutron.db.ovn_revision_numbers_db [None req-601b8069-eb01-43d8-b4f5-9ec759a1d48e - - - - - -] Successfully bumped revision number for resource 8a8dd96f-4a30-4ca8-9133-a24f7b118283 (type: router_ports) to 3
2026-04-22 19:39:03.255 10 WARNING neutron.scheduler.dhcp_agent_scheduler [None req-6f628796-53a6-468a-a54c-6794fd52c8b6 49252d15a0bb49718a8b605df3aa8bfe 8cb44d207e374d9db07910652b5ab7e3 - - default default] No more DHCP agents
2026-04-22 19:39:03.258 10 WARNING neutron.api.rpc.agentnotifiers.dhcp_rpc_agent_api [None req-6f628796-53a6-468a-a54c-6794fd52c8b6 49252d15a0bb49718a8b605df3aa8bfe 8cb44d207e374d9db07910652b5ab7e3 - - default default] Unable to schedule network 03f27d31-9d52-4b53-a198-8e48ce201940: no agents available; will retry on subsequent port and subnet creation events.
2026-04-22 19:39:03.326 9 INFO neutron.db.ovn_revision_numbers_db [req-c78f79ea-d810-4f0b-9dc1-2e2b3caa0e93 req-6a252fe0-0368-4ff6-93eb-4afbdabc320b 8dae15990f92479db8bd3e3482a3a084 b8178cf8c82f466a9f7899f391694dd3 - - default default] Successfully bumped revision number for resource ef23525c-9dd5-4bef-8ef9-e04a35bf1ce0 (type: security_group_rules) to 0
2026-04-22 19:39:03.376 9 INFO neutron.wsgi [req-c78f79ea-d810-4f0b-9dc1-2e2b3caa0e93 req-6a252fe0-0368-4ff6-93eb-4afbdabc320b 8dae15990f92479db8bd3e3482a3a084 b8178cf8c82f466a9f7899f391694dd3 - - default default] 10.0.0.78 "POST /v2.0/security-group-rules HTTP/1.1" status: 201 len: 786 time: 0.2747872
2026-04-22 19:39:03.392 10 INFO neutron.wsgi [req-aa30a4b6-113a-414b-a7ee-dafe57c9941f req-021fae7a-3ccf-4395-9231-8db69d8f72f4 61b5a74120bd494db2facdad2dbc85cc 05191b109abd43fbb80e2578b2fb11d7 - - default default] 10.0.0.78 "GET /v2.0/security-groups?name=tempest-securitygroup--1937099857&fields=id&tenant_id=05191b109abd43fbb80e2578b2fb11d7 HTTP/1.1" status: 200 len: 267 time: 0.0727570
2026-04-22 19:39:03.419 9 WARNING neutron_lib.context [req-a018f8e2-ecab-4f10-bf45-ef7dd5277697 req-b78a6230-eb03-4429-acea-2aa79fd0224a 8dae15990f92479db8bd3e3482a3a084 b8178cf8c82f466a9f7899f391694dd3 - - default default] Method 'is_advsvc' is deprecated since 2023.2 release (neutron-lib 3.8.0) and will be removed once support for the old RBAC API policies will be removed from Neutron. Please use method 'is_service_role' instead.
2026-04-22 19:39:03.492 10 INFO neutron.db.ovn_revision_numbers_db [None req-601b8069-eb01-43d8-b4f5-9ec759a1d48e - - - - - -] Successfully bumped revision number for resource 8a8dd96f-4a30-4ca8-9133-a24f7b118283 (type: ports) to 2
2026-04-22 19:39:03.537 10 INFO neutron.wsgi [req-aa30a4b6-113a-414b-a7ee-dafe57c9941f req-36a1a580-639c-4c48-9bad-e89e36ad592d 61b5a74120bd494db2facdad2dbc85cc 05191b109abd43fbb80e2578b2fb11d7 - - default default] 10.0.0.78 "GET /v2.0/networks?id=d2203368-2bea-453b-8662-4267ce9bb216 HTTP/1.1" status: 200 len: 875 time: 0.1339397
2026-04-22 19:39:03.566 9 INFO neutron.db.ovn_revision_numbers_db [None req-d38b1f21-065a-4307-a6a6-9e4fab3af1e0 ee2f3d3ab3a143b9885bf97c048b0ef6 e95d747a0c2a412389ead86875c3a8ec - - default default] Successfully bumped revision number for resource fac1724a-c085-4b90-8ff8-13191b9ed1c9 (type: router_ports) to 1
2026-04-22 19:39:03.568 9 INFO neutron.wsgi [None req-d38b1f21-065a-4307-a6a6-9e4fab3af1e0 ee2f3d3ab3a143b9885bf97c048b0ef6 e95d747a0c2a412389ead86875c3a8ec - - default default] 10.0.0.53 "PUT /v2.0/routers/1c4105d9-fb38-4fdc-a01a-b07b622f74e9/add_router_interface HTTP/1.1" status: 200 len: 503 time: 2.9578424
2026-04-22 19:39:03.569 10 INFO neutron.wsgi [req-aa30a4b6-113a-414b-a7ee-dafe57c9941f req-31a80fd2-5d57-422b-8635-31f2fe1eddec 61b5a74120bd494db2facdad2dbc85cc 05191b109abd43fbb80e2578b2fb11d7 - - default default] 10.0.0.78 "GET /v2.0/quotas/05191b109abd43fbb80e2578b2fb11d7 HTTP/1.1" status: 200 len: 386 time: 0.0141487
2026-04-22 19:39:03.583 9 INFO neutron.db.ovn_revision_numbers_db [req-a018f8e2-ecab-4f10-bf45-ef7dd5277697 req-b78a6230-eb03-4429-acea-2aa79fd0224a 8dae15990f92479db8bd3e3482a3a084 b8178cf8c82f466a9f7899f391694dd3 - - default default] Successfully bumped revision number for resource 098fd67b-18e0-401f-8e04-4a2d9fd339fd (type: security_groups) to 1
2026-04-22 19:39:03.598 9 INFO neutron.db.ovn_revision_numbers_db [req-a018f8e2-ecab-4f10-bf45-ef7dd5277697 req-b78a6230-eb03-4429-acea-2aa79fd0224a 8dae15990f92479db8bd3e3482a3a084 b8178cf8c82f466a9f7899f391694dd3 - - default default] Successfully bumped revision number for resource 7d99988f-8e80-47cc-bba3-5d5344ee0c75 (type: security_group_rules) to 0
2026-04-22 19:39:03.619 9 INFO neutron.db.ovn_revision_numbers_db [req-a018f8e2-ecab-4f10-bf45-ef7dd5277697 req-b78a6230-eb03-4429-acea-2aa79fd0224a 8dae15990f92479db8bd3e3482a3a084 b8178cf8c82f466a9f7899f391694dd3 - - default default] Successfully bumped revision number for resource 9a25c21c-b19d-4af3-8eed-21c60c5ed2f2 (type: security_group_rules) to 0
2026-04-22 19:39:03.645 9 INFO neutron.wsgi [req-a018f8e2-ecab-4f10-bf45-ef7dd5277697 req-b78a6230-eb03-4429-acea-2aa79fd0224a 8dae15990f92479db8bd3e3482a3a084 b8178cf8c82f466a9f7899f391694dd3 - - default default] 10.0.0.78 "POST /v2.0/security-groups HTTP/1.1" status: 201 len: 1827 time: 0.2331622
2026-04-22 19:39:03.704 9 INFO neutron.wsgi [req-53f6dbe4-8a51-448c-b0f3-74131addadf6 req-5be578f3-5d0f-404e-a6fd-4619afbee1c8 8dae15990f92479db8bd3e3482a3a084 b8178cf8c82f466a9f7899f391694dd3 - - default default] 10.0.0.78 "GET /v2.0/security-groups/098fd67b-18e0-401f-8e04-4a2d9fd339fd HTTP/1.1" status: 200 len: 1822 time: 0.0330672
2026-04-22 19:39:03.714 9 WARNING neutron_lib.context [req-53f6dbe4-8a51-448c-b0f3-74131addadf6 req-d9d7409e-13b2-4739-9fe3-81f7796cb321 8dae15990f92479db8bd3e3482a3a084 b8178cf8c82f466a9f7899f391694dd3 - - default default] Method 'is_advsvc' is deprecated since 2023.2 release (neutron-lib 3.8.0) and will be removed once support for the old RBAC API policies will be removed from Neutron. Please use method 'is_service_role' instead.
2026-04-22 19:39:03.887 9 INFO neutron.db.ovn_revision_numbers_db [req-53f6dbe4-8a51-448c-b0f3-74131addadf6 req-d9d7409e-13b2-4739-9fe3-81f7796cb321 8dae15990f92479db8bd3e3482a3a084 b8178cf8c82f466a9f7899f391694dd3 - - default default] Successfully bumped revision number for resource f5deb59e-48bc-4dd7-9c3c-6361f61f5c9e (type: security_group_rules) to 0
2026-04-22 19:39:03.904 10 INFO neutron.wsgi [req-aa30a4b6-113a-414b-a7ee-dafe57c9941f req-87e3e62b-79fc-42d0-bdc1-dff2eb166b67 61b5a74120bd494db2facdad2dbc85cc 05191b109abd43fbb80e2578b2fb11d7 - - default default] 10.0.0.78 "GET /v2.0/ports?tenant_id=05191b109abd43fbb80e2578b2fb11d7&fields=id HTTP/1.1" status: 200 len: 302 time: 0.3236544
2026-04-22 19:39:03.917 9 INFO neutron.wsgi [req-53f6dbe4-8a51-448c-b0f3-74131addadf6 req-d9d7409e-13b2-4739-9fe3-81f7796cb321 8dae15990f92479db8bd3e3482a3a084 b8178cf8c82f466a9f7899f391694dd3 - - default default] 10.0.0.78 "POST /v2.0/security-group-rules HTTP/1.1" status: 201 len: 786 time: 0.2071886
2026-04-22 19:39:03.945 10 INFO neutron.db.ovn_revision_numbers_db [None req-6f628796-53a6-468a-a54c-6794fd52c8b6 49252d15a0bb49718a8b605df3aa8bfe 8cb44d207e374d9db07910652b5ab7e3 - - default default] Successfully bumped revision number for resource 34b708aa-5e1f-4ba4-96dd-08b61467f73b (type: floatingips) to 0
2026-04-22 19:39:03.963 10 INFO neutron.wsgi [None req-6f628796-53a6-468a-a54c-6794fd52c8b6 49252d15a0bb49718a8b605df3aa8bfe 8cb44d207e374d9db07910652b5ab7e3 - - default default] 10.0.0.53 "POST /v2.0/floatingips HTTP/1.1" status: 201 len: 751 time: 1.1199594
2026-04-22 19:39:03.983 9 INFO neutron.wsgi [req-1d500093-1e66-4efa-83e3-3f468d7e2d5e req-63509838-7519-49aa-808c-e43905b79af4 8dae15990f92479db8bd3e3482a3a084 b8178cf8c82f466a9f7899f391694dd3 - - default default] 10.0.0.78 "GET /v2.0/security-groups/098fd67b-18e0-401f-8e04-4a2d9fd339fd HTTP/1.1" status: 200 len: 2415 time: 0.0392430
2026-04-22 19:39:03.994 9 WARNING neutron_lib.context [req-1d500093-1e66-4efa-83e3-3f468d7e2d5e req-b1d38c48-ba11-493b-ba43-e492117ecdbd 8dae15990f92479db8bd3e3482a3a084 b8178cf8c82f466a9f7899f391694dd3 - - default default] Method 'is_advsvc' is deprecated since 2023.2 release (neutron-lib 3.8.0) and will be removed once support for the old RBAC API policies will be removed from Neutron. Please use method 'is_service_role' instead.
2026-04-22 19:39:04.048 10 INFO neutron.db.ovn_revision_numbers_db [None req-601b8069-eb01-43d8-b4f5-9ec759a1d48e - - - - - -] Successfully bumped revision number for resource 8a8dd96f-4a30-4ca8-9133-a24f7b118283 (type: ports) to 4
2026-04-22 19:39:04.120 9 INFO neutron.db.ovn_revision_numbers_db [req-1d500093-1e66-4efa-83e3-3f468d7e2d5e req-b1d38c48-ba11-493b-ba43-e492117ecdbd 8dae15990f92479db8bd3e3482a3a084 b8178cf8c82f466a9f7899f391694dd3 - - default default] Successfully bumped revision number for resource c2ea6cd3-55ef-47b5-b837-71996e2e49ca (type: security_group_rules) to 0
2026-04-22 19:39:04.150 9 INFO neutron.wsgi [req-1d500093-1e66-4efa-83e3-3f468d7e2d5e req-b1d38c48-ba11-493b-ba43-e492117ecdbd 8dae15990f92479db8bd3e3482a3a084 b8178cf8c82f466a9f7899f391694dd3 - - default default] 10.0.0.78 "POST /v2.0/security-group-rules HTTP/1.1" status: 201 len: 791 time: 0.1610172
2026-04-22 19:39:04.220 9 WARNING neutron_lib.context [req-143eacec-e935-4a7a-bc39-141a8906b3af req-1802fb31-573b-476f-89e7-8322f5606571 9515594b5097488483b1a2c8b64f24ee 67ef5bdf5f824c5dba097604448dd2c8 - - default default] Method 'is_advsvc' is deprecated since 2023.2 release (neutron-lib 3.8.0) and will be removed once support for the old RBAC API policies will be removed from Neutron. Please use method 'is_service_role' instead.
2026-04-22 19:39:04.262 10 INFO neutron.db.ovn_revision_numbers_db [None req-601b8069-eb01-43d8-b4f5-9ec759a1d48e - - - - - -] Successfully bumped revision number for resource 8a8dd96f-4a30-4ca8-9133-a24f7b118283 (type: router_ports) to 4
2026-04-22 19:39:04.310 10 INFO neutron.wsgi [req-aa30a4b6-113a-414b-a7ee-dafe57c9941f req-bf8fbc91-725e-4ef0-bd49-128eb032a274 74c10f796dd9484d81aaaeadb9fc6aa7 4eabc121554046faadfb1f554ba2c17b - - bc3a08d6369941d6adfa3d0f4b770de6 bc3a08d6369941d6adfa3d0f4b770de6] 10.0.0.78 "GET /v2.0/extensions HTTP/1.1" status: 200 len: 16980 time: 0.0602350
2026-04-22 19:39:04.338 9 INFO neutron.db.ovn_revision_numbers_db [req-143eacec-e935-4a7a-bc39-141a8906b3af req-1802fb31-573b-476f-89e7-8322f5606571 9515594b5097488483b1a2c8b64f24ee 67ef5bdf5f824c5dba097604448dd2c8 - - default default] Successfully bumped revision number for resource 109106dc-bc5b-4ae9-bfed-91fe6d835d62 (type: security_groups) to 1
2026-04-22 19:39:04.354 9 INFO neutron.db.ovn_revision_numbers_db [req-143eacec-e935-4a7a-bc39-141a8906b3af req-1802fb31-573b-476f-89e7-8322f5606571 9515594b5097488483b1a2c8b64f24ee 67ef5bdf5f824c5dba097604448dd2c8 - - default default] Successfully bumped revision number for resource 31ecae53-4893-4653-bee8-a71c9f537fe0 (type: security_group_rules) to 0
2026-04-22 19:39:04.371 9 INFO neutron.db.ovn_revision_numbers_db [req-143eacec-e935-4a7a-bc39-141a8906b3af req-1802fb31-573b-476f-89e7-8322f5606571 9515594b5097488483b1a2c8b64f24ee 67ef5bdf5f824c5dba097604448dd2c8 - - default default] Successfully bumped revision number for resource 49809411-2aa2-44d2-9d61-7ef16feb22ae (type: security_group_rules) to 0
2026-04-22 19:39:04.385 10 INFO neutron.wsgi [req-aa30a4b6-113a-414b-a7ee-dafe57c9941f req-5ee80f6a-cf47-451d-a481-e306b74e4eb7 74c10f796dd9484d81aaaeadb9fc6aa7 4eabc121554046faadfb1f554ba2c17b - - bc3a08d6369941d6adfa3d0f4b770de6 bc3a08d6369941d6adfa3d0f4b770de6] 10.0.0.78 "GET /v2.0/networks/d2203368-2bea-453b-8662-4267ce9bb216?fields=segments HTTP/1.1" status: 200 len: 212 time: 0.0674083
2026-04-22 19:39:04.393 9 INFO neutron.wsgi [req-143eacec-e935-4a7a-bc39-141a8906b3af req-1802fb31-573b-476f-89e7-8322f5606571 9515594b5097488483b1a2c8b64f24ee 67ef5bdf5f824c5dba097604448dd2c8 - - default default] 10.0.0.78 "POST /v2.0/security-groups HTTP/1.1" status: 201 len: 1823 time: 0.1806929
2026-04-22 19:39:04.441 9 INFO neutron.wsgi [req-5afeaaec-82c0-49c0-b08a-6c03a8031fae req-3b644912-b9c9-407d-9b03-575267ccfa90 8dae15990f92479db8bd3e3482a3a084 b8178cf8c82f466a9f7899f391694dd3 - - default default] 10.0.0.78 "GET /v2.0/security-groups/098fd67b-18e0-401f-8e04-4a2d9fd339fd HTTP/1.1" status: 200 len: 3013 time: 0.0329278
2026-04-22 19:39:04.450 10 INFO neutron.wsgi [req-aa30a4b6-113a-414b-a7ee-dafe57c9941f req-e44dd7f1-165f-416f-bdf9-ac66f19b1265 74c10f796dd9484d81aaaeadb9fc6aa7 4eabc121554046faadfb1f554ba2c17b - - bc3a08d6369941d6adfa3d0f4b770de6 bc3a08d6369941d6adfa3d0f4b770de6] 10.0.0.78 "GET /v2.0/networks/d2203368-2bea-453b-8662-4267ce9bb216?fields=provider%3Aphysical_network&fields=provider%3Anetwork_type HTTP/1.1" status: 200 len: 277 time: 0.0554934
2026-04-22 19:39:04.464 9 WARNING neutron_lib.context [req-29c1a4e3-b174-4ca6-99d0-f9455f6428ff req-ba023b5c-6c2f-4546-976d-5ef08b700a70 9515594b5097488483b1a2c8b64f24ee 67ef5bdf5f824c5dba097604448dd2c8 - - default default] Method 'is_advsvc' is deprecated since 2023.2 release (neutron-lib 3.8.0) and will be removed once support for the old RBAC API policies will be removed from Neutron. Please use method 'is_service_role' instead.
2026-04-22 19:39:04.583 9 INFO neutron.db.ovn_revision_numbers_db [req-29c1a4e3-b174-4ca6-99d0-f9455f6428ff req-ba023b5c-6c2f-4546-976d-5ef08b700a70 9515594b5097488483b1a2c8b64f24ee 67ef5bdf5f824c5dba097604448dd2c8 - - default default] Successfully bumped revision number for resource 8a214c60-f72b-4ed1-85d1-7552c7cd20a3 (type: security_groups) to 1
2026-04-22 19:39:04.598 9 INFO neutron.db.ovn_revision_numbers_db [req-29c1a4e3-b174-4ca6-99d0-f9455f6428ff req-ba023b5c-6c2f-4546-976d-5ef08b700a70 9515594b5097488483b1a2c8b64f24ee 67ef5bdf5f824c5dba097604448dd2c8 - - default default] Successfully bumped revision number for resource 5a366ee2-a84f-499d-be4e-001e81ad6d4d (type: security_group_rules) to 0
2026-04-22 19:39:04.612 9 INFO neutron.db.ovn_revision_numbers_db [req-29c1a4e3-b174-4ca6-99d0-f9455f6428ff req-ba023b5c-6c2f-4546-976d-5ef08b700a70 9515594b5097488483b1a2c8b64f24ee 67ef5bdf5f824c5dba097604448dd2c8 - - default default] Successfully bumped revision number for resource d1cf1226-e147-47e6-a697-a0e52e9dd2e1 (type: security_group_rules) to 0
2026-04-22 19:39:04.632 9 INFO neutron.wsgi [req-29c1a4e3-b174-4ca6-99d0-f9455f6428ff req-ba023b5c-6c2f-4546-976d-5ef08b700a70 9515594b5097488483b1a2c8b64f24ee 67ef5bdf5f824c5dba097604448dd2c8 - - default default] 10.0.0.78 "POST /v2.0/security-groups HTTP/1.1" status: 201 len: 1822 time: 0.1763775
2026-04-22 19:39:04.668 10 INFO neutron.wsgi [req-8e7592d3-4417-4413-bc81-e917514ead95 req-922cde39-b9ea-4f8e-a988-66caebecba4a 8dae15990f92479db8bd3e3482a3a084 b8178cf8c82f466a9f7899f391694dd3 - - default default] 10.0.0.78 "GET /v2.0/security-group-rules/c2ea6cd3-55ef-47b5-b837-71996e2e49ca HTTP/1.1" status: 200 len: 783 time: 0.0345275
2026-04-22 19:39:04.699 9 INFO neutron.wsgi [req-ae636110-8f9c-46a9-8bd1-df9e08a4e0b8 req-afcac956-8daa-4344-b54b-cfd3f30d5e1b 61b5a74120bd494db2facdad2dbc85cc 05191b109abd43fbb80e2578b2fb11d7 - - default default] 10.0.0.78 "GET /v2.0/ports?device_id=83bf5515-8c4a-4c29-b348-ff36257e8b65 HTTP/1.1" status: 200 len: 210 time: 0.0329754
2026-04-22 19:39:04.707 10 INFO neutron.wsgi [req-8e7592d3-4417-4413-bc81-e917514ead95 req-d3d64efb-02ff-4e9e-8e3b-ad463c2c4331 8dae15990f92479db8bd3e3482a3a084 b8178cf8c82f466a9f7899f391694dd3 - - default default] 10.0.0.78 "GET /v2.0/security-groups/098fd67b-18e0-401f-8e04-4a2d9fd339fd HTTP/1.1" status: 200 len: 3013 time: 0.0308316
2026-04-22 19:39:04.729 9 WARNING neutron_lib.context [req-fb93fb12-e991-4e1f-a731-2102b1528dce req-bc21ca8e-7729-492b-87d6-561e30cee454 9515594b5097488483b1a2c8b64f24ee 67ef5bdf5f824c5dba097604448dd2c8 - - default default] Method 'is_advsvc' is deprecated since 2023.2 release (neutron-lib 3.8.0) and will be removed once support for the old RBAC API policies will be removed from Neutron. Please use method 'is_service_role' instead.
2026-04-22 19:39:04.854 9 INFO neutron.db.ovn_revision_numbers_db [req-fb93fb12-e991-4e1f-a731-2102b1528dce req-bc21ca8e-7729-492b-87d6-561e30cee454 9515594b5097488483b1a2c8b64f24ee 67ef5bdf5f824c5dba097604448dd2c8 - - default default] Successfully bumped revision number for resource 3f9e80cb-5b99-4e25-9e28-45893c8021ad (type: security_groups) to 1
2026-04-22 19:39:04.857 10 INFO neutron.wsgi [req-8e7592d3-4417-4413-bc81-e917514ead95 req-0d201696-7d4e-4529-8461-9321d6e108b2 8dae15990f92479db8bd3e3482a3a084 b8178cf8c82f466a9f7899f391694dd3 - - default default] 10.0.0.78 "DELETE /v2.0/security-group-rules/c2ea6cd3-55ef-47b5-b837-71996e2e49ca HTTP/1.1" status: 204 len: 173 time: 0.1404643
2026-04-22 19:39:04.869 9 INFO neutron.db.ovn_revision_numbers_db [req-fb93fb12-e991-4e1f-a731-2102b1528dce req-bc21ca8e-7729-492b-87d6-561e30cee454 9515594b5097488483b1a2c8b64f24ee 67ef5bdf5f824c5dba097604448dd2c8 - - default default] Successfully bumped revision number for resource 2163910f-de0e-480f-ad39-d665f5556bf4 (type: security_group_rules) to 0
2026-04-22 19:39:04.883 9 INFO neutron.db.ovn_revision_numbers_db [req-fb93fb12-e991-4e1f-a731-2102b1528dce req-bc21ca8e-7729-492b-87d6-561e30cee454 9515594b5097488483b1a2c8b64f24ee 67ef5bdf5f824c5dba097604448dd2c8 - - default default] Successfully bumped revision number for resource b0beba9c-d248-4113-b303-ba01883dd4b7 (type: security_group_rules) to 0
2026-04-22 19:39:04.902 9 INFO neutron.wsgi [req-fb93fb12-e991-4e1f-a731-2102b1528dce req-bc21ca8e-7729-492b-87d6-561e30cee454 9515594b5097488483b1a2c8b64f24ee 67ef5bdf5f824c5dba097604448dd2c8 - - default default] 10.0.0.78 "POST /v2.0/security-groups HTTP/1.1" status: 201 len: 1821 time: 0.1808324
2026-04-22 19:39:04.910 10 INFO neutron.wsgi [req-d6098067-3b41-4f4c-b9a1-a282c5e44b3f req-a2a10d35-4e0a-45b8-9a36-6b2a9cbe7c9a 8dae15990f92479db8bd3e3482a3a084 b8178cf8c82f466a9f7899f391694dd3 - - default default] 10.0.0.78 "GET /v2.0/security-groups/098fd67b-18e0-401f-8e04-4a2d9fd339fd HTTP/1.1" status: 200 len: 2415 time: 0.0339978
2026-04-22 19:39:04.980 9 INFO neutron.wsgi [req-947ad0a1-8fa6-496c-9ee2-557d85dff0db req-74d61263-027c-4603-ba8b-06592219e77d 9515594b5097488483b1a2c8b64f24ee 67ef5bdf5f824c5dba097604448dd2c8 - - default default] 10.0.0.78 "GET /v2.0/security-groups?tenant_id=67ef5bdf5f824c5dba097604448dd2c8 HTTP/1.1" status: 200 len: 7794 time: 0.0532222
2026-04-22 19:39:05.024 9 INFO neutron.wsgi [req-947ad0a1-8fa6-496c-9ee2-557d85dff0db req-0f7eacee-f5de-419e-865c-8348ab17b746 9515594b5097488483b1a2c8b64f24ee 67ef5bdf5f824c5dba097604448dd2c8 - - default default] 10.0.0.78 "GET /v2.0/security-groups/fee64f03-326d-430f-91f7-df354ee04473 HTTP/1.1" status: 200 len: 2994 time: 0.0362959
2026-04-22 19:39:05.034 10 INFO neutron.wsgi [req-d6098067-3b41-4f4c-b9a1-a282c5e44b3f req-9943f5fb-7e0b-4f65-b3ea-02faf989de89 8dae15990f92479db8bd3e3482a3a084 b8178cf8c82f466a9f7899f391694dd3 - - default default] 10.0.0.78 "DELETE /v2.0/security-groups/098fd67b-18e0-401f-8e04-4a2d9fd339fd HTTP/1.1" status: 204 len: 173 time: 0.1178689
2026-04-22 19:39:05.061 9 INFO neutron.wsgi [req-947ad0a1-8fa6-496c-9ee2-557d85dff0db req-e949652e-b9c9-4e09-97bd-f3102091080e 9515594b5097488483b1a2c8b64f24ee 67ef5bdf5f824c5dba097604448dd2c8 - - default default] 10.0.0.78 "GET /v2.0/security-groups/fee64f03-326d-430f-91f7-df354ee04473 HTTP/1.1" status: 200 len: 2994 time: 0.0292037
2026-04-22 19:39:05.090 10 INFO neutron.wsgi [req-3074a8c1-d575-4669-9d99-c5a31e3ff3e2 req-2245084d-b8d9-47c8-916f-553ba3dbe1b4 8dae15990f92479db8bd3e3482a3a084 b8178cf8c82f466a9f7899f391694dd3 - - default default] 10.0.0.78 "GET /v2.0/security-groups/adb41486-43ec-48e6-84c0-1be5d3bb72fa HTTP/1.1" status: 200 len: 2415 time: 0.0374808
2026-04-22 19:39:05.116 9 INFO neutron.wsgi [req-07daea10-fb4d-462c-8078-1dca1cacc7ab req-44c188a6-6410-4e29-93ea-1161e08c3270 9515594b5097488483b1a2c8b64f24ee 67ef5bdf5f824c5dba097604448dd2c8 - - default default] 10.0.0.78 "GET /v2.0/security-groups/109106dc-bc5b-4ae9-bfed-91fe6d835d62 HTTP/1.1" status: 200 len: 1818 time: 0.0309570
2026-04-22 19:39:05.220 10 INFO neutron.wsgi [req-3074a8c1-d575-4669-9d99-c5a31e3ff3e2 req-daa1722c-6333-483d-905f-5562415e1e4e 8dae15990f92479db8bd3e3482a3a084 b8178cf8c82f466a9f7899f391694dd3 - - default default] 10.0.0.78 "DELETE /v2.0/security-groups/adb41486-43ec-48e6-84c0-1be5d3bb72fa HTTP/1.1" status: 204 len: 173 time: 0.1206887
2026-04-22 19:39:05.266 9 INFO neutron.wsgi [req-07daea10-fb4d-462c-8078-1dca1cacc7ab req-7097d184-510f-4bfb-990c-42db83057f88 9515594b5097488483b1a2c8b64f24ee 67ef5bdf5f824c5dba097604448dd2c8 - - default default] 10.0.0.78 "DELETE /v2.0/security-groups/109106dc-bc5b-4ae9-bfed-91fe6d835d62 HTTP/1.1" status: 204 len: 173 time: 0.1414473
2026-04-22 19:39:05.301 10 INFO neutron.api.v2.resource [req-027e6aa6-7789-4af2-8184-8309dcfaa6a7 req-e6b59fd5-fba6-4d7b-abf8-bd9ff518c796 9515594b5097488483b1a2c8b64f24ee 67ef5bdf5f824c5dba097604448dd2c8 - - default default] show failed (client error): The resource could not be found.
2026-04-22 19:39:05.302 10 INFO neutron.wsgi [req-027e6aa6-7789-4af2-8184-8309dcfaa6a7 req-e6b59fd5-fba6-4d7b-abf8-bd9ff518c796 9515594b5097488483b1a2c8b64f24ee 67ef5bdf5f824c5dba097604448dd2c8 - - default default] 10.0.0.78 "GET /v2.0/security-groups/109106dc-bc5b-4ae9-bfed-91fe6d835d62 HTTP/1.1" status: 404 len: 352 time: 0.0168476
2026-04-22 19:39:05.303 10 WARNING neutron.plugins.ml2.drivers.ovn.mech_driver.ovsdb.ovn_client [None req-c2fced80-5b12-4624-b74c-be943de9d8e3 - - - - - -] No hosting information found for port 2b4c17ec-0aee-45ac-9c14-4cf2d945a0b2: RuntimeError: No hosting information found for port 2b4c17ec-0aee-45ac-9c14-4cf2d945a0b2
2026-04-22 19:39:05.303 10 INFO neutron.plugins.ml2.drivers.ovn.mech_driver.mech_driver [None req-c2fced80-5b12-4624-b74c-be943de9d8e3 - - - - - -] OVN reports status up for port: 8a8dd96f-4a30-4ca8-9133-a24f7b118283
2026-04-22 19:39:05.314 10 INFO neutron.plugins.ml2.plugin [None req-c2fced80-5b12-4624-b74c-be943de9d8e3 - - - - - -] Attempt 1 to provision port 8a8dd96f-4a30-4ca8-9133-a24f7b118283
2026-04-22 19:39:05.380 9 INFO neutron.wsgi [req-906317ba-8945-45f0-8374-7b6ce23e64cf req-5d6e8dfd-5443-4a6f-a8b3-d77811160160 9515594b5097488483b1a2c8b64f24ee 67ef5bdf5f824c5dba097604448dd2c8 - - default default] 10.0.0.78 "GET /v2.0/security-groups/8a214c60-f72b-4ed1-85d1-7552c7cd20a3 HTTP/1.1" status: 200 len: 1817 time: 0.0569091
2026-04-22 19:39:05.408 10 INFO neutron.plugins.ml2.drivers.ovn.mech_driver.mech_driver [None req-c2fced80-5b12-4624-b74c-be943de9d8e3 - - - - - -] OVN reports status up for port: fac1724a-c085-4b90-8ff8-13191b9ed1c9
2026-04-22 19:39:05.421 10 INFO neutron.plugins.ml2.plugin [None req-c2fced80-5b12-4624-b74c-be943de9d8e3 - - - - - -] Attempt 1 to provision port fac1724a-c085-4b90-8ff8-13191b9ed1c9
2026-04-22 19:39:05.741 10 INFO neutron.db.ovn_revision_numbers_db [None req-c2fced80-5b12-4624-b74c-be943de9d8e3 - - - - - -] Successfully bumped revision number for resource fac1724a-c085-4b90-8ff8-13191b9ed1c9 (type: ports) to 2
2026-04-22 19:39:05.747 9 INFO neutron.wsgi [req-906317ba-8945-45f0-8374-7b6ce23e64cf req-c9e9f9d4-b726-489c-ac38-960cc58c3fd1 9515594b5097488483b1a2c8b64f24ee 67ef5bdf5f824c5dba097604448dd2c8 - - default default] 10.0.0.78 "DELETE /v2.0/security-groups/8a214c60-f72b-4ed1-85d1-7552c7cd20a3 HTTP/1.1" status: 204 len: 173 time: 0.3590796
2026-04-22 19:39:05.793 9 INFO neutron.api.v2.resource [req-0b230a17-3208-4e0a-80d6-72e159ccef50 req-71e56082-0137-44a7-bfd7-6eddd9f1c116 9515594b5097488483b1a2c8b64f24ee 67ef5bdf5f824c5dba097604448dd2c8 - - default default] show failed (client error): The resource could not be found.
2026-04-22 19:39:05.794 9 INFO neutron.wsgi [req-0b230a17-3208-4e0a-80d6-72e159ccef50 req-71e56082-0137-44a7-bfd7-6eddd9f1c116 9515594b5097488483b1a2c8b64f24ee 67ef5bdf5f824c5dba097604448dd2c8 - - default default] 10.0.0.78 "GET /v2.0/security-groups/8a214c60-f72b-4ed1-85d1-7552c7cd20a3 HTTP/1.1" status: 404 len: 352 time: 0.0232625
2026-04-22 19:39:05.842 10 INFO neutron.db.ovn_revision_numbers_db [None req-c2fced80-5b12-4624-b74c-be943de9d8e3 - - - - - -] Successfully bumped revision number for resource fac1724a-c085-4b90-8ff8-13191b9ed1c9 (type: router_ports) to 2
2026-04-22 19:39:05.886 9 INFO neutron.wsgi [req-d465c596-027c-4a9f-af29-ba467df48bc8 req-c7fcd64f-1d24-45cd-9be0-402bbb8b2f14 9515594b5097488483b1a2c8b64f24ee 67ef5bdf5f824c5dba097604448dd2c8 - - default default] 10.0.0.78 "GET /v2.0/security-groups/3f9e80cb-5b99-4e25-9e28-45893c8021ad HTTP/1.1" status: 200 len: 1816 time: 0.0695140
2026-04-22 19:39:05.988 10 INFO neutron.wsgi [req-227c7bec-0aed-403b-b124-b9743a4eb608 req-9342983f-0ef8-4b28-be6d-9db749b9bca0 61b5a74120bd494db2facdad2dbc85cc 05191b109abd43fbb80e2578b2fb11d7 - - default default] 10.0.0.78 "GET /v2.0/ports?device_id=83bf5515-8c4a-4c29-b348-ff36257e8b65 HTTP/1.1" status: 200 len: 210 time: 0.0313632
2026-04-22 19:39:06.062 9 INFO neutron.wsgi [req-d465c596-027c-4a9f-af29-ba467df48bc8 req-995808e2-bdae-4595-bc80-49028ef8f47b 9515594b5097488483b1a2c8b64f24ee 67ef5bdf5f824c5dba097604448dd2c8 - - default default] 10.0.0.78 "DELETE /v2.0/security-groups/3f9e80cb-5b99-4e25-9e28-45893c8021ad HTTP/1.1" status: 204 len: 173 time: 0.1666219
2026-04-22 19:39:06.100 10 INFO neutron.api.v2.resource [req-addf5d5d-287d-4dea-a21e-3df388752194 req-50e0249f-a96c-48cd-9e47-0d97562c682b 9515594b5097488483b1a2c8b64f24ee 67ef5bdf5f824c5dba097604448dd2c8 - - default default] show failed (client error): The resource could not be found.
2026-04-22 19:39:06.101 10 INFO neutron.wsgi [req-addf5d5d-287d-4dea-a21e-3df388752194 req-50e0249f-a96c-48cd-9e47-0d97562c682b 9515594b5097488483b1a2c8b64f24ee 67ef5bdf5f824c5dba097604448dd2c8 - - default default] 10.0.0.78 "GET /v2.0/security-groups/3f9e80cb-5b99-4e25-9e28-45893c8021ad HTTP/1.1" status: 404 len: 352 time: 0.0127518
2026-04-22 19:39:06.186 9 INFO neutron.wsgi [req-40fa76ef-5840-4ddd-82a7-dddefa657807 req-053701eb-d559-4bb4-9c31-8ee6231f72a6 9515594b5097488483b1a2c8b64f24ee 67ef5bdf5f824c5dba097604448dd2c8 - - default default] 10.0.0.78 "GET /v2.0/security-groups?tenant_id=67ef5bdf5f824c5dba097604448dd2c8 HTTP/1.1" status: 200 len: 2997 time: 0.0595882
2026-04-22 19:39:06.321 9 INFO neutron.wsgi [req-40fa76ef-5840-4ddd-82a7-dddefa657807 req-2fbe0fbc-f4a5-4c03-a3c5-4fe14f994352 9515594b5097488483b1a2c8b64f24ee 67ef5bdf5f824c5dba097604448dd2c8 - - default default] 10.0.0.78 "GET /v2.0/security-groups/fee64f03-326d-430f-91f7-df354ee04473 HTTP/1.1" status: 200 len: 2994 time: 0.1205444
2026-04-22 19:39:06.363 9 INFO neutron.wsgi [req-aa30a4b6-113a-414b-a7ee-dafe57c9941f req-3678e1d7-1dbc-4c18-bec9-85615e8bee69 61b5a74120bd494db2facdad2dbc85cc 05191b109abd43fbb80e2578b2fb11d7 - - default default] 199.19.213.132 "GET /v2.0/networks?id=d2203368-2bea-453b-8662-4267ce9bb216 HTTP/1.1" status: 200 len: 875 time: 0.2365899
2026-04-22 19:39:06.385 9 INFO neutron.wsgi [req-40fa76ef-5840-4ddd-82a7-dddefa657807 req-9555cc2e-9851-4bfc-8218-8400ad791bbe 9515594b5097488483b1a2c8b64f24ee 67ef5bdf5f824c5dba097604448dd2c8 - - default default] 10.0.0.78 "GET /v2.0/security-groups/fee64f03-326d-430f-91f7-df354ee04473 HTTP/1.1" status: 200 len: 2994 time: 0.0527103
2026-04-22 19:39:06.430 10 INFO neutron.api.v2.resource [req-113c50c2-f25f-47ae-a7d7-069c6e01ad56 req-bb0dcbea-a0ea-4972-895e-f30dd16bb1ea 9515594b5097488483b1a2c8b64f24ee 67ef5bdf5f824c5dba097604448dd2c8 - - default default] show failed (client error): The resource could not be found.
2026-04-22 19:39:06.431 10 INFO neutron.wsgi [req-113c50c2-f25f-47ae-a7d7-069c6e01ad56 req-bb0dcbea-a0ea-4972-895e-f30dd16bb1ea 9515594b5097488483b1a2c8b64f24ee 67ef5bdf5f824c5dba097604448dd2c8 - - default default] 10.0.0.78 "GET /v2.0/security-groups/3f9e80cb-5b99-4e25-9e28-45893c8021ad HTTP/1.1" status: 404 len: 352 time: 0.0142570
2026-04-22 19:39:06.443 9 INFO neutron.wsgi [req-aa30a4b6-113a-414b-a7ee-dafe57c9941f req-97a48903-6c78-4aee-adfd-24e4a9fd441d 61b5a74120bd494db2facdad2dbc85cc 05191b109abd43fbb80e2578b2fb11d7 - - default default] 199.19.213.132 "GET /v2.0/security-groups?fields=id&fields=name&tenant_id=05191b109abd43fbb80e2578b2fb11d7 HTTP/1.1" status: 200 len: 380 time: 0.0537193
2026-04-22 19:39:06.462 9 WARNING neutron_lib.context [req-aa30a4b6-113a-414b-a7ee-dafe57c9941f req-30742bae-f394-4235-aede-bce0369c6577 61b5a74120bd494db2facdad2dbc85cc 05191b109abd43fbb80e2578b2fb11d7 - - default default] Method 'is_advsvc' is deprecated since 2023.2 release (neutron-lib 3.8.0) and will be removed once support for the old RBAC API policies will be removed from Neutron. Please use method 'is_service_role' instead.
2026-04-22 19:39:06.497 9 INFO neutron.api.v2.resource [req-fda3d888-eaa2-4f66-8078-6bb0e75781e1 req-843de908-53af-4a9e-97b6-a6f93fede389 9515594b5097488483b1a2c8b64f24ee 67ef5bdf5f824c5dba097604448dd2c8 - - default default] show failed (client error): The resource could not be found.
2026-04-22 19:39:06.498 9 INFO neutron.wsgi [req-fda3d888-eaa2-4f66-8078-6bb0e75781e1 req-843de908-53af-4a9e-97b6-a6f93fede389 9515594b5097488483b1a2c8b64f24ee 67ef5bdf5f824c5dba097604448dd2c8 - - default default] 10.0.0.78 "GET /v2.0/security-groups/8a214c60-f72b-4ed1-85d1-7552c7cd20a3 HTTP/1.1" status: 404 len: 352 time: 0.0407989
2026-04-22 19:39:06.544 10 INFO neutron.api.v2.resource [req-0067ee75-e15d-41b8-ab33-54963c7cba77 req-d1b1de99-c490-47e0-80f9-f8895b9bc836 9515594b5097488483b1a2c8b64f24ee 67ef5bdf5f824c5dba097604448dd2c8 - - default default] show failed (client error): The resource could not be found.
2026-04-22 19:39:06.546 10 INFO neutron.wsgi [req-0067ee75-e15d-41b8-ab33-54963c7cba77 req-d1b1de99-c490-47e0-80f9-f8895b9bc836 9515594b5097488483b1a2c8b64f24ee 67ef5bdf5f824c5dba097604448dd2c8 - - default default] 10.0.0.78 "GET /v2.0/security-groups/109106dc-bc5b-4ae9-bfed-91fe6d835d62 HTTP/1.1" status: 404 len: 352 time: 0.0182228
2026-04-22 19:39:07.132 9 WARNING neutron.scheduler.dhcp_agent_scheduler [req-aa30a4b6-113a-414b-a7ee-dafe57c9941f req-30742bae-f394-4235-aede-bce0369c6577 61b5a74120bd494db2facdad2dbc85cc 05191b109abd43fbb80e2578b2fb11d7 - - default default] No more DHCP agents
2026-04-22 19:39:07.148 9 WARNING neutron.api.rpc.agentnotifiers.dhcp_rpc_agent_api [req-aa30a4b6-113a-414b-a7ee-dafe57c9941f req-30742bae-f394-4235-aede-bce0369c6577 61b5a74120bd494db2facdad2dbc85cc 05191b109abd43fbb80e2578b2fb11d7 - - default default] Unable to schedule network d2203368-2bea-453b-8662-4267ce9bb216: no agents available; will retry on subsequent port and subnet creation events. /var/lib/openstack/lib/python3.10/site-packages/pycadf/identifier.py:71: UserWarning: Invalid uuid: neutron. To ensure interoperability, identifiers should be a valid uuid. warnings.warn(('Invalid uuid: %s. To ensure interoperability, '
2026-04-22 19:39:07.311 9 INFO neutron.wsgi [req-a82cdcbd-c979-4d40-ba04-d6541dda521d req-ade7b9c6-f512-4ab4-9eb8-3943c8907cbf 61b5a74120bd494db2facdad2dbc85cc 05191b109abd43fbb80e2578b2fb11d7 - - default default] 10.0.0.78 "GET /v2.0/ports?device_id=83bf5515-8c4a-4c29-b348-ff36257e8b65 HTTP/1.1" status: 200 len: 1160 time: 0.1652944
2026-04-22 19:39:07.395 9 INFO neutron.wsgi [req-a82cdcbd-c979-4d40-ba04-d6541dda521d req-ca7ee6f0-8f96-4f09-b991-1210e851b977 61b5a74120bd494db2facdad2dbc85cc 05191b109abd43fbb80e2578b2fb11d7 - - default default] 10.0.0.78 "GET /v2.0/security-groups?id=835ef5df-1a86-4ce7-9021-69190bcb99b1&fields=id&fields=name HTTP/1.1" status: 200 len: 313 time: 0.0745730
2026-04-22 19:39:07.416 9 INFO neutron.db.ovn_revision_numbers_db [req-aa30a4b6-113a-414b-a7ee-dafe57c9941f req-30742bae-f394-4235-aede-bce0369c6577 61b5a74120bd494db2facdad2dbc85cc 05191b109abd43fbb80e2578b2fb11d7 - - default default] Successfully bumped revision number for resource d6a14d67-6c67-40b9-a93a-a1d2ff85265e (type: ports) to 1
2026-04-22 19:39:07.469 9 INFO neutron.wsgi [None req-01ac7f0d-7221-4db8-8dab-1808d1a57b1e ee2f3d3ab3a143b9885bf97c048b0ef6 e95d747a0c2a412389ead86875c3a8ec - - default default] 10.0.0.53 "PUT /v2.0/routers/e4e2bffd-0e0e-4665-93d0-816f9f4f6c32/remove_router_interface HTTP/1.1" status: 200 len: 503 time: 2.2397380
2026-04-22 19:39:07.472 9 INFO neutron.wsgi [req-aa30a4b6-113a-414b-a7ee-dafe57c9941f req-30742bae-f394-4235-aede-bce0369c6577 61b5a74120bd494db2facdad2dbc85cc 05191b109abd43fbb80e2578b2fb11d7 - - default default] 199.19.213.132 "POST /v2.0/ports HTTP/1.1" status: 201 len: 1162 time: 1.0265837 /var/lib/openstack/lib/python3.10/site-packages/pycadf/identifier.py:71: UserWarning: Invalid uuid: neutron. To ensure interoperability, identifiers should be a valid uuid. warnings.warn(('Invalid uuid: %s. To ensure interoperability, '
2026-04-22 19:39:07.490 9 INFO neutron.wsgi [req-aa30a4b6-113a-414b-a7ee-dafe57c9941f req-c310cb48-bef5-4276-862c-ce81486ef13d 61b5a74120bd494db2facdad2dbc85cc 05191b109abd43fbb80e2578b2fb11d7 - - default default] 199.19.213.132 "GET /v2.0/extensions HTTP/1.1" status: 200 len: 16980 time: 0.0074186
2026-04-22 19:39:08.179 10 INFO neutron.wsgi [None req-b76869bd-c75a-48ec-9a68-f868103517d2 ee2f3d3ab3a143b9885bf97c048b0ef6 e95d747a0c2a412389ead86875c3a8ec - - default default] 10.0.0.53 "PUT /v2.0/routers/1c4105d9-fb38-4fdc-a01a-b07b622f74e9/remove_router_interface HTTP/1.1" status: 200 len: 503 time: 1.6213012 /var/lib/openstack/lib/python3.10/site-packages/pycadf/identifier.py:71: UserWarning: Invalid uuid: neutron. To ensure interoperability, identifiers should be a valid uuid. warnings.warn(('Invalid uuid: %s. To ensure interoperability, '
2026-04-22 19:39:08.345 9 WARNING neutron.plugins.ml2.drivers.ovn.mech_driver.ovsdb.ovn_client [None req-0f7edde9-43a3-45cf-ae74-5f357d8d0ae2 - - - - - -] No hosting information found for port 65d7d45c-7b43-485b-a029-123182f91b5a: RuntimeError: No hosting information found for port 65d7d45c-7b43-485b-a029-123182f91b5a
2026-04-22 19:39:08.345 9 INFO neutron.plugins.ml2.drivers.ovn.mech_driver.mech_driver [None req-0f7edde9-43a3-45cf-ae74-5f357d8d0ae2 - - - - - -] OVN reports status up for port: 0ba6efce-2573-4b95-864b-380fd305c044
2026-04-22 19:39:08.380 9 INFO neutron.plugins.ml2.plugin [None req-0f7edde9-43a3-45cf-ae74-5f357d8d0ae2 - - - - - -] Attempt 1 to provision port 0ba6efce-2573-4b95-864b-380fd305c044
2026-04-22 19:39:08.528 10 INFO neutron.wsgi [req-ac24dfc6-0c5c-4c54-af51-fe5304829640 req-7d346a7c-b4d2-49e4-95e2-18bf44f1db8c 61b5a74120bd494db2facdad2dbc85cc 05191b109abd43fbb80e2578b2fb11d7 - - default default] 10.0.0.78 "GET /v2.0/ports?device_id=83bf5515-8c4a-4c29-b348-ff36257e8b65 HTTP/1.1" status: 200 len: 1172 time: 0.0624425
2026-04-22 19:39:08.593 9 INFO neutron.db.ovn_revision_numbers_db [req-aa30a4b6-113a-414b-a7ee-dafe57c9941f req-2ba6a947-b234-4688-b3aa-7d55d594d1c8 74c10f796dd9484d81aaaeadb9fc6aa7 4eabc121554046faadfb1f554ba2c17b - - bc3a08d6369941d6adfa3d0f4b770de6 bc3a08d6369941d6adfa3d0f4b770de6] Successfully bumped revision number for resource d6a14d67-6c67-40b9-a93a-a1d2ff85265e (type: ports) to 2
2026-04-22 19:39:08.634 10 INFO neutron.wsgi [req-ac24dfc6-0c5c-4c54-af51-fe5304829640 req-cdf8224f-0f7a-44ad-a5b4-f0732df7e0ab 61b5a74120bd494db2facdad2dbc85cc 05191b109abd43fbb80e2578b2fb11d7 - - default default] 10.0.0.78 "GET /v2.0/security-groups?id=835ef5df-1a86-4ce7-9021-69190bcb99b1&fields=id&fields=name HTTP/1.1" status: 200 len: 313 time: 0.0977826 /var/lib/openstack/lib/python3.10/site-packages/pycadf/identifier.py:71: UserWarning: Invalid uuid: neutron. To ensure interoperability, identifiers should be a valid uuid. warnings.warn(('Invalid uuid: %s. To ensure interoperability, '
2026-04-22 19:39:08.872 9 INFO neutron.wsgi [req-95ff3585-7c4e-417a-8c58-29f59e370016 req-67a7a258-f1c7-4f94-99dd-bdb6fa9862eb 49252d15a0bb49718a8b605df3aa8bfe 8cb44d207e374d9db07910652b5ab7e3 - - default default] 10.0.0.78 "GET /v2.0/security-groups?name=tempest-securitygroup--1006043289&fields=id&tenant_id=8cb44d207e374d9db07910652b5ab7e3 HTTP/1.1" status: 200 len: 267 time: 0.1361051
2026-04-22 19:39:09.160 10 INFO neutron.wsgi [None req-01449a93-4de5-412a-a286-69ed7cae2819 ee2f3d3ab3a143b9885bf97c048b0ef6 e95d747a0c2a412389ead86875c3a8ec - - default default] 10.0.0.53 "DELETE /v2.0/routers/1c4105d9-fb38-4fdc-a01a-b07b622f74e9 HTTP/1.1" status: 204 len: 168 time: 0.9730873
2026-04-22 19:39:09.251 9 INFO neutron.wsgi [req-95ff3585-7c4e-417a-8c58-29f59e370016 req-678d6b55-4246-4a2e-9643-031683abc3d4 49252d15a0bb49718a8b605df3aa8bfe 8cb44d207e374d9db07910652b5ab7e3 - - default default] 10.0.0.78 "GET /v2.0/networks?id=163ca626-5326-4b41-a021-e45a91478138 HTTP/1.1" status: 200 len: 878 time: 0.3649058 /var/lib/openstack/lib/python3.10/site-packages/pycadf/identifier.py:71: UserWarning: Invalid uuid: neutron. To ensure interoperability, identifiers should be a valid uuid. warnings.warn(('Invalid uuid: %s. To ensure interoperability, '
2026-04-22 19:39:09.276 9 INFO neutron.db.ovn_revision_numbers_db [None req-0f7edde9-43a3-45cf-ae74-5f357d8d0ae2 - - - - - -] Successfully bumped revision number for resource 0ba6efce-2573-4b95-864b-380fd305c044 (type: ports) to 2
2026-04-22 19:39:09.288 9 INFO neutron.wsgi [req-95ff3585-7c4e-417a-8c58-29f59e370016 req-b1fb4b01-79bc-4695-a759-1bccaf5699ba 49252d15a0bb49718a8b605df3aa8bfe 8cb44d207e374d9db07910652b5ab7e3 - - default default] 10.0.0.78 "GET /v2.0/quotas/8cb44d207e374d9db07910652b5ab7e3 HTTP/1.1" status: 200 len: 386 time: 0.0308888
2026-04-22 19:39:09.316 9 INFO neutron.wsgi [None req-988b7065-9633-4aba-b0be-35a383c7965e ee2f3d3ab3a143b9885bf97c048b0ef6 e95d747a0c2a412389ead86875c3a8ec - - default default] 10.0.0.53 "DELETE /v2.0/routers/e4e2bffd-0e0e-4665-93d0-816f9f4f6c32 HTTP/1.1" status: 204 len: 168 time: 1.8395779
2026-04-22 19:39:09.437 9 INFO neutron.db.ovn_revision_numbers_db [req-aa30a4b6-113a-414b-a7ee-dafe57c9941f req-2ba6a947-b234-4688-b3aa-7d55d594d1c8 74c10f796dd9484d81aaaeadb9fc6aa7 4eabc121554046faadfb1f554ba2c17b - - bc3a08d6369941d6adfa3d0f4b770de6 bc3a08d6369941d6adfa3d0f4b770de6] Successfully bumped revision number for resource d6a14d67-6c67-40b9-a93a-a1d2ff85265e (type: ports) to 2
2026-04-22 19:39:09.466 9 INFO neutron.wsgi [req-aa30a4b6-113a-414b-a7ee-dafe57c9941f req-2ba6a947-b234-4688-b3aa-7d55d594d1c8 74c10f796dd9484d81aaaeadb9fc6aa7 4eabc121554046faadfb1f554ba2c17b - - bc3a08d6369941d6adfa3d0f4b770de6 bc3a08d6369941d6adfa3d0f4b770de6] 199.19.213.132 "PUT /v2.0/ports/d6a14d67-6c67-40b9-a93a-a1d2ff85265e HTTP/1.1" status: 200 len: 1380 time: 1.6407032
2026-04-22 19:39:09.470 10 INFO neutron.wsgi [None req-f75d7a6f-87ac-4604-a5ff-c5c9efef5100 ee2f3d3ab3a143b9885bf97c048b0ef6 e95d747a0c2a412389ead86875c3a8ec - - default default] 10.0.0.53 "DELETE /v2.0/subnets/1ddc1eea-ef66-4ca6-a8ab-57b84ac1f3d7 HTTP/1.1" status: 204 len: 168 time: 0.3051569
2026-04-22 19:39:09.472 9 INFO neutron.db.ovn_revision_numbers_db [None req-0f7edde9-43a3-45cf-ae74-5f357d8d0ae2 - - - - - -] Successfully bumped revision number for resource 0ba6efce-2573-4b95-864b-380fd305c044 (type: router_ports) to 2
2026-04-22 19:39:09.509 9 INFO neutron.wsgi [req-95ff3585-7c4e-417a-8c58-29f59e370016 req-e1a27e6a-3bac-45a2-8765-fe7049fdc1d3 49252d15a0bb49718a8b605df3aa8bfe 8cb44d207e374d9db07910652b5ab7e3 - - default default] 10.0.0.78 "GET /v2.0/ports?tenant_id=8cb44d207e374d9db07910652b5ab7e3&fields=id HTTP/1.1" status: 200 len: 302 time: 0.2150030
2026-04-22 19:39:09.602 9 INFO neutron.wsgi [req-aa30a4b6-113a-414b-a7ee-dafe57c9941f req-855a9c25-7553-400d-91a9-d0891527c919 74c10f796dd9484d81aaaeadb9fc6aa7 4eabc121554046faadfb1f554ba2c17b - - bc3a08d6369941d6adfa3d0f4b770de6 bc3a08d6369941d6adfa3d0f4b770de6] 199.19.213.132 "GET /v2.0/ports?tenant_id=05191b109abd43fbb80e2578b2fb11d7&device_id=83bf5515-8c4a-4c29-b348-ff36257e8b65 HTTP/1.1" status: 200 len: 1411 time: 0.0898769
2026-04-22 19:39:09.640 9 INFO neutron.wsgi [req-aa30a4b6-113a-414b-a7ee-dafe57c9941f req-b9ec1655-1b50-4462-bf35-9fdb69e706b9 74c10f796dd9484d81aaaeadb9fc6aa7 4eabc121554046faadfb1f554ba2c17b - - bc3a08d6369941d6adfa3d0f4b770de6 bc3a08d6369941d6adfa3d0f4b770de6] 199.19.213.132 "GET /v2.0/floatingips?fixed_ip_address=10.100.0.14&port_id=d6a14d67-6c67-40b9-a93a-a1d2ff85265e HTTP/1.1" status: 200 len: 217 time: 0.0316083
2026-04-22 19:39:09.685 9 INFO neutron.wsgi [req-aa30a4b6-113a-414b-a7ee-dafe57c9941f req-3a6799cb-5f61-49f7-b015-bba183d31ec5 74c10f796dd9484d81aaaeadb9fc6aa7 4eabc121554046faadfb1f554ba2c17b - - bc3a08d6369941d6adfa3d0f4b770de6 bc3a08d6369941d6adfa3d0f4b770de6] 199.19.213.132 "GET /v2.0/subnets?id=737a6465-074a-498d-9f49-0c66d0469cd5 HTTP/1.1" status: 200 len: 869 time: 0.0377119
2026-04-22 19:39:09.735 9 INFO neutron.wsgi [req-aa30a4b6-113a-414b-a7ee-dafe57c9941f req-3814546e-1b65-4806-b8dc-d283ca83cdb5 74c10f796dd9484d81aaaeadb9fc6aa7 4eabc121554046faadfb1f554ba2c17b - - bc3a08d6369941d6adfa3d0f4b770de6 bc3a08d6369941d6adfa3d0f4b770de6] 199.19.213.132 "GET /v2.0/ports?network_id=d2203368-2bea-453b-8662-4267ce9bb216&device_owner=network%3Adhcp HTTP/1.1" status: 200 len: 210 time: 0.0435629
2026-04-22 19:39:09.762 10 INFO neutron.wsgi [None req-338ad1b4-ac01-4377-b33a-db9c75da39d5 ee2f3d3ab3a143b9885bf97c048b0ef6 e95d747a0c2a412389ead86875c3a8ec - - default default] 10.0.0.53 "DELETE /v2.0/subnets/d3300ebf-f8ea-40f3-8152-04f42950729f HTTP/1.1" status: 204 len: 168 time: 0.4407325
