2026-04-22 19:39:17.696 9 INFO neutron.wsgi [req-572c8f85-2f5c-4f10-a9ca-550b56c63892 req-055ba1de-cd65-4057-8b5c-e3b8d322dbf7 61b5a74120bd494db2facdad2dbc85cc 05191b109abd43fbb80e2578b2fb11d7 - - default default] 199.19.213.132 "DELETE /v2.0/ports/d6a14d67-6c67-40b9-a93a-a1d2ff85265e HTTP/1.1" status: 204 len: 173 time: 0.5693939 /var/lib/openstack/lib/python3.10/site-packages/pycadf/identifier.py:71: UserWarning: Invalid uuid: neutron. To ensure interoperability, identifiers should be a valid uuid. warnings.warn(('Invalid uuid: %s. To ensure interoperability, '
2026-04-22 19:39:17.978 10 INFO neutron.wsgi [req-e06a7a6f-5b78-4a02-bd3a-657871213504 req-03f9e6fa-a9b6-455a-8cbe-6f7fb6904c4f 61b5a74120bd494db2facdad2dbc85cc 05191b109abd43fbb80e2578b2fb11d7 - - default default] 10.0.0.78 "GET /v2.0/ports?device_id=83bf5515-8c4a-4c29-b348-ff36257e8b65 HTTP/1.1" status: 200 len: 210 time: 0.0419137
2026-04-22 19:39:18.210 9 INFO neutron.notifiers.nova [-] Nova event matching ['req-e98e240b-b489-410d-a341-4dff4178819e'] response: {'server_uuid': '83bf5515-8c4a-4c29-b348-ff36257e8b65', 'name': 'network-vif-deleted', 'tag': 'd6a14d67-6c67-40b9-a93a-a1d2ff85265e', 'status': 'completed', 'code': 200}
2026-04-22 19:39:18.229 9 INFO neutron.wsgi [req-5a2fc2bf-213c-4ec5-8d74-b12e97de0517 req-9e5139dd-20bb-4c76-8628-e06e9ae19a0a 49252d15a0bb49718a8b605df3aa8bfe 8cb44d207e374d9db07910652b5ab7e3 - - default default] 10.0.0.78 "GET /v2.0/ports?device_id=b8cbbec4-549a-4a09-8681-be3c6d6fd958 HTTP/1.1" status: 200 len: 1170 time: 0.0595703
2026-04-22 19:39:18.277 10 INFO neutron.plugins.ml2.drivers.ovn.mech_driver.mech_driver [None req-c2fced80-5b12-4624-b74c-be943de9d8e3 - - - - - -] OVN reports status up for port: 5f21ebdc-c667-422f-b56f-3baa53b9bf47
2026-04-22 19:39:18.295 9 INFO neutron.wsgi [req-5a2fc2bf-213c-4ec5-8d74-b12e97de0517 req-7063288c-4c55-42db-8997-505758047821 49252d15a0bb49718a8b605df3aa8bfe 8cb44d207e374d9db07910652b5ab7e3 - - default default] 10.0.0.78 "GET /v2.0/security-groups?id=c9f7ba84-d702-4b97-bf9f-9ff4e2e126fd&fields=id&fields=name HTTP/1.1" status: 200 len: 313 time: 0.0562100
2026-04-22 19:39:18.300 9 INFO neutron.plugins.ml2.drivers.ovn.mech_driver.ovsdb.ovsdb_monitor [None req-ae750c5c-f663-429b-9cb4-d78fea03cec3 - - - - - -] Router 2533cc01-ba3f-483f-877e-c1845ebdea81 is bound to host instance
2026-04-22 19:39:18.307 10 INFO neutron.plugins.ml2.plugin [None req-c2fced80-5b12-4624-b74c-be943de9d8e3 - - - - - -] Attempt 1 to provision port 5f21ebdc-c667-422f-b56f-3baa53b9bf47
2026-04-22 19:39:18.356 10 INFO neutron.db.ovn_revision_numbers_db [None req-96a8bed3-af75-40e9-b1a4-dd7ef5abdf25 ee2f3d3ab3a143b9885bf97c048b0ef6 e95d747a0c2a412389ead86875c3a8ec - - default default] Successfully bumped revision number for resource 5f21ebdc-c667-422f-b56f-3baa53b9bf47 (type: router_ports) to 1
2026-04-22 19:39:18.738 10 INFO neutron.db.ovn_revision_numbers_db [None req-96a8bed3-af75-40e9-b1a4-dd7ef5abdf25 ee2f3d3ab3a143b9885bf97c048b0ef6 e95d747a0c2a412389ead86875c3a8ec - - default default] Successfully bumped revision number for resource 2533cc01-ba3f-483f-877e-c1845ebdea81 (type: routers) to 2
2026-04-22 19:39:18.784 10 INFO neutron.wsgi [None req-96a8bed3-af75-40e9-b1a4-dd7ef5abdf25 ee2f3d3ab3a143b9885bf97c048b0ef6 e95d747a0c2a412389ead86875c3a8ec - - default default] 10.0.0.53 "POST /v2.0/routers HTTP/1.1" status: 201 len: 885 time: 3.0976117
2026-04-22 19:39:18.793 10 INFO neutron.wsgi [req-0cea6dfb-cf4d-41b3-8b58-a8e2789eae42 req-2a14be5f-0858-4d11-bbb5-42354e7b6227 49252d15a0bb49718a8b605df3aa8bfe 8cb44d207e374d9db07910652b5ab7e3 - - default default] 10.0.0.78 "GET /v2.0/ports?device_id=b8cbbec4-549a-4a09-8681-be3c6d6fd958 HTTP/1.1" status: 200 len: 1170 time: 0.4306989
2026-04-22 19:39:18.898 9 INFO neutron.db.ovn_revision_numbers_db [None req-ae750c5c-f663-429b-9cb4-d78fea03cec3 - - - - - -] Successfully bumped revision number for resource 5f21ebdc-c667-422f-b56f-3baa53b9bf47 (type: ports) to 1
2026-04-22 19:39:18.912 10 INFO neutron.plugins.ml2.drivers.ovn.mech_driver.mech_driver [None req-c2fced80-5b12-4624-b74c-be943de9d8e3 - - - - - -] OVN reports status up for port: 384cee77-2b6f-48cd-92a6-5af799274ee1
2026-04-22 19:39:18.950 10 INFO neutron.plugins.ml2.plugin [None req-c2fced80-5b12-4624-b74c-be943de9d8e3 - - - - - -] Attempt 1 to provision port 384cee77-2b6f-48cd-92a6-5af799274ee1
2026-04-22 19:39:18.994 10 INFO neutron.db.ovn_revision_numbers_db [None req-ae25be6f-5893-4f66-ac9c-06f59bbd20d1 ee2f3d3ab3a143b9885bf97c048b0ef6 e95d747a0c2a412389ead86875c3a8ec - - default default] Successfully bumped revision number for resource 384cee77-2b6f-48cd-92a6-5af799274ee1 (type: router_ports) to 1
2026-04-22 19:39:19.228 10 INFO neutron.db.ovn_revision_numbers_db [None req-ae25be6f-5893-4f66-ac9c-06f59bbd20d1 ee2f3d3ab3a143b9885bf97c048b0ef6 e95d747a0c2a412389ead86875c3a8ec - - default default] Successfully bumped revision number for resource 9a6cfc83-51c9-4247-9861-8f834b54149d (type: routers) to 2
2026-04-22 19:39:19.245 9 INFO neutron.db.ovn_revision_numbers_db [None req-ae750c5c-f663-429b-9cb4-d78fea03cec3 - - - - - -] Successfully bumped revision number for resource 5f21ebdc-c667-422f-b56f-3baa53b9bf47 (type: router_ports) to 3
2026-04-22 19:39:19.253 10 INFO neutron.wsgi [None req-ae25be6f-5893-4f66-ac9c-06f59bbd20d1 ee2f3d3ab3a143b9885bf97c048b0ef6 e95d747a0c2a412389ead86875c3a8ec - - default default] 10.0.0.53 "POST /v2.0/routers HTTP/1.1" status: 201 len: 871 time: 3.0077779
2026-04-22 19:39:19.316 10 INFO neutron.db.l3_db [None req-ae62392f-b53e-4ce1-aa62-0fd17e2a91ac 49252d15a0bb49718a8b605df3aa8bfe 8cb44d207e374d9db07910652b5ab7e3 - - default default] Floating IP 34b708aa-5e1f-4ba4-96dd-08b61467f73b associated. External IP: 10.96.250.219, port: eceb005b-3114-4d47-b722-09499095a75d.
2026-04-22 19:39:19.392 10 INFO neutron.wsgi [None req-05d04fad-3665-426f-a977-263f4ed5acd9 61b5a74120bd494db2facdad2dbc85cc 05191b109abd43fbb80e2578b2fb11d7 - - default default] 10.0.0.53 "DELETE /v2.0/security-groups/835ef5df-1a86-4ce7-9021-69190bcb99b1 HTTP/1.1" status: 204 len: 168 time: 0.2948039
2026-04-22 19:39:19.417 10 INFO neutron.api.v2.resource [None req-df45f458-0f2d-4a38-adbf-66a53cb85cac 61b5a74120bd494db2facdad2dbc85cc 05191b109abd43fbb80e2578b2fb11d7 - - default default] show failed (client error): The resource could not be found.
2026-04-22 19:39:19.418 10 INFO neutron.wsgi [None req-df45f458-0f2d-4a38-adbf-66a53cb85cac 61b5a74120bd494db2facdad2dbc85cc 05191b109abd43fbb80e2578b2fb11d7 - - default default] 10.0.0.53 "GET /v2.0/security-groups/835ef5df-1a86-4ce7-9021-69190bcb99b1 HTTP/1.1" status: 404 len: 347 time: 0.0207601
2026-04-22 19:39:19.705 9 WARNING neutron.scheduler.dhcp_agent_scheduler [None req-a7714cab-72c4-47f3-8136-a94ba4900406 ee2f3d3ab3a143b9885bf97c048b0ef6 e95d747a0c2a412389ead86875c3a8ec - - default default] No more DHCP agents
2026-04-22 19:39:19.724 9 WARNING neutron.api.rpc.agentnotifiers.dhcp_rpc_agent_api [None req-a7714cab-72c4-47f3-8136-a94ba4900406 ee2f3d3ab3a143b9885bf97c048b0ef6 e95d747a0c2a412389ead86875c3a8ec - - default default] Unable to schedule network c5f679f7-b70b-4482-aac4-72b666935439: no agents available; will retry on subsequent port and subnet creation events.
2026-04-22 19:39:19.755 10 INFO neutron.db.ovn_revision_numbers_db [None req-ae62392f-b53e-4ce1-aa62-0fd17e2a91ac 49252d15a0bb49718a8b605df3aa8bfe 8cb44d207e374d9db07910652b5ab7e3 - - default default] Successfully bumped revision number for resource 34b708aa-5e1f-4ba4-96dd-08b61467f73b (type: floatingips) to 1
2026-04-22 19:39:19.772 9 INFO neutron.db.ovn_revision_numbers_db [None req-ae750c5c-f663-429b-9cb4-d78fea03cec3 - - - - - -] Successfully bumped revision number for resource 5f21ebdc-c667-422f-b56f-3baa53b9bf47 (type: ports) to 2
2026-04-22 19:39:19.921 10 INFO neutron.db.ovn_revision_numbers_db [None req-ae62392f-b53e-4ce1-aa62-0fd17e2a91ac 49252d15a0bb49718a8b605df3aa8bfe 8cb44d207e374d9db07910652b5ab7e3 - - default default] Successfully bumped revision number for resource 34b708aa-5e1f-4ba4-96dd-08b61467f73b (type: floatingips) to 2
2026-04-22 19:39:19.960 10 INFO neutron.wsgi [None req-ae62392f-b53e-4ce1-aa62-0fd17e2a91ac 49252d15a0bb49718a8b605df3aa8bfe 8cb44d207e374d9db07910652b5ab7e3 - - default default] 10.0.0.53 "PUT /v2.0/floatingips/34b708aa-5e1f-4ba4-96dd-08b61467f73b HTTP/1.1" status: 200 len: 1049 time: 1.1518760
2026-04-22 19:39:19.998 9 INFO neutron.db.ovn_revision_numbers_db [None req-a7714cab-72c4-47f3-8136-a94ba4900406 ee2f3d3ab3a143b9885bf97c048b0ef6 e95d747a0c2a412389ead86875c3a8ec - - default default] Successfully bumped revision number for resource aeb8d9eb-faeb-44d4-b76a-b735e13fce1d (type: ports) to 1
2026-04-22 19:39:19.999 10 INFO neutron.notifiers.nova [-] Nova event matching ['req-fe632c4b-dea2-40a0-8dcc-6c9eb93f5431'] response: {'name': 'network-changed', 'server_uuid': 'b8cbbec4-549a-4a09-8681-be3c6d6fd958', 'tag': 'eceb005b-3114-4d47-b722-09499095a75d', 'status': 'completed', 'code': 200}
2026-04-22 19:39:20.049 10 INFO neutron.wsgi [None req-fef479fb-6a91-4e08-bbf1-88ff9b5687ee 61b5a74120bd494db2facdad2dbc85cc 05191b109abd43fbb80e2578b2fb11d7 - - default default] 10.0.0.53 "DELETE /v2.0/floatingips/93c2dee3-2362-4abc-bc1c-156b77d82954 HTTP/1.1" status: 204 len: 168 time: 0.6269102
2026-04-22 19:39:20.109 9 INFO neutron.wsgi [req-06202b56-6d4c-46ad-ab87-d843b5bcbbf4 req-c619d48f-7002-4309-a81a-01468a78e56f 49252d15a0bb49718a8b605df3aa8bfe 8cb44d207e374d9db07910652b5ab7e3 - - default default] 10.0.0.78 "GET /v2.0/ports?device_id=b8cbbec4-549a-4a09-8681-be3c6d6fd958 HTTP/1.1" status: 200 len: 1170 time: 0.0998375
2026-04-22 19:39:20.116 9 INFO neutron.wsgi [req-dcd783e7-fbad-4dcb-bf68-3a4c7e78cb76 req-fa018b36-5186-4941-a7ce-27f87782b7a8 74c10f796dd9484d81aaaeadb9fc6aa7 4eabc121554046faadfb1f554ba2c17b - - bc3a08d6369941d6adfa3d0f4b770de6 bc3a08d6369941d6adfa3d0f4b770de6] 199.19.213.132 "GET /v2.0/ports?tenant_id=8cb44d207e374d9db07910652b5ab7e3&device_id=b8cbbec4-549a-4a09-8681-be3c6d6fd958 HTTP/1.1" status: 200 len: 1409 time: 0.0922806
2026-04-22 19:39:20.252 9 INFO neutron.wsgi [req-06202b56-6d4c-46ad-ab87-d843b5bcbbf4 req-011d4028-634f-4cfd-a815-f0616cfe0090 49252d15a0bb49718a8b605df3aa8bfe 8cb44d207e374d9db07910652b5ab7e3 - - default default] 10.0.0.78 "GET /v2.0/security-groups?id=c9f7ba84-d702-4b97-bf9f-9ff4e2e126fd&fields=id&fields=name HTTP/1.1" status: 200 len: 313 time: 0.1275914
2026-04-22 19:39:20.287 9 INFO neutron.wsgi [req-dcd783e7-fbad-4dcb-bf68-3a4c7e78cb76 req-4028547e-3a46-45cc-95b3-e659d1db618b 74c10f796dd9484d81aaaeadb9fc6aa7 4eabc121554046faadfb1f554ba2c17b - - bc3a08d6369941d6adfa3d0f4b770de6 bc3a08d6369941d6adfa3d0f4b770de6] 199.19.213.132 "GET /v2.0/networks?id=163ca626-5326-4b41-a021-e45a91478138 HTTP/1.1" status: 200 len: 977 time: 0.1552899
2026-04-22 19:39:20.356 9 INFO neutron.db.ovn_revision_numbers_db [None req-ae750c5c-f663-429b-9cb4-d78fea03cec3 - - - - - -] Successfully bumped revision number for resource 5f21ebdc-c667-422f-b56f-3baa53b9bf47 (type: ports) to 4
2026-04-22 19:39:20.358 9 WARNING neutron.scheduler.dhcp_agent_scheduler [None req-7d722a7b-a16b-4a97-bc5b-f2d769a72f95 ee2f3d3ab3a143b9885bf97c048b0ef6 e95d747a0c2a412389ead86875c3a8ec - - default default] No more DHCP agents
2026-04-22 19:39:20.367 9 WARNING neutron.api.rpc.agentnotifiers.dhcp_rpc_agent_api [None req-7d722a7b-a16b-4a97-bc5b-f2d769a72f95 ee2f3d3ab3a143b9885bf97c048b0ef6 e95d747a0c2a412389ead86875c3a8ec - - default default] Unable to schedule network 2d0d84eb-33b4-4b02-a424-4a2dda458095: no agents available; will retry on subsequent port and subnet creation events.
2026-04-22 19:39:20.382 9 INFO neutron.wsgi [req-dcd783e7-fbad-4dcb-bf68-3a4c7e78cb76 req-52eee0f1-ac06-4c86-9697-405c58c619cf 74c10f796dd9484d81aaaeadb9fc6aa7 4eabc121554046faadfb1f554ba2c17b - - bc3a08d6369941d6adfa3d0f4b770de6 bc3a08d6369941d6adfa3d0f4b770de6] 199.19.213.132 "GET /v2.0/floatingips?fixed_ip_address=10.100.0.8&port_id=eceb005b-3114-4d47-b722-09499095a75d HTTP/1.1" status: 200 len: 1059 time: 0.0878811
2026-04-22 19:39:20.474 9 INFO neutron.wsgi [req-dcd783e7-fbad-4dcb-bf68-3a4c7e78cb76 req-a580a040-c18c-4767-bc55-1331550c9706 74c10f796dd9484d81aaaeadb9fc6aa7 4eabc121554046faadfb1f554ba2c17b - - bc3a08d6369941d6adfa3d0f4b770de6 bc3a08d6369941d6adfa3d0f4b770de6] 199.19.213.132 "GET /v2.0/subnets?id=f6aae1bd-39aa-4fe3-8d62-d6cd7bf8cf84 HTTP/1.1" status: 200 len: 872 time: 0.0817564
2026-04-22 19:39:20.570 9 INFO neutron.wsgi [req-dcd783e7-fbad-4dcb-bf68-3a4c7e78cb76 req-686e8614-3310-4298-a3c3-5db78a53657b 74c10f796dd9484d81aaaeadb9fc6aa7 4eabc121554046faadfb1f554ba2c17b - - bc3a08d6369941d6adfa3d0f4b770de6 bc3a08d6369941d6adfa3d0f4b770de6] 199.19.213.132 "GET /v2.0/ports?network_id=163ca626-5326-4b41-a021-e45a91478138&device_owner=network%3Adhcp HTTP/1.1" status: 200 len: 210 time: 0.0779920
2026-04-22 19:39:20.661 10 INFO neutron.wsgi [req-cb77546d-2f24-41ad-85db-a4c0e72f1ffe req-37b29ee5-4401-43ce-9c46-e5adbfeac3df 49252d15a0bb49718a8b605df3aa8bfe 8cb44d207e374d9db07910652b5ab7e3 - - default default] 10.0.0.78 "GET /v2.0/ports?device_id=b8cbbec4-549a-4a09-8681-be3c6d6fd958 HTTP/1.1" status: 200 len: 1170 time: 0.0903831
2026-04-22 19:39:20.705 9 INFO neutron.wsgi [req-dcd783e7-fbad-4dcb-bf68-3a4c7e78cb76 req-b3657797-2f5b-4e25-98fc-1bbb3610662c 74c10f796dd9484d81aaaeadb9fc6aa7 4eabc121554046faadfb1f554ba2c17b - - bc3a08d6369941d6adfa3d0f4b770de6 bc3a08d6369941d6adfa3d0f4b770de6] 199.19.213.132 "GET /v2.0/networks/163ca626-5326-4b41-a021-e45a91478138?fields=segments HTTP/1.1" status: 200 len: 212 time: 0.1289768
2026-04-22 19:39:20.749 10 INFO neutron.wsgi [req-cb77546d-2f24-41ad-85db-a4c0e72f1ffe req-ca5ce76e-d6bd-4110-92ad-6fe4ea6705ad 49252d15a0bb49718a8b605df3aa8bfe 8cb44d207e374d9db07910652b5ab7e3 - - default default] 10.0.0.78 "GET /v2.0/security-groups?id=c9f7ba84-d702-4b97-bf9f-9ff4e2e126fd&fields=id&fields=name HTTP/1.1" status: 200 len: 313 time: 0.0783336
2026-04-22 19:39:20.865 9 INFO neutron.db.ovn_revision_numbers_db [None req-7d722a7b-a16b-4a97-bc5b-f2d769a72f95 ee2f3d3ab3a143b9885bf97c048b0ef6 e95d747a0c2a412389ead86875c3a8ec - - default default] Successfully bumped revision number for resource 9c66c96d-fe73-4173-a22e-9b5a40f5b605 (type: ports) to 1
2026-04-22 19:39:20.877 9 INFO neutron.wsgi [req-dcd783e7-fbad-4dcb-bf68-3a4c7e78cb76 req-d9a99e2a-0c5e-4912-a7eb-0ccdec15529b 74c10f796dd9484d81aaaeadb9fc6aa7 4eabc121554046faadfb1f554ba2c17b - - bc3a08d6369941d6adfa3d0f4b770de6 bc3a08d6369941d6adfa3d0f4b770de6] 199.19.213.132 "GET /v2.0/networks/163ca626-5326-4b41-a021-e45a91478138?fields=provider%3Aphysical_network&fields=provider%3Anetwork_type HTTP/1.1" status: 200 len: 277 time: 0.1603093
2026-04-22 19:39:20.911 9 INFO neutron.db.ovn_revision_numbers_db [None req-ae750c5c-f663-429b-9cb4-d78fea03cec3 - - - - - -] Successfully bumped revision number for resource 5f21ebdc-c667-422f-b56f-3baa53b9bf47 (type: router_ports) to 4
2026-04-22 19:39:21.029 9 INFO neutron.plugins.ml2.drivers.ovn.mech_driver.mech_driver [None req-0f7edde9-43a3-45cf-ae74-5f357d8d0ae2 - - - - - -] OVN reports status up for port: aeb8d9eb-faeb-44d4-b76a-b735e13fce1d
2026-04-22 19:39:21.036 9 INFO neutron.plugins.ml2.drivers.ovn.mech_driver.ovsdb.ovsdb_monitor [None req-ae750c5c-f663-429b-9cb4-d78fea03cec3 - - - - - -] Router 9a6cfc83-51c9-4247-9861-8f834b54149d is bound to host instance
2026-04-22 19:39:21.043 9 INFO neutron.plugins.ml2.plugin [None req-0f7edde9-43a3-45cf-ae74-5f357d8d0ae2 - - - - - -] Attempt 1 to provision port aeb8d9eb-faeb-44d4-b76a-b735e13fce1d
2026-04-22 19:39:21.286 9 INFO neutron.db.ovn_revision_numbers_db [None req-a7714cab-72c4-47f3-8136-a94ba4900406 ee2f3d3ab3a143b9885bf97c048b0ef6 e95d747a0c2a412389ead86875c3a8ec - - default default] Successfully bumped revision number for resource aeb8d9eb-faeb-44d4-b76a-b735e13fce1d (type: router_ports) to 1
2026-04-22 19:39:21.387 9 INFO neutron.wsgi [req-0ce44505-c3af-42e3-9ea0-8f78759f4437 req-522a7e6b-6d6a-4597-b71b-d456b2655ab7 49252d15a0bb49718a8b605df3aa8bfe 8cb44d207e374d9db07910652b5ab7e3 - - default default] 199.19.213.132 "GET /v2.0/ports?device_id=b8cbbec4-549a-4a09-8681-be3c6d6fd958 HTTP/1.1" status: 200 len: 1170 time: 0.4122779
2026-04-22 19:39:21.561 10 INFO neutron.wsgi [None req-4053ea14-54d5-4f21-94eb-8459eb4d894a ee2f3d3ab3a143b9885bf97c048b0ef6 e95d747a0c2a412389ead86875c3a8ec - - default default] 10.0.0.53 "PUT /v2.0/routers/bdf87eab-4732-49d5-b86c-3560a265e225/remove_router_interface HTTP/1.1" status: 200 len: 503 time: 1.5069191 /var/lib/openstack/lib/python3.10/site-packages/pycadf/identifier.py:71: UserWarning: Invalid uuid: neutron. To ensure interoperability, identifiers should be a valid uuid. warnings.warn(('Invalid uuid: %s. To ensure interoperability, '
2026-04-22 19:39:21.771 9 INFO neutron.db.ovn_revision_numbers_db [None req-a7714cab-72c4-47f3-8136-a94ba4900406 ee2f3d3ab3a143b9885bf97c048b0ef6 e95d747a0c2a412389ead86875c3a8ec - - default default] Successfully bumped revision number for resource aeb8d9eb-faeb-44d4-b76a-b735e13fce1d (type: ports) to 1
2026-04-22 19:39:22.066 9 INFO neutron.wsgi [req-593efaeb-82fe-475e-b3c4-51028d137f4e req-603170b5-29f5-4e1c-a31d-8b00b115258d 49252d15a0bb49718a8b605df3aa8bfe 8cb44d207e374d9db07910652b5ab7e3 - - default default] 10.0.0.78 "GET /v2.0/ports?device_id=b8cbbec4-549a-4a09-8681-be3c6d6fd958 HTTP/1.1" status: 200 len: 1170 time: 0.2254646
2026-04-22 19:39:22.149 9 WARNING neutron.scheduler.dhcp_agent_scheduler [None req-a7714cab-72c4-47f3-8136-a94ba4900406 ee2f3d3ab3a143b9885bf97c048b0ef6 e95d747a0c2a412389ead86875c3a8ec - - default default] No more DHCP agents
2026-04-22 19:39:22.174 9 WARNING neutron.api.rpc.agentnotifiers.dhcp_rpc_agent_api [None req-a7714cab-72c4-47f3-8136-a94ba4900406 ee2f3d3ab3a143b9885bf97c048b0ef6 e95d747a0c2a412389ead86875c3a8ec - - default default] Unable to schedule network c5f679f7-b70b-4482-aac4-72b666935439: no agents available; will retry on subsequent port and subnet creation events.
2026-04-22 19:39:22.451 9 INFO neutron.wsgi [req-593efaeb-82fe-475e-b3c4-51028d137f4e req-e4da0cae-4116-4534-b739-63741753e70a 49252d15a0bb49718a8b605df3aa8bfe 8cb44d207e374d9db07910652b5ab7e3 - - default default] 10.0.0.78 "GET /v2.0/security-groups?id=c9f7ba84-d702-4b97-bf9f-9ff4e2e126fd&fields=id&fields=name HTTP/1.1" status: 200 len: 313 time: 0.3751597
2026-04-22 19:39:22.573 9 INFO neutron.db.l3_db [req-0ce44505-c3af-42e3-9ea0-8f78759f4437 req-24d66dc9-3b28-4c67-86d9-f818626d35f7 49252d15a0bb49718a8b605df3aa8bfe 8cb44d207e374d9db07910652b5ab7e3 - - default default] Floating IP 34b708aa-5e1f-4ba4-96dd-08b61467f73b disassociated. External IP: 10.96.250.219, port: eceb005b-3114-4d47-b722-09499095a75d.
2026-04-22 19:39:22.586 9 INFO neutron.db.ovn_revision_numbers_db [None req-0f7edde9-43a3-45cf-ae74-5f357d8d0ae2 - - - - - -] Successfully bumped revision number for resource aeb8d9eb-faeb-44d4-b76a-b735e13fce1d (type: ports) to 2
2026-04-22 19:39:22.594 9 INFO neutron.db.ovn_revision_numbers_db [None req-7d722a7b-a16b-4a97-bc5b-f2d769a72f95 ee2f3d3ab3a143b9885bf97c048b0ef6 e95d747a0c2a412389ead86875c3a8ec - - default default] Successfully bumped revision number for resource 9c66c96d-fe73-4173-a22e-9b5a40f5b605 (type: router_ports) to 1
2026-04-22 19:39:22.730 10 INFO neutron.wsgi [None req-908a4fda-1907-4090-afa6-1940d516e5e3 ee2f3d3ab3a143b9885bf97c048b0ef6 e95d747a0c2a412389ead86875c3a8ec - - default default] 10.0.0.53 "DELETE /v2.0/routers/bdf87eab-4732-49d5-b86c-3560a265e225 HTTP/1.1" status: 204 len: 168 time: 1.1651011
2026-04-22 19:39:22.840 9 INFO neutron.db.ovn_revision_numbers_db [None req-0f7edde9-43a3-45cf-ae74-5f357d8d0ae2 - - - - - -] Successfully bumped revision number for resource aeb8d9eb-faeb-44d4-b76a-b735e13fce1d (type: router_ports) to 2
2026-04-22 19:39:22.930 10 INFO neutron.wsgi [None req-7a9d582e-87c7-4f35-9bd8-cac4cd573d09 ee2f3d3ab3a143b9885bf97c048b0ef6 e95d747a0c2a412389ead86875c3a8ec - - default default] 10.0.0.53 "DELETE /v2.0/subnets/737a6465-074a-498d-9f49-0c66d0469cd5 HTTP/1.1" status: 204 len: 168 time: 0.1957963
2026-04-22 19:39:23.046 9 INFO neutron.db.ovn_revision_numbers_db [None req-ae750c5c-f663-429b-9cb4-d78fea03cec3 - - - - - -] Successfully bumped revision number for resource 384cee77-2b6f-48cd-92a6-5af799274ee1 (type: ports) to 1
2026-04-22 19:39:23.050 9 INFO neutron.db.ovn_revision_numbers_db [None req-7d722a7b-a16b-4a97-bc5b-f2d769a72f95 ee2f3d3ab3a143b9885bf97c048b0ef6 e95d747a0c2a412389ead86875c3a8ec - - default default] Successfully bumped revision number for resource 9c66c96d-fe73-4173-a22e-9b5a40f5b605 (type: ports) to 1
2026-04-22 19:39:23.070 9 INFO neutron.wsgi [req-0ce44505-c3af-42e3-9ea0-8f78759f4437 req-24d66dc9-3b28-4c67-86d9-f818626d35f7 49252d15a0bb49718a8b605df3aa8bfe 8cb44d207e374d9db07910652b5ab7e3 - - default default] 199.19.213.132 "DELETE /v2.0/ports/eceb005b-3114-4d47-b722-09499095a75d HTTP/1.1" status: 204 len: 173 time: 1.6763263
2026-04-22 19:39:23.112 9 INFO neutron.notifiers.nova [-] Nova event matching ['req-82135556-a1d9-43ef-9ef6-0865c2efa041'] response: {'server_uuid': 'b8cbbec4-549a-4a09-8681-be3c6d6fd958', 'name': 'network-vif-deleted', 'tag': 'eceb005b-3114-4d47-b722-09499095a75d', 'status': 'completed', 'code': 200}
2026-04-22 19:39:23.239 9 WARNING neutron.scheduler.dhcp_agent_scheduler [None req-7d722a7b-a16b-4a97-bc5b-f2d769a72f95 ee2f3d3ab3a143b9885bf97c048b0ef6 e95d747a0c2a412389ead86875c3a8ec - - default default] No more DHCP agents
2026-04-22 19:39:23.244 9 WARNING neutron.api.rpc.agentnotifiers.dhcp_rpc_agent_api [None req-7d722a7b-a16b-4a97-bc5b-f2d769a72f95 ee2f3d3ab3a143b9885bf97c048b0ef6 e95d747a0c2a412389ead86875c3a8ec - - default default] Unable to schedule network 2d0d84eb-33b4-4b02-a424-4a2dda458095: no agents available; will retry on subsequent port and subnet creation events.
2026-04-22 19:39:23.327 10 INFO neutron.services.segments.plugin [-] Segment 76ef9868-bbae-42f1-b0ca-9fc51b5aeacb resource provider aggregate not found
2026-04-22 19:39:23.335 10 INFO neutron.services.segments.plugin [-] Segment 76ef9868-bbae-42f1-b0ca-9fc51b5aeacb resource provider aggregate not found
2026-04-22 19:39:23.366 10 INFO neutron.services.segments.plugin [-] Segment 76ef9868-bbae-42f1-b0ca-9fc51b5aeacb resource provider not found; error: Placement Client Error (4xx): {"errors": [{"status": 404, "title": "Not Found", "detail": "The resource could not be found.\n\n No resource provider with uuid 76ef9868-bbae-42f1-b0ca-9fc51b5aeacb found for delete ", "request_id": "req-b490795c-c06e-4fee-84ff-b896cc4e61dc"}]}
2026-04-22 19:39:23.371 10 INFO neutron.services.segments.plugin [-] Segment 76ef9868-bbae-42f1-b0ca-9fc51b5aeacb resource provider not found; error: Placement Client Error (4xx): {"errors": [{"status": 404, "title": "Not Found", "detail": "The resource could not be found.\n\n No resource provider with uuid 76ef9868-bbae-42f1-b0ca-9fc51b5aeacb found for delete ", "request_id": "req-645e568f-c576-4e5b-addc-cfc4ffdf29d0"}]}
2026-04-22 19:39:23.381 10 INFO neutron.wsgi [None req-1abbec6d-5607-4ba2-87d3-ab4f63aa30ea ee2f3d3ab3a143b9885bf97c048b0ef6 e95d747a0c2a412389ead86875c3a8ec - - default default] 10.0.0.53 "DELETE /v2.0/networks/d2203368-2bea-453b-8662-4267ce9bb216 HTTP/1.1" status: 204 len: 168 time: 0.4460313
2026-04-22 19:39:23.586 9 INFO neutron.wsgi [req-3e58eab3-6ed8-4ab1-be0b-2307853fea7c req-ab348404-8069-460d-af63-cd32b4716808 49252d15a0bb49718a8b605df3aa8bfe 8cb44d207e374d9db07910652b5ab7e3 - - default default] 10.0.0.78 "GET /v2.0/ports?device_id=b8cbbec4-549a-4a09-8681-be3c6d6fd958 HTTP/1.1" status: 200 len: 210 time: 0.0331390
2026-04-22 19:39:23.628 10 INFO neutron.wsgi [None req-d1ad1717-71a0-4ea6-8b19-6c12d09b4640 ee2f3d3ab3a143b9885bf97c048b0ef6 e95d747a0c2a412389ead86875c3a8ec - - default default] 10.0.0.53 "GET /v2.0/security-groups?tenant_id=05191b109abd43fbb80e2578b2fb11d7&name=default HTTP/1.1" status: 200 len: 2992 time: 0.0594065
2026-04-22 19:39:23.937 9 INFO neutron.db.ovn_revision_numbers_db [None req-ae750c5c-f663-429b-9cb4-d78fea03cec3 - - - - - -] Successfully bumped revision number for resource 384cee77-2b6f-48cd-92a6-5af799274ee1 (type: router_ports) to 3
2026-04-22 19:39:24.177 9 INFO neutron.db.ovn_revision_numbers_db [None req-a7714cab-72c4-47f3-8136-a94ba4900406 ee2f3d3ab3a143b9885bf97c048b0ef6 e95d747a0c2a412389ead86875c3a8ec - - default default] Successfully bumped revision number for resource aeb8d9eb-faeb-44d4-b76a-b735e13fce1d (type: router_ports) to 2
2026-04-22 19:39:24.179 9 INFO neutron.wsgi [None req-a7714cab-72c4-47f3-8136-a94ba4900406 ee2f3d3ab3a143b9885bf97c048b0ef6 e95d747a0c2a412389ead86875c3a8ec - - default default] 10.0.0.53 "PUT /v2.0/routers/2533cc01-ba3f-483f-877e-c1845ebdea81/add_router_interface HTTP/1.1" status: 200 len: 503 time: 5.3879602
2026-04-22 19:39:24.219 10 INFO neutron.plugins.ml2.drivers.ovn.mech_driver.mech_driver [None req-c2fced80-5b12-4624-b74c-be943de9d8e3 - - - - - -] OVN reports status down for port: eceb005b-3114-4d47-b722-09499095a75d
2026-04-22 19:39:24.231 9 INFO neutron.wsgi [None req-37bc025d-0239-4dfc-843d-702e19559cfb ee2f3d3ab3a143b9885bf97c048b0ef6 e95d747a0c2a412389ead86875c3a8ec - - default default] 10.0.0.53 "DELETE /v2.0/security-groups/1fb66f47-eb56-47a2-ae3f-fa70b0994d87 HTTP/1.1" status: 204 len: 168 time: 0.5964766
2026-04-22 19:39:24.290 9 INFO neutron.db.ovn_revision_numbers_db [None req-ae750c5c-f663-429b-9cb4-d78fea03cec3 - - - - - -] Successfully bumped revision number for resource 384cee77-2b6f-48cd-92a6-5af799274ee1 (type: ports) to 2
2026-04-22 19:39:24.622 9 INFO neutron.db.ovn_revision_numbers_db [None req-7d722a7b-a16b-4a97-bc5b-f2d769a72f95 ee2f3d3ab3a143b9885bf97c048b0ef6 e95d747a0c2a412389ead86875c3a8ec - - default default] Successfully bumped revision number for resource 9c66c96d-fe73-4173-a22e-9b5a40f5b605 (type: router_ports) to 1
2026-04-22 19:39:24.624 9 INFO neutron.wsgi [None req-7d722a7b-a16b-4a97-bc5b-f2d769a72f95 ee2f3d3ab3a143b9885bf97c048b0ef6 e95d747a0c2a412389ead86875c3a8ec - - default default] 10.0.0.53 "PUT /v2.0/routers/9a6cfc83-51c9-4247-9861-8f834b54149d/add_router_interface HTTP/1.1" status: 200 len: 503 time: 5.3642149
2026-04-22 19:39:24.635 9 INFO neutron.db.ovn_revision_numbers_db [None req-ae750c5c-f663-429b-9cb4-d78fea03cec3 - - - - - -] Successfully bumped revision number for resource 384cee77-2b6f-48cd-92a6-5af799274ee1 (type: ports) to 4 /var/lib/openstack/lib/python3.10/site-packages/pycadf/identifier.py:71: UserWarning: Invalid uuid: neutron. To ensure interoperability, identifiers should be a valid uuid. warnings.warn(('Invalid uuid: %s. To ensure interoperability, '
2026-04-22 19:39:24.844 9 WARNING neutron_lib.context [None req-e60535c5-dd2a-457d-84c1-2e4d4477f1d9 ef8f8fa363f5435aaf7da97d24d7644a dc183f73edad404fb11bab095240816e - - default default] Method 'is_advsvc' is deprecated since 2023.2 release (neutron-lib 3.8.0) and will be removed once support for the old RBAC API policies will be removed from Neutron. Please use method 'is_service_role' instead.
2026-04-22 19:39:24.864 10 INFO neutron.wsgi [None req-41206a80-ae02-4c9e-bf05-bbfd0d48c145 49252d15a0bb49718a8b605df3aa8bfe 8cb44d207e374d9db07910652b5ab7e3 - - default default] 10.0.0.53 "DELETE /v2.0/security-groups/c9f7ba84-d702-4b97-bf9f-9ff4e2e126fd HTTP/1.1" status: 204 len: 168 time: 0.1764824
2026-04-22 19:39:24.883 10 INFO neutron.api.v2.resource [None req-8e8fa2c0-803c-4cbc-8228-67ec95840a7c 49252d15a0bb49718a8b605df3aa8bfe 8cb44d207e374d9db07910652b5ab7e3 - - default default] show failed (client error): The resource could not be found.
2026-04-22 19:39:24.884 10 INFO neutron.wsgi [None req-8e8fa2c0-803c-4cbc-8228-67ec95840a7c 49252d15a0bb49718a8b605df3aa8bfe 8cb44d207e374d9db07910652b5ab7e3 - - default default] 10.0.0.53 "GET /v2.0/security-groups/c9f7ba84-d702-4b97-bf9f-9ff4e2e126fd HTTP/1.1" status: 404 len: 347 time: 0.0148473
2026-04-22 19:39:24.890 9 INFO neutron.db.ovn_revision_numbers_db [None req-ae750c5c-f663-429b-9cb4-d78fea03cec3 - - - - - -] Successfully bumped revision number for resource 384cee77-2b6f-48cd-92a6-5af799274ee1 (type: router_ports) to 4
2026-04-22 19:39:25.000 9 INFO neutron.db.ovn_revision_numbers_db [None req-e60535c5-dd2a-457d-84c1-2e4d4477f1d9 ef8f8fa363f5435aaf7da97d24d7644a dc183f73edad404fb11bab095240816e - - default default] Successfully bumped revision number for resource 7b00c284-c8ed-4713-9a8f-291285130b89 (type: security_groups) to 1
2026-04-22 19:39:25.014 9 INFO neutron.db.ovn_revision_numbers_db [None req-e60535c5-dd2a-457d-84c1-2e4d4477f1d9 ef8f8fa363f5435aaf7da97d24d7644a dc183f73edad404fb11bab095240816e - - default default] Successfully bumped revision number for resource d8bd481a-f03c-48a1-8818-224309f3a799 (type: security_group_rules) to 0
2026-04-22 19:39:25.029 9 INFO neutron.db.ovn_revision_numbers_db [None req-e60535c5-dd2a-457d-84c1-2e4d4477f1d9 ef8f8fa363f5435aaf7da97d24d7644a dc183f73edad404fb11bab095240816e - - default default] Successfully bumped revision number for resource f83e3cef-a4f3-46f5-9079-91eb0454aa0b (type: security_group_rules) to 0
2026-04-22 19:39:25.050 9 INFO neutron.wsgi [None req-e60535c5-dd2a-457d-84c1-2e4d4477f1d9 ef8f8fa363f5435aaf7da97d24d7644a dc183f73edad404fb11bab095240816e - - default default] 10.0.0.53 "POST /v2.0/security-groups HTTP/1.1" status: 201 len: 1795 time: 0.2123985
2026-04-22 19:39:25.060 9 WARNING neutron_lib.context [None req-a4649a54-c26b-4833-8e21-44163c30e180 ef8f8fa363f5435aaf7da97d24d7644a dc183f73edad404fb11bab095240816e - - default default] Method 'is_advsvc' is deprecated since 2023.2 release (neutron-lib 3.8.0) and will be removed once support for the old RBAC API policies will be removed from Neutron. Please use method 'is_service_role' instead.
2026-04-22 19:39:25.159 9 WARNING neutron_lib.context [None req-a47638c6-9cb7-4b8b-bf26-af33b177cbd6 dd84c3569f234ecea8503c06c4328a2c 2b4955176f0b489ead95ab5193bd7155 - - default default] Method 'is_advsvc' is deprecated since 2023.2 release (neutron-lib 3.8.0) and will be removed once support for the old RBAC API policies will be removed from Neutron. Please use method 'is_service_role' instead.
2026-04-22 19:39:25.207 9 INFO neutron.db.ovn_revision_numbers_db [None req-a4649a54-c26b-4833-8e21-44163c30e180 ef8f8fa363f5435aaf7da97d24d7644a dc183f73edad404fb11bab095240816e - - default default] Successfully bumped revision number for resource c3078414-10a0-4983-a266-b8060b37546a (type: security_group_rules) to 0
2026-04-22 19:39:25.243 9 INFO neutron.wsgi [None req-a4649a54-c26b-4833-8e21-44163c30e180 ef8f8fa363f5435aaf7da97d24d7644a dc183f73edad404fb11bab095240816e - - default default] 10.0.0.53 "POST /v2.0/security-group-rules HTTP/1.1" status: 201 len: 764 time: 0.1875205
2026-04-22 19:39:25.253 9 WARNING neutron_lib.context [None req-d717a3fb-f7da-4ccc-936d-d926b5226435 ef8f8fa363f5435aaf7da97d24d7644a dc183f73edad404fb11bab095240816e - - default default] Method 'is_advsvc' is deprecated since 2023.2 release (neutron-lib 3.8.0) and will be removed once support for the old RBAC API policies will be removed from Neutron. Please use method 'is_service_role' instead.
2026-04-22 19:39:25.272 10 INFO neutron.wsgi [None req-c3ffc2a8-f4e6-48fa-8321-cddbdaabfbbd 49252d15a0bb49718a8b605df3aa8bfe 8cb44d207e374d9db07910652b5ab7e3 - - default default] 10.0.0.53 "DELETE /v2.0/floatingips/34b708aa-5e1f-4ba4-96dd-08b61467f73b HTTP/1.1" status: 204 len: 168 time: 0.3823600
2026-04-22 19:39:25.361 9 INFO neutron.db.ovn_revision_numbers_db [None req-a47638c6-9cb7-4b8b-bf26-af33b177cbd6 dd84c3569f234ecea8503c06c4328a2c 2b4955176f0b489ead95ab5193bd7155 - - default default] Successfully bumped revision number for resource 2ed0b241-dad7-42cc-ab7f-c42c86ff6c87 (type: security_groups) to 1
2026-04-22 19:39:25.384 9 INFO neutron.db.ovn_revision_numbers_db [None req-a47638c6-9cb7-4b8b-bf26-af33b177cbd6 dd84c3569f234ecea8503c06c4328a2c 2b4955176f0b489ead95ab5193bd7155 - - default default] Successfully bumped revision number for resource bb35f6f8-a4b2-489e-8662-a8bc369bc775 (type: security_group_rules) to 0
2026-04-22 19:39:25.601 9 INFO neutron.db.ovn_revision_numbers_db [None req-a47638c6-9cb7-4b8b-bf26-af33b177cbd6 dd84c3569f234ecea8503c06c4328a2c 2b4955176f0b489ead95ab5193bd7155 - - default default] Successfully bumped revision number for resource d2c03002-7c4d-4d28-961b-982c5697353b (type: security_group_rules) to 0
2026-04-22 19:39:25.632 9 INFO neutron.wsgi [None req-a47638c6-9cb7-4b8b-bf26-af33b177cbd6 dd84c3569f234ecea8503c06c4328a2c 2b4955176f0b489ead95ab5193bd7155 - - default default] 10.0.0.53 "POST /v2.0/security-groups HTTP/1.1" status: 201 len: 1797 time: 0.4784582
2026-04-22 19:39:25.645 10 WARNING neutron_lib.context [None req-3363db05-7324-4a15-a1d4-ff9b74c78843 dd84c3569f234ecea8503c06c4328a2c 2b4955176f0b489ead95ab5193bd7155 - - default default] Method 'is_advsvc' is deprecated since 2023.2 release (neutron-lib 3.8.0) and will be removed once support for the old RBAC API policies will be removed from Neutron. Please use method 'is_service_role' instead.
2026-04-22 19:39:25.672 9 INFO neutron.db.ovn_revision_numbers_db [None req-d717a3fb-f7da-4ccc-936d-d926b5226435 ef8f8fa363f5435aaf7da97d24d7644a dc183f73edad404fb11bab095240816e - - default default] Successfully bumped revision number for resource 8be25ac2-121e-4509-b2db-0aad027f208e (type: security_group_rules) to 0
2026-04-22 19:39:25.721 9 INFO neutron.wsgi [None req-d717a3fb-f7da-4ccc-936d-d926b5226435 ef8f8fa363f5435aaf7da97d24d7644a dc183f73edad404fb11bab095240816e - - default default] 10.0.0.53 "POST /v2.0/security-group-rules HTTP/1.1" status: 201 len: 769 time: 0.4733815
2026-04-22 19:39:25.729 9 WARNING neutron_lib.context [None req-fec50176-aabe-4c6b-8f54-3d5eeb7b518a ef8f8fa363f5435aaf7da97d24d7644a dc183f73edad404fb11bab095240816e - - default default] Method 'is_advsvc' is deprecated since 2023.2 release (neutron-lib 3.8.0) and will be removed once support for the old RBAC API policies will be removed from Neutron. Please use method 'is_service_role' instead.
2026-04-22 19:39:25.772 10 INFO neutron.db.ovn_revision_numbers_db [None req-3363db05-7324-4a15-a1d4-ff9b74c78843 dd84c3569f234ecea8503c06c4328a2c 2b4955176f0b489ead95ab5193bd7155 - - default default] Successfully bumped revision number for resource 0b149651-6513-4921-b789-fd4e27137a73 (type: security_group_rules) to 0
2026-04-22 19:39:25.798 10 INFO neutron.wsgi [None req-3363db05-7324-4a15-a1d4-ff9b74c78843 dd84c3569f234ecea8503c06c4328a2c 2b4955176f0b489ead95ab5193bd7155 - - default default] 10.0.0.53 "POST /v2.0/security-group-rules HTTP/1.1" status: 201 len: 764 time: 0.1606305
2026-04-22 19:39:25.809 10 WARNING neutron_lib.context [None req-ea855ec1-b007-4535-be11-af566c8e374e dd84c3569f234ecea8503c06c4328a2c 2b4955176f0b489ead95ab5193bd7155 - - default default] Method 'is_advsvc' is deprecated since 2023.2 release (neutron-lib 3.8.0) and will be removed once support for the old RBAC API policies will be removed from Neutron. Please use method 'is_service_role' instead.
2026-04-22 19:39:25.934 10 INFO neutron.db.ovn_revision_numbers_db [None req-ea855ec1-b007-4535-be11-af566c8e374e dd84c3569f234ecea8503c06c4328a2c 2b4955176f0b489ead95ab5193bd7155 - - default default] Successfully bumped revision number for resource 3d89e690-6708-4499-a83d-aa9de8bfd381 (type: security_group_rules) to 0
2026-04-22 19:39:25.958 10 INFO neutron.wsgi [None req-ea855ec1-b007-4535-be11-af566c8e374e dd84c3569f234ecea8503c06c4328a2c 2b4955176f0b489ead95ab5193bd7155 - - default default] 10.0.0.53 "POST /v2.0/security-group-rules HTTP/1.1" status: 201 len: 769 time: 0.1540234
2026-04-22 19:39:25.969 10 WARNING neutron_lib.context [None req-ad20506d-7ef2-411e-81c2-22d50bfaace7 dd84c3569f234ecea8503c06c4328a2c 2b4955176f0b489ead95ab5193bd7155 - - default default] Method 'is_advsvc' is deprecated since 2023.2 release (neutron-lib 3.8.0) and will be removed once support for the old RBAC API policies will be removed from Neutron. Please use method 'is_service_role' instead.
2026-04-22 19:39:26.126 9 WARNING neutron.scheduler.dhcp_agent_scheduler [None req-fec50176-aabe-4c6b-8f54-3d5eeb7b518a ef8f8fa363f5435aaf7da97d24d7644a dc183f73edad404fb11bab095240816e - - default default] No more DHCP agents
2026-04-22 19:39:26.130 9 WARNING neutron.api.rpc.agentnotifiers.dhcp_rpc_agent_api [None req-fec50176-aabe-4c6b-8f54-3d5eeb7b518a ef8f8fa363f5435aaf7da97d24d7644a dc183f73edad404fb11bab095240816e - - default default] Unable to schedule network 03f27d31-9d52-4b53-a198-8e48ce201940: no agents available; will retry on subsequent port and subnet creation events.
2026-04-22 19:39:26.356 10 INFO neutron.db.ovn_revision_numbers_db [None req-de441dcd-4f00-45bc-add8-d89635a930cb ee2f3d3ab3a143b9885bf97c048b0ef6 e95d747a0c2a412389ead86875c3a8ec - - default default] Successfully bumped revision number for resource b5d92e33-e87f-4303-8d24-bd5fcf3947bb (type: security_groups) to 1
2026-04-22 19:39:26.368 10 INFO neutron.db.ovn_revision_numbers_db [None req-de441dcd-4f00-45bc-add8-d89635a930cb ee2f3d3ab3a143b9885bf97c048b0ef6 e95d747a0c2a412389ead86875c3a8ec - - default default] Successfully bumped revision number for resource 54683ab9-61f2-4a97-a11e-98d51c5942c9 (type: security_group_rules) to 0
2026-04-22 19:39:26.382 10 INFO neutron.db.ovn_revision_numbers_db [None req-de441dcd-4f00-45bc-add8-d89635a930cb ee2f3d3ab3a143b9885bf97c048b0ef6 e95d747a0c2a412389ead86875c3a8ec - - default default] Successfully bumped revision number for resource 7c0d2349-0768-4e67-9dd0-2f58dd363e86 (type: security_group_rules) to 0
2026-04-22 19:39:26.399 10 INFO neutron.db.ovn_revision_numbers_db [None req-de441dcd-4f00-45bc-add8-d89635a930cb ee2f3d3ab3a143b9885bf97c048b0ef6 e95d747a0c2a412389ead86875c3a8ec - - default default] Successfully bumped revision number for resource 7c38e23e-aec5-41db-a9fa-58a4e085e991 (type: security_group_rules) to 0
2026-04-22 19:39:26.411 10 INFO neutron.db.ovn_revision_numbers_db [None req-de441dcd-4f00-45bc-add8-d89635a930cb ee2f3d3ab3a143b9885bf97c048b0ef6 e95d747a0c2a412389ead86875c3a8ec - - default default] Successfully bumped revision number for resource e150c343-f105-43d4-b6aa-82400b2721d7 (type: security_group_rules) to 0
2026-04-22 19:39:26.463 10 INFO neutron.db.segments_db [None req-de441dcd-4f00-45bc-add8-d89635a930cb ee2f3d3ab3a143b9885bf97c048b0ef6 e95d747a0c2a412389ead86875c3a8ec - - default default] Added segment 9f53b4c9-58f9-4323-add1-db462552e687 of type geneve for network 1406f8fb-a9e8-43e0-a490-71d3d27b490b
2026-04-22 19:39:26.566 9 INFO neutron.db.ovn_revision_numbers_db [None req-fec50176-aabe-4c6b-8f54-3d5eeb7b518a ef8f8fa363f5435aaf7da97d24d7644a dc183f73edad404fb11bab095240816e - - default default] Successfully bumped revision number for resource b60ef04f-d4ca-47d0-b921-62477461fbb3 (type: floatingips) to 0
2026-04-22 19:39:26.600 10 INFO neutron.db.ovn_revision_numbers_db [None req-de441dcd-4f00-45bc-add8-d89635a930cb ee2f3d3ab3a143b9885bf97c048b0ef6 e95d747a0c2a412389ead86875c3a8ec - - default default] Successfully bumped revision number for resource 1406f8fb-a9e8-43e0-a490-71d3d27b490b (type: networks) to 1
2026-04-22 19:39:26.605 9 INFO neutron.wsgi [None req-fec50176-aabe-4c6b-8f54-3d5eeb7b518a ef8f8fa363f5435aaf7da97d24d7644a dc183f73edad404fb11bab095240816e - - default default] 10.0.0.53 "POST /v2.0/floatingips HTTP/1.1" status: 201 len: 751 time: 0.8797932
2026-04-22 19:39:26.808 10 WARNING neutron.scheduler.dhcp_agent_scheduler [None req-de441dcd-4f00-45bc-add8-d89635a930cb ee2f3d3ab3a143b9885bf97c048b0ef6 e95d747a0c2a412389ead86875c3a8ec - - default default] No more DHCP agents
2026-04-22 19:39:26.816 10 WARNING neutron.api.rpc.agentnotifiers.dhcp_rpc_agent_api [None req-de441dcd-4f00-45bc-add8-d89635a930cb ee2f3d3ab3a143b9885bf97c048b0ef6 e95d747a0c2a412389ead86875c3a8ec - - default default] Unable to schedule network 1406f8fb-a9e8-43e0-a490-71d3d27b490b: no agents available; will retry on subsequent port and subnet creation events.
2026-04-22 19:39:26.873 10 WARNING neutron.scheduler.dhcp_agent_scheduler [None req-ad20506d-7ef2-411e-81c2-22d50bfaace7 dd84c3569f234ecea8503c06c4328a2c 2b4955176f0b489ead95ab5193bd7155 - - default default] No more DHCP agents
2026-04-22 19:39:26.874 9 INFO neutron.wsgi [None req-739fe936-285c-4ccd-9654-85a7e28f9cc8 ee2f3d3ab3a143b9885bf97c048b0ef6 e95d747a0c2a412389ead86875c3a8ec - - default default] 10.0.0.53 "PUT /v2.0/routers/eb4e2f18-ee24-4ab8-95c9-c2f12fba0fcc/remove_router_interface HTTP/1.1" status: 200 len: 503 time: 1.5923595
2026-04-22 19:39:26.877 10 WARNING neutron.api.rpc.agentnotifiers.dhcp_rpc_agent_api [None req-ad20506d-7ef2-411e-81c2-22d50bfaace7 dd84c3569f234ecea8503c06c4328a2c 2b4955176f0b489ead95ab5193bd7155 - - default default] Unable to schedule network 03f27d31-9d52-4b53-a198-8e48ce201940: no agents available; will retry on subsequent port and subnet creation events. /var/lib/openstack/lib/python3.10/site-packages/pycadf/identifier.py:71: UserWarning: Invalid uuid: neutron. To ensure interoperability, identifiers should be a valid uuid. warnings.warn(('Invalid uuid: %s. To ensure interoperability, '
2026-04-22 19:39:26.930 10 INFO neutron.db.ovn_revision_numbers_db [None req-de441dcd-4f00-45bc-add8-d89635a930cb ee2f3d3ab3a143b9885bf97c048b0ef6 e95d747a0c2a412389ead86875c3a8ec - - default default] Successfully bumped revision number for resource 256f290a-7a10-439b-bb91-660a63dd5e3b (type: ports) to 1
2026-04-22 19:39:26.952 10 INFO neutron.wsgi [None req-de441dcd-4f00-45bc-add8-d89635a930cb ee2f3d3ab3a143b9885bf97c048b0ef6 e95d747a0c2a412389ead86875c3a8ec - - default default] 10.0.0.53 "POST /v2.0/networks HTTP/1.1" status: 201 len: 944 time: 0.9198942
2026-04-22 19:39:27.068 10 INFO neutron.wsgi [req-b8d3bd73-8555-44cd-b333-26e758ad35a5 req-973b3eae-978e-46e5-b58a-b75eeb5f7698 ef8f8fa363f5435aaf7da97d24d7644a dc183f73edad404fb11bab095240816e - - default default] 10.0.0.78 "GET /v2.0/security-groups?name=tempest-securitygroup--1044159357&fields=id&tenant_id=dc183f73edad404fb11bab095240816e HTTP/1.1" status: 200 len: 267 time: 0.0457869
2026-04-22 19:39:27.145 10 INFO neutron.wsgi [req-b8d3bd73-8555-44cd-b333-26e758ad35a5 req-a8585e68-583e-4131-9c3f-ce85672223d9 ef8f8fa363f5435aaf7da97d24d7644a dc183f73edad404fb11bab095240816e - - default default] 10.0.0.78 "GET /v2.0/networks?id=c5f679f7-b70b-4482-aac4-72b666935439 HTTP/1.1" status: 200 len: 883 time: 0.0672300
2026-04-22 19:39:27.163 10 INFO neutron.wsgi [req-b8d3bd73-8555-44cd-b333-26e758ad35a5 req-3d8cbc49-94b2-4a4b-a03e-7f3b2c736ecf ef8f8fa363f5435aaf7da97d24d7644a dc183f73edad404fb11bab095240816e - - default default] 10.0.0.78 "GET /v2.0/quotas/dc183f73edad404fb11bab095240816e HTTP/1.1" status: 200 len: 386 time: 0.0107164
2026-04-22 19:39:27.175 9 WARNING neutron.scheduler.dhcp_agent_scheduler [None req-2059e10f-e1c4-4bd0-aa2c-bccabbbae472 ee2f3d3ab3a143b9885bf97c048b0ef6 e95d747a0c2a412389ead86875c3a8ec - - default default] No more DHCP agents
2026-04-22 19:39:27.188 9 WARNING neutron.api.rpc.agentnotifiers.dhcp_rpc_agent_api [None req-2059e10f-e1c4-4bd0-aa2c-bccabbbae472 ee2f3d3ab3a143b9885bf97c048b0ef6 e95d747a0c2a412389ead86875c3a8ec - - default default] Unable to schedule network 1406f8fb-a9e8-43e0-a490-71d3d27b490b: no agents available; will retry on subsequent port and subnet creation events.
2026-04-22 19:39:27.285 10 INFO neutron.db.ovn_revision_numbers_db [None req-ad20506d-7ef2-411e-81c2-22d50bfaace7 dd84c3569f234ecea8503c06c4328a2c 2b4955176f0b489ead95ab5193bd7155 - - default default] Successfully bumped revision number for resource 10c439a1-15f0-403e-b754-8f9ef4d22fab (type: floatingips) to 0
2026-04-22 19:39:27.290 10 INFO neutron.wsgi [req-b8d3bd73-8555-44cd-b333-26e758ad35a5 req-f92fca30-fa74-490b-8b7b-678258b37fcb ef8f8fa363f5435aaf7da97d24d7644a dc183f73edad404fb11bab095240816e - - default default] 10.0.0.78 "GET /v2.0/ports?tenant_id=dc183f73edad404fb11bab095240816e&fields=id HTTP/1.1" status: 200 len: 302 time: 0.1193106
2026-04-22 19:39:27.301 10 INFO neutron.wsgi [None req-ad20506d-7ef2-411e-81c2-22d50bfaace7 dd84c3569f234ecea8503c06c4328a2c 2b4955176f0b489ead95ab5193bd7155 - - default default] 10.0.0.53 "POST /v2.0/floatingips HTTP/1.1" status: 201 len: 751 time: 1.3391135
2026-04-22 19:39:27.360 10 INFO neutron.wsgi [req-b8d3bd73-8555-44cd-b333-26e758ad35a5 req-2a233469-1180-4007-bc16-ce8bc5b88c8e 74c10f796dd9484d81aaaeadb9fc6aa7 4eabc121554046faadfb1f554ba2c17b - - bc3a08d6369941d6adfa3d0f4b770de6 bc3a08d6369941d6adfa3d0f4b770de6] 10.0.0.78 "GET /v2.0/networks/c5f679f7-b70b-4482-aac4-72b666935439?fields=segments HTTP/1.1" status: 200 len: 212 time: 0.0565507
2026-04-22 19:39:27.458 10 INFO neutron.wsgi [req-b8d3bd73-8555-44cd-b333-26e758ad35a5 req-a91125a0-5a61-4422-80c2-4c036516d533 74c10f796dd9484d81aaaeadb9fc6aa7 4eabc121554046faadfb1f554ba2c17b - - bc3a08d6369941d6adfa3d0f4b770de6 bc3a08d6369941d6adfa3d0f4b770de6] 10.0.0.78 "GET /v2.0/networks/c5f679f7-b70b-4482-aac4-72b666935439?fields=provider%3Aphysical_network&fields=provider%3Anetwork_type HTTP/1.1" status: 200 len: 277 time: 0.0899501
2026-04-22 19:39:27.627 9 INFO neutron.wsgi [req-6a6da1e5-d0bd-47d5-99bf-199c0aecd4fd req-a437dd69-0ee5-47a9-bf98-08b198fd7ddb ef8f8fa363f5435aaf7da97d24d7644a dc183f73edad404fb11bab095240816e - - default default] 10.0.0.78 "GET /v2.0/ports?device_id=c0a98cc6-e16a-41f0-9605-fb0a24558e07 HTTP/1.1" status: 200 len: 210 time: 0.0406251
2026-04-22 19:39:27.830 10 INFO neutron.wsgi [req-bc998721-45ec-4c6d-99e4-34022035c9f1 req-b93a7e89-f106-47da-8246-6d00fc0fe4aa dd84c3569f234ecea8503c06c4328a2c 2b4955176f0b489ead95ab5193bd7155 - - default default] 10.0.0.78 "GET /v2.0/security-groups?name=tempest-securitygroup--1577436481&fields=id&tenant_id=2b4955176f0b489ead95ab5193bd7155 HTTP/1.1" status: 200 len: 267 time: 0.0524664
2026-04-22 19:39:27.906 10 INFO neutron.wsgi [req-bc998721-45ec-4c6d-99e4-34022035c9f1 req-ac22dc2c-ebe4-4077-80f5-f2bd4721e277 dd84c3569f234ecea8503c06c4328a2c 2b4955176f0b489ead95ab5193bd7155 - - default default] 10.0.0.78 "GET /v2.0/networks?id=2d0d84eb-33b4-4b02-a424-4a2dda458095 HTTP/1.1" status: 200 len: 869 time: 0.0698574
2026-04-22 19:39:27.924 10 INFO neutron.wsgi [req-bc998721-45ec-4c6d-99e4-34022035c9f1 req-0a75e8c1-e28e-4723-85a2-13fe82999dcc dd84c3569f234ecea8503c06c4328a2c 2b4955176f0b489ead95ab5193bd7155 - - default default] 10.0.0.78 "GET /v2.0/quotas/2b4955176f0b489ead95ab5193bd7155 HTTP/1.1" status: 200 len: 386 time: 0.0113146
2026-04-22 19:39:28.039 10 INFO neutron.wsgi [req-bc998721-45ec-4c6d-99e4-34022035c9f1 req-0b75888e-b5cd-4598-ac3b-229119d111b0 dd84c3569f234ecea8503c06c4328a2c 2b4955176f0b489ead95ab5193bd7155 - - default default] 10.0.0.78 "GET /v2.0/ports?tenant_id=2b4955176f0b489ead95ab5193bd7155&fields=id HTTP/1.1" status: 200 len: 302 time: 0.1060700
2026-04-22 19:39:28.113 9 INFO neutron.db.ovn_revision_numbers_db [None req-2059e10f-e1c4-4bd0-aa2c-bccabbbae472 ee2f3d3ab3a143b9885bf97c048b0ef6 e95d747a0c2a412389ead86875c3a8ec - - default default] Successfully bumped revision number for resource 256f290a-7a10-439b-bb91-660a63dd5e3b (type: ports) to 2
2026-04-22 19:39:28.128 10 INFO neutron.wsgi [req-bc998721-45ec-4c6d-99e4-34022035c9f1 req-4292dfae-26f3-4a89-96cb-f9fd0ea3d173 74c10f796dd9484d81aaaeadb9fc6aa7 4eabc121554046faadfb1f554ba2c17b - - bc3a08d6369941d6adfa3d0f4b770de6 bc3a08d6369941d6adfa3d0f4b770de6] 10.0.0.78 "GET /v2.0/networks/2d0d84eb-33b4-4b02-a424-4a2dda458095?fields=segments HTTP/1.1" status: 200 len: 212 time: 0.0716484
2026-04-22 19:39:28.183 10 INFO neutron.wsgi [-] 10.0.0.157 "GET / HTTP/1.1" status: 200 len: 247 time: 0.0012686
2026-04-22 19:39:28.185 10 INFO neutron.wsgi [-] 10.0.0.157 "GET / HTTP/1.1" status: 200 len: 247 time: 0.0010037
2026-04-22 19:39:28.208 9 INFO neutron.db.ovn_revision_numbers_db [None req-2059e10f-e1c4-4bd0-aa2c-bccabbbae472 ee2f3d3ab3a143b9885bf97c048b0ef6 e95d747a0c2a412389ead86875c3a8ec - - default default] Successfully bumped revision number for resource ea4368cc-3059-4a45-b5f8-1b7d782fff3a (type: subnets) to 0
2026-04-22 19:39:28.214 10 INFO neutron.wsgi [req-bc998721-45ec-4c6d-99e4-34022035c9f1 req-26ce1f0a-05ba-4074-b6bf-92f9fdba5831 74c10f796dd9484d81aaaeadb9fc6aa7 4eabc121554046faadfb1f554ba2c17b - - bc3a08d6369941d6adfa3d0f4b770de6 bc3a08d6369941d6adfa3d0f4b770de6] 10.0.0.78 "GET /v2.0/networks/2d0d84eb-33b4-4b02-a424-4a2dda458095?fields=provider%3Aphysical_network&fields=provider%3Anetwork_type HTTP/1.1" status: 200 len: 277 time: 0.0754578
2026-04-22 19:39:28.245 9 INFO neutron.wsgi [None req-2059e10f-e1c4-4bd0-aa2c-bccabbbae472 ee2f3d3ab3a143b9885bf97c048b0ef6 e95d747a0c2a412389ead86875c3a8ec - - default default] 10.0.0.53 "POST /v2.0/subnets HTTP/1.1" status: 201 len: 865 time: 1.2873168
2026-04-22 19:39:28.308 9 INFO neutron.wsgi [None req-b784716a-abbf-4439-a245-328d8eaccc7f ee2f3d3ab3a143b9885bf97c048b0ef6 e95d747a0c2a412389ead86875c3a8ec - - default default] 10.0.0.53 "DELETE /v2.0/routers/eb4e2f18-ee24-4ab8-95c9-c2f12fba0fcc HTTP/1.1" status: 204 len: 168 time: 1.4272573
2026-04-22 19:39:28.416 9 INFO neutron.wsgi [req-d5f8b7c4-b614-450b-a5d2-6346e647b4ee req-9558b7e1-7a6f-4f99-97a3-31fcfdeb9c4a dd84c3569f234ecea8503c06c4328a2c 2b4955176f0b489ead95ab5193bd7155 - - default default] 10.0.0.78 "GET /v2.0/ports?device_id=a45b398a-017b-4cf8-a01a-7bb39e148dd1 HTTP/1.1" status: 200 len: 210 time: 0.0357480
2026-04-22 19:39:28.513 9 INFO neutron.wsgi [req-b8d3bd73-8555-44cd-b333-26e758ad35a5 req-43332504-d5d6-4de2-b12f-af9912397e4d ef8f8fa363f5435aaf7da97d24d7644a dc183f73edad404fb11bab095240816e - - default default] 199.19.213.132 "GET /v2.0/networks?id=c5f679f7-b70b-4482-aac4-72b666935439 HTTP/1.1" status: 200 len: 883 time: 0.1614861
