Apr 16 11:36:53.602796 np0000166665 systemd[1]: Starting devstack@n-api-meta.service - Devstack devstack@n-api-meta.service...
Apr 16 11:36:53.617786 np0000166665 devstack@n-api-meta.service[109942]: [uWSGI] getting INI configuration from /etc/nova/nova-metadata-uwsgi.ini
Apr 16 11:36:53.618610 np0000166665 devstack@n-api-meta.service[109942]: open("./http_plugin.so"): No such file or directory [core/utils.c line 3709]
Apr 16 11:36:53.618610 np0000166665 devstack@n-api-meta.service[109942]: !!! UNABLE to load uWSGI plugin: ./http_plugin.so: cannot open shared object file: No such file or directory !!!
Apr 16 11:36:53.618610 np0000166665 devstack@n-api-meta.service[109942]: open("./python3_plugin.so"): No such file or directory [core/utils.c line 3709]
Apr 16 11:36:53.618610 np0000166665 devstack@n-api-meta.service[109942]: !!! UNABLE to load uWSGI plugin: ./python3_plugin.so: cannot open shared object file: No such file or directory !!!
Apr 16 11:36:53.618610 np0000166665 devstack@n-api-meta.service[109942]: *** Starting uWSGI 2.0.31 (64bit) on [Thu Apr 16 11:36:53 2026] ***
Apr 16 11:36:53.618610 np0000166665 devstack@n-api-meta.service[109942]: compiled with version: 13.3.0 on 16 April 2026 11:25:20
Apr 16 11:36:53.618610 np0000166665 devstack@n-api-meta.service[109942]: os: Linux-6.8.0-110-generic #110-Ubuntu SMP PREEMPT_DYNAMIC Thu Mar 19 15:09:20 UTC 2026
Apr 16 11:36:53.618610 np0000166665 devstack@n-api-meta.service[109942]: nodename: np0000166665
Apr 16 11:36:53.618610 np0000166665 devstack@n-api-meta.service[109942]: machine: x86_64
Apr 16 11:36:53.618610 np0000166665 devstack@n-api-meta.service[109942]: clock source: unix
Apr 16 11:36:53.618610 np0000166665 devstack@n-api-meta.service[109942]: pcre jit disabled
Apr 16 11:36:53.618610 np0000166665 devstack@n-api-meta.service[109942]: detected number of CPU cores: 16
Apr 16 11:36:53.618610 np0000166665 devstack@n-api-meta.service[109942]: current working directory: /
Apr 16 11:36:53.618610 np0000166665 devstack@n-api-meta.service[109942]: detected binary path: /opt/stack/data/venv/bin/uwsgi
Apr 16 11:36:53.618610 np0000166665 devstack@n-api-meta.service[109942]: your processes number limit is 256917
Apr 16 11:36:53.618610 np0000166665 devstack@n-api-meta.service[109942]: your memory page size is 4096 bytes
Apr 16 11:36:53.618610 np0000166665 devstack@n-api-meta.service[109942]: detected max file descriptor number: 2048
Apr 16 11:36:53.618610 np0000166665 devstack@n-api-meta.service[109942]: lock engine: pthread robust mutexes
Apr 16 11:36:53.618610 np0000166665 devstack@n-api-meta.service[109942]: thunder lock: enabled
Apr 16 11:36:53.619555 np0000166665 devstack@n-api-meta.service[109942]: uWSGI http bound on 0.0.0.0:8775 fd 5
Apr 16 11:36:53.619555 np0000166665 devstack@n-api-meta.service[109942]: uwsgi socket 0 bound to TCP address 127.0.0.1:34117 (port auto-assigned) fd 4
Apr 16 11:36:53.619555 np0000166665 devstack@n-api-meta.service[109942]: Python version: 3.12.3 (main, Mar 3 2026, 12:15:18) [GCC 13.3.0]
Apr 16 11:36:53.619555 np0000166665 devstack@n-api-meta.service[109942]: PEP 405 virtualenv detected: /opt/stack/data/venv
Apr 16 11:36:53.619555 np0000166665 devstack@n-api-meta.service[109942]: Set PythonHome to /opt/stack/data/venv
Apr 16 11:36:53.656263 np0000166665 devstack@n-api-meta.service[109942]: Python main interpreter initialized at 0x77af78aa3668
Apr 16 11:36:53.656263 np0000166665 devstack@n-api-meta.service[109942]: python threads support enabled
Apr 16 11:36:53.656263 np0000166665 devstack@n-api-meta.service[109942]: your server socket listen backlog is limited to 100 connections
Apr 16 11:36:53.656263 np0000166665 devstack@n-api-meta.service[109942]: your mercy for graceful operations on workers is 80 seconds
Apr 16 11:36:53.656760 np0000166665 devstack@n-api-meta.service[109942]: mapped 671795 bytes (656 KB) for 4 cores
Apr 16 11:36:53.656928 np0000166665 devstack@n-api-meta.service[109942]: *** Operational MODE: preforking ***
Apr 16 11:36:53.657143 np0000166665 devstack@n-api-meta.service[109942]: *** uWSGI is running in multiple interpreter mode ***
Apr 16 11:36:53.657143 np0000166665 devstack@n-api-meta.service[109942]: spawned uWSGI master process (pid: 109942)
Apr 16 11:36:53.657319 np0000166665 systemd[1]: Started devstack@n-api-meta.service - Devstack devstack@n-api-meta.service.
Apr 16 11:36:53.657927 np0000166665 devstack@n-api-meta.service[109942]: spawned uWSGI worker 1 (pid: 109949, cores: 1)
Apr 16 11:36:53.658777 np0000166665 devstack@n-api-meta.service[109942]: spawned uWSGI worker 2 (pid: 109950, cores: 1)
Apr 16 11:36:53.659235 np0000166665 devstack@n-api-meta.service[109942]: spawned uWSGI worker 3 (pid: 109951, cores: 1)
Apr 16 11:36:53.659647 np0000166665 devstack@n-api-meta.service[109942]: spawned uWSGI worker 4 (pid: 109952, cores: 1)
Apr 16 11:36:53.660140 np0000166665 devstack@n-api-meta.service[109942]: spawned uWSGI http 1 (pid: 109953)
Apr 16 11:36:53.660140 np0000166665 devstack@n-api-meta.service[109942]: running "unix_signal:15 gracefully_kill_them_all" (master-start)...
Apr 16 11:36:53.983986 np0000166665 devstack@n-api-meta.service[109951]: /opt/stack/data/venv/lib/python3.12/site-packages/oslo_concurrency/lockutils.py:41: EventletDeprecationWarning:
Apr 16 11:36:53.983986 np0000166665 devstack@n-api-meta.service[109951]: Eventlet is deprecated. It is currently being maintained in bugfix mode, and
Apr 16 11:36:53.983986 np0000166665 devstack@n-api-meta.service[109951]: we strongly recommend against using it for new projects.
Apr 16 11:36:53.983986 np0000166665 devstack@n-api-meta.service[109951]: If you are already using Eventlet, we recommend migrating to a different
Apr 16 11:36:53.983986 np0000166665 devstack@n-api-meta.service[109951]: framework. For more detail see
Apr 16 11:36:53.983986 np0000166665 devstack@n-api-meta.service[109951]: https://eventlet.readthedocs.io/en/latest/asyncio/migration.html
Apr 16 11:36:53.983986 np0000166665 devstack@n-api-meta.service[109951]: import eventlet
Apr 16 11:36:53.984874 np0000166665 devstack@n-api-meta.service[109949]: /opt/stack/data/venv/lib/python3.12/site-packages/oslo_concurrency/lockutils.py:41: EventletDeprecationWarning:
Apr 16 11:36:53.984874 np0000166665 devstack@n-api-meta.service[109949]: Eventlet is deprecated. It is currently being maintained in bugfix mode, and
Apr 16 11:36:53.984874 np0000166665 devstack@n-api-meta.service[109949]: we strongly recommend against using it for new projects.
Apr 16 11:36:53.984874 np0000166665 devstack@n-api-meta.service[109949]: If you are already using Eventlet, we recommend migrating to a different
Apr 16 11:36:53.984874 np0000166665 devstack@n-api-meta.service[109949]: framework. For more detail see
Apr 16 11:36:53.984874 np0000166665 devstack@n-api-meta.service[109949]: https://eventlet.readthedocs.io/en/latest/asyncio/migration.html
Apr 16 11:36:53.984874 np0000166665 devstack@n-api-meta.service[109949]: import eventlet
Apr 16 11:36:53.990583 np0000166665 devstack@n-api-meta.service[109952]: /opt/stack/data/venv/lib/python3.12/site-packages/oslo_concurrency/lockutils.py:41: EventletDeprecationWarning:
Apr 16 11:36:53.990583 np0000166665 devstack@n-api-meta.service[109952]: Eventlet is deprecated. It is currently being maintained in bugfix mode, and
Apr 16 11:36:53.990583 np0000166665 devstack@n-api-meta.service[109952]: we strongly recommend against using it for new projects.
Apr 16 11:36:53.990583 np0000166665 devstack@n-api-meta.service[109952]: If you are already using Eventlet, we recommend migrating to a different
Apr 16 11:36:53.990583 np0000166665 devstack@n-api-meta.service[109952]: framework. For more detail see
Apr 16 11:36:53.990583 np0000166665 devstack@n-api-meta.service[109952]: https://eventlet.readthedocs.io/en/latest/asyncio/migration.html
Apr 16 11:36:53.990583 np0000166665 devstack@n-api-meta.service[109952]: import eventlet
Apr 16 11:36:53.996317 np0000166665 devstack@n-api-meta.service[109950]: /opt/stack/data/venv/lib/python3.12/site-packages/oslo_concurrency/lockutils.py:41: EventletDeprecationWarning:
Apr 16 11:36:53.996317 np0000166665 devstack@n-api-meta.service[109950]: Eventlet is deprecated. It is currently being maintained in bugfix mode, and
Apr 16 11:36:53.996317 np0000166665 devstack@n-api-meta.service[109950]: we strongly recommend against using it for new projects.
Apr 16 11:36:53.996317 np0000166665 devstack@n-api-meta.service[109950]: If you are already using Eventlet, we recommend migrating to a different
Apr 16 11:36:53.996317 np0000166665 devstack@n-api-meta.service[109950]: framework. For more detail see
Apr 16 11:36:53.996317 np0000166665 devstack@n-api-meta.service[109950]: https://eventlet.readthedocs.io/en/latest/asyncio/migration.html
Apr 16 11:36:53.996317 np0000166665 devstack@n-api-meta.service[109950]: import eventlet
Apr 16 11:36:54.032725 np0000166665 devstack@n-api-meta.service[109951]: Service is starting with native threading. This is currently experimental. Do not use it in production without first testing it in pre-production.
Apr 16 11:36:54.033166 np0000166665 devstack@n-api-meta.service[109949]: Service is starting with native threading. This is currently experimental. Do not use it in production without first testing it in pre-production.
Apr 16 11:36:54.040042 np0000166665 devstack@n-api-meta.service[109952]: Service is starting with native threading. This is currently experimental. Do not use it in production without first testing it in pre-production.
Apr 16 11:36:54.046204 np0000166665 devstack@n-api-meta.service[109950]: Service is starting with native threading. This is currently experimental. Do not use it in production without first testing it in pre-production.
Apr 16 11:36:55.443639 np0000166665 devstack@n-api-meta.service[109949]: INFO dbcounter [None req-11f5e812-7e73-44e1-a3dc-9a604b2f28fc None None] Registered counter for database nova_api
Apr 16 11:36:55.459991 np0000166665 devstack@n-api-meta.service[109951]: INFO dbcounter [None req-4cc00a8d-590f-43ee-88a5-611c430a28de None None] Registered counter for database nova_api
Apr 16 11:36:55.460661 np0000166665 devstack@n-api-meta.service[109949]: DEBUG oslo_db.sqlalchemy.engines [None req-11f5e812-7e73-44e1-a3dc-9a604b2f28fc None None] MySQL server mode set to STRICT_TRANS_TABLES,STRICT_ALL_TABLES,NO_ZERO_IN_DATE,NO_ZERO_DATE,ERROR_FOR_DIVISION_BY_ZERO,TRADITIONAL,NO_ENGINE_SUBSTITUTION {{(pid=109949) _check_effective_sql_mode /opt/stack/data/venv/lib/python3.12/site-packages/oslo_db/sqlalchemy/engines.py:325}}
Apr 16 11:36:55.474361 np0000166665 devstack@n-api-meta.service[109951]: DEBUG oslo_db.sqlalchemy.engines [None req-4cc00a8d-590f-43ee-88a5-611c430a28de None None] MySQL server mode set to STRICT_TRANS_TABLES,STRICT_ALL_TABLES,NO_ZERO_IN_DATE,NO_ZERO_DATE,ERROR_FOR_DIVISION_BY_ZERO,TRADITIONAL,NO_ENGINE_SUBSTITUTION {{(pid=109951) _check_effective_sql_mode /opt/stack/data/venv/lib/python3.12/site-packages/oslo_db/sqlalchemy/engines.py:325}}
Apr 16 11:36:55.486288 np0000166665 devstack@n-api-meta.service[109952]: INFO dbcounter [None req-65626e32-af64-4859-bbfc-7fa8dcd5372d None None] Registered counter for database nova_api
Apr 16 11:36:55.495978 np0000166665 devstack@n-api-meta.service[109949]: DEBUG dbcounter [-] [109949] Writer thread running {{(pid=109949) stat_writer /opt/stack/data/venv/lib/python3.12/site-packages/dbcounter.py:102}}
Apr 16 11:36:55.498433 np0000166665 devstack@n-api-meta.service[109949]: DEBUG nova.context [None req-11f5e812-7e73-44e1-a3dc-9a604b2f28fc None None] Found 2 cells: 00000000-0000-0000-0000-000000000000(cell0),fc5d7aef-bc2e-4b05-939a-258a03956223(cell1) {{(pid=109949) load_cells /opt/stack/nova/nova/context.py:509}}
Apr 16 11:36:55.498656 np0000166665 devstack@n-api-meta.service[109949]: INFO nova.utils [None req-11f5e812-7e73-44e1-a3dc-9a604b2f28fc None None] The cell worker thread pool MainProcess.cell_worker is initialized
Apr 16 11:36:55.500873 np0000166665 devstack@n-api-meta.service[109949]: DEBUG oslo_concurrency.lockutils [None req-11f5e812-7e73-44e1-a3dc-9a604b2f28fc None None] Acquiring lock "00000000-0000-0000-0000-000000000000" by "nova.context.set_target_cell..get_or_set_cached_cell_and_set_connections" {{(pid=109949) inner /opt/stack/data/venv/lib/python3.12/site-packages/oslo_concurrency/lockutils.py:506}}
Apr 16 11:36:55.501092 np0000166665 devstack@n-api-meta.service[109949]: DEBUG oslo_concurrency.lockutils [None req-11f5e812-7e73-44e1-a3dc-9a604b2f28fc None None] Lock "00000000-0000-0000-0000-000000000000" acquired by "nova.context.set_target_cell..get_or_set_cached_cell_and_set_connections" :: waited 0.000s {{(pid=109949) inner /opt/stack/data/venv/lib/python3.12/site-packages/oslo_concurrency/lockutils.py:519}}
Apr 16 11:36:55.501594 np0000166665 devstack@n-api-meta.service[109949]: DEBUG oslo_concurrency.lockutils [None req-11f5e812-7e73-44e1-a3dc-9a604b2f28fc None None] Lock "00000000-0000-0000-0000-000000000000" "released" by "nova.context.set_target_cell..get_or_set_cached_cell_and_set_connections" :: held 0.000s {{(pid=109949) inner /opt/stack/data/venv/lib/python3.12/site-packages/oslo_concurrency/lockutils.py:538}}
Apr 16 11:36:55.502568 np0000166665 devstack@n-api-meta.service[109949]: DEBUG oslo_concurrency.lockutils [None req-11f5e812-7e73-44e1-a3dc-9a604b2f28fc None None] Acquiring lock "fc5d7aef-bc2e-4b05-939a-258a03956223" by "nova.context.set_target_cell..get_or_set_cached_cell_and_set_connections" {{(pid=109949) inner /opt/stack/data/venv/lib/python3.12/site-packages/oslo_concurrency/lockutils.py:506}}
Apr 16 11:36:55.502672 np0000166665 devstack@n-api-meta.service[109952]: DEBUG oslo_db.sqlalchemy.engines [None req-65626e32-af64-4859-bbfc-7fa8dcd5372d None None] MySQL server mode set to STRICT_TRANS_TABLES,STRICT_ALL_TABLES,NO_ZERO_IN_DATE,NO_ZERO_DATE,ERROR_FOR_DIVISION_BY_ZERO,TRADITIONAL,NO_ENGINE_SUBSTITUTION {{(pid=109952) _check_effective_sql_mode /opt/stack/data/venv/lib/python3.12/site-packages/oslo_db/sqlalchemy/engines.py:325}}
Apr 16 11:36:55.502748 np0000166665 devstack@n-api-meta.service[109949]: DEBUG oslo_concurrency.lockutils [None req-11f5e812-7e73-44e1-a3dc-9a604b2f28fc None None] Lock "fc5d7aef-bc2e-4b05-939a-258a03956223" acquired by "nova.context.set_target_cell..get_or_set_cached_cell_and_set_connections" :: waited 0.000s {{(pid=109949) inner /opt/stack/data/venv/lib/python3.12/site-packages/oslo_concurrency/lockutils.py:519}}
Apr 16 11:36:55.502993 np0000166665 devstack@n-api-meta.service[109950]: INFO dbcounter [None req-5c3db2e9-67a4-4298-b69d-5076aa41913d None None] Registered counter for database nova_api
Apr 16 11:36:55.504016 np0000166665 devstack@n-api-meta.service[109949]: DEBUG oslo_concurrency.lockutils [None req-11f5e812-7e73-44e1-a3dc-9a604b2f28fc None None] Lock "fc5d7aef-bc2e-4b05-939a-258a03956223" "released" by "nova.context.set_target_cell..get_or_set_cached_cell_and_set_connections" :: held 0.001s {{(pid=109949) inner /opt/stack/data/venv/lib/python3.12/site-packages/oslo_concurrency/lockutils.py:538}}
Apr 16 11:36:55.507178 np0000166665 devstack@n-api-meta.service[109949]: INFO dbcounter [None req-11f5e812-7e73-44e1-a3dc-9a604b2f28fc None None] Registered counter for database nova_cell0
Apr 16 11:36:55.507420 np0000166665 devstack@n-api-meta.service[109951]: DEBUG dbcounter [-] [109951] Writer thread running {{(pid=109951) stat_writer /opt/stack/data/venv/lib/python3.12/site-packages/dbcounter.py:102}}
Apr 16 11:36:55.509605 np0000166665 devstack@n-api-meta.service[109951]: DEBUG nova.context [None req-4cc00a8d-590f-43ee-88a5-611c430a28de None None] Found 2 cells: 00000000-0000-0000-0000-000000000000(cell0),fc5d7aef-bc2e-4b05-939a-258a03956223(cell1) {{(pid=109951) load_cells /opt/stack/nova/nova/context.py:509}}
Apr 16 11:36:55.509827 np0000166665 devstack@n-api-meta.service[109951]: INFO nova.utils [None req-4cc00a8d-590f-43ee-88a5-611c430a28de None None] The cell worker thread pool MainProcess.cell_worker is initialized
Apr 16 11:36:55.511748 np0000166665 devstack@n-api-meta.service[109951]: DEBUG oslo_concurrency.lockutils [None req-4cc00a8d-590f-43ee-88a5-611c430a28de None None] Acquiring lock "00000000-0000-0000-0000-000000000000" by "nova.context.set_target_cell..get_or_set_cached_cell_and_set_connections" {{(pid=109951) inner /opt/stack/data/venv/lib/python3.12/site-packages/oslo_concurrency/lockutils.py:506}}
Apr 16 11:36:55.511800 np0000166665 devstack@n-api-meta.service[109949]: INFO dbcounter [None req-11f5e812-7e73-44e1-a3dc-9a604b2f28fc None None] Registered counter for database nova_cell1
Apr 16 11:36:55.511945 np0000166665 devstack@n-api-meta.service[109951]: DEBUG oslo_concurrency.lockutils [None req-4cc00a8d-590f-43ee-88a5-611c430a28de None None] Lock "00000000-0000-0000-0000-000000000000" acquired by "nova.context.set_target_cell..get_or_set_cached_cell_and_set_connections" :: waited 0.000s {{(pid=109951) inner /opt/stack/data/venv/lib/python3.12/site-packages/oslo_concurrency/lockutils.py:519}}
Apr 16 11:36:55.512417 np0000166665 devstack@n-api-meta.service[109951]: DEBUG oslo_concurrency.lockutils [None req-4cc00a8d-590f-43ee-88a5-611c430a28de None None] Lock "00000000-0000-0000-0000-000000000000" "released" by "nova.context.set_target_cell..get_or_set_cached_cell_and_set_connections" :: held 0.000s {{(pid=109951) inner /opt/stack/data/venv/lib/python3.12/site-packages/oslo_concurrency/lockutils.py:538}}
Apr 16 11:36:55.513338 np0000166665 devstack@n-api-meta.service[109951]: DEBUG oslo_concurrency.lockutils [None req-4cc00a8d-590f-43ee-88a5-611c430a28de None None] Acquiring lock "fc5d7aef-bc2e-4b05-939a-258a03956223" by "nova.context.set_target_cell..get_or_set_cached_cell_and_set_connections" {{(pid=109951) inner /opt/stack/data/venv/lib/python3.12/site-packages/oslo_concurrency/lockutils.py:506}}
Apr 16 11:36:55.513533 np0000166665 devstack@n-api-meta.service[109951]: DEBUG oslo_concurrency.lockutils [None req-4cc00a8d-590f-43ee-88a5-611c430a28de None None] Lock "fc5d7aef-bc2e-4b05-939a-258a03956223" acquired by "nova.context.set_target_cell..get_or_set_cached_cell_and_set_connections" :: waited 0.000s {{(pid=109951) inner /opt/stack/data/venv/lib/python3.12/site-packages/oslo_concurrency/lockutils.py:519}}
Apr 16 11:36:55.514654 np0000166665 devstack@n-api-meta.service[109951]: DEBUG oslo_concurrency.lockutils [None req-4cc00a8d-590f-43ee-88a5-611c430a28de None None] Lock "fc5d7aef-bc2e-4b05-939a-258a03956223" "released" by "nova.context.set_target_cell..get_or_set_cached_cell_and_set_connections" :: held 0.001s {{(pid=109951) inner /opt/stack/data/venv/lib/python3.12/site-packages/oslo_concurrency/lockutils.py:538}}
Apr 16 11:36:55.516923 np0000166665 devstack@n-api-meta.service[109951]: INFO dbcounter [None req-4cc00a8d-590f-43ee-88a5-611c430a28de None None] Registered counter for database nova_cell0
Apr 16 11:36:55.521733 np0000166665 devstack@n-api-meta.service[109950]: DEBUG oslo_db.sqlalchemy.engines [None req-5c3db2e9-67a4-4298-b69d-5076aa41913d None None] MySQL server mode set to STRICT_TRANS_TABLES,STRICT_ALL_TABLES,NO_ZERO_IN_DATE,NO_ZERO_DATE,ERROR_FOR_DIVISION_BY_ZERO,TRADITIONAL,NO_ENGINE_SUBSTITUTION {{(pid=109950) _check_effective_sql_mode /opt/stack/data/venv/lib/python3.12/site-packages/oslo_db/sqlalchemy/engines.py:325}}
Apr 16 11:36:55.522523 np0000166665 devstack@n-api-meta.service[109951]: INFO dbcounter [None req-4cc00a8d-590f-43ee-88a5-611c430a28de None None] Registered counter for database nova_cell1
Apr 16 11:36:55.526628 np0000166665 devstack@n-api-meta.service[109949]: DEBUG oslo_db.sqlalchemy.engines [None req-11f5e812-7e73-44e1-a3dc-9a604b2f28fc None None] MySQL server mode set to STRICT_TRANS_TABLES,STRICT_ALL_TABLES,NO_ZERO_IN_DATE,NO_ZERO_DATE,ERROR_FOR_DIVISION_BY_ZERO,TRADITIONAL,NO_ENGINE_SUBSTITUTION {{(pid=109949) _check_effective_sql_mode /opt/stack/data/venv/lib/python3.12/site-packages/oslo_db/sqlalchemy/engines.py:325}}
Apr 16 11:36:55.532214 np0000166665 devstack@n-api-meta.service[109949]: DEBUG oslo_db.sqlalchemy.engines [None req-11f5e812-7e73-44e1-a3dc-9a604b2f28fc None None] MySQL server mode set to STRICT_TRANS_TABLES,STRICT_ALL_TABLES,NO_ZERO_IN_DATE,NO_ZERO_DATE,ERROR_FOR_DIVISION_BY_ZERO,TRADITIONAL,NO_ENGINE_SUBSTITUTION {{(pid=109949) _check_effective_sql_mode /opt/stack/data/venv/lib/python3.12/site-packages/oslo_db/sqlalchemy/engines.py:325}}
Apr 16 11:36:55.532279 np0000166665 devstack@n-api-meta.service[109952]: DEBUG dbcounter [-] [109952] Writer thread running {{(pid=109952) stat_writer /opt/stack/data/venv/lib/python3.12/site-packages/dbcounter.py:102}}
Apr 16 11:36:55.533214 np0000166665 devstack@n-api-meta.service[109951]: DEBUG oslo_db.sqlalchemy.engines [None req-4cc00a8d-590f-43ee-88a5-611c430a28de None None] MySQL server mode set to STRICT_TRANS_TABLES,STRICT_ALL_TABLES,NO_ZERO_IN_DATE,NO_ZERO_DATE,ERROR_FOR_DIVISION_BY_ZERO,TRADITIONAL,NO_ENGINE_SUBSTITUTION {{(pid=109951) _check_effective_sql_mode /opt/stack/data/venv/lib/python3.12/site-packages/oslo_db/sqlalchemy/engines.py:325}}
Apr 16 11:36:55.533520 np0000166665 devstack@n-api-meta.service[109952]: DEBUG nova.context [None req-65626e32-af64-4859-bbfc-7fa8dcd5372d None None] Found 2 cells: 00000000-0000-0000-0000-000000000000(cell0),fc5d7aef-bc2e-4b05-939a-258a03956223(cell1) {{(pid=109952) load_cells /opt/stack/nova/nova/context.py:509}}
Apr 16 11:36:55.533720 np0000166665 devstack@n-api-meta.service[109952]: INFO nova.utils [None req-65626e32-af64-4859-bbfc-7fa8dcd5372d None None] The cell worker thread pool MainProcess.cell_worker is initialized
Apr 16 11:36:55.535411 np0000166665 devstack@n-api-meta.service[109952]: DEBUG oslo_concurrency.lockutils [None req-65626e32-af64-4859-bbfc-7fa8dcd5372d None None] Acquiring lock "00000000-0000-0000-0000-000000000000" by "nova.context.set_target_cell..get_or_set_cached_cell_and_set_connections" {{(pid=109952) inner /opt/stack/data/venv/lib/python3.12/site-packages/oslo_concurrency/lockutils.py:506}}
Apr 16 11:36:55.535728 np0000166665 devstack@n-api-meta.service[109952]: DEBUG oslo_concurrency.lockutils [None req-65626e32-af64-4859-bbfc-7fa8dcd5372d None None] Lock "00000000-0000-0000-0000-000000000000" acquired by "nova.context.set_target_cell..get_or_set_cached_cell_and_set_connections" :: waited 0.000s {{(pid=109952) inner /opt/stack/data/venv/lib/python3.12/site-packages/oslo_concurrency/lockutils.py:519}}
Apr 16 11:36:55.535962 np0000166665 devstack@n-api-meta.service[109952]: DEBUG oslo_concurrency.lockutils [None req-65626e32-af64-4859-bbfc-7fa8dcd5372d None None] Lock "00000000-0000-0000-0000-000000000000" "released" by "nova.context.set_target_cell..get_or_set_cached_cell_and_set_connections" :: held 0.000s {{(pid=109952) inner /opt/stack/data/venv/lib/python3.12/site-packages/oslo_concurrency/lockutils.py:538}}
Apr 16 11:36:55.536686 np0000166665 devstack@n-api-meta.service[109952]: DEBUG oslo_concurrency.lockutils [None req-65626e32-af64-4859-bbfc-7fa8dcd5372d None None] Acquiring lock "fc5d7aef-bc2e-4b05-939a-258a03956223" by "nova.context.set_target_cell..get_or_set_cached_cell_and_set_connections" {{(pid=109952) inner /opt/stack/data/venv/lib/python3.12/site-packages/oslo_concurrency/lockutils.py:506}}
Apr 16 11:36:55.536834 np0000166665 devstack@n-api-meta.service[109952]: DEBUG oslo_concurrency.lockutils [None req-65626e32-af64-4859-bbfc-7fa8dcd5372d None None] Lock "fc5d7aef-bc2e-4b05-939a-258a03956223" acquired by "nova.context.set_target_cell..get_or_set_cached_cell_and_set_connections" :: waited 0.000s {{(pid=109952) inner /opt/stack/data/venv/lib/python3.12/site-packages/oslo_concurrency/lockutils.py:519}}
Apr 16 11:36:55.537614 np0000166665 devstack@n-api-meta.service[109952]: DEBUG oslo_concurrency.lockutils [None req-65626e32-af64-4859-bbfc-7fa8dcd5372d None None] Lock "fc5d7aef-bc2e-4b05-939a-258a03956223" "released" by "nova.context.set_target_cell..get_or_set_cached_cell_and_set_connections" :: held 0.001s {{(pid=109952) inner /opt/stack/data/venv/lib/python3.12/site-packages/oslo_concurrency/lockutils.py:538}}
Apr 16 11:36:55.540657 np0000166665 devstack@n-api-meta.service[109952]: INFO dbcounter [None req-65626e32-af64-4859-bbfc-7fa8dcd5372d None None] Registered counter for database nova_cell0
Apr 16 11:36:55.545523 np0000166665 devstack@n-api-meta.service[109952]: INFO dbcounter [None req-65626e32-af64-4859-bbfc-7fa8dcd5372d None None] Registered counter for database nova_cell1
Apr 16 11:36:55.550753 np0000166665 devstack@n-api-meta.service[109951]: DEBUG oslo_db.sqlalchemy.engines [None req-4cc00a8d-590f-43ee-88a5-611c430a28de None None] MySQL server mode set to STRICT_TRANS_TABLES,STRICT_ALL_TABLES,NO_ZERO_IN_DATE,NO_ZERO_DATE,ERROR_FOR_DIVISION_BY_ZERO,TRADITIONAL,NO_ENGINE_SUBSTITUTION {{(pid=109951) _check_effective_sql_mode /opt/stack/data/venv/lib/python3.12/site-packages/oslo_db/sqlalchemy/engines.py:325}}
Apr 16 11:36:55.556528 np0000166665 devstack@n-api-meta.service[109952]: DEBUG oslo_db.sqlalchemy.engines [None req-65626e32-af64-4859-bbfc-7fa8dcd5372d None None] MySQL server mode set to STRICT_TRANS_TABLES,STRICT_ALL_TABLES,NO_ZERO_IN_DATE,NO_ZERO_DATE,ERROR_FOR_DIVISION_BY_ZERO,TRADITIONAL,NO_ENGINE_SUBSTITUTION {{(pid=109952) _check_effective_sql_mode /opt/stack/data/venv/lib/python3.12/site-packages/oslo_db/sqlalchemy/engines.py:325}}
Apr 16 11:36:55.557317 np0000166665 devstack@n-api-meta.service[109950]: DEBUG dbcounter [-] [109950] Writer thread running {{(pid=109950) stat_writer /opt/stack/data/venv/lib/python3.12/site-packages/dbcounter.py:102}}
Apr 16 11:36:55.560447 np0000166665 devstack@n-api-meta.service[109950]: DEBUG nova.context [None req-5c3db2e9-67a4-4298-b69d-5076aa41913d None None] Found 2 cells: 00000000-0000-0000-0000-000000000000(cell0),fc5d7aef-bc2e-4b05-939a-258a03956223(cell1) {{(pid=109950) load_cells /opt/stack/nova/nova/context.py:509}}
Apr 16 11:36:55.560664 np0000166665 devstack@n-api-meta.service[109950]: INFO nova.utils [None req-5c3db2e9-67a4-4298-b69d-5076aa41913d None None] The cell worker thread pool MainProcess.cell_worker is initialized
Apr 16 11:36:55.562455 np0000166665 devstack@n-api-meta.service[109950]: DEBUG oslo_concurrency.lockutils [None req-5c3db2e9-67a4-4298-b69d-5076aa41913d None None] Acquiring lock "00000000-0000-0000-0000-000000000000" by "nova.context.set_target_cell..get_or_set_cached_cell_and_set_connections" {{(pid=109950) inner /opt/stack/data/venv/lib/python3.12/site-packages/oslo_concurrency/lockutils.py:506}}
Apr 16 11:36:55.562635 np0000166665 devstack@n-api-meta.service[109950]: DEBUG oslo_concurrency.lockutils [None req-5c3db2e9-67a4-4298-b69d-5076aa41913d None None] Lock "00000000-0000-0000-0000-000000000000" acquired by "nova.context.set_target_cell..get_or_set_cached_cell_and_set_connections" :: waited 0.000s {{(pid=109950) inner /opt/stack/data/venv/lib/python3.12/site-packages/oslo_concurrency/lockutils.py:519}}
Apr 16 11:36:55.562993 np0000166665 devstack@n-api-meta.service[109950]: DEBUG oslo_concurrency.lockutils [None req-5c3db2e9-67a4-4298-b69d-5076aa41913d None None] Lock "00000000-0000-0000-0000-000000000000" "released" by "nova.context.set_target_cell..get_or_set_cached_cell_and_set_connections" :: held 0.000s {{(pid=109950) inner /opt/stack/data/venv/lib/python3.12/site-packages/oslo_concurrency/lockutils.py:538}}
Apr 16 11:36:55.563160 np0000166665 devstack@n-api-meta.service[109952]: DEBUG oslo_db.sqlalchemy.engines [None req-65626e32-af64-4859-bbfc-7fa8dcd5372d None None] MySQL server mode set to STRICT_TRANS_TABLES,STRICT_ALL_TABLES,NO_ZERO_IN_DATE,NO_ZERO_DATE,ERROR_FOR_DIVISION_BY_ZERO,TRADITIONAL,NO_ENGINE_SUBSTITUTION {{(pid=109952) _check_effective_sql_mode /opt/stack/data/venv/lib/python3.12/site-packages/oslo_db/sqlalchemy/engines.py:325}}
Apr 16 11:36:55.563816 np0000166665 devstack@n-api-meta.service[109950]: DEBUG oslo_concurrency.lockutils [None req-5c3db2e9-67a4-4298-b69d-5076aa41913d None None] Acquiring lock "fc5d7aef-bc2e-4b05-939a-258a03956223" by "nova.context.set_target_cell..get_or_set_cached_cell_and_set_connections" {{(pid=109950) inner /opt/stack/data/venv/lib/python3.12/site-packages/oslo_concurrency/lockutils.py:506}}
Apr 16 11:36:55.564012 np0000166665 devstack@n-api-meta.service[109950]: DEBUG oslo_concurrency.lockutils [None req-5c3db2e9-67a4-4298-b69d-5076aa41913d None None] Lock "fc5d7aef-bc2e-4b05-939a-258a03956223" acquired by "nova.context.set_target_cell..get_or_set_cached_cell_and_set_connections" :: waited 0.000s {{(pid=109950) inner /opt/stack/data/venv/lib/python3.12/site-packages/oslo_concurrency/lockutils.py:519}}
Apr 16 11:36:55.565138 np0000166665 devstack@n-api-meta.service[109950]: DEBUG oslo_concurrency.lockutils [None req-5c3db2e9-67a4-4298-b69d-5076aa41913d None None] Lock "fc5d7aef-bc2e-4b05-939a-258a03956223" "released" by "nova.context.set_target_cell..get_or_set_cached_cell_and_set_connections" :: held 0.001s {{(pid=109950) inner /opt/stack/data/venv/lib/python3.12/site-packages/oslo_concurrency/lockutils.py:538}}
Apr 16 11:36:55.567632 np0000166665 devstack@n-api-meta.service[109950]: INFO dbcounter [None req-5c3db2e9-67a4-4298-b69d-5076aa41913d None None] Registered counter for database nova_cell0
Apr 16 11:36:55.572269 np0000166665 devstack@n-api-meta.service[109950]: INFO dbcounter [None req-5c3db2e9-67a4-4298-b69d-5076aa41913d None None] Registered counter for database nova_cell1
Apr 16 11:36:55.582312 np0000166665 devstack@n-api-meta.service[109950]: DEBUG oslo_db.sqlalchemy.engines [None req-5c3db2e9-67a4-4298-b69d-5076aa41913d None None] MySQL server mode set to STRICT_TRANS_TABLES,STRICT_ALL_TABLES,NO_ZERO_IN_DATE,NO_ZERO_DATE,ERROR_FOR_DIVISION_BY_ZERO,TRADITIONAL,NO_ENGINE_SUBSTITUTION {{(pid=109950) _check_effective_sql_mode /opt/stack/data/venv/lib/python3.12/site-packages/oslo_db/sqlalchemy/engines.py:325}}
Apr 16 11:36:55.594698 np0000166665 devstack@n-api-meta.service[109950]: DEBUG oslo_db.sqlalchemy.engines [None req-5c3db2e9-67a4-4298-b69d-5076aa41913d None None] MySQL server mode set to STRICT_TRANS_TABLES,STRICT_ALL_TABLES,NO_ZERO_IN_DATE,NO_ZERO_DATE,ERROR_FOR_DIVISION_BY_ZERO,TRADITIONAL,NO_ENGINE_SUBSTITUTION {{(pid=109950) _check_effective_sql_mode /opt/stack/data/venv/lib/python3.12/site-packages/oslo_db/sqlalchemy/engines.py:325}}
Apr 16 11:36:55.628412 np0000166665 devstack@n-api-meta.service[109949]: DEBUG dbcounter [-] [109949] Writer thread running {{(pid=109949) stat_writer /opt/stack/data/venv/lib/python3.12/site-packages/dbcounter.py:102}}
Apr 16 11:36:55.628882 np0000166665 devstack@n-api-meta.service[109949]: DEBUG dbcounter [-] [109949] Writer thread running {{(pid=109949) stat_writer /opt/stack/data/venv/lib/python3.12/site-packages/dbcounter.py:102}}
Apr 16 11:36:55.633163 np0000166665 devstack@n-api-meta.service[109949]: INFO dbcounter [None req-11f5e812-7e73-44e1-a3dc-9a604b2f28fc None None] Registered counter for database nova_cell0
Apr 16 11:36:55.644664 np0000166665 devstack@n-api-meta.service[109949]: DEBUG oslo_db.sqlalchemy.engines [None req-11f5e812-7e73-44e1-a3dc-9a604b2f28fc None None] MySQL server mode set to STRICT_TRANS_TABLES,STRICT_ALL_TABLES,NO_ZERO_IN_DATE,NO_ZERO_DATE,ERROR_FOR_DIVISION_BY_ZERO,TRADITIONAL,NO_ENGINE_SUBSTITUTION {{(pid=109949) _check_effective_sql_mode /opt/stack/data/venv/lib/python3.12/site-packages/oslo_db/sqlalchemy/engines.py:325}}
Apr 16 11:36:55.652291 np0000166665 devstack@n-api-meta.service[109952]: DEBUG dbcounter [-] [109952] Writer thread running {{(pid=109952) stat_writer /opt/stack/data/venv/lib/python3.12/site-packages/dbcounter.py:102}}
Apr 16 11:36:55.652777 np0000166665 devstack@n-api-meta.service[109949]: DEBUG dbcounter [-] [109949] Writer thread running {{(pid=109949) stat_writer /opt/stack/data/venv/lib/python3.12/site-packages/dbcounter.py:102}}
Apr 16 11:36:55.656529 np0000166665 devstack@n-api-meta.service[109952]: DEBUG dbcounter [-] [109952] Writer thread running {{(pid=109952) stat_writer /opt/stack/data/venv/lib/python3.12/site-packages/dbcounter.py:102}}
Apr 16 11:36:55.656822 np0000166665 devstack@n-api-meta.service[109951]: DEBUG dbcounter [-] [109951] Writer thread running {{(pid=109951) stat_writer /opt/stack/data/venv/lib/python3.12/site-packages/dbcounter.py:102}}
Apr 16 11:36:55.661028 np0000166665 devstack@n-api-meta.service[109952]: INFO dbcounter [None req-65626e32-af64-4859-bbfc-7fa8dcd5372d None None] Registered counter for database nova_cell0
Apr 16 11:36:55.661148 np0000166665 devstack@n-api-meta.service[109951]: DEBUG dbcounter [-] [109951] Writer thread running {{(pid=109951) stat_writer /opt/stack/data/venv/lib/python3.12/site-packages/dbcounter.py:102}}
Apr 16 11:36:55.665902 np0000166665 devstack@n-api-meta.service[109951]: INFO dbcounter [None req-4cc00a8d-590f-43ee-88a5-611c430a28de None None] Registered counter for database nova_cell0
Apr 16 11:36:55.671854 np0000166665 devstack@n-api-meta.service[109952]: DEBUG oslo_db.sqlalchemy.engines [None req-65626e32-af64-4859-bbfc-7fa8dcd5372d None None] MySQL server mode set to STRICT_TRANS_TABLES,STRICT_ALL_TABLES,NO_ZERO_IN_DATE,NO_ZERO_DATE,ERROR_FOR_DIVISION_BY_ZERO,TRADITIONAL,NO_ENGINE_SUBSTITUTION {{(pid=109952) _check_effective_sql_mode /opt/stack/data/venv/lib/python3.12/site-packages/oslo_db/sqlalchemy/engines.py:325}}
Apr 16 11:36:55.677533 np0000166665 devstack@n-api-meta.service[109952]: DEBUG dbcounter [-] [109952] Writer thread running {{(pid=109952) stat_writer /opt/stack/data/venv/lib/python3.12/site-packages/dbcounter.py:102}}
Apr 16 11:36:55.682513 np0000166665 devstack@n-api-meta.service[109951]: DEBUG oslo_db.sqlalchemy.engines [None req-4cc00a8d-590f-43ee-88a5-611c430a28de None None] MySQL server mode set to STRICT_TRANS_TABLES,STRICT_ALL_TABLES,NO_ZERO_IN_DATE,NO_ZERO_DATE,ERROR_FOR_DIVISION_BY_ZERO,TRADITIONAL,NO_ENGINE_SUBSTITUTION {{(pid=109951) _check_effective_sql_mode /opt/stack/data/venv/lib/python3.12/site-packages/oslo_db/sqlalchemy/engines.py:325}}
Apr 16 11:36:55.688751 np0000166665 devstack@n-api-meta.service[109951]: DEBUG dbcounter [-] [109951] Writer thread running {{(pid=109951) stat_writer /opt/stack/data/venv/lib/python3.12/site-packages/dbcounter.py:102}}
Apr 16 11:36:55.693033 np0000166665 devstack@n-api-meta.service[109949]: WARNING nova.api.metadata.handler [None req-11f5e812-7e73-44e1-a3dc-9a604b2f28fc None None] metadata_proxy_shared_secret is not configured, the metadata information returned by the proxy cannot be trusted
Apr 16 11:36:55.695992 np0000166665 devstack@n-api-meta.service[109949]: DEBUG nova.api.openstack.wsgi_app [None req-11f5e812-7e73-44e1-a3dc-9a604b2f28fc None None] ******************************************************************************** {{(pid=109949) log_opt_values /opt/stack/data/venv/lib/python3.12/site-packages/oslo_config/cfg.py:2979}}
Apr 16 11:36:55.695992 np0000166665 devstack@n-api-meta.service[109949]: DEBUG nova.api.openstack.wsgi_app [None req-11f5e812-7e73-44e1-a3dc-9a604b2f28fc None None] Configuration options gathered from: {{(pid=109949) log_opt_values /opt/stack/data/venv/lib/python3.12/site-packages/oslo_config/cfg.py:2980}}
Apr 16 11:36:55.695992 np0000166665 devstack@n-api-meta.service[109949]: DEBUG nova.api.openstack.wsgi_app [None req-11f5e812-7e73-44e1-a3dc-9a604b2f28fc None None] command line args: [] {{(pid=109949) log_opt_values /opt/stack/data/venv/lib/python3.12/site-packages/oslo_config/cfg.py:2981}}
Apr 16 11:36:55.695992 np0000166665 devstack@n-api-meta.service[109949]: DEBUG nova.api.openstack.wsgi_app [None req-11f5e812-7e73-44e1-a3dc-9a604b2f28fc None None] config files: ['/etc/nova/api-paste.ini', '/etc/nova/nova.conf'] {{(pid=109949) log_opt_values /opt/stack/data/venv/lib/python3.12/site-packages/oslo_config/cfg.py:2982}}
Apr 16 11:36:55.695992 np0000166665 devstack@n-api-meta.service[109949]: DEBUG nova.api.openstack.wsgi_app [None req-11f5e812-7e73-44e1-a3dc-9a604b2f28fc None None] ================================================================================ {{(pid=109949) log_opt_values /opt/stack/data/venv/lib/python3.12/site-packages/oslo_config/cfg.py:2987}}
Apr 16 11:36:55.695992 np0000166665 devstack@n-api-meta.service[109949]: DEBUG nova.api.openstack.wsgi_app [None req-11f5e812-7e73-44e1-a3dc-9a604b2f28fc None None] allow_resize_to_same_host = True {{(pid=109949) log_opt_values /opt/stack/data/venv/lib/python3.12/site-packages/oslo_config/cfg.py:2995}}
Apr 16 11:36:55.695992 np0000166665 devstack@n-api-meta.service[109949]: DEBUG nova.api.openstack.wsgi_app [None req-11f5e812-7e73-44e1-a3dc-9a604b2f28fc None None] arq_binding_timeout = 300 {{(pid=109949) log_opt_values /opt/stack/data/venv/lib/python3.12/site-packages/oslo_config/cfg.py:2995}}
Apr 16 11:36:55.696285 np0000166665 devstack@n-api-meta.service[109949]: DEBUG nova.api.openstack.wsgi_app [None req-11f5e812-7e73-44e1-a3dc-9a604b2f28fc None None] block_device_allocate_retries = 60 {{(pid=109949) log_opt_values /opt/stack/data/venv/lib/python3.12/site-packages/oslo_config/cfg.py:2995}}
Apr 16 11:36:55.696285 np0000166665 devstack@n-api-meta.service[109949]: DEBUG nova.api.openstack.wsgi_app [None req-11f5e812-7e73-44e1-a3dc-9a604b2f28fc None None] block_device_allocate_retries_interval = 3 {{(pid=109949) log_opt_values /opt/stack/data/venv/lib/python3.12/site-packages/oslo_config/cfg.py:2995}}
Apr 16 11:36:55.696419 np0000166665 devstack@n-api-meta.service[109949]: DEBUG nova.api.openstack.wsgi_app [None req-11f5e812-7e73-44e1-a3dc-9a604b2f28fc None None] cell_worker_thread_pool_size = 5 {{(pid=109949) log_opt_values /opt/stack/data/venv/lib/python3.12/site-packages/oslo_config/cfg.py:2995}}
Apr 16 11:36:55.696548 np0000166665 devstack@n-api-meta.service[109949]: DEBUG nova.api.openstack.wsgi_app [None req-11f5e812-7e73-44e1-a3dc-9a604b2f28fc None None] cert = self.pem {{(pid=109949) log_opt_values /opt/stack/data/venv/lib/python3.12/site-packages/oslo_config/cfg.py:2995}}
Apr 16 11:36:55.696683 np0000166665 devstack@n-api-meta.service[109949]: DEBUG nova.api.openstack.wsgi_app [None req-11f5e812-7e73-44e1-a3dc-9a604b2f28fc None None] compute_driver = libvirt.LibvirtDriver {{(pid=109949) log_opt_values /opt/stack/data/venv/lib/python3.12/site-packages/oslo_config/cfg.py:2995}}
Apr 16 11:36:55.696814 np0000166665 devstack@n-api-meta.service[109949]: DEBUG nova.api.openstack.wsgi_app [None req-11f5e812-7e73-44e1-a3dc-9a604b2f28fc None None] compute_monitors = [] {{(pid=109949) log_opt_values /opt/stack/data/venv/lib/python3.12/site-packages/oslo_config/cfg.py:2995}}
Apr 16 11:36:55.696941 np0000166665 devstack@n-api-meta.service[109949]: DEBUG nova.api.openstack.wsgi_app [None req-11f5e812-7e73-44e1-a3dc-9a604b2f28fc None None] config_dir = [] {{(pid=109949) log_opt_values /opt/stack/data/venv/lib/python3.12/site-packages/oslo_config/cfg.py:2995}}
Apr 16 11:36:55.697075 np0000166665 devstack@n-api-meta.service[109949]: DEBUG nova.api.openstack.wsgi_app [None req-11f5e812-7e73-44e1-a3dc-9a604b2f28fc None None] config_drive_format = iso9660 {{(pid=109949) log_opt_values /opt/stack/data/venv/lib/python3.12/site-packages/oslo_config/cfg.py:2995}}
Apr 16 11:36:55.697181 np0000166665 devstack@n-api-meta.service[109949]: DEBUG nova.api.openstack.wsgi_app [None req-11f5e812-7e73-44e1-a3dc-9a604b2f28fc None None] config_file = ['/etc/nova/api-paste.ini', '/etc/nova/nova.conf'] {{(pid=109949) log_opt_values /opt/stack/data/venv/lib/python3.12/site-packages/oslo_config/cfg.py:2995}}
Apr 16 11:36:55.697326 np0000166665 devstack@n-api-meta.service[109949]: DEBUG nova.api.openstack.wsgi_app [None req-11f5e812-7e73-44e1-a3dc-9a604b2f28fc None None] config_source = [] {{(pid=109949) log_opt_values /opt/stack/data/venv/lib/python3.12/site-packages/oslo_config/cfg.py:2995}}
Apr 16 11:36:55.697486 np0000166665 devstack@n-api-meta.service[109949]: DEBUG nova.api.openstack.wsgi_app [None req-11f5e812-7e73-44e1-a3dc-9a604b2f28fc None None] console_host = np0000166665 {{(pid=109949) log_opt_values /opt/stack/data/venv/lib/python3.12/site-packages/oslo_config/cfg.py:2995}}
Apr 16 11:36:55.697591 np0000166665 devstack@n-api-meta.service[109949]: DEBUG nova.api.openstack.wsgi_app [None req-11f5e812-7e73-44e1-a3dc-9a604b2f28fc None None] control_exchange = nova {{(pid=109949) log_opt_values /opt/stack/data/venv/lib/python3.12/site-packages/oslo_config/cfg.py:2995}}
Apr 16 11:36:55.697713 np0000166665 devstack@n-api-meta.service[109949]: DEBUG nova.api.openstack.wsgi_app [None req-11f5e812-7e73-44e1-a3dc-9a604b2f28fc None None] cpu_allocation_ratio = None {{(pid=109949) log_opt_values /opt/stack/data/venv/lib/python3.12/site-packages/oslo_config/cfg.py:2995}}
Apr 16 11:36:55.697840 np0000166665 devstack@n-api-meta.service[109949]: DEBUG nova.api.openstack.wsgi_app [None req-11f5e812-7e73-44e1-a3dc-9a604b2f28fc None None] daemon = False {{(pid=109949) log_opt_values /opt/stack/data/venv/lib/python3.12/site-packages/oslo_config/cfg.py:2995}}
Apr 16 11:36:55.697969 np0000166665 devstack@n-api-meta.service[109949]: DEBUG nova.api.openstack.wsgi_app [None req-11f5e812-7e73-44e1-a3dc-9a604b2f28fc None None] debug = True {{(pid=109949) log_opt_values /opt/stack/data/venv/lib/python3.12/site-packages/oslo_config/cfg.py:2995}}
Apr 16 11:36:55.698095 np0000166665 devstack@n-api-meta.service[109949]: DEBUG nova.api.openstack.wsgi_app [None req-11f5e812-7e73-44e1-a3dc-9a604b2f28fc None None] default_access_ip_network_name = None {{(pid=109949) log_opt_values /opt/stack/data/venv/lib/python3.12/site-packages/oslo_config/cfg.py:2995}}
Apr 16 11:36:55.698239 np0000166665 devstack@n-api-meta.service[109949]: DEBUG nova.api.openstack.wsgi_app [None req-11f5e812-7e73-44e1-a3dc-9a604b2f28fc None None] default_availability_zone = nova {{(pid=109949) log_opt_values /opt/stack/data/venv/lib/python3.12/site-packages/oslo_config/cfg.py:2995}}
Apr 16 11:36:55.698407 np0000166665 devstack@n-api-meta.service[109949]: DEBUG nova.api.openstack.wsgi_app [None req-11f5e812-7e73-44e1-a3dc-9a604b2f28fc None None] default_ephemeral_format = ext4 {{(pid=109949) log_opt_values /opt/stack/data/venv/lib/python3.12/site-packages/oslo_config/cfg.py:2995}}
Apr 16 11:36:55.698533 np0000166665 devstack@n-api-meta.service[109949]: DEBUG nova.api.openstack.wsgi_app [None req-11f5e812-7e73-44e1-a3dc-9a604b2f28fc None None] default_green_pool_size = 1000 {{(pid=109949) log_opt_values /opt/stack/data/venv/lib/python3.12/site-packages/oslo_config/cfg.py:2995}}
Apr 16 11:36:55.698731 np0000166665 devstack@n-api-meta.service[109949]: DEBUG nova.api.openstack.wsgi_app [None req-11f5e812-7e73-44e1-a3dc-9a604b2f28fc None None] default_log_levels = ['amqp=WARN', 'boto=WARN', 'sqlalchemy=WARN', 'suds=INFO', 'oslo.messaging=INFO', 'oslo_messaging=INFO', 'iso8601=WARN', 'requests.packages.urllib3.connectionpool=WARN', 'urllib3.connectionpool=WARN', 'websocket=WARN', 'requests.packages.urllib3.util.retry=WARN', 'urllib3.util.retry=WARN', 'keystonemiddleware=WARN', 'routes.middleware=WARN', 'stevedore=WARN', 'taskflow=WARN', 'keystoneauth=WARN', 'oslo.cache=INFO', 'oslo_policy=INFO', 'dogpile.core.dogpile=INFO', 'glanceclient=WARN', 'oslo.privsep.daemon=INFO'] {{(pid=109949) log_opt_values /opt/stack/data/venv/lib/python3.12/site-packages/oslo_config/cfg.py:2995}}
Apr 16 11:36:55.698857 np0000166665 devstack@n-api-meta.service[109949]: DEBUG nova.api.openstack.wsgi_app [None req-11f5e812-7e73-44e1-a3dc-9a604b2f28fc None None] default_schedule_zone = None {{(pid=109949) log_opt_values /opt/stack/data/venv/lib/python3.12/site-packages/oslo_config/cfg.py:2995}}
Apr 16 11:36:55.698983 np0000166665 devstack@n-api-meta.service[109949]: DEBUG nova.api.openstack.wsgi_app [None req-11f5e812-7e73-44e1-a3dc-9a604b2f28fc None None] default_thread_pool_size = 10 {{(pid=109949) log_opt_values /opt/stack/data/venv/lib/python3.12/site-packages/oslo_config/cfg.py:2995}}
Apr 16 11:36:55.699108 np0000166665 devstack@n-api-meta.service[109949]: DEBUG nova.api.openstack.wsgi_app [None req-11f5e812-7e73-44e1-a3dc-9a604b2f28fc None None] disk_allocation_ratio = None {{(pid=109949) log_opt_values /opt/stack/data/venv/lib/python3.12/site-packages/oslo_config/cfg.py:2995}}
Apr 16 11:36:55.699329 np0000166665 devstack@n-api-meta.service[109949]: DEBUG nova.api.openstack.wsgi_app [None req-11f5e812-7e73-44e1-a3dc-9a604b2f28fc None None] enable_new_services = True {{(pid=109949) log_opt_values /opt/stack/data/venv/lib/python3.12/site-packages/oslo_config/cfg.py:2995}}
Apr 16 11:36:55.699459 np0000166665 devstack@n-api-meta.service[109949]: DEBUG nova.api.openstack.wsgi_app [None req-11f5e812-7e73-44e1-a3dc-9a604b2f28fc None None] flat_injected = False {{(pid=109949) log_opt_values /opt/stack/data/venv/lib/python3.12/site-packages/oslo_config/cfg.py:2995}}
Apr 16 11:36:55.699595 np0000166665 devstack@n-api-meta.service[109949]: DEBUG nova.api.openstack.wsgi_app [None req-11f5e812-7e73-44e1-a3dc-9a604b2f28fc None None] force_config_drive = False {{(pid=109949) log_opt_values /opt/stack/data/venv/lib/python3.12/site-packages/oslo_config/cfg.py:2995}}
Apr 16 11:36:55.699722 np0000166665 devstack@n-api-meta.service[109949]: DEBUG nova.api.openstack.wsgi_app [None req-11f5e812-7e73-44e1-a3dc-9a604b2f28fc None None] force_raw_images = True {{(pid=109949) log_opt_values /opt/stack/data/venv/lib/python3.12/site-packages/oslo_config/cfg.py:2995}}
Apr 16 11:36:55.699857 np0000166665 devstack@n-api-meta.service[109949]: DEBUG nova.api.openstack.wsgi_app [None req-11f5e812-7e73-44e1-a3dc-9a604b2f28fc None None] graceful_shutdown_timeout = 5 {{(pid=109949) log_opt_values /opt/stack/data/venv/lib/python3.12/site-packages/oslo_config/cfg.py:2995}}
Apr 16 11:36:55.699985 np0000166665 devstack@n-api-meta.service[109949]: DEBUG nova.api.openstack.wsgi_app [None req-11f5e812-7e73-44e1-a3dc-9a604b2f28fc None None] heal_instance_info_cache_interval = -1 {{(pid=109949) log_opt_values /opt/stack/data/venv/lib/python3.12/site-packages/oslo_config/cfg.py:2995}}
Apr 16 11:36:55.700157 np0000166665 devstack@n-api-meta.service[109949]: DEBUG nova.api.openstack.wsgi_app [None req-11f5e812-7e73-44e1-a3dc-9a604b2f28fc None None] host = np0000166665 {{(pid=109949) log_opt_values /opt/stack/data/venv/lib/python3.12/site-packages/oslo_config/cfg.py:2995}}
Apr 16 11:36:55.700305 np0000166665 devstack@n-api-meta.service[109949]: DEBUG nova.api.openstack.wsgi_app [None req-11f5e812-7e73-44e1-a3dc-9a604b2f28fc None None] initial_cpu_allocation_ratio = 4.0 {{(pid=109949) log_opt_values /opt/stack/data/venv/lib/python3.12/site-packages/oslo_config/cfg.py:2995}}
Apr 16 11:36:55.700433 np0000166665 devstack@n-api-meta.service[109949]: DEBUG nova.api.openstack.wsgi_app [None req-11f5e812-7e73-44e1-a3dc-9a604b2f28fc None None] initial_disk_allocation_ratio = 1.0 {{(pid=109949) log_opt_values /opt/stack/data/venv/lib/python3.12/site-packages/oslo_config/cfg.py:2995}}
Apr 16 11:36:55.700561 np0000166665 devstack@n-api-meta.service[109949]: DEBUG nova.api.openstack.wsgi_app [None req-11f5e812-7e73-44e1-a3dc-9a604b2f28fc None None] initial_ram_allocation_ratio = 1.0 {{(pid=109949) log_opt_values /opt/stack/data/venv/lib/python3.12/site-packages/oslo_config/cfg.py:2995}}
Apr 16 11:36:55.700728 np0000166665 devstack@n-api-meta.service[109949]: DEBUG nova.api.openstack.wsgi_app [None req-11f5e812-7e73-44e1-a3dc-9a604b2f28fc None None] injected_network_template = /opt/stack/nova/nova/virt/interfaces.template {{(pid=109949) log_opt_values /opt/stack/data/venv/lib/python3.12/site-packages/oslo_config/cfg.py:2995}}
Apr 16 11:36:55.700858 np0000166665 devstack@n-api-meta.service[109949]: DEBUG nova.api.openstack.wsgi_app [None req-11f5e812-7e73-44e1-a3dc-9a604b2f28fc None None] instance_build_timeout = 0 {{(pid=109949) log_opt_values /opt/stack/data/venv/lib/python3.12/site-packages/oslo_config/cfg.py:2995}}
Apr 16 11:36:55.700983 np0000166665 devstack@n-api-meta.service[109949]: DEBUG nova.api.openstack.wsgi_app [None req-11f5e812-7e73-44e1-a3dc-9a604b2f28fc None None] instance_delete_interval = 300 {{(pid=109949) log_opt_values /opt/stack/data/venv/lib/python3.12/site-packages/oslo_config/cfg.py:2995}}
Apr 16 11:36:55.701114 np0000166665 devstack@n-api-meta.service[109949]: DEBUG nova.api.openstack.wsgi_app [None req-11f5e812-7e73-44e1-a3dc-9a604b2f28fc None None] instance_format = [instance: %(uuid)s] {{(pid=109949) log_opt_values /opt/stack/data/venv/lib/python3.12/site-packages/oslo_config/cfg.py:2995}}
Apr 16 11:36:55.701259 np0000166665 devstack@n-api-meta.service[109949]: DEBUG nova.api.openstack.wsgi_app [None req-11f5e812-7e73-44e1-a3dc-9a604b2f28fc None None] instance_name_template = instance-%08x {{(pid=109949) log_opt_values /opt/stack/data/venv/lib/python3.12/site-packages/oslo_config/cfg.py:2995}}
Apr 16 11:36:55.701388 np0000166665 devstack@n-api-meta.service[109949]: DEBUG nova.api.openstack.wsgi_app [None req-11f5e812-7e73-44e1-a3dc-9a604b2f28fc None None] instance_usage_audit = False {{(pid=109949) log_opt_values /opt/stack/data/venv/lib/python3.12/site-packages/oslo_config/cfg.py:2995}}
Apr 16 11:36:55.701523 np0000166665 devstack@n-api-meta.service[109949]: DEBUG nova.api.openstack.wsgi_app [None req-11f5e812-7e73-44e1-a3dc-9a604b2f28fc None None] instance_usage_audit_period = month {{(pid=109949) log_opt_values /opt/stack/data/venv/lib/python3.12/site-packages/oslo_config/cfg.py:2995}}
Apr 16 11:36:55.701660 np0000166665 devstack@n-api-meta.service[109949]: DEBUG nova.api.openstack.wsgi_app [None req-11f5e812-7e73-44e1-a3dc-9a604b2f28fc None None] instance_uuid_format = [instance: %(uuid)s] {{(pid=109949) log_opt_values /opt/stack/data/venv/lib/python3.12/site-packages/oslo_config/cfg.py:2995}}
Apr 16 11:36:55.701789 np0000166665 devstack@n-api-meta.service[109949]: DEBUG nova.api.openstack.wsgi_app [None req-11f5e812-7e73-44e1-a3dc-9a604b2f28fc None None] instances_path = /opt/stack/data/nova/instances {{(pid=109949) log_opt_values /opt/stack/data/venv/lib/python3.12/site-packages/oslo_config/cfg.py:2995}}
