Mar 26 01:00:05.156309 np0000160844 neutron-periodic-workers[104472]: DEBUG cotyledon.oslo_config_glue [-] ml2.extension_drivers = ['port_security', 'qos'] {{(pid=104472) log_opt_values /opt/stack/data/venv/lib/python3.12/site-packages/oslo_config/cfg.py:3006}}
Mar 26 01:00:05.156384 np0000160844 neutron-periodic-workers[104472]: DEBUG cotyledon.oslo_config_glue [-] ml2.external_network_type = None {{(pid=104472) log_opt_values /opt/stack/data/venv/lib/python3.12/site-packages/oslo_config/cfg.py:3006}}
Mar 26 01:00:05.156384 np0000160844 neutron-periodic-workers[104472]: DEBUG cotyledon.oslo_config_glue [-] ml2.mechanism_drivers = ['ovn'] {{(pid=104472) log_opt_values /opt/stack/data/venv/lib/python3.12/site-packages/oslo_config/cfg.py:3006}}
Mar 26 01:00:05.156516 np0000160844 neutron-periodic-workers[104472]: DEBUG cotyledon.oslo_config_glue [-] ml2.overlay_ip_version = 4 {{(pid=104472) log_opt_values /opt/stack/data/venv/lib/python3.12/site-packages/oslo_config/cfg.py:3006}}
Mar 26 01:00:05.156595 np0000160844 neutron-periodic-workers[104472]: DEBUG cotyledon.oslo_config_glue [-] ml2.path_mtu = 0 {{(pid=104472) log_opt_values /opt/stack/data/venv/lib/python3.12/site-packages/oslo_config/cfg.py:3006}}
Mar 26 01:00:05.156630 np0000160844 neutron-periodic-workers[104472]: DEBUG cotyledon.oslo_config_glue [-] ml2.physical_network_mtus = {} {{(pid=104472) log_opt_values /opt/stack/data/venv/lib/python3.12/site-packages/oslo_config/cfg.py:3006}}
Mar 26 01:00:05.156669 np0000160844 neutron-periodic-workers[104472]: DEBUG cotyledon.oslo_config_glue [-] ml2.project_network_types = ['geneve'] {{(pid=104472) log_opt_values /opt/stack/data/venv/lib/python3.12/site-packages/oslo_config/cfg.py:3006}}
Mar 26 01:00:05.156758 np0000160844 neutron-periodic-workers[104472]: DEBUG cotyledon.oslo_config_glue [-] ml2.tunnelled_network_rp_name = rp_tunnelled {{(pid=104472) log_opt_values /opt/stack/data/venv/lib/python3.12/site-packages/oslo_config/cfg.py:3006}}
Mar 26 01:00:05.156803 np0000160844 neutron-periodic-workers[104472]: DEBUG cotyledon.oslo_config_glue [-] ml2.type_drivers = ['local', 'flat', 'vlan', 'geneve'] {{(pid=104472) log_opt_values /opt/stack/data/venv/lib/python3.12/site-packages/oslo_config/cfg.py:3006}}
Mar 26 01:00:05.156876 np0000160844 neutron-periodic-workers[104472]: DEBUG cotyledon.oslo_config_glue [-] ml2_type_flat.flat_networks = ['public'] {{(pid=104472) log_opt_values /opt/stack/data/venv/lib/python3.12/site-packages/oslo_config/cfg.py:3006}}
Mar 26 01:00:05.156942 np0000160844 neutron-periodic-workers[104472]: DEBUG cotyledon.oslo_config_glue [-] ml2_type_geneve.max_header_size = 38 {{(pid=104472) log_opt_values /opt/stack/data/venv/lib/python3.12/site-packages/oslo_config/cfg.py:3006}}
Mar 26 01:00:05.157191 np0000160844 neutron-periodic-workers[104472]: DEBUG cotyledon.oslo_config_glue [-] ml2_type_geneve.vni_ranges = ['1:65536'] {{(pid=104472) log_opt_values /opt/stack/data/venv/lib/python3.12/site-packages/oslo_config/cfg.py:3006}}
Mar 26 01:00:05.157246 np0000160844 neutron-periodic-workers[104472]: DEBUG cotyledon.oslo_config_glue [-] ml2_type_vlan.network_vlan_ranges = ['public'] {{(pid=104472) log_opt_values /opt/stack/data/venv/lib/python3.12/site-packages/oslo_config/cfg.py:3006}}
Mar 26 01:00:05.157360 np0000160844 neutron-periodic-workers[104472]: DEBUG cotyledon.oslo_config_glue [-] network_log.burst_limit = 25 {{(pid=104472) log_opt_values /opt/stack/data/venv/lib/python3.12/site-packages/oslo_config/cfg.py:3006}}
Mar 26 01:00:05.157406 np0000160844 neutron-periodic-workers[104472]: DEBUG cotyledon.oslo_config_glue [-] network_log.local_output_log_base = None {{(pid=104472) log_opt_values /opt/stack/data/venv/lib/python3.12/site-packages/oslo_config/cfg.py:3006}}
Mar 26 01:00:05.157450 np0000160844 neutron-periodic-workers[104472]: DEBUG cotyledon.oslo_config_glue [-] network_log.rate_limit = 100 {{(pid=104472) log_opt_values /opt/stack/data/venv/lib/python3.12/site-packages/oslo_config/cfg.py:3006}}
Mar 26 01:00:05.157516 np0000160844 neutron-periodic-workers[104472]: DEBUG cotyledon.oslo_config_glue [-] database.asyncio_connection = **** {{(pid=104472) log_opt_values /opt/stack/data/venv/lib/python3.12/site-packages/oslo_config/cfg.py:3006}}
Mar 26 01:00:05.157583 np0000160844 neutron-periodic-workers[104472]: DEBUG cotyledon.oslo_config_glue [-] database.asyncio_slave_connection = **** {{(pid=104472) log_opt_values /opt/stack/data/venv/lib/python3.12/site-packages/oslo_config/cfg.py:3006}}
Mar 26 01:00:05.157622 np0000160844 neutron-periodic-workers[104472]: DEBUG cotyledon.oslo_config_glue [-] database.backend = sqlalchemy {{(pid=104472) log_opt_values /opt/stack/data/venv/lib/python3.12/site-packages/oslo_config/cfg.py:3006}}
Mar 26 01:00:05.157681 np0000160844 neutron-periodic-workers[104472]: DEBUG cotyledon.oslo_config_glue [-] database.connection = **** {{(pid=104472) log_opt_values /opt/stack/data/venv/lib/python3.12/site-packages/oslo_config/cfg.py:3006}}
Mar 26 01:00:05.157734 np0000160844 neutron-periodic-workers[104472]: DEBUG cotyledon.oslo_config_glue [-] database.connection_debug = 0 {{(pid=104472) log_opt_values /opt/stack/data/venv/lib/python3.12/site-packages/oslo_config/cfg.py:3006}}
Mar 26 01:00:05.157734 np0000160844 neutron-periodic-workers[104472]: DEBUG cotyledon.oslo_config_glue [-] database.connection_parameters = {{(pid=104472) log_opt_values /opt/stack/data/venv/lib/python3.12/site-packages/oslo_config/cfg.py:3006}}
Mar 26 01:00:05.157900 np0000160844 neutron-periodic-workers[104472]: DEBUG cotyledon.oslo_config_glue [-] database.connection_recycle_time = 3600 {{(pid=104472) log_opt_values /opt/stack/data/venv/lib/python3.12/site-packages/oslo_config/cfg.py:3006}}
Mar 26 01:00:05.158025 np0000160844 neutron-periodic-workers[104472]: DEBUG cotyledon.oslo_config_glue [-] database.connection_trace = False {{(pid=104472) log_opt_values /opt/stack/data/venv/lib/python3.12/site-packages/oslo_config/cfg.py:3006}}
Mar 26 01:00:05.158077 np0000160844 neutron-periodic-workers[104472]: DEBUG cotyledon.oslo_config_glue [-] database.db_inc_retry_interval = True {{(pid=104472) log_opt_values /opt/stack/data/venv/lib/python3.12/site-packages/oslo_config/cfg.py:3006}}
Mar 26 01:00:05.158126 np0000160844 neutron-periodic-workers[104472]: DEBUG cotyledon.oslo_config_glue [-] database.db_max_retries = 20 {{(pid=104472) log_opt_values /opt/stack/data/venv/lib/python3.12/site-packages/oslo_config/cfg.py:3006}}
Mar 26 01:00:05.158160 np0000160844 neutron-periodic-workers[104472]: DEBUG cotyledon.oslo_config_glue [-] database.db_max_retry_interval = 10 {{(pid=104472) log_opt_values /opt/stack/data/venv/lib/python3.12/site-packages/oslo_config/cfg.py:3006}}
Mar 26 01:00:05.158190 np0000160844 neutron-periodic-workers[104472]: DEBUG cotyledon.oslo_config_glue [-] database.db_retry_interval = 1 {{(pid=104472) log_opt_values /opt/stack/data/venv/lib/python3.12/site-packages/oslo_config/cfg.py:3006}}
Mar 26 01:00:05.158237 np0000160844 neutron-periodic-workers[104472]: DEBUG cotyledon.oslo_config_glue [-] database.max_overflow = 50 {{(pid=104472) log_opt_values /opt/stack/data/venv/lib/python3.12/site-packages/oslo_config/cfg.py:3006}}
Mar 26 01:00:05.158285 np0000160844 neutron-periodic-workers[104472]: DEBUG cotyledon.oslo_config_glue [-] database.max_pool_size = 5 {{(pid=104472) log_opt_values /opt/stack/data/venv/lib/python3.12/site-packages/oslo_config/cfg.py:3006}}
Mar 26 01:00:05.158329 np0000160844 neutron-periodic-workers[104472]: DEBUG cotyledon.oslo_config_glue [-] database.max_retries = 10 {{(pid=104472) log_opt_values /opt/stack/data/venv/lib/python3.12/site-packages/oslo_config/cfg.py:3006}}
Mar 26 01:00:05.158450 np0000160844 neutron-periodic-workers[104472]: DEBUG cotyledon.oslo_config_glue [-] database.mysql_sql_mode = TRADITIONAL {{(pid=104472) log_opt_values /opt/stack/data/venv/lib/python3.12/site-packages/oslo_config/cfg.py:3006}}
Mar 26 01:00:05.158486 np0000160844 neutron-periodic-workers[104472]: DEBUG cotyledon.oslo_config_glue [-] database.mysql_wsrep_sync_wait = None {{(pid=104472) log_opt_values /opt/stack/data/venv/lib/python3.12/site-packages/oslo_config/cfg.py:3006}}
Mar 26 01:00:05.158546 np0000160844 neutron-periodic-workers[104472]: DEBUG cotyledon.oslo_config_glue [-] database.pool_timeout = None {{(pid=104472) log_opt_values /opt/stack/data/venv/lib/python3.12/site-packages/oslo_config/cfg.py:3006}}
Mar 26 01:00:05.158587 np0000160844 neutron-periodic-workers[104472]: DEBUG cotyledon.oslo_config_glue [-] database.retry_interval = 10 {{(pid=104472) log_opt_values /opt/stack/data/venv/lib/python3.12/site-packages/oslo_config/cfg.py:3006}}
Mar 26 01:00:05.158631 np0000160844 neutron-periodic-workers[104472]: DEBUG cotyledon.oslo_config_glue [-] database.slave_connection = **** {{(pid=104472) log_opt_values /opt/stack/data/venv/lib/python3.12/site-packages/oslo_config/cfg.py:3006}}
Mar 26 01:00:05.158855 np0000160844 neutron-periodic-workers[104472]: DEBUG cotyledon.oslo_config_glue [-] database.sqlite_synchronous = True {{(pid=104472) log_opt_values /opt/stack/data/venv/lib/python3.12/site-packages/oslo_config/cfg.py:3006}}
Mar 26 01:00:05.158917 np0000160844 neutron-periodic-workers[104472]: DEBUG cotyledon.oslo_config_glue [-] database.synchronous_reader = True {{(pid=104472) log_opt_values /opt/stack/data/venv/lib/python3.12/site-packages/oslo_config/cfg.py:3006}}
Mar 26 01:00:05.158966 np0000160844 neutron-periodic-workers[104472]: DEBUG cotyledon.oslo_config_glue [-] database.use_db_reconnect = False {{(pid=104472) log_opt_values /opt/stack/data/venv/lib/python3.12/site-packages/oslo_config/cfg.py:3006}}
Mar 26 01:00:05.159041 np0000160844 neutron-periodic-workers[104472]: DEBUG cotyledon.oslo_config_glue [-] ovn.bfd_min_rx = 1000 {{(pid=104472) log_opt_values /opt/stack/data/venv/lib/python3.12/site-packages/oslo_config/cfg.py:3006}}
Mar 26 01:00:05.159166 np0000160844 neutron-periodic-workers[104472]: DEBUG cotyledon.oslo_config_glue [-] ovn.bfd_min_tx = 100 {{(pid=104472) log_opt_values /opt/stack/data/venv/lib/python3.12/site-packages/oslo_config/cfg.py:3006}}
Mar 26 01:00:05.159292 np0000160844 neutron-periodic-workers[104472]: DEBUG cotyledon.oslo_config_glue [-] ovn.bfd_mult = 3 {{(pid=104472) log_opt_values /opt/stack/data/venv/lib/python3.12/site-packages/oslo_config/cfg.py:3006}}
Mar 26 01:00:05.159350 np0000160844 neutron-periodic-workers[104472]: DEBUG cotyledon.oslo_config_glue [-] ovn.broadcast_arps_to_all_routers = True {{(pid=104472) log_opt_values /opt/stack/data/venv/lib/python3.12/site-packages/oslo_config/cfg.py:3006}}
Mar 26 01:00:05.159388 np0000160844 neutron-periodic-workers[104472]: DEBUG cotyledon.oslo_config_glue [-] ovn.dhcp_default_lease_time = 43200 {{(pid=104472) log_opt_values /opt/stack/data/venv/lib/python3.12/site-packages/oslo_config/cfg.py:3006}}
Mar 26 01:00:05.159430 np0000160844 neutron-periodic-workers[104472]: DEBUG cotyledon.oslo_config_glue [-] ovn.disable_ovn_dhcp_for_baremetal_ports = False {{(pid=104472) log_opt_values /opt/stack/data/venv/lib/python3.12/site-packages/oslo_config/cfg.py:3006}}
Mar 26 01:00:05.159463 np0000160844 neutron-periodic-workers[104472]: DEBUG cotyledon.oslo_config_glue [-] ovn.dns_records_ovn_owned = False {{(pid=104472) log_opt_values /opt/stack/data/venv/lib/python3.12/site-packages/oslo_config/cfg.py:3006}}
Mar 26 01:00:05.159506 np0000160844 neutron-periodic-workers[104472]: DEBUG cotyledon.oslo_config_glue [-] ovn.dns_servers = [] {{(pid=104472) log_opt_values /opt/stack/data/venv/lib/python3.12/site-packages/oslo_config/cfg.py:3006}}
Mar 26 01:00:05.159555 np0000160844 neutron-periodic-workers[104472]: DEBUG cotyledon.oslo_config_glue [-] ovn.enable_distributed_floating_ip = False {{(pid=104472) log_opt_values /opt/stack/data/venv/lib/python3.12/site-packages/oslo_config/cfg.py:3006}}
Mar 26 01:00:05.159604 np0000160844 neutron-periodic-workers[104472]: DEBUG cotyledon.oslo_config_glue [-] ovn.fdb_age_threshold = 300 {{(pid=104472) log_opt_values /opt/stack/data/venv/lib/python3.12/site-packages/oslo_config/cfg.py:3006}}
Mar 26 01:00:05.159653 np0000160844 neutron-periodic-workers[104472]: DEBUG cotyledon.oslo_config_glue [-] ovn.ha_failover_strategy = normal {{(pid=104472) log_opt_values /opt/stack/data/venv/lib/python3.12/site-packages/oslo_config/cfg.py:3006}}
Mar 26 01:00:05.159694 np0000160844 neutron-periodic-workers[104472]: DEBUG cotyledon.oslo_config_glue [-] ovn.live_migration_activation_strategy = rarp {{(pid=104472) log_opt_values /opt/stack/data/venv/lib/python3.12/site-packages/oslo_config/cfg.py:3006}}
Mar 26 01:00:05.159801 np0000160844 neutron-periodic-workers[104472]: DEBUG cotyledon.oslo_config_glue [-] ovn.localnet_learn_fdb = False {{(pid=104472) log_opt_values /opt/stack/data/venv/lib/python3.12/site-packages/oslo_config/cfg.py:3006}}
Mar 26 01:00:05.159844 np0000160844 neutron-periodic-workers[104472]: DEBUG cotyledon.oslo_config_glue [-] ovn.mac_binding_age_threshold = 300 {{(pid=104472) log_opt_values /opt/stack/data/venv/lib/python3.12/site-packages/oslo_config/cfg.py:3006}}
Mar 26 01:00:05.159891 np0000160844 neutron-periodic-workers[104472]: DEBUG cotyledon.oslo_config_glue [-] ovn.neutron_sync_mode = log {{(pid=104472) log_opt_values /opt/stack/data/venv/lib/python3.12/site-packages/oslo_config/cfg.py:3006}}
Mar 26 01:00:05.159928 np0000160844 neutron-periodic-workers[104472]: DEBUG cotyledon.oslo_config_glue [-] ovn.ovn_dhcp4_global_options = {} {{(pid=104472) log_opt_values /opt/stack/data/venv/lib/python3.12/site-packages/oslo_config/cfg.py:3006}}
Mar 26 01:00:05.159966 np0000160844 neutron-periodic-workers[104472]: DEBUG cotyledon.oslo_config_glue [-] ovn.ovn_dhcp6_global_options = {} {{(pid=104472) log_opt_values /opt/stack/data/venv/lib/python3.12/site-packages/oslo_config/cfg.py:3006}}
Mar 26 01:00:05.160225 np0000160844 neutron-periodic-workers[104472]: DEBUG cotyledon.oslo_config_glue [-] ovn.ovn_l3_scheduler = leastloaded {{(pid=104472) log_opt_values /opt/stack/data/venv/lib/python3.12/site-packages/oslo_config/cfg.py:3006}}
Mar 26 01:00:05.160261 np0000160844 neutron-periodic-workers[104472]: DEBUG cotyledon.oslo_config_glue [-] ovn.ovn_metadata_enabled = True {{(pid=104472) log_opt_values /opt/stack/data/venv/lib/python3.12/site-packages/oslo_config/cfg.py:3006}}
Mar 26 01:00:05.160416 np0000160844 neutron-periodic-workers[104472]: DEBUG cotyledon.oslo_config_glue [-] ovn.ovn_nb_ca_cert = /opt/stack/data/CA/int-ca/ca-chain.pem {{(pid=104472) log_opt_values /opt/stack/data/venv/lib/python3.12/site-packages/oslo_config/cfg.py:3006}}
Mar 26 01:00:05.160564 np0000160844 neutron-periodic-workers[104472]: DEBUG cotyledon.oslo_config_glue [-] ovn.ovn_nb_certificate = /opt/stack/data/CA/int-ca/devstack-cert.crt {{(pid=104472) log_opt_values /opt/stack/data/venv/lib/python3.12/site-packages/oslo_config/cfg.py:3006}}
Mar 26 01:00:05.160600 np0000160844 neutron-periodic-workers[104472]: DEBUG cotyledon.oslo_config_glue [-] ovn.ovn_nb_connection = ['ssl:199.204.45.141:6641'] {{(pid=104472) log_opt_values /opt/stack/data/venv/lib/python3.12/site-packages/oslo_config/cfg.py:3006}}
Mar 26 01:00:05.160641 np0000160844 neutron-periodic-workers[104472]: DEBUG cotyledon.oslo_config_glue [-] ovn.ovn_nb_private_key = /opt/stack/data/CA/int-ca/private/devstack-cert.key {{(pid=104472) log_opt_values /opt/stack/data/venv/lib/python3.12/site-packages/oslo_config/cfg.py:3006}}
Mar 26 01:00:05.160679 np0000160844 neutron-periodic-workers[104472]: DEBUG cotyledon.oslo_config_glue [-] ovn.ovn_router_indirect_snat = False {{(pid=104472) log_opt_values /opt/stack/data/venv/lib/python3.12/site-packages/oslo_config/cfg.py:3006}}
Mar 26 01:00:05.160760 np0000160844 neutron-periodic-workers[104472]: DEBUG cotyledon.oslo_config_glue [-] ovn.ovn_sb_ca_cert = /opt/stack/data/CA/int-ca/ca-chain.pem {{(pid=104472) log_opt_values /opt/stack/data/venv/lib/python3.12/site-packages/oslo_config/cfg.py:3006}}
Mar 26 01:00:05.160760 np0000160844 neutron-periodic-workers[104472]: DEBUG cotyledon.oslo_config_glue [-] ovn.ovn_sb_certificate = /opt/stack/data/CA/int-ca/devstack-cert.crt {{(pid=104472) log_opt_values /opt/stack/data/venv/lib/python3.12/site-packages/oslo_config/cfg.py:3006}}
Mar 26 01:00:05.160847 np0000160844 neutron-periodic-workers[104472]: DEBUG cotyledon.oslo_config_glue [-] ovn.ovn_sb_connection = ['ssl:199.204.45.141:6642'] {{(pid=104472) log_opt_values /opt/stack/data/venv/lib/python3.12/site-packages/oslo_config/cfg.py:3006}}
Mar 26 01:00:05.160847 np0000160844 neutron-periodic-workers[104472]: DEBUG cotyledon.oslo_config_glue [-] ovn.ovn_sb_private_key = /opt/stack/data/CA/int-ca/private/devstack-cert.key {{(pid=104472) log_opt_values /opt/stack/data/venv/lib/python3.12/site-packages/oslo_config/cfg.py:3006}}
Mar 26 01:00:05.160847 np0000160844 neutron-periodic-workers[104472]: DEBUG cotyledon.oslo_config_glue [-] ovn.ovs_create_tap = False {{(pid=104472) log_opt_values /opt/stack/data/venv/lib/python3.12/site-packages/oslo_config/cfg.py:3006}}
Mar 26 01:00:05.160928 np0000160844 neutron-periodic-workers[104472]: DEBUG cotyledon.oslo_config_glue [-] ovn.ovsdb_connection_timeout = 180 {{(pid=104472) log_opt_values /opt/stack/data/venv/lib/python3.12/site-packages/oslo_config/cfg.py:3006}}
Mar 26 01:00:05.160928 np0000160844 neutron-periodic-workers[104472]: DEBUG cotyledon.oslo_config_glue [-] ovn.ovsdb_log_level = INFO {{(pid=104472) log_opt_values /opt/stack/data/venv/lib/python3.12/site-packages/oslo_config/cfg.py:3006}}
Mar 26 01:00:05.160985 np0000160844 neutron-periodic-workers[104472]: DEBUG cotyledon.oslo_config_glue [-] ovn.ovsdb_probe_interval = 60000 {{(pid=104472) log_opt_values /opt/stack/data/venv/lib/python3.12/site-packages/oslo_config/cfg.py:3006}}
Mar 26 01:00:05.161019 np0000160844 neutron-periodic-workers[104472]: DEBUG cotyledon.oslo_config_glue [-] ovn.ovsdb_retry_max_interval = 180 {{(pid=104472) log_opt_values /opt/stack/data/venv/lib/python3.12/site-packages/oslo_config/cfg.py:3006}}
Mar 26 01:00:05.161045 np0000160844 neutron-periodic-workers[104472]: DEBUG cotyledon.oslo_config_glue [-] ovn.stateless_nat_enabled = False {{(pid=104472) log_opt_values /opt/stack/data/venv/lib/python3.12/site-packages/oslo_config/cfg.py:3006}}
Mar 26 01:00:05.161093 np0000160844 neutron-periodic-workers[104472]: DEBUG cotyledon.oslo_config_glue [-] ovn.vhost_sock_dir = /var/run/openvswitch {{(pid=104472) log_opt_values /opt/stack/data/venv/lib/python3.12/site-packages/oslo_config/cfg.py:3006}}
Mar 26 01:00:05.161147 np0000160844 neutron-periodic-workers[104472]: DEBUG cotyledon.oslo_config_glue [-] OVS.bridge_mac_table_size = 50000 {{(pid=104472) log_opt_values /opt/stack/data/venv/lib/python3.12/site-packages/oslo_config/cfg.py:3006}}
Mar 26 01:00:05.161196 np0000160844 neutron-periodic-workers[104472]: DEBUG cotyledon.oslo_config_glue [-] OVS.igmp_flood = False {{(pid=104472) log_opt_values /opt/stack/data/venv/lib/python3.12/site-packages/oslo_config/cfg.py:3006}}
Mar 26 01:00:05.161227 np0000160844 neutron-periodic-workers[104472]: DEBUG cotyledon.oslo_config_glue [-] OVS.igmp_flood_reports = True {{(pid=104472) log_opt_values /opt/stack/data/venv/lib/python3.12/site-packages/oslo_config/cfg.py:3006}}
Mar 26 01:00:05.161305 np0000160844 neutron-periodic-workers[104472]: DEBUG cotyledon.oslo_config_glue [-] OVS.igmp_flood_unregistered = False {{(pid=104472) log_opt_values /opt/stack/data/venv/lib/python3.12/site-packages/oslo_config/cfg.py:3006}}
Mar 26 01:00:05.161358 np0000160844 neutron-periodic-workers[104472]: DEBUG cotyledon.oslo_config_glue [-] OVS.igmp_snooping_enable = False {{(pid=104472) log_opt_values /opt/stack/data/venv/lib/python3.12/site-packages/oslo_config/cfg.py:3006}}
Mar 26 01:00:05.161390 np0000160844 neutron-periodic-workers[104472]: DEBUG cotyledon.oslo_config_glue [-] OVS.ovsdb_timeout = 10 {{(pid=104472) log_opt_values /opt/stack/data/venv/lib/python3.12/site-packages/oslo_config/cfg.py:3006}}
Mar 26 01:00:05.161453 np0000160844 neutron-periodic-workers[104472]: DEBUG cotyledon.oslo_config_glue [-] ovn_nb_global.fdb_removal_limit = 0 {{(pid=104472) log_opt_values /opt/stack/data/venv/lib/python3.12/site-packages/oslo_config/cfg.py:3006}}
Mar 26 01:00:05.161501 np0000160844 neutron-periodic-workers[104472]: DEBUG cotyledon.oslo_config_glue [-] ovn_nb_global.ignore_lsp_down = False {{(pid=104472) log_opt_values /opt/stack/data/venv/lib/python3.12/site-packages/oslo_config/cfg.py:3006}}
Mar 26 01:00:05.161570 np0000160844 neutron-periodic-workers[104472]: DEBUG cotyledon.oslo_config_glue [-] ovn_nb_global.mac_binding_removal_limit = 0 {{(pid=104472) log_opt_values /opt/stack/data/venv/lib/python3.12/site-packages/oslo_config/cfg.py:3006}}
Mar 26 01:00:05.161612 np0000160844 neutron-periodic-workers[104472]: DEBUG cotyledon.oslo_config_glue [-] ******************************************************************************** {{(pid=104472) log_opt_values /opt/stack/data/venv/lib/python3.12/site-packages/oslo_config/cfg.py:3013}}
Mar 26 01:00:05.161785 np0000160844 neutron-periodic-workers[104472]: DEBUG cotyledon._service_worker [-] Run service ServiceWrapper(0) [104472] {{(pid=104472) wait_forever /opt/stack/data/venv/lib/python3.12/site-packages/cotyledon/_service_worker.py:218}}
Mar 26 01:00:14.794682 np0000160844 neutron-periodic-workers[103738]: DEBUG dbcounter [-] [103738] Writing DB stats neutron:SELECT=7,neutron:INSERT=1 {{(pid=103738) stat_writer /opt/stack/data/venv/lib/python3.12/site-packages/dbcounter.py:115}}
Mar 26 01:00:53.107956 np0000160844 neutron-periodic-workers[104439]: DEBUG oslo_db.sqlalchemy.engines [None req-771306fb-f2d9-4114-9eae-1e297697e0a0 None None] Parent process 103738 forked (104439) with an open database connection, which is being discarded and recreated. {{(pid=104439) checkout /opt/stack/data/venv/lib/python3.12/site-packages/oslo_db/sqlalchemy/engines.py:402}}
Mar 26 01:00:53.116653 np0000160844 neutron-periodic-workers[104439]: DEBUG dbcounter [-] [104439] Writer thread running {{(pid=104439) stat_writer /opt/stack/data/venv/lib/python3.12/site-packages/dbcounter.py:102}}
Mar 26 01:00:53.125441 np0000160844 neutron-periodic-workers[104439]: DEBUG oslo.service.backend._threading.loopingcall [None req-771306fb-f2d9-4114-9eae-1e297697e0a0 None None] Fixed interval looping call 'neutron.plugins.ml2.plugin.DhcpAgentSchedulerDbMixin.remove_networks_from_down_agents' sleeping for 36.98 seconds {{(pid=104439) _run_loop /opt/stack/data/venv/lib/python3.12/site-packages/oslo_service/backend/_threading/loopingcall.py:125}}
Mar 26 01:01:03.124464 np0000160844 neutron-periodic-workers[104439]: DEBUG dbcounter [-] [104439] Writing DB stats neutron:SELECT=3 {{(pid=104439) stat_writer /opt/stack/data/venv/lib/python3.12/site-packages/dbcounter.py:115}}
Mar 26 01:01:05.146246 np0000160844 neutron-periodic-workers[104450]: DEBUG dbcounter [-] [104450] Writer thread running {{(pid=104450) stat_writer /opt/stack/data/venv/lib/python3.12/site-packages/dbcounter.py:102}}
Mar 26 01:01:05.150691 np0000160844 neutron-periodic-workers[104450]: DEBUG neutron.db.agents_db [None req-0f08e6fb-dd66-4da9-9a12-eeaae1ddc2a2 None None] Agent healthcheck: found 0 active agents {{(pid=104450) agent_health_check /opt/stack/neutron/neutron/db/agents_db.py:317}}
Mar 26 01:01:05.150870 np0000160844 neutron-periodic-workers[104450]: DEBUG oslo.service.backend._threading.loopingcall [None req-0f08e6fb-dd66-4da9-9a12-eeaae1ddc2a2 None None] Fixed interval looping call 'neutron.plugins.ml2.plugin.AgentDbMixin.agent_health_check' sleeping for 36.97 seconds {{(pid=104450) _run_loop /opt/stack/data/venv/lib/python3.12/site-packages/oslo_service/backend/_threading/loopingcall.py:125}}
Mar 26 01:01:15.147715 np0000160844 neutron-periodic-workers[104450]: DEBUG dbcounter [-] [104450] Writing DB stats neutron:SELECT=1 {{(pid=104450) stat_writer /opt/stack/data/venv/lib/python3.12/site-packages/dbcounter.py:115}}
Mar 26 01:01:30.142665 np0000160844 neutron-periodic-workers[104439]: DEBUG oslo.service.backend._threading.loopingcall [None req-771306fb-f2d9-4114-9eae-1e297697e0a0 None None] Fixed interval looping call 'neutron.plugins.ml2.plugin.DhcpAgentSchedulerDbMixin.remove_networks_from_down_agents' sleeping for 36.97 seconds {{(pid=104439) _run_loop /opt/stack/data/venv/lib/python3.12/site-packages/oslo_service/backend/_threading/loopingcall.py:125}}
Mar 26 01:01:40.141634 np0000160844 neutron-periodic-workers[104439]: DEBUG dbcounter [-] [104439] Writing DB stats neutron:SELECT=3 {{(pid=104439) stat_writer /opt/stack/data/venv/lib/python3.12/site-packages/dbcounter.py:115}}
Mar 26 01:01:42.127070 np0000160844 neutron-periodic-workers[104450]: DEBUG neutron.db.agents_db [None req-0f08e6fb-dd66-4da9-9a12-eeaae1ddc2a2 None None] Agent healthcheck: found 0 active agents {{(pid=104450) agent_health_check /opt/stack/neutron/neutron/db/agents_db.py:317}}
Mar 26 01:01:42.127842 np0000160844 neutron-periodic-workers[104450]: DEBUG oslo.service.backend._threading.loopingcall [None req-0f08e6fb-dd66-4da9-9a12-eeaae1ddc2a2 None None] Fixed interval looping call 'neutron.plugins.ml2.plugin.AgentDbMixin.agent_health_check' sleeping for 36.99 seconds {{(pid=104450) _run_loop /opt/stack/data/venv/lib/python3.12/site-packages/oslo_service/backend/_threading/loopingcall.py:125}}
Mar 26 01:01:52.125432 np0000160844 neutron-periodic-workers[104450]: DEBUG dbcounter [-] [104450] Writing DB stats neutron:SELECT=1 {{(pid=104450) stat_writer /opt/stack/data/venv/lib/python3.12/site-packages/dbcounter.py:115}}
Mar 26 01:02:05.148845 np0000160844 neutron-periodic-workers[104462]: DEBUG dbcounter [-] [104462] Writer thread running {{(pid=104462) stat_writer /opt/stack/data/venv/lib/python3.12/site-packages/dbcounter.py:102}}
Mar 26 01:02:05.161654 np0000160844 neutron-periodic-workers[104462]: DEBUG oslo.service.backend._threading.loopingcall [None req-0f4f1506-612c-48fc-9601-e44d27ede780 None None] Fixed interval looping call 'neutron.db.quota.driver_nolock.DbQuotaNoLockDriver._remove_expired_reservations' sleeping for 119.97 seconds {{(pid=104462) _run_loop /opt/stack/data/venv/lib/python3.12/site-packages/oslo_service/backend/_threading/loopingcall.py:125}}
Mar 26 01:02:07.126835 np0000160844 neutron-periodic-workers[104439]: DEBUG oslo.service.backend._threading.loopingcall [None req-771306fb-f2d9-4114-9eae-1e297697e0a0 None None] Fixed interval looping call 'neutron.plugins.ml2.plugin.DhcpAgentSchedulerDbMixin.remove_networks_from_down_agents' sleeping for 36.99 seconds {{(pid=104439) _run_loop /opt/stack/data/venv/lib/python3.12/site-packages/oslo_service/backend/_threading/loopingcall.py:125}}
Mar 26 01:02:15.149409 np0000160844 neutron-periodic-workers[104462]: DEBUG dbcounter [-] [104462] Writing DB stats neutron:DELETE=1 {{(pid=104462) stat_writer /opt/stack/data/venv/lib/python3.12/site-packages/dbcounter.py:115}}
Mar 26 01:02:17.123794 np0000160844 neutron-periodic-workers[104439]: DEBUG dbcounter [-] [104439] Writing DB stats neutron:SELECT=3 {{(pid=104439) stat_writer /opt/stack/data/venv/lib/python3.12/site-packages/dbcounter.py:115}}
Mar 26 01:02:19.124035 np0000160844 neutron-periodic-workers[104450]: DEBUG neutron.db.agents_db [None req-0f08e6fb-dd66-4da9-9a12-eeaae1ddc2a2 None None] Agent healthcheck: found 0 active agents {{(pid=104450) agent_health_check /opt/stack/neutron/neutron/db/agents_db.py:317}}
Mar 26 01:02:19.124583 np0000160844 neutron-periodic-workers[104450]: DEBUG oslo.service.backend._threading.loopingcall [None req-0f08e6fb-dd66-4da9-9a12-eeaae1ddc2a2 None None] Fixed interval looping call 'neutron.plugins.ml2.plugin.AgentDbMixin.agent_health_check' sleeping for 36.99 seconds {{(pid=104450) _run_loop /opt/stack/data/venv/lib/python3.12/site-packages/oslo_service/backend/_threading/loopingcall.py:125}}
Mar 26 01:02:29.122198 np0000160844 neutron-periodic-workers[104450]: DEBUG dbcounter [-] [104450] Writing DB stats neutron:SELECT=1 {{(pid=104450) stat_writer /opt/stack/data/venv/lib/python3.12/site-packages/dbcounter.py:115}}
Mar 26 01:02:44.127929 np0000160844 neutron-periodic-workers[104439]: DEBUG oslo.service.backend._threading.loopingcall [None req-771306fb-f2d9-4114-9eae-1e297697e0a0 None None] Fixed interval looping call 'neutron.plugins.ml2.plugin.DhcpAgentSchedulerDbMixin.remove_networks_from_down_agents' sleeping for 36.99 seconds {{(pid=104439) _run_loop /opt/stack/data/venv/lib/python3.12/site-packages/oslo_service/backend/_threading/loopingcall.py:125}}
Mar 26 01:02:54.127546 np0000160844 neutron-periodic-workers[104439]: DEBUG dbcounter [-] [104439] Writing DB stats neutron:SELECT=3 {{(pid=104439) stat_writer /opt/stack/data/venv/lib/python3.12/site-packages/dbcounter.py:115}}
Mar 26 01:02:56.120431 np0000160844 neutron-periodic-workers[104450]: DEBUG neutron.db.agents_db [None req-0f08e6fb-dd66-4da9-9a12-eeaae1ddc2a2 None None] Agent healthcheck: found 0 active agents {{(pid=104450) agent_health_check /opt/stack/neutron/neutron/db/agents_db.py:317}}
Mar 26 01:02:56.120962 np0000160844 neutron-periodic-workers[104450]: DEBUG oslo.service.backend._threading.loopingcall [None req-0f08e6fb-dd66-4da9-9a12-eeaae1ddc2a2 None None] Fixed interval looping call 'neutron.plugins.ml2.plugin.AgentDbMixin.agent_health_check' sleeping for 36.99 seconds {{(pid=104450) _run_loop /opt/stack/data/venv/lib/python3.12/site-packages/oslo_service/backend/_threading/loopingcall.py:125}}
Mar 26 01:03:06.118800 np0000160844 neutron-periodic-workers[104450]: DEBUG dbcounter [-] [104450] Writing DB stats neutron:SELECT=1 {{(pid=104450) stat_writer /opt/stack/data/venv/lib/python3.12/site-packages/dbcounter.py:115}}
Mar 26 01:03:21.126624 np0000160844 neutron-periodic-workers[104439]: DEBUG oslo.service.backend._threading.loopingcall [None req-771306fb-f2d9-4114-9eae-1e297697e0a0 None None] Fixed interval looping call 'neutron.plugins.ml2.plugin.DhcpAgentSchedulerDbMixin.remove_networks_from_down_agents' sleeping for 36.99 seconds {{(pid=104439) _run_loop /opt/stack/data/venv/lib/python3.12/site-packages/oslo_service/backend/_threading/loopingcall.py:125}}
Mar 26 01:03:31.125459 np0000160844 neutron-periodic-workers[104439]: DEBUG dbcounter [-] [104439] Writing DB stats neutron:SELECT=3 {{(pid=104439) stat_writer /opt/stack/data/venv/lib/python3.12/site-packages/dbcounter.py:115}}
Mar 26 01:03:33.116003 np0000160844 neutron-periodic-workers[104450]: DEBUG neutron.db.agents_db [None req-0f08e6fb-dd66-4da9-9a12-eeaae1ddc2a2 None None] Agent healthcheck: found 0 active agents {{(pid=104450) agent_health_check /opt/stack/neutron/neutron/db/agents_db.py:317}}
Mar 26 01:03:33.116706 np0000160844 neutron-periodic-workers[104450]: DEBUG oslo.service.backend._threading.loopingcall [None req-0f08e6fb-dd66-4da9-9a12-eeaae1ddc2a2 None None] Fixed interval looping call 'neutron.plugins.ml2.plugin.AgentDbMixin.agent_health_check' sleeping for 36.99 seconds {{(pid=104450) _run_loop /opt/stack/data/venv/lib/python3.12/site-packages/oslo_service/backend/_threading/loopingcall.py:125}}
Mar 26 01:03:43.115025 np0000160844 neutron-periodic-workers[104450]: DEBUG dbcounter [-] [104450] Writing DB stats neutron:SELECT=1 {{(pid=104450) stat_writer /opt/stack/data/venv/lib/python3.12/site-packages/dbcounter.py:115}}
Mar 26 01:03:58.126906 np0000160844 neutron-periodic-workers[104439]: DEBUG oslo.service.backend._threading.loopingcall [None req-771306fb-f2d9-4114-9eae-1e297697e0a0 None None] Fixed interval looping call 'neutron.plugins.ml2.plugin.DhcpAgentSchedulerDbMixin.remove_networks_from_down_agents' sleeping for 36.99 seconds {{(pid=104439) _run_loop /opt/stack/data/venv/lib/python3.12/site-packages/oslo_service/backend/_threading/loopingcall.py:125}}
Mar 26 01:03:59.197115 np0000160844 neutron-periodic-workers[104472]: DEBUG dbcounter [-] [104472] Writer thread running {{(pid=104472) stat_writer /opt/stack/data/venv/lib/python3.12/site-packages/dbcounter.py:102}}
Mar 26 01:03:59.207271 np0000160844 neutron-periodic-workers[104472]: DEBUG oslo.service.backend._threading.loopingcall [None req-fec88641-2d6d-4e6a-8bb0-3e0b1030b6c9 None None] Fixed interval looping call 'neutron.services.ovn_l3.plugin.L3_NAT_dbonly_mixin._clean_garbage' sleeping for 299.96 seconds {{(pid=104472) _run_loop /opt/stack/data/venv/lib/python3.12/site-packages/oslo_service/backend/_threading/loopingcall.py:125}}
Mar 26 01:04:05.136776 np0000160844 neutron-periodic-workers[104462]: DEBUG oslo.service.backend._threading.loopingcall [None req-0f4f1506-612c-48fc-9601-e44d27ede780 None None] Fixed interval looping call 'neutron.db.quota.driver_nolock.DbQuotaNoLockDriver._remove_expired_reservations' sleeping for 120.00 seconds {{(pid=104462) _run_loop /opt/stack/data/venv/lib/python3.12/site-packages/oslo_service/backend/_threading/loopingcall.py:125}}
Mar 26 01:04:08.125884 np0000160844 neutron-periodic-workers[104439]: DEBUG dbcounter [-] [104439] Writing DB stats neutron:SELECT=3 {{(pid=104439) stat_writer /opt/stack/data/venv/lib/python3.12/site-packages/dbcounter.py:115}}
Mar 26 01:04:09.197866 np0000160844 neutron-periodic-workers[104472]: DEBUG dbcounter [-] [104472] Writing DB stats neutron:SELECT=1 {{(pid=104472) stat_writer /opt/stack/data/venv/lib/python3.12/site-packages/dbcounter.py:115}}
Mar 26 01:04:10.112086 np0000160844 neutron-periodic-workers[104450]: DEBUG neutron.db.agents_db [None req-0f08e6fb-dd66-4da9-9a12-eeaae1ddc2a2 None None] Agent healthcheck: found 0 active agents {{(pid=104450) agent_health_check /opt/stack/neutron/neutron/db/agents_db.py:317}}
Mar 26 01:04:10.112869 np0000160844 neutron-periodic-workers[104450]: DEBUG oslo.service.backend._threading.loopingcall [None req-0f08e6fb-dd66-4da9-9a12-eeaae1ddc2a2 None None] Fixed interval looping call 'neutron.plugins.ml2.plugin.AgentDbMixin.agent_health_check' sleeping for 36.99 seconds {{(pid=104450) _run_loop /opt/stack/data/venv/lib/python3.12/site-packages/oslo_service/backend/_threading/loopingcall.py:125}}
Mar 26 01:04:15.135195 np0000160844 neutron-periodic-workers[104462]: DEBUG dbcounter [-] [104462] Writing DB stats neutron:DELETE=1 {{(pid=104462) stat_writer /opt/stack/data/venv/lib/python3.12/site-packages/dbcounter.py:115}}
Mar 26 01:04:20.110154 np0000160844 neutron-periodic-workers[104450]: DEBUG dbcounter [-] [104450] Writing DB stats neutron:SELECT=1 {{(pid=104450) stat_writer /opt/stack/data/venv/lib/python3.12/site-packages/dbcounter.py:115}}
Mar 26 01:04:35.127119 np0000160844 neutron-periodic-workers[104439]: DEBUG oslo.service.backend._threading.loopingcall [None req-771306fb-f2d9-4114-9eae-1e297697e0a0 None None] Fixed interval looping call 'neutron.plugins.ml2.plugin.DhcpAgentSchedulerDbMixin.remove_networks_from_down_agents' sleeping for 36.99 seconds {{(pid=104439) _run_loop /opt/stack/data/venv/lib/python3.12/site-packages/oslo_service/backend/_threading/loopingcall.py:125}}
Mar 26 01:04:45.125951 np0000160844 neutron-periodic-workers[104439]: DEBUG dbcounter [-] [104439] Writing DB stats neutron:SELECT=3 {{(pid=104439) stat_writer /opt/stack/data/venv/lib/python3.12/site-packages/dbcounter.py:115}}
Mar 26 01:04:47.109065 np0000160844 neutron-periodic-workers[104450]: DEBUG neutron.db.agents_db [None req-0f08e6fb-dd66-4da9-9a12-eeaae1ddc2a2 None None] Agent healthcheck: found 0 active agents {{(pid=104450) agent_health_check /opt/stack/neutron/neutron/db/agents_db.py:317}}
Mar 26 01:04:47.109926 np0000160844 neutron-periodic-workers[104450]: DEBUG oslo.service.backend._threading.loopingcall [None req-0f08e6fb-dd66-4da9-9a12-eeaae1ddc2a2 None None] Fixed interval looping call 'neutron.plugins.ml2.plugin.AgentDbMixin.agent_health_check' sleeping for 36.99 seconds {{(pid=104450) _run_loop /opt/stack/data/venv/lib/python3.12/site-packages/oslo_service/backend/_threading/loopingcall.py:125}}
Mar 26 01:04:57.107191 np0000160844 neutron-periodic-workers[104450]: DEBUG dbcounter [-] [104450] Writing DB stats neutron:SELECT=1 {{(pid=104450) stat_writer /opt/stack/data/venv/lib/python3.12/site-packages/dbcounter.py:115}}
Mar 26 01:05:12.127244 np0000160844 neutron-periodic-workers[104439]: DEBUG oslo.service.backend._threading.loopingcall [None req-771306fb-f2d9-4114-9eae-1e297697e0a0 None None] Fixed interval looping call 'neutron.plugins.ml2.plugin.DhcpAgentSchedulerDbMixin.remove_networks_from_down_agents' sleeping for 36.99 seconds {{(pid=104439) _run_loop /opt/stack/data/venv/lib/python3.12/site-packages/oslo_service/backend/_threading/loopingcall.py:125}}
Mar 26 01:05:22.125677 np0000160844 neutron-periodic-workers[104439]: DEBUG dbcounter [-] [104439] Writing DB stats neutron:SELECT=3 {{(pid=104439) stat_writer /opt/stack/data/venv/lib/python3.12/site-packages/dbcounter.py:115}}
Mar 26 01:05:24.105199 np0000160844 neutron-periodic-workers[104450]: DEBUG neutron.db.agents_db [None req-0f08e6fb-dd66-4da9-9a12-eeaae1ddc2a2 None None] Agent healthcheck: found 0 active agents {{(pid=104450) agent_health_check /opt/stack/neutron/neutron/db/agents_db.py:317}}
Mar 26 01:05:24.105914 np0000160844 neutron-periodic-workers[104450]: DEBUG oslo.service.backend._threading.loopingcall [None req-0f08e6fb-dd66-4da9-9a12-eeaae1ddc2a2 None None] Fixed interval looping call 'neutron.plugins.ml2.plugin.AgentDbMixin.agent_health_check' sleeping for 36.99 seconds {{(pid=104450) _run_loop /opt/stack/data/venv/lib/python3.12/site-packages/oslo_service/backend/_threading/loopingcall.py:125}}
Mar 26 01:05:34.103390 np0000160844 neutron-periodic-workers[104450]: DEBUG dbcounter [-] [104450] Writing DB stats neutron:SELECT=1 {{(pid=104450) stat_writer /opt/stack/data/venv/lib/python3.12/site-packages/dbcounter.py:115}}
Mar 26 01:05:49.126815 np0000160844 neutron-periodic-workers[104439]: DEBUG oslo.service.backend._threading.loopingcall [None req-771306fb-f2d9-4114-9eae-1e297697e0a0 None None] Fixed interval looping call 'neutron.plugins.ml2.plugin.DhcpAgentSchedulerDbMixin.remove_networks_from_down_agents' sleeping for 36.99 seconds {{(pid=104439) _run_loop /opt/stack/data/venv/lib/python3.12/site-packages/oslo_service/backend/_threading/loopingcall.py:125}}
Mar 26 01:05:59.126030 np0000160844 neutron-periodic-workers[104439]: DEBUG dbcounter [-] [104439] Writing DB stats neutron:SELECT=3 {{(pid=104439) stat_writer /opt/stack/data/venv/lib/python3.12/site-packages/dbcounter.py:115}}
Mar 26 01:06:01.102475 np0000160844 neutron-periodic-workers[104450]: DEBUG neutron.db.agents_db [None req-0f08e6fb-dd66-4da9-9a12-eeaae1ddc2a2 None None] Agent healthcheck: found 0 active agents {{(pid=104450) agent_health_check /opt/stack/neutron/neutron/db/agents_db.py:317}}
Mar 26 01:06:01.103506 np0000160844 neutron-periodic-workers[104450]: DEBUG oslo.service.backend._threading.loopingcall [None req-0f08e6fb-dd66-4da9-9a12-eeaae1ddc2a2 None None] Fixed interval looping call 'neutron.plugins.ml2.plugin.AgentDbMixin.agent_health_check' sleeping for 36.99 seconds {{(pid=104450) _run_loop /opt/stack/data/venv/lib/python3.12/site-packages/oslo_service/backend/_threading/loopingcall.py:125}}
Mar 26 01:06:05.142758 np0000160844 neutron-periodic-workers[104462]: DEBUG oslo.service.backend._threading.loopingcall [None req-0f4f1506-612c-48fc-9601-e44d27ede780 None None] Fixed interval looping call 'neutron.db.quota.driver_nolock.DbQuotaNoLockDriver._remove_expired_reservations' sleeping for 119.99 seconds {{(pid=104462) _run_loop /opt/stack/data/venv/lib/python3.12/site-packages/oslo_service/backend/_threading/loopingcall.py:125}}
Mar 26 01:06:11.100506 np0000160844 neutron-periodic-workers[104450]: DEBUG dbcounter [-] [104450] Writing DB stats neutron:SELECT=1 {{(pid=104450) stat_writer /opt/stack/data/venv/lib/python3.12/site-packages/dbcounter.py:115}}
Mar 26 01:06:15.140954 np0000160844 neutron-periodic-workers[104462]: DEBUG dbcounter [-] [104462] Writing DB stats neutron:DELETE=1 {{(pid=104462) stat_writer /opt/stack/data/venv/lib/python3.12/site-packages/dbcounter.py:115}}
Mar 26 01:06:26.124883 np0000160844 neutron-periodic-workers[104439]: DEBUG oslo.service.backend._threading.loopingcall [None req-771306fb-f2d9-4114-9eae-1e297697e0a0 None None] Fixed interval looping call 'neutron.plugins.ml2.plugin.DhcpAgentSchedulerDbMixin.remove_networks_from_down_agents' sleeping for 36.99 seconds {{(pid=104439) _run_loop /opt/stack/data/venv/lib/python3.12/site-packages/oslo_service/backend/_threading/loopingcall.py:125}}
Mar 26 01:06:36.124217 np0000160844 neutron-periodic-workers[104439]: DEBUG dbcounter [-] [104439] Writing DB stats neutron:SELECT=3 {{(pid=104439) stat_writer /opt/stack/data/venv/lib/python3.12/site-packages/dbcounter.py:115}}
Mar 26 01:06:38.098431 np0000160844 neutron-periodic-workers[104450]: DEBUG neutron.db.agents_db [None req-0f08e6fb-dd66-4da9-9a12-eeaae1ddc2a2 None None] Agent healthcheck: found 0 active agents {{(pid=104450) agent_health_check /opt/stack/neutron/neutron/db/agents_db.py:317}}
Mar 26 01:06:38.098764 np0000160844 neutron-periodic-workers[104450]: DEBUG oslo.service.backend._threading.loopingcall [None req-0f08e6fb-dd66-4da9-9a12-eeaae1ddc2a2 None None] Fixed interval looping call 'neutron.plugins.ml2.plugin.AgentDbMixin.agent_health_check' sleeping for 36.99 seconds {{(pid=104450) _run_loop /opt/stack/data/venv/lib/python3.12/site-packages/oslo_service/backend/_threading/loopingcall.py:125}}
Mar 26 01:06:48.096803 np0000160844 neutron-periodic-workers[104450]: DEBUG dbcounter [-] [104450] Writing DB stats neutron:SELECT=1 {{(pid=104450) stat_writer /opt/stack/data/venv/lib/python3.12/site-packages/dbcounter.py:115}}
Mar 26 01:07:03.124308 np0000160844 neutron-periodic-workers[104439]: DEBUG oslo.service.backend._threading.loopingcall [None req-771306fb-f2d9-4114-9eae-1e297697e0a0 None None] Fixed interval looping call 'neutron.plugins.ml2.plugin.DhcpAgentSchedulerDbMixin.remove_networks_from_down_agents' sleeping for 36.99 seconds {{(pid=104439) _run_loop /opt/stack/data/venv/lib/python3.12/site-packages/oslo_service/backend/_threading/loopingcall.py:125}}
Mar 26 01:07:13.122940 np0000160844 neutron-periodic-workers[104439]: DEBUG dbcounter [-] [104439] Writing DB stats neutron:SELECT=3 {{(pid=104439) stat_writer /opt/stack/data/venv/lib/python3.12/site-packages/dbcounter.py:115}}
Mar 26 01:07:15.097644 np0000160844 neutron-periodic-workers[104450]: DEBUG neutron.db.agents_db [None req-0f08e6fb-dd66-4da9-9a12-eeaae1ddc2a2 None None] Agent healthcheck: found 0 active agents {{(pid=104450) agent_health_check /opt/stack/neutron/neutron/db/agents_db.py:317}}
Mar 26 01:07:15.098923 np0000160844 neutron-periodic-workers[104450]: DEBUG oslo.service.backend._threading.loopingcall [None req-0f08e6fb-dd66-4da9-9a12-eeaae1ddc2a2 None None] Fixed interval looping call 'neutron.plugins.ml2.plugin.AgentDbMixin.agent_health_check' sleeping for 36.99 seconds {{(pid=104450) _run_loop /opt/stack/data/venv/lib/python3.12/site-packages/oslo_service/backend/_threading/loopingcall.py:125}}
Mar 26 01:07:25.096712 np0000160844 neutron-periodic-workers[104450]: DEBUG dbcounter [-] [104450] Writing DB stats neutron:SELECT=1 {{(pid=104450) stat_writer /opt/stack/data/venv/lib/python3.12/site-packages/dbcounter.py:115}}
Mar 26 01:07:40.137232 np0000160844 neutron-periodic-workers[104439]: DEBUG oslo.service.backend._threading.loopingcall [None req-771306fb-f2d9-4114-9eae-1e297697e0a0 None None] Fixed interval looping call 'neutron.plugins.ml2.plugin.DhcpAgentSchedulerDbMixin.remove_networks_from_down_agents' sleeping for 36.98 seconds {{(pid=104439) _run_loop /opt/stack/data/venv/lib/python3.12/site-packages/oslo_service/backend/_threading/loopingcall.py:125}}
Mar 26 01:07:50.135828 np0000160844 neutron-periodic-workers[104439]: DEBUG dbcounter [-] [104439] Writing DB stats neutron:SELECT=3 {{(pid=104439) stat_writer /opt/stack/data/venv/lib/python3.12/site-packages/dbcounter.py:115}}
Mar 26 01:07:52.098628 np0000160844 neutron-periodic-workers[104450]: DEBUG neutron.db.agents_db [None req-0f08e6fb-dd66-4da9-9a12-eeaae1ddc2a2 None None] Agent healthcheck: found 0 active agents {{(pid=104450) agent_health_check /opt/stack/neutron/neutron/db/agents_db.py:317}}
Mar 26 01:07:52.098990 np0000160844 neutron-periodic-workers[104450]: DEBUG oslo.service.backend._threading.loopingcall [None req-0f08e6fb-dd66-4da9-9a12-eeaae1ddc2a2 None None] Fixed interval looping call 'neutron.plugins.ml2.plugin.AgentDbMixin.agent_health_check' sleeping for 36.99 seconds {{(pid=104450) _run_loop /opt/stack/data/venv/lib/python3.12/site-packages/oslo_service/backend/_threading/loopingcall.py:125}}
Mar 26 01:08:02.094345 np0000160844 neutron-periodic-workers[104450]: DEBUG dbcounter [-] [104450] Writing DB stats neutron:SELECT=1 {{(pid=104450) stat_writer /opt/stack/data/venv/lib/python3.12/site-packages/dbcounter.py:115}}
Mar 26 01:08:05.137973 np0000160844 neutron-periodic-workers[104462]: DEBUG oslo.service.backend._threading.loopingcall [None req-0f4f1506-612c-48fc-9601-e44d27ede780 None None] Fixed interval looping call 'neutron.db.quota.driver_nolock.DbQuotaNoLockDriver._remove_expired_reservations' sleeping for 120.00 seconds {{(pid=104462) _run_loop /opt/stack/data/venv/lib/python3.12/site-packages/oslo_service/backend/_threading/loopingcall.py:125}}
Mar 26 01:08:15.135992 np0000160844 neutron-periodic-workers[104462]: DEBUG dbcounter [-] [104462] Writing DB stats neutron:DELETE=1 {{(pid=104462) stat_writer /opt/stack/data/venv/lib/python3.12/site-packages/dbcounter.py:115}}
Mar 26 01:08:17.127735 np0000160844 neutron-periodic-workers[104439]: DEBUG oslo.service.backend._threading.loopingcall [None req-771306fb-f2d9-4114-9eae-1e297697e0a0 None None] Fixed interval looping call 'neutron.plugins.ml2.plugin.DhcpAgentSchedulerDbMixin.remove_networks_from_down_agents' sleeping for 36.99 seconds {{(pid=104439) _run_loop /opt/stack/data/venv/lib/python3.12/site-packages/oslo_service/backend/_threading/loopingcall.py:125}}
Mar 26 01:08:27.127278 np0000160844 neutron-periodic-workers[104439]: DEBUG dbcounter [-] [104439] Writing DB stats neutron:SELECT=3 {{(pid=104439) stat_writer /opt/stack/data/venv/lib/python3.12/site-packages/dbcounter.py:115}}
Mar 26 01:08:29.095052 np0000160844 neutron-periodic-workers[104450]: DEBUG neutron.db.agents_db [None req-0f08e6fb-dd66-4da9-9a12-eeaae1ddc2a2 None None] Agent healthcheck: found 0 active agents {{(pid=104450) agent_health_check /opt/stack/neutron/neutron/db/agents_db.py:317}}
Mar 26 01:08:29.095561 np0000160844 neutron-periodic-workers[104450]: DEBUG oslo.service.backend._threading.loopingcall [None req-0f08e6fb-dd66-4da9-9a12-eeaae1ddc2a2 None None] Fixed interval looping call 'neutron.plugins.ml2.plugin.AgentDbMixin.agent_health_check' sleeping for 36.99 seconds {{(pid=104450) _run_loop /opt/stack/data/venv/lib/python3.12/site-packages/oslo_service/backend/_threading/loopingcall.py:125}}
Mar 26 01:08:39.092841 np0000160844 neutron-periodic-workers[104450]: DEBUG dbcounter [-] [104450] Writing DB stats neutron:SELECT=1 {{(pid=104450) stat_writer /opt/stack/data/venv/lib/python3.12/site-packages/dbcounter.py:115}}
Mar 26 01:08:54.128968 np0000160844 neutron-periodic-workers[104439]: DEBUG oslo.service.backend._threading.loopingcall [None req-771306fb-f2d9-4114-9eae-1e297697e0a0 None None] Fixed interval looping call 'neutron.plugins.ml2.plugin.DhcpAgentSchedulerDbMixin.remove_networks_from_down_agents' sleeping for 36.99 seconds {{(pid=104439) _run_loop /opt/stack/data/venv/lib/python3.12/site-packages/oslo_service/backend/_threading/loopingcall.py:125}}
Mar 26 01:08:59.178040 np0000160844 neutron-periodic-workers[104472]: DEBUG oslo.service.backend._threading.loopingcall [None req-fec88641-2d6d-4e6a-8bb0-3e0b1030b6c9 None None] Fixed interval looping call 'neutron.services.ovn_l3.plugin.L3_NAT_dbonly_mixin._clean_garbage' sleeping for 299.99 seconds {{(pid=104472) _run_loop /opt/stack/data/venv/lib/python3.12/site-packages/oslo_service/backend/_threading/loopingcall.py:125}}
Mar 26 01:09:04.127416 np0000160844 neutron-periodic-workers[104439]: DEBUG dbcounter [-] [104439] Writing DB stats neutron:SELECT=3 {{(pid=104439) stat_writer /opt/stack/data/venv/lib/python3.12/site-packages/dbcounter.py:115}}
Mar 26 01:09:06.091629 np0000160844 neutron-periodic-workers[104450]: DEBUG neutron.db.agents_db [None req-0f08e6fb-dd66-4da9-9a12-eeaae1ddc2a2 None None] Agent healthcheck: found 0 active agents {{(pid=104450) agent_health_check /opt/stack/neutron/neutron/db/agents_db.py:317}}
Mar 26 01:09:06.092181 np0000160844 neutron-periodic-workers[104450]: DEBUG oslo.service.backend._threading.loopingcall [None req-0f08e6fb-dd66-4da9-9a12-eeaae1ddc2a2 None None] Fixed interval looping call 'neutron.plugins.ml2.plugin.AgentDbMixin.agent_health_check' sleeping for 36.99 seconds {{(pid=104450) _run_loop /opt/stack/data/venv/lib/python3.12/site-packages/oslo_service/backend/_threading/loopingcall.py:125}}
Mar 26 01:09:09.171599 np0000160844 neutron-periodic-workers[104472]: DEBUG dbcounter [-] [104472] Writing DB stats neutron:SELECT=1 {{(pid=104472) stat_writer /opt/stack/data/venv/lib/python3.12/site-packages/dbcounter.py:115}}
Mar 26 01:09:16.089705 np0000160844 neutron-periodic-workers[104450]: DEBUG dbcounter [-] [104450] Writing DB stats neutron:SELECT=1 {{(pid=104450) stat_writer /opt/stack/data/venv/lib/python3.12/site-packages/dbcounter.py:115}}
Mar 26 01:09:31.131273 np0000160844 neutron-periodic-workers[104439]: DEBUG oslo.service.backend._threading.loopingcall [None req-771306fb-f2d9-4114-9eae-1e297697e0a0 None None] Fixed interval looping call 'neutron.plugins.ml2.plugin.DhcpAgentSchedulerDbMixin.remove_networks_from_down_agents' sleeping for 36.99 seconds {{(pid=104439) _run_loop /opt/stack/data/venv/lib/python3.12/site-packages/oslo_service/backend/_threading/loopingcall.py:125}}
Mar 26 01:09:41.129392 np0000160844 neutron-periodic-workers[104439]: DEBUG dbcounter [-] [104439] Writing DB stats neutron:SELECT=3 {{(pid=104439) stat_writer /opt/stack/data/venv/lib/python3.12/site-packages/dbcounter.py:115}}
