Mar 26 00:59:34.860029 np0000160844 systemd[1]: Starting devstack@n-api.service - Devstack devstack@n-api.service...
Mar 26 00:59:34.871400 np0000160844 devstack@n-api.service[99524]: [uWSGI] getting INI configuration from /etc/nova/nova-api-uwsgi.ini
Mar 26 00:59:34.871400 np0000160844 devstack@n-api.service[99524]: open("./http_plugin.so"): No such file or directory [core/utils.c line 3709]
Mar 26 00:59:34.872182 np0000160844 devstack@n-api.service[99524]: !!! UNABLE to load uWSGI plugin: ./http_plugin.so: cannot open shared object file: No such file or directory !!!
Mar 26 00:59:34.872182 np0000160844 devstack@n-api.service[99524]: open("./python3_plugin.so"): No such file or directory [core/utils.c line 3709]
Mar 26 00:59:34.872182 np0000160844 devstack@n-api.service[99524]: !!! UNABLE to load uWSGI plugin: ./python3_plugin.so: cannot open shared object file: No such file or directory !!!
Mar 26 00:59:34.872182 np0000160844 devstack@n-api.service[99524]: *** Starting uWSGI 2.0.31 (64bit) on [Thu Mar 26 00:59:34 2026] ***
Mar 26 00:59:34.872182 np0000160844 devstack@n-api.service[99524]: compiled with version: 13.3.0 on 26 March 2026 00:50:05
Mar 26 00:59:34.872182 np0000160844 devstack@n-api.service[99524]: os: Linux-6.8.0-106-generic #106-Ubuntu SMP PREEMPT_DYNAMIC Fri Mar 6 07:58:08 UTC 2026
Mar 26 00:59:34.872182 np0000160844 devstack@n-api.service[99524]: nodename: np0000160844
Mar 26 00:59:34.872182 np0000160844 devstack@n-api.service[99524]: machine: x86_64
Mar 26 00:59:34.872182 np0000160844 devstack@n-api.service[99524]: clock source: unix
Mar 26 00:59:34.872182 np0000160844 devstack@n-api.service[99524]: pcre jit disabled
Mar 26 00:59:34.872182 np0000160844 devstack@n-api.service[99524]: detected number of CPU cores: 16
Mar 26 00:59:34.872182 np0000160844 devstack@n-api.service[99524]: current working directory: /
Mar 26 00:59:34.872182 np0000160844 devstack@n-api.service[99524]: detected binary path: /opt/stack/data/venv/bin/uwsgi
Mar 26 00:59:34.872182 np0000160844 devstack@n-api.service[99524]: your processes number limit is 256917
Mar 26 00:59:34.872182 np0000160844 devstack@n-api.service[99524]: your memory page size is 4096 bytes
Mar 26 00:59:34.872182 np0000160844 devstack@n-api.service[99524]: detected max file descriptor number: 2048
Mar 26 00:59:34.872182 np0000160844 devstack@n-api.service[99524]: lock engine: pthread robust mutexes
Mar 26 00:59:34.872182 np0000160844 devstack@n-api.service[99524]: thunder lock: enabled
Mar 26 00:59:34.872182 np0000160844 devstack@n-api.service[99524]: uwsgi socket 0 bound to UNIX address /var/run/uwsgi/nova-api.socket fd 4
Mar 26 00:59:34.873214 np0000160844 devstack@n-api.service[99524]: Python version: 3.12.3 (main, Mar 3 2026, 12:15:18) [GCC 13.3.0]
Mar 26 00:59:34.873214 np0000160844 devstack@n-api.service[99524]: PEP 405 virtualenv detected: /opt/stack/data/venv
Mar 26 00:59:34.873214 np0000160844 devstack@n-api.service[99524]: Set PythonHome to /opt/stack/data/venv
Mar 26 00:59:34.909377 np0000160844 devstack@n-api.service[99524]: Python main interpreter initialized at 0x7e5bf9ea3668
Mar 26 00:59:34.909377 np0000160844 devstack@n-api.service[99524]: python threads support enabled
Mar 26 00:59:34.909377 np0000160844 devstack@n-api.service[99524]: your server socket listen backlog is limited to 100 connections
Mar 26 00:59:34.909377 np0000160844 devstack@n-api.service[99524]: your mercy for graceful operations on workers is 80 seconds
Mar 26 00:59:34.909901 np0000160844 devstack@n-api.service[99524]: mapped 671795 bytes (656 KB) for 4 cores
Mar 26 00:59:34.910032 np0000160844 devstack@n-api.service[99524]: *** Operational MODE: preforking ***
Mar 26 00:59:34.910242 np0000160844 devstack@n-api.service[99524]: *** uWSGI is running in multiple interpreter mode ***
Mar 26 00:59:34.910242 np0000160844 devstack@n-api.service[99524]: spawned uWSGI master process (pid: 99524)
Mar 26 00:59:34.910459 np0000160844 systemd[1]: Started devstack@n-api.service - Devstack devstack@n-api.service.
Mar 26 00:59:34.910862 np0000160844 devstack@n-api.service[99524]: spawned uWSGI worker 1 (pid: 99525, cores: 1)
Mar 26 00:59:34.911273 np0000160844 devstack@n-api.service[99524]: spawned uWSGI worker 2 (pid: 99526, cores: 1)
Mar 26 00:59:34.911712 np0000160844 devstack@n-api.service[99524]: spawned uWSGI worker 3 (pid: 99527, cores: 1)
Mar 26 00:59:34.912124 np0000160844 devstack@n-api.service[99524]: spawned uWSGI worker 4 (pid: 99528, cores: 1)
Mar 26 00:59:34.912215 np0000160844 devstack@n-api.service[99524]: running "unix_signal:15 gracefully_kill_them_all" (master-start)...
Mar 26 00:59:35.241045 np0000160844 devstack@n-api.service[99528]: Service is starting with native threading. This is currently experimental. Do not use it in production without first testing it in pre-production.
Mar 26 00:59:35.256363 np0000160844 devstack@n-api.service[99527]: Service is starting with native threading. This is currently experimental. Do not use it in production without first testing it in pre-production.
Mar 26 00:59:35.256968 np0000160844 devstack@n-api.service[99526]: Service is starting with native threading. This is currently experimental. Do not use it in production without first testing it in pre-production.
Mar 26 00:59:35.257847 np0000160844 devstack@n-api.service[99525]: Service is starting with native threading. This is currently experimental. Do not use it in production without first testing it in pre-production.
Mar 26 00:59:37.222387 np0000160844 devstack@n-api.service[99528]: INFO dbcounter [None req-30565e89-a9de-45b3-a7c0-ff9b36a8662e None None] Registered counter for database nova_api
Mar 26 00:59:37.236005 np0000160844 devstack@n-api.service[99528]: DEBUG oslo_db.sqlalchemy.engines [None req-30565e89-a9de-45b3-a7c0-ff9b36a8662e None None] MySQL server mode set to STRICT_TRANS_TABLES,STRICT_ALL_TABLES,NO_ZERO_IN_DATE,NO_ZERO_DATE,ERROR_FOR_DIVISION_BY_ZERO,TRADITIONAL,NO_ENGINE_SUBSTITUTION {{(pid=99528) _check_effective_sql_mode /opt/stack/data/venv/lib/python3.12/site-packages/oslo_db/sqlalchemy/engines.py:325}}
Mar 26 00:59:37.242319 np0000160844 devstack@n-api.service[99527]: INFO dbcounter [None req-28e0bc2f-4c33-45ea-8caf-83da48b2b065 None None] Registered counter for database nova_api
Mar 26 00:59:37.247376 np0000160844 devstack@n-api.service[99526]: INFO dbcounter [None req-91d4582a-dfe1-448c-9f07-687ca3927120 None None] Registered counter for database nova_api
Mar 26 00:59:37.254071 np0000160844 devstack@n-api.service[99527]: DEBUG oslo_db.sqlalchemy.engines [None req-28e0bc2f-4c33-45ea-8caf-83da48b2b065 None None] MySQL server mode set to STRICT_TRANS_TABLES,STRICT_ALL_TABLES,NO_ZERO_IN_DATE,NO_ZERO_DATE,ERROR_FOR_DIVISION_BY_ZERO,TRADITIONAL,NO_ENGINE_SUBSTITUTION {{(pid=99527) _check_effective_sql_mode /opt/stack/data/venv/lib/python3.12/site-packages/oslo_db/sqlalchemy/engines.py:325}}
Mar 26 00:59:37.259771 np0000160844 devstack@n-api.service[99526]: DEBUG oslo_db.sqlalchemy.engines [None req-91d4582a-dfe1-448c-9f07-687ca3927120 None None] MySQL server mode set to STRICT_TRANS_TABLES,STRICT_ALL_TABLES,NO_ZERO_IN_DATE,NO_ZERO_DATE,ERROR_FOR_DIVISION_BY_ZERO,TRADITIONAL,NO_ENGINE_SUBSTITUTION {{(pid=99526) _check_effective_sql_mode /opt/stack/data/venv/lib/python3.12/site-packages/oslo_db/sqlalchemy/engines.py:325}}
Mar 26 00:59:37.269030 np0000160844 devstack@n-api.service[99528]: DEBUG dbcounter [-] [99528] Writer thread running {{(pid=99528) stat_writer /opt/stack/data/venv/lib/python3.12/site-packages/dbcounter.py:102}}
Mar 26 00:59:37.271616 np0000160844 devstack@n-api.service[99528]: DEBUG nova.context [None req-30565e89-a9de-45b3-a7c0-ff9b36a8662e None None] Found 2 cells: 00000000-0000-0000-0000-000000000000(cell0),81ae8c25-6671-436d-9c4c-1a933e14bcc5(cell1) {{(pid=99528) load_cells /opt/stack/nova/nova/context.py:509}}
Mar 26 00:59:37.271869 np0000160844 devstack@n-api.service[99528]: INFO nova.utils [None req-30565e89-a9de-45b3-a7c0-ff9b36a8662e None None] The cell worker thread pool MainProcess.cell_worker is initialized
Mar 26 00:59:37.274120 np0000160844 devstack@n-api.service[99528]: DEBUG oslo_concurrency.lockutils [None req-30565e89-a9de-45b3-a7c0-ff9b36a8662e None None] Acquiring lock "00000000-0000-0000-0000-000000000000" by "nova.context.set_target_cell..get_or_set_cached_cell_and_set_connections" {{(pid=99528) inner /opt/stack/data/venv/lib/python3.12/site-packages/oslo_concurrency/lockutils.py:506}}
Mar 26 00:59:37.274363 np0000160844 devstack@n-api.service[99528]: DEBUG oslo_concurrency.lockutils [None req-30565e89-a9de-45b3-a7c0-ff9b36a8662e None None] Lock "00000000-0000-0000-0000-000000000000" acquired by "nova.context.set_target_cell..get_or_set_cached_cell_and_set_connections" :: waited 0.000s {{(pid=99528) inner /opt/stack/data/venv/lib/python3.12/site-packages/oslo_concurrency/lockutils.py:519}}
Mar 26 00:59:37.274868 np0000160844 devstack@n-api.service[99528]: DEBUG oslo_concurrency.lockutils [None req-30565e89-a9de-45b3-a7c0-ff9b36a8662e None None] Lock "00000000-0000-0000-0000-000000000000" "released" by "nova.context.set_target_cell..get_or_set_cached_cell_and_set_connections" :: held 0.001s {{(pid=99528) inner /opt/stack/data/venv/lib/python3.12/site-packages/oslo_concurrency/lockutils.py:538}}
Mar 26 00:59:37.276247 np0000160844 devstack@n-api.service[99528]: DEBUG oslo_concurrency.lockutils [None req-30565e89-a9de-45b3-a7c0-ff9b36a8662e None None] Acquiring lock "81ae8c25-6671-436d-9c4c-1a933e14bcc5" by "nova.context.set_target_cell..get_or_set_cached_cell_and_set_connections" {{(pid=99528) inner /opt/stack/data/venv/lib/python3.12/site-packages/oslo_concurrency/lockutils.py:506}}
Mar 26 00:59:37.276458 np0000160844 devstack@n-api.service[99528]: DEBUG oslo_concurrency.lockutils [None req-30565e89-a9de-45b3-a7c0-ff9b36a8662e None None] Lock "81ae8c25-6671-436d-9c4c-1a933e14bcc5" acquired by "nova.context.set_target_cell..get_or_set_cached_cell_and_set_connections" :: waited 0.000s {{(pid=99528) inner /opt/stack/data/venv/lib/python3.12/site-packages/oslo_concurrency/lockutils.py:519}}
Mar 26 00:59:37.277621 np0000160844 devstack@n-api.service[99528]: DEBUG oslo_concurrency.lockutils [None req-30565e89-a9de-45b3-a7c0-ff9b36a8662e None None] Lock "81ae8c25-6671-436d-9c4c-1a933e14bcc5" "released" by "nova.context.set_target_cell..get_or_set_cached_cell_and_set_connections" :: held 0.001s {{(pid=99528) inner /opt/stack/data/venv/lib/python3.12/site-packages/oslo_concurrency/lockutils.py:538}}
Mar 26 00:59:37.278222 np0000160844 devstack@n-api.service[99525]: INFO dbcounter [None req-ea5c8c11-3783-4fe9-97cd-50d51a72ee0f None None] Registered counter for database nova_api
Mar 26 00:59:37.280745 np0000160844 devstack@n-api.service[99528]: INFO dbcounter [None req-30565e89-a9de-45b3-a7c0-ff9b36a8662e None None] Registered counter for database nova_cell0
Mar 26 00:59:37.286556 np0000160844 devstack@n-api.service[99528]: INFO dbcounter [None req-30565e89-a9de-45b3-a7c0-ff9b36a8662e None None] Registered counter for database nova_cell1
Mar 26 00:59:37.292432 np0000160844 devstack@n-api.service[99526]: DEBUG dbcounter [-] [99526] Writer thread running {{(pid=99526) stat_writer /opt/stack/data/venv/lib/python3.12/site-packages/dbcounter.py:102}}
Mar 26 00:59:37.294633 np0000160844 devstack@n-api.service[99527]: DEBUG dbcounter [-] [99527] Writer thread running {{(pid=99527) stat_writer /opt/stack/data/venv/lib/python3.12/site-packages/dbcounter.py:102}}
Mar 26 00:59:37.294770 np0000160844 devstack@n-api.service[99526]: DEBUG nova.context [None req-91d4582a-dfe1-448c-9f07-687ca3927120 None None] Found 2 cells: 00000000-0000-0000-0000-000000000000(cell0),81ae8c25-6671-436d-9c4c-1a933e14bcc5(cell1) {{(pid=99526) load_cells /opt/stack/nova/nova/context.py:509}}
Mar 26 00:59:37.294939 np0000160844 devstack@n-api.service[99526]: INFO nova.utils [None req-91d4582a-dfe1-448c-9f07-687ca3927120 None None] The cell worker thread pool MainProcess.cell_worker is initialized
Mar 26 00:59:37.296660 np0000160844 devstack@n-api.service[99526]: DEBUG oslo_concurrency.lockutils [None req-91d4582a-dfe1-448c-9f07-687ca3927120 None None] Acquiring lock "00000000-0000-0000-0000-000000000000" by "nova.context.set_target_cell..get_or_set_cached_cell_and_set_connections" {{(pid=99526) inner /opt/stack/data/venv/lib/python3.12/site-packages/oslo_concurrency/lockutils.py:506}}
Mar 26 00:59:37.296786 np0000160844 devstack@n-api.service[99527]: DEBUG nova.context [None req-28e0bc2f-4c33-45ea-8caf-83da48b2b065 None None] Found 2 cells: 00000000-0000-0000-0000-000000000000(cell0),81ae8c25-6671-436d-9c4c-1a933e14bcc5(cell1) {{(pid=99527) load_cells /opt/stack/nova/nova/context.py:509}}
Mar 26 00:59:37.296875 np0000160844 devstack@n-api.service[99526]: DEBUG oslo_concurrency.lockutils [None req-91d4582a-dfe1-448c-9f07-687ca3927120 None None] Lock "00000000-0000-0000-0000-000000000000" acquired by "nova.context.set_target_cell..get_or_set_cached_cell_and_set_connections" :: waited 0.000s {{(pid=99526) inner /opt/stack/data/venv/lib/python3.12/site-packages/oslo_concurrency/lockutils.py:519}}
Mar 26 00:59:37.296952 np0000160844 devstack@n-api.service[99527]: INFO nova.utils [None req-28e0bc2f-4c33-45ea-8caf-83da48b2b065 None None] The cell worker thread pool MainProcess.cell_worker is initialized
Mar 26 00:59:37.297151 np0000160844 devstack@n-api.service[99526]: DEBUG oslo_concurrency.lockutils [None req-91d4582a-dfe1-448c-9f07-687ca3927120 None None] Lock "00000000-0000-0000-0000-000000000000" "released" by "nova.context.set_target_cell..get_or_set_cached_cell_and_set_connections" :: held 0.000s {{(pid=99526) inner /opt/stack/data/venv/lib/python3.12/site-packages/oslo_concurrency/lockutils.py:538}}
Mar 26 00:59:37.297265 np0000160844 devstack@n-api.service[99525]: DEBUG oslo_db.sqlalchemy.engines [None req-ea5c8c11-3783-4fe9-97cd-50d51a72ee0f None None] MySQL server mode set to STRICT_TRANS_TABLES,STRICT_ALL_TABLES,NO_ZERO_IN_DATE,NO_ZERO_DATE,ERROR_FOR_DIVISION_BY_ZERO,TRADITIONAL,NO_ENGINE_SUBSTITUTION {{(pid=99525) _check_effective_sql_mode /opt/stack/data/venv/lib/python3.12/site-packages/oslo_db/sqlalchemy/engines.py:325}}
Mar 26 00:59:37.297905 np0000160844 devstack@n-api.service[99526]: DEBUG oslo_concurrency.lockutils [None req-91d4582a-dfe1-448c-9f07-687ca3927120 None None] Acquiring lock "81ae8c25-6671-436d-9c4c-1a933e14bcc5" by "nova.context.set_target_cell..get_or_set_cached_cell_and_set_connections" {{(pid=99526) inner /opt/stack/data/venv/lib/python3.12/site-packages/oslo_concurrency/lockutils.py:506}}
Mar 26 00:59:37.297982 np0000160844 devstack@n-api.service[99526]: DEBUG oslo_concurrency.lockutils [None req-91d4582a-dfe1-448c-9f07-687ca3927120 None None] Lock "81ae8c25-6671-436d-9c4c-1a933e14bcc5" acquired by "nova.context.set_target_cell..get_or_set_cached_cell_and_set_connections" :: waited 0.000s {{(pid=99526) inner /opt/stack/data/venv/lib/python3.12/site-packages/oslo_concurrency/lockutils.py:519}}
Mar 26 00:59:37.298723 np0000160844 devstack@n-api.service[99527]: DEBUG oslo_concurrency.lockutils [None req-28e0bc2f-4c33-45ea-8caf-83da48b2b065 None None] Acquiring lock "00000000-0000-0000-0000-000000000000" by "nova.context.set_target_cell..get_or_set_cached_cell_and_set_connections" {{(pid=99527) inner /opt/stack/data/venv/lib/python3.12/site-packages/oslo_concurrency/lockutils.py:506}}
Mar 26 00:59:37.298800 np0000160844 devstack@n-api.service[99526]: DEBUG oslo_concurrency.lockutils [None req-91d4582a-dfe1-448c-9f07-687ca3927120 None None] Lock "81ae8c25-6671-436d-9c4c-1a933e14bcc5" "released" by "nova.context.set_target_cell..get_or_set_cached_cell_and_set_connections" :: held 0.001s {{(pid=99526) inner /opt/stack/data/venv/lib/python3.12/site-packages/oslo_concurrency/lockutils.py:538}}
Mar 26 00:59:37.298859 np0000160844 devstack@n-api.service[99527]: DEBUG oslo_concurrency.lockutils [None req-28e0bc2f-4c33-45ea-8caf-83da48b2b065 None None] Lock "00000000-0000-0000-0000-000000000000" acquired by "nova.context.set_target_cell..get_or_set_cached_cell_and_set_connections" :: waited 0.000s {{(pid=99527) inner /opt/stack/data/venv/lib/python3.12/site-packages/oslo_concurrency/lockutils.py:519}}
Mar 26 00:59:37.299296 np0000160844 devstack@n-api.service[99527]: DEBUG oslo_concurrency.lockutils [None req-28e0bc2f-4c33-45ea-8caf-83da48b2b065 None None] Lock "00000000-0000-0000-0000-000000000000" "released" by "nova.context.set_target_cell..get_or_set_cached_cell_and_set_connections" :: held 0.000s {{(pid=99527) inner /opt/stack/data/venv/lib/python3.12/site-packages/oslo_concurrency/lockutils.py:538}}
Mar 26 00:59:37.300036 np0000160844 devstack@n-api.service[99527]: DEBUG oslo_concurrency.lockutils [None req-28e0bc2f-4c33-45ea-8caf-83da48b2b065 None None] Acquiring lock "81ae8c25-6671-436d-9c4c-1a933e14bcc5" by "nova.context.set_target_cell..get_or_set_cached_cell_and_set_connections" {{(pid=99527) inner /opt/stack/data/venv/lib/python3.12/site-packages/oslo_concurrency/lockutils.py:506}}
Mar 26 00:59:37.300206 np0000160844 devstack@n-api.service[99527]: DEBUG oslo_concurrency.lockutils [None req-28e0bc2f-4c33-45ea-8caf-83da48b2b065 None None] Lock "81ae8c25-6671-436d-9c4c-1a933e14bcc5" acquired by "nova.context.set_target_cell..get_or_set_cached_cell_and_set_connections" :: waited 0.000s {{(pid=99527) inner /opt/stack/data/venv/lib/python3.12/site-packages/oslo_concurrency/lockutils.py:519}}
Mar 26 00:59:37.301004 np0000160844 devstack@n-api.service[99527]: DEBUG oslo_concurrency.lockutils [None req-28e0bc2f-4c33-45ea-8caf-83da48b2b065 None None] Lock "81ae8c25-6671-436d-9c4c-1a933e14bcc5" "released" by "nova.context.set_target_cell..get_or_set_cached_cell_and_set_connections" :: held 0.001s {{(pid=99527) inner /opt/stack/data/venv/lib/python3.12/site-packages/oslo_concurrency/lockutils.py:538}}
Mar 26 00:59:37.301267 np0000160844 devstack@n-api.service[99526]: INFO dbcounter [None req-91d4582a-dfe1-448c-9f07-687ca3927120 None None] Registered counter for database nova_cell0
Mar 26 00:59:37.301345 np0000160844 devstack@n-api.service[99528]: DEBUG oslo_db.sqlalchemy.engines [None req-30565e89-a9de-45b3-a7c0-ff9b36a8662e None None] MySQL server mode set to STRICT_TRANS_TABLES,STRICT_ALL_TABLES,NO_ZERO_IN_DATE,NO_ZERO_DATE,ERROR_FOR_DIVISION_BY_ZERO,TRADITIONAL,NO_ENGINE_SUBSTITUTION {{(pid=99528) _check_effective_sql_mode /opt/stack/data/venv/lib/python3.12/site-packages/oslo_db/sqlalchemy/engines.py:325}}
Mar 26 00:59:37.303951 np0000160844 devstack@n-api.service[99527]: INFO dbcounter [None req-28e0bc2f-4c33-45ea-8caf-83da48b2b065 None None] Registered counter for database nova_cell0
Mar 26 00:59:37.305850 np0000160844 devstack@n-api.service[99528]: DEBUG oslo_db.sqlalchemy.engines [None req-30565e89-a9de-45b3-a7c0-ff9b36a8662e None None] MySQL server mode set to STRICT_TRANS_TABLES,STRICT_ALL_TABLES,NO_ZERO_IN_DATE,NO_ZERO_DATE,ERROR_FOR_DIVISION_BY_ZERO,TRADITIONAL,NO_ENGINE_SUBSTITUTION {{(pid=99528) _check_effective_sql_mode /opt/stack/data/venv/lib/python3.12/site-packages/oslo_db/sqlalchemy/engines.py:325}}
Mar 26 00:59:37.306289 np0000160844 devstack@n-api.service[99526]: INFO dbcounter [None req-91d4582a-dfe1-448c-9f07-687ca3927120 None None] Registered counter for database nova_cell1
Mar 26 00:59:37.308626 np0000160844 devstack@n-api.service[99527]: INFO dbcounter [None req-28e0bc2f-4c33-45ea-8caf-83da48b2b065 None None] Registered counter for database nova_cell1
Mar 26 00:59:37.315037 np0000160844 devstack@n-api.service[99526]: DEBUG oslo_db.sqlalchemy.engines [None req-91d4582a-dfe1-448c-9f07-687ca3927120 None None] MySQL server mode set to STRICT_TRANS_TABLES,STRICT_ALL_TABLES,NO_ZERO_IN_DATE,NO_ZERO_DATE,ERROR_FOR_DIVISION_BY_ZERO,TRADITIONAL,NO_ENGINE_SUBSTITUTION {{(pid=99526) _check_effective_sql_mode /opt/stack/data/venv/lib/python3.12/site-packages/oslo_db/sqlalchemy/engines.py:325}}
Mar 26 00:59:37.328474 np0000160844 devstack@n-api.service[99527]: DEBUG oslo_db.sqlalchemy.engines [None req-28e0bc2f-4c33-45ea-8caf-83da48b2b065 None None] MySQL server mode set to STRICT_TRANS_TABLES,STRICT_ALL_TABLES,NO_ZERO_IN_DATE,NO_ZERO_DATE,ERROR_FOR_DIVISION_BY_ZERO,TRADITIONAL,NO_ENGINE_SUBSTITUTION {{(pid=99527) _check_effective_sql_mode /opt/stack/data/venv/lib/python3.12/site-packages/oslo_db/sqlalchemy/engines.py:325}}
Mar 26 00:59:37.332441 np0000160844 devstack@n-api.service[99526]: DEBUG oslo_db.sqlalchemy.engines [None req-91d4582a-dfe1-448c-9f07-687ca3927120 None None] MySQL server mode set to STRICT_TRANS_TABLES,STRICT_ALL_TABLES,NO_ZERO_IN_DATE,NO_ZERO_DATE,ERROR_FOR_DIVISION_BY_ZERO,TRADITIONAL,NO_ENGINE_SUBSTITUTION {{(pid=99526) _check_effective_sql_mode /opt/stack/data/venv/lib/python3.12/site-packages/oslo_db/sqlalchemy/engines.py:325}}
Mar 26 00:59:37.337333 np0000160844 devstack@n-api.service[99525]: DEBUG dbcounter [-] [99525] Writer thread running {{(pid=99525) stat_writer /opt/stack/data/venv/lib/python3.12/site-packages/dbcounter.py:102}}
Mar 26 00:59:37.339742 np0000160844 devstack@n-api.service[99525]: DEBUG nova.context [None req-ea5c8c11-3783-4fe9-97cd-50d51a72ee0f None None] Found 2 cells: 00000000-0000-0000-0000-000000000000(cell0),81ae8c25-6671-436d-9c4c-1a933e14bcc5(cell1) {{(pid=99525) load_cells /opt/stack/nova/nova/context.py:509}}
Mar 26 00:59:37.339964 np0000160844 devstack@n-api.service[99525]: INFO nova.utils [None req-ea5c8c11-3783-4fe9-97cd-50d51a72ee0f None None] The cell worker thread pool MainProcess.cell_worker is initialized
Mar 26 00:59:37.340336 np0000160844 devstack@n-api.service[99527]: DEBUG oslo_db.sqlalchemy.engines [None req-28e0bc2f-4c33-45ea-8caf-83da48b2b065 None None] MySQL server mode set to STRICT_TRANS_TABLES,STRICT_ALL_TABLES,NO_ZERO_IN_DATE,NO_ZERO_DATE,ERROR_FOR_DIVISION_BY_ZERO,TRADITIONAL,NO_ENGINE_SUBSTITUTION {{(pid=99527) _check_effective_sql_mode /opt/stack/data/venv/lib/python3.12/site-packages/oslo_db/sqlalchemy/engines.py:325}}
Mar 26 00:59:37.341886 np0000160844 devstack@n-api.service[99525]: DEBUG oslo_concurrency.lockutils [None req-ea5c8c11-3783-4fe9-97cd-50d51a72ee0f None None] Acquiring lock "00000000-0000-0000-0000-000000000000" by "nova.context.set_target_cell..get_or_set_cached_cell_and_set_connections" {{(pid=99525) inner /opt/stack/data/venv/lib/python3.12/site-packages/oslo_concurrency/lockutils.py:506}}
Mar 26 00:59:37.342058 np0000160844 devstack@n-api.service[99525]: DEBUG oslo_concurrency.lockutils [None req-ea5c8c11-3783-4fe9-97cd-50d51a72ee0f None None] Lock "00000000-0000-0000-0000-000000000000" acquired by "nova.context.set_target_cell..get_or_set_cached_cell_and_set_connections" :: waited 0.000s {{(pid=99525) inner /opt/stack/data/venv/lib/python3.12/site-packages/oslo_concurrency/lockutils.py:519}}
Mar 26 00:59:37.342413 np0000160844 devstack@n-api.service[99525]: DEBUG oslo_concurrency.lockutils [None req-ea5c8c11-3783-4fe9-97cd-50d51a72ee0f None None] Lock "00000000-0000-0000-0000-000000000000" "released" by "nova.context.set_target_cell..get_or_set_cached_cell_and_set_connections" :: held 0.000s {{(pid=99525) inner /opt/stack/data/venv/lib/python3.12/site-packages/oslo_concurrency/lockutils.py:538}}
Mar 26 00:59:37.343177 np0000160844 devstack@n-api.service[99525]: DEBUG oslo_concurrency.lockutils [None req-ea5c8c11-3783-4fe9-97cd-50d51a72ee0f None None] Acquiring lock "81ae8c25-6671-436d-9c4c-1a933e14bcc5" by "nova.context.set_target_cell..get_or_set_cached_cell_and_set_connections" {{(pid=99525) inner /opt/stack/data/venv/lib/python3.12/site-packages/oslo_concurrency/lockutils.py:506}}
Mar 26 00:59:37.343329 np0000160844 devstack@n-api.service[99525]: DEBUG oslo_concurrency.lockutils [None req-ea5c8c11-3783-4fe9-97cd-50d51a72ee0f None None] Lock "81ae8c25-6671-436d-9c4c-1a933e14bcc5" acquired by "nova.context.set_target_cell..get_or_set_cached_cell_and_set_connections" :: waited 0.000s {{(pid=99525) inner /opt/stack/data/venv/lib/python3.12/site-packages/oslo_concurrency/lockutils.py:519}}
Mar 26 00:59:37.344240 np0000160844 devstack@n-api.service[99525]: DEBUG oslo_concurrency.lockutils [None req-ea5c8c11-3783-4fe9-97cd-50d51a72ee0f None None] Lock "81ae8c25-6671-436d-9c4c-1a933e14bcc5" "released" by "nova.context.set_target_cell..get_or_set_cached_cell_and_set_connections" :: held 0.001s {{(pid=99525) inner /opt/stack/data/venv/lib/python3.12/site-packages/oslo_concurrency/lockutils.py:538}}
Mar 26 00:59:37.347250 np0000160844 devstack@n-api.service[99525]: INFO dbcounter [None req-ea5c8c11-3783-4fe9-97cd-50d51a72ee0f None None] Registered counter for database nova_cell0
Mar 26 00:59:37.353094 np0000160844 devstack@n-api.service[99525]: INFO dbcounter [None req-ea5c8c11-3783-4fe9-97cd-50d51a72ee0f None None] Registered counter for database nova_cell1
Mar 26 00:59:37.364159 np0000160844 devstack@n-api.service[99525]: DEBUG oslo_db.sqlalchemy.engines [None req-ea5c8c11-3783-4fe9-97cd-50d51a72ee0f None None] MySQL server mode set to STRICT_TRANS_TABLES,STRICT_ALL_TABLES,NO_ZERO_IN_DATE,NO_ZERO_DATE,ERROR_FOR_DIVISION_BY_ZERO,TRADITIONAL,NO_ENGINE_SUBSTITUTION {{(pid=99525) _check_effective_sql_mode /opt/stack/data/venv/lib/python3.12/site-packages/oslo_db/sqlalchemy/engines.py:325}}
Mar 26 00:59:37.369140 np0000160844 devstack@n-api.service[99525]: DEBUG oslo_db.sqlalchemy.engines [None req-ea5c8c11-3783-4fe9-97cd-50d51a72ee0f None None] MySQL server mode set to STRICT_TRANS_TABLES,STRICT_ALL_TABLES,NO_ZERO_IN_DATE,NO_ZERO_DATE,ERROR_FOR_DIVISION_BY_ZERO,TRADITIONAL,NO_ENGINE_SUBSTITUTION {{(pid=99525) _check_effective_sql_mode /opt/stack/data/venv/lib/python3.12/site-packages/oslo_db/sqlalchemy/engines.py:325}}
Mar 26 00:59:37.426351 np0000160844 devstack@n-api.service[99527]: DEBUG dbcounter [-] [99527] Writer thread running {{(pid=99527) stat_writer /opt/stack/data/venv/lib/python3.12/site-packages/dbcounter.py:102}}
Mar 26 00:59:37.431090 np0000160844 devstack@n-api.service[99527]: DEBUG dbcounter [-] [99527] Writer thread running {{(pid=99527) stat_writer /opt/stack/data/venv/lib/python3.12/site-packages/dbcounter.py:102}}
Mar 26 00:59:37.431420 np0000160844 devstack@n-api.service[99528]: DEBUG dbcounter [-] [99528] Writer thread running {{(pid=99528) stat_writer /opt/stack/data/venv/lib/python3.12/site-packages/dbcounter.py:102}}
Mar 26 00:59:37.433502 np0000160844 devstack@n-api.service[99528]: DEBUG dbcounter [-] [99528] Writer thread running {{(pid=99528) stat_writer /opt/stack/data/venv/lib/python3.12/site-packages/dbcounter.py:102}}
Mar 26 00:59:37.434745 np0000160844 devstack@n-api.service[99526]: DEBUG dbcounter [-] [99526] Writer thread running {{(pid=99526) stat_writer /opt/stack/data/venv/lib/python3.12/site-packages/dbcounter.py:102}}
Mar 26 00:59:37.435624 np0000160844 devstack@n-api.service[99526]: DEBUG dbcounter [-] [99526] Writer thread running {{(pid=99526) stat_writer /opt/stack/data/venv/lib/python3.12/site-packages/dbcounter.py:102}}
Mar 26 00:59:37.435977 np0000160844 devstack@n-api.service[99527]: INFO dbcounter [None req-28e0bc2f-4c33-45ea-8caf-83da48b2b065 None None] Registered counter for database nova_cell0
Mar 26 00:59:37.448131 np0000160844 devstack@n-api.service[99527]: DEBUG oslo_db.sqlalchemy.engines [None req-28e0bc2f-4c33-45ea-8caf-83da48b2b065 None None] MySQL server mode set to STRICT_TRANS_TABLES,STRICT_ALL_TABLES,NO_ZERO_IN_DATE,NO_ZERO_DATE,ERROR_FOR_DIVISION_BY_ZERO,TRADITIONAL,NO_ENGINE_SUBSTITUTION {{(pid=99527) _check_effective_sql_mode /opt/stack/data/venv/lib/python3.12/site-packages/oslo_db/sqlalchemy/engines.py:325}}
Mar 26 00:59:37.457809 np0000160844 devstack@n-api.service[99527]: DEBUG dbcounter [-] [99527] Writer thread running {{(pid=99527) stat_writer /opt/stack/data/venv/lib/python3.12/site-packages/dbcounter.py:102}}
Mar 26 00:59:37.467935 np0000160844 devstack@n-api.service[99525]: DEBUG dbcounter [-] [99525] Writer thread running {{(pid=99525) stat_writer /opt/stack/data/venv/lib/python3.12/site-packages/dbcounter.py:102}}
Mar 26 00:59:37.468882 np0000160844 devstack@n-api.service[99525]: DEBUG dbcounter [-] [99525] Writer thread running {{(pid=99525) stat_writer /opt/stack/data/venv/lib/python3.12/site-packages/dbcounter.py:102}}
Mar 26 00:59:37.488781 np0000160844 devstack@n-api.service[99528]: INFO dbcounter [None req-30565e89-a9de-45b3-a7c0-ff9b36a8662e None None] Registered counter for database nova_cell0
Mar 26 00:59:37.489940 np0000160844 devstack@n-api.service[99525]: INFO dbcounter [None req-ea5c8c11-3783-4fe9-97cd-50d51a72ee0f None None] Registered counter for database nova_cell0
Mar 26 00:59:37.490198 np0000160844 devstack@n-api.service[99526]: INFO dbcounter [None req-91d4582a-dfe1-448c-9f07-687ca3927120 None None] Registered counter for database nova_cell0
Mar 26 00:59:37.497502 np0000160844 devstack@n-api.service[99528]: DEBUG oslo_db.sqlalchemy.engines [None req-30565e89-a9de-45b3-a7c0-ff9b36a8662e None None] MySQL server mode set to STRICT_TRANS_TABLES,STRICT_ALL_TABLES,NO_ZERO_IN_DATE,NO_ZERO_DATE,ERROR_FOR_DIVISION_BY_ZERO,TRADITIONAL,NO_ENGINE_SUBSTITUTION {{(pid=99528) _check_effective_sql_mode /opt/stack/data/venv/lib/python3.12/site-packages/oslo_db/sqlalchemy/engines.py:325}}
Mar 26 00:59:37.503819 np0000160844 devstack@n-api.service[99526]: DEBUG oslo_db.sqlalchemy.engines [None req-91d4582a-dfe1-448c-9f07-687ca3927120 None None] MySQL server mode set to STRICT_TRANS_TABLES,STRICT_ALL_TABLES,NO_ZERO_IN_DATE,NO_ZERO_DATE,ERROR_FOR_DIVISION_BY_ZERO,TRADITIONAL,NO_ENGINE_SUBSTITUTION {{(pid=99526) _check_effective_sql_mode /opt/stack/data/venv/lib/python3.12/site-packages/oslo_db/sqlalchemy/engines.py:325}}
Mar 26 00:59:37.507625 np0000160844 devstack@n-api.service[99525]: DEBUG oslo_db.sqlalchemy.engines [None req-ea5c8c11-3783-4fe9-97cd-50d51a72ee0f None None] MySQL server mode set to STRICT_TRANS_TABLES,STRICT_ALL_TABLES,NO_ZERO_IN_DATE,NO_ZERO_DATE,ERROR_FOR_DIVISION_BY_ZERO,TRADITIONAL,NO_ENGINE_SUBSTITUTION {{(pid=99525) _check_effective_sql_mode /opt/stack/data/venv/lib/python3.12/site-packages/oslo_db/sqlalchemy/engines.py:325}}
Mar 26 00:59:37.509067 np0000160844 devstack@n-api.service[99528]: DEBUG dbcounter [-] [99528] Writer thread running {{(pid=99528) stat_writer /opt/stack/data/venv/lib/python3.12/site-packages/dbcounter.py:102}}
Mar 26 00:59:37.513936 np0000160844 devstack@n-api.service[99526]: DEBUG dbcounter [-] [99526] Writer thread running {{(pid=99526) stat_writer /opt/stack/data/venv/lib/python3.12/site-packages/dbcounter.py:102}}
Mar 26 00:59:37.515331 np0000160844 devstack@n-api.service[99525]: DEBUG dbcounter [-] [99525] Writer thread running {{(pid=99525) stat_writer /opt/stack/data/venv/lib/python3.12/site-packages/dbcounter.py:102}}
Mar 26 00:59:37.864473 np0000160844 devstack@n-api.service[99528]: DEBUG oslo_concurrency.processutils [None req-30565e89-a9de-45b3-a7c0-ff9b36a8662e None None] Running cmd (subprocess): grep -F node.session.scan /sbin/iscsiadm {{(pid=99528) execute /opt/stack/data/venv/lib/python3.12/site-packages/oslo_concurrency/processutils.py:440}}
Mar 26 00:59:37.870912 np0000160844 devstack@n-api.service[99527]: DEBUG oslo_concurrency.processutils [None req-28e0bc2f-4c33-45ea-8caf-83da48b2b065 None None] Running cmd (subprocess): grep -F node.session.scan /sbin/iscsiadm {{(pid=99527) execute /opt/stack/data/venv/lib/python3.12/site-packages/oslo_concurrency/processutils.py:440}}
Mar 26 00:59:37.876918 np0000160844 devstack@n-api.service[99526]: DEBUG oslo_concurrency.processutils [None req-91d4582a-dfe1-448c-9f07-687ca3927120 None None] Running cmd (subprocess): grep -F node.session.scan /sbin/iscsiadm {{(pid=99526) execute /opt/stack/data/venv/lib/python3.12/site-packages/oslo_concurrency/processutils.py:440}}
Mar 26 00:59:37.878447 np0000160844 devstack@n-api.service[99525]: DEBUG oslo_concurrency.processutils [None req-ea5c8c11-3783-4fe9-97cd-50d51a72ee0f None None] Running cmd (subprocess): grep -F node.session.scan /sbin/iscsiadm {{(pid=99525) execute /opt/stack/data/venv/lib/python3.12/site-packages/oslo_concurrency/processutils.py:440}}
Mar 26 00:59:37.884836 np0000160844 devstack@n-api.service[99528]: DEBUG oslo_concurrency.processutils [None req-30565e89-a9de-45b3-a7c0-ff9b36a8662e None None] CMD "grep -F node.session.scan /sbin/iscsiadm" returned: 0 in 0.020s {{(pid=99528) execute /opt/stack/data/venv/lib/python3.12/site-packages/oslo_concurrency/processutils.py:468}}
Mar 26 00:59:37.889152 np0000160844 devstack@n-api.service[99527]: DEBUG oslo_concurrency.processutils [None req-28e0bc2f-4c33-45ea-8caf-83da48b2b065 None None] CMD "grep -F node.session.scan /sbin/iscsiadm" returned: 0 in 0.018s {{(pid=99527) execute /opt/stack/data/venv/lib/python3.12/site-packages/oslo_concurrency/processutils.py:468}}
Mar 26 00:59:37.899574 np0000160844 devstack@n-api.service[99526]: DEBUG oslo_concurrency.processutils [None req-91d4582a-dfe1-448c-9f07-687ca3927120 None None] CMD "grep -F node.session.scan /sbin/iscsiadm" returned: 0 in 0.019s {{(pid=99526) execute /opt/stack/data/venv/lib/python3.12/site-packages/oslo_concurrency/processutils.py:468}}
Mar 26 00:59:37.899732 np0000160844 devstack@n-api.service[99525]: DEBUG oslo_concurrency.processutils [None req-ea5c8c11-3783-4fe9-97cd-50d51a72ee0f None None] CMD "grep -F node.session.scan /sbin/iscsiadm" returned: 0 in 0.020s {{(pid=99525) execute /opt/stack/data/venv/lib/python3.12/site-packages/oslo_concurrency/processutils.py:468}}
Mar 26 00:59:38.463349 np0000160844 devstack@n-api.service[99528]: WARNING keystonemiddleware.auth_token [None req-30565e89-a9de-45b3-a7c0-ff9b36a8662e None None] AuthToken middleware is set with keystone_authtoken.service_token_roles_required set to False. This is backwards compatible but deprecated behaviour. Please set this to True.
Mar 26 00:59:38.464687 np0000160844 devstack@n-api.service[99527]: WARNING keystonemiddleware.auth_token [None req-28e0bc2f-4c33-45ea-8caf-83da48b2b065 None None] AuthToken middleware is set with keystone_authtoken.service_token_roles_required set to False. This is backwards compatible but deprecated behaviour. Please set this to True.
Mar 26 00:59:38.468559 np0000160844 devstack@n-api.service[99526]: WARNING keystonemiddleware.auth_token [None req-91d4582a-dfe1-448c-9f07-687ca3927120 None None] AuthToken middleware is set with keystone_authtoken.service_token_roles_required set to False. This is backwards compatible but deprecated behaviour. Please set this to True.
Mar 26 00:59:38.473268 np0000160844 devstack@n-api.service[99525]: WARNING keystonemiddleware.auth_token [None req-ea5c8c11-3783-4fe9-97cd-50d51a72ee0f None None] AuthToken middleware is set with keystone_authtoken.service_token_roles_required set to False. This is backwards compatible but deprecated behaviour. Please set this to True.
Mar 26 00:59:38.529439 np0000160844 devstack@n-api.service[99528]: WARNING keystonemiddleware.auth_token [None req-30565e89-a9de-45b3-a7c0-ff9b36a8662e None None] AuthToken middleware is set with keystone_authtoken.service_token_roles_required set to False. This is backwards compatible but deprecated behaviour. Please set this to True.
Mar 26 00:59:38.534667 np0000160844 devstack@n-api.service[99528]: DEBUG nova.api.openstack.wsgi_app [None req-30565e89-a9de-45b3-a7c0-ff9b36a8662e None None] ******************************************************************************** {{(pid=99528) log_opt_values /opt/stack/data/venv/lib/python3.12/site-packages/oslo_config/cfg.py:2979}}
Mar 26 00:59:38.534799 np0000160844 devstack@n-api.service[99528]: DEBUG nova.api.openstack.wsgi_app [None req-30565e89-a9de-45b3-a7c0-ff9b36a8662e None None] Configuration options gathered from: {{(pid=99528) log_opt_values /opt/stack/data/venv/lib/python3.12/site-packages/oslo_config/cfg.py:2980}}
Mar 26 00:59:38.535125 np0000160844 devstack@n-api.service[99528]: DEBUG nova.api.openstack.wsgi_app [None req-30565e89-a9de-45b3-a7c0-ff9b36a8662e None None] command line args: [] {{(pid=99528) log_opt_values /opt/stack/data/venv/lib/python3.12/site-packages/oslo_config/cfg.py:2981}}
Mar 26 00:59:38.535299 np0000160844 devstack@n-api.service[99528]: DEBUG nova.api.openstack.wsgi_app [None req-30565e89-a9de-45b3-a7c0-ff9b36a8662e None None] config files: ['/etc/nova/api-paste.ini', '/etc/nova/nova.conf'] {{(pid=99528) log_opt_values /opt/stack/data/venv/lib/python3.12/site-packages/oslo_config/cfg.py:2982}}
Mar 26 00:59:38.535426 np0000160844 devstack@n-api.service[99528]: DEBUG nova.api.openstack.wsgi_app [None req-30565e89-a9de-45b3-a7c0-ff9b36a8662e None None] ================================================================================ {{(pid=99528) log_opt_values /opt/stack/data/venv/lib/python3.12/site-packages/oslo_config/cfg.py:2987}}
Mar 26 00:59:38.535604 np0000160844 devstack@n-api.service[99528]: DEBUG nova.api.openstack.wsgi_app [None req-30565e89-a9de-45b3-a7c0-ff9b36a8662e None None] allow_resize_to_same_host = True {{(pid=99528) log_opt_values /opt/stack/data/venv/lib/python3.12/site-packages/oslo_config/cfg.py:2995}}
Mar 26 00:59:38.535712 np0000160844 devstack@n-api.service[99528]: DEBUG nova.api.openstack.wsgi_app [None req-30565e89-a9de-45b3-a7c0-ff9b36a8662e None None] arq_binding_timeout = 300 {{(pid=99528) log_opt_values /opt/stack/data/venv/lib/python3.12/site-packages/oslo_config/cfg.py:2995}}
Mar 26 00:59:38.535863 np0000160844 devstack@n-api.service[99528]: DEBUG nova.api.openstack.wsgi_app [None req-30565e89-a9de-45b3-a7c0-ff9b36a8662e None None] block_device_allocate_retries = 60 {{(pid=99528) log_opt_values /opt/stack/data/venv/lib/python3.12/site-packages/oslo_config/cfg.py:2995}}
Mar 26 00:59:38.535964 np0000160844 devstack@n-api.service[99528]: DEBUG nova.api.openstack.wsgi_app [None req-30565e89-a9de-45b3-a7c0-ff9b36a8662e None None] block_device_allocate_retries_interval = 3 {{(pid=99528) log_opt_values /opt/stack/data/venv/lib/python3.12/site-packages/oslo_config/cfg.py:2995}}
Mar 26 00:59:38.536102 np0000160844 devstack@n-api.service[99528]: DEBUG nova.api.openstack.wsgi_app [None req-30565e89-a9de-45b3-a7c0-ff9b36a8662e None None] cell_worker_thread_pool_size = 5 {{(pid=99528) log_opt_values /opt/stack/data/venv/lib/python3.12/site-packages/oslo_config/cfg.py:2995}}
Mar 26 00:59:38.536216 np0000160844 devstack@n-api.service[99528]: DEBUG nova.api.openstack.wsgi_app [None req-30565e89-a9de-45b3-a7c0-ff9b36a8662e None None] cert = self.pem {{(pid=99528) log_opt_values /opt/stack/data/venv/lib/python3.12/site-packages/oslo_config/cfg.py:2995}}
Mar 26 00:59:38.536314 np0000160844 devstack@n-api.service[99528]: DEBUG nova.api.openstack.wsgi_app [None req-30565e89-a9de-45b3-a7c0-ff9b36a8662e None None] compute_driver = libvirt.LibvirtDriver {{(pid=99528) log_opt_values /opt/stack/data/venv/lib/python3.12/site-packages/oslo_config/cfg.py:2995}}
Mar 26 00:59:38.536445 np0000160844 devstack@n-api.service[99528]: DEBUG nova.api.openstack.wsgi_app [None req-30565e89-a9de-45b3-a7c0-ff9b36a8662e None None] compute_monitors = [] {{(pid=99528) log_opt_values /opt/stack/data/venv/lib/python3.12/site-packages/oslo_config/cfg.py:2995}}
Mar 26 00:59:38.536582 np0000160844 devstack@n-api.service[99528]: DEBUG nova.api.openstack.wsgi_app [None req-30565e89-a9de-45b3-a7c0-ff9b36a8662e None None] config_dir = [] {{(pid=99528) log_opt_values /opt/stack/data/venv/lib/python3.12/site-packages/oslo_config/cfg.py:2995}}
Mar 26 00:59:38.536724 np0000160844 devstack@n-api.service[99528]: DEBUG nova.api.openstack.wsgi_app [None req-30565e89-a9de-45b3-a7c0-ff9b36a8662e None None] config_drive_format = iso9660 {{(pid=99528) log_opt_values /opt/stack/data/venv/lib/python3.12/site-packages/oslo_config/cfg.py:2995}}
Mar 26 00:59:38.536833 np0000160844 devstack@n-api.service[99528]: DEBUG nova.api.openstack.wsgi_app [None req-30565e89-a9de-45b3-a7c0-ff9b36a8662e None None] config_file = ['/etc/nova/api-paste.ini', '/etc/nova/nova.conf'] {{(pid=99528) log_opt_values /opt/stack/data/venv/lib/python3.12/site-packages/oslo_config/cfg.py:2995}}
Mar 26 00:59:38.536966 np0000160844 devstack@n-api.service[99528]: DEBUG nova.api.openstack.wsgi_app [None req-30565e89-a9de-45b3-a7c0-ff9b36a8662e None None] config_source = [] {{(pid=99528) log_opt_values /opt/stack/data/venv/lib/python3.12/site-packages/oslo_config/cfg.py:2995}}
Mar 26 00:59:38.537089 np0000160844 devstack@n-api.service[99528]: DEBUG nova.api.openstack.wsgi_app [None req-30565e89-a9de-45b3-a7c0-ff9b36a8662e None None] console_host = np0000160844 {{(pid=99528) log_opt_values /opt/stack/data/venv/lib/python3.12/site-packages/oslo_config/cfg.py:2995}}
Mar 26 00:59:38.537262 np0000160844 devstack@n-api.service[99528]: DEBUG nova.api.openstack.wsgi_app [None req-30565e89-a9de-45b3-a7c0-ff9b36a8662e None None] control_exchange = nova {{(pid=99528) log_opt_values /opt/stack/data/venv/lib/python3.12/site-packages/oslo_config/cfg.py:2995}}
Mar 26 00:59:38.537389 np0000160844 devstack@n-api.service[99526]: WARNING keystonemiddleware.auth_token [None req-91d4582a-dfe1-448c-9f07-687ca3927120 None None] AuthToken middleware is set with keystone_authtoken.service_token_roles_required set to False. This is backwards compatible but deprecated behaviour. Please set this to True.
Mar 26 00:59:38.537563 np0000160844 devstack@n-api.service[99528]: DEBUG nova.api.openstack.wsgi_app [None req-30565e89-a9de-45b3-a7c0-ff9b36a8662e None None] cpu_allocation_ratio = None {{(pid=99528) log_opt_values /opt/stack/data/venv/lib/python3.12/site-packages/oslo_config/cfg.py:2995}}
Mar 26 00:59:38.537563 np0000160844 devstack@n-api.service[99528]: DEBUG nova.api.openstack.wsgi_app [None req-30565e89-a9de-45b3-a7c0-ff9b36a8662e None None] daemon = False {{(pid=99528) log_opt_values /opt/stack/data/venv/lib/python3.12/site-packages/oslo_config/cfg.py:2995}}
Mar 26 00:59:38.537563 np0000160844 devstack@n-api.service[99528]: DEBUG nova.api.openstack.wsgi_app [None req-30565e89-a9de-45b3-a7c0-ff9b36a8662e None None] debug = True {{(pid=99528) log_opt_values /opt/stack/data/venv/lib/python3.12/site-packages/oslo_config/cfg.py:2995}}
Mar 26 00:59:38.537904 np0000160844 devstack@n-api.service[99528]: DEBUG nova.api.openstack.wsgi_app [None req-30565e89-a9de-45b3-a7c0-ff9b36a8662e None None] default_access_ip_network_name = None {{(pid=99528) log_opt_values /opt/stack/data/venv/lib/python3.12/site-packages/oslo_config/cfg.py:2995}}
Mar 26 00:59:38.537904 np0000160844 devstack@n-api.service[99528]: DEBUG nova.api.openstack.wsgi_app [None req-30565e89-a9de-45b3-a7c0-ff9b36a8662e None None] default_availability_zone = nova {{(pid=99528) log_opt_values /opt/stack/data/venv/lib/python3.12/site-packages/oslo_config/cfg.py:2995}}
Mar 26 00:59:38.538124 np0000160844 devstack@n-api.service[99528]: DEBUG nova.api.openstack.wsgi_app [None req-30565e89-a9de-45b3-a7c0-ff9b36a8662e None None] default_ephemeral_format = ext4 {{(pid=99528) log_opt_values /opt/stack/data/venv/lib/python3.12/site-packages/oslo_config/cfg.py:2995}}
Mar 26 00:59:38.538124 np0000160844 devstack@n-api.service[99528]: DEBUG nova.api.openstack.wsgi_app [None req-30565e89-a9de-45b3-a7c0-ff9b36a8662e None None] default_green_pool_size = 1000 {{(pid=99528) log_opt_values /opt/stack/data/venv/lib/python3.12/site-packages/oslo_config/cfg.py:2995}}
Mar 26 00:59:38.538320 np0000160844 devstack@n-api.service[99528]: DEBUG nova.api.openstack.wsgi_app [None req-30565e89-a9de-45b3-a7c0-ff9b36a8662e None None] default_log_levels = ['amqp=WARN', 'boto=WARN', 'sqlalchemy=WARN', 'suds=INFO', 'oslo.messaging=INFO', 'oslo_messaging=INFO', 'iso8601=WARN', 'requests.packages.urllib3.connectionpool=WARN', 'urllib3.connectionpool=WARN', 'websocket=WARN', 'requests.packages.urllib3.util.retry=WARN', 'urllib3.util.retry=WARN', 'keystonemiddleware=WARN', 'routes.middleware=WARN', 'stevedore=WARN', 'taskflow=WARN', 'keystoneauth=WARN', 'oslo.cache=INFO', 'oslo_policy=INFO', 'dogpile.core.dogpile=INFO', 'glanceclient=WARN', 'oslo.privsep.daemon=INFO'] {{(pid=99528) log_opt_values /opt/stack/data/venv/lib/python3.12/site-packages/oslo_config/cfg.py:2995}}
Mar 26 00:59:38.538516 np0000160844 devstack@n-api.service[99528]: DEBUG nova.api.openstack.wsgi_app [None req-30565e89-a9de-45b3-a7c0-ff9b36a8662e None None] default_schedule_zone = None {{(pid=99528) log_opt_values /opt/stack/data/venv/lib/python3.12/site-packages/oslo_config/cfg.py:2995}}
Mar 26 00:59:38.538516 np0000160844 devstack@n-api.service[99528]: DEBUG nova.api.openstack.wsgi_app [None req-30565e89-a9de-45b3-a7c0-ff9b36a8662e None None] default_thread_pool_size = 10 {{(pid=99528) log_opt_values /opt/stack/data/venv/lib/python3.12/site-packages/oslo_config/cfg.py:2995}}
Mar 26 00:59:38.538667 np0000160844 devstack@n-api.service[99528]: DEBUG nova.api.openstack.wsgi_app [None req-30565e89-a9de-45b3-a7c0-ff9b36a8662e None None] disk_allocation_ratio = None {{(pid=99528) log_opt_values /opt/stack/data/venv/lib/python3.12/site-packages/oslo_config/cfg.py:2995}}
Mar 26 00:59:38.538880 np0000160844 devstack@n-api.service[99528]: DEBUG nova.api.openstack.wsgi_app [None req-30565e89-a9de-45b3-a7c0-ff9b36a8662e None None] enable_new_services = True {{(pid=99528) log_opt_values /opt/stack/data/venv/lib/python3.12/site-packages/oslo_config/cfg.py:2995}}
Mar 26 00:59:38.538880 np0000160844 devstack@n-api.service[99528]: DEBUG nova.api.openstack.wsgi_app [None req-30565e89-a9de-45b3-a7c0-ff9b36a8662e None None] flat_injected = False {{(pid=99528) log_opt_values /opt/stack/data/venv/lib/python3.12/site-packages/oslo_config/cfg.py:2995}}
Mar 26 00:59:38.539178 np0000160844 devstack@n-api.service[99528]: DEBUG nova.api.openstack.wsgi_app [None req-30565e89-a9de-45b3-a7c0-ff9b36a8662e None None] force_config_drive = False {{(pid=99528) log_opt_values /opt/stack/data/venv/lib/python3.12/site-packages/oslo_config/cfg.py:2995}}
Mar 26 00:59:38.539178 np0000160844 devstack@n-api.service[99528]: DEBUG nova.api.openstack.wsgi_app [None req-30565e89-a9de-45b3-a7c0-ff9b36a8662e None None] force_raw_images = True {{(pid=99528) log_opt_values /opt/stack/data/venv/lib/python3.12/site-packages/oslo_config/cfg.py:2995}}
Mar 26 00:59:38.539435 np0000160844 devstack@n-api.service[99528]: DEBUG nova.api.openstack.wsgi_app [None req-30565e89-a9de-45b3-a7c0-ff9b36a8662e None None] graceful_shutdown_timeout = 5 {{(pid=99528) log_opt_values /opt/stack/data/venv/lib/python3.12/site-packages/oslo_config/cfg.py:2995}}
Mar 26 00:59:38.539435 np0000160844 devstack@n-api.service[99528]: DEBUG nova.api.openstack.wsgi_app [None req-30565e89-a9de-45b3-a7c0-ff9b36a8662e None None] heal_instance_info_cache_interval = -1 {{(pid=99528) log_opt_values /opt/stack/data/venv/lib/python3.12/site-packages/oslo_config/cfg.py:2995}}
Mar 26 00:59:38.539777 np0000160844 devstack@n-api.service[99528]: DEBUG nova.api.openstack.wsgi_app [None req-30565e89-a9de-45b3-a7c0-ff9b36a8662e None None] host = np0000160844 {{(pid=99528) log_opt_values /opt/stack/data/venv/lib/python3.12/site-packages/oslo_config/cfg.py:2995}}
Mar 26 00:59:38.539777 np0000160844 devstack@n-api.service[99528]: DEBUG nova.api.openstack.wsgi_app [None req-30565e89-a9de-45b3-a7c0-ff9b36a8662e None None] initial_cpu_allocation_ratio = 4.0 {{(pid=99528) log_opt_values /opt/stack/data/venv/lib/python3.12/site-packages/oslo_config/cfg.py:2995}}
Mar 26 00:59:38.540102 np0000160844 devstack@n-api.service[99528]: DEBUG nova.api.openstack.wsgi_app [None req-30565e89-a9de-45b3-a7c0-ff9b36a8662e None None] initial_disk_allocation_ratio = 1.0 {{(pid=99528) log_opt_values /opt/stack/data/venv/lib/python3.12/site-packages/oslo_config/cfg.py:2995}}
Mar 26 00:59:38.540102 np0000160844 devstack@n-api.service[99528]: DEBUG nova.api.openstack.wsgi_app [None req-30565e89-a9de-45b3-a7c0-ff9b36a8662e None None] initial_ram_allocation_ratio = 1.0 {{(pid=99528) log_opt_values /opt/stack/data/venv/lib/python3.12/site-packages/oslo_config/cfg.py:2995}}
Mar 26 00:59:38.540216 np0000160844 devstack@n-api.service[99528]: DEBUG nova.api.openstack.wsgi_app [None req-30565e89-a9de-45b3-a7c0-ff9b36a8662e None None] injected_network_template = /opt/stack/nova/nova/virt/interfaces.template {{(pid=99528) log_opt_values /opt/stack/data/venv/lib/python3.12/site-packages/oslo_config/cfg.py:2995}}
Mar 26 00:59:38.540382 np0000160844 devstack@n-api.service[99528]: DEBUG nova.api.openstack.wsgi_app [None req-30565e89-a9de-45b3-a7c0-ff9b36a8662e None None] instance_build_timeout = 0 {{(pid=99528) log_opt_values /opt/stack/data/venv/lib/python3.12/site-packages/oslo_config/cfg.py:2995}}
Mar 26 00:59:38.540512 np0000160844 devstack@n-api.service[99528]: DEBUG nova.api.openstack.wsgi_app [None req-30565e89-a9de-45b3-a7c0-ff9b36a8662e None None] instance_delete_interval = 300 {{(pid=99528) log_opt_values /opt/stack/data/venv/lib/python3.12/site-packages/oslo_config/cfg.py:2995}}
Mar 26 00:59:38.540658 np0000160844 devstack@n-api.service[99528]: DEBUG nova.api.openstack.wsgi_app [None req-30565e89-a9de-45b3-a7c0-ff9b36a8662e None None] instance_format = [instance: %(uuid)s] {{(pid=99528) log_opt_values /opt/stack/data/venv/lib/python3.12/site-packages/oslo_config/cfg.py:2995}}
Mar 26 00:59:38.540800 np0000160844 devstack@n-api.service[99528]: DEBUG nova.api.openstack.wsgi_app [None req-30565e89-a9de-45b3-a7c0-ff9b36a8662e None None] instance_name_template = instance-%08x {{(pid=99528) log_opt_values /opt/stack/data/venv/lib/python3.12/site-packages/oslo_config/cfg.py:2995}}
Mar 26 00:59:38.540800 np0000160844 devstack@n-api.service[99528]: DEBUG nova.api.openstack.wsgi_app [None req-30565e89-a9de-45b3-a7c0-ff9b36a8662e None None] instance_usage_audit = False {{(pid=99528) log_opt_values /opt/stack/data/venv/lib/python3.12/site-packages/oslo_config/cfg.py:2995}}
Mar 26 00:59:38.541031 np0000160844 devstack@n-api.service[99528]: DEBUG nova.api.openstack.wsgi_app [None req-30565e89-a9de-45b3-a7c0-ff9b36a8662e None None] instance_usage_audit_period = month {{(pid=99528) log_opt_values /opt/stack/data/venv/lib/python3.12/site-packages/oslo_config/cfg.py:2995}}
