2026-04-21 18:45:44.329 7 INFO neutron.db.ovn_revision_numbers_db [None req-68253abd-0940-4db9-bc96-578e607ab6d5 - - - - - -] Successfully bumped revision number for resource e5e88af6-2a72-4ec2-b9e8-f69596b2e9ca (type: subnets) to 0 [pid: 7|app: 0|req: 420/848] 10.0.0.144 () {34 vars in 669 bytes} [Tue Apr 21 18:45:43 2026] POST /v2.0/subnets => generated 626 bytes in 697 msecs (HTTP/1.1 201) 4 headers in 162 bytes (1 switches on core 0) [pid: 7|app: 0|req: 421/849] 199.204.45.4 () {34 vars in 1050 bytes} [Tue Apr 21 18:45:44 2026] GET /v2.0/ports?network_id=ce17c359-8f49-4f49-8686-1a9b704ffd38&device_owner=network%3Adhcp => generated 12 bytes in 15 msecs (HTTP/1.1 200) 4 headers in 156 bytes (1 switches on core 0)
2026-04-21 18:45:44.367 8 WARNING neutron.scheduler.dhcp_agent_scheduler [None req-52494fbd-2977-4923-b0cd-9f82a35cebf7 9317d6d0dd6f42ce96d06116696ceb9e 6982cd5f8f5e4a3db88efbf1e3b5e91e - - default default] No more DHCP agents
2026-04-21 18:45:44.369 8 WARNING neutron.api.rpc.agentnotifiers.dhcp_rpc_agent_api [None req-52494fbd-2977-4923-b0cd-9f82a35cebf7 9317d6d0dd6f42ce96d06116696ceb9e 6982cd5f8f5e4a3db88efbf1e3b5e91e - - default default] Unable to schedule network 004dbc81-0319-412c-bf6e-bc1e431efc61: no agents available; will retry on subsequent port and subnet creation events.
2026-04-21 18:45:44.472 7 INFO neutron.plugins.ml2.drivers.ovn.mech_driver.mech_driver [None req-d22057a9-f04c-4168-9653-9d0d487fb9ae - - - - - -] OVN reports status down for port: 2bb9472c-d649-4583-b6f5-276f715a54d0
2026-04-21 18:45:44.482 8 INFO neutron.db.ovn_revision_numbers_db [None req-52494fbd-2977-4923-b0cd-9f82a35cebf7 9317d6d0dd6f42ce96d06116696ceb9e 6982cd5f8f5e4a3db88efbf1e3b5e91e - - default default] Successfully bumped revision number for resource 2bb9472c-d649-4583-b6f5-276f715a54d0 (type: ports) to 1 [pid: 8|app: 0|req: 429/850] 10.0.0.144 () {34 vars in 670 bytes} [Tue Apr 21 18:45:43 2026] POST /v2.0/networks => generated 650 bytes in 554 msecs (HTTP/1.1 201) 4 headers in 162 bytes (1 switches on core 0) [pid: 8|app: 0|req: 430/851] 199.204.45.4 () {34 vars in 1010 bytes} [Tue Apr 21 18:45:44 2026] GET /v2.0/networks/ce17c359-8f49-4f49-8686-1a9b704ffd38?fields=segments => generated 14 bytes in 51 msecs (HTTP/1.1 200) 4 headers in 156 bytes (1 switches on core 0)
2026-04-21 18:45:44.580 7 INFO neutron.db.ovn_revision_numbers_db [None req-fff12c1f-39fc-4bb1-8eaa-1e174ef8f0e5 90428deec6094211855b7d709fe4f62a c3b7cf14fa614d8c83a397c4cbee4cf8 - - default default] Successfully bumped revision number for resource 108cdcf4-ef86-4109-877e-aa0e4597fd4c (type: routers) to 1 [pid: 7|app: 0|req: 422/852] 10.0.0.144 () {34 vars in 669 bytes} [Tue Apr 21 18:45:44 2026] POST /v2.0/routers => generated 603 bytes in 248 msecs (HTTP/1.1 201) 4 headers in 162 bytes (1 switches on core 0) [pid: 7|app: 0|req: 423/853] 199.204.45.4 () {34 vars in 1110 bytes} [Tue Apr 21 18:45:44 2026] GET /v2.0/networks/ce17c359-8f49-4f49-8686-1a9b704ffd38?fields=provider%3Aphysical_network&fields=provider%3Anetwork_type => generated 79 bytes in 46 msecs (HTTP/1.1 200) 4 headers in 156 bytes (1 switches on core 0)
2026-04-21 18:45:44.665 8 INFO neutron.db.segments_db [None req-ea07846c-2adc-47fd-a192-96a1ef08350d 9317d6d0dd6f42ce96d06116696ceb9e 6982cd5f8f5e4a3db88efbf1e3b5e91e - - default default] Added segment 7fb4c35a-18e0-43f8-aef5-5ca209ea07d5 of type geneve for network db06763a-0b0b-4933-a56a-bcfc75763d84
2026-04-21 18:45:44.799 8 INFO neutron.db.ovn_revision_numbers_db [None req-ea07846c-2adc-47fd-a192-96a1ef08350d 9317d6d0dd6f42ce96d06116696ceb9e 6982cd5f8f5e4a3db88efbf1e3b5e91e - - default default] Successfully bumped revision number for resource db06763a-0b0b-4933-a56a-bcfc75763d84 (type: networks) to 1
2026-04-21 18:45:44.878 8 INFO neutron.services.segments.plugin [-] Segment d9f874ce-37f8-447e-ac68-e3df2d8c6197 resource provider aggregate not found
2026-04-21 18:45:44.887 8 INFO neutron.services.segments.plugin [-] Segment d9f874ce-37f8-447e-ac68-e3df2d8c6197 resource provider aggregate not found
2026-04-21 18:45:44.897 8 INFO neutron.services.segments.plugin [-] Segment d9f874ce-37f8-447e-ac68-e3df2d8c6197 resource provider not found; error: Placement Client Error (4xx): {"errors": [{"status": 404, "title": "Not Found", "detail": "The resource could not be found.\n\n No resource provider with uuid d9f874ce-37f8-447e-ac68-e3df2d8c6197 found for delete ", "request_id": "req-79aa3761-b305-43c6-b3db-42485f086bd4"}]}
2026-04-21 18:45:44.905 8 INFO neutron.services.segments.plugin [-] Segment d9f874ce-37f8-447e-ac68-e3df2d8c6197 resource provider not found; error: Placement Client Error (4xx): {"errors": [{"status": 404, "title": "Not Found", "detail": "The resource could not be found.\n\n No resource provider with uuid d9f874ce-37f8-447e-ac68-e3df2d8c6197 found for delete ", "request_id": "req-2267047d-fabb-45cc-8231-f3f91eda5c34"}]}
2026-04-21 18:45:44.995 8 WARNING neutron.scheduler.dhcp_agent_scheduler [None req-ea07846c-2adc-47fd-a192-96a1ef08350d 9317d6d0dd6f42ce96d06116696ceb9e 6982cd5f8f5e4a3db88efbf1e3b5e91e - - default default] No more DHCP agents
2026-04-21 18:45:44.996 8 WARNING neutron.api.rpc.agentnotifiers.dhcp_rpc_agent_api [None req-ea07846c-2adc-47fd-a192-96a1ef08350d 9317d6d0dd6f42ce96d06116696ceb9e 6982cd5f8f5e4a3db88efbf1e3b5e91e - - default default] Unable to schedule network db06763a-0b0b-4933-a56a-bcfc75763d84: no agents available; will retry on subsequent port and subnet creation events.
2026-04-21 18:45:45.101 7 INFO neutron.plugins.ml2.drivers.ovn.mech_driver.mech_driver [None req-d22057a9-f04c-4168-9653-9d0d487fb9ae - - - - - -] OVN reports status down for port: 2e3a936b-659b-4b30-8935-a9b01570537d
2026-04-21 18:45:45.107 8 INFO neutron.db.ovn_revision_numbers_db [None req-ea07846c-2adc-47fd-a192-96a1ef08350d 9317d6d0dd6f42ce96d06116696ceb9e 6982cd5f8f5e4a3db88efbf1e3b5e91e - - default default] Successfully bumped revision number for resource 2e3a936b-659b-4b30-8935-a9b01570537d (type: ports) to 1 [pid: 8|app: 0|req: 431/854] 10.0.0.144 () {34 vars in 670 bytes} [Tue Apr 21 18:45:44 2026] POST /v2.0/networks => generated 650 bytes in 564 msecs (HTTP/1.1 201) 4 headers in 162 bytes (1 switches on core 0) [pid: 8|app: 0|req: 432/855] 10.0.0.191 () {34 vars in 990 bytes} [Tue Apr 21 18:45:45 2026] GET /v2.0/ports?device_id=5c5d27db-5203-49be-abf8-cc45513e8591 => generated 12 bytes in 22 msecs (HTTP/1.1 200) 4 headers in 156 bytes (1 switches on core 0)
2026-04-21 18:45:45.180 7 WARNING neutron.scheduler.dhcp_agent_scheduler [None req-60ec6b72-a112-41c5-9296-704351c21219 90428deec6094211855b7d709fe4f62a c3b7cf14fa614d8c83a397c4cbee4cf8 - - default default] No more DHCP agents
2026-04-21 18:45:45.182 7 WARNING neutron.api.rpc.agentnotifiers.dhcp_rpc_agent_api [None req-60ec6b72-a112-41c5-9296-704351c21219 90428deec6094211855b7d709fe4f62a c3b7cf14fa614d8c83a397c4cbee4cf8 - - default default] Unable to schedule network 4514903c-4bfc-4fb9-9f80-5374397d58b0: no agents available; will retry on subsequent port and subnet creation events. [pid: 8|app: 0|req: 433/856] 10.0.0.191 () {34 vars in 990 bytes} [Tue Apr 21 18:45:45 2026] GET /v2.0/ports?device_id=15cd6e22-adaf-4e3d-bba4-6c50af667431 => generated 969 bytes in 74 msecs (HTTP/1.1 200) 4 headers in 157 bytes (1 switches on core 0)
2026-04-21 18:45:45.335 7 INFO neutron.plugins.ml2.drivers.ovn.mech_driver.mech_driver [None req-d22057a9-f04c-4168-9653-9d0d487fb9ae - - - - - -] OVN reports status down for port: ab071963-0476-482e-a332-b1da8fd3b5c3
2026-04-21 18:45:45.389 7 INFO neutron.db.ovn_revision_numbers_db [None req-60ec6b72-a112-41c5-9296-704351c21219 90428deec6094211855b7d709fe4f62a c3b7cf14fa614d8c83a397c4cbee4cf8 - - default default] Successfully bumped revision number for resource ab071963-0476-482e-a332-b1da8fd3b5c3 (type: ports) to 1
2026-04-21 18:45:45.650 8 WARNING neutron.scheduler.dhcp_agent_scheduler [None req-efabcb13-9bcc-4aae-842c-c246fc782f0c 9317d6d0dd6f42ce96d06116696ceb9e 6982cd5f8f5e4a3db88efbf1e3b5e91e - - default default] No more DHCP agents
2026-04-21 18:45:45.651 8 WARNING neutron.api.rpc.agentnotifiers.dhcp_rpc_agent_api [None req-efabcb13-9bcc-4aae-842c-c246fc782f0c 9317d6d0dd6f42ce96d06116696ceb9e 6982cd5f8f5e4a3db88efbf1e3b5e91e - - default default] Unable to schedule network 004dbc81-0319-412c-bf6e-bc1e431efc61: no agents available; will retry on subsequent port and subnet creation events.
2026-04-21 18:45:45.770 7 INFO neutron.plugins.ml2.drivers.ovn.mech_driver.mech_driver [None req-d22057a9-f04c-4168-9653-9d0d487fb9ae - - - - - -] OVN reports status down for port: 3a96f48e-2bb2-4e99-b79f-fbaf7dde40d5
2026-04-21 18:45:45.791 8 INFO neutron.db.ovn_revision_numbers_db [None req-efabcb13-9bcc-4aae-842c-c246fc782f0c 9317d6d0dd6f42ce96d06116696ceb9e 6982cd5f8f5e4a3db88efbf1e3b5e91e - - default default] Successfully bumped revision number for resource 3a96f48e-2bb2-4e99-b79f-fbaf7dde40d5 (type: ports) to 1
2026-04-21 18:45:45.843 8 WARNING neutron.scheduler.dhcp_agent_scheduler [None req-efabcb13-9bcc-4aae-842c-c246fc782f0c 9317d6d0dd6f42ce96d06116696ceb9e 6982cd5f8f5e4a3db88efbf1e3b5e91e - - default default] No more DHCP agents
2026-04-21 18:45:45.844 8 WARNING neutron.api.rpc.agentnotifiers.dhcp_rpc_agent_api [None req-efabcb13-9bcc-4aae-842c-c246fc782f0c 9317d6d0dd6f42ce96d06116696ceb9e 6982cd5f8f5e4a3db88efbf1e3b5e91e - - default default] Unable to schedule network db06763a-0b0b-4933-a56a-bcfc75763d84: no agents available; will retry on subsequent port and subnet creation events.
2026-04-21 18:45:45.973 8 INFO neutron.db.ovn_revision_numbers_db [None req-efabcb13-9bcc-4aae-842c-c246fc782f0c 9317d6d0dd6f42ce96d06116696ceb9e 6982cd5f8f5e4a3db88efbf1e3b5e91e - - default default] Successfully bumped revision number for resource 1370bbaa-d11d-4e1f-ac51-a1ab908f11e1 (type: ports) to 1
2026-04-21 18:45:46.024 7 INFO neutron.plugins.ml2.drivers.ovn.mech_driver.mech_driver [None req-d22057a9-f04c-4168-9653-9d0d487fb9ae - - - - - -] OVN reports status down for port: 1370bbaa-d11d-4e1f-ac51-a1ab908f11e1 [pid: 8|app: 0|req: 434/857] 10.0.0.144 () {34 vars in 665 bytes} [Tue Apr 21 18:45:45 2026] POST /v2.0/ports => generated 1506 bytes in 856 msecs (HTTP/1.1 201) 4 headers in 163 bytes (1 switches on core 0) /var/lib/openstack/lib/python3.12/site-packages/pycadf/identifier.py:70: UserWarning: Invalid uuid: neutron. To ensure interoperability, identifiers should be a valid uuid. warnings.warn(('Invalid uuid: %s. To ensure interoperability, ' [pid: 8|app: 0|req: 435/858] 10.0.0.191 () {34 vars in 1040 bytes} [Tue Apr 21 18:45:46 2026] GET /v2.0/security-groups?id=3be4cae5-ac4d-4bca-b898-ec2167c1320b&fields=id&fields=name => generated 114 bytes in 50 msecs (HTTP/1.1 200) 4 headers in 157 bytes (1 switches on core 0) [pid: 8|app: 0|req: 438/861] 10.0.0.144 () {32 vars in 643 bytes} [Tue Apr 21 18:45:46 2026] GET /v2.0/ports => generated 3018 bytes in 45 msecs (HTTP/1.1 200) 4 headers in 158 bytes (1 switches on core 0)
2026-04-21 18:45:46.253 7 INFO neutron.plugins.ml2.drivers.ovn.mech_driver.mech_driver [None req-d22057a9-f04c-4168-9653-9d0d487fb9ae - - - - - -] OVN reports status up for port: ab071963-0476-482e-a332-b1da8fd3b5c3
2026-04-21 18:45:46.283 7 INFO neutron.plugins.ml2.plugin [None req-d22057a9-f04c-4168-9653-9d0d487fb9ae - - - - - -] Attempt 1 to provision port ab071963-0476-482e-a332-b1da8fd3b5c3
2026-04-21 18:45:46.341 8 INFO neutron_taas.services.taas.taas_plugin [None req-e20bbbb6-b177-43e3-bff0-4591c320d393 9317d6d0dd6f42ce96d06116696ceb9e 6982cd5f8f5e4a3db88efbf1e3b5e91e - - default default] TaaS: Handle Delete Port: 3a96f48e-2bb2-4e99-b79f-fbaf7dde40d5
2026-04-21 18:45:46.345 8 INFO neutron_taas.services.taas.tap_mirror_plugin [None req-e20bbbb6-b177-43e3-bff0-4591c320d393 9317d6d0dd6f42ce96d06116696ceb9e 6982cd5f8f5e4a3db88efbf1e3b5e91e - - default default] Tap Mirror: Handle Delete Port: 3a96f48e-2bb2-4e99-b79f-fbaf7dde40d5
2026-04-21 18:45:46.376 7 WARNING neutron.scheduler.dhcp_agent_scheduler [None req-60ec6b72-a112-41c5-9296-704351c21219 90428deec6094211855b7d709fe4f62a c3b7cf14fa614d8c83a397c4cbee4cf8 - - default default] No more DHCP agents
2026-04-21 18:45:46.380 7 WARNING neutron.api.rpc.agentnotifiers.dhcp_rpc_agent_api [None req-60ec6b72-a112-41c5-9296-704351c21219 90428deec6094211855b7d709fe4f62a c3b7cf14fa614d8c83a397c4cbee4cf8 - - default default] Unable to schedule network 4514903c-4bfc-4fb9-9f80-5374397d58b0: no agents available; will retry on subsequent port and subnet creation events. [pid: 8|app: 0|req: 439/862] 10.0.0.144 () {32 vars in 720 bytes} [Tue Apr 21 18:45:46 2026] DELETE /v2.0/ports/3a96f48e-2bb2-4e99-b79f-fbaf7dde40d5 => generated 0 bytes in 299 msecs (HTTP/1.1 204) 3 headers in 131 bytes (1 switches on core 0) [pid: 8|app: 0|req: 440/863] 10.0.0.191 () {34 vars in 990 bytes} [Tue Apr 21 18:45:46 2026] GET /v2.0/ports?device_id=5c5d27db-5203-49be-abf8-cc45513e8591 => generated 12 bytes in 401 msecs (HTTP/1.1 200) 4 headers in 156 bytes (1 switches on core 0)
2026-04-21 18:45:46.903 7 INFO neutron.db.ovn_revision_numbers_db [None req-60ec6b72-a112-41c5-9296-704351c21219 90428deec6094211855b7d709fe4f62a c3b7cf14fa614d8c83a397c4cbee4cf8 - - default default] Successfully bumped revision number for resource ab071963-0476-482e-a332-b1da8fd3b5c3 (type: router_ports) to 1 [pid: 7|app: 0|req: 424/864] 10.0.0.144 () {34 vars in 783 bytes} [Tue Apr 21 18:45:44 2026] PUT /v2.0/routers/108cdcf4-ef86-4109-877e-aa0e4597fd4c/add_router_interface => generated 309 bytes in 2258 msecs (HTTP/1.1 200) 4 headers in 157 bytes (1 switches on core 0) [pid: 7|app: 0|req: 425/865] 10.0.0.144 () {32 vars in 717 bytes} [Tue Apr 21 18:45:46 2026] GET /v2.0/ports/ab071963-0476-482e-a332-b1da8fd3b5c3 => generated 943 bytes in 74 msecs (HTTP/1.1 200) 4 headers in 157 bytes (1 switches on core 0)
2026-04-21 18:45:47.039 8 INFO neutron_taas.services.taas.taas_plugin [None req-d8ab2c24-003b-438a-8d0d-02c3fdcea9a8 9317d6d0dd6f42ce96d06116696ceb9e 6982cd5f8f5e4a3db88efbf1e3b5e91e - - default default] TaaS: Handle Delete Port: 1370bbaa-d11d-4e1f-ac51-a1ab908f11e1
2026-04-21 18:45:47.042 8 INFO neutron_taas.services.taas.tap_mirror_plugin [None req-d8ab2c24-003b-438a-8d0d-02c3fdcea9a8 9317d6d0dd6f42ce96d06116696ceb9e 6982cd5f8f5e4a3db88efbf1e3b5e91e - - default default] Tap Mirror: Handle Delete Port: 1370bbaa-d11d-4e1f-ac51-a1ab908f11e1
2026-04-21 18:45:47.122 7 INFO neutron.db.ovn_revision_numbers_db [None req-d22057a9-f04c-4168-9653-9d0d487fb9ae - - - - - -] Successfully bumped revision number for resource ab071963-0476-482e-a332-b1da8fd3b5c3 (type: ports) to 2 [pid: 8|app: 0|req: 441/866] 10.0.0.144 () {32 vars in 720 bytes} [Tue Apr 21 18:45:46 2026] DELETE /v2.0/ports/1370bbaa-d11d-4e1f-ac51-a1ab908f11e1 => generated 0 bytes in 286 msecs (HTTP/1.1 204) 3 headers in 131 bytes (1 switches on core 0) [pid: 8|app: 0|req: 442/867] 10.0.0.144 () {32 vars in 643 bytes} [Tue Apr 21 18:45:47 2026] GET /v2.0/ports => generated 1523 bytes in 39 msecs (HTTP/1.1 200) 4 headers in 158 bytes (1 switches on core 0) [pid: 8|app: 0|req: 443/868] 10.0.0.191 () {34 vars in 990 bytes} [Tue Apr 21 18:45:47 2026] GET /v2.0/ports?device_id=15cd6e22-adaf-4e3d-bba4-6c50af667431 => generated 969 bytes in 33 msecs (HTTP/1.1 200) 4 headers in 157 bytes (1 switches on core 0)
2026-04-21 18:45:47.383 8 INFO neutron.db.segments_db [None req-c4bd6d9b-9969-4e84-87ed-ec674d7937e8 9317d6d0dd6f42ce96d06116696ceb9e 6982cd5f8f5e4a3db88efbf1e3b5e91e - - default default] Added segment 992447d5-8614-49a6-8423-7e9790365360 of type geneve for network b37fd71d-1407-4b10-aad1-59db8df98eef
2026-04-21 18:45:47.520 8 INFO neutron.db.ovn_revision_numbers_db [None req-c4bd6d9b-9969-4e84-87ed-ec674d7937e8 9317d6d0dd6f42ce96d06116696ceb9e 6982cd5f8f5e4a3db88efbf1e3b5e91e - - default default] Successfully bumped revision number for resource b37fd71d-1407-4b10-aad1-59db8df98eef (type: networks) to 1
2026-04-21 18:45:47.677 8 WARNING neutron.scheduler.dhcp_agent_scheduler [None req-c4bd6d9b-9969-4e84-87ed-ec674d7937e8 9317d6d0dd6f42ce96d06116696ceb9e 6982cd5f8f5e4a3db88efbf1e3b5e91e - - default default] No more DHCP agents
2026-04-21 18:45:47.678 8 WARNING neutron.api.rpc.agentnotifiers.dhcp_rpc_agent_api [None req-c4bd6d9b-9969-4e84-87ed-ec674d7937e8 9317d6d0dd6f42ce96d06116696ceb9e 6982cd5f8f5e4a3db88efbf1e3b5e91e - - default default] Unable to schedule network b37fd71d-1407-4b10-aad1-59db8df98eef: no agents available; will retry on subsequent port and subnet creation events.
2026-04-21 18:45:47.781 8 INFO neutron.db.ovn_revision_numbers_db [None req-c4bd6d9b-9969-4e84-87ed-ec674d7937e8 9317d6d0dd6f42ce96d06116696ceb9e 6982cd5f8f5e4a3db88efbf1e3b5e91e - - default default] Successfully bumped revision number for resource 9e867f27-9365-41e5-af12-454be21e6e3f (type: ports) to 1 [pid: 8|app: 0|req: 444/869] 10.0.0.144 () {34 vars in 670 bytes} [Tue Apr 21 18:45:47 2026] POST /v2.0/networks => generated 650 bytes in 567 msecs (HTTP/1.1 201) 4 headers in 162 bytes (1 switches on core 0) [pid: 8|app: 0|req: 445/870] 10.0.0.191 () {34 vars in 1040 bytes} [Tue Apr 21 18:45:47 2026] GET /v2.0/security-groups?id=3be4cae5-ac4d-4bca-b898-ec2167c1320b&fields=id&fields=name => generated 114 bytes in 40 msecs (HTTP/1.1 200) 4 headers in 157 bytes (1 switches on core 0)
2026-04-21 18:45:47.893 7 WARNING neutron.scheduler.dhcp_agent_scheduler [None req-faf29cbd-9d46-4526-838d-efc05b6744be 90428deec6094211855b7d709fe4f62a c3b7cf14fa614d8c83a397c4cbee4cf8 - - default default] No more DHCP agents
2026-04-21 18:45:47.894 7 WARNING neutron.api.rpc.agentnotifiers.dhcp_rpc_agent_api [None req-faf29cbd-9d46-4526-838d-efc05b6744be 90428deec6094211855b7d709fe4f62a c3b7cf14fa614d8c83a397c4cbee4cf8 - - default default] Unable to schedule network 73906fc7-568b-4a62-9cb7-e1343f8a8a93: no agents available; will retry on subsequent port and subnet creation events.
2026-04-21 18:45:47.966 8 INFO neutron.db.segments_db [None req-597faaf5-f56f-4900-b84f-237bb2873875 9317d6d0dd6f42ce96d06116696ceb9e 6982cd5f8f5e4a3db88efbf1e3b5e91e - - default default] Added segment ac5458a6-d236-436d-a381-ca19fb807f43 of type geneve for network 2635b219-6d7d-498d-bb66-3b89e97be9a5
2026-04-21 18:45:48.087 7 INFO neutron.db.ovn_revision_numbers_db [None req-faf29cbd-9d46-4526-838d-efc05b6744be 90428deec6094211855b7d709fe4f62a c3b7cf14fa614d8c83a397c4cbee4cf8 - - default default] Successfully bumped revision number for resource 7d5ba830-947b-4b4e-a495-ac0b6e08965b (type: ports) to 1
2026-04-21 18:45:48.138 8 INFO neutron.db.ovn_revision_numbers_db [None req-597faaf5-f56f-4900-b84f-237bb2873875 9317d6d0dd6f42ce96d06116696ceb9e 6982cd5f8f5e4a3db88efbf1e3b5e91e - - default default] Successfully bumped revision number for resource 2635b219-6d7d-498d-bb66-3b89e97be9a5 (type: networks) to 1
2026-04-21 18:45:48.303 8 WARNING neutron.scheduler.dhcp_agent_scheduler [None req-597faaf5-f56f-4900-b84f-237bb2873875 9317d6d0dd6f42ce96d06116696ceb9e 6982cd5f8f5e4a3db88efbf1e3b5e91e - - default default] No more DHCP agents
2026-04-21 18:45:48.304 8 WARNING neutron.api.rpc.agentnotifiers.dhcp_rpc_agent_api [None req-597faaf5-f56f-4900-b84f-237bb2873875 9317d6d0dd6f42ce96d06116696ceb9e 6982cd5f8f5e4a3db88efbf1e3b5e91e - - default default] Unable to schedule network 2635b219-6d7d-498d-bb66-3b89e97be9a5: no agents available; will retry on subsequent port and subnet creation events.
2026-04-21 18:45:48.414 8 INFO neutron.db.ovn_revision_numbers_db [None req-597faaf5-f56f-4900-b84f-237bb2873875 9317d6d0dd6f42ce96d06116696ceb9e 6982cd5f8f5e4a3db88efbf1e3b5e91e - - default default] Successfully bumped revision number for resource a0669fa4-afbd-409b-b52b-a276c0af3305 (type: ports) to 1 [pid: 8|app: 0|req: 446/871] 10.0.0.144 () {34 vars in 670 bytes} [Tue Apr 21 18:45:47 2026] POST /v2.0/networks => generated 649 bytes in 576 msecs (HTTP/1.1 201) 4 headers in 162 bytes (1 switches on core 0) [pid: 8|app: 0|req: 447/872] 10.0.0.144 () {32 vars in 740 bytes} [Tue Apr 21 18:45:48 2026] DELETE /v2.0/security-groups/d5f77bcb-4fda-45a9-a41b-d8f077cb3b2b => generated 0 bytes in 162 msecs (HTTP/1.1 204) 2 headers in 112 bytes (1 switches on core 0)
2026-04-21 18:45:48.896 7 WARNING neutron.scheduler.dhcp_agent_scheduler [None req-faf29cbd-9d46-4526-838d-efc05b6744be 90428deec6094211855b7d709fe4f62a c3b7cf14fa614d8c83a397c4cbee4cf8 - - default default] No more DHCP agents
2026-04-21 18:45:48.897 7 WARNING neutron.api.rpc.agentnotifiers.dhcp_rpc_agent_api [None req-faf29cbd-9d46-4526-838d-efc05b6744be 90428deec6094211855b7d709fe4f62a c3b7cf14fa614d8c83a397c4cbee4cf8 - - default default] Unable to schedule network 73906fc7-568b-4a62-9cb7-e1343f8a8a93: no agents available; will retry on subsequent port and subnet creation events.
2026-04-21 18:45:48.965 8 WARNING neutron.scheduler.dhcp_agent_scheduler [None req-7c80c02a-ca9b-46bd-9811-294111419735 9317d6d0dd6f42ce96d06116696ceb9e 6982cd5f8f5e4a3db88efbf1e3b5e91e - - default default] No more DHCP agents
2026-04-21 18:45:48.967 8 WARNING neutron.api.rpc.agentnotifiers.dhcp_rpc_agent_api [None req-7c80c02a-ca9b-46bd-9811-294111419735 9317d6d0dd6f42ce96d06116696ceb9e 6982cd5f8f5e4a3db88efbf1e3b5e91e - - default default] Unable to schedule network b37fd71d-1407-4b10-aad1-59db8df98eef: no agents available; will retry on subsequent port and subnet creation events.
2026-04-21 18:45:49.157 7 INFO neutron.db.ovn_revision_numbers_db [None req-faf29cbd-9d46-4526-838d-efc05b6744be 90428deec6094211855b7d709fe4f62a c3b7cf14fa614d8c83a397c4cbee4cf8 - - default default] Successfully bumped revision number for resource 7d5ba830-947b-4b4e-a495-ac0b6e08965b (type: router_ports) to 1 [pid: 7|app: 0|req: 426/873] 10.0.0.144 () {34 vars in 783 bytes} [Tue Apr 21 18:45:46 2026] PUT /v2.0/routers/108cdcf4-ef86-4109-877e-aa0e4597fd4c/add_router_interface => generated 309 bytes in 2167 msecs (HTTP/1.1 200) 4 headers in 157 bytes (1 switches on core 0)
2026-04-21 18:45:49.177 7 INFO neutron.api.v2.resource [None req-c448541c-7adf-4cfc-8857-8f16ac9f44ed 4e75bca3e81c4859986d433ce2ea098e fa39af4260014898b9ba4a3e3f4030fa - - default default] show failed (client error): The resource could not be found. [pid: 7|app: 0|req: 427/874] 10.0.0.144 () {32 vars in 737 bytes} [Tue Apr 21 18:45:49 2026] GET /v2.0/security-groups/d5f77bcb-4fda-45a9-a41b-d8f077cb3b2b => generated 146 bytes in 11 msecs (HTTP/1.1 404) 4 headers in 164 bytes (1 switches on core 0) [pid: 7|app: 0|req: 428/875] 10.0.0.191 () {34 vars in 990 bytes} [Tue Apr 21 18:45:49 2026] GET /v2.0/ports?device_id=15cd6e22-adaf-4e3d-bba4-6c50af667431 => generated 969 bytes in 78 msecs (HTTP/1.1 200) 4 headers in 157 bytes (1 switches on core 0) [pid: 7|app: 0|req: 429/876] 10.0.0.144 () {32 vars in 717 bytes} [Tue Apr 21 18:45:49 2026] GET /v2.0/ports/7d5ba830-947b-4b4e-a495-ac0b6e08965b => generated 941 bytes in 58 msecs (HTTP/1.1 200) 4 headers in 157 bytes (1 switches on core 0)
2026-04-21 18:45:49.491 7 INFO neutron_taas.services.taas.taas_plugin [None req-65acc5d6-8144-4406-ad75-04d42456c05e 4e75bca3e81c4859986d433ce2ea098e fa39af4260014898b9ba4a3e3f4030fa - - default default] TaaS: Handle Delete Port: bd276d2c-2ea8-4bcd-bc1a-82f00dc38ad4
2026-04-21 18:45:49.494 7 INFO neutron_taas.services.taas.tap_mirror_plugin [None req-65acc5d6-8144-4406-ad75-04d42456c05e 4e75bca3e81c4859986d433ce2ea098e fa39af4260014898b9ba4a3e3f4030fa - - default default] Tap Mirror: Handle Delete Port: bd276d2c-2ea8-4bcd-bc1a-82f00dc38ad4
2026-04-21 18:45:49.497 8 INFO neutron.db.ovn_revision_numbers_db [None req-b178df8d-5179-4b83-a6f7-f307ac86c419 - - - - - -] Successfully bumped revision number for resource 9e867f27-9365-41e5-af12-454be21e6e3f (type: ports) to 2
2026-04-21 18:45:49.528 8 INFO neutron.db.ovn_revision_numbers_db [None req-b178df8d-5179-4b83-a6f7-f307ac86c419 - - - - - -] Successfully bumped revision number for resource eb055f5e-51c0-463e-9797-01f15a413a23 (type: subnets) to 0
2026-04-21 18:45:49.558 8 WARNING neutron.scheduler.dhcp_agent_scheduler [None req-7c80c02a-ca9b-46bd-9811-294111419735 9317d6d0dd6f42ce96d06116696ceb9e 6982cd5f8f5e4a3db88efbf1e3b5e91e - - default default] No more DHCP agents
2026-04-21 18:45:49.559 8 WARNING neutron.api.rpc.agentnotifiers.dhcp_rpc_agent_api [None req-7c80c02a-ca9b-46bd-9811-294111419735 9317d6d0dd6f42ce96d06116696ceb9e 6982cd5f8f5e4a3db88efbf1e3b5e91e - - default default] Unable to schedule network 2635b219-6d7d-498d-bb66-3b89e97be9a5: no agents available; will retry on subsequent port and subnet creation events. [pid: 7|app: 0|req: 430/877] 10.0.0.144 () {32 vars in 732 bytes} [Tue Apr 21 18:45:49 2026] DELETE /v2.0/floatingips/1db2032a-af62-4502-acd9-4db53f1c59e7 => generated 0 bytes in 333 msecs (HTTP/1.1 204) 2 headers in 112 bytes (1 switches on core 0) [pid: 7|app: 0|req: 431/878] 10.0.0.191 () {34 vars in 1040 bytes} [Tue Apr 21 18:45:49 2026] GET /v2.0/security-groups?id=3be4cae5-ac4d-4bca-b898-ec2167c1320b&fields=id&fields=name => generated 114 bytes in 21 msecs (HTTP/1.1 200) 4 headers in 157 bytes (1 switches on core 0) [pid: 7|app: 0|req: 432/879] 10.0.0.144 () {32 vars in 717 bytes} [Tue Apr 21 18:45:49 2026] GET /v2.0/ports/7d5ba830-947b-4b4e-a495-ac0b6e08965b => generated 941 bytes in 26 msecs (HTTP/1.1 200) 4 headers in 157 bytes (1 switches on core 0)
2026-04-21 18:45:49.935 7 INFO neutron_taas.services.taas.taas_plugin [None req-4542c671-f295-423b-b0a5-16a3f52caaef 3bc1e49382684fe2b88c00d7deb2fb97 a045805a4f60467da4fcf758600f146b - - default default] TaaS: Handle Delete Port: 2be18eb7-5fac-4e0f-9590-6186a6af479b
2026-04-21 18:45:49.938 7 INFO neutron_taas.services.taas.tap_mirror_plugin [None req-4542c671-f295-423b-b0a5-16a3f52caaef 3bc1e49382684fe2b88c00d7deb2fb97 a045805a4f60467da4fcf758600f146b - - default default] Tap Mirror: Handle Delete Port: 2be18eb7-5fac-4e0f-9590-6186a6af479b
2026-04-21 18:45:49.999 8 INFO neutron.db.ovn_revision_numbers_db [None req-ccdd6d6f-42fd-4bc9-9a75-1d6859ff574b - - - - - -] Successfully bumped revision number for resource a0669fa4-afbd-409b-b52b-a276c0af3305 (type: ports) to 2
2026-04-21 18:45:50.021 8 INFO neutron.db.ovn_revision_numbers_db [None req-ccdd6d6f-42fd-4bc9-9a75-1d6859ff574b - - - - - -] Successfully bumped revision number for resource 8e65e5a3-729b-4126-988f-1eaa28b5d5f1 (type: subnets) to 0 [pid: 8|app: 0|req: 448/880] 10.0.0.144 () {34 vars in 669 bytes} [Tue Apr 21 18:45:48 2026] POST /v2.0/subnets => generated 1273 bytes in 1434 msecs (HTTP/1.1 201) 4 headers in 163 bytes (1 switches on core 0) [pid: 8|app: 0|req: 449/881] 10.0.0.221 () {28 vars in 591 bytes} [Tue Apr 21 18:45:50 2026] GET /v2.0/floatingips => generated 555 bytes in 51 msecs (HTTP/1.1 200) 4 headers in 157 bytes (1 switches on core 0) [pid: 8|app: 0|req: 450/882] 10.0.0.144 () {32 vars in 647 bytes} [Tue Apr 21 18:45:50 2026] GET /v2.0/subnets => generated 1909 bytes in 37 msecs (HTTP/1.1 200) 4 headers in 158 bytes (1 switches on core 0) [pid: 8|app: 0|req: 451/883] 10.0.0.221 () {28 vars in 599 bytes} [Tue Apr 21 18:45:50 2026] GET /v2.0/security-groups => generated 31878 bytes in 76 msecs (HTTP/1.1 200) 4 headers in 159 bytes (1 switches on core 0) [pid: 8|app: 0|req: 452/884] 10.0.0.144 () {32 vars in 724 bytes} [Tue Apr 21 18:45:50 2026] DELETE /v2.0/subnets/eb055f5e-51c0-463e-9797-01f15a413a23 => generated 0 bytes in 165 msecs (HTTP/1.1 204) 3 headers in 131 bytes (1 switches on core 0) [pid: 8|app: 0|req: 453/885] 10.0.0.221 () {28 vars in 619 bytes} [Tue Apr 21 18:45:50 2026] GET /v2.0/network-ip-availabilities => generated 4178 bytes in 25 msecs (HTTP/1.1 200) 4 headers in 158 bytes (1 switches on core 0) [pid: 8|app: 0|req: 454/886] 10.0.0.144 () {32 vars in 724 bytes} [Tue Apr 21 18:45:50 2026] DELETE /v2.0/subnets/8e65e5a3-729b-4126-988f-1eaa28b5d5f1 => generated 0 bytes in 160 msecs (HTTP/1.1 204) 3 headers in 131 bytes (1 switches on core 0) [pid: 7|app: 0|req: 433/887] 10.0.0.144 () {34 vars in 789 bytes} [Tue Apr 21 18:45:49 2026] PUT /v2.0/routers/ac6ebd14-9bf6-4e1e-bd12-13490381c724/remove_router_interface => generated 309 bytes in 945 msecs (HTTP/1.1 200) 4 headers in 157 bytes (1 switches on core 0) /var/lib/openstack/lib/python3.12/site-packages/pycadf/identifier.py:70: UserWarning: Invalid uuid: neutron. To ensure interoperability, identifiers should be a valid uuid. warnings.warn(('Invalid uuid: %s. To ensure interoperability, ' [pid: 7|app: 0|req: 434/888] 10.0.0.144 () {32 vars in 647 bytes} [Tue Apr 21 18:45:50 2026] GET /v2.0/subnets => generated 649 bytes in 26 msecs (HTTP/1.1 200) 4 headers in 157 bytes (1 switches on core 0) [pid: 8|app: 0|req: 455/889] 10.0.0.221 () {28 vars in 583 bytes} [Tue Apr 21 18:45:50 2026] GET /v2.0/routers => generated 2555 bytes in 119 msecs (HTTP/1.1 200) 4 headers in 158 bytes (1 switches on core 0)
2026-04-21 18:45:50.791 8 INFO neutron_taas.services.taas.taas_plugin [None req-7656e0c7-fe2f-4e98-bb08-0893d5b3b4c0 9317d6d0dd6f42ce96d06116696ceb9e 6982cd5f8f5e4a3db88efbf1e3b5e91e - - default default] TaaS: Handle Delete Port: a0669fa4-afbd-409b-b52b-a276c0af3305
2026-04-21 18:45:50.795 8 INFO neutron_taas.services.taas.tap_mirror_plugin [None req-7656e0c7-fe2f-4e98-bb08-0893d5b3b4c0 9317d6d0dd6f42ce96d06116696ceb9e 6982cd5f8f5e4a3db88efbf1e3b5e91e - - default default] Tap Mirror: Handle Delete Port: a0669fa4-afbd-409b-b52b-a276c0af3305
2026-04-21 18:45:50.985 8 INFO neutron.services.segments.plugin [-] Segment ac5458a6-d236-436d-a381-ca19fb807f43 resource provider aggregate not found
2026-04-21 18:45:50.988 8 INFO neutron.services.segments.plugin [-] Segment ac5458a6-d236-436d-a381-ca19fb807f43 resource provider aggregate not found
2026-04-21 18:45:51.003 8 INFO neutron.services.segments.plugin [-] Segment ac5458a6-d236-436d-a381-ca19fb807f43 resource provider not found; error: Placement Client Error (4xx): {"errors": [{"status": 404, "title": "Not Found", "detail": "The resource could not be found.\n\n No resource provider with uuid ac5458a6-d236-436d-a381-ca19fb807f43 found for delete ", "request_id": "req-b9aa8846-7ba3-4892-ac3c-fa4eb75316c7"}]}
2026-04-21 18:45:51.003 8 INFO neutron.services.segments.plugin [-] Segment ac5458a6-d236-436d-a381-ca19fb807f43 resource provider not found; error: Placement Client Error (4xx): {"errors": [{"status": 404, "title": "Not Found", "detail": "The resource could not be found.\n\n No resource provider with uuid ac5458a6-d236-436d-a381-ca19fb807f43 found for delete ", "request_id": "req-e1181308-5f1a-4417-898a-44f2a38b86c9"}]} [pid: 8|app: 0|req: 456/890] 10.0.0.144 () {32 vars in 726 bytes} [Tue Apr 21 18:45:50 2026] DELETE /v2.0/networks/2635b219-6d7d-498d-bb66-3b89e97be9a5 => generated 0 bytes in 370 msecs (HTTP/1.1 204) 3 headers in 131 bytes (1 switches on core 0)
2026-04-21 18:45:51.051 7 INFO neutron_taas.services.taas.taas_plugin [None req-3e8b25d3-a091-478d-b731-4e3c375d520f 3bc1e49382684fe2b88c00d7deb2fb97 a045805a4f60467da4fcf758600f146b - - default default] TaaS: Handle Delete Port: cc7e9bb2-72a5-4d2e-b95f-b32617266b91
2026-04-21 18:45:51.058 7 INFO neutron_taas.services.taas.tap_mirror_plugin [None req-3e8b25d3-a091-478d-b731-4e3c375d520f 3bc1e49382684fe2b88c00d7deb2fb97 a045805a4f60467da4fcf758600f146b - - default default] Tap Mirror: Handle Delete Port: cc7e9bb2-72a5-4d2e-b95f-b32617266b91 [pid: 8|app: 0|req: 457/891] 10.0.0.221 () {28 vars in 624 bytes} [Tue Apr 21 18:45:51 2026] GET /v2.0/agents?binary=ovn-controller => generated 416 bytes in 64 msecs (HTTP/1.1 200) 4 headers in 157 bytes (1 switches on core 0) [pid: 8|app: 0|req: 458/892] 10.0.0.144 () {32 vars in 717 bytes} [Tue Apr 21 18:45:51 2026] GET /v2.0/ports/7d5ba830-947b-4b4e-a495-ac0b6e08965b => generated 941 bytes in 73 msecs (HTTP/1.1 200) 4 headers in 157 bytes (1 switches on core 0) [pid: 8|app: 0|req: 459/893] 10.0.0.191 () {34 vars in 990 bytes} [Tue Apr 21 18:45:51 2026] GET /v2.0/ports?device_id=15cd6e22-adaf-4e3d-bba4-6c50af667431 => generated 969 bytes in 75 msecs (HTTP/1.1 200) 4 headers in 157 bytes (1 switches on core 0)
2026-04-21 18:45:51.403 8 INFO neutron_taas.services.taas.taas_plugin [None req-981db763-9f4c-4071-8d38-64d14b23cc55 9317d6d0dd6f42ce96d06116696ceb9e 6982cd5f8f5e4a3db88efbf1e3b5e91e - - default default] TaaS: Handle Delete Port: 9e867f27-9365-41e5-af12-454be21e6e3f
2026-04-21 18:45:51.406 8 INFO neutron_taas.services.taas.tap_mirror_plugin [None req-981db763-9f4c-4071-8d38-64d14b23cc55 9317d6d0dd6f42ce96d06116696ceb9e 6982cd5f8f5e4a3db88efbf1e3b5e91e - - default default] Tap Mirror: Handle Delete Port: 9e867f27-9365-41e5-af12-454be21e6e3f [pid: 7|app: 0|req: 435/894] 10.0.0.144 () {32 vars in 724 bytes} [Tue Apr 21 18:45:50 2026] DELETE /v2.0/routers/ac6ebd14-9bf6-4e1e-bd12-13490381c724 => generated 0 bytes in 876 msecs (HTTP/1.1 204) 2 headers in 112 bytes (1 switches on core 0) [pid: 7|app: 0|req: 436/895] 10.0.0.221 () {28 vars in 581 bytes} [Tue Apr 21 18:45:51 2026] GET /v2.0/agents => generated 1214 bytes in 43 msecs (HTTP/1.1 200) 4 headers in 158 bytes (1 switches on core 0) [pid: 7|app: 0|req: 437/896] 10.0.0.191 () {34 vars in 1040 bytes} [Tue Apr 21 18:45:51 2026] GET /v2.0/security-groups?id=3be4cae5-ac4d-4bca-b898-ec2167c1320b&fields=id&fields=name => generated 114 bytes in 29 msecs (HTTP/1.1 200) 4 headers in 157 bytes (1 switches on core 0) [pid: 8|app: 0|req: 460/897] 10.0.0.144 () {32 vars in 726 bytes} [Tue Apr 21 18:45:51 2026] DELETE /v2.0/networks/b37fd71d-1407-4b10-aad1-59db8df98eef => generated 0 bytes in 447 msecs (HTTP/1.1 204) 3 headers in 131 bytes (1 switches on core 0) [pid: 8|app: 0|req: 461/898] 10.0.0.221 () {28 vars in 583 bytes} [Tue Apr 21 18:45:51 2026] GET /v2.0/subnets => generated 3939 bytes in 41 msecs (HTTP/1.1 200) 4 headers in 158 bytes (1 switches on core 0) [pid: 7|app: 0|req: 438/899] 10.0.0.144 () {32 vars in 724 bytes} [Tue Apr 21 18:45:51 2026] DELETE /v2.0/subnets/2714cb5c-eae1-41f3-91a2-6910757c3513 => generated 0 bytes in 217 msecs (HTTP/1.1 204) 3 headers in 131 bytes (1 switches on core 0) [pid: 7|app: 0|req: 439/900] 10.0.0.221 () {28 vars in 591 bytes} [Tue Apr 21 18:45:51 2026] GET /v2.0/subnetpools => generated 19 bytes in 7 msecs (HTTP/1.1 200) 4 headers in 156 bytes (1 switches on core 0)
2026-04-21 18:45:51.875 8 INFO neutron_taas.services.taas.taas_plugin [None req-416feeb1-4a85-4241-a0c8-9fafd8e8a068 9317d6d0dd6f42ce96d06116696ceb9e 6982cd5f8f5e4a3db88efbf1e3b5e91e - - default default] TaaS: Handle Delete Port: 2e3a936b-659b-4b30-8935-a9b01570537d
2026-04-21 18:45:51.878 8 INFO neutron_taas.services.taas.tap_mirror_plugin [None req-416feeb1-4a85-4241-a0c8-9fafd8e8a068 9317d6d0dd6f42ce96d06116696ceb9e 6982cd5f8f5e4a3db88efbf1e3b5e91e - - default default] Tap Mirror: Handle Delete Port: 2e3a936b-659b-4b30-8935-a9b01570537d
2026-04-21 18:45:51.956 7 INFO neutron_taas.services.taas.taas_plugin [None req-8678d26b-7245-47b6-86fb-68d480a342a8 3bc1e49382684fe2b88c00d7deb2fb97 a045805a4f60467da4fcf758600f146b - - default default] TaaS: Handle Delete Port: 55068fac-7631-4607-824f-315056c12e89
2026-04-21 18:45:51.959 7 INFO neutron_taas.services.taas.tap_mirror_plugin [None req-8678d26b-7245-47b6-86fb-68d480a342a8 3bc1e49382684fe2b88c00d7deb2fb97 a045805a4f60467da4fcf758600f146b - - default default] Tap Mirror: Handle Delete Port: 55068fac-7631-4607-824f-315056c12e89 [pid: 8|app: 0|req: 462/901] 10.0.0.144 () {32 vars in 726 bytes} [Tue Apr 21 18:45:51 2026] DELETE /v2.0/networks/db06763a-0b0b-4933-a56a-bcfc75763d84 => generated 0 bytes in 385 msecs (HTTP/1.1 204) 3 headers in 131 bytes (1 switches on core 0)
2026-04-21 18:45:52.187 7 INFO neutron.services.segments.plugin [-] Segment 8a10214c-9680-45de-9546-e5ec1dbc2c8e resource provider aggregate not found
2026-04-21 18:45:52.190 7 INFO neutron.services.segments.plugin [-] Segment 8a10214c-9680-45de-9546-e5ec1dbc2c8e resource provider aggregate not found
2026-04-21 18:45:52.202 7 INFO neutron.services.segments.plugin [-] Segment 8a10214c-9680-45de-9546-e5ec1dbc2c8e resource provider not found; error: Placement Client Error (4xx): {"errors": [{"status": 404, "title": "Not Found", "detail": "The resource could not be found.\n\n No resource provider with uuid 8a10214c-9680-45de-9546-e5ec1dbc2c8e found for delete ", "request_id": "req-db2e9107-99f1-4860-b1d1-f0703f885aca"}]}
2026-04-21 18:45:52.211 7 INFO neutron.services.segments.plugin [-] Segment 8a10214c-9680-45de-9546-e5ec1dbc2c8e resource provider not found; error: Placement Client Error (4xx): {"errors": [{"status": 404, "title": "Not Found", "detail": "The resource could not be found.\n\n No resource provider with uuid 8a10214c-9680-45de-9546-e5ec1dbc2c8e found for delete ", "request_id": "req-e1dad7f2-21c8-449c-a268-bb0bf9964555"}]} [pid: 7|app: 0|req: 440/902] 10.0.0.144 () {32 vars in 726 bytes} [Tue Apr 21 18:45:51 2026] DELETE /v2.0/networks/97768c24-acdc-47d3-bb3a-b2f53ab91785 => generated 0 bytes in 395 msecs (HTTP/1.1 204) 3 headers in 131 bytes (1 switches on core 0) [pid: 8|app: 0|req: 463/903] 10.0.0.221 () {28 vars in 579 bytes} [Tue Apr 21 18:45:52 2026] GET /v2.0/ports => generated 15676 bytes in 127 msecs (HTTP/1.1 200) 4 headers in 159 bytes (1 switches on core 0) [pid: 8|app: 0|req: 464/904] 10.0.0.144 () {32 vars in 717 bytes} [Tue Apr 21 18:45:52 2026] GET /v2.0/ports/7d5ba830-947b-4b4e-a495-ac0b6e08965b => generated 941 bytes in 38 msecs (HTTP/1.1 200) 4 headers in 157 bytes (1 switches on core 0)
2026-04-21 18:45:52.359 7 INFO neutron_taas.services.taas.taas_plugin [None req-d43a1ab1-2162-4162-b633-6ec6238508f0 9317d6d0dd6f42ce96d06116696ceb9e 6982cd5f8f5e4a3db88efbf1e3b5e91e - - default default] TaaS: Handle Delete Port: 2bb9472c-d649-4583-b6f5-276f715a54d0
2026-04-21 18:45:52.363 7 INFO neutron_taas.services.taas.tap_mirror_plugin [None req-d43a1ab1-2162-4162-b633-6ec6238508f0 9317d6d0dd6f42ce96d06116696ceb9e 6982cd5f8f5e4a3db88efbf1e3b5e91e - - default default] Tap Mirror: Handle Delete Port: 2bb9472c-d649-4583-b6f5-276f715a54d0 [pid: 8|app: 0|req: 465/905] 10.0.0.221 () {28 vars in 585 bytes} [Tue Apr 21 18:45:52 2026] GET /v2.0/networks => generated 5152 bytes in 74 msecs (HTTP/1.1 200) 4 headers in 158 bytes (1 switches on core 0) [pid: 8|app: 0|req: 466/906] 10.0.0.144 () {32 vars in 774 bytes} [Tue Apr 21 18:45:52 2026] GET /v2.0/security-groups?tenant_id=fa39af4260014898b9ba4a3e3f4030fa&name=default => generated 2921 bytes in 30 msecs (HTTP/1.1 200) 4 headers in 158 bytes (1 switches on core 0) [pid: 8|app: 0|req: 467/907] 10.0.0.221 () {28 vars in 583 bytes} [Tue Apr 21 18:45:52 2026] GET /v2.0/subnets => generated 3265 bytes in 37 msecs (HTTP/1.1 200) 4 headers in 158 bytes (1 switches on core 0)
2026-04-21 18:45:52.516 7 WARNING neutron.plugins.ml2.drivers.ovn.mech_driver.ovsdb.ovn_client [None req-5b995be2-eeab-464f-bd8a-cd0a60225d6f - - - - - -] No hosting information found for port ab071963-0476-482e-a332-b1da8fd3b5c3: RuntimeError: No hosting information found for port ab071963-0476-482e-a332-b1da8fd3b5c3 [pid: 7|app: 0|req: 441/908] 10.0.0.144 () {32 vars in 726 bytes} [Tue Apr 21 18:45:52 2026] DELETE /v2.0/networks/004dbc81-0319-412c-bf6e-bc1e431efc61 => generated 0 bytes in 478 msecs (HTTP/1.1 204) 3 headers in 131 bytes (1 switches on core 0) [pid: 8|app: 0|req: 468/909] 10.0.0.144 () {32 vars in 740 bytes} [Tue Apr 21 18:45:52 2026] DELETE /v2.0/security-groups/26f7cdbb-be9c-4264-8011-275d578342a5 => generated 0 bytes in 305 msecs (HTTP/1.1 204) 2 headers in 112 bytes (1 switches on core 0)
2026-04-21 18:45:52.822 7 INFO neutron.db.ovn_revision_numbers_db [None req-5b995be2-eeab-464f-bd8a-cd0a60225d6f - - - - - -] Successfully bumped revision number for resource ab071963-0476-482e-a332-b1da8fd3b5c3 (type: router_ports) to 2 [pid: 7|app: 0|req: 442/910] 10.0.0.191 () {34 vars in 990 bytes} [Tue Apr 21 18:45:52 2026] GET /v2.0/ports?device_id=15cd6e22-adaf-4e3d-bba4-6c50af667431 => generated 969 bytes in 143 msecs (HTTP/1.1 200) 4 headers in 157 bytes (1 switches on core 0)
2026-04-21 18:45:52.894 7 INFO neutron.plugins.ml2.drivers.ovn.mech_driver.mech_driver [None req-5b995be2-eeab-464f-bd8a-cd0a60225d6f - - - - - -] OVN reports status up for port: 993ead12-bafd-4cac-a0de-4196eb45fe9c
2026-04-21 18:45:52.910 7 INFO neutron.plugins.ml2.plugin [None req-5b995be2-eeab-464f-bd8a-cd0a60225d6f - - - - - -] Attempt 1 to provision port 993ead12-bafd-4cac-a0de-4196eb45fe9c [pid: 8|app: 0|req: 469/911] 10.0.0.191 () {34 vars in 1040 bytes} [Tue Apr 21 18:45:52 2026] GET /v2.0/security-groups?id=3be4cae5-ac4d-4bca-b898-ec2167c1320b&fields=id&fields=name => generated 114 bytes in 60 msecs (HTTP/1.1 200) 4 headers in 157 bytes (1 switches on core 0)
2026-04-21 18:45:53.030 8 INFO neutron.services.segments.plugin [-] Segment 992447d5-8614-49a6-8423-7e9790365360 resource provider aggregate not found
2026-04-21 18:45:53.033 8 INFO neutron.services.segments.plugin [-] Segment 992447d5-8614-49a6-8423-7e9790365360 resource provider aggregate not found
2026-04-21 18:45:53.037 7 INFO neutron.notifiers.nova [-] Nova event matching ['req-70cc9eb7-3eef-4906-b909-a80d61d275ee'] response: {'server_uuid': '15cd6e22-adaf-4e3d-bba4-6c50af667431', 'name': 'network-vif-plugged', 'status': 'completed', 'tag': '993ead12-bafd-4cac-a0de-4196eb45fe9c', 'code': 200}
2026-04-21 18:45:53.054 8 INFO neutron.services.segments.plugin [-] Segment 992447d5-8614-49a6-8423-7e9790365360 resource provider not found; error: Placement Client Error (4xx): {"errors": [{"status": 404, "title": "Not Found", "detail": "The resource could not be found.\n\n No resource provider with uuid 992447d5-8614-49a6-8423-7e9790365360 found for delete ", "request_id": "req-9c2e2457-12d9-46a1-a01f-e7337323270e"}]}
2026-04-21 18:45:53.061 8 INFO neutron.services.segments.plugin [-] Segment 992447d5-8614-49a6-8423-7e9790365360 resource provider not found; error: Placement Client Error (4xx): {"errors": [{"status": 404, "title": "Not Found", "detail": "The resource could not be found.\n\n No resource provider with uuid 992447d5-8614-49a6-8423-7e9790365360 found for delete ", "request_id": "req-b92dab31-7864-4b78-9f3b-b39b9b29db28"}]}
2026-04-21 18:45:53.072 8 INFO neutron.services.segments.plugin [-] Segment 7fb4c35a-18e0-43f8-aef5-5ca209ea07d5 resource provider aggregate not found
2026-04-21 18:45:53.089 8 INFO neutron.services.segments.plugin [-] Segment 7fb4c35a-18e0-43f8-aef5-5ca209ea07d5 resource provider not found; error: Placement Client Error (4xx): {"errors": [{"status": 404, "title": "Not Found", "detail": "The resource could not be found.\n\n No resource provider with uuid 7fb4c35a-18e0-43f8-aef5-5ca209ea07d5 found for delete ", "request_id": "req-bf3a7426-f5a2-40d1-bd67-0528883dce47"}]}
2026-04-21 18:45:53.097 8 INFO neutron.services.segments.plugin [-] Segment 7fb4c35a-18e0-43f8-aef5-5ca209ea07d5 resource provider aggregate not found
2026-04-21 18:45:53.123 8 INFO neutron.services.segments.plugin [-] Segment 7fb4c35a-18e0-43f8-aef5-5ca209ea07d5 resource provider not found; error: Placement Client Error (4xx): {"errors": [{"status": 404, "title": "Not Found", "detail": "The resource could not be found.\n\n No resource provider with uuid 7fb4c35a-18e0-43f8-aef5-5ca209ea07d5 found for delete ", "request_id": "req-aa775949-51c7-479e-9d5e-3364c1e73d57"}]}
2026-04-21 18:45:53.201 7 INFO neutron.db.ovn_revision_numbers_db [None req-5b995be2-eeab-464f-bd8a-cd0a60225d6f - - - - - -] Successfully bumped revision number for resource 993ead12-bafd-4cac-a0de-4196eb45fe9c (type: ports) to 5
2026-04-21 18:45:53.316 7 INFO neutron.plugins.ml2.drivers.ovn.mech_driver.mech_driver [None req-1e1b6289-7f39-4877-8191-ea9bd650c46b - - - - - -] OVN reports status down for port: 9e867f27-9365-41e5-af12-454be21e6e3f
2026-04-21 18:45:53.329 7 INFO neutron.plugins.ml2.drivers.ovn.mech_driver.mech_driver [None req-1e1b6289-7f39-4877-8191-ea9bd650c46b - - - - - -] OVN reports status down for port: 7d5ba830-947b-4b4e-a495-ac0b6e08965b [pid: 8|app: 0|req: 470/912] 10.0.0.144 () {32 vars in 717 bytes} [Tue Apr 21 18:45:53 2026] GET /v2.0/ports/7d5ba830-947b-4b4e-a495-ac0b6e08965b => generated 941 bytes in 42 msecs (HTTP/1.1 200) 4 headers in 157 bytes (1 switches on core 0)
2026-04-21 18:45:53.400 7 WARNING neutron.plugins.ml2.drivers.ovn.mech_driver.ovsdb.ovn_client [None req-1e1b6289-7f39-4877-8191-ea9bd650c46b - - - - - -] Logical_Switch_Port 7d5ba830-947b-4b4e-a495-ac0b6e08965b host information not removed, the port state is up
2026-04-21 18:45:53.401 7 INFO neutron.plugins.ml2.drivers.ovn.mech_driver.mech_driver [None req-1e1b6289-7f39-4877-8191-ea9bd650c46b - - - - - -] OVN reports status down for port: a0669fa4-afbd-409b-b52b-a276c0af3305
2026-04-21 18:45:53.411 7 INFO neutron.plugins.ml2.drivers.ovn.mech_driver.mech_driver [None req-1e1b6289-7f39-4877-8191-ea9bd650c46b - - - - - -] OVN reports status up for port: 7d5ba830-947b-4b4e-a495-ac0b6e08965b
2026-04-21 18:45:53.429 7 INFO neutron.plugins.ml2.plugin [None req-1e1b6289-7f39-4877-8191-ea9bd650c46b - - - - - -] Attempt 1 to provision port 7d5ba830-947b-4b4e-a495-ac0b6e08965b /var/lib/openstack/lib/python3.12/site-packages/pycadf/identifier.py:70: UserWarning: Invalid uuid: neutron. To ensure interoperability, identifiers should be a valid uuid. warnings.warn(('Invalid uuid: %s. To ensure interoperability, ' [pid: 7|app: 0|req: 443/913] 10.0.0.144 () {32 vars in 774 bytes} [Tue Apr 21 18:45:53 2026] GET /v2.0/security-groups?tenant_id=6982cd5f8f5e4a3db88efbf1e3b5e91e&name=default => generated 2925 bytes in 234 msecs (HTTP/1.1 200) 4 headers in 158 bytes (1 switches on core 0) [pid: 8|app: 0|req: 471/914] 10.0.0.144 () {32 vars in 740 bytes} [Tue Apr 21 18:45:53 2026] DELETE /v2.0/security-groups/556c039c-0d11-4cf6-a4e5-3ea8760a948e => generated 0 bytes in 305 msecs (HTTP/1.1 204) 2 headers in 112 bytes (1 switches on core 0) [pid: 7|app: 0|req: 444/915] 10.0.0.191 () {34 vars in 990 bytes} [Tue Apr 21 18:45:54 2026] GET /v2.0/ports?device_id=15cd6e22-adaf-4e3d-bba4-6c50af667431 => generated 971 bytes in 65 msecs (HTTP/1.1 200) 4 headers in 157 bytes (1 switches on core 0)
2026-04-21 18:45:54.094 7 INFO neutron.db.ovn_revision_numbers_db [None req-1e1b6289-7f39-4877-8191-ea9bd650c46b - - - - - -] Successfully bumped revision number for resource 7d5ba830-947b-4b4e-a495-ac0b6e08965b (type: ports) to 2 [pid: 8|app: 0|req: 472/916] 10.0.0.191 () {34 vars in 1040 bytes} [Tue Apr 21 18:45:54 2026] GET /v2.0/security-groups?id=3be4cae5-ac4d-4bca-b898-ec2167c1320b&fields=id&fields=name => generated 114 bytes in 39 msecs (HTTP/1.1 200) 4 headers in 157 bytes (1 switches on core 0)
2026-04-21 18:45:54.217 7 INFO neutron.services.segments.plugin [-] Segment 27b79493-ff47-4c6b-be92-e713909ba55c resource provider aggregate not found
2026-04-21 18:45:54.230 7 INFO neutron.services.segments.plugin [-] Segment 27b79493-ff47-4c6b-be92-e713909ba55c resource provider not found; error: Placement Client Error (4xx): {"errors": [{"status": 404, "title": "Not Found", "detail": "The resource could not be found.\n\n No resource provider with uuid 27b79493-ff47-4c6b-be92-e713909ba55c found for delete ", "request_id": "req-cab41c9f-d168-4264-90be-1c9f77db31ff"}]}
2026-04-21 18:45:54.232 7 INFO neutron.services.segments.plugin [-] Segment 27b79493-ff47-4c6b-be92-e713909ba55c resource provider aggregate not found
2026-04-21 18:45:54.249 7 INFO neutron.services.segments.plugin [-] Segment 27b79493-ff47-4c6b-be92-e713909ba55c resource provider not found; error: Placement Client Error (4xx): {"errors": [{"status": 404, "title": "Not Found", "detail": "The resource could not be found.\n\n No resource provider with uuid 27b79493-ff47-4c6b-be92-e713909ba55c found for delete ", "request_id": "req-44ccb5b9-5bea-426d-9147-f3d480d0f607"}]} [pid: 7|app: 0|req: 445/917] 10.0.0.144 () {32 vars in 717 bytes} [Tue Apr 21 18:45:54 2026] GET /v2.0/ports/7d5ba830-947b-4b4e-a495-ac0b6e08965b => generated 943 bytes in 66 msecs (HTTP/1.1 200) 4 headers in 157 bytes (1 switches on core 0)
2026-04-21 18:45:54.814 8 INFO neutron_taas.services.taas.taas_plugin [None req-c008d2fe-dfa9-45b8-91cf-5be3efdfb73f 90428deec6094211855b7d709fe4f62a c3b7cf14fa614d8c83a397c4cbee4cf8 - - default default] TaaS: Handle Delete Port: 7d5ba830-947b-4b4e-a495-ac0b6e08965b
2026-04-21 18:45:54.818 8 INFO neutron_taas.services.taas.tap_mirror_plugin [None req-c008d2fe-dfa9-45b8-91cf-5be3efdfb73f 90428deec6094211855b7d709fe4f62a c3b7cf14fa614d8c83a397c4cbee4cf8 - - default default] Tap Mirror: Handle Delete Port: 7d5ba830-947b-4b4e-a495-ac0b6e08965b
2026-04-21 18:45:54.869 7 INFO neutron.db.ovn_revision_numbers_db [None req-ed5071fd-932c-4951-ba3a-317b6ca1bcab 3bc1e49382684fe2b88c00d7deb2fb97 a045805a4f60467da4fcf758600f146b - - default default] Successfully bumped revision number for resource 79484cfa-ed2e-4511-b955-b46d7569b9d6 (type: security_groups) to 1
2026-04-21 18:45:54.880 7 INFO neutron.db.ovn_revision_numbers_db [None req-ed5071fd-932c-4951-ba3a-317b6ca1bcab 3bc1e49382684fe2b88c00d7deb2fb97 a045805a4f60467da4fcf758600f146b - - default default] Successfully bumped revision number for resource 1bae4719-95a9-400b-8227-7b4118a40b9c (type: security_group_rules) to 0
2026-04-21 18:45:54.891 7 INFO neutron.db.ovn_revision_numbers_db [None req-ed5071fd-932c-4951-ba3a-317b6ca1bcab 3bc1e49382684fe2b88c00d7deb2fb97 a045805a4f60467da4fcf758600f146b - - default default] Successfully bumped revision number for resource 5f598b3b-d0da-454b-95de-453b46abca74 (type: security_group_rules) to 0
2026-04-21 18:45:54.903 7 INFO neutron.db.ovn_revision_numbers_db [None req-ed5071fd-932c-4951-ba3a-317b6ca1bcab 3bc1e49382684fe2b88c00d7deb2fb97 a045805a4f60467da4fcf758600f146b - - default default] Successfully bumped revision number for resource b564de7d-f02a-402a-95e4-40f1f2c5f6c1 (type: security_group_rules) to 0
