2026-04-21 18:49:04.843 8 WARNING neutron.scheduler.dhcp_agent_scheduler [None req-43c3df15-8798-4e7f-a977-a87d3aa2417b 3bc1e49382684fe2b88c00d7deb2fb97 a045805a4f60467da4fcf758600f146b - - default default] No more DHCP agents
2026-04-21 18:49:04.844 8 WARNING neutron.api.rpc.agentnotifiers.dhcp_rpc_agent_api [None req-43c3df15-8798-4e7f-a977-a87d3aa2417b 3bc1e49382684fe2b88c00d7deb2fb97 a045805a4f60467da4fcf758600f146b - - default default] Unable to schedule network 600eff4f-8c58-43d0-b974-4592d0d58d7a: no agents available; will retry on subsequent port and subnet creation events.
2026-04-21 18:49:04.926 7 INFO neutron.plugins.ml2.drivers.ovn.mech_driver.mech_driver [None req-dfde4997-4227-4bdc-a569-2057c0626931 - - - - - -] OVN reports status down for port: 9b9e0224-2fea-4912-ab56-8346aa884339
2026-04-21 18:49:05.022 8 INFO neutron.db.ovn_revision_numbers_db [None req-43c3df15-8798-4e7f-a977-a87d3aa2417b 3bc1e49382684fe2b88c00d7deb2fb97 a045805a4f60467da4fcf758600f146b - - default default] Successfully bumped revision number for resource c408f6da-78c3-4271-af46-08bca1da8b72 (type: ports) to 1
2026-04-21 18:49:05.052 7 INFO neutron.db.ovn_revision_numbers_db [None req-0f2c32e0-ba07-46fe-9836-66910e35569e f438f7b8a6f64fe0a4ff6ed76b022dff dc6941cc05b04c678f6e445528021c5a - - default default] Successfully bumped revision number for resource ab4d5438-b542-4bfd-859b-380a6e8cbd33 (type: routers) to 2
2026-04-21 18:49:05.057 7 INFO neutron.plugins.ml2.drivers.ovn.mech_driver.mech_driver [None req-dfde4997-4227-4bdc-a569-2057c0626931 - - - - - -] OVN reports status down for port: a90b7475-187b-49c1-a54f-b2edca0dcceb [pid: 7|app: 0|req: 1136/2245] 10.0.0.144 () {34 vars in 669 bytes} [Tue Apr 21 18:49:02 2026] POST /v2.0/routers => generated 944 bytes in 2643 msecs (HTTP/1.1 201) 4 headers in 162 bytes (1 switches on core 0) /var/lib/openstack/lib/python3.12/site-packages/pycadf/identifier.py:70: UserWarning: Invalid uuid: neutron. To ensure interoperability, identifiers should be a valid uuid. warnings.warn(('Invalid uuid: %s. To ensure interoperability, '
2026-04-21 18:49:05.444 7 INFO neutron_taas.services.taas.taas_plugin [None req-593a0ccf-78a8-486b-88b6-57891970c7c3 075498d3fd22423aa7bcdb160bf3cf0c 39737bb3fbc0421db3dfb92c7890cdb3 - - default default] TaaS: Handle Delete Port: 7c46844f-9f75-48ec-bd97-72190151c160
2026-04-21 18:49:05.456 7 INFO neutron_taas.services.taas.tap_mirror_plugin [None req-593a0ccf-78a8-486b-88b6-57891970c7c3 075498d3fd22423aa7bcdb160bf3cf0c 39737bb3fbc0421db3dfb92c7890cdb3 - - default default] Tap Mirror: Handle Delete Port: 7c46844f-9f75-48ec-bd97-72190151c160
2026-04-21 18:49:05.623 8 INFO neutron.plugins.ml2.drivers.ovn.mech_driver.ovsdb.commands [-] Schedule LRP lrp-c408f6da-78c3-4271-af46-08bca1da8b72 on gateway 70602dcc-e7a5-451d-8b7b-4a694807384c with priority 1
2026-04-21 18:49:05.749 8 INFO neutron.db.ovn_revision_numbers_db [None req-43c3df15-8798-4e7f-a977-a87d3aa2417b 3bc1e49382684fe2b88c00d7deb2fb97 a045805a4f60467da4fcf758600f146b - - default default] Successfully bumped revision number for resource c408f6da-78c3-4271-af46-08bca1da8b72 (type: router_ports) to 1
2026-04-21 18:49:05.818 8 INFO neutron.db.ovn_revision_numbers_db [None req-43c3df15-8798-4e7f-a977-a87d3aa2417b 3bc1e49382684fe2b88c00d7deb2fb97 a045805a4f60467da4fcf758600f146b - - default default] Successfully bumped revision number for resource 35dbad5f-3557-4d09-8b5b-88412543e4f7 (type: routers) to 2 [pid: 8|app: 0|req: 1110/2246] 10.0.0.144 () {34 vars in 669 bytes} [Tue Apr 21 18:49:04 2026] POST /v2.0/routers => generated 966 bytes in 1536 msecs (HTTP/1.1 201) 4 headers in 162 bytes (1 switches on core 0) [pid: 7|app: 0|req: 1137/2247] 10.0.0.144 () {32 vars in 732 bytes} [Tue Apr 21 18:49:05 2026] DELETE /v2.0/floatingips/4d67cd05-363a-4765-88b9-46ec1dbf9392 => generated 0 bytes in 966 msecs (HTTP/1.1 204) 2 headers in 112 bytes (1 switches on core 0) [pid: 8|app: 0|req: 1111/2248] 10.0.0.144 () {32 vars in 740 bytes} [Tue Apr 21 18:49:05 2026] DELETE /v2.0/security-groups/605e1c41-b3e5-4272-b5a0-41981c2014a7 => generated 0 bytes in 236 msecs (HTTP/1.1 204) 2 headers in 112 bytes (1 switches on core 0)
2026-04-21 18:49:06.583 7 INFO neutron.db.ovn_revision_numbers_db [None req-dfde4997-4227-4bdc-a569-2057c0626931 - - - - - -] Successfully bumped revision number for resource a90b7475-187b-49c1-a54f-b2edca0dcceb (type: ports) to 6
2026-04-21 18:49:06.908 7 WARNING neutron.plugins.ml2.drivers.ovn.mech_driver.ovsdb.ovn_client [None req-51728a1f-0eaf-45da-8d46-812e8830e802 - - - - - -] Logical_Switch_Port a90b7475-187b-49c1-a54f-b2edca0dcceb host information not removed, the port state is up
2026-04-21 18:49:06.909 7 INFO neutron.plugins.ml2.drivers.ovn.mech_driver.mech_driver [None req-51728a1f-0eaf-45da-8d46-812e8830e802 - - - - - -] OVN reports status up for port: a90b7475-187b-49c1-a54f-b2edca0dcceb
2026-04-21 18:49:06.963 7 INFO neutron.plugins.ml2.plugin [None req-51728a1f-0eaf-45da-8d46-812e8830e802 - - - - - -] Attempt 1 to provision port a90b7475-187b-49c1-a54f-b2edca0dcceb
2026-04-21 18:49:07.017 8 WARNING neutron.scheduler.dhcp_agent_scheduler [None req-26dfb645-ae41-4249-af53-bf1a20039bdd 3bc1e49382684fe2b88c00d7deb2fb97 a045805a4f60467da4fcf758600f146b - - default default] No more DHCP agents
2026-04-21 18:49:07.019 8 WARNING neutron.api.rpc.agentnotifiers.dhcp_rpc_agent_api [None req-26dfb645-ae41-4249-af53-bf1a20039bdd 3bc1e49382684fe2b88c00d7deb2fb97 a045805a4f60467da4fcf758600f146b - - default default] Unable to schedule network cd4651de-71ba-487a-bf71-b92d0544d9c2: no agents available; will retry on subsequent port and subnet creation events.
2026-04-21 18:49:07.182 8 INFO neutron.db.ovn_revision_numbers_db [None req-26dfb645-ae41-4249-af53-bf1a20039bdd 3bc1e49382684fe2b88c00d7deb2fb97 a045805a4f60467da4fcf758600f146b - - default default] Successfully bumped revision number for resource db6c7042-fb2e-4bfa-ad06-9f9434487f05 (type: ports) to 1
2026-04-21 18:49:07.448 7 WARNING neutron.scheduler.dhcp_agent_scheduler [None req-a9310ced-e72a-4941-918a-7669bfcd6312 f438f7b8a6f64fe0a4ff6ed76b022dff dc6941cc05b04c678f6e445528021c5a - - default default] No more DHCP agents
2026-04-21 18:49:07.452 7 WARNING neutron.api.rpc.agentnotifiers.dhcp_rpc_agent_api [None req-a9310ced-e72a-4941-918a-7669bfcd6312 f438f7b8a6f64fe0a4ff6ed76b022dff dc6941cc05b04c678f6e445528021c5a - - default default] Unable to schedule network a99c5e01-7e5e-483e-b013-1f5403294302: no agents available; will retry on subsequent port and subnet creation events.
2026-04-21 18:49:07.740 7 INFO neutron.db.ovn_revision_numbers_db [None req-00cad25c-221f-48dd-bb89-63b10d6823ba - - - - - -] Successfully bumped revision number for resource 348435e6-e301-4e42-b722-f0142efe101b (type: ports) to 4
2026-04-21 18:49:07.795 8 WARNING neutron.scheduler.dhcp_agent_scheduler [None req-26dfb645-ae41-4249-af53-bf1a20039bdd 3bc1e49382684fe2b88c00d7deb2fb97 a045805a4f60467da4fcf758600f146b - - default default] No more DHCP agents
2026-04-21 18:49:07.799 8 WARNING neutron.api.rpc.agentnotifiers.dhcp_rpc_agent_api [None req-26dfb645-ae41-4249-af53-bf1a20039bdd 3bc1e49382684fe2b88c00d7deb2fb97 a045805a4f60467da4fcf758600f146b - - default default] Unable to schedule network cd4651de-71ba-487a-bf71-b92d0544d9c2: no agents available; will retry on subsequent port and subnet creation events.
2026-04-21 18:49:08.125 7 INFO neutron.db.ovn_revision_numbers_db [None req-a9310ced-e72a-4941-918a-7669bfcd6312 f438f7b8a6f64fe0a4ff6ed76b022dff dc6941cc05b04c678f6e445528021c5a - - default default] Successfully bumped revision number for resource e4bbff4a-45ad-4dd1-bfa5-15a67d4932b9 (type: ports) to 1
2026-04-21 18:49:08.147 7 INFO neutron.db.ovn_revision_numbers_db [None req-51728a1f-0eaf-45da-8d46-812e8830e802 - - - - - -] Successfully bumped revision number for resource a90b7475-187b-49c1-a54f-b2edca0dcceb (type: ports) to 7
2026-04-21 18:49:08.339 8 INFO neutron.db.ovn_revision_numbers_db [None req-26dfb645-ae41-4249-af53-bf1a20039bdd 3bc1e49382684fe2b88c00d7deb2fb97 a045805a4f60467da4fcf758600f146b - - default default] Successfully bumped revision number for resource db6c7042-fb2e-4bfa-ad06-9f9434487f05 (type: router_ports) to 1 [pid: 8|app: 0|req: 1112/2249] 10.0.0.144 () {34 vars in 783 bytes} [Tue Apr 21 18:49:06 2026] PUT /v2.0/routers/35dbad5f-3557-4d09-8b5b-88412543e4f7/add_router_interface => generated 309 bytes in 2260 msecs (HTTP/1.1 200) 4 headers in 157 bytes (1 switches on core 0)
2026-04-21 18:49:08.361 8 INFO neutron.api.v2.resource [None req-b293331c-3a3d-4777-9071-2c699e9a0a0b 075498d3fd22423aa7bcdb160bf3cf0c 39737bb3fbc0421db3dfb92c7890cdb3 - - default default] delete failed (client error): The resource could not be found. [pid: 8|app: 0|req: 1113/2250] 10.0.0.144 () {32 vars in 732 bytes} [Tue Apr 21 18:49:08 2026] DELETE /v2.0/floatingips/4d67cd05-363a-4765-88b9-46ec1dbf9392 => generated 144 bytes in 17 msecs (HTTP/1.1 404) 4 headers in 164 bytes (1 switches on core 0)
2026-04-21 18:49:08.499 8 INFO neutron_taas.services.taas.taas_plugin [None req-01867c6d-1d31-401c-82fe-f0009b9784b3 ad04f11611994a96a49040411a8e679a 911077064ebd4e8985b35f22fb30ca9f - - default default] TaaS: Handle Delete Port: e2d6f13f-676c-4012-a68d-07c597ec0c6e
2026-04-21 18:49:08.503 8 INFO neutron_taas.services.taas.tap_mirror_plugin [None req-01867c6d-1d31-401c-82fe-f0009b9784b3 ad04f11611994a96a49040411a8e679a 911077064ebd4e8985b35f22fb30ca9f - - default default] Tap Mirror: Handle Delete Port: e2d6f13f-676c-4012-a68d-07c597ec0c6e [pid: 8|app: 0|req: 1114/2251] 10.0.0.144 () {32 vars in 732 bytes} [Tue Apr 21 18:49:08 2026] DELETE /v2.0/floatingips/539f1f50-874c-4b17-b65b-ab6485818dd5 => generated 0 bytes in 307 msecs (HTTP/1.1 204) 2 headers in 112 bytes (1 switches on core 0)
2026-04-21 18:49:08.820 7 INFO neutron.plugins.ml2.drivers.ovn.mech_driver.mech_driver [None req-c7ad7f98-949a-4a12-9a96-f3e009e7e45c - - - - - -] OVN reports status down for port: 5bfcbeac-296a-4c64-9ae3-2baae95f0f0a
2026-04-21 18:49:08.836 8 INFO neutron_taas.services.taas.taas_plugin [None req-d3c416ff-81a4-4738-8fee-46783ac3cddd 075498d3fd22423aa7bcdb160bf3cf0c 39737bb3fbc0421db3dfb92c7890cdb3 - - default default] TaaS: Handle Delete Port: c1f8dae9-556c-47f1-978f-27a9d67d8f60
2026-04-21 18:49:08.840 8 INFO neutron_taas.services.taas.tap_mirror_plugin [None req-d3c416ff-81a4-4738-8fee-46783ac3cddd 075498d3fd22423aa7bcdb160bf3cf0c 39737bb3fbc0421db3dfb92c7890cdb3 - - default default] Tap Mirror: Handle Delete Port: c1f8dae9-556c-47f1-978f-27a9d67d8f60 [pid: 8|app: 0|req: 1115/2252] 10.0.0.144 () {32 vars in 720 bytes} [Tue Apr 21 18:49:08 2026] DELETE /v2.0/ports/c1f8dae9-556c-47f1-978f-27a9d67d8f60 => generated 0 bytes in 389 msecs (HTTP/1.1 204) 3 headers in 131 bytes (1 switches on core 0)
2026-04-21 18:49:09.084 7 WARNING neutron.plugins.ml2.drivers.ovn.mech_driver.ovsdb.ovn_client [None req-c7ad7f98-949a-4a12-9a96-f3e009e7e45c - - - - - -] Logical_Switch_Port 5bfcbeac-296a-4c64-9ae3-2baae95f0f0a host information not removed, the port state is up
2026-04-21 18:49:09.085 7 INFO neutron.plugins.ml2.drivers.ovn.mech_driver.mech_driver [None req-c7ad7f98-949a-4a12-9a96-f3e009e7e45c - - - - - -] OVN reports status up for port: 5bfcbeac-296a-4c64-9ae3-2baae95f0f0a
2026-04-21 18:49:09.130 7 INFO neutron.plugins.ml2.plugin [None req-c7ad7f98-949a-4a12-9a96-f3e009e7e45c - - - - - -] Attempt 1 to provision port 5bfcbeac-296a-4c64-9ae3-2baae95f0f0a [pid: 8|app: 0|req: 1116/2253] 10.0.0.191 () {34 vars in 990 bytes} [Tue Apr 21 18:49:09 2026] GET /v2.0/ports?device_id=aeb3a26a-facf-4a36-8722-963b9c49958c => generated 971 bytes in 83 msecs (HTTP/1.1 200) 4 headers in 157 bytes (1 switches on core 0)
2026-04-21 18:49:09.186 7 INFO neutron.db.ovn_revision_numbers_db [None req-00cad25c-221f-48dd-bb89-63b10d6823ba - - - - - -] Successfully bumped revision number for resource 348435e6-e301-4e42-b722-f0142efe101b (type: ports) to 5
2026-04-21 18:49:09.277 8 INFO neutron.db.ovn_revision_numbers_db [None req-27a58730-457f-4127-a70d-55cfe6e904cd f3effe44d9a44ec3b8cbc75e5a85fbb3 d442c580cbb94aaa8d8ce7bdb320a466 - - default default] Successfully bumped revision number for resource 142437f7-6df2-452b-a427-442070688f92 (type: security_groups) to 1
2026-04-21 18:49:09.287 8 INFO neutron.db.ovn_revision_numbers_db [None req-27a58730-457f-4127-a70d-55cfe6e904cd f3effe44d9a44ec3b8cbc75e5a85fbb3 d442c580cbb94aaa8d8ce7bdb320a466 - - default default] Successfully bumped revision number for resource 3626f599-4356-4518-93bd-5a3aff354d15 (type: security_group_rules) to 0
2026-04-21 18:49:09.301 8 INFO neutron.db.ovn_revision_numbers_db [None req-27a58730-457f-4127-a70d-55cfe6e904cd f3effe44d9a44ec3b8cbc75e5a85fbb3 d442c580cbb94aaa8d8ce7bdb320a466 - - default default] Successfully bumped revision number for resource daa09bf9-ce95-4941-805d-dd5744e8e82b (type: security_group_rules) to 0 [pid: 8|app: 0|req: 1117/2254] 10.0.0.144 () {34 vars in 685 bytes} [Tue Apr 21 18:49:09 2026] POST /v2.0/security-groups => generated 1675 bytes in 190 msecs (HTTP/1.1 201) 4 headers in 163 bytes (1 switches on core 0)
2026-04-21 18:49:09.455 8 INFO neutron_taas.services.taas.taas_plugin [None req-798019a9-49a2-476e-90fc-0623bb1e2b37 075498d3fd22423aa7bcdb160bf3cf0c 39737bb3fbc0421db3dfb92c7890cdb3 - - default default] TaaS: Handle Delete Port: 7a9b4048-4c7d-46ba-8743-b58d472b4320
2026-04-21 18:49:09.458 8 INFO neutron_taas.services.taas.tap_mirror_plugin [None req-798019a9-49a2-476e-90fc-0623bb1e2b37 075498d3fd22423aa7bcdb160bf3cf0c 39737bb3fbc0421db3dfb92c7890cdb3 - - default default] Tap Mirror: Handle Delete Port: 7a9b4048-4c7d-46ba-8743-b58d472b4320
2026-04-21 18:49:09.525 7 INFO neutron.plugins.ml2.drivers.ovn.mech_driver.ovsdb.ovsdb_monitor [None req-00cad25c-221f-48dd-bb89-63b10d6823ba - - - - - -] Router 35dbad5f-3557-4d09-8b5b-88412543e4f7 is bound to host instance [pid: 8|app: 0|req: 1118/2255] 10.0.0.144 () {32 vars in 720 bytes} [Tue Apr 21 18:49:09 2026] DELETE /v2.0/ports/7a9b4048-4c7d-46ba-8743-b58d472b4320 => generated 0 bytes in 355 msecs (HTTP/1.1 204) 3 headers in 131 bytes (1 switches on core 0) [pid: 8|app: 0|req: 1119/2256] 10.0.0.191 () {34 vars in 1040 bytes} [Tue Apr 21 18:49:09 2026] GET /v2.0/security-groups?id=3ceb6e0b-2ce1-49e7-9d83-1aa04c163dfe&fields=id&fields=name => generated 113 bytes in 41 msecs (HTTP/1.1 200) 4 headers in 157 bytes (1 switches on core 0)
2026-04-21 18:49:09.888 8 INFO neutron.db.ovn_revision_numbers_db [None req-f63c3ab5-48b9-4b46-b372-20c621feea0a f3effe44d9a44ec3b8cbc75e5a85fbb3 d442c580cbb94aaa8d8ce7bdb320a466 - - default default] Successfully bumped revision number for resource a1c404c5-2467-4930-86ad-71bc2e1a5cd9 (type: security_group_rules) to 0 [pid: 8|app: 0|req: 1120/2257] 10.0.0.144 () {34 vars in 695 bytes} [Tue Apr 21 18:49:09 2026] POST /v2.0/security-group-rules => generated 597 bytes in 221 msecs (HTTP/1.1 201) 4 headers in 162 bytes (1 switches on core 0) [pid: 8|app: 0|req: 1121/2258] 10.0.0.144 () {32 vars in 736 bytes} [Tue Apr 21 18:49:09 2026] GET /v2.0/ports?device_id=d1afba44-e166-4fdb-9065-bd780b51ec7f => generated 946 bytes in 53 msecs (HTTP/1.1 200) 4 headers in 157 bytes (1 switches on core 0)
2026-04-21 18:49:10.162 8 INFO neutron.db.ovn_revision_numbers_db [None req-42fde655-4a9e-4e3a-86c8-9b232ecd6e84 f3effe44d9a44ec3b8cbc75e5a85fbb3 d442c580cbb94aaa8d8ce7bdb320a466 - - default default] Successfully bumped revision number for resource a4275457-128c-4869-98e9-9d4696e94d43 (type: security_group_rules) to 0 [pid: 8|app: 0|req: 1122/2259] 10.0.0.144 () {34 vars in 695 bytes} [Tue Apr 21 18:49:10 2026] POST /v2.0/security-group-rules => generated 596 bytes in 196 msecs (HTTP/1.1 201) 4 headers in 162 bytes (1 switches on core 0)
2026-04-21 18:49:10.602 8 INFO neutron_taas.services.taas.taas_plugin [None req-560d334f-f3bf-4058-a410-08e983a5153d 075498d3fd22423aa7bcdb160bf3cf0c 39737bb3fbc0421db3dfb92c7890cdb3 - - default default] TaaS: Handle Delete Port: aad8e04e-6041-4c05-816d-9740a005e828
2026-04-21 18:49:10.606 8 INFO neutron_taas.services.taas.tap_mirror_plugin [None req-560d334f-f3bf-4058-a410-08e983a5153d 075498d3fd22423aa7bcdb160bf3cf0c 39737bb3fbc0421db3dfb92c7890cdb3 - - default default] Tap Mirror: Handle Delete Port: aad8e04e-6041-4c05-816d-9740a005e828
2026-04-21 18:49:10.792 7 WARNING neutron.scheduler.dhcp_agent_scheduler [None req-a9310ced-e72a-4941-918a-7669bfcd6312 f438f7b8a6f64fe0a4ff6ed76b022dff dc6941cc05b04c678f6e445528021c5a - - default default] No more DHCP agents
2026-04-21 18:49:10.797 7 WARNING neutron.api.rpc.agentnotifiers.dhcp_rpc_agent_api [None req-a9310ced-e72a-4941-918a-7669bfcd6312 f438f7b8a6f64fe0a4ff6ed76b022dff dc6941cc05b04c678f6e445528021c5a - - default default] Unable to schedule network a99c5e01-7e5e-483e-b013-1f5403294302: no agents available; will retry on subsequent port and subnet creation events.
2026-04-21 18:49:10.906 7 INFO neutron.db.ovn_revision_numbers_db [None req-c7ad7f98-949a-4a12-9a96-f3e009e7e45c - - - - - -] Successfully bumped revision number for resource 5bfcbeac-296a-4c64-9ae3-2baae95f0f0a (type: ports) to 2 [pid: 8|app: 0|req: 1123/2260] 10.0.0.144 () {34 vars in 789 bytes} [Tue Apr 21 18:49:10 2026] PUT /v2.0/routers/d1afba44-e166-4fdb-9065-bd780b51ec7f/remove_router_interface => generated 309 bytes in 1047 msecs (HTTP/1.1 200) 4 headers in 157 bytes (1 switches on core 0) /var/lib/openstack/lib/python3.12/site-packages/pycadf/identifier.py:70: UserWarning: Invalid uuid: neutron. To ensure interoperability, identifiers should be a valid uuid. warnings.warn(('Invalid uuid: %s. To ensure interoperability, '
2026-04-21 18:49:11.399 8 INFO neutron.db.ovn_revision_numbers_db [None req-3950899c-57be-41b9-afbd-46fa23ebdcda f3effe44d9a44ec3b8cbc75e5a85fbb3 d442c580cbb94aaa8d8ce7bdb320a466 - - default default] Successfully bumped revision number for resource a8b05a4f-cbdc-434a-be0d-6f2f998f1276 (type: security_group_rules) to 0 [pid: 8|app: 0|req: 1124/2261] 10.0.0.144 () {34 vars in 695 bytes} [Tue Apr 21 18:49:11 2026] POST /v2.0/security-group-rules => generated 602 bytes in 179 msecs (HTTP/1.1 201) 4 headers in 162 bytes (1 switches on core 0) [pid: 8|app: 0|req: 1125/2262] 10.0.0.191 () {34 vars in 990 bytes} [Tue Apr 21 18:49:11 2026] GET /v2.0/ports?device_id=aeb3a26a-facf-4a36-8722-963b9c49958c => generated 971 bytes in 38 msecs (HTTP/1.1 200) 4 headers in 157 bytes (1 switches on core 0) [pid: 8|app: 0|req: 1126/2263] 199.204.45.4 () {34 vars in 992 bytes} [Tue Apr 21 18:49:11 2026] GET /v2.0/ports?device_id=aeb3a26a-facf-4a36-8722-963b9c49958c => generated 971 bytes in 31 msecs (HTTP/1.1 200) 4 headers in 157 bytes (1 switches on core 0)
2026-04-21 18:49:11.844 7 INFO neutron.db.ovn_revision_numbers_db [None req-a9310ced-e72a-4941-918a-7669bfcd6312 f438f7b8a6f64fe0a4ff6ed76b022dff dc6941cc05b04c678f6e445528021c5a - - default default] Successfully bumped revision number for resource e4bbff4a-45ad-4dd1-bfa5-15a67d4932b9 (type: router_ports) to 1
2026-04-21 18:49:11.850 8 INFO neutron_taas.services.taas.taas_plugin [None req-e152db58-bf9e-4fc9-b56c-83dc4c6c04cc 075498d3fd22423aa7bcdb160bf3cf0c 39737bb3fbc0421db3dfb92c7890cdb3 - - default default] TaaS: Handle Delete Port: df2260f8-38a8-4d02-bb66-cefcd56f995b
2026-04-21 18:49:11.853 8 INFO neutron_taas.services.taas.tap_mirror_plugin [None req-e152db58-bf9e-4fc9-b56c-83dc4c6c04cc 075498d3fd22423aa7bcdb160bf3cf0c 39737bb3fbc0421db3dfb92c7890cdb3 - - default default] Tap Mirror: Handle Delete Port: df2260f8-38a8-4d02-bb66-cefcd56f995b [pid: 7|app: 0|req: 1138/2264] 10.0.0.144 () {34 vars in 783 bytes} [Tue Apr 21 18:49:06 2026] PUT /v2.0/routers/ab4d5438-b542-4bfd-859b-380a6e8cbd33/add_router_interface => generated 309 bytes in 5800 msecs (HTTP/1.1 200) 4 headers in 157 bytes (1 switches on core 0) /var/lib/openstack/lib/python3.12/site-packages/pycadf/identifier.py:70: UserWarning: Invalid uuid: neutron. To ensure interoperability, identifiers should be a valid uuid. warnings.warn(('Invalid uuid: %s. To ensure interoperability, '
2026-04-21 18:49:12.070 7 INFO neutron.db.ovn_revision_numbers_db [None req-34ebd3d9-f662-4860-b4c8-f0013565490e - - - - - -] Successfully bumped revision number for resource c408f6da-78c3-4271-af46-08bca1da8b72 (type: ports) to 4
2026-04-21 18:49:12.244 7 INFO neutron.db.ovn_revision_numbers_db [None req-3b44bef9-7297-4321-83ee-f23ebcb71bf7 f3effe44d9a44ec3b8cbc75e5a85fbb3 d442c580cbb94aaa8d8ce7bdb320a466 - - default default] Successfully bumped revision number for resource 587d4717-28e3-40c7-8e36-3c4d5c680d2e (type: security_group_rules) to 0 [pid: 7|app: 0|req: 1139/2265] 10.0.0.144 () {34 vars in 695 bytes} [Tue Apr 21 18:49:11 2026] POST /v2.0/security-group-rules => generated 601 bytes in 467 msecs (HTTP/1.1 201) 4 headers in 162 bytes (1 switches on core 0) [pid: 8|app: 0|req: 1127/2266] 10.0.0.144 () {32 vars in 724 bytes} [Tue Apr 21 18:49:11 2026] DELETE /v2.0/routers/d1afba44-e166-4fdb-9065-bd780b51ec7f => generated 0 bytes in 826 msecs (HTTP/1.1 204) 2 headers in 112 bytes (1 switches on core 0) [pid: 7|app: 0|req: 1140/2267] 10.0.0.191 () {34 vars in 1040 bytes} [Tue Apr 21 18:49:12 2026] GET /v2.0/security-groups?id=3ceb6e0b-2ce1-49e7-9d83-1aa04c163dfe&fields=id&fields=name => generated 113 bytes in 76 msecs (HTTP/1.1 200) 4 headers in 157 bytes (1 switches on core 0)
2026-04-21 18:49:12.430 8 INFO neutron_taas.services.taas.taas_plugin [req-c7e0c1b8-8b04-4ce6-8529-0355f0916b1f req-ae55466c-0533-44b5-9280-1e45cfa0fd02 ad04f11611994a96a49040411a8e679a 911077064ebd4e8985b35f22fb30ca9f - - default default] TaaS: Handle Delete Port: abac4740-ba97-4199-94f1-cb3b1b9840eb
2026-04-21 18:49:12.433 8 INFO neutron_taas.services.taas.tap_mirror_plugin [req-c7e0c1b8-8b04-4ce6-8529-0355f0916b1f req-ae55466c-0533-44b5-9280-1e45cfa0fd02 ad04f11611994a96a49040411a8e679a 911077064ebd4e8985b35f22fb30ca9f - - default default] Tap Mirror: Handle Delete Port: abac4740-ba97-4199-94f1-cb3b1b9840eb [pid: 8|app: 0|req: 1128/2268] 199.204.45.4 () {36 vars in 995 bytes} [Tue Apr 21 18:49:12 2026] DELETE /v2.0/ports/abac4740-ba97-4199-94f1-cb3b1b9840eb => generated 0 bytes in 282 msecs (HTTP/1.1 204) 3 headers in 131 bytes (1 switches on core 0)
2026-04-21 18:49:12.649 8 INFO neutron.notifiers.nova [-] Nova event matching ['req-95ff9707-9103-4582-a663-42fdd0f7e219'] response: {'server_uuid': 'aeb3a26a-facf-4a36-8722-963b9c49958c', 'name': 'network-vif-deleted', 'tag': 'abac4740-ba97-4199-94f1-cb3b1b9840eb', 'status': 'completed', 'code': 200}
2026-04-21 18:49:12.653 8 INFO neutron.db.securitygroups_db [None req-e8b2c093-5c64-4f23-8087-2e4167d74b4d f3effe44d9a44ec3b8cbc75e5a85fbb3 d442c580cbb94aaa8d8ce7bdb320a466 - - default default] Project d442c580cbb94aaa8d8ce7bdb320a466 added a security group rule with legacy IPv6 ICMP protocol name icmp, ipv6-icmp should be used instead. It was automatically converted.
2026-04-21 18:49:12.799 8 INFO neutron.db.ovn_revision_numbers_db [None req-e8b2c093-5c64-4f23-8087-2e4167d74b4d f3effe44d9a44ec3b8cbc75e5a85fbb3 d442c580cbb94aaa8d8ce7bdb320a466 - - default default] Successfully bumped revision number for resource a856b19e-1054-4cd9-9f41-853c4aff3f24 (type: security_group_rules) to 0 [pid: 8|app: 0|req: 1129/2269] 10.0.0.144 () {34 vars in 695 bytes} [Tue Apr 21 18:49:12 2026] POST /v2.0/security-group-rules => generated 607 bytes in 221 msecs (HTTP/1.1 201) 4 headers in 162 bytes (1 switches on core 0)
2026-04-21 18:49:12.995 7 INFO neutron.db.ovn_revision_numbers_db [None req-34ebd3d9-f662-4860-b4c8-f0013565490e - - - - - -] Successfully bumped revision number for resource c408f6da-78c3-4271-af46-08bca1da8b72 (type: ports) to 5 [pid: 8|app: 0|req: 1130/2270] 10.0.0.144 () {32 vars in 724 bytes} [Tue Apr 21 18:49:12 2026] DELETE /v2.0/subnets/98a37743-811b-4e5e-849f-d0528365994f => generated 0 bytes in 172 msecs (HTTP/1.1 204) 3 headers in 131 bytes (1 switches on core 0)
2026-04-21 18:49:13.043 8 INFO neutron.db.securitygroups_db [None req-90e67c98-3b48-4fbb-a9dc-b399a44f2805 f3effe44d9a44ec3b8cbc75e5a85fbb3 d442c580cbb94aaa8d8ce7bdb320a466 - - default default] Project d442c580cbb94aaa8d8ce7bdb320a466 added a security group rule with legacy IPv6 ICMP protocol name icmp, ipv6-icmp should be used instead. It was automatically converted.
2026-04-21 18:49:13.206 8 INFO neutron.db.ovn_revision_numbers_db [None req-90e67c98-3b48-4fbb-a9dc-b399a44f2805 f3effe44d9a44ec3b8cbc75e5a85fbb3 d442c580cbb94aaa8d8ce7bdb320a466 - - default default] Successfully bumped revision number for resource b1bc8054-1bb0-42f0-bee5-9275a775364c (type: security_group_rules) to 0 [pid: 8|app: 0|req: 1131/2271] 10.0.0.144 () {34 vars in 695 bytes} [Tue Apr 21 18:49:13 2026] POST /v2.0/security-group-rules => generated 606 bytes in 235 msecs (HTTP/1.1 201) 4 headers in 162 bytes (1 switches on core 0)
2026-04-21 18:49:13.335 7 WARNING neutron.scheduler.dhcp_agent_scheduler [None req-6f8227fb-1f1c-41a1-885e-59dbad70992b f438f7b8a6f64fe0a4ff6ed76b022dff dc6941cc05b04c678f6e445528021c5a - - default default] No more DHCP agents
2026-04-21 18:49:13.337 7 WARNING neutron.api.rpc.agentnotifiers.dhcp_rpc_agent_api [None req-6f8227fb-1f1c-41a1-885e-59dbad70992b f438f7b8a6f64fe0a4ff6ed76b022dff dc6941cc05b04c678f6e445528021c5a - - default default] Unable to schedule network 20b49181-3564-456b-b7bb-ba95c8452d2e: no agents available; will retry on subsequent port and subnet creation events.
2026-04-21 18:49:13.415 8 INFO neutron_taas.services.taas.taas_plugin [None req-9b70a901-8c43-4b68-973e-2b00a543906a 075498d3fd22423aa7bcdb160bf3cf0c 39737bb3fbc0421db3dfb92c7890cdb3 - - default default] TaaS: Handle Delete Port: cc96d4e5-cb30-4fe7-97d5-a06152b6a9bc
2026-04-21 18:49:13.417 8 INFO neutron_taas.services.taas.tap_mirror_plugin [None req-9b70a901-8c43-4b68-973e-2b00a543906a 075498d3fd22423aa7bcdb160bf3cf0c 39737bb3fbc0421db3dfb92c7890cdb3 - - default default] Tap Mirror: Handle Delete Port: cc96d4e5-cb30-4fe7-97d5-a06152b6a9bc
2026-04-21 18:49:13.624 7 INFO neutron.db.ovn_revision_numbers_db [None req-6f8227fb-1f1c-41a1-885e-59dbad70992b f438f7b8a6f64fe0a4ff6ed76b022dff dc6941cc05b04c678f6e445528021c5a - - default default] Successfully bumped revision number for resource 9bed4c68-8906-4f27-8c0b-6c1c53706ad1 (type: ports) to 1
2026-04-21 18:49:13.655 8 INFO neutron.services.segments.plugin [-] Segment 7c336c21-751d-4a5a-bc8b-3c440a26f1e2 resource provider aggregate not found
2026-04-21 18:49:13.662 8 INFO neutron.services.segments.plugin [-] Segment 7c336c21-751d-4a5a-bc8b-3c440a26f1e2 resource provider aggregate not found
2026-04-21 18:49:13.681 8 INFO neutron.services.segments.plugin [-] Segment 7c336c21-751d-4a5a-bc8b-3c440a26f1e2 resource provider not found; error: Placement Client Error (4xx): {"errors": [{"status": 404, "title": "Not Found", "detail": "The resource could not be found.\n\n No resource provider with uuid 7c336c21-751d-4a5a-bc8b-3c440a26f1e2 found for delete ", "request_id": "req-b350ee20-380b-4843-8afd-51ff6536ec77"}]}
2026-04-21 18:49:13.683 8 INFO neutron.services.segments.plugin [-] Segment 7c336c21-751d-4a5a-bc8b-3c440a26f1e2 resource provider not found; error: Placement Client Error (4xx): {"errors": [{"status": 404, "title": "Not Found", "detail": "The resource could not be found.\n\n No resource provider with uuid 7c336c21-751d-4a5a-bc8b-3c440a26f1e2 found for delete ", "request_id": "req-85e9a381-c5e0-4d9b-bf38-2fbcb6daff5a"}]} [pid: 8|app: 0|req: 1132/2272] 10.0.0.144 () {32 vars in 726 bytes} [Tue Apr 21 18:49:13 2026] DELETE /v2.0/networks/ecf2faaa-0970-4f57-8373-e1c8ea799807 => generated 0 bytes in 475 msecs (HTTP/1.1 204) 3 headers in 131 bytes (1 switches on core 0) [pid: 8|app: 0|req: 1133/2273] 10.0.0.191 () {34 vars in 990 bytes} [Tue Apr 21 18:49:13 2026] GET /v2.0/ports?device_id=aeb3a26a-facf-4a36-8722-963b9c49958c => generated 12 bytes in 16 msecs (HTTP/1.1 200) 4 headers in 156 bytes (1 switches on core 0)
2026-04-21 18:49:13.869 8 INFO neutron.db.ovn_revision_numbers_db [None req-f715e838-4788-426c-b958-f4df7cfdbec4 f3effe44d9a44ec3b8cbc75e5a85fbb3 d442c580cbb94aaa8d8ce7bdb320a466 - - default default] Successfully bumped revision number for resource c598a530-7974-4526-88c9-266f11eb99b0 (type: security_groups) to 1
2026-04-21 18:49:13.881 8 INFO neutron.db.ovn_revision_numbers_db [None req-f715e838-4788-426c-b958-f4df7cfdbec4 f3effe44d9a44ec3b8cbc75e5a85fbb3 d442c580cbb94aaa8d8ce7bdb320a466 - - default default] Successfully bumped revision number for resource 240c6ffe-2e4b-4e56-84b4-0c0040fe8974 (type: security_group_rules) to 0
2026-04-21 18:49:13.893 8 INFO neutron.db.ovn_revision_numbers_db [None req-f715e838-4788-426c-b958-f4df7cfdbec4 f3effe44d9a44ec3b8cbc75e5a85fbb3 d442c580cbb94aaa8d8ce7bdb320a466 - - default default] Successfully bumped revision number for resource c06b1e9b-c66e-4773-b33d-da07d0c77f53 (type: security_group_rules) to 0 [pid: 8|app: 0|req: 1134/2274] 10.0.0.144 () {34 vars in 685 bytes} [Tue Apr 21 18:49:13 2026] POST /v2.0/security-groups => generated 1659 bytes in 199 msecs (HTTP/1.1 201) 4 headers in 163 bytes (1 switches on core 0)
2026-04-21 18:49:14.079 8 INFO neutron.db.ovn_revision_numbers_db [None req-a12cd11a-28ac-4bd6-bc4c-76a97fa67bb5 f3effe44d9a44ec3b8cbc75e5a85fbb3 d442c580cbb94aaa8d8ce7bdb320a466 - - default default] Successfully bumped revision number for resource 9a86c7ae-862b-41f5-bd19-eb568966be40 (type: security_group_rules) to 0 [pid: 8|app: 0|req: 1135/2275] 10.0.0.144 () {34 vars in 695 bytes} [Tue Apr 21 18:49:13 2026] POST /v2.0/security-group-rules => generated 597 bytes in 174 msecs (HTTP/1.1 201) 4 headers in 162 bytes (1 switches on core 0)
2026-04-21 18:49:14.258 8 INFO neutron.db.ovn_revision_numbers_db [None req-0d8e4366-e487-446f-aa31-45b0cfc5f13a f3effe44d9a44ec3b8cbc75e5a85fbb3 d442c580cbb94aaa8d8ce7bdb320a466 - - default default] Successfully bumped revision number for resource 8ccdff36-1fb6-4b9c-a0dc-2f1bef02d3a2 (type: security_group_rules) to 0 [pid: 8|app: 0|req: 1136/2276] 10.0.0.144 () {34 vars in 695 bytes} [Tue Apr 21 18:49:14 2026] POST /v2.0/security-group-rules => generated 602 bytes in 174 msecs (HTTP/1.1 201) 4 headers in 162 bytes (1 switches on core 0) [pid: 8|app: 0|req: 1137/2277] 10.0.0.144 () {32 vars in 774 bytes} [Tue Apr 21 18:49:14 2026] GET /v2.0/security-groups?tenant_id=39737bb3fbc0421db3dfb92c7890cdb3&name=default => generated 2925 bytes in 180 msecs (HTTP/1.1 200) 4 headers in 158 bytes (1 switches on core 0)
2026-04-21 18:49:14.513 7 WARNING neutron.scheduler.dhcp_agent_scheduler [None req-6f8227fb-1f1c-41a1-885e-59dbad70992b f438f7b8a6f64fe0a4ff6ed76b022dff dc6941cc05b04c678f6e445528021c5a - - default default] No more DHCP agents
2026-04-21 18:49:14.514 7 WARNING neutron.api.rpc.agentnotifiers.dhcp_rpc_agent_api [None req-6f8227fb-1f1c-41a1-885e-59dbad70992b f438f7b8a6f64fe0a4ff6ed76b022dff dc6941cc05b04c678f6e445528021c5a - - default default] Unable to schedule network 20b49181-3564-456b-b7bb-ba95c8452d2e: no agents available; will retry on subsequent port and subnet creation events.
2026-04-21 18:49:14.720 8 WARNING neutron.scheduler.dhcp_agent_scheduler [None req-82243a91-956f-4131-83a8-3340921fc240 f3effe44d9a44ec3b8cbc75e5a85fbb3 d442c580cbb94aaa8d8ce7bdb320a466 - - default default] No more DHCP agents
2026-04-21 18:49:14.721 8 WARNING neutron.api.rpc.agentnotifiers.dhcp_rpc_agent_api [None req-82243a91-956f-4131-83a8-3340921fc240 f3effe44d9a44ec3b8cbc75e5a85fbb3 d442c580cbb94aaa8d8ce7bdb320a466 - - default default] Unable to schedule network 600eff4f-8c58-43d0-b974-4592d0d58d7a: no agents available; will retry on subsequent port and subnet creation events.
2026-04-21 18:49:15.008 7 INFO neutron.db.ovn_revision_numbers_db [None req-6f8227fb-1f1c-41a1-885e-59dbad70992b f438f7b8a6f64fe0a4ff6ed76b022dff dc6941cc05b04c678f6e445528021c5a - - default default] Successfully bumped revision number for resource 9bed4c68-8906-4f27-8c0b-6c1c53706ad1 (type: router_ports) to 1 [pid: 7|app: 0|req: 1141/2278] 10.0.0.144 () {34 vars in 783 bytes} [Tue Apr 21 18:49:12 2026] PUT /v2.0/routers/ab4d5438-b542-4bfd-859b-380a6e8cbd33/add_router_interface => generated 309 bytes in 2615 msecs (HTTP/1.1 200) 4 headers in 157 bytes (1 switches on core 0) [pid: 8|app: 0|req: 1138/2279] 10.0.0.144 () {34 vars in 676 bytes} [Tue Apr 21 18:49:14 2026] POST /v2.0/floatingips => generated 552 bytes in 622 msecs (HTTP/1.1 201) 4 headers in 162 bytes (1 switches on core 0) [pid: 8|app: 0|req: 1139/2280] 10.0.0.191 () {34 vars in 990 bytes} [Tue Apr 21 18:49:15 2026] GET /v2.0/ports?device_id=aeb3a26a-facf-4a36-8722-963b9c49958c => generated 12 bytes in 22 msecs (HTTP/1.1 200) 4 headers in 156 bytes (1 switches on core 0) [pid: 7|app: 0|req: 1142/2281] 10.0.0.144 () {32 vars in 740 bytes} [Tue Apr 21 18:49:15 2026] DELETE /v2.0/security-groups/f63c7973-cc33-4861-9890-9bf5fb790754 => generated 0 bytes in 292 msecs (HTTP/1.1 204) 2 headers in 112 bytes (1 switches on core 0) [pid: 7|app: 0|req: 1143/2282] 10.0.0.191 () {34 vars in 1100 bytes} [Tue Apr 21 18:49:15 2026] GET /v2.0/security-groups?name=tempest-secgroup-smoke-1073426978&fields=id&tenant_id=d442c580cbb94aaa8d8ce7bdb320a466 => generated 69 bytes in 48 msecs (HTTP/1.1 200) 4 headers in 156 bytes (1 switches on core 0) [pid: 7|app: 0|req: 1146/2285] 10.0.0.191 () {34 vars in 1098 bytes} [Tue Apr 21 18:49:15 2026] GET /v2.0/security-groups?name=tempest-securitygroup--531367530&fields=id&tenant_id=d442c580cbb94aaa8d8ce7bdb320a466 => generated 69 bytes in 36 msecs (HTTP/1.1 200) 4 headers in 156 bytes (1 switches on core 0) [pid: 7|app: 0|req: 1147/2286] 10.0.0.191 () {34 vars in 982 bytes} [Tue Apr 21 18:49:15 2026] GET /v2.0/networks?id=fec66bee-9881-4d9b-8900-f194d84a80fd => generated 672 bytes in 49 msecs (HTTP/1.1 200) 4 headers in 157 bytes (1 switches on core 0) [pid: 7|app: 0|req: 1148/2287] 10.0.0.191 () {34 vars in 965 bytes} [Tue Apr 21 18:49:15 2026] GET /v2.0/quotas/d442c580cbb94aaa8d8ce7bdb320a466 => generated 292 bytes in 20 msecs (HTTP/1.1 200) 4 headers in 157 bytes (1 switches on core 0) [pid: 7|app: 0|req: 1149/2288] 10.0.0.191 () {34 vars in 1002 bytes} [Tue Apr 21 18:49:15 2026] GET /v2.0/ports?tenant_id=d442c580cbb94aaa8d8ce7bdb320a466&fields=id => generated 103 bytes in 79 msecs (HTTP/1.1 200) 4 headers in 157 bytes (1 switches on core 0) [pid: 7|app: 0|req: 1150/2289] 10.0.0.191 () {34 vars in 1008 bytes} [Tue Apr 21 18:49:15 2026] GET /v2.0/networks/fec66bee-9881-4d9b-8900-f194d84a80fd?fields=segments => generated 14 bytes in 53 msecs (HTTP/1.1 200) 4 headers in 156 bytes (1 switches on core 0)
2026-04-21 18:49:15.680 8 WARNING neutron.scheduler.dhcp_agent_scheduler [None req-9fa4b065-d024-43e2-afe7-74a2b3000d74 f438f7b8a6f64fe0a4ff6ed76b022dff dc6941cc05b04c678f6e445528021c5a - - default default] No more DHCP agents
2026-04-21 18:49:15.682 8 WARNING neutron.api.rpc.agentnotifiers.dhcp_rpc_agent_api [None req-9fa4b065-d024-43e2-afe7-74a2b3000d74 f438f7b8a6f64fe0a4ff6ed76b022dff dc6941cc05b04c678f6e445528021c5a - - default default] Unable to schedule network 01345f4f-f5fe-4c7f-a623-2f969c1dbb5f: no agents available; will retry on subsequent port and subnet creation events. [pid: 7|app: 0|req: 1151/2290] 10.0.0.191 () {34 vars in 1108 bytes} [Tue Apr 21 18:49:15 2026] GET /v2.0/networks/fec66bee-9881-4d9b-8900-f194d84a80fd?fields=provider%3Aphysical_network&fields=provider%3Anetwork_type => generated 79 bytes in 40 msecs (HTTP/1.1 200) 4 headers in 156 bytes (1 switches on core 0)
2026-04-21 18:49:15.844 8 INFO neutron.db.ovn_revision_numbers_db [None req-9fa4b065-d024-43e2-afe7-74a2b3000d74 f438f7b8a6f64fe0a4ff6ed76b022dff dc6941cc05b04c678f6e445528021c5a - - default default] Successfully bumped revision number for resource 86a29bd4-3c68-4d07-95fc-7a4c88356fd5 (type: ports) to 1 [pid: 7|app: 0|req: 1152/2291] 10.0.0.191 () {34 vars in 990 bytes} [Tue Apr 21 18:49:15 2026] GET /v2.0/ports?device_id=96334096-db5b-450e-8989-30ef6084e0f9 => generated 12 bytes in 28 msecs (HTTP/1.1 200) 4 headers in 156 bytes (1 switches on core 0)
2026-04-21 18:49:16.130 7 WARNING neutron.plugins.ml2.drivers.ovn.mech_driver.ovsdb.ovn_client [None req-a7ccdf92-dcd1-4ba1-ad25-469121c2145b - - - - - -] No hosting information found for port 5bfcbeac-296a-4c64-9ae3-2baae95f0f0a: RuntimeError: No hosting information found for port 5bfcbeac-296a-4c64-9ae3-2baae95f0f0a /var/lib/openstack/lib/python3.12/site-packages/pycadf/identifier.py:70: UserWarning: Invalid uuid: neutron. To ensure interoperability, identifiers should be a valid uuid. warnings.warn(('Invalid uuid: %s. To ensure interoperability, '
2026-04-21 18:49:16.361 7 INFO neutron.db.ovn_revision_numbers_db [None req-a7ccdf92-dcd1-4ba1-ad25-469121c2145b - - - - - -] Successfully bumped revision number for resource 5bfcbeac-296a-4c64-9ae3-2baae95f0f0a (type: router_ports) to 2
2026-04-21 18:49:16.361 7 INFO neutron.plugins.ml2.drivers.ovn.mech_driver.mech_driver [None req-a7ccdf92-dcd1-4ba1-ad25-469121c2145b - - - - - -] OVN reports status down for port: 37e64b12-e2af-4847-bca7-cdd496c84bc9
2026-04-21 18:49:16.605 7 INFO neutron.plugins.ml2.drivers.ovn.mech_driver.mech_driver [None req-a7ccdf92-dcd1-4ba1-ad25-469121c2145b - - - - - -] OVN reports status down for port: caf1c4d4-fbff-4d22-aba3-2009e9255367 [pid: 7|app: 0|req: 1153/2292] 10.0.0.144 () {32 vars in 740 bytes} [Tue Apr 21 18:49:16 2026] DELETE /v2.0/security-groups/3ceb6e0b-2ce1-49e7-9d83-1aa04c163dfe => generated 0 bytes in 462 msecs (HTTP/1.1 204) 2 headers in 112 bytes (1 switches on core 0) /var/lib/openstack/lib/python3.12/site-packages/pycadf/identifier.py:70: UserWarning: Invalid uuid: neutron. To ensure interoperability, identifiers should be a valid uuid. warnings.warn(('Invalid uuid: %s. To ensure interoperability, '
2026-04-21 18:49:16.781 7 INFO neutron.plugins.ml2.drivers.ovn.mech_driver.mech_driver [None req-a7ccdf92-dcd1-4ba1-ad25-469121c2145b - - - - - -] OVN reports status down for port: 348435e6-e301-4e42-b722-f0142efe101b
2026-04-21 18:49:16.788 8 WARNING neutron.scheduler.dhcp_agent_scheduler [None req-9fa4b065-d024-43e2-afe7-74a2b3000d74 f438f7b8a6f64fe0a4ff6ed76b022dff dc6941cc05b04c678f6e445528021c5a - - default default] No more DHCP agents
2026-04-21 18:49:16.790 8 WARNING neutron.api.rpc.agentnotifiers.dhcp_rpc_agent_api [None req-9fa4b065-d024-43e2-afe7-74a2b3000d74 f438f7b8a6f64fe0a4ff6ed76b022dff dc6941cc05b04c678f6e445528021c5a - - default default] Unable to schedule network 01345f4f-f5fe-4c7f-a623-2f969c1dbb5f: no agents available; will retry on subsequent port and subnet creation events.
2026-04-21 18:49:17.163 8 INFO neutron.db.ovn_revision_numbers_db [None req-9fa4b065-d024-43e2-afe7-74a2b3000d74 f438f7b8a6f64fe0a4ff6ed76b022dff dc6941cc05b04c678f6e445528021c5a - - default default] Successfully bumped revision number for resource 86a29bd4-3c68-4d07-95fc-7a4c88356fd5 (type: router_ports) to 1 [pid: 8|app: 0|req: 1140/2293] 10.0.0.144 () {34 vars in 783 bytes} [Tue Apr 21 18:49:15 2026] PUT /v2.0/routers/ab4d5438-b542-4bfd-859b-380a6e8cbd33/add_router_interface => generated 309 bytes in 2053 msecs (HTTP/1.1 200) 4 headers in 157 bytes (1 switches on core 0) [pid: 8|app: 0|req: 1141/2294] 10.0.0.191 () {34 vars in 990 bytes} [Tue Apr 21 18:49:17 2026] GET /v2.0/ports?device_id=96334096-db5b-450e-8989-30ef6084e0f9 => generated 12 bytes in 16 msecs (HTTP/1.1 200) 4 headers in 156 bytes (1 switches on core 0)
2026-04-21 18:49:17.297 7 INFO neutron_taas.services.taas.taas_plugin [None req-8fb49e54-4432-454f-85fa-13448ca70780 ad04f11611994a96a49040411a8e679a 911077064ebd4e8985b35f22fb30ca9f - - default default] TaaS: Handle Delete Port: c8187d25-7f22-468b-82f6-3e62adf7cca8
2026-04-21 18:49:17.301 7 INFO neutron_taas.services.taas.tap_mirror_plugin [None req-8fb49e54-4432-454f-85fa-13448ca70780 ad04f11611994a96a49040411a8e679a 911077064ebd4e8985b35f22fb30ca9f - - default default] Tap Mirror: Handle Delete Port: c8187d25-7f22-468b-82f6-3e62adf7cca8
2026-04-21 18:49:17.528 8 INFO neutron.db.ovn_revision_numbers_db [None req-b839a458-ce22-47c0-8239-98042dc3f83c a27e38e8045344379ac5bfe3aa757a8b b0683822d40e4335a9fd09b0697fd368 - - default default] Successfully bumped revision number for resource c4eeaf80-2d46-466d-a18e-46a0f2098512 (type: security_groups) to 1
2026-04-21 18:49:17.541 8 INFO neutron.db.ovn_revision_numbers_db [None req-b839a458-ce22-47c0-8239-98042dc3f83c a27e38e8045344379ac5bfe3aa757a8b b0683822d40e4335a9fd09b0697fd368 - - default default] Successfully bumped revision number for resource 03b97c76-baab-41e6-95d5-86409d9c7f07 (type: security_group_rules) to 0
2026-04-21 18:49:17.555 8 INFO neutron.db.ovn_revision_numbers_db [None req-b839a458-ce22-47c0-8239-98042dc3f83c a27e38e8045344379ac5bfe3aa757a8b b0683822d40e4335a9fd09b0697fd368 - - default default] Successfully bumped revision number for resource 6dfb3cb0-400e-4015-bec5-09e2addaf0c9 (type: security_group_rules) to 0
2026-04-21 18:49:17.570 8 INFO neutron.db.ovn_revision_numbers_db [None req-b839a458-ce22-47c0-8239-98042dc3f83c a27e38e8045344379ac5bfe3aa757a8b b0683822d40e4335a9fd09b0697fd368 - - default default] Successfully bumped revision number for resource b0c788e0-8e81-4b0a-b5fd-80a764be15f1 (type: security_group_rules) to 0
2026-04-21 18:49:17.582 8 INFO neutron.db.ovn_revision_numbers_db [None req-b839a458-ce22-47c0-8239-98042dc3f83c a27e38e8045344379ac5bfe3aa757a8b b0683822d40e4335a9fd09b0697fd368 - - default default] Successfully bumped revision number for resource ff9bbd4d-913e-43fd-a6e9-24dfb791581b (type: security_group_rules) to 0
2026-04-21 18:49:17.684 7 INFO neutron.db.ovn_revision_numbers_db [None req-a7ccdf92-dcd1-4ba1-ad25-469121c2145b - - - - - -] Successfully bumped revision number for resource 348435e6-e301-4e42-b722-f0142efe101b (type: ports) to 6
2026-04-21 18:49:17.716 8 INFO neutron.db.segments_db [None req-b839a458-ce22-47c0-8239-98042dc3f83c a27e38e8045344379ac5bfe3aa757a8b b0683822d40e4335a9fd09b0697fd368 - - default default] Added segment ead63726-f7a2-4e60-ac18-663fbd63612b of type geneve for network 8cee865e-0330-4054-96d5-3397160b227d
2026-04-21 18:49:17.856 8 INFO neutron.db.ovn_revision_numbers_db [None req-b839a458-ce22-47c0-8239-98042dc3f83c a27e38e8045344379ac5bfe3aa757a8b b0683822d40e4335a9fd09b0697fd368 - - default default] Successfully bumped revision number for resource 8cee865e-0330-4054-96d5-3397160b227d (type: networks) to 1
2026-04-21 18:49:17.892 7 WARNING neutron.plugins.ml2.drivers.ovn.mech_driver.ovsdb.ovn_client [None req-cb46898c-d0c7-469f-948a-c9107bff6990 - - - - - -] Logical_Switch_Port 348435e6-e301-4e42-b722-f0142efe101b host information not removed, the port state is up
2026-04-21 18:49:17.975 7 INFO neutron.plugins.ml2.drivers.ovn.mech_driver.mech_driver [None req-cb46898c-d0c7-469f-948a-c9107bff6990 - - - - - -] OVN reports status up for port: 348435e6-e301-4e42-b722-f0142efe101b
2026-04-21 18:49:18.001 7 INFO neutron.plugins.ml2.plugin [None req-cb46898c-d0c7-469f-948a-c9107bff6990 - - - - - -] Attempt 1 to provision port 348435e6-e301-4e42-b722-f0142efe101b
2026-04-21 18:49:18.018 8 WARNING neutron.scheduler.dhcp_agent_scheduler [None req-b839a458-ce22-47c0-8239-98042dc3f83c a27e38e8045344379ac5bfe3aa757a8b b0683822d40e4335a9fd09b0697fd368 - - default default] No more DHCP agents
2026-04-21 18:49:18.019 8 WARNING neutron.api.rpc.agentnotifiers.dhcp_rpc_agent_api [None req-b839a458-ce22-47c0-8239-98042dc3f83c a27e38e8045344379ac5bfe3aa757a8b b0683822d40e4335a9fd09b0697fd368 - - default default] Unable to schedule network 8cee865e-0330-4054-96d5-3397160b227d: no agents available; will retry on subsequent port and subnet creation events.
2026-04-21 18:49:18.132 8 INFO neutron.db.ovn_revision_numbers_db [None req-b839a458-ce22-47c0-8239-98042dc3f83c a27e38e8045344379ac5bfe3aa757a8b b0683822d40e4335a9fd09b0697fd368 - - default default] Successfully bumped revision number for resource e215bc2e-5834-4c6c-9043-b11b823ffd7e (type: ports) to 1 [pid: 8|app: 0|req: 1142/2295] 10.0.0.144 () {34 vars in 670 bytes} [Tue Apr 21 18:49:17 2026] POST /v2.0/networks => generated 644 bytes in 972 msecs (HTTP/1.1 201) 4 headers in 162 bytes (1 switches on core 0)
2026-04-21 18:49:18.308 8 INFO neutron.db.ovn_revision_numbers_db [None req-aad73601-4707-471d-a0a9-3c4164e0fcd5 f438f7b8a6f64fe0a4ff6ed76b022dff dc6941cc05b04c678f6e445528021c5a - - default default] Successfully bumped revision number for resource 2d5dde56-48a0-4ddd-afce-5492d27a66da (type: security_groups) to 1
2026-04-21 18:49:18.324 8 INFO neutron.db.ovn_revision_numbers_db [None req-aad73601-4707-471d-a0a9-3c4164e0fcd5 f438f7b8a6f64fe0a4ff6ed76b022dff dc6941cc05b04c678f6e445528021c5a - - default default] Successfully bumped revision number for resource 693baf37-54c0-4914-a1ba-2339d7f04b22 (type: security_group_rules) to 0
2026-04-21 18:49:18.337 8 INFO neutron.db.ovn_revision_numbers_db [None req-aad73601-4707-471d-a0a9-3c4164e0fcd5 f438f7b8a6f64fe0a4ff6ed76b022dff dc6941cc05b04c678f6e445528021c5a - - default default] Successfully bumped revision number for resource 6d2cb86e-9847-4e3e-975b-c4bdc6165cb7 (type: security_group_rules) to 0 [pid: 8|app: 0|req: 1143/2296] 10.0.0.144 () {34 vars in 684 bytes} [Tue Apr 21 18:49:18 2026] POST /v2.0/security-groups => generated 1628 bytes in 213 msecs (HTTP/1.1 201) 4 headers in 163 bytes (1 switches on core 0) [pid: 7|app: 0|req: 1154/2297] 10.0.0.144 () {34 vars in 789 bytes} [Tue Apr 21 18:49:16 2026] PUT /v2.0/routers/4af386a7-ba98-4213-8732-9376b906b6e3/remove_router_interface => generated 309 bytes in 1833 msecs (HTTP/1.1 200) 4 headers in 157 bytes (1 switches on core 0) /var/lib/openstack/lib/python3.12/site-packages/pycadf/identifier.py:70: UserWarning: Invalid uuid: neutron. To ensure interoperability, identifiers should be a valid uuid. warnings.warn(('Invalid uuid: %s. To ensure interoperability, ' [pid: 7|app: 0|req: 1155/2298] 10.0.0.191 () {34 vars in 990 bytes} [Tue Apr 21 18:49:18 2026] GET /v2.0/ports?device_id=96334096-db5b-450e-8989-30ef6084e0f9 => generated 12 bytes in 36 msecs (HTTP/1.1 200) 4 headers in 156 bytes (1 switches on core 0)
2026-04-21 18:49:18.597 8 WARNING neutron.scheduler.dhcp_agent_scheduler [None req-d6552dd4-0bee-435a-8c07-ef8ef49e3d42 a27e38e8045344379ac5bfe3aa757a8b b0683822d40e4335a9fd09b0697fd368 - - default default] No more DHCP agents
2026-04-21 18:49:18.609 8 WARNING neutron.api.rpc.agentnotifiers.dhcp_rpc_agent_api [None req-d6552dd4-0bee-435a-8c07-ef8ef49e3d42 a27e38e8045344379ac5bfe3aa757a8b b0683822d40e4335a9fd09b0697fd368 - - default default] Unable to schedule network 8cee865e-0330-4054-96d5-3397160b227d: no agents available; will retry on subsequent port and subnet creation events.
2026-04-21 18:49:18.742 7 INFO neutron.db.ovn_revision_numbers_db [None req-cb46898c-d0c7-469f-948a-c9107bff6990 - - - - - -] Successfully bumped revision number for resource 348435e6-e301-4e42-b722-f0142efe101b (type: ports) to 7
2026-04-21 18:49:18.826 7 INFO neutron.db.ovn_revision_numbers_db [None req-2db6d53f-f64b-4d08-9c66-fb33a1443a87 f438f7b8a6f64fe0a4ff6ed76b022dff dc6941cc05b04c678f6e445528021c5a - - default default] Successfully bumped revision number for resource 54b266f9-555b-4b79-a787-1d7ccf36e56d (type: security_group_rules) to 0 [pid: 7|app: 0|req: 1156/2299] 10.0.0.144 () {34 vars in 695 bytes} [Tue Apr 21 18:49:18 2026] POST /v2.0/security-group-rules => generated 597 bytes in 349 msecs (HTTP/1.1 201) 4 headers in 162 bytes (1 switches on core 0)
2026-04-21 18:49:18.940 7 INFO neutron.plugins.ml2.drivers.ovn.mech_driver.mech_driver [None req-a5b50efc-8eb6-423c-8d52-b1fddec21bd5 - - - - - -] OVN reports status down for port: c408f6da-78c3-4271-af46-08bca1da8b72
2026-04-21 18:49:19.100 8 INFO neutron.db.ovn_revision_numbers_db [None req-565e2d18-a943-40fa-b820-615ca1fd7da8 - - - - - -] Successfully bumped revision number for resource e215bc2e-5834-4c6c-9043-b11b823ffd7e (type: ports) to 2
2026-04-21 18:49:19.127 8 INFO neutron.db.ovn_revision_numbers_db [None req-565e2d18-a943-40fa-b820-615ca1fd7da8 - - - - - -] Successfully bumped revision number for resource f11bf73b-f50e-482d-a6d7-cc901acf706c (type: subnets) to 0 [pid: 8|app: 0|req: 1144/2300] 10.0.0.144 () {34 vars in 669 bytes} [Tue Apr 21 18:49:18 2026] POST /v2.0/subnets => generated 641 bytes in 769 msecs (HTTP/1.1 201) 4 headers in 162 bytes (1 switches on core 0)
2026-04-21 18:49:19.287 8 INFO neutron.db.ovn_revision_numbers_db [None req-5ecde053-2be8-43eb-a118-a29fbd009b4c f438f7b8a6f64fe0a4ff6ed76b022dff dc6941cc05b04c678f6e445528021c5a - - default default] Successfully bumped revision number for resource c5b8898f-fe25-40d7-a66c-0198c8f2fa26 (type: security_group_rules) to 0 [pid: 8|app: 0|req: 1145/2301] 10.0.0.144 () {34 vars in 695 bytes} [Tue Apr 21 18:49:19 2026] POST /v2.0/security-group-rules => generated 597 bytes in 176 msecs (HTTP/1.1 201) 4 headers in 162 bytes (1 switches on core 0) [pid: 7|app: 0|req: 1157/2302] 10.0.0.144 () {32 vars in 724 bytes} [Tue Apr 21 18:49:18 2026] DELETE /v2.0/subnets/5ce624d8-8be1-4c19-be54-37a0e0b04d76 => generated 0 bytes in 451 msecs (HTTP/1.1 204) 3 headers in 131 bytes (1 switches on core 0) /var/lib/openstack/lib/python3.12/site-packages/pycadf/identifier.py:70: UserWarning: Invalid uuid: neutron. To ensure interoperability, identifiers should be a valid uuid. warnings.warn(('Invalid uuid: %s. To ensure interoperability, '
2026-04-21 18:49:19.414 8 INFO neutron.db.segments_db [None req-80086b83-f390-48bb-8f63-0b1165dba9af a27e38e8045344379ac5bfe3aa757a8b b0683822d40e4335a9fd09b0697fd368 - - default default] Added segment accebbbd-04aa-4c65-bf44-1f86b99eae61 of type geneve for network 6bbdce06-7e1f-4937-bb1e-4ea02f42e837
