2026-03-11 21:39:56.720 7 INFO placement.requestlog [None req-a7364567-949a-44f1-ab8a-57aad5389fcc 72621c6c3b9a4e43b98639d21b4f9b1f a031cc68a68240448997cd41718229dc - - 0291955809c14a01b6610b53e8739e61 0291955809c14a01b6610b53e8739e61] 10.0.0.124 "GET /resource_providers/177cde57-3bf9-4acc-be5a-218763fbd5f9/aggregates" status: 404 len: 235 microversion: 1.1 [pid: 7|app: 0|req: 420/839] 10.0.0.124 () {32 vars in 816 bytes} [Wed Mar 11 21:39:56 2026] GET /resource_providers/177cde57-3bf9-4acc-be5a-218763fbd5f9/aggregates => generated 235 bytes in 7 msecs (HTTP/1.1 404) 5 headers in 202 bytes (1 switches on core 0)
2026-03-11 21:39:56.727 7 INFO placement.requestlog [None req-8a583edd-7f85-421e-8c00-7d3270913e85 72621c6c3b9a4e43b98639d21b4f9b1f a031cc68a68240448997cd41718229dc - - 0291955809c14a01b6610b53e8739e61 0291955809c14a01b6610b53e8739e61] 10.0.0.124 "GET /resource_providers/c77987bf-2cd7-4ee2-8d28-fa1b47524893/aggregates" status: 404 len: 235 microversion: 1.1 [pid: 7|app: 0|req: 421/840] 10.0.0.124 () {32 vars in 816 bytes} [Wed Mar 11 21:39:56 2026] GET /resource_providers/c77987bf-2cd7-4ee2-8d28-fa1b47524893/aggregates => generated 235 bytes in 6 msecs (HTTP/1.1 404) 5 headers in 202 bytes (1 switches on core 0)
2026-03-11 21:39:56.731 8 INFO placement.requestlog [None req-84b4314e-e562-4cab-a5e7-9135df86008a 72621c6c3b9a4e43b98639d21b4f9b1f a031cc68a68240448997cd41718229dc - - 0291955809c14a01b6610b53e8739e61 0291955809c14a01b6610b53e8739e61] 10.0.0.124 "GET /resource_providers/177cde57-3bf9-4acc-be5a-218763fbd5f9/aggregates" status: 404 len: 235 microversion: 1.1 [pid: 8|app: 0|req: 420/841] 10.0.0.124 () {32 vars in 816 bytes} [Wed Mar 11 21:39:56 2026] GET /resource_providers/177cde57-3bf9-4acc-be5a-218763fbd5f9/aggregates => generated 235 bytes in 13 msecs (HTTP/1.1 404) 5 headers in 202 bytes (1 switches on core 0)
2026-03-11 21:39:56.734 7 INFO placement.requestlog [None req-0c49e56b-15e9-4504-acd1-edcc02748536 72621c6c3b9a4e43b98639d21b4f9b1f a031cc68a68240448997cd41718229dc - - 0291955809c14a01b6610b53e8739e61 0291955809c14a01b6610b53e8739e61] 10.0.0.124 "GET /resource_providers/c77987bf-2cd7-4ee2-8d28-fa1b47524893/aggregates" status: 404 len: 235 microversion: 1.1 [pid: 7|app: 0|req: 422/842] 10.0.0.124 () {32 vars in 816 bytes} [Wed Mar 11 21:39:56 2026] GET /resource_providers/c77987bf-2cd7-4ee2-8d28-fa1b47524893/aggregates => generated 235 bytes in 6 msecs (HTTP/1.1 404) 5 headers in 202 bytes (1 switches on core 0)
2026-03-11 21:39:56.736 8 INFO placement.requestlog [None req-a6ff32cd-ec7c-4898-8bfa-29a755a0b927 72621c6c3b9a4e43b98639d21b4f9b1f a031cc68a68240448997cd41718229dc - - 0291955809c14a01b6610b53e8739e61 0291955809c14a01b6610b53e8739e61] 10.0.0.124 "DELETE /resource_providers/177cde57-3bf9-4acc-be5a-218763fbd5f9" status: 404 len: 246 microversion: 1.1 [pid: 8|app: 0|req: 421/843] 10.0.0.124 () {34 vars in 816 bytes} [Wed Mar 11 21:39:56 2026] DELETE /resource_providers/177cde57-3bf9-4acc-be5a-218763fbd5f9 => generated 246 bytes in 4 msecs (HTTP/1.1 404) 6 headers in 231 bytes (1 switches on core 0)
2026-03-11 21:39:56.744 7 INFO placement.requestlog [None req-49ca0599-c9be-4b31-8b59-18796c09079f 72621c6c3b9a4e43b98639d21b4f9b1f a031cc68a68240448997cd41718229dc - - 0291955809c14a01b6610b53e8739e61 0291955809c14a01b6610b53e8739e61] 10.0.0.124 "DELETE /resource_providers/177cde57-3bf9-4acc-be5a-218763fbd5f9" status: 404 len: 246 microversion: 1.1 [pid: 7|app: 0|req: 423/844] 10.0.0.124 () {34 vars in 816 bytes} [Wed Mar 11 21:39:56 2026] DELETE /resource_providers/177cde57-3bf9-4acc-be5a-218763fbd5f9 => generated 246 bytes in 5 msecs (HTTP/1.1 404) 6 headers in 231 bytes (1 switches on core 0)
2026-03-11 21:39:56.749 8 INFO placement.requestlog [None req-1790945b-c89d-4a84-ac4d-2cb95c2bed44 72621c6c3b9a4e43b98639d21b4f9b1f a031cc68a68240448997cd41718229dc - - 0291955809c14a01b6610b53e8739e61 0291955809c14a01b6610b53e8739e61] 10.0.0.124 "DELETE /resource_providers/c77987bf-2cd7-4ee2-8d28-fa1b47524893" status: 404 len: 246 microversion: 1.1 [pid: 8|app: 0|req: 422/845] 10.0.0.124 () {34 vars in 816 bytes} [Wed Mar 11 21:39:56 2026] DELETE /resource_providers/c77987bf-2cd7-4ee2-8d28-fa1b47524893 => generated 246 bytes in 6 msecs (HTTP/1.1 404) 6 headers in 231 bytes (1 switches on core 0)
2026-03-11 21:39:56.755 7 INFO placement.requestlog [None req-11030463-f610-4c91-a03d-ed7fae0113a9 72621c6c3b9a4e43b98639d21b4f9b1f a031cc68a68240448997cd41718229dc - - 0291955809c14a01b6610b53e8739e61 0291955809c14a01b6610b53e8739e61] 10.0.0.124 "DELETE /resource_providers/c77987bf-2cd7-4ee2-8d28-fa1b47524893" status: 404 len: 246 microversion: 1.1 [pid: 7|app: 0|req: 424/846] 10.0.0.124 () {34 vars in 816 bytes} [Wed Mar 11 21:39:56 2026] DELETE /resource_providers/c77987bf-2cd7-4ee2-8d28-fa1b47524893 => generated 246 bytes in 9 msecs (HTTP/1.1 404) 6 headers in 231 bytes (1 switches on core 0)
2026-03-11 21:39:58.763 8 INFO placement.requestlog [None req-93f5671e-3e45-4e16-b373-0f78f4a0761b 72621c6c3b9a4e43b98639d21b4f9b1f a031cc68a68240448997cd41718229dc - - 0291955809c14a01b6610b53e8739e61 0291955809c14a01b6610b53e8739e61] 10.0.0.124 "GET /resource_providers/4062ae10-b20a-4b2b-9209-339349b4fc61/aggregates" status: 404 len: 235 microversion: 1.1
2026-03-11 21:39:58.766 7 INFO placement.requestlog [None req-440beb77-49b2-44fb-891b-61b567857989 72621c6c3b9a4e43b98639d21b4f9b1f a031cc68a68240448997cd41718229dc - - 0291955809c14a01b6610b53e8739e61 0291955809c14a01b6610b53e8739e61] 10.0.0.124 "GET /resource_providers/4062ae10-b20a-4b2b-9209-339349b4fc61/aggregates" status: 404 len: 235 microversion: 1.1 [pid: 7|app: 0|req: 425/847] 10.0.0.124 () {32 vars in 816 bytes} [Wed Mar 11 21:39:58 2026] GET /resource_providers/4062ae10-b20a-4b2b-9209-339349b4fc61/aggregates => generated 235 bytes in 13 msecs (HTTP/1.1 404) 5 headers in 202 bytes (1 switches on core 0) [pid: 8|app: 0|req: 423/848] 10.0.0.124 () {32 vars in 816 bytes} [Wed Mar 11 21:39:58 2026] GET /resource_providers/4062ae10-b20a-4b2b-9209-339349b4fc61/aggregates => generated 235 bytes in 16 msecs (HTTP/1.1 404) 5 headers in 202 bytes (1 switches on core 0)
2026-03-11 21:39:58.778 7 INFO placement.requestlog [None req-a1e831d0-3ca6-49bd-8be4-fe30f2445084 72621c6c3b9a4e43b98639d21b4f9b1f a031cc68a68240448997cd41718229dc - - 0291955809c14a01b6610b53e8739e61 0291955809c14a01b6610b53e8739e61] 10.0.0.124 "GET /resource_providers/84af9828-864b-4532-917a-d6951bd09588/aggregates" status: 404 len: 235 microversion: 1.1 [pid: 7|app: 0|req: 426/849] 10.0.0.124 () {32 vars in 816 bytes} [Wed Mar 11 21:39:58 2026] GET /resource_providers/84af9828-864b-4532-917a-d6951bd09588/aggregates => generated 235 bytes in 9 msecs (HTTP/1.1 404) 5 headers in 202 bytes (1 switches on core 0)
2026-03-11 21:39:58.781 8 INFO placement.requestlog [None req-a244896c-9fba-427b-acd1-be5123c61356 72621c6c3b9a4e43b98639d21b4f9b1f a031cc68a68240448997cd41718229dc - - 0291955809c14a01b6610b53e8739e61 0291955809c14a01b6610b53e8739e61] 10.0.0.124 "GET /resource_providers/84af9828-864b-4532-917a-d6951bd09588/aggregates" status: 404 len: 235 microversion: 1.1 [pid: 8|app: 0|req: 424/850] 10.0.0.124 () {32 vars in 816 bytes} [Wed Mar 11 21:39:58 2026] GET /resource_providers/84af9828-864b-4532-917a-d6951bd09588/aggregates => generated 235 bytes in 12 msecs (HTTP/1.1 404) 5 headers in 202 bytes (1 switches on core 0)
2026-03-11 21:39:58.786 7 INFO placement.requestlog [None req-8f9bb12b-4d5a-4fbc-b4af-609a24db7a08 72621c6c3b9a4e43b98639d21b4f9b1f a031cc68a68240448997cd41718229dc - - 0291955809c14a01b6610b53e8739e61 0291955809c14a01b6610b53e8739e61] 10.0.0.124 "DELETE /resource_providers/4062ae10-b20a-4b2b-9209-339349b4fc61" status: 404 len: 246 microversion: 1.1 [pid: 7|app: 0|req: 427/851] 10.0.0.124 () {34 vars in 816 bytes} [Wed Mar 11 21:39:58 2026] DELETE /resource_providers/4062ae10-b20a-4b2b-9209-339349b4fc61 => generated 246 bytes in 7 msecs (HTTP/1.1 404) 6 headers in 231 bytes (1 switches on core 0)
2026-03-11 21:39:58.790 8 INFO placement.requestlog [None req-a78ba0c9-e07d-4462-95b1-6c21522fc838 72621c6c3b9a4e43b98639d21b4f9b1f a031cc68a68240448997cd41718229dc - - 0291955809c14a01b6610b53e8739e61 0291955809c14a01b6610b53e8739e61] 10.0.0.124 "DELETE /resource_providers/4062ae10-b20a-4b2b-9209-339349b4fc61" status: 404 len: 246 microversion: 1.1 [pid: 8|app: 0|req: 425/852] 10.0.0.124 () {34 vars in 816 bytes} [Wed Mar 11 21:39:58 2026] DELETE /resource_providers/4062ae10-b20a-4b2b-9209-339349b4fc61 => generated 246 bytes in 8 msecs (HTTP/1.1 404) 6 headers in 231 bytes (1 switches on core 0)
2026-03-11 21:39:58.796 7 INFO placement.requestlog [None req-378072bb-ded4-4259-adee-729aef7e15e9 72621c6c3b9a4e43b98639d21b4f9b1f a031cc68a68240448997cd41718229dc - - 0291955809c14a01b6610b53e8739e61 0291955809c14a01b6610b53e8739e61] 10.0.0.124 "DELETE /resource_providers/84af9828-864b-4532-917a-d6951bd09588" status: 404 len: 246 microversion: 1.1 [pid: 7|app: 0|req: 428/853] 10.0.0.124 () {34 vars in 816 bytes} [Wed Mar 11 21:39:58 2026] DELETE /resource_providers/84af9828-864b-4532-917a-d6951bd09588 => generated 246 bytes in 7 msecs (HTTP/1.1 404) 6 headers in 231 bytes (1 switches on core 0)
2026-03-11 21:39:58.798 8 INFO placement.requestlog [None req-8364a641-f8fa-4cb5-ad0f-69ee93cbcd68 72621c6c3b9a4e43b98639d21b4f9b1f a031cc68a68240448997cd41718229dc - - 0291955809c14a01b6610b53e8739e61 0291955809c14a01b6610b53e8739e61] 10.0.0.124 "DELETE /resource_providers/84af9828-864b-4532-917a-d6951bd09588" status: 404 len: 246 microversion: 1.1 [pid: 8|app: 0|req: 426/854] 10.0.0.124 () {34 vars in 816 bytes} [Wed Mar 11 21:39:58 2026] DELETE /resource_providers/84af9828-864b-4532-917a-d6951bd09588 => generated 246 bytes in 7 msecs (HTTP/1.1 404) 6 headers in 231 bytes (1 switches on core 0)
2026-03-11 21:40:00.820 7 INFO placement.requestlog [None req-f2f8239d-603f-45f6-af1e-78b9c0ff084d 72621c6c3b9a4e43b98639d21b4f9b1f a031cc68a68240448997cd41718229dc - - 0291955809c14a01b6610b53e8739e61 0291955809c14a01b6610b53e8739e61] 10.0.0.124 "GET /resource_providers/7338a110-1e69-4e8b-83fd-3eee2bad236c/aggregates" status: 404 len: 235 microversion: 1.1 [pid: 7|app: 0|req: 429/855] 10.0.0.124 () {32 vars in 816 bytes} [Wed Mar 11 21:40:00 2026] GET /resource_providers/7338a110-1e69-4e8b-83fd-3eee2bad236c/aggregates => generated 235 bytes in 7 msecs (HTTP/1.1 404) 5 headers in 202 bytes (1 switches on core 0)
2026-03-11 21:40:00.830 8 INFO placement.requestlog [None req-861c61c2-7e5c-4238-a158-7ae2e4d90b23 72621c6c3b9a4e43b98639d21b4f9b1f a031cc68a68240448997cd41718229dc - - 0291955809c14a01b6610b53e8739e61 0291955809c14a01b6610b53e8739e61] 10.0.0.124 "GET /resource_providers/7338a110-1e69-4e8b-83fd-3eee2bad236c/aggregates" status: 404 len: 235 microversion: 1.1 [pid: 8|app: 0|req: 427/856] 10.0.0.124 () {32 vars in 816 bytes} [Wed Mar 11 21:40:00 2026] GET /resource_providers/7338a110-1e69-4e8b-83fd-3eee2bad236c/aggregates => generated 235 bytes in 10 msecs (HTTP/1.1 404) 5 headers in 202 bytes (1 switches on core 0)
2026-03-11 21:40:00.842 7 INFO placement.requestlog [None req-569db59b-e9b9-4aa9-beb5-e95649d4051d 72621c6c3b9a4e43b98639d21b4f9b1f a031cc68a68240448997cd41718229dc - - 0291955809c14a01b6610b53e8739e61 0291955809c14a01b6610b53e8739e61] 10.0.0.124 "DELETE /resource_providers/7338a110-1e69-4e8b-83fd-3eee2bad236c" status: 404 len: 246 microversion: 1.1 [pid: 7|app: 0|req: 430/857] 10.0.0.124 () {34 vars in 816 bytes} [Wed Mar 11 21:40:00 2026] DELETE /resource_providers/7338a110-1e69-4e8b-83fd-3eee2bad236c => generated 246 bytes in 10 msecs (HTTP/1.1 404) 6 headers in 231 bytes (1 switches on core 0)
2026-03-11 21:40:00.858 8 INFO placement.requestlog [None req-cd35ac9f-895b-420b-b261-f7372b22feee 72621c6c3b9a4e43b98639d21b4f9b1f a031cc68a68240448997cd41718229dc - - 0291955809c14a01b6610b53e8739e61 0291955809c14a01b6610b53e8739e61] 10.0.0.124 "DELETE /resource_providers/7338a110-1e69-4e8b-83fd-3eee2bad236c" status: 404 len: 246 microversion: 1.1 [pid: 8|app: 0|req: 428/858] 10.0.0.124 () {34 vars in 816 bytes} [Wed Mar 11 21:40:00 2026] DELETE /resource_providers/7338a110-1e69-4e8b-83fd-3eee2bad236c => generated 246 bytes in 10 msecs (HTTP/1.1 404) 6 headers in 231 bytes (1 switches on core 0)
2026-03-11 21:40:04.193 7 INFO placement.requestlog [None req-bccc055c-bdee-4bec-82c7-9f3ff87c655b 72621c6c3b9a4e43b98639d21b4f9b1f a031cc68a68240448997cd41718229dc - - 0291955809c14a01b6610b53e8739e61 0291955809c14a01b6610b53e8739e61] 10.0.0.124 "GET /resource_providers/9dcd9f18-81a3-46ff-a55b-4213fc6d242e/aggregates" status: 404 len: 235 microversion: 1.1 [pid: 7|app: 0|req: 431/859] 10.0.0.124 () {32 vars in 816 bytes} [Wed Mar 11 21:40:04 2026] GET /resource_providers/9dcd9f18-81a3-46ff-a55b-4213fc6d242e/aggregates => generated 235 bytes in 8 msecs (HTTP/1.1 404) 5 headers in 202 bytes (1 switches on core 0)
2026-03-11 21:40:04.205 8 INFO placement.requestlog [None req-b54b27e1-9be2-44c7-b07f-96371f10d4da 72621c6c3b9a4e43b98639d21b4f9b1f a031cc68a68240448997cd41718229dc - - 0291955809c14a01b6610b53e8739e61 0291955809c14a01b6610b53e8739e61] 10.0.0.124 "GET /resource_providers/9dcd9f18-81a3-46ff-a55b-4213fc6d242e/aggregates" status: 404 len: 235 microversion: 1.1 [pid: 8|app: 0|req: 429/860] 10.0.0.124 () {32 vars in 816 bytes} [Wed Mar 11 21:40:04 2026] GET /resource_providers/9dcd9f18-81a3-46ff-a55b-4213fc6d242e/aggregates => generated 235 bytes in 13 msecs (HTTP/1.1 404) 5 headers in 202 bytes (1 switches on core 0)
2026-03-11 21:40:04.219 7 INFO placement.requestlog [None req-6872a40e-643a-427d-8b69-a7ae7d8a8c69 72621c6c3b9a4e43b98639d21b4f9b1f a031cc68a68240448997cd41718229dc - - 0291955809c14a01b6610b53e8739e61 0291955809c14a01b6610b53e8739e61] 10.0.0.124 "DELETE /resource_providers/9dcd9f18-81a3-46ff-a55b-4213fc6d242e" status: 404 len: 246 microversion: 1.1 [pid: 7|app: 0|req: 432/861] 10.0.0.124 () {34 vars in 816 bytes} [Wed Mar 11 21:40:04 2026] DELETE /resource_providers/9dcd9f18-81a3-46ff-a55b-4213fc6d242e => generated 246 bytes in 9 msecs (HTTP/1.1 404) 6 headers in 231 bytes (1 switches on core 0)
2026-03-11 21:40:04.226 8 INFO placement.requestlog [None req-96fb5b8c-b62d-4c76-b45e-7f7d69f3e1cb 72621c6c3b9a4e43b98639d21b4f9b1f a031cc68a68240448997cd41718229dc - - 0291955809c14a01b6610b53e8739e61 0291955809c14a01b6610b53e8739e61] 10.0.0.124 "DELETE /resource_providers/9dcd9f18-81a3-46ff-a55b-4213fc6d242e" status: 404 len: 246 microversion: 1.1 [pid: 8|app: 0|req: 430/862] 10.0.0.124 () {34 vars in 816 bytes} [Wed Mar 11 21:40:04 2026] DELETE /resource_providers/9dcd9f18-81a3-46ff-a55b-4213fc6d242e => generated 246 bytes in 9 msecs (HTTP/1.1 404) 6 headers in 231 bytes (1 switches on core 0)
2026-03-11 21:40:04.357 7 INFO placement.requestlog [None req-091e6371-844f-48c8-8ff0-40bcd0fdbb9c - - - - - -] 10.0.0.84 "GET /" status: 200 len: 136 microversion: 1.0
2026-03-11 21:40:04.359 8 INFO placement.requestlog [None req-a962dca4-e645-40de-a30f-36dc63427608 - - - - - -] 10.0.0.84 "GET /" status: 200 len: 136 microversion: 1.0
2026-03-11 21:40:12.242 7 INFO placement.requestlog [None req-73005649-c1c1-4fd0-90e2-0605cb3f8ac1 cd6cdcb95c1e45e4bd3ee55a9be8c33f f032f70e9fee4efcbcdc6cd60c925805 - - default default] 10.0.0.223 "GET /resource_providers" status: 200 len: 405 microversion: 1.0 [pid: 7|app: 0|req: 434/865] 10.0.0.223 () {28 vars in 593 bytes} [Wed Mar 11 21:40:12 2026] GET /resource_providers => generated 405 bytes in 203 msecs (HTTP/1.1 200) 6 headers in 224 bytes (1 switches on core 0)
2026-03-11 21:40:12.260 8 INFO placement.requestlog [None req-7afefe6b-c943-428a-b68a-fb817c8d592c cd6cdcb95c1e45e4bd3ee55a9be8c33f f032f70e9fee4efcbcdc6cd60c925805 - - default default] 10.0.0.223 "GET /resource_providers/b5aa4813-7b95-4444-bd2c-7bb62de1527e/inventories" status: 200 len: 400 microversion: 1.0 [pid: 8|app: 0|req: 432/866] 10.0.0.223 () {28 vars in 691 bytes} [Wed Mar 11 21:40:12 2026] GET /resource_providers/b5aa4813-7b95-4444-bd2c-7bb62de1527e/inventories => generated 400 bytes in 15 msecs (HTTP/1.1 200) 6 headers in 224 bytes (1 switches on core 0)
2026-03-11 21:40:12.279 7 INFO placement.requestlog [None req-56d61937-250e-4470-b195-a982a9ede63b cd6cdcb95c1e45e4bd3ee55a9be8c33f f032f70e9fee4efcbcdc6cd60c925805 - - default default] 10.0.0.223 "GET /resource_providers/b5aa4813-7b95-4444-bd2c-7bb62de1527e/usages" status: 200 len: 88 microversion: 1.0 [pid: 7|app: 0|req: 435/867] 10.0.0.223 () {28 vars in 681 bytes} [Wed Mar 11 21:40:12 2026] GET /resource_providers/b5aa4813-7b95-4444-bd2c-7bb62de1527e/usages => generated 88 bytes in 14 msecs (HTTP/1.1 200) 6 headers in 223 bytes (1 switches on core 0)
2026-03-11 21:40:14.357 8 INFO placement.requestlog [None req-4b10655a-5b65-4c6c-bb57-a7c7d3ae24ef - - - - - -] 10.0.0.84 "GET /" status: 200 len: 136 microversion: 1.0
2026-03-11 21:40:14.358 7 INFO placement.requestlog [None req-10229765-676b-4127-a988-21b0a6411948 - - - - - -] 10.0.0.84 "GET /" status: 200 len: 136 microversion: 1.0
2026-03-11 21:40:15.542 8 INFO placement.requestlog [None req-c1837392-0597-486d-b92f-9cda6a3aacac 72621c6c3b9a4e43b98639d21b4f9b1f a031cc68a68240448997cd41718229dc - - 0291955809c14a01b6610b53e8739e61 0291955809c14a01b6610b53e8739e61] 10.0.0.124 "GET /resource_providers/2feb710b-82aa-4808-b885-f3a962f84166/aggregates" status: 404 len: 235 microversion: 1.1 [pid: 8|app: 0|req: 434/870] 10.0.0.124 () {32 vars in 816 bytes} [Wed Mar 11 21:40:15 2026] GET /resource_providers/2feb710b-82aa-4808-b885-f3a962f84166/aggregates => generated 235 bytes in 8 msecs (HTTP/1.1 404) 5 headers in 202 bytes (1 switches on core 0)
2026-03-11 21:40:15.546 7 INFO placement.requestlog [None req-3f96474f-64be-4343-b552-40a32a9ed80a 72621c6c3b9a4e43b98639d21b4f9b1f a031cc68a68240448997cd41718229dc - - 0291955809c14a01b6610b53e8739e61 0291955809c14a01b6610b53e8739e61] 10.0.0.124 "GET /resource_providers/2feb710b-82aa-4808-b885-f3a962f84166/aggregates" status: 404 len: 235 microversion: 1.1 [pid: 7|app: 0|req: 437/871] 10.0.0.124 () {32 vars in 816 bytes} [Wed Mar 11 21:40:15 2026] GET /resource_providers/2feb710b-82aa-4808-b885-f3a962f84166/aggregates => generated 235 bytes in 11 msecs (HTTP/1.1 404) 5 headers in 202 bytes (1 switches on core 0)
2026-03-11 21:40:15.565 8 INFO placement.requestlog [None req-aa73eee3-f278-43b9-bae5-23cf184f0004 72621c6c3b9a4e43b98639d21b4f9b1f a031cc68a68240448997cd41718229dc - - 0291955809c14a01b6610b53e8739e61 0291955809c14a01b6610b53e8739e61] 10.0.0.124 "DELETE /resource_providers/2feb710b-82aa-4808-b885-f3a962f84166" status: 404 len: 246 microversion: 1.1 [pid: 8|app: 0|req: 435/872] 10.0.0.124 () {34 vars in 816 bytes} [Wed Mar 11 21:40:15 2026] DELETE /resource_providers/2feb710b-82aa-4808-b885-f3a962f84166 => generated 246 bytes in 11 msecs (HTTP/1.1 404) 6 headers in 231 bytes (1 switches on core 0)
2026-03-11 21:40:15.569 7 INFO placement.requestlog [None req-bc3da360-c44d-4180-80ef-0163846e75da 72621c6c3b9a4e43b98639d21b4f9b1f a031cc68a68240448997cd41718229dc - - 0291955809c14a01b6610b53e8739e61 0291955809c14a01b6610b53e8739e61] 10.0.0.124 "DELETE /resource_providers/2feb710b-82aa-4808-b885-f3a962f84166" status: 404 len: 246 microversion: 1.1 [pid: 7|app: 0|req: 438/873] 10.0.0.124 () {34 vars in 816 bytes} [Wed Mar 11 21:40:15 2026] DELETE /resource_providers/2feb710b-82aa-4808-b885-f3a962f84166 => generated 246 bytes in 10 msecs (HTTP/1.1 404) 6 headers in 231 bytes (1 switches on core 0)
2026-03-11 21:40:24.280 8 INFO placement.requestlog [None req-c9ea593c-3112-4d03-b41e-e8bb0021977e 72621c6c3b9a4e43b98639d21b4f9b1f a031cc68a68240448997cd41718229dc - - 0291955809c14a01b6610b53e8739e61 0291955809c14a01b6610b53e8739e61] 10.0.0.124 "GET /resource_providers/f5d6076d-f6f8-4af2-8a79-553580e40d46/aggregates" status: 404 len: 235 microversion: 1.1 [pid: 8|app: 0|req: 436/874] 10.0.0.124 () {32 vars in 816 bytes} [Wed Mar 11 21:40:24 2026] GET /resource_providers/f5d6076d-f6f8-4af2-8a79-553580e40d46/aggregates => generated 235 bytes in 7 msecs (HTTP/1.1 404) 5 headers in 202 bytes (1 switches on core 0)
2026-03-11 21:40:24.284 7 INFO placement.requestlog [None req-a9c4f439-bd6e-4fd8-9137-d801ee184eed 72621c6c3b9a4e43b98639d21b4f9b1f a031cc68a68240448997cd41718229dc - - 0291955809c14a01b6610b53e8739e61 0291955809c14a01b6610b53e8739e61] 10.0.0.124 "GET /resource_providers/f5d6076d-f6f8-4af2-8a79-553580e40d46/aggregates" status: 404 len: 235 microversion: 1.1 [pid: 7|app: 0|req: 439/875] 10.0.0.124 () {32 vars in 816 bytes} [Wed Mar 11 21:40:24 2026] GET /resource_providers/f5d6076d-f6f8-4af2-8a79-553580e40d46/aggregates => generated 235 bytes in 11 msecs (HTTP/1.1 404) 5 headers in 202 bytes (1 switches on core 0)
2026-03-11 21:40:24.300 8 INFO placement.requestlog [None req-07eb69b1-50a2-45f9-82c0-bd27809f4df8 72621c6c3b9a4e43b98639d21b4f9b1f a031cc68a68240448997cd41718229dc - - 0291955809c14a01b6610b53e8739e61 0291955809c14a01b6610b53e8739e61] 10.0.0.124 "DELETE /resource_providers/f5d6076d-f6f8-4af2-8a79-553580e40d46" status: 404 len: 246 microversion: 1.1
2026-03-11 21:40:24.301 7 INFO placement.requestlog [None req-cf99c3fc-f900-444b-91bb-d95792296517 72621c6c3b9a4e43b98639d21b4f9b1f a031cc68a68240448997cd41718229dc - - 0291955809c14a01b6610b53e8739e61 0291955809c14a01b6610b53e8739e61] 10.0.0.124 "DELETE /resource_providers/f5d6076d-f6f8-4af2-8a79-553580e40d46" status: 404 len: 246 microversion: 1.1 [pid: 8|app: 0|req: 437/876] 10.0.0.124 () {34 vars in 816 bytes} [Wed Mar 11 21:40:24 2026] DELETE /resource_providers/f5d6076d-f6f8-4af2-8a79-553580e40d46 => generated 246 bytes in 7 msecs (HTTP/1.1 404) 6 headers in 231 bytes (1 switches on core 0) [pid: 7|app: 0|req: 440/877] 10.0.0.124 () {34 vars in 816 bytes} [Wed Mar 11 21:40:24 2026] DELETE /resource_providers/f5d6076d-f6f8-4af2-8a79-553580e40d46 => generated 246 bytes in 7 msecs (HTTP/1.1 404) 6 headers in 231 bytes (1 switches on core 0)
2026-03-11 21:40:24.357 7 INFO placement.requestlog [None req-1488d92a-7bca-4051-913c-02fe88297aa3 - - - - - -] 10.0.0.84 "GET /" status: 200 len: 136 microversion: 1.0
2026-03-11 21:40:24.357 8 INFO placement.requestlog [None req-cbe21d9d-41a4-44b8-8263-1a021545539c - - - - - -] 10.0.0.84 "GET /" status: 200 len: 136 microversion: 1.0
2026-03-11 21:40:24.992 8 INFO placement.requestlog [None req-fe3bb196-1fe5-4787-b154-c176402994c5 72621c6c3b9a4e43b98639d21b4f9b1f a031cc68a68240448997cd41718229dc - - 0291955809c14a01b6610b53e8739e61 0291955809c14a01b6610b53e8739e61] 10.0.0.124 "GET /resource_providers/698843f4-0862-47b4-b05c-6f8568fd7919/aggregates" status: 404 len: 235 microversion: 1.1 [pid: 8|app: 0|req: 439/880] 10.0.0.124 () {32 vars in 816 bytes} [Wed Mar 11 21:40:24 2026] GET /resource_providers/698843f4-0862-47b4-b05c-6f8568fd7919/aggregates => generated 235 bytes in 7 msecs (HTTP/1.1 404) 5 headers in 202 bytes (1 switches on core 0)
2026-03-11 21:40:24.999 7 INFO placement.requestlog [None req-f14359ce-512f-432d-bab8-133aa7ee075e 72621c6c3b9a4e43b98639d21b4f9b1f a031cc68a68240448997cd41718229dc - - 0291955809c14a01b6610b53e8739e61 0291955809c14a01b6610b53e8739e61] 10.0.0.124 "GET /resource_providers/698843f4-0862-47b4-b05c-6f8568fd7919/aggregates" status: 404 len: 235 microversion: 1.1 [pid: 7|app: 0|req: 442/881] 10.0.0.124 () {32 vars in 816 bytes} [Wed Mar 11 21:40:24 2026] GET /resource_providers/698843f4-0862-47b4-b05c-6f8568fd7919/aggregates => generated 235 bytes in 7 msecs (HTTP/1.1 404) 5 headers in 202 bytes (1 switches on core 0)
2026-03-11 21:40:25.015 8 INFO placement.requestlog [None req-a44aa987-cc6e-4cf0-8053-7fb608b9a26e 72621c6c3b9a4e43b98639d21b4f9b1f a031cc68a68240448997cd41718229dc - - 0291955809c14a01b6610b53e8739e61 0291955809c14a01b6610b53e8739e61] 10.0.0.124 "DELETE /resource_providers/698843f4-0862-47b4-b05c-6f8568fd7919" status: 404 len: 246 microversion: 1.1 [pid: 8|app: 0|req: 440/882] 10.0.0.124 () {34 vars in 816 bytes} [Wed Mar 11 21:40:25 2026] DELETE /resource_providers/698843f4-0862-47b4-b05c-6f8568fd7919 => generated 246 bytes in 10 msecs (HTTP/1.1 404) 6 headers in 231 bytes (1 switches on core 0)
2026-03-11 21:40:25.020 7 INFO placement.requestlog [None req-d67cae14-2a83-48db-9a78-355864944238 72621c6c3b9a4e43b98639d21b4f9b1f a031cc68a68240448997cd41718229dc - - 0291955809c14a01b6610b53e8739e61 0291955809c14a01b6610b53e8739e61] 10.0.0.124 "DELETE /resource_providers/698843f4-0862-47b4-b05c-6f8568fd7919" status: 404 len: 246 microversion: 1.1 [pid: 7|app: 0|req: 443/883] 10.0.0.124 () {34 vars in 816 bytes} [Wed Mar 11 21:40:25 2026] DELETE /resource_providers/698843f4-0862-47b4-b05c-6f8568fd7919 => generated 246 bytes in 11 msecs (HTTP/1.1 404) 6 headers in 231 bytes (1 switches on core 0)
2026-03-11 21:40:25.536 8 INFO placement.requestlog [req-b66c2e91-513b-427f-b636-14f2c41544d8 req-c052c3fb-acdc-41c1-9679-11f5a9923715 034e1e1cc76f46798fd6d814a152ac23 a031cc68a68240448997cd41718229dc - - 0291955809c14a01b6610b53e8739e61 0291955809c14a01b6610b53e8739e61] 10.0.0.88 "GET /allocation_candidates?limit=1000&resources=DISK_GB%3A1%2CMEMORY_MB%3A512%2CVCPU%3A1&root_required=%21COMPUTE_STATUS_DISABLED" status: 200 len: 2781 microversion: 1.36 [pid: 8|app: 0|req: 441/884] 10.0.0.88 () {34 vars in 1011 bytes} [Wed Mar 11 21:40:25 2026] GET /allocation_candidates?limit=1000&resources=DISK_GB%3A1%2CMEMORY_MB%3A512%2CVCPU%3A1&root_required=%21COMPUTE_STATUS_DISABLED => generated 2781 bytes in 42 msecs (HTTP/1.1 200) 8 headers in 297 bytes (1 switches on core 0)
2026-03-11 21:40:25.569 7 INFO placement.requestlog [req-b66c2e91-513b-427f-b636-14f2c41544d8 req-f7611a2d-6851-4297-9e8e-f8724a80701c 034e1e1cc76f46798fd6d814a152ac23 a031cc68a68240448997cd41718229dc - - 0291955809c14a01b6610b53e8739e61 0291955809c14a01b6610b53e8739e61] 10.0.0.88 "GET /allocations/b364dc14-288d-4616-9a8d-bcacee535e3d" status: 200 len: 19 microversion: 1.28 [pid: 7|app: 0|req: 444/885] 10.0.0.88 () {34 vars in 860 bytes} [Wed Mar 11 21:40:25 2026] GET /allocations/b364dc14-288d-4616-9a8d-bcacee535e3d => generated 19 bytes in 9 msecs (HTTP/1.1 200) 8 headers in 295 bytes (1 switches on core 0)
2026-03-11 21:40:25.648 8 INFO placement.requestlog [req-b66c2e91-513b-427f-b636-14f2c41544d8 req-a6937e56-3b18-4a92-bab0-eb7b5ff0ca36 034e1e1cc76f46798fd6d814a152ac23 a031cc68a68240448997cd41718229dc - - 0291955809c14a01b6610b53e8739e61 0291955809c14a01b6610b53e8739e61] 10.0.0.88 "PUT /allocations/b364dc14-288d-4616-9a8d-bcacee535e3d" status: 204 len: 0 microversion: 1.36 [pid: 8|app: 0|req: 442/886] 10.0.0.88 () {38 vars in 913 bytes} [Wed Mar 11 21:40:25 2026] PUT /allocations/b364dc14-288d-4616-9a8d-bcacee535e3d => generated 0 bytes in 71 msecs (HTTP/1.1 204) 5 headers in 199 bytes (1 switches on core 0)
2026-03-11 21:40:27.143 7 INFO placement.requestlog [req-b66c2e91-513b-427f-b636-14f2c41544d8 req-cc1a15cf-71c3-4858-9b39-326ad13830a6 034e1e1cc76f46798fd6d814a152ac23 a031cc68a68240448997cd41718229dc - - 0291955809c14a01b6610b53e8739e61 0291955809c14a01b6610b53e8739e61] 162.253.55.12 "GET /allocations/b364dc14-288d-4616-9a8d-bcacee535e3d" status: 200 len: 257 microversion: 1.28 [pid: 7|app: 0|req: 445/887] 162.253.55.12 () {34 vars in 862 bytes} [Wed Mar 11 21:40:27 2026] GET /allocations/b364dc14-288d-4616-9a8d-bcacee535e3d => generated 257 bytes in 13 msecs (HTTP/1.1 200) 8 headers in 296 bytes (1 switches on core 0)
2026-03-11 21:40:28.183 8 INFO placement.requestlog [req-b66c2e91-513b-427f-b636-14f2c41544d8 req-8eb76e8b-8bbf-4afc-bfa0-a0f7f2f39a2b 034e1e1cc76f46798fd6d814a152ac23 a031cc68a68240448997cd41718229dc - - 0291955809c14a01b6610b53e8739e61 0291955809c14a01b6610b53e8739e61] 162.253.55.12 "GET /resource_providers/b5aa4813-7b95-4444-bd2c-7bb62de1527e/allocations" status: 200 len: 152 microversion: 1.0 [pid: 8|app: 0|req: 443/888] 162.253.55.12 () {32 vars in 856 bytes} [Wed Mar 11 21:40:28 2026] GET /resource_providers/b5aa4813-7b95-4444-bd2c-7bb62de1527e/allocations => generated 152 bytes in 17 msecs (HTTP/1.1 200) 6 headers in 224 bytes (1 switches on core 0)
2026-03-11 21:40:28.203 7 INFO placement.requestlog [req-b66c2e91-513b-427f-b636-14f2c41544d8 req-0cd7b0c7-c780-45ba-95e7-c344eef37078 034e1e1cc76f46798fd6d814a152ac23 a031cc68a68240448997cd41718229dc - - 0291955809c14a01b6610b53e8739e61 0291955809c14a01b6610b53e8739e61] 162.253.55.12 "GET /allocations/b364dc14-288d-4616-9a8d-bcacee535e3d" status: 200 len: 257 microversion: 1.28 [pid: 7|app: 0|req: 446/889] 162.253.55.12 () {34 vars in 862 bytes} [Wed Mar 11 21:40:28 2026] GET /allocations/b364dc14-288d-4616-9a8d-bcacee535e3d => generated 257 bytes in 13 msecs (HTTP/1.1 200) 8 headers in 296 bytes (1 switches on core 0)
2026-03-11 21:40:29.413 7 INFO placement.requestlog [None req-ffd99539-f533-4624-81fe-993b138340b8 72621c6c3b9a4e43b98639d21b4f9b1f a031cc68a68240448997cd41718229dc - - 0291955809c14a01b6610b53e8739e61 0291955809c14a01b6610b53e8739e61] 10.0.0.124 "GET /resource_providers/2143ec8f-626c-48f9-afdd-bf8fb2776be7/aggregates" status: 404 len: 235 microversion: 1.1 [pid: 7|app: 0|req: 447/890] 10.0.0.124 () {32 vars in 816 bytes} [Wed Mar 11 21:40:29 2026] GET /resource_providers/2143ec8f-626c-48f9-afdd-bf8fb2776be7/aggregates => generated 235 bytes in 8 msecs (HTTP/1.1 404) 5 headers in 202 bytes (1 switches on core 0)
2026-03-11 21:40:29.415 8 INFO placement.requestlog [None req-d3cd4157-93e1-4765-9542-cbd83f6b390d 72621c6c3b9a4e43b98639d21b4f9b1f a031cc68a68240448997cd41718229dc - - 0291955809c14a01b6610b53e8739e61 0291955809c14a01b6610b53e8739e61] 10.0.0.124 "GET /resource_providers/2143ec8f-626c-48f9-afdd-bf8fb2776be7/aggregates" status: 404 len: 235 microversion: 1.1 [pid: 8|app: 0|req: 444/891] 10.0.0.124 () {32 vars in 816 bytes} [Wed Mar 11 21:40:29 2026] GET /resource_providers/2143ec8f-626c-48f9-afdd-bf8fb2776be7/aggregates => generated 235 bytes in 11 msecs (HTTP/1.1 404) 5 headers in 202 bytes (1 switches on core 0)
2026-03-11 21:40:29.436 7 INFO placement.requestlog [None req-85212d24-12f8-4ee2-a071-c42a479d3eed 72621c6c3b9a4e43b98639d21b4f9b1f a031cc68a68240448997cd41718229dc - - 0291955809c14a01b6610b53e8739e61 0291955809c14a01b6610b53e8739e61] 10.0.0.124 "DELETE /resource_providers/2143ec8f-626c-48f9-afdd-bf8fb2776be7" status: 404 len: 246 microversion: 1.1 [pid: 7|app: 0|req: 448/892] 10.0.0.124 () {34 vars in 816 bytes} [Wed Mar 11 21:40:29 2026] DELETE /resource_providers/2143ec8f-626c-48f9-afdd-bf8fb2776be7 => generated 246 bytes in 9 msecs (HTTP/1.1 404) 6 headers in 231 bytes (1 switches on core 0)
2026-03-11 21:40:29.442 8 INFO placement.requestlog [None req-f769a6c0-d704-441f-b2ec-152e950b5ec7 72621c6c3b9a4e43b98639d21b4f9b1f a031cc68a68240448997cd41718229dc - - 0291955809c14a01b6610b53e8739e61 0291955809c14a01b6610b53e8739e61] 10.0.0.124 "DELETE /resource_providers/2143ec8f-626c-48f9-afdd-bf8fb2776be7" status: 404 len: 246 microversion: 1.1 [pid: 8|app: 0|req: 445/893] 10.0.0.124 () {34 vars in 816 bytes} [Wed Mar 11 21:40:29 2026] DELETE /resource_providers/2143ec8f-626c-48f9-afdd-bf8fb2776be7 => generated 246 bytes in 10 msecs (HTTP/1.1 404) 6 headers in 231 bytes (1 switches on core 0)
2026-03-11 21:40:33.111 7 INFO placement.requestlog [req-6e61c39b-7871-4d24-91b5-23d09e630cc3 req-19220617-d219-44ca-8d39-cec5f06207c8 034e1e1cc76f46798fd6d814a152ac23 a031cc68a68240448997cd41718229dc - - 0291955809c14a01b6610b53e8739e61 0291955809c14a01b6610b53e8739e61] 162.253.55.12 "GET /resource_providers/b5aa4813-7b95-4444-bd2c-7bb62de1527e/allocations" status: 200 len: 152 microversion: 1.0 [pid: 7|app: 0|req: 449/894] 162.253.55.12 () {32 vars in 856 bytes} [Wed Mar 11 21:40:33 2026] GET /resource_providers/b5aa4813-7b95-4444-bd2c-7bb62de1527e/allocations => generated 152 bytes in 16 msecs (HTTP/1.1 200) 6 headers in 224 bytes (1 switches on core 0)
2026-03-11 21:40:33.136 8 INFO placement.requestlog [req-6e61c39b-7871-4d24-91b5-23d09e630cc3 req-be6e2e05-d371-4dbe-a520-b24de55bf058 034e1e1cc76f46798fd6d814a152ac23 a031cc68a68240448997cd41718229dc - - 0291955809c14a01b6610b53e8739e61 0291955809c14a01b6610b53e8739e61] 162.253.55.12 "GET /resource_providers/b5aa4813-7b95-4444-bd2c-7bb62de1527e/allocations" status: 200 len: 152 microversion: 1.0 [pid: 8|app: 0|req: 446/895] 162.253.55.12 () {32 vars in 856 bytes} [Wed Mar 11 21:40:33 2026] GET /resource_providers/b5aa4813-7b95-4444-bd2c-7bb62de1527e/allocations => generated 152 bytes in 18 msecs (HTTP/1.1 200) 6 headers in 224 bytes (1 switches on core 0)
2026-03-11 21:40:33.156 7 INFO placement.requestlog [req-6e61c39b-7871-4d24-91b5-23d09e630cc3 req-1e423d61-24ba-45e1-adeb-b8f8a8d91deb 034e1e1cc76f46798fd6d814a152ac23 a031cc68a68240448997cd41718229dc - - 0291955809c14a01b6610b53e8739e61 0291955809c14a01b6610b53e8739e61] 162.253.55.12 "GET /allocations/b364dc14-288d-4616-9a8d-bcacee535e3d" status: 200 len: 257 microversion: 1.28 [pid: 7|app: 0|req: 450/896] 162.253.55.12 () {34 vars in 862 bytes} [Wed Mar 11 21:40:33 2026] GET /allocations/b364dc14-288d-4616-9a8d-bcacee535e3d => generated 257 bytes in 12 msecs (HTTP/1.1 200) 8 headers in 296 bytes (1 switches on core 0)
2026-03-11 21:40:34.357 7 INFO placement.requestlog [None req-7a512060-b609-4c53-91c3-6615aad6b15f - - - - - -] 10.0.0.84 "GET /" status: 200 len: 136 microversion: 1.0
2026-03-11 21:40:34.357 8 INFO placement.requestlog [None req-0c566daf-cf73-4d0d-a8a7-ff34431c9462 - - - - - -] 10.0.0.84 "GET /" status: 200 len: 136 microversion: 1.0
2026-03-11 21:40:42.900 8 INFO placement.requestlog [None req-4c873fbd-16c4-48b4-9ce2-ebd66906a316 72621c6c3b9a4e43b98639d21b4f9b1f a031cc68a68240448997cd41718229dc - - 0291955809c14a01b6610b53e8739e61 0291955809c14a01b6610b53e8739e61] 10.0.0.124 "GET /resource_providers/e3d62498-bf17-4e19-93db-24d9e13ee7b1/aggregates" status: 404 len: 235 microversion: 1.1 [pid: 8|app: 0|req: 448/899] 10.0.0.124 () {32 vars in 816 bytes} [Wed Mar 11 21:40:42 2026] GET /resource_providers/e3d62498-bf17-4e19-93db-24d9e13ee7b1/aggregates => generated 235 bytes in 6 msecs (HTTP/1.1 404) 5 headers in 202 bytes (1 switches on core 0)
2026-03-11 21:40:42.901 7 INFO placement.requestlog [None req-d79c0bad-0558-4241-ae69-bbc3b2103d68 72621c6c3b9a4e43b98639d21b4f9b1f a031cc68a68240448997cd41718229dc - - 0291955809c14a01b6610b53e8739e61 0291955809c14a01b6610b53e8739e61] 10.0.0.124 "GET /resource_providers/e3d62498-bf17-4e19-93db-24d9e13ee7b1/aggregates" status: 404 len: 235 microversion: 1.1 [pid: 7|app: 0|req: 452/900] 10.0.0.124 () {32 vars in 816 bytes} [Wed Mar 11 21:40:42 2026] GET /resource_providers/e3d62498-bf17-4e19-93db-24d9e13ee7b1/aggregates => generated 235 bytes in 8 msecs (HTTP/1.1 404) 5 headers in 202 bytes (1 switches on core 0)
2026-03-11 21:40:42.924 8 INFO placement.requestlog [None req-c9d5a8f4-3150-4548-812a-9f470fc14c64 72621c6c3b9a4e43b98639d21b4f9b1f a031cc68a68240448997cd41718229dc - - 0291955809c14a01b6610b53e8739e61 0291955809c14a01b6610b53e8739e61] 10.0.0.124 "DELETE /resource_providers/e3d62498-bf17-4e19-93db-24d9e13ee7b1" status: 404 len: 246 microversion: 1.1 [pid: 8|app: 0|req: 449/901] 10.0.0.124 () {34 vars in 816 bytes} [Wed Mar 11 21:40:42 2026] DELETE /resource_providers/e3d62498-bf17-4e19-93db-24d9e13ee7b1 => generated 246 bytes in 7 msecs (HTTP/1.1 404) 6 headers in 231 bytes (1 switches on core 0)
2026-03-11 21:40:42.926 7 INFO placement.requestlog [None req-ea8c174a-80d9-450b-bc21-7e7c9178d4ee 72621c6c3b9a4e43b98639d21b4f9b1f a031cc68a68240448997cd41718229dc - - 0291955809c14a01b6610b53e8739e61 0291955809c14a01b6610b53e8739e61] 10.0.0.124 "DELETE /resource_providers/e3d62498-bf17-4e19-93db-24d9e13ee7b1" status: 404 len: 246 microversion: 1.1 [pid: 7|app: 0|req: 453/902] 10.0.0.124 () {34 vars in 816 bytes} [Wed Mar 11 21:40:42 2026] DELETE /resource_providers/e3d62498-bf17-4e19-93db-24d9e13ee7b1 => generated 246 bytes in 8 msecs (HTTP/1.1 404) 6 headers in 231 bytes (1 switches on core 0)
2026-03-11 21:40:44.357 8 INFO placement.requestlog [None req-77187c77-022f-48ef-8839-919eeb266015 - - - - - -] 10.0.0.84 "GET /" status: 200 len: 136 microversion: 1.0
2026-03-11 21:40:44.358 7 INFO placement.requestlog [None req-2da460d2-6772-43da-b333-c3ded46464f3 - - - - - -] 10.0.0.84 "GET /" status: 200 len: 136 microversion: 1.0
2026-03-11 21:40:49.056 8 INFO placement.requestlog [req-650b844f-25b7-4bed-9b92-eb76e21df8df req-c78390fc-ee9c-4a00-a732-b90ec6b55e71 034e1e1cc76f46798fd6d814a152ac23 a031cc68a68240448997cd41718229dc - - 0291955809c14a01b6610b53e8739e61 0291955809c14a01b6610b53e8739e61] 10.0.0.88 "GET /allocation_candidates?limit=1000&resources=DISK_GB%3A1%2CMEMORY_MB%3A512%2CVCPU%3A1&root_required=%21COMPUTE_STATUS_DISABLED" status: 200 len: 2783 microversion: 1.36 [pid: 8|app: 0|req: 451/905] 10.0.0.88 () {34 vars in 1011 bytes} [Wed Mar 11 21:40:49 2026] GET /allocation_candidates?limit=1000&resources=DISK_GB%3A1%2CMEMORY_MB%3A512%2CVCPU%3A1&root_required=%21COMPUTE_STATUS_DISABLED => generated 2783 bytes in 42 msecs (HTTP/1.1 200) 8 headers in 297 bytes (1 switches on core 0)
2026-03-11 21:40:49.086 7 INFO placement.requestlog [req-650b844f-25b7-4bed-9b92-eb76e21df8df req-3a697a9b-f742-45c8-b5d8-8f756ffc10f4 034e1e1cc76f46798fd6d814a152ac23 a031cc68a68240448997cd41718229dc - - 0291955809c14a01b6610b53e8739e61 0291955809c14a01b6610b53e8739e61] 10.0.0.88 "GET /allocations/0cbc0c89-20cb-4306-9d0c-bca42757614e" status: 200 len: 19 microversion: 1.28 [pid: 7|app: 0|req: 455/906] 10.0.0.88 () {34 vars in 860 bytes} [Wed Mar 11 21:40:49 2026] GET /allocations/0cbc0c89-20cb-4306-9d0c-bca42757614e => generated 19 bytes in 8 msecs (HTTP/1.1 200) 8 headers in 295 bytes (1 switches on core 0)
2026-03-11 21:40:49.158 8 INFO placement.requestlog [req-650b844f-25b7-4bed-9b92-eb76e21df8df req-a575924d-618b-48ab-95da-93e90e68deaa 034e1e1cc76f46798fd6d814a152ac23 a031cc68a68240448997cd41718229dc - - 0291955809c14a01b6610b53e8739e61 0291955809c14a01b6610b53e8739e61] 10.0.0.88 "PUT /allocations/0cbc0c89-20cb-4306-9d0c-bca42757614e" status: 204 len: 0 microversion: 1.36 [pid: 8|app: 0|req: 452/907] 10.0.0.88 () {38 vars in 913 bytes} [Wed Mar 11 21:40:49 2026] PUT /allocations/0cbc0c89-20cb-4306-9d0c-bca42757614e => generated 0 bytes in 66 msecs (HTTP/1.1 204) 5 headers in 199 bytes (1 switches on core 0)
2026-03-11 21:40:49.292 7 INFO placement.requestlog [None req-d87247fa-596e-422e-a88f-c8e63938a055 72621c6c3b9a4e43b98639d21b4f9b1f a031cc68a68240448997cd41718229dc - - 0291955809c14a01b6610b53e8739e61 0291955809c14a01b6610b53e8739e61] 10.0.0.124 "GET /resource_providers/68c2ee35-a9ab-49fb-ab1c-4dfda62b7fc6/aggregates" status: 404 len: 235 microversion: 1.1 [pid: 7|app: 0|req: 456/908] 10.0.0.124 () {32 vars in 816 bytes} [Wed Mar 11 21:40:49 2026] GET /resource_providers/68c2ee35-a9ab-49fb-ab1c-4dfda62b7fc6/aggregates => generated 235 bytes in 8 msecs (HTTP/1.1 404) 5 headers in 202 bytes (1 switches on core 0)
2026-03-11 21:40:49.295 8 INFO placement.requestlog [None req-961f79ce-5092-4b10-bd6e-45f3f37b5b1b 72621c6c3b9a4e43b98639d21b4f9b1f a031cc68a68240448997cd41718229dc - - 0291955809c14a01b6610b53e8739e61 0291955809c14a01b6610b53e8739e61] 10.0.0.124 "GET /resource_providers/68c2ee35-a9ab-49fb-ab1c-4dfda62b7fc6/aggregates" status: 404 len: 235 microversion: 1.1 [pid: 8|app: 0|req: 453/909] 10.0.0.124 () {32 vars in 816 bytes} [Wed Mar 11 21:40:49 2026] GET /resource_providers/68c2ee35-a9ab-49fb-ab1c-4dfda62b7fc6/aggregates => generated 235 bytes in 7 msecs (HTTP/1.1 404) 5 headers in 202 bytes (1 switches on core 0)
2026-03-11 21:40:49.308 7 INFO placement.requestlog [None req-8ef88c74-c932-42b2-bebb-abf91b35ad0f 72621c6c3b9a4e43b98639d21b4f9b1f a031cc68a68240448997cd41718229dc - - 0291955809c14a01b6610b53e8739e61 0291955809c14a01b6610b53e8739e61] 10.0.0.124 "DELETE /resource_providers/68c2ee35-a9ab-49fb-ab1c-4dfda62b7fc6" status: 404 len: 246 microversion: 1.1 [pid: 7|app: 0|req: 457/910] 10.0.0.124 () {34 vars in 816 bytes} [Wed Mar 11 21:40:49 2026] DELETE /resource_providers/68c2ee35-a9ab-49fb-ab1c-4dfda62b7fc6 => generated 246 bytes in 7 msecs (HTTP/1.1 404) 6 headers in 231 bytes (1 switches on core 0)
2026-03-11 21:40:49.317 8 INFO placement.requestlog [None req-f8742e2f-2d69-4176-90be-2a58f4ff2aa8 72621c6c3b9a4e43b98639d21b4f9b1f a031cc68a68240448997cd41718229dc - - 0291955809c14a01b6610b53e8739e61 0291955809c14a01b6610b53e8739e61] 10.0.0.124 "DELETE /resource_providers/68c2ee35-a9ab-49fb-ab1c-4dfda62b7fc6" status: 404 len: 246 microversion: 1.1 [pid: 8|app: 0|req: 454/911] 10.0.0.124 () {34 vars in 816 bytes} [Wed Mar 11 21:40:49 2026] DELETE /resource_providers/68c2ee35-a9ab-49fb-ab1c-4dfda62b7fc6 => generated 246 bytes in 11 msecs (HTTP/1.1 404) 6 headers in 231 bytes (1 switches on core 0)
2026-03-11 21:40:50.669 7 INFO placement.requestlog [req-650b844f-25b7-4bed-9b92-eb76e21df8df req-8b138199-c606-4e95-8c2f-7d622f07afca 034e1e1cc76f46798fd6d814a152ac23 a031cc68a68240448997cd41718229dc - - 0291955809c14a01b6610b53e8739e61 0291955809c14a01b6610b53e8739e61] 162.253.55.12 "GET /allocations/0cbc0c89-20cb-4306-9d0c-bca42757614e" status: 200 len: 258 microversion: 1.28 [pid: 7|app: 0|req: 458/912] 162.253.55.12 () {34 vars in 862 bytes} [Wed Mar 11 21:40:50 2026] GET /allocations/0cbc0c89-20cb-4306-9d0c-bca42757614e => generated 258 bytes in 12 msecs (HTTP/1.1 200) 8 headers in 296 bytes (1 switches on core 0)
2026-03-11 21:40:51.710 8 INFO placement.requestlog [req-650b844f-25b7-4bed-9b92-eb76e21df8df req-405c45a6-f5f9-42fc-a0a5-df56c4daf2dd 034e1e1cc76f46798fd6d814a152ac23 a031cc68a68240448997cd41718229dc - - 0291955809c14a01b6610b53e8739e61 0291955809c14a01b6610b53e8739e61] 162.253.55.12 "GET /resource_providers/b5aa4813-7b95-4444-bd2c-7bb62de1527e/allocations" status: 200 len: 253 microversion: 1.0 [pid: 8|app: 0|req: 455/913] 162.253.55.12 () {32 vars in 856 bytes} [Wed Mar 11 21:40:51 2026] GET /resource_providers/b5aa4813-7b95-4444-bd2c-7bb62de1527e/allocations => generated 253 bytes in 15 msecs (HTTP/1.1 200) 6 headers in 224 bytes (1 switches on core 0)
2026-03-11 21:40:51.727 7 INFO placement.requestlog [req-650b844f-25b7-4bed-9b92-eb76e21df8df req-db3dc9dc-50f3-4725-ad77-9c86d53777fd 034e1e1cc76f46798fd6d814a152ac23 a031cc68a68240448997cd41718229dc - - 0291955809c14a01b6610b53e8739e61 0291955809c14a01b6610b53e8739e61] 162.253.55.12 "GET /allocations/0cbc0c89-20cb-4306-9d0c-bca42757614e" status: 200 len: 258 microversion: 1.28 [pid: 7|app: 0|req: 459/914] 162.253.55.12 () {34 vars in 862 bytes} [Wed Mar 11 21:40:51 2026] GET /allocations/0cbc0c89-20cb-4306-9d0c-bca42757614e => generated 258 bytes in 9 msecs (HTTP/1.1 200) 8 headers in 296 bytes (1 switches on core 0)
2026-03-11 21:40:51.747 8 INFO placement.requestlog [req-650b844f-25b7-4bed-9b92-eb76e21df8df req-22fd2018-deb4-4db3-813d-a8ee355ac650 034e1e1cc76f46798fd6d814a152ac23 a031cc68a68240448997cd41718229dc - - 0291955809c14a01b6610b53e8739e61 0291955809c14a01b6610b53e8739e61] 162.253.55.12 "GET /allocations/b364dc14-288d-4616-9a8d-bcacee535e3d" status: 200 len: 258 microversion: 1.28 [pid: 8|app: 0|req: 456/915] 162.253.55.12 () {34 vars in 862 bytes} [Wed Mar 11 21:40:51 2026] GET /allocations/b364dc14-288d-4616-9a8d-bcacee535e3d => generated 258 bytes in 13 msecs (HTTP/1.1 200) 8 headers in 296 bytes (1 switches on core 0)
2026-03-11 21:40:54.361 7 INFO placement.requestlog [None req-84f12fa0-4a2a-4166-a514-872458d8dd5c - - - - - -] 10.0.0.84 "GET /" status: 200 len: 136 microversion: 1.0
2026-03-11 21:40:54.363 8 INFO placement.requestlog [None req-e5a34ae7-6de9-4a91-9c7a-98d5d600c42e - - - - - -] 10.0.0.84 "GET /" status: 200 len: 136 microversion: 1.0
2026-03-11 21:41:04.357 7 INFO placement.requestlog [None req-b19fcb0b-04d2-44ff-b64c-71c45ab7fc6d - - - - - -] 10.0.0.84 "GET /" status: 200 len: 136 microversion: 1.0
2026-03-11 21:41:04.357 8 INFO placement.requestlog [None req-48411e65-a56f-4e13-8aed-ca5502022b8f - - - - - -] 10.0.0.84 "GET /" status: 200 len: 136 microversion: 1.0
2026-03-11 21:41:06.796 7 INFO placement.requestlog [req-ba063d2f-0d06-42f1-8b0f-6b13034dc184 req-400fec30-8a27-4526-b97c-c8909e1e3e86 034e1e1cc76f46798fd6d814a152ac23 a031cc68a68240448997cd41718229dc - - 0291955809c14a01b6610b53e8739e61 0291955809c14a01b6610b53e8739e61] 10.0.0.88 "GET /allocation_candidates?limit=1000&resources=DISK_GB%3A1%2CMEMORY_MB%3A512%2CVCPU%3A1&root_required=%21COMPUTE_STATUS_DISABLED" status: 200 len: 2784 microversion: 1.36 [pid: 7|app: 0|req: 462/920] 10.0.0.88 () {34 vars in 1011 bytes} [Wed Mar 11 21:41:06 2026] GET /allocation_candidates?limit=1000&resources=DISK_GB%3A1%2CMEMORY_MB%3A512%2CVCPU%3A1&root_required=%21COMPUTE_STATUS_DISABLED => generated 2784 bytes in 50 msecs (HTTP/1.1 200) 8 headers in 297 bytes (1 switches on core 0)
2026-03-11 21:41:06.821 8 INFO placement.requestlog [req-ba063d2f-0d06-42f1-8b0f-6b13034dc184 req-a565cd74-fdcf-447c-ad9e-debda253ce71 034e1e1cc76f46798fd6d814a152ac23 a031cc68a68240448997cd41718229dc - - 0291955809c14a01b6610b53e8739e61 0291955809c14a01b6610b53e8739e61] 10.0.0.88 "GET /allocations/3a791a5c-2d81-48f2-b7b3-570c1e22df1b" status: 200 len: 19 microversion: 1.28 [pid: 8|app: 0|req: 459/921] 10.0.0.88 () {34 vars in 860 bytes} [Wed Mar 11 21:41:06 2026] GET /allocations/3a791a5c-2d81-48f2-b7b3-570c1e22df1b => generated 19 bytes in 8 msecs (HTTP/1.1 200) 8 headers in 295 bytes (1 switches on core 0)
2026-03-11 21:41:06.885 7 INFO placement.requestlog [req-ba063d2f-0d06-42f1-8b0f-6b13034dc184 req-78dd9588-b314-43b5-bab4-be5571b6774a 034e1e1cc76f46798fd6d814a152ac23 a031cc68a68240448997cd41718229dc - - 0291955809c14a01b6610b53e8739e61 0291955809c14a01b6610b53e8739e61] 10.0.0.88 "PUT /allocations/3a791a5c-2d81-48f2-b7b3-570c1e22df1b" status: 204 len: 0 microversion: 1.36 [pid: 7|app: 0|req: 463/922] 10.0.0.88 () {38 vars in 913 bytes} [Wed Mar 11 21:41:06 2026] PUT /allocations/3a791a5c-2d81-48f2-b7b3-570c1e22df1b => generated 0 bytes in 58 msecs (HTTP/1.1 204) 5 headers in 199 bytes (1 switches on core 0)
2026-03-11 21:41:08.424 8 INFO placement.requestlog [req-ba063d2f-0d06-42f1-8b0f-6b13034dc184 req-02890da3-60a9-466d-bf31-f208456a1114 034e1e1cc76f46798fd6d814a152ac23 a031cc68a68240448997cd41718229dc - - 0291955809c14a01b6610b53e8739e61 0291955809c14a01b6610b53e8739e61] 162.253.55.12 "GET /allocations/3a791a5c-2d81-48f2-b7b3-570c1e22df1b" status: 200 len: 258 microversion: 1.28 [pid: 8|app: 0|req: 460/923] 162.253.55.12 () {34 vars in 862 bytes} [Wed Mar 11 21:41:08 2026] GET /allocations/3a791a5c-2d81-48f2-b7b3-570c1e22df1b => generated 258 bytes in 16 msecs (HTTP/1.1 200) 8 headers in 296 bytes (1 switches on core 0)
2026-03-11 21:41:09.471 7 INFO placement.requestlog [req-ba063d2f-0d06-42f1-8b0f-6b13034dc184 req-a9e8f58c-46ce-4fe3-a02e-187db223b9e0 034e1e1cc76f46798fd6d814a152ac23 a031cc68a68240448997cd41718229dc - - 0291955809c14a01b6610b53e8739e61 0291955809c14a01b6610b53e8739e61] 162.253.55.12 "GET /resource_providers/b5aa4813-7b95-4444-bd2c-7bb62de1527e/allocations" status: 200 len: 353 microversion: 1.0 [pid: 7|app: 0|req: 464/924] 162.253.55.12 () {32 vars in 856 bytes} [Wed Mar 11 21:41:09 2026] GET /resource_providers/b5aa4813-7b95-4444-bd2c-7bb62de1527e/allocations => generated 353 bytes in 23 msecs (HTTP/1.1 200) 6 headers in 224 bytes (1 switches on core 0)
2026-03-11 21:41:09.493 8 INFO placement.requestlog [req-ba063d2f-0d06-42f1-8b0f-6b13034dc184 req-e7f7a846-5442-46e7-ad24-72bf72e15d38 034e1e1cc76f46798fd6d814a152ac23 a031cc68a68240448997cd41718229dc - - 0291955809c14a01b6610b53e8739e61 0291955809c14a01b6610b53e8739e61] 162.253.55.12 "GET /allocations/3a791a5c-2d81-48f2-b7b3-570c1e22df1b" status: 200 len: 258 microversion: 1.28 [pid: 8|app: 0|req: 461/925] 162.253.55.12 () {34 vars in 862 bytes} [Wed Mar 11 21:41:09 2026] GET /allocations/3a791a5c-2d81-48f2-b7b3-570c1e22df1b => generated 258 bytes in 14 msecs (HTTP/1.1 200) 8 headers in 296 bytes (1 switches on core 0)
2026-03-11 21:41:09.524 7 INFO placement.requestlog [req-ba063d2f-0d06-42f1-8b0f-6b13034dc184 req-f5b282e6-ac91-4214-a384-6577a4be7082 034e1e1cc76f46798fd6d814a152ac23 a031cc68a68240448997cd41718229dc - - 0291955809c14a01b6610b53e8739e61 0291955809c14a01b6610b53e8739e61] 162.253.55.12 "GET /allocations/0cbc0c89-20cb-4306-9d0c-bca42757614e" status: 200 len: 258 microversion: 1.28 [pid: 7|app: 0|req: 465/926] 162.253.55.12 () {34 vars in 862 bytes} [Wed Mar 11 21:41:09 2026] GET /allocations/0cbc0c89-20cb-4306-9d0c-bca42757614e => generated 258 bytes in 24 msecs (HTTP/1.1 200) 8 headers in 296 bytes (1 switches on core 0)
2026-03-11 21:41:09.541 8 INFO placement.requestlog [req-ba063d2f-0d06-42f1-8b0f-6b13034dc184 req-fb273087-ca31-4544-a7ed-0ff06658e6c6 034e1e1cc76f46798fd6d814a152ac23 a031cc68a68240448997cd41718229dc - - 0291955809c14a01b6610b53e8739e61 0291955809c14a01b6610b53e8739e61] 162.253.55.12 "GET /allocations/b364dc14-288d-4616-9a8d-bcacee535e3d" status: 200 len: 258 microversion: 1.28 [pid: 8|app: 0|req: 462/927] 162.253.55.12 () {34 vars in 862 bytes} [Wed Mar 11 21:41:09 2026] GET /allocations/b364dc14-288d-4616-9a8d-bcacee535e3d => generated 258 bytes in 14 msecs (HTTP/1.1 200) 8 headers in 296 bytes (1 switches on core 0)
2026-03-11 21:41:12.233 7 INFO placement.requestlog [None req-0294bccd-9a25-41f7-b5a1-a9a651e4ee02 cd6cdcb95c1e45e4bd3ee55a9be8c33f f032f70e9fee4efcbcdc6cd60c925805 - - default default] 10.0.0.223 "GET /resource_providers" status: 200 len: 406 microversion: 1.0 [pid: 7|app: 0|req: 466/928] 10.0.0.223 () {28 vars in 593 bytes} [Wed Mar 11 21:41:12 2026] GET /resource_providers => generated 406 bytes in 180 msecs (HTTP/1.1 200) 6 headers in 224 bytes (1 switches on core 0)
