2026-03-01 22:19:36.890 10 INFO neutron.db.ovn_revision_numbers_db [None req-296fd309-bb08-4468-9a01-835856815b1b c98bc9c1d85e4983ad974cb4cf9dd46b b6357918f73b458f9e03a5667d465a0e - - default default] Successfully bumped revision number for resource ca86b237-ff01-40a5-8e24-a4ee0ef33220 (type: security_group_rules) to 0
2026-03-01 22:19:36.906 9 INFO neutron.wsgi [None req-f3302116-de17-4e2b-bce5-6fcaa29c6943 6b43c7992a6d43ddb5955059b8b24bd0 85d546e8ea6a4abba8be36dab829bbb0 - - default default] 10.0.0.58 "POST /v2.0/floatingips HTTP/1.1" status: 201 len: 1041 time: 1.0575650 /var/lib/openstack/lib/python3.10/site-packages/pycadf/identifier.py:71: UserWarning: Invalid uuid: neutron. To ensure interoperability, identifiers should be a valid uuid. warnings.warn(('Invalid uuid: %s. To ensure interoperability, '
2026-03-01 22:19:36.918 10 INFO neutron.wsgi [None req-296fd309-bb08-4468-9a01-835856815b1b c98bc9c1d85e4983ad974cb4cf9dd46b b6357918f73b458f9e03a5667d465a0e - - default default] 10.0.0.58 "GET /v2.0/security-groups?tenant_id=90c07d85c90147aab7e0c4633eef6ef9&name=default HTTP/1.1" status: 200 len: 2996 time: 0.4944074
2026-03-01 22:19:36.966 9 INFO neutron.wsgi [None req-afc15e14-c459-41bb-bdbb-ebc57226d21f 6b43c7992a6d43ddb5955059b8b24bd0 85d546e8ea6a4abba8be36dab829bbb0 - - default default] 10.0.0.58 "GET /v2.0/floatingips/e0b76d96-f883-46ef-bbcd-93054dc2e33b HTTP/1.1" status: 200 len: 1038 time: 0.0543213
2026-03-01 22:19:37.045 9 INFO neutron.wsgi [None req-822f9603-ad94-47b2-a73e-2acb9f59b133 6b43c7992a6d43ddb5955059b8b24bd0 85d546e8ea6a4abba8be36dab829bbb0 - - default default] 10.0.0.58 "GET /v2.0/floatingips HTTP/1.1" status: 200 len: 1041 time: 0.0742986
2026-03-01 22:19:37.174 10 INFO neutron.wsgi [None req-f29b70fb-dd0b-40ff-bea5-e3310ba369bd c98bc9c1d85e4983ad974cb4cf9dd46b b6357918f73b458f9e03a5667d465a0e - - default default] 10.0.0.58 "DELETE /v2.0/security-groups/0e19d070-b414-4a24-8f00-38001791af94 HTTP/1.1" status: 204 len: 168 time: 0.2482996
2026-03-01 22:19:37.321 10 INFO neutron.db.l3_db [None req-632d1271-7b4d-4a38-a108-f232b56ee397 6b43c7992a6d43ddb5955059b8b24bd0 85d546e8ea6a4abba8be36dab829bbb0 - - default default] Floating IP e0b76d96-f883-46ef-bbcd-93054dc2e33b associated. External IP: 10.96.250.211, port: 17c7c57c-5cbe-4a73-9b7b-dafc5388fecd.
2026-03-01 22:19:37.529 10 INFO neutron.db.ovn_revision_numbers_db [None req-632d1271-7b4d-4a38-a108-f232b56ee397 6b43c7992a6d43ddb5955059b8b24bd0 85d546e8ea6a4abba8be36dab829bbb0 - - default default] Successfully bumped revision number for resource e0b76d96-f883-46ef-bbcd-93054dc2e33b (type: floatingips) to 2
2026-03-01 22:19:37.643 10 INFO neutron.db.ovn_revision_numbers_db [None req-632d1271-7b4d-4a38-a108-f232b56ee397 6b43c7992a6d43ddb5955059b8b24bd0 85d546e8ea6a4abba8be36dab829bbb0 - - default default] Successfully bumped revision number for resource e0b76d96-f883-46ef-bbcd-93054dc2e33b (type: floatingips) to 2
2026-03-01 22:19:37.688 10 INFO neutron.wsgi [None req-632d1271-7b4d-4a38-a108-f232b56ee397 6b43c7992a6d43ddb5955059b8b24bd0 85d546e8ea6a4abba8be36dab829bbb0 - - default default] 10.0.0.58 "PUT /v2.0/floatingips/e0b76d96-f883-46ef-bbcd-93054dc2e33b HTTP/1.1" status: 200 len: 1037 time: 0.6356099
2026-03-01 22:19:37.825 10 INFO neutron.db.l3_db [None req-57e2d6a9-cb7c-42d8-bb30-31e19ab419c1 6b43c7992a6d43ddb5955059b8b24bd0 85d546e8ea6a4abba8be36dab829bbb0 - - default default] Floating IP e0b76d96-f883-46ef-bbcd-93054dc2e33b disassociated. External IP: 10.96.250.211, port: 5204d5f7-3e50-4f38-9e58-2e9de23b96da.
2026-03-01 22:19:37.864 10 INFO neutron.db.ovn_revision_numbers_db [None req-57e2d6a9-cb7c-42d8-bb30-31e19ab419c1 6b43c7992a6d43ddb5955059b8b24bd0 85d546e8ea6a4abba8be36dab829bbb0 - - default default] Successfully bumped revision number for resource e0b76d96-f883-46ef-bbcd-93054dc2e33b (type: floatingips) to 3
2026-03-01 22:19:37.931 10 INFO neutron.wsgi [None req-57e2d6a9-cb7c-42d8-bb30-31e19ab419c1 6b43c7992a6d43ddb5955059b8b24bd0 85d546e8ea6a4abba8be36dab829bbb0 - - default default] 10.0.0.58 "PUT /v2.0/floatingips/e0b76d96-f883-46ef-bbcd-93054dc2e33b HTTP/1.1" status: 200 len: 748 time: 0.2374713
2026-03-01 22:19:38.301 10 INFO neutron.wsgi [None req-ec8d69af-12c0-4a0a-9f9e-d0b91bf6984d 6b43c7992a6d43ddb5955059b8b24bd0 85d546e8ea6a4abba8be36dab829bbb0 - - default default] 10.0.0.58 "DELETE /v2.0/floatingips/e0b76d96-f883-46ef-bbcd-93054dc2e33b HTTP/1.1" status: 204 len: 168 time: 0.3647671
2026-03-01 22:19:38.336 10 INFO neutron.api.v2.resource [None req-71d773c0-41c5-4631-aca7-46e63b0fdea3 6b43c7992a6d43ddb5955059b8b24bd0 85d546e8ea6a4abba8be36dab829bbb0 - - default default] delete failed (client error): The resource could not be found.
2026-03-01 22:19:38.337 10 INFO neutron.wsgi [None req-71d773c0-41c5-4631-aca7-46e63b0fdea3 6b43c7992a6d43ddb5955059b8b24bd0 85d546e8ea6a4abba8be36dab829bbb0 - - default default] 10.0.0.58 "DELETE /v2.0/floatingips/e0b76d96-f883-46ef-bbcd-93054dc2e33b HTTP/1.1" status: 404 len: 345 time: 0.0311296
2026-03-01 22:19:38.703 10 INFO neutron.wsgi [None req-2c84efb3-b2b8-4e25-9bfd-1c497e9e6336 6b43c7992a6d43ddb5955059b8b24bd0 85d546e8ea6a4abba8be36dab829bbb0 - - default default] 10.0.0.58 "DELETE /v2.0/ports/5204d5f7-3e50-4f38-9e58-2e9de23b96da HTTP/1.1" status: 204 len: 168 time: 0.3588428 /var/lib/openstack/lib/python3.10/site-packages/pycadf/identifier.py:71: UserWarning: Invalid uuid: neutron. To ensure interoperability, identifiers should be a valid uuid. warnings.warn(('Invalid uuid: %s. To ensure interoperability, '
2026-03-01 22:19:39.334 10 WARNING neutron.plugins.ml2.drivers.ovn.mech_driver.ovsdb.ovn_client [None req-f8da379a-5a15-494a-963c-311b384f4b48 - - - - - -] No hosting information found for port 55a76fb1-60c4-41c2-8db6-2e613e958589: RuntimeError: No hosting information found for port 55a76fb1-60c4-41c2-8db6-2e613e958589
2026-03-01 22:19:39.334 10 INFO neutron.plugins.ml2.drivers.ovn.mech_driver.mech_driver [None req-f8da379a-5a15-494a-963c-311b384f4b48 - - - - - -] OVN reports status down for port: 95955846-f37c-488c-9ab7-6b42390b55dd
2026-03-01 22:19:39.438 9 INFO neutron.wsgi [None req-27c05432-c2e3-487d-a114-b25866500739 6b43c7992a6d43ddb5955059b8b24bd0 85d546e8ea6a4abba8be36dab829bbb0 - - default default] 10.0.0.58 "DELETE /v2.0/ports/17c7c57c-5cbe-4a73-9b7b-dafc5388fecd HTTP/1.1" status: 204 len: 168 time: 0.7296205
2026-03-01 22:19:39.519 9 INFO neutron.wsgi [None req-8f8eac86-102a-45c5-b55f-8f15b957952c 6b43c7992a6d43ddb5955059b8b24bd0 85d546e8ea6a4abba8be36dab829bbb0 - - default default] 10.0.0.58 "GET /v2.0/ports?device_id=f669a354-b3f4-452d-bbe0-4459fa83ec3c HTTP/1.1" status: 200 len: 1140 time: 0.0769820
2026-03-01 22:19:40.398 9 INFO neutron.wsgi [None req-6135b4a9-d6f2-47ca-9152-80b1c3ce2035 6b43c7992a6d43ddb5955059b8b24bd0 85d546e8ea6a4abba8be36dab829bbb0 - - default default] 10.0.0.58 "PUT /v2.0/routers/f669a354-b3f4-452d-bbe0-4459fa83ec3c/remove_router_interface HTTP/1.1" status: 200 len: 503 time: 0.8749838 /var/lib/openstack/lib/python3.10/site-packages/pycadf/identifier.py:71: UserWarning: Invalid uuid: neutron. To ensure interoperability, identifiers should be a valid uuid. warnings.warn(('Invalid uuid: %s. To ensure interoperability, '
2026-03-01 22:19:40.457 9 INFO neutron.db.ovn_revision_numbers_db [None req-c87db029-5b11-4dfc-a3ca-f07e3c637cc4 c98bc9c1d85e4983ad974cb4cf9dd46b b6357918f73b458f9e03a5667d465a0e - - default default] Successfully bumped revision number for resource f82d280c-7c9a-4e68-8bb8-054e42b6e619 (type: security_groups) to 1
2026-03-01 22:19:40.473 9 INFO neutron.db.ovn_revision_numbers_db [None req-c87db029-5b11-4dfc-a3ca-f07e3c637cc4 c98bc9c1d85e4983ad974cb4cf9dd46b b6357918f73b458f9e03a5667d465a0e - - default default] Successfully bumped revision number for resource 4950a1cc-52cc-4555-86e6-a7e7a069ffbd (type: security_group_rules) to 0
2026-03-01 22:19:40.490 9 INFO neutron.db.ovn_revision_numbers_db [None req-c87db029-5b11-4dfc-a3ca-f07e3c637cc4 c98bc9c1d85e4983ad974cb4cf9dd46b b6357918f73b458f9e03a5667d465a0e - - default default] Successfully bumped revision number for resource 6fe7e93a-a704-4f47-b438-9afceb81b61d (type: security_group_rules) to 0
2026-03-01 22:19:40.533 9 INFO neutron.db.ovn_revision_numbers_db [None req-c87db029-5b11-4dfc-a3ca-f07e3c637cc4 c98bc9c1d85e4983ad974cb4cf9dd46b b6357918f73b458f9e03a5667d465a0e - - default default] Successfully bumped revision number for resource 75236d2f-0c8b-47f1-a8a8-1a31bb925236 (type: security_group_rules) to 0
2026-03-01 22:19:40.559 9 INFO neutron.db.ovn_revision_numbers_db [None req-c87db029-5b11-4dfc-a3ca-f07e3c637cc4 c98bc9c1d85e4983ad974cb4cf9dd46b b6357918f73b458f9e03a5667d465a0e - - default default] Successfully bumped revision number for resource e593f519-288c-4a10-ae33-a67488bc2ef8 (type: security_group_rules) to 0
2026-03-01 22:19:40.596 9 INFO neutron.wsgi [None req-c87db029-5b11-4dfc-a3ca-f07e3c637cc4 c98bc9c1d85e4983ad974cb4cf9dd46b b6357918f73b458f9e03a5667d465a0e - - default default] 10.0.0.58 "GET /v2.0/security-groups?tenant_id=b99f125e33294a02974d1d30e5471bdf&name=default HTTP/1.1" status: 200 len: 2996 time: 0.5024133 /var/lib/openstack/lib/python3.10/site-packages/pycadf/identifier.py:71: UserWarning: Invalid uuid: neutron. To ensure interoperability, identifiers should be a valid uuid. warnings.warn(('Invalid uuid: %s. To ensure interoperability, '
2026-03-01 22:19:40.789 10 INFO neutron.db.ovn_revision_numbers_db [None req-b713f7c0-973c-476d-a7d9-22663d26c05a c98bc9c1d85e4983ad974cb4cf9dd46b b6357918f73b458f9e03a5667d465a0e - - default default] Successfully bumped revision number for resource 4a29d52c-e550-4995-99fe-934637fd9a21 (type: security_groups) to 1
2026-03-01 22:19:40.810 10 INFO neutron.db.ovn_revision_numbers_db [None req-b713f7c0-973c-476d-a7d9-22663d26c05a c98bc9c1d85e4983ad974cb4cf9dd46b b6357918f73b458f9e03a5667d465a0e - - default default] Successfully bumped revision number for resource 55341bcd-c98a-4c22-b09c-3cb787e8e35c (type: security_group_rules) to 0
2026-03-01 22:19:40.822 10 INFO neutron.db.ovn_revision_numbers_db [None req-b713f7c0-973c-476d-a7d9-22663d26c05a c98bc9c1d85e4983ad974cb4cf9dd46b b6357918f73b458f9e03a5667d465a0e - - default default] Successfully bumped revision number for resource 6efa5927-ed0f-4e14-a645-240fc1422812 (type: security_group_rules) to 0
2026-03-01 22:19:40.840 10 INFO neutron.db.ovn_revision_numbers_db [None req-b713f7c0-973c-476d-a7d9-22663d26c05a c98bc9c1d85e4983ad974cb4cf9dd46b b6357918f73b458f9e03a5667d465a0e - - default default] Successfully bumped revision number for resource e2814b66-8e2f-4009-b574-ea383b057572 (type: security_group_rules) to 0
2026-03-01 22:19:40.854 10 INFO neutron.wsgi [None req-96023b2c-8841-41aa-9e0e-ee47104ed513 c98bc9c1d85e4983ad974cb4cf9dd46b b6357918f73b458f9e03a5667d465a0e - - default default] 10.0.0.58 "DELETE /v2.0/security-groups/f82d280c-7c9a-4e68-8bb8-054e42b6e619 HTTP/1.1" status: 204 len: 168 time: 0.2513552
2026-03-01 22:19:40.860 10 INFO neutron.db.ovn_revision_numbers_db [None req-b713f7c0-973c-476d-a7d9-22663d26c05a c98bc9c1d85e4983ad974cb4cf9dd46b b6357918f73b458f9e03a5667d465a0e - - default default] Successfully bumped revision number for resource e8263927-f3f7-4935-a67f-8a5ac9169087 (type: security_group_rules) to 0
2026-03-01 22:19:40.883 10 INFO neutron.wsgi [None req-b713f7c0-973c-476d-a7d9-22663d26c05a c98bc9c1d85e4983ad974cb4cf9dd46b b6357918f73b458f9e03a5667d465a0e - - default default] 10.0.0.58 "GET /v2.0/security-groups?tenant_id=dd0e749a570843d2afdde6099c71be21&name=default HTTP/1.1" status: 200 len: 2996 time: 0.2974548
2026-03-01 22:19:41.101 10 INFO neutron.wsgi [req-f730678c-2cc1-4a25-bc3f-559a631b10c7 req-df3bf4c4-9ff7-41be-baeb-117ca246de34 2b0eee7b5bc54b3b85c9d6ee7ef3baec 1feb78d0d7a440eb82b4ebfd87990c1c - - d91a2fb99e694998a3b70867b3c67f90 d91a2fb99e694998a3b70867b3c67f90] 10.0.0.149 "GET /v2.0/ports?device_id=f7f7fadd-a612-4df5-b67c-79c2690ffde0 HTTP/1.1" status: 200 len: 1409 time: 0.2106240
2026-03-01 22:19:41.182 10 INFO neutron.wsgi [req-f730678c-2cc1-4a25-bc3f-559a631b10c7 req-6a197f16-e919-4c19-878c-e1244b936c85 2b0eee7b5bc54b3b85c9d6ee7ef3baec 1feb78d0d7a440eb82b4ebfd87990c1c - - d91a2fb99e694998a3b70867b3c67f90 d91a2fb99e694998a3b70867b3c67f90] 10.0.0.149 "GET /v2.0/security-groups?id=1c2f16fb-0dc4-4e89-9bf8-3c01fa71bf14&fields=id&fields=name HTTP/1.1" status: 200 len: 313 time: 0.0701687
2026-03-01 22:19:41.201 10 INFO neutron.db.ovn_revision_numbers_db [None req-1330bde3-5ac8-4356-9bbb-dfe8c24c8e99 c98bc9c1d85e4983ad974cb4cf9dd46b b6357918f73b458f9e03a5667d465a0e - - default default] Successfully bumped revision number for resource 831eb77c-e99f-410e-b560-45eee27a4abe (type: security_groups) to 1
2026-03-01 22:19:41.216 10 INFO neutron.db.ovn_revision_numbers_db [None req-1330bde3-5ac8-4356-9bbb-dfe8c24c8e99 c98bc9c1d85e4983ad974cb4cf9dd46b b6357918f73b458f9e03a5667d465a0e - - default default] Successfully bumped revision number for resource 1b708036-c8d3-4296-ac30-c24d64e118b6 (type: security_group_rules) to 0
2026-03-01 22:19:41.233 10 INFO neutron.db.ovn_revision_numbers_db [None req-1330bde3-5ac8-4356-9bbb-dfe8c24c8e99 c98bc9c1d85e4983ad974cb4cf9dd46b b6357918f73b458f9e03a5667d465a0e - - default default] Successfully bumped revision number for resource 9543849b-6cba-4ec3-9111-15fd7a7cd92b (type: security_group_rules) to 0
2026-03-01 22:19:41.249 10 INFO neutron.wsgi [None req-25022462-d995-417d-93be-469a9f6f0379 c98bc9c1d85e4983ad974cb4cf9dd46b b6357918f73b458f9e03a5667d465a0e - - default default] 10.0.0.58 "DELETE /v2.0/security-groups/4a29d52c-e550-4995-99fe-934637fd9a21 HTTP/1.1" status: 204 len: 168 time: 0.3558819
2026-03-01 22:19:41.251 10 INFO neutron.db.ovn_revision_numbers_db [None req-1330bde3-5ac8-4356-9bbb-dfe8c24c8e99 c98bc9c1d85e4983ad974cb4cf9dd46b b6357918f73b458f9e03a5667d465a0e - - default default] Successfully bumped revision number for resource a8021e94-aea2-4aad-8be8-e6ce6734f79d (type: security_group_rules) to 0
2026-03-01 22:19:41.272 10 INFO neutron.db.ovn_revision_numbers_db [None req-1330bde3-5ac8-4356-9bbb-dfe8c24c8e99 c98bc9c1d85e4983ad974cb4cf9dd46b b6357918f73b458f9e03a5667d465a0e - - default default] Successfully bumped revision number for resource aca4785d-ec3c-40d0-b435-d0943fcc0999 (type: security_group_rules) to 0
2026-03-01 22:19:41.298 10 INFO neutron.wsgi [None req-1330bde3-5ac8-4356-9bbb-dfe8c24c8e99 c98bc9c1d85e4983ad974cb4cf9dd46b b6357918f73b458f9e03a5667d465a0e - - default default] 10.0.0.58 "GET /v2.0/security-groups?tenant_id=954bfb85721445bb9bea773f7f491ba5&name=default HTTP/1.1" status: 200 len: 2996 time: 0.3338373
2026-03-01 22:19:41.332 9 INFO neutron.wsgi [None req-31b5f888-84e4-4c8e-bd2d-b3b24617386e 6b43c7992a6d43ddb5955059b8b24bd0 85d546e8ea6a4abba8be36dab829bbb0 - - default default] 10.0.0.58 "DELETE /v2.0/routers/f669a354-b3f4-452d-bbe0-4459fa83ec3c HTTP/1.1" status: 204 len: 168 time: 0.9265890
2026-03-01 22:19:41.493 10 INFO neutron.wsgi [None req-a941c485-c141-4412-a2f6-44e88a96e36d c98bc9c1d85e4983ad974cb4cf9dd46b b6357918f73b458f9e03a5667d465a0e - - default default] 10.0.0.58 "DELETE /v2.0/security-groups/831eb77c-e99f-410e-b560-45eee27a4abe HTTP/1.1" status: 204 len: 168 time: 0.1903265
2026-03-01 22:19:41.533 9 INFO neutron.wsgi [None req-36571c36-04ff-4ed7-96cf-c0f17533119e 6b43c7992a6d43ddb5955059b8b24bd0 85d546e8ea6a4abba8be36dab829bbb0 - - default default] 10.0.0.58 "DELETE /v2.0/subnets/94dbc4bc-dd5d-434d-b8a8-606461e070d6 HTTP/1.1" status: 204 len: 168 time: 0.1957252
2026-03-01 22:19:41.872 9 INFO neutron.services.segments.plugin [-] Segment 2c26e0a4-9819-4439-b689-1b1cdd70b5a3 resource provider aggregate not found
2026-03-01 22:19:41.877 9 INFO neutron.services.segments.plugin [-] Segment 2c26e0a4-9819-4439-b689-1b1cdd70b5a3 resource provider aggregate not found
2026-03-01 22:19:41.893 9 INFO neutron.services.segments.plugin [-] Segment 2c26e0a4-9819-4439-b689-1b1cdd70b5a3 resource provider not found; error: Placement Client Error (4xx): {"errors": [{"status": 404, "title": "Not Found", "detail": "The resource could not be found.\n\n No resource provider with uuid 2c26e0a4-9819-4439-b689-1b1cdd70b5a3 found for delete ", "request_id": "req-6d159683-ca13-4b13-a7d2-81eb4c1bb1e3"}]}
2026-03-01 22:19:41.897 9 INFO neutron.services.segments.plugin [-] Segment 2c26e0a4-9819-4439-b689-1b1cdd70b5a3 resource provider not found; error: Placement Client Error (4xx): {"errors": [{"status": 404, "title": "Not Found", "detail": "The resource could not be found.\n\n No resource provider with uuid 2c26e0a4-9819-4439-b689-1b1cdd70b5a3 found for delete ", "request_id": "req-9ceaff3b-620c-48a4-9ce8-7cc245aabf00"}]}
2026-03-01 22:19:41.918 9 INFO neutron.wsgi [None req-db49233c-80ea-4a53-b272-dda76e5d3df7 6b43c7992a6d43ddb5955059b8b24bd0 85d546e8ea6a4abba8be36dab829bbb0 - - default default] 10.0.0.58 "DELETE /v2.0/networks/c5bb9b54-d401-488b-adb2-b9b37bcdb6b5 HTTP/1.1" status: 204 len: 168 time: 0.3802958
2026-03-01 22:19:42.662 9 INFO neutron.wsgi [None req-436fc913-13af-4b59-a117-ca7bcf8313d5 c98bc9c1d85e4983ad974cb4cf9dd46b b6357918f73b458f9e03a5667d465a0e - - default default] 10.0.0.58 "GET /v2.0/security-groups?tenant_id=85d546e8ea6a4abba8be36dab829bbb0&name=default HTTP/1.1" status: 200 len: 2996 time: 0.1660635
2026-03-01 22:19:42.896 9 INFO neutron.wsgi [None req-8821b47e-6af2-4124-8316-cf6e05b5551c c98bc9c1d85e4983ad974cb4cf9dd46b b6357918f73b458f9e03a5667d465a0e - - default default] 10.0.0.58 "DELETE /v2.0/security-groups/e66c4f95-cb71-48db-aa58-a0984b6f5b33 HTTP/1.1" status: 204 len: 168 time: 0.2300239
2026-03-01 22:19:44.996 9 WARNING neutron_lib.context [None req-757e1531-6b30-407e-a85e-07c426f99fc3 41fd2c6dc1914670a2c5782becd1f0ae 2c0f68fbc99044f194d9d8f10050318f - - default default] Method 'is_advsvc' is deprecated since 2023.2 release (neutron-lib 3.8.0) and will be removed once support for the old RBAC API policies will be removed from Neutron. Please use method 'is_service_role' instead.
2026-03-01 22:19:45.150 9 INFO neutron.db.ovn_revision_numbers_db [None req-757e1531-6b30-407e-a85e-07c426f99fc3 41fd2c6dc1914670a2c5782becd1f0ae 2c0f68fbc99044f194d9d8f10050318f - - default default] Successfully bumped revision number for resource a5f400eb-023b-447c-b1fd-75181eed1cd4 (type: security_groups) to 1
2026-03-01 22:19:45.163 9 INFO neutron.db.ovn_revision_numbers_db [None req-757e1531-6b30-407e-a85e-07c426f99fc3 41fd2c6dc1914670a2c5782becd1f0ae 2c0f68fbc99044f194d9d8f10050318f - - default default] Successfully bumped revision number for resource 2270322d-9bdb-41a0-a584-b057c3d0e680 (type: security_group_rules) to 0
2026-03-01 22:19:45.176 9 INFO neutron.db.ovn_revision_numbers_db [None req-757e1531-6b30-407e-a85e-07c426f99fc3 41fd2c6dc1914670a2c5782becd1f0ae 2c0f68fbc99044f194d9d8f10050318f - - default default] Successfully bumped revision number for resource 55a1453b-9772-472c-8333-6ba88c45859e (type: security_group_rules) to 0
2026-03-01 22:19:45.195 9 INFO neutron.db.ovn_revision_numbers_db [None req-757e1531-6b30-407e-a85e-07c426f99fc3 41fd2c6dc1914670a2c5782becd1f0ae 2c0f68fbc99044f194d9d8f10050318f - - default default] Successfully bumped revision number for resource 612ad385-543b-44d2-8c12-9218c1c17986 (type: security_group_rules) to 0
2026-03-01 22:19:45.211 9 INFO neutron.db.ovn_revision_numbers_db [None req-757e1531-6b30-407e-a85e-07c426f99fc3 41fd2c6dc1914670a2c5782becd1f0ae 2c0f68fbc99044f194d9d8f10050318f - - default default] Successfully bumped revision number for resource e843e9f2-4aab-404b-9ce7-bc0ee9d0e98a (type: security_group_rules) to 0
2026-03-01 22:19:45.266 9 INFO neutron.db.segments_db [None req-757e1531-6b30-407e-a85e-07c426f99fc3 41fd2c6dc1914670a2c5782becd1f0ae 2c0f68fbc99044f194d9d8f10050318f - - default default] Added segment 0b6adfdd-a534-486b-a210-a4a2c4ac1d91 of type geneve for network 46d2305d-45c8-4536-98df-631bf1f9db84
2026-03-01 22:19:45.435 9 INFO neutron.db.ovn_revision_numbers_db [None req-757e1531-6b30-407e-a85e-07c426f99fc3 41fd2c6dc1914670a2c5782becd1f0ae 2c0f68fbc99044f194d9d8f10050318f - - default default] Successfully bumped revision number for resource 46d2305d-45c8-4536-98df-631bf1f9db84 (type: networks) to 1
2026-03-01 22:19:45.528 10 INFO neutron.db.ovn_revision_numbers_db [None req-dbe6b2a9-1078-4414-9b7b-a44233885dc9 c98bc9c1d85e4983ad974cb4cf9dd46b b6357918f73b458f9e03a5667d465a0e - - default default] Successfully bumped revision number for resource 84ceda69-b2db-472d-b58b-d8458abc32b9 (type: security_groups) to 1
2026-03-01 22:19:45.544 10 INFO neutron.db.ovn_revision_numbers_db [None req-dbe6b2a9-1078-4414-9b7b-a44233885dc9 c98bc9c1d85e4983ad974cb4cf9dd46b b6357918f73b458f9e03a5667d465a0e - - default default] Successfully bumped revision number for resource 22bc2154-f0f6-4a6f-9a32-dd4d06f199ae (type: security_group_rules) to 0
2026-03-01 22:19:45.561 10 INFO neutron.db.ovn_revision_numbers_db [None req-dbe6b2a9-1078-4414-9b7b-a44233885dc9 c98bc9c1d85e4983ad974cb4cf9dd46b b6357918f73b458f9e03a5667d465a0e - - default default] Successfully bumped revision number for resource 2405d885-2d14-4738-8867-a925d6aead95 (type: security_group_rules) to 0
2026-03-01 22:19:45.576 10 INFO neutron.db.ovn_revision_numbers_db [None req-dbe6b2a9-1078-4414-9b7b-a44233885dc9 c98bc9c1d85e4983ad974cb4cf9dd46b b6357918f73b458f9e03a5667d465a0e - - default default] Successfully bumped revision number for resource 2c1cef07-87ab-4a02-b53f-213e2d9f5e4e (type: security_group_rules) to 0
2026-03-01 22:19:45.590 10 INFO neutron.db.ovn_revision_numbers_db [None req-dbe6b2a9-1078-4414-9b7b-a44233885dc9 c98bc9c1d85e4983ad974cb4cf9dd46b b6357918f73b458f9e03a5667d465a0e - - default default] Successfully bumped revision number for resource 4cc83fc5-666e-4220-972a-0af27ada3146 (type: security_group_rules) to 0
2026-03-01 22:19:45.613 10 INFO neutron.wsgi [None req-dbe6b2a9-1078-4414-9b7b-a44233885dc9 c98bc9c1d85e4983ad974cb4cf9dd46b b6357918f73b458f9e03a5667d465a0e - - default default] 10.0.0.58 "GET /v2.0/security-groups?tenant_id=c938b9abfcb94d67af68735b533ab1e8&name=default HTTP/1.1" status: 200 len: 2996 time: 0.4876244
2026-03-01 22:19:45.623 9 WARNING neutron.scheduler.dhcp_agent_scheduler [None req-757e1531-6b30-407e-a85e-07c426f99fc3 41fd2c6dc1914670a2c5782becd1f0ae 2c0f68fbc99044f194d9d8f10050318f - - default default] No more DHCP agents
2026-03-01 22:19:45.625 9 WARNING neutron.api.rpc.agentnotifiers.dhcp_rpc_agent_api [None req-757e1531-6b30-407e-a85e-07c426f99fc3 41fd2c6dc1914670a2c5782becd1f0ae 2c0f68fbc99044f194d9d8f10050318f - - default default] Unable to schedule network 46d2305d-45c8-4536-98df-631bf1f9db84: no agents available; will retry on subsequent port and subnet creation events.
2026-03-01 22:19:45.712 9 INFO neutron.db.ovn_revision_numbers_db [None req-757e1531-6b30-407e-a85e-07c426f99fc3 41fd2c6dc1914670a2c5782becd1f0ae 2c0f68fbc99044f194d9d8f10050318f - - default default] Successfully bumped revision number for resource 3f821cfe-b190-4ecb-acc2-2895719228e0 (type: ports) to 1
2026-03-01 22:19:45.736 9 INFO neutron.wsgi [None req-757e1531-6b30-407e-a85e-07c426f99fc3 41fd2c6dc1914670a2c5782becd1f0ae 2c0f68fbc99044f194d9d8f10050318f - - default default] 10.0.0.58 "POST /v2.0/networks HTTP/1.1" status: 201 len: 848 time: 0.9795108
2026-03-01 22:19:45.751 9 WARNING neutron_lib.context [None req-1111ee3c-17eb-4884-8610-e00f5e8abd7a 41fd2c6dc1914670a2c5782becd1f0ae 2c0f68fbc99044f194d9d8f10050318f - - default default] Method 'is_advsvc' is deprecated since 2023.2 release (neutron-lib 3.8.0) and will be removed once support for the old RBAC API policies will be removed from Neutron. Please use method 'is_service_role' instead.
2026-03-01 22:19:45.835 10 INFO neutron.wsgi [None req-ffb3383c-01c6-474a-9eaa-39ea82d1f013 c98bc9c1d85e4983ad974cb4cf9dd46b b6357918f73b458f9e03a5667d465a0e - - default default] 10.0.0.58 "DELETE /v2.0/security-groups/84ceda69-b2db-472d-b58b-d8458abc32b9 HTTP/1.1" status: 204 len: 168 time: 0.2145405
2026-03-01 22:19:45.905 10 WARNING neutron_lib.context [None req-2a4ae3dd-e6fd-4e2e-bdbf-6b545850a760 984dcd9a3deb47649ac2e668e433560a ca62dfb977c443d79618f38ed6ad292f - - default default] Method 'is_advsvc' is deprecated since 2023.2 release (neutron-lib 3.8.0) and will be removed once support for the old RBAC API policies will be removed from Neutron. Please use method 'is_service_role' instead.
2026-03-01 22:19:46.023 9 WARNING neutron.scheduler.dhcp_agent_scheduler [None req-1111ee3c-17eb-4884-8610-e00f5e8abd7a 41fd2c6dc1914670a2c5782becd1f0ae 2c0f68fbc99044f194d9d8f10050318f - - default default] No more DHCP agents
2026-03-01 22:19:46.025 9 WARNING neutron.api.rpc.agentnotifiers.dhcp_rpc_agent_api [None req-1111ee3c-17eb-4884-8610-e00f5e8abd7a 41fd2c6dc1914670a2c5782becd1f0ae 2c0f68fbc99044f194d9d8f10050318f - - default default] Unable to schedule network 46d2305d-45c8-4536-98df-631bf1f9db84: no agents available; will retry on subsequent port and subnet creation events.
2026-03-01 22:19:46.038 10 INFO neutron.db.ovn_revision_numbers_db [None req-2a4ae3dd-e6fd-4e2e-bdbf-6b545850a760 984dcd9a3deb47649ac2e668e433560a ca62dfb977c443d79618f38ed6ad292f - - default default] Successfully bumped revision number for resource a7e1d16a-6780-4e9c-8e2b-c47c364f88f9 (type: security_groups) to 1
2026-03-01 22:19:46.051 10 INFO neutron.db.ovn_revision_numbers_db [None req-2a4ae3dd-e6fd-4e2e-bdbf-6b545850a760 984dcd9a3deb47649ac2e668e433560a ca62dfb977c443d79618f38ed6ad292f - - default default] Successfully bumped revision number for resource 100dcbd2-40ec-49a0-8f69-96e6f7666ce6 (type: security_group_rules) to 0
2026-03-01 22:19:46.064 10 INFO neutron.db.ovn_revision_numbers_db [None req-2a4ae3dd-e6fd-4e2e-bdbf-6b545850a760 984dcd9a3deb47649ac2e668e433560a ca62dfb977c443d79618f38ed6ad292f - - default default] Successfully bumped revision number for resource 153d6afd-d42b-4bd1-a554-a5a95a9ae7c5 (type: security_group_rules) to 0
2026-03-01 22:19:46.080 10 INFO neutron.db.ovn_revision_numbers_db [None req-2a4ae3dd-e6fd-4e2e-bdbf-6b545850a760 984dcd9a3deb47649ac2e668e433560a ca62dfb977c443d79618f38ed6ad292f - - default default] Successfully bumped revision number for resource 28eaba05-479e-4976-97b1-fb50e2672d8f (type: security_group_rules) to 0
2026-03-01 22:19:46.093 10 INFO neutron.db.ovn_revision_numbers_db [None req-2a4ae3dd-e6fd-4e2e-bdbf-6b545850a760 984dcd9a3deb47649ac2e668e433560a ca62dfb977c443d79618f38ed6ad292f - - default default] Successfully bumped revision number for resource daa0a1eb-1cb2-43a9-a1c3-6d4426b2a88f (type: security_group_rules) to 0
2026-03-01 22:19:46.120 9 INFO neutron.db.ovn_revision_numbers_db [None req-1111ee3c-17eb-4884-8610-e00f5e8abd7a 41fd2c6dc1914670a2c5782becd1f0ae 2c0f68fbc99044f194d9d8f10050318f - - default default] Successfully bumped revision number for resource 2a7d668a-d415-411b-add7-005ba9c0f545 (type: ports) to 1
2026-03-01 22:19:46.147 9 INFO neutron.wsgi [None req-1111ee3c-17eb-4884-8610-e00f5e8abd7a 41fd2c6dc1914670a2c5782becd1f0ae 2c0f68fbc99044f194d9d8f10050318f - - default default] 10.0.0.58 "POST /v2.0/ports HTTP/1.1" status: 201 len: 977 time: 0.4010363 /var/lib/openstack/lib/python3.10/site-packages/pycadf/identifier.py:71: UserWarning: Invalid uuid: neutron. To ensure interoperability, identifiers should be a valid uuid. warnings.warn(('Invalid uuid: %s. To ensure interoperability, '
2026-03-01 22:19:46.157 10 INFO neutron.db.segments_db [None req-2a4ae3dd-e6fd-4e2e-bdbf-6b545850a760 984dcd9a3deb47649ac2e668e433560a ca62dfb977c443d79618f38ed6ad292f - - default default] Added segment 71ac782e-a3bf-4346-a100-32a5ee52c9bc of type geneve for network 25d28e50-f38b-476a-83ba-847f9ce29054
2026-03-01 22:19:46.158 9 WARNING neutron_lib.context [None req-85a4c16a-2faf-4cd2-8548-9d7d3d6daaa1 41fd2c6dc1914670a2c5782becd1f0ae 2c0f68fbc99044f194d9d8f10050318f - - default default] Method 'is_advsvc' is deprecated since 2023.2 release (neutron-lib 3.8.0) and will be removed once support for the old RBAC API policies will be removed from Neutron. Please use method 'is_service_role' instead.
2026-03-01 22:19:46.239 9 INFO neutron.db.segments_db [None req-85a4c16a-2faf-4cd2-8548-9d7d3d6daaa1 41fd2c6dc1914670a2c5782becd1f0ae 2c0f68fbc99044f194d9d8f10050318f - - default default] Added segment c9376151-d571-402b-b929-b52305362d08 of type geneve for network 928cbf42-8412-41e6-a40d-61db437eb616
2026-03-01 22:19:46.284 10 INFO neutron.db.ovn_revision_numbers_db [None req-2a4ae3dd-e6fd-4e2e-bdbf-6b545850a760 984dcd9a3deb47649ac2e668e433560a ca62dfb977c443d79618f38ed6ad292f - - default default] Successfully bumped revision number for resource 25d28e50-f38b-476a-83ba-847f9ce29054 (type: networks) to 1
2026-03-01 22:19:46.385 9 INFO neutron.db.ovn_revision_numbers_db [None req-85a4c16a-2faf-4cd2-8548-9d7d3d6daaa1 41fd2c6dc1914670a2c5782becd1f0ae 2c0f68fbc99044f194d9d8f10050318f - - default default] Successfully bumped revision number for resource 928cbf42-8412-41e6-a40d-61db437eb616 (type: networks) to 1
2026-03-01 22:19:46.785 10 WARNING neutron.scheduler.dhcp_agent_scheduler [None req-2a4ae3dd-e6fd-4e2e-bdbf-6b545850a760 984dcd9a3deb47649ac2e668e433560a ca62dfb977c443d79618f38ed6ad292f - - default default] No more DHCP agents
2026-03-01 22:19:46.787 10 WARNING neutron.api.rpc.agentnotifiers.dhcp_rpc_agent_api [None req-2a4ae3dd-e6fd-4e2e-bdbf-6b545850a760 984dcd9a3deb47649ac2e668e433560a ca62dfb977c443d79618f38ed6ad292f - - default default] Unable to schedule network 25d28e50-f38b-476a-83ba-847f9ce29054: no agents available; will retry on subsequent port and subnet creation events.
2026-03-01 22:19:46.882 10 INFO neutron.db.ovn_revision_numbers_db [None req-2a4ae3dd-e6fd-4e2e-bdbf-6b545850a760 984dcd9a3deb47649ac2e668e433560a ca62dfb977c443d79618f38ed6ad292f - - default default] Successfully bumped revision number for resource 574e498c-34d2-4d49-ab2f-cccc2548f16d (type: ports) to 1
2026-03-01 22:19:46.903 10 INFO neutron.wsgi [None req-2a4ae3dd-e6fd-4e2e-bdbf-6b545850a760 984dcd9a3deb47649ac2e668e433560a ca62dfb977c443d79618f38ed6ad292f - - default default] 10.0.0.58 "POST /v2.0/networks HTTP/1.1" status: 201 len: 829 time: 1.0346694
2026-03-01 22:19:46.914 10 WARNING neutron_lib.context [None req-6419706d-87ae-41a4-8661-a400615433f4 984dcd9a3deb47649ac2e668e433560a ca62dfb977c443d79618f38ed6ad292f - - default default] Method 'is_advsvc' is deprecated since 2023.2 release (neutron-lib 3.8.0) and will be removed once support for the old RBAC API policies will be removed from Neutron. Please use method 'is_service_role' instead.
2026-03-01 22:19:47.038 9 WARNING neutron.scheduler.dhcp_agent_scheduler [None req-85a4c16a-2faf-4cd2-8548-9d7d3d6daaa1 41fd2c6dc1914670a2c5782becd1f0ae 2c0f68fbc99044f194d9d8f10050318f - - default default] No more DHCP agents
2026-03-01 22:19:47.041 9 WARNING neutron.api.rpc.agentnotifiers.dhcp_rpc_agent_api [None req-85a4c16a-2faf-4cd2-8548-9d7d3d6daaa1 41fd2c6dc1914670a2c5782becd1f0ae 2c0f68fbc99044f194d9d8f10050318f - - default default] Unable to schedule network 928cbf42-8412-41e6-a40d-61db437eb616: no agents available; will retry on subsequent port and subnet creation events.
2026-03-01 22:19:47.147 9 INFO neutron.db.ovn_revision_numbers_db [None req-85a4c16a-2faf-4cd2-8548-9d7d3d6daaa1 41fd2c6dc1914670a2c5782becd1f0ae 2c0f68fbc99044f194d9d8f10050318f - - default default] Successfully bumped revision number for resource 4e7001e7-03b9-4bde-8dfe-de2b1c40dddc (type: ports) to 1
2026-03-01 22:19:47.173 9 INFO neutron.wsgi [None req-85a4c16a-2faf-4cd2-8548-9d7d3d6daaa1 41fd2c6dc1914670a2c5782becd1f0ae 2c0f68fbc99044f194d9d8f10050318f - - default default] 10.0.0.58 "POST /v2.0/networks HTTP/1.1" status: 201 len: 834 time: 1.0199494
2026-03-01 22:19:47.187 9 WARNING neutron_lib.context [None req-0d9512c1-ec31-4657-9686-8713eeed0693 41fd2c6dc1914670a2c5782becd1f0ae 2c0f68fbc99044f194d9d8f10050318f - - default default] Method 'is_advsvc' is deprecated since 2023.2 release (neutron-lib 3.8.0) and will be removed once support for the old RBAC API policies will be removed from Neutron. Please use method 'is_service_role' instead.
2026-03-01 22:19:47.188 10 WARNING neutron.scheduler.dhcp_agent_scheduler [None req-6419706d-87ae-41a4-8661-a400615433f4 984dcd9a3deb47649ac2e668e433560a ca62dfb977c443d79618f38ed6ad292f - - default default] No more DHCP agents
2026-03-01 22:19:47.195 10 WARNING neutron.api.rpc.agentnotifiers.dhcp_rpc_agent_api [None req-6419706d-87ae-41a4-8661-a400615433f4 984dcd9a3deb47649ac2e668e433560a ca62dfb977c443d79618f38ed6ad292f - - default default] Unable to schedule network 25d28e50-f38b-476a-83ba-847f9ce29054: no agents available; will retry on subsequent port and subnet creation events.
2026-03-01 22:19:47.309 10 INFO neutron.db.ovn_revision_numbers_db [None req-6419706d-87ae-41a4-8661-a400615433f4 984dcd9a3deb47649ac2e668e433560a ca62dfb977c443d79618f38ed6ad292f - - default default] Successfully bumped revision number for resource af26ba3f-04c4-4c49-9e33-18e97703ce7f (type: ports) to 1
2026-03-01 22:19:47.334 10 INFO neutron.wsgi [None req-6419706d-87ae-41a4-8661-a400615433f4 984dcd9a3deb47649ac2e668e433560a ca62dfb977c443d79618f38ed6ad292f - - default default] 10.0.0.58 "POST /v2.0/ports HTTP/1.1" status: 201 len: 942 time: 0.4250491 /var/lib/openstack/lib/python3.10/site-packages/pycadf/identifier.py:71: UserWarning: Invalid uuid: neutron. To ensure interoperability, identifiers should be a valid uuid. warnings.warn(('Invalid uuid: %s. To ensure interoperability, '
2026-03-01 22:19:47.345 10 WARNING neutron_lib.context [None req-d7a6cfbc-5b83-4406-9436-861dbe017aec 984dcd9a3deb47649ac2e668e433560a ca62dfb977c443d79618f38ed6ad292f - - default default] Method 'is_advsvc' is deprecated since 2023.2 release (neutron-lib 3.8.0) and will be removed once support for the old RBAC API policies will be removed from Neutron. Please use method 'is_service_role' instead.
2026-03-01 22:19:47.414 10 INFO neutron.db.segments_db [None req-d7a6cfbc-5b83-4406-9436-861dbe017aec 984dcd9a3deb47649ac2e668e433560a ca62dfb977c443d79618f38ed6ad292f - - default default] Added segment faefa2d5-460b-4131-8776-b6ad2e7053b6 of type geneve for network b7930dc1-b859-4bd0-80f5-78928329765b
2026-03-01 22:19:47.460 9 WARNING neutron.scheduler.dhcp_agent_scheduler [None req-0d9512c1-ec31-4657-9686-8713eeed0693 41fd2c6dc1914670a2c5782becd1f0ae 2c0f68fbc99044f194d9d8f10050318f - - default default] No more DHCP agents
2026-03-01 22:19:47.463 9 WARNING neutron.api.rpc.agentnotifiers.dhcp_rpc_agent_api [None req-0d9512c1-ec31-4657-9686-8713eeed0693 41fd2c6dc1914670a2c5782becd1f0ae 2c0f68fbc99044f194d9d8f10050318f - - default default] Unable to schedule network 928cbf42-8412-41e6-a40d-61db437eb616: no agents available; will retry on subsequent port and subnet creation events.
2026-03-01 22:19:47.492 9 INFO neutron.db.ovn_revision_numbers_db [None req-0d9512c1-ec31-4657-9686-8713eeed0693 41fd2c6dc1914670a2c5782becd1f0ae 2c0f68fbc99044f194d9d8f10050318f - - default default] Successfully bumped revision number for resource 0e605c82-9386-4e95-b7ba-213cb3ce6523 (type: subnets) to 0
2026-03-01 22:19:47.518 9 INFO neutron.wsgi [None req-0d9512c1-ec31-4657-9686-8713eeed0693 41fd2c6dc1914670a2c5782becd1f0ae 2c0f68fbc99044f194d9d8f10050318f - - default default] 10.0.0.58 "POST /v2.0/subnets HTTP/1.1" status: 201 len: 821 time: 0.3368680
2026-03-01 22:19:47.528 9 WARNING neutron_lib.context [None req-806e90b7-d7be-4c44-9dd6-ccdcc29085b2 41fd2c6dc1914670a2c5782becd1f0ae 2c0f68fbc99044f194d9d8f10050318f - - default default] Method 'is_advsvc' is deprecated since 2023.2 release (neutron-lib 3.8.0) and will be removed once support for the old RBAC API policies will be removed from Neutron. Please use method 'is_service_role' instead.
2026-03-01 22:19:47.552 10 INFO neutron.db.ovn_revision_numbers_db [None req-d7a6cfbc-5b83-4406-9436-861dbe017aec 984dcd9a3deb47649ac2e668e433560a ca62dfb977c443d79618f38ed6ad292f - - default default] Successfully bumped revision number for resource b7930dc1-b859-4bd0-80f5-78928329765b (type: networks) to 1
2026-03-01 22:19:47.730 10 WARNING neutron.scheduler.dhcp_agent_scheduler [None req-d7a6cfbc-5b83-4406-9436-861dbe017aec 984dcd9a3deb47649ac2e668e433560a ca62dfb977c443d79618f38ed6ad292f - - default default] No more DHCP agents
2026-03-01 22:19:47.732 10 WARNING neutron.api.rpc.agentnotifiers.dhcp_rpc_agent_api [None req-d7a6cfbc-5b83-4406-9436-861dbe017aec 984dcd9a3deb47649ac2e668e433560a ca62dfb977c443d79618f38ed6ad292f - - default default] Unable to schedule network b7930dc1-b859-4bd0-80f5-78928329765b: no agents available; will retry on subsequent port and subnet creation events.
2026-03-01 22:19:47.818 10 INFO neutron.db.ovn_revision_numbers_db [None req-d7a6cfbc-5b83-4406-9436-861dbe017aec 984dcd9a3deb47649ac2e668e433560a ca62dfb977c443d79618f38ed6ad292f - - default default] Successfully bumped revision number for resource 9db67bd0-431c-4a12-9b8d-21a43f3440d3 (type: ports) to 1
2026-03-01 22:19:47.840 10 INFO neutron.wsgi [None req-d7a6cfbc-5b83-4406-9436-861dbe017aec 984dcd9a3deb47649ac2e668e433560a ca62dfb977c443d79618f38ed6ad292f - - default default] 10.0.0.58 "POST /v2.0/networks HTTP/1.1" status: 201 len: 831 time: 0.5000393
2026-03-01 22:19:47.848 10 WARNING neutron_lib.context [None req-ed85efbf-c2c7-4b5b-951b-11569526f168 984dcd9a3deb47649ac2e668e433560a ca62dfb977c443d79618f38ed6ad292f - - default default] Method 'is_advsvc' is deprecated since 2023.2 release (neutron-lib 3.8.0) and will be removed once support for the old RBAC API policies will be removed from Neutron. Please use method 'is_service_role' instead. /var/lib/openstack/lib/python3.10/site-packages/pycadf/identifier.py:71: UserWarning: Invalid uuid: neutron. To ensure interoperability, identifiers should be a valid uuid. warnings.warn(('Invalid uuid: %s. To ensure interoperability, '
2026-03-01 22:19:47.954 9 WARNING neutron.scheduler.dhcp_agent_scheduler [None req-806e90b7-d7be-4c44-9dd6-ccdcc29085b2 41fd2c6dc1914670a2c5782becd1f0ae 2c0f68fbc99044f194d9d8f10050318f - - default default] No more DHCP agents
2026-03-01 22:19:47.958 9 WARNING neutron.api.rpc.agentnotifiers.dhcp_rpc_agent_api [None req-806e90b7-d7be-4c44-9dd6-ccdcc29085b2 41fd2c6dc1914670a2c5782becd1f0ae 2c0f68fbc99044f194d9d8f10050318f - - default default] Unable to schedule network 928cbf42-8412-41e6-a40d-61db437eb616: no agents available; will retry on subsequent port and subnet creation events.
2026-03-01 22:19:48.018 9 INFO neutron.wsgi [req-0f8447d1-f652-4aa9-8aea-3407c35781d6 req-4ccf39d4-f18e-4196-9321-aa040a36dd29 b84398f8048347e5a31f90df4f6243c5 8d4699c4983940dabe799cdc2a720cc9 - - default default] 10.0.0.246 "GET /v2.0/ports?device_id=f7f7fadd-a612-4df5-b67c-79c2690ffde0 HTTP/1.1" status: 200 len: 1170 time: 0.1293917 /var/lib/openstack/lib/python3.10/site-packages/pycadf/identifier.py:71: UserWarning: Invalid uuid: neutron. To ensure interoperability, identifiers should be a valid uuid. warnings.warn(('Invalid uuid: %s. To ensure interoperability, '
2026-03-01 22:19:48.078 9 INFO neutron.wsgi [req-0f8447d1-f652-4aa9-8aea-3407c35781d6 req-416d792b-5539-40a5-9814-f9707d91e15b b84398f8048347e5a31f90df4f6243c5 8d4699c4983940dabe799cdc2a720cc9 - - default default] 10.0.0.246 "GET /v2.0/security-groups?id=1c2f16fb-0dc4-4e89-9bf8-3c01fa71bf14&fields=id&fields=name HTTP/1.1" status: 200 len: 313 time: 0.0536311
2026-03-01 22:19:48.103 9 INFO neutron.db.ovn_revision_numbers_db [None req-806e90b7-d7be-4c44-9dd6-ccdcc29085b2 41fd2c6dc1914670a2c5782becd1f0ae 2c0f68fbc99044f194d9d8f10050318f - - default default] Successfully bumped revision number for resource 09c46455-d319-437b-a726-db9a063d84ed (type: ports) to 1
2026-03-01 22:19:48.129 9 INFO neutron.wsgi [None req-806e90b7-d7be-4c44-9dd6-ccdcc29085b2 41fd2c6dc1914670a2c5782becd1f0ae 2c0f68fbc99044f194d9d8f10050318f - - default default] 10.0.0.58 "POST /v2.0/ports HTTP/1.1" status: 201 len: 1165 time: 0.6065025
2026-03-01 22:19:48.131 10 WARNING neutron.scheduler.dhcp_agent_scheduler [None req-ed85efbf-c2c7-4b5b-951b-11569526f168 984dcd9a3deb47649ac2e668e433560a ca62dfb977c443d79618f38ed6ad292f - - default default] No more DHCP agents
2026-03-01 22:19:48.137 10 WARNING neutron.api.rpc.agentnotifiers.dhcp_rpc_agent_api [None req-ed85efbf-c2c7-4b5b-951b-11569526f168 984dcd9a3deb47649ac2e668e433560a ca62dfb977c443d79618f38ed6ad292f - - default default] Unable to schedule network b7930dc1-b859-4bd0-80f5-78928329765b: no agents available; will retry on subsequent port and subnet creation events. /var/lib/openstack/lib/python3.10/site-packages/pycadf/identifier.py:71: UserWarning: Invalid uuid: neutron. To ensure interoperability, identifiers should be a valid uuid. warnings.warn(('Invalid uuid: %s. To ensure interoperability, '
2026-03-01 22:19:48.263 10 INFO neutron.wsgi [req-cda2db5a-c6fe-4b30-91e2-9a1996486fdb req-6abe70f7-6574-4fe0-8a0f-ade9ecbf76cd b84398f8048347e5a31f90df4f6243c5 8d4699c4983940dabe799cdc2a720cc9 - - default default] 10.0.0.246 "GET /v2.0/ports?device_id=f7f7fadd-a612-4df5-b67c-79c2690ffde0 HTTP/1.1" status: 200 len: 1170 time: 0.1116590
2026-03-01 22:19:48.282 10 INFO neutron.db.ovn_revision_numbers_db [None req-ed85efbf-c2c7-4b5b-951b-11569526f168 984dcd9a3deb47649ac2e668e433560a ca62dfb977c443d79618f38ed6ad292f - - default default] Successfully bumped revision number for resource b4d57844-2910-45a2-8041-38d92b2cc69a (type: ports) to 1
2026-03-01 22:19:48.311 10 INFO neutron.wsgi [req-cda2db5a-c6fe-4b30-91e2-9a1996486fdb req-8132b9c6-e65d-4eb5-8453-496567ecead6 b84398f8048347e5a31f90df4f6243c5 8d4699c4983940dabe799cdc2a720cc9 - - default default] 10.0.0.246 "GET /v2.0/security-groups?id=1c2f16fb-0dc4-4e89-9bf8-3c01fa71bf14&fields=id&fields=name HTTP/1.1" status: 200 len: 313 time: 0.0369041
2026-03-01 22:19:48.313 10 INFO neutron.wsgi [None req-ed85efbf-c2c7-4b5b-951b-11569526f168 984dcd9a3deb47649ac2e668e433560a ca62dfb977c443d79618f38ed6ad292f - - default default] 10.0.0.58 "POST /v2.0/ports HTTP/1.1" status: 201 len: 942 time: 0.4688120
2026-03-01 22:19:48.353 9 WARNING neutron_lib.context [None req-43ad9654-d81d-4629-9fce-e3942b541a5c 984dcd9a3deb47649ac2e668e433560a ca62dfb977c443d79618f38ed6ad292f - - default default] Method 'is_advsvc' is deprecated since 2023.2 release (neutron-lib 3.8.0) and will be removed once support for the old RBAC API policies will be removed from Neutron. Please use method 'is_service_role' instead.
2026-03-01 22:19:48.448 9 INFO neutron.db.segments_db [None req-43ad9654-d81d-4629-9fce-e3942b541a5c 984dcd9a3deb47649ac2e668e433560a ca62dfb977c443d79618f38ed6ad292f - - default default] Added segment b4a24b80-6da9-419b-8ad3-ed052397a1aa of type geneve for network 2360f482-b771-493b-8777-984aa02e2b0b
2026-03-01 22:19:48.519 9 INFO neutron.wsgi [None req-ed6689f9-5a1f-46b6-84b4-a58831914188 41fd2c6dc1914670a2c5782becd1f0ae 2c0f68fbc99044f194d9d8f10050318f - - default default] 10.0.0.58 "DELETE /v2.0/ports/09c46455-d319-437b-a726-db9a063d84ed HTTP/1.1" status: 204 len: 168 time: 0.3858829
2026-03-01 22:19:48.555 9 INFO neutron.pecan_wsgi.hooks.translation [None req-25152feb-3a23-4841-a3eb-0c53208ea5e0 41fd2c6dc1914670a2c5782becd1f0ae 2c0f68fbc99044f194d9d8f10050318f - - default default] DELETE failed (client error): The resource could not be found.
2026-03-01 22:19:48.558 9 INFO neutron.wsgi [None req-25152feb-3a23-4841-a3eb-0c53208ea5e0 41fd2c6dc1914670a2c5782becd1f0ae 2c0f68fbc99044f194d9d8f10050318f - - default default] 10.0.0.58 "DELETE /v2.0/ports/09c46455-d319-437b-a726-db9a063d84ed HTTP/1.1" status: 404 len: 333 time: 0.0316496
2026-03-01 22:19:48.589 10 INFO neutron.pecan_wsgi.hooks.translation [None req-2a5e761b-991f-4bda-a4ff-6be42c2732e4 41fd2c6dc1914670a2c5782becd1f0ae 2c0f68fbc99044f194d9d8f10050318f - - default default] GET failed (client error): The resource could not be found.
2026-03-01 22:19:48.592 10 INFO neutron.wsgi [None req-2a5e761b-991f-4bda-a4ff-6be42c2732e4 41fd2c6dc1914670a2c5782becd1f0ae 2c0f68fbc99044f194d9d8f10050318f - - default default] 10.0.0.58 "GET /v2.0/ports/09c46455-d319-437b-a726-db9a063d84ed HTTP/1.1" status: 404 len: 333 time: 0.0272253
2026-03-01 22:19:48.659 9 INFO neutron.db.ovn_revision_numbers_db [None req-43ad9654-d81d-4629-9fce-e3942b541a5c 984dcd9a3deb47649ac2e668e433560a ca62dfb977c443d79618f38ed6ad292f - - default default] Successfully bumped revision number for resource 2360f482-b771-493b-8777-984aa02e2b0b (type: networks) to 1
2026-03-01 22:19:48.667 10 INFO neutron.wsgi [req-ece54075-c7f5-4577-b59e-a9bbbe28bbf3 req-5544a759-8e65-40fa-8168-1a4e0360660a b84398f8048347e5a31f90df4f6243c5 8d4699c4983940dabe799cdc2a720cc9 - - default default] 10.0.0.246 "GET /v2.0/ports?device_id=f7f7fadd-a612-4df5-b67c-79c2690ffde0 HTTP/1.1" status: 200 len: 1170 time: 0.0494237
2026-03-01 22:19:48.732 9 INFO neutron.wsgi [req-5d854b2b-9f2f-46d8-a6c3-4a1053be4bef req-951e8a10-341a-45a7-97dc-a053c166fc1d 2b0eee7b5bc54b3b85c9d6ee7ef3baec 1feb78d0d7a440eb82b4ebfd87990c1c - - d91a2fb99e694998a3b70867b3c67f90 d91a2fb99e694998a3b70867b3c67f90] 199.204.45.156 "GET /v2.0/ports?tenant_id=8d4699c4983940dabe799cdc2a720cc9&device_id=f7f7fadd-a612-4df5-b67c-79c2690ffde0 HTTP/1.1" status: 200 len: 1409 time: 0.0501812
2026-03-01 22:19:48.739 10 INFO neutron.wsgi [req-ece54075-c7f5-4577-b59e-a9bbbe28bbf3 req-a6d5c33b-b0ee-4a23-8697-813ea39a9ba1 b84398f8048347e5a31f90df4f6243c5 8d4699c4983940dabe799cdc2a720cc9 - - default default] 10.0.0.246 "GET /v2.0/security-groups?id=1c2f16fb-0dc4-4e89-9bf8-3c01fa71bf14&fields=id&fields=name HTTP/1.1" status: 200 len: 313 time: 0.0630791
2026-03-01 22:19:48.833 9 INFO neutron.wsgi [req-5d854b2b-9f2f-46d8-a6c3-4a1053be4bef req-bb76f8d0-3fb1-4e26-852a-9c33f2f236bd 2b0eee7b5bc54b3b85c9d6ee7ef3baec 1feb78d0d7a440eb82b4ebfd87990c1c - - d91a2fb99e694998a3b70867b3c67f90 d91a2fb99e694998a3b70867b3c67f90] 199.204.45.156 "GET /v2.0/networks?id=6ed42e15-cd6a-4bff-8402-40c0782c311f HTTP/1.1" status: 200 len: 973 time: 0.0842054
2026-03-01 22:19:48.867 10 INFO neutron.wsgi [None req-4a1e6eec-5056-42df-b853-f9067bb41c29 41fd2c6dc1914670a2c5782becd1f0ae 2c0f68fbc99044f194d9d8f10050318f - - default default] 10.0.0.58 "DELETE /v2.0/subnets/0e605c82-9386-4e95-b7ba-213cb3ce6523 HTTP/1.1" status: 204 len: 168 time: 0.2617211
2026-03-01 22:19:48.898 9 INFO neutron.wsgi [req-5d854b2b-9f2f-46d8-a6c3-4a1053be4bef req-5c49feed-4b6f-450f-bac7-1ad628025598 2b0eee7b5bc54b3b85c9d6ee7ef3baec 1feb78d0d7a440eb82b4ebfd87990c1c - - d91a2fb99e694998a3b70867b3c67f90 d91a2fb99e694998a3b70867b3c67f90] 199.204.45.156 "GET /v2.0/floatingips?fixed_ip_address=10.100.0.6&port_id=724409f0-ea27-4be1-be91-7aa7026c3b26 HTTP/1.1" status: 200 len: 1059 time: 0.0597460
2026-03-01 22:19:48.950 9 WARNING neutron.scheduler.dhcp_agent_scheduler [None req-43ad9654-d81d-4629-9fce-e3942b541a5c 984dcd9a3deb47649ac2e668e433560a ca62dfb977c443d79618f38ed6ad292f - - default default] No more DHCP agents
2026-03-01 22:19:48.956 9 WARNING neutron.api.rpc.agentnotifiers.dhcp_rpc_agent_api [None req-43ad9654-d81d-4629-9fce-e3942b541a5c 984dcd9a3deb47649ac2e668e433560a ca62dfb977c443d79618f38ed6ad292f - - default default] Unable to schedule network 2360f482-b771-493b-8777-984aa02e2b0b: no agents available; will retry on subsequent port and subnet creation events.
2026-03-01 22:19:48.960 9 INFO neutron.wsgi [req-5d854b2b-9f2f-46d8-a6c3-4a1053be4bef req-e634b8a1-de54-4025-9b6a-06534bfe57ab 2b0eee7b5bc54b3b85c9d6ee7ef3baec 1feb78d0d7a440eb82b4ebfd87990c1c - - d91a2fb99e694998a3b70867b3c67f90 d91a2fb99e694998a3b70867b3c67f90] 199.204.45.156 "GET /v2.0/subnets?id=7b7ea3c7-c62f-4845-a656-508f91052125 HTTP/1.1" status: 200 len: 868 time: 0.0580094
2026-03-01 22:19:48.990 9 INFO neutron.wsgi [req-5d854b2b-9f2f-46d8-a6c3-4a1053be4bef req-5312cca5-34d3-4275-9d5d-9c7c2526a2cd 2b0eee7b5bc54b3b85c9d6ee7ef3baec 1feb78d0d7a440eb82b4ebfd87990c1c - - d91a2fb99e694998a3b70867b3c67f90 d91a2fb99e694998a3b70867b3c67f90] 199.204.45.156 "GET /v2.0/ports?network_id=6ed42e15-cd6a-4bff-8402-40c0782c311f&device_owner=network%3Adhcp HTTP/1.1" status: 200 len: 210 time: 0.0224848
2026-03-01 22:19:49.072 9 INFO neutron.wsgi [req-5d854b2b-9f2f-46d8-a6c3-4a1053be4bef req-0b437b87-0ddf-492c-b274-99643077e641 2b0eee7b5bc54b3b85c9d6ee7ef3baec 1feb78d0d7a440eb82b4ebfd87990c1c - - d91a2fb99e694998a3b70867b3c67f90 d91a2fb99e694998a3b70867b3c67f90] 199.204.45.156 "GET /v2.0/networks/6ed42e15-cd6a-4bff-8402-40c0782c311f?fields=segments HTTP/1.1" status: 200 len: 212 time: 0.0720203
2026-03-01 22:19:49.077 9 INFO neutron.db.ovn_revision_numbers_db [None req-43ad9654-d81d-4629-9fce-e3942b541a5c 984dcd9a3deb47649ac2e668e433560a ca62dfb977c443d79618f38ed6ad292f - - default default] Successfully bumped revision number for resource 6b5487af-352a-4531-b20d-6e1591b5b1b8 (type: ports) to 1
2026-03-01 22:19:49.115 9 INFO neutron.wsgi [None req-43ad9654-d81d-4629-9fce-e3942b541a5c 984dcd9a3deb47649ac2e668e433560a ca62dfb977c443d79618f38ed6ad292f - - default default] 10.0.0.58 "POST /v2.0/networks HTTP/1.1" status: 201 len: 831 time: 0.7861309
2026-03-01 22:19:49.125 9 WARNING neutron_lib.context [None req-19c8d8b4-cfc5-4493-981a-aa96db02f45b 984dcd9a3deb47649ac2e668e433560a ca62dfb977c443d79618f38ed6ad292f - - default default] Method 'is_advsvc' is deprecated since 2023.2 release (neutron-lib 3.8.0) and will be removed once support for the old RBAC API policies will be removed from Neutron. Please use method 'is_service_role' instead.
2026-03-01 22:19:49.165 9 INFO neutron.wsgi [req-5d854b2b-9f2f-46d8-a6c3-4a1053be4bef req-91dba971-786b-4970-9baa-65cdaa73bb90 2b0eee7b5bc54b3b85c9d6ee7ef3baec 1feb78d0d7a440eb82b4ebfd87990c1c - - d91a2fb99e694998a3b70867b3c67f90 d91a2fb99e694998a3b70867b3c67f90] 199.204.45.156 "GET /v2.0/networks/6ed42e15-cd6a-4bff-8402-40c0782c311f?fields=provider%3Aphysical_network&fields=provider%3Anetwork_type HTTP/1.1" status: 200 len: 277 time: 0.0864434
2026-03-01 22:19:49.276 10 INFO neutron.services.segments.plugin [-] Segment c9376151-d571-402b-b929-b52305362d08 resource provider aggregate not found
