2026-03-01 22:22:05.737 10 INFO neutron.wsgi [None req-ad5ddbd2-446e-44d7-b311-5117044023f7 bad48c03c46e4e3c87229f24e76e688c 38691fe6af274e72a9ca2ca5fe8f2923 - - default default] 10.0.0.58 "GET /v2.0/ports?device_id=37db8260-3dbb-4f4a-856b-80c82d8830b5 HTTP/1.1" status: 200 len: 205 time: 0.0195527
2026-03-01 22:22:06.011 10 INFO neutron.wsgi [None req-b172ee41-320f-446f-8ec2-ec2d95c32ab7 bad48c03c46e4e3c87229f24e76e688c 38691fe6af274e72a9ca2ca5fe8f2923 - - default default] 10.0.0.58 "DELETE /v2.0/routers/37db8260-3dbb-4f4a-856b-80c82d8830b5 HTTP/1.1" status: 204 len: 168 time: 0.2690473
2026-03-01 22:22:06.082 10 INFO neutron.wsgi [None req-cf5b047d-99fc-47b9-9ca6-448e1800293d bad48c03c46e4e3c87229f24e76e688c 38691fe6af274e72a9ca2ca5fe8f2923 - - default default] 10.0.0.58 "GET /v2.0/routers/16c4cc08-fa58-46ed-97ab-3d240cb85c52 HTTP/1.1" status: 200 len: 655 time: 0.0653274
2026-03-01 22:22:06.526 10 INFO neutron.wsgi [None req-e82951c8-dcd6-4638-836c-cc66823634ad bad48c03c46e4e3c87229f24e76e688c 38691fe6af274e72a9ca2ca5fe8f2923 - - default default] 10.0.0.58 "PUT /v2.0/routers/16c4cc08-fa58-46ed-97ab-3d240cb85c52 HTTP/1.1" status: 200 len: 655 time: 0.4400854
2026-03-01 22:22:06.559 10 INFO neutron.wsgi [None req-9a05ef3b-30f9-46e1-8beb-5c0a50e83192 bad48c03c46e4e3c87229f24e76e688c 38691fe6af274e72a9ca2ca5fe8f2923 - - default default] 10.0.0.58 "GET /v2.0/ports?device_id=16c4cc08-fa58-46ed-97ab-3d240cb85c52 HTTP/1.1" status: 200 len: 205 time: 0.0268559
2026-03-01 22:22:06.790 9 INFO neutron.wsgi [None req-513c436d-77df-4e6f-9b0e-e330ebc354eb bad48c03c46e4e3c87229f24e76e688c 38691fe6af274e72a9ca2ca5fe8f2923 - - default default] 10.0.0.58 "DELETE /v2.0/routers/16c4cc08-fa58-46ed-97ab-3d240cb85c52 HTTP/1.1" status: 204 len: 168 time: 0.2249670
2026-03-01 22:22:07.893 10 INFO neutron.db.ovn_revision_numbers_db [None req-f4d0ffd7-d5ae-4b30-a1d9-9c33c4246b2a c98bc9c1d85e4983ad974cb4cf9dd46b b6357918f73b458f9e03a5667d465a0e - - default default] Successfully bumped revision number for resource 700ef47f-07f0-449e-aa3d-4375f260c53f (type: security_groups) to 1
2026-03-01 22:22:07.905 10 INFO neutron.db.ovn_revision_numbers_db [None req-f4d0ffd7-d5ae-4b30-a1d9-9c33c4246b2a c98bc9c1d85e4983ad974cb4cf9dd46b b6357918f73b458f9e03a5667d465a0e - - default default] Successfully bumped revision number for resource 4325805d-460d-4006-a818-833d669f9cf3 (type: security_group_rules) to 0
2026-03-01 22:22:07.918 10 INFO neutron.db.ovn_revision_numbers_db [None req-f4d0ffd7-d5ae-4b30-a1d9-9c33c4246b2a c98bc9c1d85e4983ad974cb4cf9dd46b b6357918f73b458f9e03a5667d465a0e - - default default] Successfully bumped revision number for resource 6e84a576-1f28-43f7-828a-a0e1e5738fc2 (type: security_group_rules) to 0
2026-03-01 22:22:07.933 10 INFO neutron.db.ovn_revision_numbers_db [None req-f4d0ffd7-d5ae-4b30-a1d9-9c33c4246b2a c98bc9c1d85e4983ad974cb4cf9dd46b b6357918f73b458f9e03a5667d465a0e - - default default] Successfully bumped revision number for resource 7f76517b-def1-4460-9adf-2d0a4cdf305b (type: security_group_rules) to 0
2026-03-01 22:22:07.946 10 INFO neutron.db.ovn_revision_numbers_db [None req-f4d0ffd7-d5ae-4b30-a1d9-9c33c4246b2a c98bc9c1d85e4983ad974cb4cf9dd46b b6357918f73b458f9e03a5667d465a0e - - default default] Successfully bumped revision number for resource b0b7dd4b-136b-4b4a-bb9f-2f09a3d35337 (type: security_group_rules) to 0
2026-03-01 22:22:07.967 10 INFO neutron.wsgi [None req-f4d0ffd7-d5ae-4b30-a1d9-9c33c4246b2a c98bc9c1d85e4983ad974cb4cf9dd46b b6357918f73b458f9e03a5667d465a0e - - default default] 10.0.0.58 "GET /v2.0/security-groups?tenant_id=6fb4396592fa4cc7b95f88c5093f4a4b&name=default HTTP/1.1" status: 200 len: 2996 time: 0.3643758
2026-03-01 22:22:08.185 10 INFO neutron.wsgi [None req-639cd6eb-4438-49f3-b18a-dad27d8aa308 c98bc9c1d85e4983ad974cb4cf9dd46b b6357918f73b458f9e03a5667d465a0e - - default default] 10.0.0.58 "DELETE /v2.0/security-groups/700ef47f-07f0-449e-aa3d-4375f260c53f HTTP/1.1" status: 204 len: 168 time: 0.2107627
2026-03-01 22:22:08.393 9 INFO neutron.db.ovn_revision_numbers_db [None req-843767f2-aa35-4e85-98ea-afa188e8f001 c98bc9c1d85e4983ad974cb4cf9dd46b b6357918f73b458f9e03a5667d465a0e - - default default] Successfully bumped revision number for resource bc5ea64f-f6b4-4bf3-ab98-1859e77672a2 (type: security_groups) to 1
2026-03-01 22:22:08.417 9 INFO neutron.db.ovn_revision_numbers_db [None req-843767f2-aa35-4e85-98ea-afa188e8f001 c98bc9c1d85e4983ad974cb4cf9dd46b b6357918f73b458f9e03a5667d465a0e - - default default] Successfully bumped revision number for resource 3a2c0c87-4649-4745-8bd0-f8e07394923b (type: security_group_rules) to 0
2026-03-01 22:22:08.432 9 INFO neutron.db.ovn_revision_numbers_db [None req-843767f2-aa35-4e85-98ea-afa188e8f001 c98bc9c1d85e4983ad974cb4cf9dd46b b6357918f73b458f9e03a5667d465a0e - - default default] Successfully bumped revision number for resource 417520eb-2ce4-4e7b-ae0d-336722f2c938 (type: security_group_rules) to 0
2026-03-01 22:22:08.447 9 INFO neutron.db.ovn_revision_numbers_db [None req-843767f2-aa35-4e85-98ea-afa188e8f001 c98bc9c1d85e4983ad974cb4cf9dd46b b6357918f73b458f9e03a5667d465a0e - - default default] Successfully bumped revision number for resource b1a70486-4ed5-4287-bf64-c97beb7156fb (type: security_group_rules) to 0
2026-03-01 22:22:08.462 9 INFO neutron.db.ovn_revision_numbers_db [None req-843767f2-aa35-4e85-98ea-afa188e8f001 c98bc9c1d85e4983ad974cb4cf9dd46b b6357918f73b458f9e03a5667d465a0e - - default default] Successfully bumped revision number for resource cf3f3e6c-5b90-4494-9a56-0c5d6c351dfb (type: security_group_rules) to 0
2026-03-01 22:22:08.488 9 INFO neutron.wsgi [None req-843767f2-aa35-4e85-98ea-afa188e8f001 c98bc9c1d85e4983ad974cb4cf9dd46b b6357918f73b458f9e03a5667d465a0e - - default default] 10.0.0.58 "GET /v2.0/security-groups?tenant_id=d2e430facf1d4c2ab98712bb60dfde28&name=default HTTP/1.1" status: 200 len: 2996 time: 0.2179818
2026-03-01 22:22:08.692 9 INFO neutron.wsgi [None req-dcc4ad05-501c-4be7-8f59-8a8a6fde58f5 c98bc9c1d85e4983ad974cb4cf9dd46b b6357918f73b458f9e03a5667d465a0e - - default default] 10.0.0.58 "DELETE /v2.0/security-groups/bc5ea64f-f6b4-4bf3-ab98-1859e77672a2 HTTP/1.1" status: 204 len: 168 time: 0.1982877
2026-03-01 22:22:08.934 9 INFO neutron.db.ovn_revision_numbers_db [None req-5096fbc2-4632-483a-b537-3665fe3adf08 c98bc9c1d85e4983ad974cb4cf9dd46b b6357918f73b458f9e03a5667d465a0e - - default default] Successfully bumped revision number for resource 8ace808c-3e0f-4207-8ebb-4519bfab656f (type: security_groups) to 1
2026-03-01 22:22:08.948 9 INFO neutron.db.ovn_revision_numbers_db [None req-5096fbc2-4632-483a-b537-3665fe3adf08 c98bc9c1d85e4983ad974cb4cf9dd46b b6357918f73b458f9e03a5667d465a0e - - default default] Successfully bumped revision number for resource 4654b356-bad2-4843-b1bd-ea2054f098e4 (type: security_group_rules) to 0
2026-03-01 22:22:08.961 9 INFO neutron.db.ovn_revision_numbers_db [None req-5096fbc2-4632-483a-b537-3665fe3adf08 c98bc9c1d85e4983ad974cb4cf9dd46b b6357918f73b458f9e03a5667d465a0e - - default default] Successfully bumped revision number for resource 98133b1b-5a25-4ed7-8ff1-8fcc595792f5 (type: security_group_rules) to 0
2026-03-01 22:22:08.976 9 INFO neutron.db.ovn_revision_numbers_db [None req-5096fbc2-4632-483a-b537-3665fe3adf08 c98bc9c1d85e4983ad974cb4cf9dd46b b6357918f73b458f9e03a5667d465a0e - - default default] Successfully bumped revision number for resource a76afc75-0ffc-4106-8930-4793e603b899 (type: security_group_rules) to 0
2026-03-01 22:22:08.990 9 INFO neutron.db.ovn_revision_numbers_db [None req-5096fbc2-4632-483a-b537-3665fe3adf08 c98bc9c1d85e4983ad974cb4cf9dd46b b6357918f73b458f9e03a5667d465a0e - - default default] Successfully bumped revision number for resource cd22f3a3-18eb-4a20-ac2d-9885065539d7 (type: security_group_rules) to 0
2026-03-01 22:22:09.012 9 INFO neutron.wsgi [None req-5096fbc2-4632-483a-b537-3665fe3adf08 c98bc9c1d85e4983ad974cb4cf9dd46b b6357918f73b458f9e03a5667d465a0e - - default default] 10.0.0.58 "GET /v2.0/security-groups?tenant_id=38691fe6af274e72a9ca2ca5fe8f2923&name=default HTTP/1.1" status: 200 len: 2996 time: 0.1888800
2026-03-01 22:22:09.206 9 INFO neutron.wsgi [None req-e8b671cc-72ab-42d3-bd2e-93ae892da5b4 c98bc9c1d85e4983ad974cb4cf9dd46b b6357918f73b458f9e03a5667d465a0e - - default default] 10.0.0.58 "DELETE /v2.0/security-groups/8ace808c-3e0f-4207-8ebb-4519bfab656f HTTP/1.1" status: 204 len: 168 time: 0.1878228
2026-03-01 22:22:12.507 9 WARNING neutron_lib.context [None req-a95423c9-49f2-430c-8b6f-23be14206419 3fa528d32d0f4868ba0582a2dfac0358 246d1090a1264015b84545094bf62053 - - default default] Method 'is_advsvc' is deprecated since 2023.2 release (neutron-lib 3.8.0) and will be removed once support for the old RBAC API policies will be removed from Neutron. Please use method 'is_service_role' instead.
2026-03-01 22:22:12.632 9 INFO neutron.db.ovn_revision_numbers_db [None req-a95423c9-49f2-430c-8b6f-23be14206419 3fa528d32d0f4868ba0582a2dfac0358 246d1090a1264015b84545094bf62053 - - default default] Successfully bumped revision number for resource 88ea6d54-b507-4bb9-8fe2-0807c5de3a79 (type: security_groups) to 1
2026-03-01 22:22:12.647 9 INFO neutron.db.ovn_revision_numbers_db [None req-a95423c9-49f2-430c-8b6f-23be14206419 3fa528d32d0f4868ba0582a2dfac0358 246d1090a1264015b84545094bf62053 - - default default] Successfully bumped revision number for resource 0571ba47-98fc-4e5b-b0ab-c19a31d06a90 (type: security_group_rules) to 0
2026-03-01 22:22:12.660 9 INFO neutron.db.ovn_revision_numbers_db [None req-a95423c9-49f2-430c-8b6f-23be14206419 3fa528d32d0f4868ba0582a2dfac0358 246d1090a1264015b84545094bf62053 - - default default] Successfully bumped revision number for resource 72519543-3628-4bb5-8331-d087b152979d (type: security_group_rules) to 0
2026-03-01 22:22:12.674 9 INFO neutron.db.ovn_revision_numbers_db [None req-a95423c9-49f2-430c-8b6f-23be14206419 3fa528d32d0f4868ba0582a2dfac0358 246d1090a1264015b84545094bf62053 - - default default] Successfully bumped revision number for resource 78ed251f-e756-4da6-b614-d5be0833f618 (type: security_group_rules) to 0
2026-03-01 22:22:12.687 9 INFO neutron.db.ovn_revision_numbers_db [None req-a95423c9-49f2-430c-8b6f-23be14206419 3fa528d32d0f4868ba0582a2dfac0358 246d1090a1264015b84545094bf62053 - - default default] Successfully bumped revision number for resource b1e0a765-5e13-4bc6-a8c1-1c838eec3a0f (type: security_group_rules) to 0
2026-03-01 22:22:12.735 9 INFO neutron.db.segments_db [None req-a95423c9-49f2-430c-8b6f-23be14206419 3fa528d32d0f4868ba0582a2dfac0358 246d1090a1264015b84545094bf62053 - - default default] Added segment 5284ad8f-ed61-4360-a20e-06c167014c52 of type geneve for network 81ba39b0-424c-451a-93ee-6b97149f25f9
2026-03-01 22:22:12.902 9 INFO neutron.db.ovn_revision_numbers_db [None req-a95423c9-49f2-430c-8b6f-23be14206419 3fa528d32d0f4868ba0582a2dfac0358 246d1090a1264015b84545094bf62053 - - default default] Successfully bumped revision number for resource 81ba39b0-424c-451a-93ee-6b97149f25f9 (type: networks) to 1
2026-03-01 22:22:13.092 9 WARNING neutron.scheduler.dhcp_agent_scheduler [None req-a95423c9-49f2-430c-8b6f-23be14206419 3fa528d32d0f4868ba0582a2dfac0358 246d1090a1264015b84545094bf62053 - - default default] No more DHCP agents
2026-03-01 22:22:13.093 9 WARNING neutron.api.rpc.agentnotifiers.dhcp_rpc_agent_api [None req-a95423c9-49f2-430c-8b6f-23be14206419 3fa528d32d0f4868ba0582a2dfac0358 246d1090a1264015b84545094bf62053 - - default default] Unable to schedule network 81ba39b0-424c-451a-93ee-6b97149f25f9: no agents available; will retry on subsequent port and subnet creation events.
2026-03-01 22:22:13.179 9 INFO neutron.db.ovn_revision_numbers_db [None req-a95423c9-49f2-430c-8b6f-23be14206419 3fa528d32d0f4868ba0582a2dfac0358 246d1090a1264015b84545094bf62053 - - default default] Successfully bumped revision number for resource 63bd8fdc-fc83-4846-a75b-53cebeff081e (type: ports) to 1
2026-03-01 22:22:13.204 9 INFO neutron.wsgi [None req-a95423c9-49f2-430c-8b6f-23be14206419 3fa528d32d0f4868ba0582a2dfac0358 246d1090a1264015b84545094bf62053 - - default default] 10.0.0.58 "POST /v2.0/networks HTTP/1.1" status: 201 len: 831 time: 0.8560863
2026-03-01 22:22:13.268 9 INFO neutron.wsgi [None req-a34d1de4-fc70-44a0-b1d3-15f4730410c6 3fa528d32d0f4868ba0582a2dfac0358 246d1090a1264015b84545094bf62053 - - default default] 10.0.0.58 "PUT /v2.0/networks/81ba39b0-424c-451a-93ee-6b97149f25f9/tags HTTP/1.1" status: 200 len: 218 time: 0.0575557
2026-03-01 22:22:13.326 9 INFO neutron.wsgi [None req-d968c6b6-e2af-430e-9311-3c8c2e821481 3fa528d32d0f4868ba0582a2dfac0358 246d1090a1264015b84545094bf62053 - - default default] 10.0.0.58 "GET /v2.0/networks/81ba39b0-424c-451a-93ee-6b97149f25f9/tags HTTP/1.1" status: 200 len: 218 time: 0.0541165
2026-03-01 22:22:13.390 9 INFO neutron.wsgi [None req-30b7efc6-af1f-4864-b843-6f0f463ae9b3 3fa528d32d0f4868ba0582a2dfac0358 246d1090a1264015b84545094bf62053 - - default default] 10.0.0.58 "PUT /v2.0/networks/81ba39b0-424c-451a-93ee-6b97149f25f9/tags/green HTTP/1.1" status: 201 len: 201 time: 0.0595565
2026-03-01 22:22:13.438 9 INFO neutron.wsgi [None req-27782036-6f0d-4c05-879b-893d1ac024e3 3fa528d32d0f4868ba0582a2dfac0358 246d1090a1264015b84545094bf62053 - - default default] 10.0.0.58 "GET /v2.0/networks/81ba39b0-424c-451a-93ee-6b97149f25f9/tags HTTP/1.1" status: 200 len: 227 time: 0.0423627
2026-03-01 22:22:13.489 10 INFO neutron.wsgi [None req-0f1bd11b-bfff-4871-ad8c-b08aac7f61bd 3fa528d32d0f4868ba0582a2dfac0358 246d1090a1264015b84545094bf62053 - - default default] 10.0.0.58 "PUT /v2.0/networks/81ba39b0-424c-451a-93ee-6b97149f25f9/tags/red HTTP/1.1" status: 201 len: 201 time: 0.0464392
2026-03-01 22:22:13.535 10 INFO neutron.wsgi [None req-2177b73f-b3a1-4912-bc84-23fdbfe319ac 3fa528d32d0f4868ba0582a2dfac0358 246d1090a1264015b84545094bf62053 - - default default] 10.0.0.58 "GET /v2.0/networks/81ba39b0-424c-451a-93ee-6b97149f25f9/tags HTTP/1.1" status: 200 len: 227 time: 0.0424788
2026-03-01 22:22:13.606 10 INFO neutron.wsgi [None req-c68e1030-dd94-4b9c-8e91-a4c7868f8b69 3fa528d32d0f4868ba0582a2dfac0358 246d1090a1264015b84545094bf62053 - - default default] 10.0.0.58 "PUT /v2.0/networks/81ba39b0-424c-451a-93ee-6b97149f25f9/tags/black.or.white HTTP/1.1" status: 201 len: 201 time: 0.0658419
2026-03-01 22:22:13.656 10 INFO neutron.wsgi [None req-1e7ba8d2-6689-429d-ae27-80e9e0413a41 3fa528d32d0f4868ba0582a2dfac0358 246d1090a1264015b84545094bf62053 - - default default] 10.0.0.58 "GET /v2.0/networks/81ba39b0-424c-451a-93ee-6b97149f25f9/tags HTTP/1.1" status: 200 len: 245 time: 0.0452933
2026-03-01 22:22:13.719 10 INFO neutron.wsgi [None req-3ef1adda-92aa-4550-aa80-21dfc57b9011 3fa528d32d0f4868ba0582a2dfac0358 246d1090a1264015b84545094bf62053 - - default default] 10.0.0.58 "PUT /v2.0/networks/81ba39b0-424c-451a-93ee-6b97149f25f9/tags HTTP/1.1" status: 200 len: 230 time: 0.0579665
2026-03-01 22:22:13.766 10 INFO neutron.wsgi [None req-cfc3a0af-f481-4f01-8af8-0b134daa06c5 3fa528d32d0f4868ba0582a2dfac0358 246d1090a1264015b84545094bf62053 - - default default] 10.0.0.58 "GET /v2.0/networks/81ba39b0-424c-451a-93ee-6b97149f25f9/tags HTTP/1.1" status: 200 len: 230 time: 0.0419767
2026-03-01 22:22:13.813 10 INFO neutron.wsgi [None req-9ae897fd-4aa9-4ff6-8b67-b9badc78b98f 3fa528d32d0f4868ba0582a2dfac0358 246d1090a1264015b84545094bf62053 - - default default] 10.0.0.58 "GET /v2.0/networks/81ba39b0-424c-451a-93ee-6b97149f25f9/tags/red HTTP/1.1" status: 204 len: 168 time: 0.0428200
2026-03-01 22:22:13.857 10 INFO neutron.api.v2.resource [None req-01f26a13-c58a-4865-8ff4-7e027fdc528c 3fa528d32d0f4868ba0582a2dfac0358 246d1090a1264015b84545094bf62053 - - default default] show failed (client error): The resource could not be found.
2026-03-01 22:22:13.858 10 INFO neutron.wsgi [None req-01f26a13-c58a-4865-8ff4-7e027fdc528c 3fa528d32d0f4868ba0582a2dfac0358 246d1090a1264015b84545094bf62053 - - default default] 10.0.0.58 "GET /v2.0/networks/81ba39b0-424c-451a-93ee-6b97149f25f9/tags/green HTTP/1.1" status: 404 len: 299 time: 0.0410120
2026-03-01 22:22:13.923 10 INFO neutron.wsgi [None req-13cb0d27-6b51-44a1-88c8-d2530f6b70fb 3fa528d32d0f4868ba0582a2dfac0358 246d1090a1264015b84545094bf62053 - - default default] 10.0.0.58 "DELETE /v2.0/networks/81ba39b0-424c-451a-93ee-6b97149f25f9/tags/red HTTP/1.1" status: 204 len: 168 time: 0.0602372
2026-03-01 22:22:13.980 9 INFO neutron.wsgi [None req-f5ca671f-ccbf-4972-862f-5a03b7b3c22e 3fa528d32d0f4868ba0582a2dfac0358 246d1090a1264015b84545094bf62053 - - default default] 10.0.0.58 "GET /v2.0/networks/81ba39b0-424c-451a-93ee-6b97149f25f9/tags HTTP/1.1" status: 200 len: 223 time: 0.0522492
2026-03-01 22:22:14.049 9 INFO neutron.api.v2.resource [None req-d106e4c1-1129-4393-978e-ecd2a0acb5e0 3fa528d32d0f4868ba0582a2dfac0358 246d1090a1264015b84545094bf62053 - - default default] delete failed (client error): The resource could not be found.
2026-03-01 22:22:14.051 9 INFO neutron.wsgi [None req-d106e4c1-1129-4393-978e-ecd2a0acb5e0 3fa528d32d0f4868ba0582a2dfac0358 246d1090a1264015b84545094bf62053 - - default default] 10.0.0.58 "DELETE /v2.0/networks/81ba39b0-424c-451a-93ee-6b97149f25f9/tags/green HTTP/1.1" status: 404 len: 299 time: 0.0660160
2026-03-01 22:22:14.117 9 INFO neutron.wsgi [None req-1ed98eaf-11a7-4859-8a3a-d9834762746f 3fa528d32d0f4868ba0582a2dfac0358 246d1090a1264015b84545094bf62053 - - default default] 10.0.0.58 "DELETE /v2.0/networks/81ba39b0-424c-451a-93ee-6b97149f25f9/tags HTTP/1.1" status: 204 len: 168 time: 0.0597544
2026-03-01 22:22:14.177 9 INFO neutron.wsgi [None req-d8a37f55-41e7-452e-aea9-ab821b53f459 3fa528d32d0f4868ba0582a2dfac0358 246d1090a1264015b84545094bf62053 - - default default] 10.0.0.58 "GET /v2.0/networks/81ba39b0-424c-451a-93ee-6b97149f25f9/tags HTTP/1.1" status: 200 len: 205 time: 0.0556107
2026-03-01 22:22:14.432 9 WARNING neutron_lib.context [None req-749b031a-2270-47aa-b6c0-b4058ac2e368 9f5d03a6eed04f25b998da45511ec5f9 2f2b8f96476c4b56ab671eb706f78f8f - - default default] Method 'is_advsvc' is deprecated since 2023.2 release (neutron-lib 3.8.0) and will be removed once support for the old RBAC API policies will be removed from Neutron. Please use method 'is_service_role' instead.
2026-03-01 22:22:14.534 10 INFO neutron.services.segments.plugin [-] Segment 5284ad8f-ed61-4360-a20e-06c167014c52 resource provider aggregate not found
2026-03-01 22:22:14.539 10 INFO neutron.services.segments.plugin [-] Segment 5284ad8f-ed61-4360-a20e-06c167014c52 resource provider aggregate not found
2026-03-01 22:22:14.555 10 INFO neutron.services.segments.plugin [-] Segment 5284ad8f-ed61-4360-a20e-06c167014c52 resource provider not found; error: Placement Client Error (4xx): {"errors": [{"status": 404, "title": "Not Found", "detail": "The resource could not be found.\n\n No resource provider with uuid 5284ad8f-ed61-4360-a20e-06c167014c52 found for delete ", "request_id": "req-8ea9519f-ce68-4317-b679-ff3471461d51"}]}
2026-03-01 22:22:14.558 10 INFO neutron.services.segments.plugin [-] Segment 5284ad8f-ed61-4360-a20e-06c167014c52 resource provider not found; error: Placement Client Error (4xx): {"errors": [{"status": 404, "title": "Not Found", "detail": "The resource could not be found.\n\n No resource provider with uuid 5284ad8f-ed61-4360-a20e-06c167014c52 found for delete ", "request_id": "req-15ce6ab8-dc8b-4463-8f7b-7b4724a6fca4"}]}
2026-03-01 22:22:14.584 10 INFO neutron.wsgi [None req-d107d216-874a-448a-bfba-80cc2f000d6f 3fa528d32d0f4868ba0582a2dfac0358 246d1090a1264015b84545094bf62053 - - default default] 10.0.0.58 "DELETE /v2.0/networks/81ba39b0-424c-451a-93ee-6b97149f25f9 HTTP/1.1" status: 204 len: 168 time: 0.4011252
2026-03-01 22:22:14.703 9 WARNING neutron.scheduler.dhcp_agent_scheduler [None req-749b031a-2270-47aa-b6c0-b4058ac2e368 9f5d03a6eed04f25b998da45511ec5f9 2f2b8f96476c4b56ab671eb706f78f8f - - default default] No more DHCP agents
2026-03-01 22:22:14.706 9 WARNING neutron.api.rpc.agentnotifiers.dhcp_rpc_agent_api [None req-749b031a-2270-47aa-b6c0-b4058ac2e368 9f5d03a6eed04f25b998da45511ec5f9 2f2b8f96476c4b56ab671eb706f78f8f - - default default] Unable to schedule network da6f04f9-28d2-4224-9cbf-d4cb1587678d: no agents available; will retry on subsequent port and subnet creation events.
2026-03-01 22:22:15.114 9 INFO neutron.db.l3_db [None req-749b031a-2270-47aa-b6c0-b4058ac2e368 9f5d03a6eed04f25b998da45511ec5f9 2f2b8f96476c4b56ab671eb706f78f8f - - default default] Floating IP 6abbfeb4-ea99-44ff-bc01-5b1de5503564 associated. External IP: 10.96.250.202, port: c540a714-0baf-4c16-883f-6abedd003f37.
2026-03-01 22:22:15.321 9 INFO neutron.db.ovn_revision_numbers_db [None req-749b031a-2270-47aa-b6c0-b4058ac2e368 9f5d03a6eed04f25b998da45511ec5f9 2f2b8f96476c4b56ab671eb706f78f8f - - default default] Successfully bumped revision number for resource 6abbfeb4-ea99-44ff-bc01-5b1de5503564 (type: floatingips) to 0
2026-03-01 22:22:15.725 9 INFO neutron.db.ovn_revision_numbers_db [None req-749b031a-2270-47aa-b6c0-b4058ac2e368 9f5d03a6eed04f25b998da45511ec5f9 2f2b8f96476c4b56ab671eb706f78f8f - - default default] Successfully bumped revision number for resource 6abbfeb4-ea99-44ff-bc01-5b1de5503564 (type: floatingips) to 1
2026-03-01 22:22:15.756 9 INFO neutron.db.ovn_revision_numbers_db [None req-cf37a506-ccff-4205-b7ec-9d37816f6d5a c98bc9c1d85e4983ad974cb4cf9dd46b b6357918f73b458f9e03a5667d465a0e - - default default] Successfully bumped revision number for resource 63e3848f-4150-4016-90d3-f4866b878510 (type: security_groups) to 1
2026-03-01 22:22:15.765 9 INFO neutron.wsgi [None req-749b031a-2270-47aa-b6c0-b4058ac2e368 9f5d03a6eed04f25b998da45511ec5f9 2f2b8f96476c4b56ab671eb706f78f8f - - default default] 10.0.0.58 "POST /v2.0/floatingips HTTP/1.1" status: 201 len: 1098 time: 1.3412600
2026-03-01 22:22:15.772 9 INFO neutron.db.ovn_revision_numbers_db [None req-cf37a506-ccff-4205-b7ec-9d37816f6d5a c98bc9c1d85e4983ad974cb4cf9dd46b b6357918f73b458f9e03a5667d465a0e - - default default] Successfully bumped revision number for resource 0b2c684c-dbed-4d64-be95-3c2eb4534628 (type: security_group_rules) to 0
2026-03-01 22:22:15.792 9 INFO neutron.db.ovn_revision_numbers_db [None req-cf37a506-ccff-4205-b7ec-9d37816f6d5a c98bc9c1d85e4983ad974cb4cf9dd46b b6357918f73b458f9e03a5667d465a0e - - default default] Successfully bumped revision number for resource 511937ec-0665-40f5-a8d2-31ec30680b0c (type: security_group_rules) to 0
2026-03-01 22:22:15.806 9 INFO neutron.db.ovn_revision_numbers_db [None req-cf37a506-ccff-4205-b7ec-9d37816f6d5a c98bc9c1d85e4983ad974cb4cf9dd46b b6357918f73b458f9e03a5667d465a0e - - default default] Successfully bumped revision number for resource 529e8b12-5bf4-4187-a1c9-fcefc6fbe4f9 (type: security_group_rules) to 0
2026-03-01 22:22:15.822 9 INFO neutron.db.ovn_revision_numbers_db [None req-cf37a506-ccff-4205-b7ec-9d37816f6d5a c98bc9c1d85e4983ad974cb4cf9dd46b b6357918f73b458f9e03a5667d465a0e - - default default] Successfully bumped revision number for resource da865922-773b-4a6c-838d-cf0265eeacaf (type: security_group_rules) to 0
2026-03-01 22:22:15.846 9 INFO neutron.wsgi [None req-cf37a506-ccff-4205-b7ec-9d37816f6d5a c98bc9c1d85e4983ad974cb4cf9dd46b b6357918f73b458f9e03a5667d465a0e - - default default] 10.0.0.58 "GET /v2.0/security-groups?tenant_id=1f5e278a07a641e9bf606ef23a407952&name=default HTTP/1.1" status: 200 len: 2996 time: 0.6054740
2026-03-01 22:22:16.055 9 INFO neutron.wsgi [None req-c64dfd3c-338a-4b6b-a0c9-088c4c172476 c98bc9c1d85e4983ad974cb4cf9dd46b b6357918f73b458f9e03a5667d465a0e - - default default] 10.0.0.58 "DELETE /v2.0/security-groups/63e3848f-4150-4016-90d3-f4866b878510 HTTP/1.1" status: 204 len: 168 time: 0.2040391
2026-03-01 22:22:16.186 9 INFO neutron.wsgi [None req-f6ff9b3d-9eb0-4cc0-8188-04808b0ca503 c98bc9c1d85e4983ad974cb4cf9dd46b b6357918f73b458f9e03a5667d465a0e - - default default] 10.0.0.58 "GET /v2.0/security-groups?tenant_id=246d1090a1264015b84545094bf62053&name=default HTTP/1.1" status: 200 len: 2996 time: 0.0372393
2026-03-01 22:22:16.392 9 INFO neutron.wsgi [None req-d07a1efb-6f89-4531-8447-61e149f2acaf c98bc9c1d85e4983ad974cb4cf9dd46b b6357918f73b458f9e03a5667d465a0e - - default default] 10.0.0.58 "DELETE /v2.0/security-groups/88ea6d54-b507-4bb9-8fe2-0807c5de3a79 HTTP/1.1" status: 204 len: 168 time: 0.2001939
2026-03-01 22:22:18.052 9 INFO neutron.wsgi [req-ad2bbbc5-f336-4221-adeb-e45eb005405a req-f54b803d-76ac-4e01-b733-a831fda8b92c 4ba67d3467924d1fb088ce11cca84587 29d5748ce9534c29937f0c2b82803832 - - default default] 10.0.0.246 "GET /v2.0/ports?device_id=045ba5ba-133a-4e4c-aa72-e0de2150093e HTTP/1.1" status: 200 len: 1210 time: 0.1074708
2026-03-01 22:22:18.103 9 INFO neutron.wsgi [req-ad2bbbc5-f336-4221-adeb-e45eb005405a req-36df4b7a-477f-4e65-9397-4fd7611231a0 4ba67d3467924d1fb088ce11cca84587 29d5748ce9534c29937f0c2b82803832 - - default default] 10.0.0.246 "GET /v2.0/security-groups?id=f6ba1a0c-203e-4bbe-82b4-df0d26e0711a&id=e47bf458-702b-4af0-bc1e-630f6c00b355&fields=id&fields=name HTTP/1.1" status: 200 len: 404 time: 0.0425117
2026-03-01 22:22:18.460 9 INFO neutron.wsgi [None req-b5e6a11b-cc29-49f6-a38d-8c6127f54307 d9e989b496ea4fbaa1dbe0177d957c6d c16d1f8af2524561856c54d8b8aabec1 - - default default] 10.0.0.58 "GET /v2.0/ports?device_id=045ba5ba-133a-4e4c-aa72-e0de2150093e HTTP/1.1" status: 200 len: 1443 time: 0.3288071
2026-03-01 22:22:18.535 9 INFO neutron.wsgi [None req-2ce423ad-e352-475c-a676-c6db115b3d64 4ba67d3467924d1fb088ce11cca84587 29d5748ce9534c29937f0c2b82803832 - - default default] 10.0.0.58 "GET /v2.0/floatingips?floating_network_id=da6f04f9-28d2-4224-9cbf-d4cb1587678d&port_id=5a2ba403-984e-4bca-9edf-305d1fd92139 HTTP/1.1" status: 200 len: 1054 time: 0.0682673 /var/lib/openstack/lib/python3.10/site-packages/pycadf/identifier.py:71: UserWarning: Invalid uuid: neutron. To ensure interoperability, identifiers should be a valid uuid. warnings.warn(('Invalid uuid: %s. To ensure interoperability, '
2026-03-01 22:22:18.849 10 INFO neutron.wsgi [req-d522e8b6-8947-4e64-9829-0b873fff2c2b req-278fd900-2965-435c-b5e9-7e7a55851e96 2b0eee7b5bc54b3b85c9d6ee7ef3baec 1feb78d0d7a440eb82b4ebfd87990c1c - - d91a2fb99e694998a3b70867b3c67f90 d91a2fb99e694998a3b70867b3c67f90] 10.0.0.149 "GET /v2.0/ports?device_id=045ba5ba-133a-4e4c-aa72-e0de2150093e HTTP/1.1" status: 200 len: 1448 time: 0.0682349
2026-03-01 22:22:18.903 10 INFO neutron.wsgi [req-d522e8b6-8947-4e64-9829-0b873fff2c2b req-3c651724-1579-4aff-bf31-dbc97d5de993 2b0eee7b5bc54b3b85c9d6ee7ef3baec 1feb78d0d7a440eb82b4ebfd87990c1c - - d91a2fb99e694998a3b70867b3c67f90 d91a2fb99e694998a3b70867b3c67f90] 10.0.0.149 "GET /v2.0/security-groups?id=f6ba1a0c-203e-4bbe-82b4-df0d26e0711a&id=e47bf458-702b-4af0-bc1e-630f6c00b355&fields=id&fields=name HTTP/1.1" status: 200 len: 404 time: 0.0447593
2026-03-01 22:22:19.394 9 INFO neutron.db.ovn_revision_numbers_db [None req-0abf04d4-3b46-486c-a6bf-66645acc7664 - - - - - -] Successfully bumped revision number for resource c540a714-0baf-4c16-883f-6abedd003f37 (type: ports) to 4
2026-03-01 22:22:19.793 10 INFO neutron.wsgi [None req-618e78ac-0204-4107-bdb1-9639e6c9d2b6 820e7036784e425292742a45d69f3242 cf7a4d05f0334dc6a3c590a22c94e007 - - default default] 10.0.0.58 "POST /v2.0/qos/policies HTTP/1.1" status: 201 len: 558 time: 0.2093620
2026-03-01 22:22:19.829 10 INFO neutron.wsgi [None req-4e24445a-e0a0-40f8-9f2e-dbac99187245 820e7036784e425292742a45d69f3242 cf7a4d05f0334dc6a3c590a22c94e007 - - default default] 10.0.0.58 "PUT /v2.0/policies/52e16b44-608a-4696-8e1b-3e5b828802c1/tags HTTP/1.1" status: 200 len: 218 time: 0.0308475
2026-03-01 22:22:19.857 10 INFO neutron.wsgi [None req-48c70723-a59b-4f7f-b626-831fcaec4dae 820e7036784e425292742a45d69f3242 cf7a4d05f0334dc6a3c590a22c94e007 - - default default] 10.0.0.58 "GET /v2.0/policies/52e16b44-608a-4696-8e1b-3e5b828802c1/tags HTTP/1.1" status: 200 len: 218 time: 0.0235286
2026-03-01 22:22:19.887 10 INFO neutron.wsgi [None req-9d88502d-9228-4e37-845e-f55785616571 820e7036784e425292742a45d69f3242 cf7a4d05f0334dc6a3c590a22c94e007 - - default default] 10.0.0.58 "PUT /v2.0/policies/52e16b44-608a-4696-8e1b-3e5b828802c1/tags/green HTTP/1.1" status: 201 len: 201 time: 0.0275090
2026-03-01 22:22:19.907 10 INFO neutron.wsgi [None req-1e89af27-68c9-4ee7-aa68-075279650904 820e7036784e425292742a45d69f3242 cf7a4d05f0334dc6a3c590a22c94e007 - - default default] 10.0.0.58 "GET /v2.0/policies/52e16b44-608a-4696-8e1b-3e5b828802c1/tags HTTP/1.1" status: 200 len: 227 time: 0.0151443
2026-03-01 22:22:19.932 10 INFO neutron.wsgi [None req-999ef99f-b1ac-4688-8f5d-4c71177261cf 820e7036784e425292742a45d69f3242 cf7a4d05f0334dc6a3c590a22c94e007 - - default default] 10.0.0.58 "PUT /v2.0/policies/52e16b44-608a-4696-8e1b-3e5b828802c1/tags/red HTTP/1.1" status: 201 len: 201 time: 0.0202620
2026-03-01 22:22:19.951 10 INFO neutron.wsgi [None req-2ce1237f-e1fc-4482-a1e0-bf8faf8035b8 820e7036784e425292742a45d69f3242 cf7a4d05f0334dc6a3c590a22c94e007 - - default default] 10.0.0.58 "GET /v2.0/policies/52e16b44-608a-4696-8e1b-3e5b828802c1/tags HTTP/1.1" status: 200 len: 227 time: 0.0153673
2026-03-01 22:22:19.983 10 INFO neutron.wsgi [None req-49043f91-dac8-46ce-94f5-dfe6d4a6d934 820e7036784e425292742a45d69f3242 cf7a4d05f0334dc6a3c590a22c94e007 - - default default] 10.0.0.58 "PUT /v2.0/policies/52e16b44-608a-4696-8e1b-3e5b828802c1/tags/black.or.white HTTP/1.1" status: 201 len: 201 time: 0.0270362
2026-03-01 22:22:20.008 10 INFO neutron.wsgi [None req-16b3ba54-1a70-42c7-b18d-e4173eb7622a 820e7036784e425292742a45d69f3242 cf7a4d05f0334dc6a3c590a22c94e007 - - default default] 10.0.0.58 "GET /v2.0/policies/52e16b44-608a-4696-8e1b-3e5b828802c1/tags HTTP/1.1" status: 200 len: 245 time: 0.0209208
2026-03-01 22:22:20.049 10 INFO neutron.wsgi [None req-9b540092-b443-4cba-b8af-12566eab6a43 820e7036784e425292742a45d69f3242 cf7a4d05f0334dc6a3c590a22c94e007 - - default default] 10.0.0.58 "PUT /v2.0/policies/52e16b44-608a-4696-8e1b-3e5b828802c1/tags HTTP/1.1" status: 200 len: 230 time: 0.0362740
2026-03-01 22:22:20.074 10 INFO neutron.wsgi [None req-2b1e07ae-9318-401c-a896-3bfb88942a96 820e7036784e425292742a45d69f3242 cf7a4d05f0334dc6a3c590a22c94e007 - - default default] 10.0.0.58 "GET /v2.0/policies/52e16b44-608a-4696-8e1b-3e5b828802c1/tags HTTP/1.1" status: 200 len: 230 time: 0.0206709
2026-03-01 22:22:20.100 10 INFO neutron.wsgi [None req-c5fe0136-f108-4727-9305-8ecf3782567b 820e7036784e425292742a45d69f3242 cf7a4d05f0334dc6a3c590a22c94e007 - - default default] 10.0.0.58 "GET /v2.0/policies/52e16b44-608a-4696-8e1b-3e5b828802c1/tags/red HTTP/1.1" status: 204 len: 168 time: 0.0210257
2026-03-01 22:22:20.132 9 INFO neutron.api.v2.resource [None req-1ba3e8f2-6048-41af-b709-0c1ae0bcd0e6 820e7036784e425292742a45d69f3242 cf7a4d05f0334dc6a3c590a22c94e007 - - default default] show failed (client error): The resource could not be found.
2026-03-01 22:22:20.134 9 INFO neutron.wsgi [None req-1ba3e8f2-6048-41af-b709-0c1ae0bcd0e6 820e7036784e425292742a45d69f3242 cf7a4d05f0334dc6a3c590a22c94e007 - - default default] 10.0.0.58 "GET /v2.0/policies/52e16b44-608a-4696-8e1b-3e5b828802c1/tags/green HTTP/1.1" status: 404 len: 299 time: 0.0281551
2026-03-01 22:22:20.149 10 INFO neutron.wsgi [None req-9961d639-2fa0-486b-b720-889ebc83d888 c98bc9c1d85e4983ad974cb4cf9dd46b b6357918f73b458f9e03a5667d465a0e - - default default] 199.204.45.156 "GET /v2.0/extensions/security-group HTTP/1.1" status: 200 len: 369 time: 0.0589006
2026-03-01 22:22:20.160 10 INFO neutron.wsgi [None req-2dce298e-9731-4326-ad74-3323b54f2815 c98bc9c1d85e4983ad974cb4cf9dd46b b6357918f73b458f9e03a5667d465a0e - - default default] 199.204.45.156 "GET /v2.0/extensions/dns-integration HTTP/1.1" status: 200 len: 371 time: 0.0041809
2026-03-01 22:22:20.168 10 INFO neutron.wsgi [None req-9fde1892-94f8-42f9-9f65-07d4a3ab1e88 c98bc9c1d85e4983ad974cb4cf9dd46b b6357918f73b458f9e03a5667d465a0e - - default default] 199.204.45.156 "GET /v2.0/extensions/qos HTTP/1.1" status: 200 len: 365 time: 0.0039663
2026-03-01 22:22:20.171 9 INFO neutron.wsgi [None req-5c9ac8c4-92f9-4ba5-9f34-e2b39c27af68 820e7036784e425292742a45d69f3242 cf7a4d05f0334dc6a3c590a22c94e007 - - default default] 10.0.0.58 "DELETE /v2.0/policies/52e16b44-608a-4696-8e1b-3e5b828802c1/tags/red HTTP/1.1" status: 204 len: 168 time: 0.0321987
2026-03-01 22:22:20.177 10 INFO neutron.wsgi [None req-c638f150-4a54-45d9-9641-4d807f62d563 c98bc9c1d85e4983ad974cb4cf9dd46b b6357918f73b458f9e03a5667d465a0e - - default default] 199.204.45.156 "GET /v2.0/extensions/allowed-address-pairs HTTP/1.1" status: 200 len: 383 time: 0.0043554
2026-03-01 22:22:20.225 9 INFO neutron.wsgi [None req-34e340a4-d088-4e82-933d-5a1e3dd4635a 820e7036784e425292742a45d69f3242 cf7a4d05f0334dc6a3c590a22c94e007 - - default default] 10.0.0.58 "GET /v2.0/policies/52e16b44-608a-4696-8e1b-3e5b828802c1/tags HTTP/1.1" status: 200 len: 223 time: 0.0476751
2026-03-01 22:22:20.253 9 INFO neutron.api.v2.resource [None req-3929dc76-c83e-4af4-8820-961cd6b7265f 820e7036784e425292742a45d69f3242 cf7a4d05f0334dc6a3c590a22c94e007 - - default default] delete failed (client error): The resource could not be found.
2026-03-01 22:22:20.255 9 INFO neutron.wsgi [None req-3929dc76-c83e-4af4-8820-961cd6b7265f 820e7036784e425292742a45d69f3242 cf7a4d05f0334dc6a3c590a22c94e007 - - default default] 10.0.0.58 "DELETE /v2.0/policies/52e16b44-608a-4696-8e1b-3e5b828802c1/tags/green HTTP/1.1" status: 404 len: 299 time: 0.0255547
2026-03-01 22:22:20.294 9 INFO neutron.wsgi [None req-1c2ff7f3-9608-45d1-b5e0-3f107217d983 820e7036784e425292742a45d69f3242 cf7a4d05f0334dc6a3c590a22c94e007 - - default default] 10.0.0.58 "DELETE /v2.0/policies/52e16b44-608a-4696-8e1b-3e5b828802c1/tags HTTP/1.1" status: 204 len: 168 time: 0.0340726
2026-03-01 22:22:20.303 10 INFO neutron.api.v2.resource [None req-7f59f2c4-0aee-4548-8aa3-78a87186b1e4 c98bc9c1d85e4983ad974cb4cf9dd46b b6357918f73b458f9e03a5667d465a0e - - default default] show failed (client error): The resource could not be found.
2026-03-01 22:22:20.304 10 INFO neutron.wsgi [None req-7f59f2c4-0aee-4548-8aa3-78a87186b1e4 c98bc9c1d85e4983ad974cb4cf9dd46b b6357918f73b458f9e03a5667d465a0e - - default default] 199.204.45.156 "GET /v2.0/security-groups/lb-13da9f9d-0373-4aa4-8f3a-31c1817aa7a2 HTTP/1.1" status: 404 len: 355 time: 0.0156162
2026-03-01 22:22:20.316 9 INFO neutron.wsgi [None req-6470310c-b27c-44ec-a5ad-5507af31749e 820e7036784e425292742a45d69f3242 cf7a4d05f0334dc6a3c590a22c94e007 - - default default] 10.0.0.58 "GET /v2.0/policies/52e16b44-608a-4696-8e1b-3e5b828802c1/tags HTTP/1.1" status: 200 len: 205 time: 0.0171330
2026-03-01 22:22:20.325 9 INFO neutron.wsgi [-] 10.0.0.114 "GET / HTTP/1.1" status: 200 len: 247 time: 0.0075314
2026-03-01 22:22:20.327 10 INFO neutron.wsgi [-] 10.0.0.114 "GET / HTTP/1.1" status: 200 len: 247 time: 0.0026951
2026-03-01 22:22:20.356 10 INFO neutron.wsgi [None req-131afd69-4ca4-4345-8681-407d33a6a233 c98bc9c1d85e4983ad974cb4cf9dd46b b6357918f73b458f9e03a5667d465a0e - - default default] 199.204.45.156 "GET /v2.0/security-groups?name=lb-13da9f9d-0373-4aa4-8f3a-31c1817aa7a2 HTTP/1.1" status: 200 len: 1775 time: 0.0467377
2026-03-01 22:22:20.392 10 INFO neutron.wsgi [None req-24441e4f-5642-40e5-93bb-feedea69de90 c98bc9c1d85e4983ad974cb4cf9dd46b b6357918f73b458f9e03a5667d465a0e - - default default] 199.204.45.156 "GET /v2.0/security-group-rules?security_group_id=ea0999ba-e064-4dab-84dc-e7d02137573e HTTP/1.1" status: 200 len: 1318 time: 0.0281298
2026-03-01 22:22:20.433 9 INFO neutron.wsgi [None req-cf42a60e-03fb-4413-ac8d-b34a8eb96462 820e7036784e425292742a45d69f3242 cf7a4d05f0334dc6a3c590a22c94e007 - - default default] 10.0.0.58 "DELETE /v2.0/qos/policies/52e16b44-608a-4696-8e1b-3e5b828802c1 HTTP/1.1" status: 204 len: 168 time: 0.1024656
2026-03-01 22:22:20.501 10 INFO neutron.db.ovn_revision_numbers_db [None req-3402b472-7228-4135-a0c0-757984733610 c98bc9c1d85e4983ad974cb4cf9dd46b b6357918f73b458f9e03a5667d465a0e - - default default] Successfully bumped revision number for resource f76be9e3-191b-42e2-ac1e-878510aea00a (type: security_group_rules) to 0
2026-03-01 22:22:20.524 10 INFO neutron.wsgi [None req-3402b472-7228-4135-a0c0-757984733610 c98bc9c1d85e4983ad974cb4cf9dd46b b6357918f73b458f9e03a5667d465a0e - - default default] 199.204.45.156 "POST /v2.0/security-group-rules HTTP/1.1" status: 201 len: 769 time: 0.1233318
2026-03-01 22:22:20.670 10 INFO neutron.db.ovn_revision_numbers_db [None req-f02e92d2-26d3-4018-9682-5caad52b3503 c98bc9c1d85e4983ad974cb4cf9dd46b b6357918f73b458f9e03a5667d465a0e - - default default] Successfully bumped revision number for resource b8aadce3-4680-4a5e-acde-0f3d19285679 (type: security_group_rules) to 0
2026-03-01 22:22:20.691 10 INFO neutron.wsgi [None req-f02e92d2-26d3-4018-9682-5caad52b3503 c98bc9c1d85e4983ad974cb4cf9dd46b b6357918f73b458f9e03a5667d465a0e - - default default] 199.204.45.156 "POST /v2.0/security-group-rules HTTP/1.1" status: 201 len: 773 time: 0.1618083
2026-03-01 22:22:20.998 9 INFO neutron.plugins.ml2.drivers.ovn.mech_driver.mech_driver [None req-d554d607-ce5f-403f-952d-8fb1bb266bc6 - - - - - -] OVN reports status down for port: 5a2ba403-984e-4bca-9edf-305d1fd92139
2026-03-01 22:22:21.054 10 INFO neutron.wsgi [req-d8b5f940-c235-4486-8e59-2934aa0ef1fa req-f8a9d049-e0f5-4458-98b8-0cb6fc85e64a 4ba67d3467924d1fb088ce11cca84587 29d5748ce9534c29937f0c2b82803832 - - default default] 10.0.0.246 "GET /v2.0/ports?device_id=045ba5ba-133a-4e4c-aa72-e0de2150093e HTTP/1.1" status: 200 len: 1210 time: 0.1411138
2026-03-01 22:22:21.154 10 INFO neutron.wsgi [req-d8b5f940-c235-4486-8e59-2934aa0ef1fa req-86ccf1ff-bc4e-4cc5-81ec-abdeab420dd1 4ba67d3467924d1fb088ce11cca84587 29d5748ce9534c29937f0c2b82803832 - - default default] 10.0.0.246 "GET /v2.0/security-groups?id=f6ba1a0c-203e-4bbe-82b4-df0d26e0711a&id=e47bf458-702b-4af0-bc1e-630f6c00b355&fields=id&fields=name HTTP/1.1" status: 200 len: 404 time: 0.0844693
2026-03-01 22:22:21.193 9 INFO neutron.notifiers.nova [-] Nova event matching ['req-28f082b1-36f3-41f7-a503-751639d6fc1d'] response: {'server_uuid': '045ba5ba-133a-4e4c-aa72-e0de2150093e', 'name': 'network-vif-unplugged', 'status': 'completed', 'tag': '5a2ba403-984e-4bca-9edf-305d1fd92139', 'code': 200}
2026-03-01 22:22:21.374 9 INFO neutron.wsgi [req-cfbbe8f9-4ec5-4961-9ebf-e09db7c4cd3e req-cd0532cf-cd35-419a-9663-66b6e27bd2d7 4ba67d3467924d1fb088ce11cca84587 29d5748ce9534c29937f0c2b82803832 - - default default] 199.204.45.156 "GET /v2.0/ports?device_id=045ba5ba-133a-4e4c-aa72-e0de2150093e HTTP/1.1" status: 200 len: 1208 time: 0.0822289
2026-03-01 22:22:21.422 9 INFO neutron.wsgi [None req-fe114549-74fe-49ed-9355-7ec76242617b c98bc9c1d85e4983ad974cb4cf9dd46b b6357918f73b458f9e03a5667d465a0e - - default default] 10.0.0.191 "GET /v2.0/security-groups HTTP/1.1" status: 200 len: 43619 time: 0.3311009
2026-03-01 22:22:21.505 9 INFO neutron.db.ovn_revision_numbers_db [None req-d554d607-ce5f-403f-952d-8fb1bb266bc6 - - - - - -] Successfully bumped revision number for resource 5a2ba403-984e-4bca-9edf-305d1fd92139 (type: ports) to 5
2026-03-01 22:22:21.514 9 INFO neutron.wsgi [None req-a95adbf8-e2d3-431b-b671-c6df07bebcdb c98bc9c1d85e4983ad974cb4cf9dd46b b6357918f73b458f9e03a5667d465a0e - - default default] 10.0.0.191 "GET /v2.0/floatingips HTTP/1.1" status: 200 len: 3605 time: 0.0744257
2026-03-01 22:22:21.568 10 INFO neutron.db.ovn_revision_numbers_db [None req-16128dc1-d430-4e99-abde-67b0a9e4a1ad c98bc9c1d85e4983ad974cb4cf9dd46b b6357918f73b458f9e03a5667d465a0e - - default default] Successfully bumped revision number for resource 4827dc49-3c7e-40d1-a9da-29fa816317f2 (type: security_groups) to 1
2026-03-01 22:22:21.583 10 INFO neutron.db.ovn_revision_numbers_db [None req-16128dc1-d430-4e99-abde-67b0a9e4a1ad c98bc9c1d85e4983ad974cb4cf9dd46b b6357918f73b458f9e03a5667d465a0e - - default default] Successfully bumped revision number for resource 19f76358-3403-4854-bfc4-39e442d500bc (type: security_group_rules) to 0
2026-03-01 22:22:21.605 10 INFO neutron.db.ovn_revision_numbers_db [None req-16128dc1-d430-4e99-abde-67b0a9e4a1ad c98bc9c1d85e4983ad974cb4cf9dd46b b6357918f73b458f9e03a5667d465a0e - - default default] Successfully bumped revision number for resource 1bc4861d-f730-4528-8edd-5a58d0ddf528 (type: security_group_rules) to 0
2026-03-01 22:22:21.625 10 INFO neutron.db.ovn_revision_numbers_db [None req-16128dc1-d430-4e99-abde-67b0a9e4a1ad c98bc9c1d85e4983ad974cb4cf9dd46b b6357918f73b458f9e03a5667d465a0e - - default default] Successfully bumped revision number for resource 6f9ca4b3-5f78-441c-a0bb-e54982ee8613 (type: security_group_rules) to 0
2026-03-01 22:22:21.638 10 INFO neutron.db.ovn_revision_numbers_db [None req-16128dc1-d430-4e99-abde-67b0a9e4a1ad c98bc9c1d85e4983ad974cb4cf9dd46b b6357918f73b458f9e03a5667d465a0e - - default default] Successfully bumped revision number for resource a1c85fec-6b2d-47b0-aee4-5100cead8daf (type: security_group_rules) to 0
2026-03-01 22:22:21.664 10 INFO neutron.wsgi [None req-16128dc1-d430-4e99-abde-67b0a9e4a1ad c98bc9c1d85e4983ad974cb4cf9dd46b b6357918f73b458f9e03a5667d465a0e - - default default] 10.0.0.58 "GET /v2.0/security-groups?tenant_id=eb6e6eb08a614787bdc18e50c3f78bdc&name=default HTTP/1.1" status: 200 len: 2996 time: 0.4672821
2026-03-01 22:22:21.676 9 INFO neutron.wsgi [None req-0eb6258d-c097-44d5-9f1e-68e701cac43c c98bc9c1d85e4983ad974cb4cf9dd46b b6357918f73b458f9e03a5667d465a0e - - default default] 10.0.0.191 "GET /v2.0/ports HTTP/1.1" status: 200 len: 30885 time: 0.1553431 /var/lib/openstack/lib/python3.10/site-packages/pycadf/identifier.py:71: UserWarning: Invalid uuid: neutron. To ensure interoperability, identifiers should be a valid uuid. warnings.warn(('Invalid uuid: %s. To ensure interoperability, '
2026-03-01 22:22:21.712 9 INFO neutron.wsgi [None req-4db78639-73d2-40b9-8863-c94e4c6f613b c98bc9c1d85e4983ad974cb4cf9dd46b b6357918f73b458f9e03a5667d465a0e - - default default] 10.0.0.191 "GET /v2.0/agents HTTP/1.1" status: 200 len: 997 time: 0.0168347
2026-03-01 22:22:21.795 9 INFO neutron.wsgi [None req-82a9ede6-f64d-4da6-9477-8947310d1b9e c98bc9c1d85e4983ad974cb4cf9dd46b b6357918f73b458f9e03a5667d465a0e - - default default] 10.0.0.191 "GET /v2.0/subnets HTTP/1.1" status: 200 len: 6801 time: 0.0810275
2026-03-01 22:22:21.818 9 INFO neutron.wsgi [None req-13c7bb54-a2fa-417c-a17f-a3a0bc305bb6 c98bc9c1d85e4983ad974cb4cf9dd46b b6357918f73b458f9e03a5667d465a0e - - default default] 10.0.0.191 "GET /v2.0/subnetpools HTTP/1.1" status: 200 len: 193 time: 0.0131137
2026-03-01 22:22:21.888 10 INFO neutron.wsgi [None req-e1e04bae-ddcd-4c38-a9c0-8141225b22bd c98bc9c1d85e4983ad974cb4cf9dd46b b6357918f73b458f9e03a5667d465a0e - - default default] 10.0.0.58 "DELETE /v2.0/security-groups/4827dc49-3c7e-40d1-a9da-29fa816317f2 HTTP/1.1" status: 204 len: 168 time: 0.2136962
2026-03-01 22:22:21.915 9 INFO neutron.wsgi [None req-ab5dc0ed-1b74-425d-a03a-710d6e75d90d c98bc9c1d85e4983ad974cb4cf9dd46b b6357918f73b458f9e03a5667d465a0e - - default default] 10.0.0.191 "GET /v2.0/routers HTTP/1.1" status: 200 len: 2192 time: 0.0971422
2026-03-01 22:22:21.932 9 INFO neutron.wsgi [None req-2f9bbcd0-1705-4551-bc6c-e99a36c0f242 c98bc9c1d85e4983ad974cb4cf9dd46b b6357918f73b458f9e03a5667d465a0e - - default default] 10.0.0.191 "GET /v2.0/agents?binary=ovn-controller HTTP/1.1" status: 200 len: 591 time: 0.0153770
2026-03-01 22:22:21.963 9 INFO neutron.wsgi [None req-a933edaf-fcd8-4118-9674-305f13d13d1a c98bc9c1d85e4983ad974cb4cf9dd46b b6357918f73b458f9e03a5667d465a0e - - default default] 10.0.0.191 "GET /v2.0/network-ip-availabilities HTTP/1.1" status: 200 len: 4302 time: 0.0273392
2026-03-01 22:22:22.001 9 INFO neutron.db.l3_db [req-cfbbe8f9-4ec5-4961-9ebf-e09db7c4cd3e req-1c7a93f7-1a77-4e40-86bb-0931339905e8 4ba67d3467924d1fb088ce11cca84587 29d5748ce9534c29937f0c2b82803832 - - default default] Floating IP 2b8123d2-dd80-4141-9567-f16cb04b5787 disassociated. External IP: 10.96.250.209, port: 5a2ba403-984e-4bca-9edf-305d1fd92139. /var/lib/openstack/lib/python3.10/site-packages/pycadf/identifier.py:71: UserWarning: Invalid uuid: neutron. To ensure interoperability, identifiers should be a valid uuid. warnings.warn(('Invalid uuid: %s. To ensure interoperability, '
2026-03-01 22:22:22.080 9 INFO neutron.wsgi [None req-791afbd6-9bed-4c97-890a-2ee1b704ec48 c98bc9c1d85e4983ad974cb4cf9dd46b b6357918f73b458f9e03a5667d465a0e - - default default] 10.0.0.191 "GET /v2.0/networks HTTP/1.1" status: 200 len: 6235 time: 0.1150095
2026-03-01 22:22:22.153 9 INFO neutron.wsgi [None req-3fcd8103-28f4-4564-bce0-83a379bafe5b c98bc9c1d85e4983ad974cb4cf9dd46b b6357918f73b458f9e03a5667d465a0e - - default default] 10.0.0.191 "GET /v2.0/subnets HTTP/1.1" status: 200 len: 6801 time: 0.0506766
2026-03-01 22:22:22.202 10 INFO neutron.db.ovn_revision_numbers_db [None req-3cdb2d88-81b6-4e28-ad90-5c02acda436c c98bc9c1d85e4983ad974cb4cf9dd46b b6357918f73b458f9e03a5667d465a0e - - default default] Successfully bumped revision number for resource 4aa5aad2-e700-43cc-a660-24aa5d1bd6b2 (type: security_groups) to 1
2026-03-01 22:22:22.215 10 INFO neutron.db.ovn_revision_numbers_db [None req-3cdb2d88-81b6-4e28-ad90-5c02acda436c c98bc9c1d85e4983ad974cb4cf9dd46b b6357918f73b458f9e03a5667d465a0e - - default default] Successfully bumped revision number for resource 1ac7acb0-341e-42c0-8ee8-e03d60cba6a9 (type: security_group_rules) to 0
2026-03-01 22:22:22.227 10 INFO neutron.db.ovn_revision_numbers_db [None req-3cdb2d88-81b6-4e28-ad90-5c02acda436c c98bc9c1d85e4983ad974cb4cf9dd46b b6357918f73b458f9e03a5667d465a0e - - default default] Successfully bumped revision number for resource 41e1f2cb-5e5f-4f0e-81ea-5661f1777cd8 (type: security_group_rules) to 0
2026-03-01 22:22:22.251 10 INFO neutron.db.ovn_revision_numbers_db [None req-3cdb2d88-81b6-4e28-ad90-5c02acda436c c98bc9c1d85e4983ad974cb4cf9dd46b b6357918f73b458f9e03a5667d465a0e - - default default] Successfully bumped revision number for resource 6645c697-d0fe-4c58-b47b-1899c50f99be (type: security_group_rules) to 0
2026-03-01 22:22:22.261 9 INFO neutron.wsgi [req-a1b25bcd-a6a8-4471-9321-67e5bb7968bd req-41beb247-b416-4504-9a8a-20bb24ebb33a 4ba67d3467924d1fb088ce11cca84587 29d5748ce9534c29937f0c2b82803832 - - default default] 10.0.0.246 "GET /v2.0/ports?device_id=045ba5ba-133a-4e4c-aa72-e0de2150093e HTTP/1.1" status: 200 len: 210 time: 0.0253155
2026-03-01 22:22:22.266 10 INFO neutron.db.ovn_revision_numbers_db [None req-3cdb2d88-81b6-4e28-ad90-5c02acda436c c98bc9c1d85e4983ad974cb4cf9dd46b b6357918f73b458f9e03a5667d465a0e - - default default] Successfully bumped revision number for resource fed05473-81e4-4e8d-9414-00c4b12f227f (type: security_group_rules) to 0
2026-03-01 22:22:22.270 9 INFO neutron.wsgi [req-cfbbe8f9-4ec5-4961-9ebf-e09db7c4cd3e req-1c7a93f7-1a77-4e40-86bb-0931339905e8 4ba67d3467924d1fb088ce11cca84587 29d5748ce9534c29937f0c2b82803832 - - default default] 199.204.45.156 "DELETE /v2.0/ports/5a2ba403-984e-4bca-9edf-305d1fd92139 HTTP/1.1" status: 204 len: 173 time: 0.8888824
2026-03-01 22:22:22.290 10 INFO neutron.wsgi [None req-3cdb2d88-81b6-4e28-ad90-5c02acda436c c98bc9c1d85e4983ad974cb4cf9dd46b b6357918f73b458f9e03a5667d465a0e - - default default] 10.0.0.58 "GET /v2.0/security-groups?tenant_id=cf7a4d05f0334dc6a3c590a22c94e007&name=default HTTP/1.1" status: 200 len: 2996 time: 0.2384472
2026-03-01 22:22:22.525 10 INFO neutron.wsgi [None req-7b5491e1-42bc-43ef-a2cf-1968aed5454b c98bc9c1d85e4983ad974cb4cf9dd46b b6357918f73b458f9e03a5667d465a0e - - default default] 10.0.0.58 "DELETE /v2.0/security-groups/4aa5aad2-e700-43cc-a660-24aa5d1bd6b2 HTTP/1.1" status: 204 len: 168 time: 0.2302527
2026-03-01 22:22:22.574 10 INFO neutron.wsgi [req-806c61a3-38bf-4d4a-a9f8-4657e4be8b39 req-c715d4be-cbf0-4a3b-ad6b-5e542ce2ae5f c98bc9c1d85e4983ad974cb4cf9dd46b b6357918f73b458f9e03a5667d465a0e - - default default] 10.0.0.246 "GET /v2.0/ports?device_id=045ba5ba-133a-4e4c-aa72-e0de2150093e&device_id=8f06dd68-0978-4644-8d83-f722b56ed2ad&device_id=07652782-316a-4790-8523-7c01c87e9792&device_id=7ee40e6f-2205-41dc-9ee7-8f3b17a29272 HTTP/1.1" status: 200 len: 5566 time: 0.0477703
2026-03-01 22:22:22.629 10 INFO neutron.wsgi [req-806c61a3-38bf-4d4a-a9f8-4657e4be8b39 req-8c47264e-a610-42b8-96eb-39a3b0b7ee8a c98bc9c1d85e4983ad974cb4cf9dd46b b6357918f73b458f9e03a5667d465a0e - - default default] 10.0.0.246 "GET /v2.0/security-groups?id=856a9e16-a02d-4f97-95ce-01a55711cad0&id=c3755f1a-55ef-4889-8eec-b383eb3dd751&id=ea0999ba-e064-4dab-84dc-e7d02137573e&fields=id&fields=name HTTP/1.1" status: 200 len: 484 time: 0.0455821
2026-03-01 22:22:23.442 9 INFO neutron.notifiers.nova [-] Nova event matching ['req-50083ef6-5be2-4be9-b934-603f24ed0373'] response: {'server_uuid': '045ba5ba-133a-4e4c-aa72-e0de2150093e', 'name': 'network-vif-plugged', 'status': 'completed', 'tag': '5a2ba403-984e-4bca-9edf-305d1fd92139', 'code': 200}
2026-03-01 22:22:23.442 9 INFO neutron.notifiers.nova [-] Nova event matching ['req-50083ef6-5be2-4be9-b934-603f24ed0373'] response: {'server_uuid': '045ba5ba-133a-4e4c-aa72-e0de2150093e', 'name': 'network-vif-deleted', 'tag': '5a2ba403-984e-4bca-9edf-305d1fd92139', 'status': 'completed', 'code': 200}
2026-03-01 22:22:23.556 9 INFO neutron.wsgi [None req-cc24a385-cdcb-4218-a065-cc0471282e22 4ba67d3467924d1fb088ce11cca84587 29d5748ce9534c29937f0c2b82803832 - - default default] 10.0.0.58 "DELETE /v2.0/security-groups/f6ba1a0c-203e-4bbe-82b4-df0d26e0711a HTTP/1.1" status: 204 len: 168 time: 0.1267848
2026-03-01 22:22:23.573 10 INFO neutron.api.v2.resource [None req-d5be500a-814b-40a3-86d0-883f5e3ad007 4ba67d3467924d1fb088ce11cca84587 29d5748ce9534c29937f0c2b82803832 - - default default] show failed (client error): The resource could not be found.
2026-03-01 22:22:23.574 10 INFO neutron.wsgi [None req-d5be500a-814b-40a3-86d0-883f5e3ad007 4ba67d3467924d1fb088ce11cca84587 29d5748ce9534c29937f0c2b82803832 - - default default] 10.0.0.58 "GET /v2.0/security-groups/f6ba1a0c-203e-4bbe-82b4-df0d26e0711a HTTP/1.1" status: 404 len: 347 time: 0.0120168
