2026-03-01 22:19:57.776 9 INFO neutron.wsgi [req-309ae7bd-aac3-4aeb-b270-d6fecc692c5a req-63d8cbaf-25aa-4c1c-a8c3-c3706cefd35c 2b0eee7b5bc54b3b85c9d6ee7ef3baec 1feb78d0d7a440eb82b4ebfd87990c1c - - d91a2fb99e694998a3b70867b3c67f90 d91a2fb99e694998a3b70867b3c67f90] 199.204.45.156 "GET /v2.0/ports?network_id=6ed42e15-cd6a-4bff-8402-40c0782c311f&device_owner=network%3Adhcp HTTP/1.1" status: 200 len: 210 time: 0.0154841
2026-03-01 22:19:57.796 9 INFO neutron.wsgi [None req-d61103c7-ad8a-4e2b-a787-58c56bb0784e a8c6116e336b4590be401b775db6fb31 6ffd0a97b0cc4fe698336066950216c9 - - default default] 10.0.0.58 "POST /v2.0/networks HTTP/1.1" status: 201 len: 828 time: 1.0910819
2026-03-01 22:19:57.812 10 WARNING neutron_lib.context [None req-336d00e5-4148-4c4b-8aea-2f830914d9c8 a8c6116e336b4590be401b775db6fb31 6ffd0a97b0cc4fe698336066950216c9 - - default default] Method 'is_advsvc' is deprecated since 2023.2 release (neutron-lib 3.8.0) and will be removed once support for the old RBAC API policies will be removed from Neutron. Please use method 'is_service_role' instead.
2026-03-01 22:19:57.834 9 INFO neutron.wsgi [req-309ae7bd-aac3-4aeb-b270-d6fecc692c5a req-780c36e6-0887-47ea-aed0-6866a4dc0105 2b0eee7b5bc54b3b85c9d6ee7ef3baec 1feb78d0d7a440eb82b4ebfd87990c1c - - d91a2fb99e694998a3b70867b3c67f90 d91a2fb99e694998a3b70867b3c67f90] 199.204.45.156 "GET /v2.0/networks/6ed42e15-cd6a-4bff-8402-40c0782c311f?fields=segments HTTP/1.1" status: 200 len: 212 time: 0.0516443
2026-03-01 22:19:57.902 9 INFO neutron.wsgi [req-309ae7bd-aac3-4aeb-b270-d6fecc692c5a req-675e6d17-437b-46f8-a0f2-922d922eb00d 2b0eee7b5bc54b3b85c9d6ee7ef3baec 1feb78d0d7a440eb82b4ebfd87990c1c - - d91a2fb99e694998a3b70867b3c67f90 d91a2fb99e694998a3b70867b3c67f90] 199.204.45.156 "GET /v2.0/networks/6ed42e15-cd6a-4bff-8402-40c0782c311f?fields=provider%3Aphysical_network&fields=provider%3Anetwork_type HTTP/1.1" status: 200 len: 277 time: 0.0600700
2026-03-01 22:19:57.903 10 INFO neutron.db.segments_db [None req-336d00e5-4148-4c4b-8aea-2f830914d9c8 a8c6116e336b4590be401b775db6fb31 6ffd0a97b0cc4fe698336066950216c9 - - default default] Added segment 4c2531e4-c70e-4c9b-988e-32d28a8c649e of type geneve for network 9e5b6a41-7feb-444c-b9ee-b429c528ce38
2026-03-01 22:19:58.070 10 INFO neutron.db.ovn_revision_numbers_db [None req-336d00e5-4148-4c4b-8aea-2f830914d9c8 a8c6116e336b4590be401b775db6fb31 6ffd0a97b0cc4fe698336066950216c9 - - default default] Successfully bumped revision number for resource 9e5b6a41-7feb-444c-b9ee-b429c528ce38 (type: networks) to 1
2026-03-01 22:19:58.124 9 INFO neutron.wsgi [None req-37e28de2-cd0f-4af8-a302-cee84cc8691f c98bc9c1d85e4983ad974cb4cf9dd46b b6357918f73b458f9e03a5667d465a0e - - default default] 10.0.0.58 "GET /v2.0/security-groups?tenant_id=ca62dfb977c443d79618f38ed6ad292f&name=default HTTP/1.1" status: 200 len: 2996 time: 0.1933527
2026-03-01 22:19:58.268 10 WARNING neutron.scheduler.dhcp_agent_scheduler [None req-336d00e5-4148-4c4b-8aea-2f830914d9c8 a8c6116e336b4590be401b775db6fb31 6ffd0a97b0cc4fe698336066950216c9 - - default default] No more DHCP agents
2026-03-01 22:19:58.270 10 WARNING neutron.api.rpc.agentnotifiers.dhcp_rpc_agent_api [None req-336d00e5-4148-4c4b-8aea-2f830914d9c8 a8c6116e336b4590be401b775db6fb31 6ffd0a97b0cc4fe698336066950216c9 - - default default] Unable to schedule network 9e5b6a41-7feb-444c-b9ee-b429c528ce38: no agents available; will retry on subsequent port and subnet creation events.
2026-03-01 22:19:58.282 10 INFO neutron.services.segments.plugin [-] Segment d20dab93-d92e-44d8-9288-bf57b62f2229 resource provider aggregate not found
2026-03-01 22:19:58.301 10 INFO neutron.services.segments.plugin [-] Segment d20dab93-d92e-44d8-9288-bf57b62f2229 resource provider aggregate not found
2026-03-01 22:19:58.306 10 INFO neutron.services.segments.plugin [-] Segment d20dab93-d92e-44d8-9288-bf57b62f2229 resource provider not found; error: Placement Client Error (4xx): {"errors": [{"status": 404, "title": "Not Found", "detail": "The resource could not be found.\n\n No resource provider with uuid d20dab93-d92e-44d8-9288-bf57b62f2229 found for delete ", "request_id": "req-8c6845b4-46bb-466c-bf0d-282a88e85b97"}]}
2026-03-01 22:19:58.319 9 INFO neutron.services.segments.plugin [-] Segment 348b3abd-53d4-4106-abf0-0904660a6008 resource provider aggregate not found
2026-03-01 22:19:58.329 10 INFO neutron.services.segments.plugin [-] Segment d20dab93-d92e-44d8-9288-bf57b62f2229 resource provider not found; error: Placement Client Error (4xx): {"errors": [{"status": 404, "title": "Not Found", "detail": "The resource could not be found.\n\n No resource provider with uuid d20dab93-d92e-44d8-9288-bf57b62f2229 found for delete ", "request_id": "req-3143335d-5f0b-402a-a674-64a3f4d1c2f0"}]}
2026-03-01 22:19:58.341 9 INFO neutron.services.segments.plugin [-] Segment 348b3abd-53d4-4106-abf0-0904660a6008 resource provider not found; error: Placement Client Error (4xx): {"errors": [{"status": 404, "title": "Not Found", "detail": "The resource could not be found.\n\n No resource provider with uuid 348b3abd-53d4-4106-abf0-0904660a6008 found for delete ", "request_id": "req-2331fe1b-625b-46b7-ae84-7e2681c8ef4d"}]}
2026-03-01 22:19:58.345 9 INFO neutron.wsgi [None req-ab6689b5-932a-4d58-a17d-5a3691f6c010 c98bc9c1d85e4983ad974cb4cf9dd46b b6357918f73b458f9e03a5667d465a0e - - default default] 10.0.0.58 "DELETE /v2.0/security-groups/a7e1d16a-6780-4e9c-8e2b-c47c364f88f9 HTTP/1.1" status: 204 len: 168 time: 0.2138963
2026-03-01 22:19:58.356 9 INFO neutron.services.segments.plugin [-] Segment 348b3abd-53d4-4106-abf0-0904660a6008 resource provider aggregate not found
2026-03-01 22:19:58.374 9 INFO neutron.services.segments.plugin [-] Segment 348b3abd-53d4-4106-abf0-0904660a6008 resource provider not found; error: Placement Client Error (4xx): {"errors": [{"status": 404, "title": "Not Found", "detail": "The resource could not be found.\n\n No resource provider with uuid 348b3abd-53d4-4106-abf0-0904660a6008 found for delete ", "request_id": "req-9c6623b6-b1cd-409b-9b1a-491190e652ad"}]}
2026-03-01 22:19:58.386 10 INFO neutron.db.ovn_revision_numbers_db [None req-336d00e5-4148-4c4b-8aea-2f830914d9c8 a8c6116e336b4590be401b775db6fb31 6ffd0a97b0cc4fe698336066950216c9 - - default default] Successfully bumped revision number for resource f02ca9e6-dbe1-486c-835c-4be59da9e95b (type: ports) to 1
2026-03-01 22:19:58.419 10 INFO neutron.wsgi [None req-336d00e5-4148-4c4b-8aea-2f830914d9c8 a8c6116e336b4590be401b775db6fb31 6ffd0a97b0cc4fe698336066950216c9 - - default default] 10.0.0.58 "POST /v2.0/networks HTTP/1.1" status: 201 len: 828 time: 0.6120403
2026-03-01 22:19:58.433 9 WARNING neutron_lib.context [None req-8655609f-9747-453c-8d7b-63bd2b99ab94 a8c6116e336b4590be401b775db6fb31 6ffd0a97b0cc4fe698336066950216c9 - - default default] Method 'is_advsvc' is deprecated since 2023.2 release (neutron-lib 3.8.0) and will be removed once support for the old RBAC API policies will be removed from Neutron. Please use method 'is_service_role' instead.
2026-03-01 22:19:58.552 10 INFO neutron.db.ovn_revision_numbers_db [None req-d5e75d6e-a5af-4275-b45b-476f08a4a497 c98bc9c1d85e4983ad974cb4cf9dd46b b6357918f73b458f9e03a5667d465a0e - - default default] Successfully bumped revision number for resource 4245f31a-1b7c-4b4f-8303-ce4625be9fed (type: security_groups) to 1
2026-03-01 22:19:58.568 10 INFO neutron.db.ovn_revision_numbers_db [None req-d5e75d6e-a5af-4275-b45b-476f08a4a497 c98bc9c1d85e4983ad974cb4cf9dd46b b6357918f73b458f9e03a5667d465a0e - - default default] Successfully bumped revision number for resource 4dd96db8-8b4c-49cc-a80d-3ca9f81adb3a (type: security_group_rules) to 0
2026-03-01 22:19:58.586 10 INFO neutron.db.ovn_revision_numbers_db [None req-d5e75d6e-a5af-4275-b45b-476f08a4a497 c98bc9c1d85e4983ad974cb4cf9dd46b b6357918f73b458f9e03a5667d465a0e - - default default] Successfully bumped revision number for resource a50d0b83-e7cf-43f0-84f9-a67a44352b0f (type: security_group_rules) to 0
2026-03-01 22:19:58.606 10 INFO neutron.db.ovn_revision_numbers_db [None req-d5e75d6e-a5af-4275-b45b-476f08a4a497 c98bc9c1d85e4983ad974cb4cf9dd46b b6357918f73b458f9e03a5667d465a0e - - default default] Successfully bumped revision number for resource b4c0ac84-4b82-40e7-b0d0-ec61b6d56f43 (type: security_group_rules) to 0
2026-03-01 22:19:58.632 10 INFO neutron.db.ovn_revision_numbers_db [None req-d5e75d6e-a5af-4275-b45b-476f08a4a497 c98bc9c1d85e4983ad974cb4cf9dd46b b6357918f73b458f9e03a5667d465a0e - - default default] Successfully bumped revision number for resource cf95e4fa-f8a8-4647-a011-ef8686f45d37 (type: security_group_rules) to 0
2026-03-01 22:19:58.652 10 INFO neutron.wsgi [None req-d5e75d6e-a5af-4275-b45b-476f08a4a497 c98bc9c1d85e4983ad974cb4cf9dd46b b6357918f73b458f9e03a5667d465a0e - - default default] 10.0.0.58 "GET /v2.0/security-groups?tenant_id=73e0437633764c0981f8f4274897aa68&name=default HTTP/1.1" status: 200 len: 2996 time: 0.2098098
2026-03-01 22:19:58.863 10 INFO neutron.wsgi [None req-5c8a541e-bd84-4225-9b82-deaeaa030ba5 c98bc9c1d85e4983ad974cb4cf9dd46b b6357918f73b458f9e03a5667d465a0e - - default default] 10.0.0.58 "DELETE /v2.0/security-groups/4245f31a-1b7c-4b4f-8303-ce4625be9fed HTTP/1.1" status: 204 len: 168 time: 0.2044942
2026-03-01 22:19:59.121 10 INFO neutron.db.ovn_revision_numbers_db [None req-8072f7d8-c7c8-4a70-98a7-9424c1967131 c98bc9c1d85e4983ad974cb4cf9dd46b b6357918f73b458f9e03a5667d465a0e - - default default] Successfully bumped revision number for resource 9543d036-c46a-4175-a4d3-96d79f65f9a3 (type: security_groups) to 1
2026-03-01 22:19:59.134 10 INFO neutron.db.ovn_revision_numbers_db [None req-8072f7d8-c7c8-4a70-98a7-9424c1967131 c98bc9c1d85e4983ad974cb4cf9dd46b b6357918f73b458f9e03a5667d465a0e - - default default] Successfully bumped revision number for resource 0e53d987-e7dc-4c54-8e10-69044c8d0106 (type: security_group_rules) to 0
2026-03-01 22:19:59.145 9 WARNING neutron.scheduler.dhcp_agent_scheduler [None req-8655609f-9747-453c-8d7b-63bd2b99ab94 a8c6116e336b4590be401b775db6fb31 6ffd0a97b0cc4fe698336066950216c9 - - default default] No more DHCP agents
2026-03-01 22:19:59.148 9 WARNING neutron.api.rpc.agentnotifiers.dhcp_rpc_agent_api [None req-8655609f-9747-453c-8d7b-63bd2b99ab94 a8c6116e336b4590be401b775db6fb31 6ffd0a97b0cc4fe698336066950216c9 - - default default] Unable to schedule network cb792728-b55c-4b89-9370-a509ff9f7621: no agents available; will retry on subsequent port and subnet creation events.
2026-03-01 22:19:59.147 10 INFO neutron.db.ovn_revision_numbers_db [None req-8072f7d8-c7c8-4a70-98a7-9424c1967131 c98bc9c1d85e4983ad974cb4cf9dd46b b6357918f73b458f9e03a5667d465a0e - - default default] Successfully bumped revision number for resource 50b14562-5e44-404f-a404-21ec15d47746 (type: security_group_rules) to 0
2026-03-01 22:19:59.164 10 INFO neutron.db.ovn_revision_numbers_db [None req-8072f7d8-c7c8-4a70-98a7-9424c1967131 c98bc9c1d85e4983ad974cb4cf9dd46b b6357918f73b458f9e03a5667d465a0e - - default default] Successfully bumped revision number for resource 80c534e7-1ffb-4136-96c8-3ab750d8334c (type: security_group_rules) to 0
2026-03-01 22:19:59.176 10 INFO neutron.db.ovn_revision_numbers_db [None req-8072f7d8-c7c8-4a70-98a7-9424c1967131 c98bc9c1d85e4983ad974cb4cf9dd46b b6357918f73b458f9e03a5667d465a0e - - default default] Successfully bumped revision number for resource eb376b13-47f3-45b8-bfba-0059d39439f7 (type: security_group_rules) to 0
2026-03-01 22:19:59.199 10 INFO neutron.wsgi [None req-8072f7d8-c7c8-4a70-98a7-9424c1967131 c98bc9c1d85e4983ad974cb4cf9dd46b b6357918f73b458f9e03a5667d465a0e - - default default] 10.0.0.58 "GET /v2.0/security-groups?tenant_id=5954c2870d9d43ee93ce6029c17914ac&name=default HTTP/1.1" status: 200 len: 2996 time: 0.1904945
2026-03-01 22:19:59.384 10 INFO neutron.wsgi [None req-3ce306b0-ffc0-4a4c-b98f-07121e17874c c98bc9c1d85e4983ad974cb4cf9dd46b b6357918f73b458f9e03a5667d465a0e - - default default] 10.0.0.58 "DELETE /v2.0/security-groups/9543d036-c46a-4175-a4d3-96d79f65f9a3 HTTP/1.1" status: 204 len: 168 time: 0.1794903
2026-03-01 22:19:59.677 9 INFO neutron.db.ovn_revision_numbers_db [None req-8655609f-9747-453c-8d7b-63bd2b99ab94 a8c6116e336b4590be401b775db6fb31 6ffd0a97b0cc4fe698336066950216c9 - - default default] Successfully bumped revision number for resource b766bbc6-ad07-46c4-babd-6e92bf2f1025 (type: ports) to 2
2026-03-01 22:19:59.714 9 INFO neutron.db.ovn_revision_numbers_db [None req-8655609f-9747-453c-8d7b-63bd2b99ab94 a8c6116e336b4590be401b775db6fb31 6ffd0a97b0cc4fe698336066950216c9 - - default default] Successfully bumped revision number for resource 88f2ac8d-8104-4c8a-a490-31927e0b1ca4 (type: subnets) to 0
2026-03-01 22:19:59.737 9 INFO neutron.wsgi [None req-8655609f-9747-453c-8d7b-63bd2b99ab94 a8c6116e336b4590be401b775db6fb31 6ffd0a97b0cc4fe698336066950216c9 - - default default] 10.0.0.58 "POST /v2.0/subnets HTTP/1.1" status: 201 len: 801 time: 1.3116853
2026-03-01 22:19:59.749 9 WARNING neutron_lib.context [None req-f1c351f8-c344-4f71-9e59-680c33fa5f1e a8c6116e336b4590be401b775db6fb31 6ffd0a97b0cc4fe698336066950216c9 - - default default] Method 'is_advsvc' is deprecated since 2023.2 release (neutron-lib 3.8.0) and will be removed once support for the old RBAC API policies will be removed from Neutron. Please use method 'is_service_role' instead.
2026-03-01 22:20:00.022 9 WARNING neutron.scheduler.dhcp_agent_scheduler [None req-f1c351f8-c344-4f71-9e59-680c33fa5f1e a8c6116e336b4590be401b775db6fb31 6ffd0a97b0cc4fe698336066950216c9 - - default default] No more DHCP agents
2026-03-01 22:20:00.026 9 WARNING neutron.api.rpc.agentnotifiers.dhcp_rpc_agent_api [None req-f1c351f8-c344-4f71-9e59-680c33fa5f1e a8c6116e336b4590be401b775db6fb31 6ffd0a97b0cc4fe698336066950216c9 - - default default] Unable to schedule network 9e5b6a41-7feb-444c-b9ee-b429c528ce38: no agents available; will retry on subsequent port and subnet creation events.
2026-03-01 22:20:00.649 9 INFO neutron.db.ovn_revision_numbers_db [None req-f1c351f8-c344-4f71-9e59-680c33fa5f1e a8c6116e336b4590be401b775db6fb31 6ffd0a97b0cc4fe698336066950216c9 - - default default] Successfully bumped revision number for resource f02ca9e6-dbe1-486c-835c-4be59da9e95b (type: ports) to 2
2026-03-01 22:20:00.693 9 INFO neutron.db.ovn_revision_numbers_db [None req-f1c351f8-c344-4f71-9e59-680c33fa5f1e a8c6116e336b4590be401b775db6fb31 6ffd0a97b0cc4fe698336066950216c9 - - default default] Successfully bumped revision number for resource 54b35cd4-6f1f-4739-8aaf-88678d137777 (type: subnets) to 0
2026-03-01 22:20:00.710 9 INFO neutron.wsgi [None req-f1c351f8-c344-4f71-9e59-680c33fa5f1e a8c6116e336b4590be401b775db6fb31 6ffd0a97b0cc4fe698336066950216c9 - - default default] 10.0.0.58 "POST /v2.0/subnets HTTP/1.1" status: 201 len: 801 time: 0.9669828
2026-03-01 22:20:00.722 9 WARNING neutron_lib.context [None req-663cd290-ae4c-4ae0-8e55-3fc7e5a87cbe a8c6116e336b4590be401b775db6fb31 6ffd0a97b0cc4fe698336066950216c9 - - default default] Method 'is_advsvc' is deprecated since 2023.2 release (neutron-lib 3.8.0) and will be removed once support for the old RBAC API policies will be removed from Neutron. Please use method 'is_service_role' instead.
2026-03-01 22:20:00.909 9 INFO neutron.db.ovn_revision_numbers_db [None req-663cd290-ae4c-4ae0-8e55-3fc7e5a87cbe a8c6116e336b4590be401b775db6fb31 6ffd0a97b0cc4fe698336066950216c9 - - default default] Successfully bumped revision number for resource 115df1c9-d064-4eec-8437-9b50e078003d (type: routers) to 1
2026-03-01 22:20:00.926 9 INFO neutron.wsgi [None req-663cd290-ae4c-4ae0-8e55-3fc7e5a87cbe a8c6116e336b4590be401b775db6fb31 6ffd0a97b0cc4fe698336066950216c9 - - default default] 10.0.0.58 "POST /v2.0/routers HTTP/1.1" status: 201 len: 687 time: 0.2089517
2026-03-01 22:20:01.473 9 WARNING neutron.scheduler.dhcp_agent_scheduler [None req-0dd26795-0d7b-4746-bb21-122871a90494 a8c6116e336b4590be401b775db6fb31 6ffd0a97b0cc4fe698336066950216c9 - - default default] No more DHCP agents
2026-03-01 22:20:01.482 9 WARNING neutron.api.rpc.agentnotifiers.dhcp_rpc_agent_api [None req-0dd26795-0d7b-4746-bb21-122871a90494 a8c6116e336b4590be401b775db6fb31 6ffd0a97b0cc4fe698336066950216c9 - - default default] Unable to schedule network cb792728-b55c-4b89-9370-a509ff9f7621: no agents available; will retry on subsequent port and subnet creation events.
2026-03-01 22:20:01.666 9 INFO neutron.db.ovn_revision_numbers_db [None req-0dd26795-0d7b-4746-bb21-122871a90494 a8c6116e336b4590be401b775db6fb31 6ffd0a97b0cc4fe698336066950216c9 - - default default] Successfully bumped revision number for resource ec7be7ea-de26-478d-b151-82e355136c50 (type: ports) to 1
2026-03-01 22:20:02.069 9 INFO neutron.plugins.ml2.drivers.ovn.mech_driver.mech_driver [None req-d554d607-ce5f-403f-952d-8fb1bb266bc6 - - - - - -] OVN reports status up for port: ec7be7ea-de26-478d-b151-82e355136c50
2026-03-01 22:20:02.079 9 INFO neutron.plugins.ml2.plugin [None req-d554d607-ce5f-403f-952d-8fb1bb266bc6 - - - - - -] Attempt 1 to provision port ec7be7ea-de26-478d-b151-82e355136c50
2026-03-01 22:20:02.100 9 INFO neutron.db.ovn_revision_numbers_db [None req-0dd26795-0d7b-4746-bb21-122871a90494 a8c6116e336b4590be401b775db6fb31 6ffd0a97b0cc4fe698336066950216c9 - - default default] Successfully bumped revision number for resource ec7be7ea-de26-478d-b151-82e355136c50 (type: router_ports) to 1
2026-03-01 22:20:02.323 9 INFO neutron.db.ovn_revision_numbers_db [None req-0dd26795-0d7b-4746-bb21-122871a90494 a8c6116e336b4590be401b775db6fb31 6ffd0a97b0cc4fe698336066950216c9 - - default default] Successfully bumped revision number for resource ec7be7ea-de26-478d-b151-82e355136c50 (type: ports) to 1
2026-03-01 22:20:02.434 9 INFO neutron.db.ovn_revision_numbers_db [None req-d554d607-ce5f-403f-952d-8fb1bb266bc6 - - - - - -] Successfully bumped revision number for resource ec7be7ea-de26-478d-b151-82e355136c50 (type: ports) to 2
2026-03-01 22:20:02.462 9 WARNING neutron.scheduler.dhcp_agent_scheduler [None req-0dd26795-0d7b-4746-bb21-122871a90494 a8c6116e336b4590be401b775db6fb31 6ffd0a97b0cc4fe698336066950216c9 - - default default] No more DHCP agents
2026-03-01 22:20:02.464 9 WARNING neutron.api.rpc.agentnotifiers.dhcp_rpc_agent_api [None req-0dd26795-0d7b-4746-bb21-122871a90494 a8c6116e336b4590be401b775db6fb31 6ffd0a97b0cc4fe698336066950216c9 - - default default] Unable to schedule network cb792728-b55c-4b89-9370-a509ff9f7621: no agents available; will retry on subsequent port and subnet creation events.
2026-03-01 22:20:02.550 9 INFO neutron.db.ovn_revision_numbers_db [None req-d554d607-ce5f-403f-952d-8fb1bb266bc6 - - - - - -] Successfully bumped revision number for resource ec7be7ea-de26-478d-b151-82e355136c50 (type: router_ports) to 2
2026-03-01 22:20:02.637 9 INFO neutron.db.ovn_revision_numbers_db [None req-0dd26795-0d7b-4746-bb21-122871a90494 a8c6116e336b4590be401b775db6fb31 6ffd0a97b0cc4fe698336066950216c9 - - default default] Successfully bumped revision number for resource ec7be7ea-de26-478d-b151-82e355136c50 (type: router_ports) to 2
2026-03-01 22:20:02.640 9 INFO neutron.wsgi [None req-0dd26795-0d7b-4746-bb21-122871a90494 a8c6116e336b4590be401b775db6fb31 6ffd0a97b0cc4fe698336066950216c9 - - default default] 10.0.0.58 "PUT /v2.0/routers/115df1c9-d064-4eec-8437-9b50e078003d/add_router_interface HTTP/1.1" status: 200 len: 503 time: 1.7086980
2026-03-01 22:20:02.648 10 INFO neutron.wsgi [req-53a4182a-4fe4-4bf0-821d-d059ad2f4411 req-2a071d7f-beee-4b89-b9f9-9f852b970fbe 2b0eee7b5bc54b3b85c9d6ee7ef3baec 1feb78d0d7a440eb82b4ebfd87990c1c - - d91a2fb99e694998a3b70867b3c67f90 d91a2fb99e694998a3b70867b3c67f90] 10.0.0.149 "GET /v2.0/ports?device_id=f7f7fadd-a612-4df5-b67c-79c2690ffde0 HTTP/1.1" status: 200 len: 1409 time: 0.0462573
2026-03-01 22:20:02.683 9 INFO neutron.wsgi [None req-7d259276-9631-48fd-bd42-5e466d493012 a8c6116e336b4590be401b775db6fb31 6ffd0a97b0cc4fe698336066950216c9 - - default default] 10.0.0.58 "GET /v2.0/ports/ec7be7ea-de26-478d-b151-82e355136c50 HTTP/1.1" status: 200 len: 1137 time: 0.0369015
2026-03-01 22:20:02.703 10 INFO neutron.wsgi [req-53a4182a-4fe4-4bf0-821d-d059ad2f4411 req-d8d1c87c-c44f-4ca8-bd83-00586f94a5bc 2b0eee7b5bc54b3b85c9d6ee7ef3baec 1feb78d0d7a440eb82b4ebfd87990c1c - - d91a2fb99e694998a3b70867b3c67f90 d91a2fb99e694998a3b70867b3c67f90] 10.0.0.149 "GET /v2.0/security-groups?id=1c2f16fb-0dc4-4e89-9bf8-3c01fa71bf14&fields=id&fields=name HTTP/1.1" status: 200 len: 313 time: 0.0458002
2026-03-01 22:20:03.630 9 WARNING neutron.scheduler.dhcp_agent_scheduler [None req-999d97b7-0e45-492c-a682-157229535d13 a8c6116e336b4590be401b775db6fb31 6ffd0a97b0cc4fe698336066950216c9 - - default default] No more DHCP agents
2026-03-01 22:20:03.632 9 WARNING neutron.api.rpc.agentnotifiers.dhcp_rpc_agent_api [None req-999d97b7-0e45-492c-a682-157229535d13 a8c6116e336b4590be401b775db6fb31 6ffd0a97b0cc4fe698336066950216c9 - - default default] Unable to schedule network 9e5b6a41-7feb-444c-b9ee-b429c528ce38: no agents available; will retry on subsequent port and subnet creation events.
2026-03-01 22:20:03.820 9 INFO neutron.db.ovn_revision_numbers_db [None req-999d97b7-0e45-492c-a682-157229535d13 a8c6116e336b4590be401b775db6fb31 6ffd0a97b0cc4fe698336066950216c9 - - default default] Successfully bumped revision number for resource ad42d84e-0ea3-4b76-82b4-bd0209a6c5cf (type: ports) to 1
2026-03-01 22:20:04.115 9 WARNING neutron_lib.context [None req-db4dc019-598f-483a-bce3-81247d90f834 e53112494b184046898ee2dc2e61fee6 78834ce5500e408dada52784ec2df312 - - default default] Method 'is_advsvc' is deprecated since 2023.2 release (neutron-lib 3.8.0) and will be removed once support for the old RBAC API policies will be removed from Neutron. Please use method 'is_service_role' instead.
2026-03-01 22:20:04.342 9 INFO neutron.db.ovn_revision_numbers_db [None req-db4dc019-598f-483a-bce3-81247d90f834 e53112494b184046898ee2dc2e61fee6 78834ce5500e408dada52784ec2df312 - - default default] Successfully bumped revision number for resource 05ec3d94-ba1b-408f-881b-df50ed870c9d (type: security_groups) to 1
2026-03-01 22:20:04.368 9 INFO neutron.db.ovn_revision_numbers_db [None req-db4dc019-598f-483a-bce3-81247d90f834 e53112494b184046898ee2dc2e61fee6 78834ce5500e408dada52784ec2df312 - - default default] Successfully bumped revision number for resource 0f29ddc6-6d18-4533-8478-2904c3aeada9 (type: security_group_rules) to 0
2026-03-01 22:20:04.376 10 INFO neutron.plugins.ml2.drivers.ovn.mech_driver.mech_driver [None req-f8da379a-5a15-494a-963c-311b384f4b48 - - - - - -] OVN reports status up for port: ad42d84e-0ea3-4b76-82b4-bd0209a6c5cf
2026-03-01 22:20:04.392 10 INFO neutron.plugins.ml2.plugin [None req-f8da379a-5a15-494a-963c-311b384f4b48 - - - - - -] Attempt 1 to provision port ad42d84e-0ea3-4b76-82b4-bd0209a6c5cf
2026-03-01 22:20:04.401 9 INFO neutron.db.ovn_revision_numbers_db [None req-db4dc019-598f-483a-bce3-81247d90f834 e53112494b184046898ee2dc2e61fee6 78834ce5500e408dada52784ec2df312 - - default default] Successfully bumped revision number for resource 4c6624dc-44b5-4502-ba68-e27d03543638 (type: security_group_rules) to 0
2026-03-01 22:20:04.410 9 INFO neutron.db.ovn_revision_numbers_db [None req-999d97b7-0e45-492c-a682-157229535d13 a8c6116e336b4590be401b775db6fb31 6ffd0a97b0cc4fe698336066950216c9 - - default default] Successfully bumped revision number for resource ad42d84e-0ea3-4b76-82b4-bd0209a6c5cf (type: router_ports) to 1
2026-03-01 22:20:04.426 9 INFO neutron.db.ovn_revision_numbers_db [None req-db4dc019-598f-483a-bce3-81247d90f834 e53112494b184046898ee2dc2e61fee6 78834ce5500e408dada52784ec2df312 - - default default] Successfully bumped revision number for resource 6b4745c9-c14e-4f14-a0d6-9f6a3a46dd3e (type: security_group_rules) to 0
2026-03-01 22:20:04.444 9 INFO neutron.db.ovn_revision_numbers_db [None req-db4dc019-598f-483a-bce3-81247d90f834 e53112494b184046898ee2dc2e61fee6 78834ce5500e408dada52784ec2df312 - - default default] Successfully bumped revision number for resource d764980d-2676-4bd0-9357-a173c1dc1ea6 (type: security_group_rules) to 0
2026-03-01 22:20:04.574 9 INFO neutron.db.ovn_revision_numbers_db [None req-db4dc019-598f-483a-bce3-81247d90f834 e53112494b184046898ee2dc2e61fee6 78834ce5500e408dada52784ec2df312 - - default default] Successfully bumped revision number for resource f9376b62-4fc4-4c69-b108-86af4f073973 (type: security_groups) to 1
2026-03-01 22:20:04.606 9 INFO neutron.db.ovn_revision_numbers_db [None req-db4dc019-598f-483a-bce3-81247d90f834 e53112494b184046898ee2dc2e61fee6 78834ce5500e408dada52784ec2df312 - - default default] Successfully bumped revision number for resource 7dfb9bf5-3e4d-43d9-9b88-e98c107c854a (type: security_group_rules) to 0
2026-03-01 22:20:04.608 9 INFO neutron.db.ovn_revision_numbers_db [None req-999d97b7-0e45-492c-a682-157229535d13 a8c6116e336b4590be401b775db6fb31 6ffd0a97b0cc4fe698336066950216c9 - - default default] Successfully bumped revision number for resource ad42d84e-0ea3-4b76-82b4-bd0209a6c5cf (type: ports) to 1
2026-03-01 22:20:04.629 9 INFO neutron.db.ovn_revision_numbers_db [None req-db4dc019-598f-483a-bce3-81247d90f834 e53112494b184046898ee2dc2e61fee6 78834ce5500e408dada52784ec2df312 - - default default] Successfully bumped revision number for resource e77e7085-fa70-4448-b8fd-508730a90f92 (type: security_group_rules) to 0
2026-03-01 22:20:04.660 9 INFO neutron.wsgi [None req-db4dc019-598f-483a-bce3-81247d90f834 e53112494b184046898ee2dc2e61fee6 78834ce5500e408dada52784ec2df312 - - default default] 10.0.0.58 "POST /v2.0/security-groups HTTP/1.1" status: 201 len: 1737 time: 0.7678206
2026-03-01 22:20:04.674 10 WARNING neutron_lib.context [None req-c2b537ff-187d-461a-8469-0511871768b9 e53112494b184046898ee2dc2e61fee6 78834ce5500e408dada52784ec2df312 - - default default] Method 'is_advsvc' is deprecated since 2023.2 release (neutron-lib 3.8.0) and will be removed once support for the old RBAC API policies will be removed from Neutron. Please use method 'is_service_role' instead.
2026-03-01 22:20:04.685 9 WARNING neutron.scheduler.dhcp_agent_scheduler [None req-999d97b7-0e45-492c-a682-157229535d13 a8c6116e336b4590be401b775db6fb31 6ffd0a97b0cc4fe698336066950216c9 - - default default] No more DHCP agents
2026-03-01 22:20:04.686 9 WARNING neutron.api.rpc.agentnotifiers.dhcp_rpc_agent_api [None req-999d97b7-0e45-492c-a682-157229535d13 a8c6116e336b4590be401b775db6fb31 6ffd0a97b0cc4fe698336066950216c9 - - default default] Unable to schedule network 9e5b6a41-7feb-444c-b9ee-b429c528ce38: no agents available; will retry on subsequent port and subnet creation events.
2026-03-01 22:20:04.694 10 INFO neutron.db.ovn_revision_numbers_db [None req-f8da379a-5a15-494a-963c-311b384f4b48 - - - - - -] Successfully bumped revision number for resource ad42d84e-0ea3-4b76-82b4-bd0209a6c5cf (type: ports) to 2
2026-03-01 22:20:04.738 9 WARNING neutron_lib.context [None req-0cb1f01b-da16-4086-b470-8ca720136a4c 9f5d03a6eed04f25b998da45511ec5f9 2f2b8f96476c4b56ab671eb706f78f8f - - default default] Method 'is_advsvc' is deprecated since 2023.2 release (neutron-lib 3.8.0) and will be removed once support for the old RBAC API policies will be removed from Neutron. Please use method 'is_service_role' instead.
2026-03-01 22:20:04.786 10 INFO neutron.db.ovn_revision_numbers_db [None req-f8da379a-5a15-494a-963c-311b384f4b48 - - - - - -] Successfully bumped revision number for resource ad42d84e-0ea3-4b76-82b4-bd0209a6c5cf (type: router_ports) to 2
2026-03-01 22:20:04.824 10 INFO neutron.db.ovn_revision_numbers_db [None req-c2b537ff-187d-461a-8469-0511871768b9 e53112494b184046898ee2dc2e61fee6 78834ce5500e408dada52784ec2df312 - - default default] Successfully bumped revision number for resource dd128b89-00ca-45fd-93f4-1f1ebd15d215 (type: security_groups) to 1
2026-03-01 22:20:04.836 9 INFO neutron.db.ovn_revision_numbers_db [None req-999d97b7-0e45-492c-a682-157229535d13 a8c6116e336b4590be401b775db6fb31 6ffd0a97b0cc4fe698336066950216c9 - - default default] Successfully bumped revision number for resource ad42d84e-0ea3-4b76-82b4-bd0209a6c5cf (type: router_ports) to 2
2026-03-01 22:20:04.839 10 INFO neutron.db.ovn_revision_numbers_db [None req-c2b537ff-187d-461a-8469-0511871768b9 e53112494b184046898ee2dc2e61fee6 78834ce5500e408dada52784ec2df312 - - default default] Successfully bumped revision number for resource 3c17961e-2e0a-4e4a-81de-3ce33c6ee3ae (type: security_group_rules) to 0
2026-03-01 22:20:04.839 9 INFO neutron.wsgi [None req-999d97b7-0e45-492c-a682-157229535d13 a8c6116e336b4590be401b775db6fb31 6ffd0a97b0cc4fe698336066950216c9 - - default default] 10.0.0.58 "PUT /v2.0/routers/115df1c9-d064-4eec-8437-9b50e078003d/add_router_interface HTTP/1.1" status: 200 len: 503 time: 2.1498899
2026-03-01 22:20:04.859 10 INFO neutron.db.ovn_revision_numbers_db [None req-c2b537ff-187d-461a-8469-0511871768b9 e53112494b184046898ee2dc2e61fee6 78834ce5500e408dada52784ec2df312 - - default default] Successfully bumped revision number for resource f26f593f-3eff-4abf-8287-9f9904e23e14 (type: security_group_rules) to 0
2026-03-01 22:20:04.874 10 INFO neutron.wsgi [None req-c2b537ff-187d-461a-8469-0511871768b9 e53112494b184046898ee2dc2e61fee6 78834ce5500e408dada52784ec2df312 - - default default] 10.0.0.58 "POST /v2.0/security-groups HTTP/1.1" status: 201 len: 1737 time: 0.2048755
2026-03-01 22:20:04.884 10 WARNING neutron_lib.context [None req-c8b370e3-f340-430a-b7b5-c057d7e2c131 e53112494b184046898ee2dc2e61fee6 78834ce5500e408dada52784ec2df312 - - default default] Method 'is_advsvc' is deprecated since 2023.2 release (neutron-lib 3.8.0) and will be removed once support for the old RBAC API policies will be removed from Neutron. Please use method 'is_service_role' instead.
2026-03-01 22:20:04.929 9 INFO neutron.wsgi [None req-fbd867aa-d5dc-4182-89eb-501ed1886fc0 a8c6116e336b4590be401b775db6fb31 6ffd0a97b0cc4fe698336066950216c9 - - default default] 10.0.0.58 "GET /v2.0/ports/ad42d84e-0ea3-4b76-82b4-bd0209a6c5cf HTTP/1.1" status: 200 len: 1137 time: 0.0857854
2026-03-01 22:20:04.931 9 INFO neutron.db.ovn_revision_numbers_db [None req-0cb1f01b-da16-4086-b470-8ca720136a4c 9f5d03a6eed04f25b998da45511ec5f9 2f2b8f96476c4b56ab671eb706f78f8f - - default default] Successfully bumped revision number for resource e25786a1-e997-4c7d-b554-930fe5e8453d (type: security_groups) to 1
2026-03-01 22:20:04.944 9 INFO neutron.db.ovn_revision_numbers_db [None req-0cb1f01b-da16-4086-b470-8ca720136a4c 9f5d03a6eed04f25b998da45511ec5f9 2f2b8f96476c4b56ab671eb706f78f8f - - default default] Successfully bumped revision number for resource d0205cfd-446c-422c-a32b-d22f38dcbd89 (type: security_group_rules) to 0
2026-03-01 22:20:04.969 9 INFO neutron.db.ovn_revision_numbers_db [None req-0cb1f01b-da16-4086-b470-8ca720136a4c 9f5d03a6eed04f25b998da45511ec5f9 2f2b8f96476c4b56ab671eb706f78f8f - - default default] Successfully bumped revision number for resource e5f9f073-1e99-4974-b976-ac17db135303 (type: security_group_rules) to 0
2026-03-01 22:20:04.995 9 INFO neutron.db.ovn_revision_numbers_db [None req-0cb1f01b-da16-4086-b470-8ca720136a4c 9f5d03a6eed04f25b998da45511ec5f9 2f2b8f96476c4b56ab671eb706f78f8f - - default default] Successfully bumped revision number for resource ed3f0e63-d6e8-4b23-820a-11db3775b0c1 (type: security_group_rules) to 0
2026-03-01 22:20:05.011 9 INFO neutron.db.ovn_revision_numbers_db [None req-0cb1f01b-da16-4086-b470-8ca720136a4c 9f5d03a6eed04f25b998da45511ec5f9 2f2b8f96476c4b56ab671eb706f78f8f - - default default] Successfully bumped revision number for resource fb5e68a0-186e-4d40-bce9-21ef8f149d88 (type: security_group_rules) to 0
2026-03-01 22:20:05.052 10 INFO neutron.wsgi [None req-f095b251-afad-4d35-aff1-2a51707233e7 a8c6116e336b4590be401b775db6fb31 6ffd0a97b0cc4fe698336066950216c9 - - default default] 10.0.0.58 "GET /v2.0/ports/ad42d84e-0ea3-4b76-82b4-bd0209a6c5cf HTTP/1.1" status: 200 len: 1137 time: 0.1169696
2026-03-01 22:20:05.072 9 INFO neutron.db.segments_db [None req-0cb1f01b-da16-4086-b470-8ca720136a4c 9f5d03a6eed04f25b998da45511ec5f9 2f2b8f96476c4b56ab671eb706f78f8f - - default default] Added segment 7c70e702-7300-4812-ab79-eefcc70eb89e of type geneve for network 61d097e7-c323-4773-b456-5d4d0341f05c
2026-03-01 22:20:05.134 10 INFO neutron.db.ovn_revision_numbers_db [None req-c8b370e3-f340-430a-b7b5-c057d7e2c131 e53112494b184046898ee2dc2e61fee6 78834ce5500e408dada52784ec2df312 - - default default] Successfully bumped revision number for resource 923f333f-61c4-46e3-9cbb-c484e9538cee (type: security_groups) to 1
2026-03-01 22:20:05.159 10 INFO neutron.db.ovn_revision_numbers_db [None req-c8b370e3-f340-430a-b7b5-c057d7e2c131 e53112494b184046898ee2dc2e61fee6 78834ce5500e408dada52784ec2df312 - - default default] Successfully bumped revision number for resource 677f0c18-d9a3-4e81-a9a4-679c9dbe8fc0 (type: security_group_rules) to 0
2026-03-01 22:20:05.181 10 INFO neutron.db.ovn_revision_numbers_db [None req-c8b370e3-f340-430a-b7b5-c057d7e2c131 e53112494b184046898ee2dc2e61fee6 78834ce5500e408dada52784ec2df312 - - default default] Successfully bumped revision number for resource 8ff70183-5a4b-4596-b5a7-f6084079ef09 (type: security_group_rules) to 0
2026-03-01 22:20:05.213 10 INFO neutron.wsgi [None req-c8b370e3-f340-430a-b7b5-c057d7e2c131 e53112494b184046898ee2dc2e61fee6 78834ce5500e408dada52784ec2df312 - - default default] 10.0.0.58 "POST /v2.0/security-groups HTTP/1.1" status: 201 len: 1737 time: 0.3328745
2026-03-01 22:20:05.225 9 WARNING neutron_lib.context [None req-a4edadc0-95f9-4e5b-956e-779936c86352 e53112494b184046898ee2dc2e61fee6 78834ce5500e408dada52784ec2df312 - - default default] Method 'is_advsvc' is deprecated since 2023.2 release (neutron-lib 3.8.0) and will be removed once support for the old RBAC API policies will be removed from Neutron. Please use method 'is_service_role' instead.
2026-03-01 22:20:05.229 9 INFO neutron.db.ovn_revision_numbers_db [None req-0cb1f01b-da16-4086-b470-8ca720136a4c 9f5d03a6eed04f25b998da45511ec5f9 2f2b8f96476c4b56ab671eb706f78f8f - - default default] Successfully bumped revision number for resource 61d097e7-c323-4773-b456-5d4d0341f05c (type: networks) to 1
2026-03-01 22:20:05.318 10 INFO neutron.wsgi [-] 10.0.0.114 "GET / HTTP/1.1" status: 200 len: 247 time: 0.0018802
2026-03-01 22:20:05.320 10 INFO neutron.wsgi [-] 10.0.0.114 "GET / HTTP/1.1" status: 200 len: 247 time: 0.0016892
2026-03-01 22:20:05.411 9 INFO neutron.db.ovn_revision_numbers_db [None req-a4edadc0-95f9-4e5b-956e-779936c86352 e53112494b184046898ee2dc2e61fee6 78834ce5500e408dada52784ec2df312 - - default default] Successfully bumped revision number for resource 3ca7be11-9c2e-458b-b46d-0495c5b5650d (type: security_groups) to 1
2026-03-01 22:20:05.436 9 WARNING neutron.scheduler.dhcp_agent_scheduler [None req-0cb1f01b-da16-4086-b470-8ca720136a4c 9f5d03a6eed04f25b998da45511ec5f9 2f2b8f96476c4b56ab671eb706f78f8f - - default default] No more DHCP agents
2026-03-01 22:20:05.438 9 WARNING neutron.api.rpc.agentnotifiers.dhcp_rpc_agent_api [None req-0cb1f01b-da16-4086-b470-8ca720136a4c 9f5d03a6eed04f25b998da45511ec5f9 2f2b8f96476c4b56ab671eb706f78f8f - - default default] Unable to schedule network 61d097e7-c323-4773-b456-5d4d0341f05c: no agents available; will retry on subsequent port and subnet creation events.
2026-03-01 22:20:05.440 9 INFO neutron.db.ovn_revision_numbers_db [None req-a4edadc0-95f9-4e5b-956e-779936c86352 e53112494b184046898ee2dc2e61fee6 78834ce5500e408dada52784ec2df312 - - default default] Successfully bumped revision number for resource 72decc50-71a8-42e0-802b-4f6472282b8a (type: security_group_rules) to 0
2026-03-01 22:20:05.470 9 INFO neutron.db.ovn_revision_numbers_db [None req-a4edadc0-95f9-4e5b-956e-779936c86352 e53112494b184046898ee2dc2e61fee6 78834ce5500e408dada52784ec2df312 - - default default] Successfully bumped revision number for resource b67ad51a-b79d-40a3-802e-b499177e36da (type: security_group_rules) to 0
2026-03-01 22:20:05.492 9 INFO neutron.wsgi [None req-a4edadc0-95f9-4e5b-956e-779936c86352 e53112494b184046898ee2dc2e61fee6 78834ce5500e408dada52784ec2df312 - - default default] 10.0.0.58 "POST /v2.0/security-groups HTTP/1.1" status: 201 len: 1737 time: 0.2729163
2026-03-01 22:20:05.508 9 WARNING neutron_lib.context [None req-ca9e65e4-cfb0-4eb6-96c9-ab48cd9171b9 e53112494b184046898ee2dc2e61fee6 78834ce5500e408dada52784ec2df312 - - default default] Method 'is_advsvc' is deprecated since 2023.2 release (neutron-lib 3.8.0) and will be removed once support for the old RBAC API policies will be removed from Neutron. Please use method 'is_service_role' instead.
2026-03-01 22:20:05.536 9 INFO neutron.db.ovn_revision_numbers_db [None req-0cb1f01b-da16-4086-b470-8ca720136a4c 9f5d03a6eed04f25b998da45511ec5f9 2f2b8f96476c4b56ab671eb706f78f8f - - default default] Successfully bumped revision number for resource db9ab3b1-c02a-4b47-86d4-39a64262826b (type: ports) to 1
2026-03-01 22:20:05.556 9 INFO neutron.wsgi [None req-0cb1f01b-da16-4086-b470-8ca720136a4c 9f5d03a6eed04f25b998da45511ec5f9 2f2b8f96476c4b56ab671eb706f78f8f - - default default] 10.0.0.58 "POST /v2.0/networks HTTP/1.1" status: 201 len: 838 time: 0.9554493
2026-03-01 22:20:05.567 9 WARNING neutron_lib.context [None req-7a8c12f3-4dbe-49cf-bf92-b8d9ebea5500 9f5d03a6eed04f25b998da45511ec5f9 2f2b8f96476c4b56ab671eb706f78f8f - - default default] Method 'is_advsvc' is deprecated since 2023.2 release (neutron-lib 3.8.0) and will be removed once support for the old RBAC API policies will be removed from Neutron. Please use method 'is_service_role' instead.
2026-03-01 22:20:05.698 9 INFO neutron.db.ovn_revision_numbers_db [None req-ca9e65e4-cfb0-4eb6-96c9-ab48cd9171b9 e53112494b184046898ee2dc2e61fee6 78834ce5500e408dada52784ec2df312 - - default default] Successfully bumped revision number for resource 119ee6d2-576b-47ee-9bb2-dc483acba54c (type: security_groups) to 1
2026-03-01 22:20:05.724 9 INFO neutron.db.ovn_revision_numbers_db [None req-ca9e65e4-cfb0-4eb6-96c9-ab48cd9171b9 e53112494b184046898ee2dc2e61fee6 78834ce5500e408dada52784ec2df312 - - default default] Successfully bumped revision number for resource 7b91667c-c859-4a9a-93c6-e31e8c88a700 (type: security_group_rules) to 0
2026-03-01 22:20:05.741 9 INFO neutron.db.ovn_revision_numbers_db [None req-ca9e65e4-cfb0-4eb6-96c9-ab48cd9171b9 e53112494b184046898ee2dc2e61fee6 78834ce5500e408dada52784ec2df312 - - default default] Successfully bumped revision number for resource 8a35eb31-6342-4d9a-843e-6ff4861d080d (type: security_group_rules) to 0
2026-03-01 22:20:05.772 9 INFO neutron.wsgi [None req-ca9e65e4-cfb0-4eb6-96c9-ab48cd9171b9 e53112494b184046898ee2dc2e61fee6 78834ce5500e408dada52784ec2df312 - - default default] 10.0.0.58 "POST /v2.0/security-groups HTTP/1.1" status: 201 len: 1737 time: 0.2685530
2026-03-01 22:20:05.778 10 INFO neutron.wsgi [None req-e2022aac-d64c-4036-bae4-a15a169d67df a8c6116e336b4590be401b775db6fb31 6ffd0a97b0cc4fe698336066950216c9 - - default default] 10.0.0.58 "PUT /v2.0/routers/115df1c9-d064-4eec-8437-9b50e078003d/remove_router_interface HTTP/1.1" status: 200 len: 503 time: 0.7130170 /var/lib/openstack/lib/python3.10/site-packages/pycadf/identifier.py:71: UserWarning: Invalid uuid: neutron. To ensure interoperability, identifiers should be a valid uuid. warnings.warn(('Invalid uuid: %s. To ensure interoperability, '
2026-03-01 22:20:05.825 9 INFO neutron.wsgi [None req-94833fa5-8cf1-4c99-ab69-c6d5e819f0b5 e53112494b184046898ee2dc2e61fee6 78834ce5500e408dada52784ec2df312 - - default default] 10.0.0.58 "PUT /v2.0/security-groups/f9376b62-4fc4-4c69-b108-86af4f073973/tags HTTP/1.1" status: 200 len: 210 time: 0.0439763
2026-03-01 22:20:05.865 9 WARNING neutron.scheduler.dhcp_agent_scheduler [None req-7a8c12f3-4dbe-49cf-bf92-b8d9ebea5500 9f5d03a6eed04f25b998da45511ec5f9 2f2b8f96476c4b56ab671eb706f78f8f - - default default] No more DHCP agents
2026-03-01 22:20:05.868 9 WARNING neutron.api.rpc.agentnotifiers.dhcp_rpc_agent_api [None req-7a8c12f3-4dbe-49cf-bf92-b8d9ebea5500 9f5d03a6eed04f25b998da45511ec5f9 2f2b8f96476c4b56ab671eb706f78f8f - - default default] Unable to schedule network 61d097e7-c323-4773-b456-5d4d0341f05c: no agents available; will retry on subsequent port and subnet creation events.
2026-03-01 22:20:05.879 10 INFO neutron.wsgi [None req-b7ea6656-74a2-4718-9cbe-b5eb0f3ca33d a8c6116e336b4590be401b775db6fb31 6ffd0a97b0cc4fe698336066950216c9 - - default default] 10.0.0.58 "GET /v2.0/ports/ec7be7ea-de26-478d-b151-82e355136c50 HTTP/1.1" status: 200 len: 1137 time: 0.0956507
2026-03-01 22:20:05.881 9 INFO neutron.wsgi [None req-b4358f38-9b0e-40c5-8df5-941fde510275 e53112494b184046898ee2dc2e61fee6 78834ce5500e408dada52784ec2df312 - - default default] 10.0.0.58 "PUT /v2.0/security-groups/dd128b89-00ca-45fd-93f4-1f1ebd15d215/tags HTTP/1.1" status: 200 len: 218 time: 0.0511529
2026-03-01 22:20:05.921 10 INFO neutron.wsgi [None req-14a221c5-5ec6-4857-b24f-ea3ea4f77e2b e53112494b184046898ee2dc2e61fee6 78834ce5500e408dada52784ec2df312 - - default default] 10.0.0.58 "PUT /v2.0/security-groups/923f333f-61c4-46e3-9cbb-c484e9538cee/tags HTTP/1.1" status: 200 len: 227 time: 0.0364494
2026-03-01 22:20:05.956 10 INFO neutron.wsgi [None req-e7ccfda7-4957-4e7c-b704-90480ec57ab8 e53112494b184046898ee2dc2e61fee6 78834ce5500e408dada52784ec2df312 - - default default] 10.0.0.58 "PUT /v2.0/security-groups/3ca7be11-9c2e-458b-b46d-0495c5b5650d/tags HTTP/1.1" status: 200 len: 212 time: 0.0301518
2026-03-01 22:20:06.011 10 INFO neutron.wsgi [None req-512db3d7-bfd1-4b1d-ae0d-b64232c16b85 e53112494b184046898ee2dc2e61fee6 78834ce5500e408dada52784ec2df312 - - default default] 10.0.0.58 "GET /v2.0/security-groups?tags=red HTTP/1.1" status: 200 len: 4813 time: 0.0484593
2026-03-01 22:20:06.077 10 INFO neutron.wsgi [None req-e0bfa57c-130b-4bbc-b06b-bf7e3444348a e53112494b184046898ee2dc2e61fee6 78834ce5500e408dada52784ec2df312 - - default default] 10.0.0.58 "GET /v2.0/security-groups?tags=red%2Cblue HTTP/1.1" status: 200 len: 3289 time: 0.0609417
2026-03-01 22:20:06.129 10 INFO neutron.wsgi [None req-ab1d3424-65c3-49b7-9461-988c68767699 e53112494b184046898ee2dc2e61fee6 78834ce5500e408dada52784ec2df312 - - default default] 10.0.0.58 "GET /v2.0/security-groups?tags-any=blue HTTP/1.1" status: 200 len: 3289 time: 0.0483778
2026-03-01 22:20:06.175 10 INFO neutron.wsgi [None req-fd2f2106-70b8-4924-8bfb-dc0524b3f3d4 e53112494b184046898ee2dc2e61fee6 78834ce5500e408dada52784ec2df312 - - default default] 10.0.0.58 "GET /v2.0/security-groups?tags-any=red%2Cblue HTTP/1.1" status: 200 len: 4813 time: 0.0410273
2026-03-01 22:20:06.232 10 INFO neutron.wsgi [None req-5bd897cb-5f06-4e61-ac80-bba80aec84b5 e53112494b184046898ee2dc2e61fee6 78834ce5500e408dada52784ec2df312 - - default default] 10.0.0.58 "GET /v2.0/security-groups?not-tags=red HTTP/1.1" status: 200 len: 6041 time: 0.0499494
2026-03-01 22:20:06.300 10 INFO neutron.wsgi [None req-15afaa24-0793-41f5-8a68-df2974d3b179 e53112494b184046898ee2dc2e61fee6 78834ce5500e408dada52784ec2df312 - - default default] 10.0.0.58 "GET /v2.0/security-groups?not-tags=red%2Cblue HTTP/1.1" status: 200 len: 7565 time: 0.0621381
2026-03-01 22:20:06.359 10 INFO neutron.wsgi [None req-6a56c7f5-d291-42f8-a67b-1bfbe9bf0ffa e53112494b184046898ee2dc2e61fee6 78834ce5500e408dada52784ec2df312 - - default default] 10.0.0.58 "GET /v2.0/security-groups?not-tags-any=blue HTTP/1.1" status: 200 len: 7565 time: 0.0531969
2026-03-01 22:20:06.407 10 INFO neutron.wsgi [None req-9b179104-9e4b-46f5-a604-42bc6b45b33d e53112494b184046898ee2dc2e61fee6 78834ce5500e408dada52784ec2df312 - - default default] 10.0.0.58 "GET /v2.0/security-groups?not-tags-any=red%2Cblue HTTP/1.1" status: 200 len: 6041 time: 0.0417206
2026-03-01 22:20:06.521 10 INFO neutron.wsgi [None req-ef815c89-5335-4ee6-a910-e4867b33c87f e53112494b184046898ee2dc2e61fee6 78834ce5500e408dada52784ec2df312 - - default default] 10.0.0.58 "DELETE /v2.0/security-groups/f9376b62-4fc4-4c69-b108-86af4f073973 HTTP/1.1" status: 204 len: 168 time: 0.1072690
2026-03-01 22:20:06.700 10 INFO neutron.wsgi [None req-6c9aa73b-50ab-4241-b0f3-1b76c78b9771 e53112494b184046898ee2dc2e61fee6 78834ce5500e408dada52784ec2df312 - - default default] 10.0.0.58 "DELETE /v2.0/security-groups/dd128b89-00ca-45fd-93f4-1f1ebd15d215 HTTP/1.1" status: 204 len: 168 time: 0.1732032
2026-03-01 22:20:06.705 10 INFO neutron.wsgi [req-c4a2bb85-64f3-4d32-b180-bd652b9ef6a5 req-7913468e-0577-4ba5-b097-157f32fe2918 b84398f8048347e5a31f90df4f6243c5 8d4699c4983940dabe799cdc2a720cc9 - - default default] 10.0.0.246 "GET /v2.0/ports?device_id=f7f7fadd-a612-4df5-b67c-79c2690ffde0 HTTP/1.1" status: 200 len: 1170 time: 0.1339064
2026-03-01 22:20:06.749 10 INFO neutron.wsgi [req-c4a2bb85-64f3-4d32-b180-bd652b9ef6a5 req-903d74c9-040b-4f6f-a2db-98343013d781 b84398f8048347e5a31f90df4f6243c5 8d4699c4983940dabe799cdc2a720cc9 - - default default] 10.0.0.246 "GET /v2.0/security-groups?id=1c2f16fb-0dc4-4e89-9bf8-3c01fa71bf14&fields=id&fields=name HTTP/1.1" status: 200 len: 313 time: 0.0379627
2026-03-01 22:20:06.880 9 INFO neutron.db.ovn_revision_numbers_db [None req-7a8c12f3-4dbe-49cf-bf92-b8d9ebea5500 9f5d03a6eed04f25b998da45511ec5f9 2f2b8f96476c4b56ab671eb706f78f8f - - default default] Successfully bumped revision number for resource db9ab3b1-c02a-4b47-86d4-39a64262826b (type: ports) to 2
2026-03-01 22:20:06.948 9 INFO neutron.wsgi [None req-939b1dec-6194-45b4-9f3f-041421eff5bf e53112494b184046898ee2dc2e61fee6 78834ce5500e408dada52784ec2df312 - - default default] 10.0.0.58 "DELETE /v2.0/security-groups/923f333f-61c4-46e3-9cbb-c484e9538cee HTTP/1.1" status: 204 len: 168 time: 0.2413778
2026-03-01 22:20:06.954 9 INFO neutron.db.ovn_revision_numbers_db [None req-7a8c12f3-4dbe-49cf-bf92-b8d9ebea5500 9f5d03a6eed04f25b998da45511ec5f9 2f2b8f96476c4b56ab671eb706f78f8f - - default default] Successfully bumped revision number for resource 4b1b8f3f-8364-4529-9c35-641dc8046034 (type: subnets) to 0 /var/lib/openstack/lib/python3.10/site-packages/pycadf/identifier.py:71: UserWarning: Invalid uuid: neutron. To ensure interoperability, identifiers should be a valid uuid. warnings.warn(('Invalid uuid: %s. To ensure interoperability, '
2026-03-01 22:20:06.991 10 INFO neutron.wsgi [req-75c03759-0f2c-4daf-b653-6f9c513f0828 req-bd6114f9-5963-476b-9871-1cac7a5fcb13 b84398f8048347e5a31f90df4f6243c5 8d4699c4983940dabe799cdc2a720cc9 - - default default] 10.0.0.246 "GET /v2.0/ports?device_id=f7f7fadd-a612-4df5-b67c-79c2690ffde0 HTTP/1.1" status: 200 len: 1170 time: 0.0562046
2026-03-01 22:20:07.017 9 INFO neutron.wsgi [None req-7a8c12f3-4dbe-49cf-bf92-b8d9ebea5500 9f5d03a6eed04f25b998da45511ec5f9 2f2b8f96476c4b56ab671eb706f78f8f - - default default] 10.0.0.58 "POST /v2.0/subnets HTTP/1.1" status: 201 len: 832 time: 1.4560132
2026-03-01 22:20:07.023 9 INFO neutron.wsgi [None req-ebcbd992-8050-47a5-82a6-4f687a353054 a8c6116e336b4590be401b775db6fb31 6ffd0a97b0cc4fe698336066950216c9 - - default default] 10.0.0.58 "PUT /v2.0/routers/115df1c9-d064-4eec-8437-9b50e078003d/remove_router_interface HTTP/1.1" status: 200 len: 503 time: 1.1375840
2026-03-01 22:20:07.055 10 INFO neutron.wsgi [req-75c03759-0f2c-4daf-b653-6f9c513f0828 req-0ca07400-96b1-4a66-a40d-ccacd7c1d336 b84398f8048347e5a31f90df4f6243c5 8d4699c4983940dabe799cdc2a720cc9 - - default default] 10.0.0.246 "GET /v2.0/security-groups?id=1c2f16fb-0dc4-4e89-9bf8-3c01fa71bf14&fields=id&fields=name HTTP/1.1" status: 200 len: 313 time: 0.0546837
2026-03-01 22:20:07.058 9 INFO neutron.wsgi [None req-6de32e72-f197-488f-90c8-766e1ff550cc a8c6116e336b4590be401b775db6fb31 6ffd0a97b0cc4fe698336066950216c9 - - default default] 10.0.0.58 "GET /v2.0/ports?device_id=115df1c9-d064-4eec-8437-9b50e078003d HTTP/1.1" status: 200 len: 205 time: 0.0226114
2026-03-01 22:20:07.138 10 INFO neutron.wsgi [None req-b0b5fabe-1ff1-46ee-bfae-0a68d512772b 50b53b2d902e4aa6a33b72e90fdbb1af a9eb0a1f1c184437a59b3aaaf02eb94c - - default default] 10.0.0.58 "GET /v2.0/subnetpools?name=shared-default-subnetpool-v6 HTTP/1.1" status: 200 len: 212 time: 0.1133530
2026-03-01 22:20:07.151 9 WARNING neutron_lib.context [None req-0e3442c1-2ea6-4304-9855-a05a3be0e96b 9f5d03a6eed04f25b998da45511ec5f9 2f2b8f96476c4b56ab671eb706f78f8f - - default default] Method 'is_advsvc' is deprecated since 2023.2 release (neutron-lib 3.8.0) and will be removed once support for the old RBAC API policies will be removed from Neutron. Please use method 'is_service_role' instead.
2026-03-01 22:20:07.170 9 INFO neutron.wsgi [None req-c0557c7b-2aa4-4335-ba24-66979c847e13 e53112494b184046898ee2dc2e61fee6 78834ce5500e408dada52784ec2df312 - - default default] 10.0.0.58 "DELETE /v2.0/security-groups/3ca7be11-9c2e-458b-b46d-0495c5b5650d HTTP/1.1" status: 204 len: 168 time: 0.2134109
2026-03-01 22:20:07.393 9 INFO neutron.wsgi [None req-03781be3-3e04-4414-b957-0bcba175d727 e53112494b184046898ee2dc2e61fee6 78834ce5500e408dada52784ec2df312 - - default default] 10.0.0.58 "DELETE /v2.0/security-groups/119ee6d2-576b-47ee-9bb2-dc483acba54c HTTP/1.1" status: 204 len: 168 time: 0.2146230
2026-03-01 22:20:07.410 10 INFO neutron.wsgi [None req-8ff765f4-285d-4a03-a407-562c50207a07 a8c6116e336b4590be401b775db6fb31 6ffd0a97b0cc4fe698336066950216c9 - - default default] 10.0.0.58 "DELETE /v2.0/routers/115df1c9-d064-4eec-8437-9b50e078003d HTTP/1.1" status: 204 len: 168 time: 0.3463135
2026-03-01 22:20:07.452 9 INFO neutron.wsgi [req-205a783d-9746-454e-8361-8f0273800009 req-8558153a-be5a-4ec6-80a9-e2e5709ed25a b84398f8048347e5a31f90df4f6243c5 8d4699c4983940dabe799cdc2a720cc9 - - default default] 199.204.45.156 "GET /v2.0/ports?device_id=f7f7fadd-a612-4df5-b67c-79c2690ffde0 HTTP/1.1" status: 200 len: 1170 time: 0.1554720
2026-03-01 22:20:07.583 9 WARNING neutron.scheduler.dhcp_agent_scheduler [None req-0e3442c1-2ea6-4304-9855-a05a3be0e96b 9f5d03a6eed04f25b998da45511ec5f9 2f2b8f96476c4b56ab671eb706f78f8f - - default default] No more DHCP agents
