2026-03-01 22:20:07.585 9 WARNING neutron.api.rpc.agentnotifiers.dhcp_rpc_agent_api [None req-0e3442c1-2ea6-4304-9855-a05a3be0e96b 9f5d03a6eed04f25b998da45511ec5f9 2f2b8f96476c4b56ab671eb706f78f8f - - default default] Unable to schedule network 61d097e7-c323-4773-b456-5d4d0341f05c: no agents available; will retry on subsequent port and subnet creation events.
2026-03-01 22:20:07.643 9 INFO neutron.db.ovn_revision_numbers_db [None req-0e3442c1-2ea6-4304-9855-a05a3be0e96b 9f5d03a6eed04f25b998da45511ec5f9 2f2b8f96476c4b56ab671eb706f78f8f - - default default] Successfully bumped revision number for resource 55bbb2e2-287a-4e17-9bee-e2f869002281 (type: subnets) to 0
2026-03-01 22:20:07.665 9 INFO neutron.wsgi [None req-0e3442c1-2ea6-4304-9855-a05a3be0e96b 9f5d03a6eed04f25b998da45511ec5f9 2f2b8f96476c4b56ab671eb706f78f8f - - default default] 10.0.0.58 "POST /v2.0/subnets HTTP/1.1" status: 201 len: 906 time: 0.5198250
2026-03-01 22:20:07.680 10 WARNING neutron_lib.context [None req-adcd96f0-bc94-4e91-9157-02e5168045d7 9f5d03a6eed04f25b998da45511ec5f9 2f2b8f96476c4b56ab671eb706f78f8f - - default default] Method 'is_advsvc' is deprecated since 2023.2 release (neutron-lib 3.8.0) and will be removed once support for the old RBAC API policies will be removed from Neutron. Please use method 'is_service_role' instead.
2026-03-01 22:20:07.701 10 INFO neutron.wsgi [None req-a0bf20cd-c78a-427c-9ce8-4ea47e81b7af a8c6116e336b4590be401b775db6fb31 6ffd0a97b0cc4fe698336066950216c9 - - default default] 10.0.0.58 "DELETE /v2.0/subnets/54b35cd4-6f1f-4739-8aaf-88678d137777 HTTP/1.1" status: 204 len: 168 time: 0.2826161
2026-03-01 22:20:07.782 10 INFO neutron.db.segments_db [None req-adcd96f0-bc94-4e91-9157-02e5168045d7 9f5d03a6eed04f25b998da45511ec5f9 2f2b8f96476c4b56ab671eb706f78f8f - - default default] Added segment 77d09d0f-5f62-419b-953d-4ea3ddf56ca2 of type geneve for network a1516792-e82c-49d0-8b7c-a9694d7bf676
2026-03-01 22:20:07.941 9 INFO neutron.db.l3_db [req-205a783d-9746-454e-8361-8f0273800009 req-dbea2a4a-5d28-4b8c-a4f3-71ba6f56e5f0 b84398f8048347e5a31f90df4f6243c5 8d4699c4983940dabe799cdc2a720cc9 - - default default] Floating IP 0f813769-5e87-4a10-ab5d-2f568426e234 disassociated. External IP: 10.96.250.214, port: 724409f0-ea27-4be1-be91-7aa7026c3b26.
2026-03-01 22:20:08.303 10 INFO neutron.db.ovn_revision_numbers_db [None req-adcd96f0-bc94-4e91-9157-02e5168045d7 9f5d03a6eed04f25b998da45511ec5f9 2f2b8f96476c4b56ab671eb706f78f8f - - default default] Successfully bumped revision number for resource a1516792-e82c-49d0-8b7c-a9694d7bf676 (type: networks) to 1
2026-03-01 22:20:08.366 9 WARNING neutron.plugins.ml2.drivers.ovn.mech_driver.ovsdb.ovn_client [None req-d554d607-ce5f-403f-952d-8fb1bb266bc6 - - - - - -] No port found with ID ec7be7ea-de26-478d-b151-82e355136c50: RuntimeError: No port found with ID ec7be7ea-de26-478d-b151-82e355136c50
2026-03-01 22:20:08.397 9 INFO neutron.wsgi [None req-2a7cb10a-357f-4e4b-95ce-401ae43dc805 a8c6116e336b4590be401b775db6fb31 6ffd0a97b0cc4fe698336066950216c9 - - default default] 10.0.0.58 "DELETE /v2.0/subnets/88f2ac8d-8104-4c8a-a490-31927e0b1ca4 HTTP/1.1" status: 204 len: 168 time: 0.6909821
2026-03-01 22:20:08.410 9 INFO neutron.wsgi [req-6db10672-f8c6-4f2e-83ad-f0a1703d9fc6 req-6833715b-65f2-4f56-8a3d-f252ecba31aa b84398f8048347e5a31f90df4f6243c5 8d4699c4983940dabe799cdc2a720cc9 - - default default] 10.0.0.246 "GET /v2.0/ports?device_id=f7f7fadd-a612-4df5-b67c-79c2690ffde0 HTTP/1.1" status: 200 len: 1170 time: 0.0622537
2026-03-01 22:20:08.464 9 INFO neutron.wsgi [req-6db10672-f8c6-4f2e-83ad-f0a1703d9fc6 req-9ddf042c-6c76-4b51-8b87-241a8daddbdf b84398f8048347e5a31f90df4f6243c5 8d4699c4983940dabe799cdc2a720cc9 - - default default] 10.0.0.246 "GET /v2.0/security-groups?id=1c2f16fb-0dc4-4e89-9bf8-3c01fa71bf14&fields=id&fields=name HTTP/1.1" status: 200 len: 313 time: 0.0446088
2026-03-01 22:20:08.517 9 INFO neutron.wsgi [req-205a783d-9746-454e-8361-8f0273800009 req-dbea2a4a-5d28-4b8c-a4f3-71ba6f56e5f0 b84398f8048347e5a31f90df4f6243c5 8d4699c4983940dabe799cdc2a720cc9 - - default default] 199.204.45.156 "DELETE /v2.0/ports/724409f0-ea27-4be1-be91-7aa7026c3b26 HTTP/1.1" status: 204 len: 173 time: 1.0614152
2026-03-01 22:20:08.572 9 INFO neutron.notifiers.nova [-] Nova event matching ['req-54ed7e41-c0fb-4624-8640-65a56b616daa'] response: {'server_uuid': 'f7f7fadd-a612-4df5-b67c-79c2690ffde0', 'name': 'network-vif-deleted', 'tag': '724409f0-ea27-4be1-be91-7aa7026c3b26', 'status': 'completed', 'code': 200}
2026-03-01 22:20:08.589 10 WARNING neutron.scheduler.dhcp_agent_scheduler [None req-adcd96f0-bc94-4e91-9157-02e5168045d7 9f5d03a6eed04f25b998da45511ec5f9 2f2b8f96476c4b56ab671eb706f78f8f - - default default] No more DHCP agents
2026-03-01 22:20:08.594 10 WARNING neutron.api.rpc.agentnotifiers.dhcp_rpc_agent_api [None req-adcd96f0-bc94-4e91-9157-02e5168045d7 9f5d03a6eed04f25b998da45511ec5f9 2f2b8f96476c4b56ab671eb706f78f8f - - default default] Unable to schedule network a1516792-e82c-49d0-8b7c-a9694d7bf676: no agents available; will retry on subsequent port and subnet creation events.
2026-03-01 22:20:08.803 10 INFO neutron.db.ovn_revision_numbers_db [None req-adcd96f0-bc94-4e91-9157-02e5168045d7 9f5d03a6eed04f25b998da45511ec5f9 2f2b8f96476c4b56ab671eb706f78f8f - - default default] Successfully bumped revision number for resource de27b93b-e1a4-4190-a789-d0751c1a9699 (type: ports) to 1
2026-03-01 22:20:08.810 10 INFO neutron.db.ovn_revision_numbers_db [None req-7815cac8-2b1d-411b-b3e2-85b961ac0e30 c98bc9c1d85e4983ad974cb4cf9dd46b b6357918f73b458f9e03a5667d465a0e - - default default] Successfully bumped revision number for resource 047a48b4-d2ee-4508-b068-a73dea2bdb3a (type: security_groups) to 1
2026-03-01 22:20:08.835 10 INFO neutron.db.ovn_revision_numbers_db [None req-7815cac8-2b1d-411b-b3e2-85b961ac0e30 c98bc9c1d85e4983ad974cb4cf9dd46b b6357918f73b458f9e03a5667d465a0e - - default default] Successfully bumped revision number for resource 220e244d-f7a9-42a6-95c8-9fe60b59ec1f (type: security_group_rules) to 0
2026-03-01 22:20:08.842 10 INFO neutron.wsgi [None req-adcd96f0-bc94-4e91-9157-02e5168045d7 9f5d03a6eed04f25b998da45511ec5f9 2f2b8f96476c4b56ab671eb706f78f8f - - default default] 10.0.0.58 "POST /v2.0/networks HTTP/1.1" status: 201 len: 836 time: 1.1703403
2026-03-01 22:20:08.862 9 WARNING neutron_lib.context [None req-e1248733-eb99-4d84-8e18-dc19776d92c9 9f5d03a6eed04f25b998da45511ec5f9 2f2b8f96476c4b56ab671eb706f78f8f - - default default] Method 'is_advsvc' is deprecated since 2023.2 release (neutron-lib 3.8.0) and will be removed once support for the old RBAC API policies will be removed from Neutron. Please use method 'is_service_role' instead.
2026-03-01 22:20:08.876 10 INFO neutron.db.ovn_revision_numbers_db [None req-7815cac8-2b1d-411b-b3e2-85b961ac0e30 c98bc9c1d85e4983ad974cb4cf9dd46b b6357918f73b458f9e03a5667d465a0e - - default default] Successfully bumped revision number for resource 318aaf0f-6ff3-438d-a852-f52e25c02df0 (type: security_group_rules) to 0
2026-03-01 22:20:08.896 10 INFO neutron.db.ovn_revision_numbers_db [None req-7815cac8-2b1d-411b-b3e2-85b961ac0e30 c98bc9c1d85e4983ad974cb4cf9dd46b b6357918f73b458f9e03a5667d465a0e - - default default] Successfully bumped revision number for resource 4b86ddc1-e8e9-42da-a863-1b221835d481 (type: security_group_rules) to 0
2026-03-01 22:20:08.919 10 INFO neutron.db.ovn_revision_numbers_db [None req-7815cac8-2b1d-411b-b3e2-85b961ac0e30 c98bc9c1d85e4983ad974cb4cf9dd46b b6357918f73b458f9e03a5667d465a0e - - default default] Successfully bumped revision number for resource bedfc900-3000-4955-8289-43c10ce0b88c (type: security_group_rules) to 0
2026-03-01 22:20:08.955 10 INFO neutron.wsgi [None req-7815cac8-2b1d-411b-b3e2-85b961ac0e30 c98bc9c1d85e4983ad974cb4cf9dd46b b6357918f73b458f9e03a5667d465a0e - - default default] 10.0.0.58 "GET /v2.0/security-groups?tenant_id=42fb0340ff3c4079a875697381a93e6f&name=default HTTP/1.1" status: 200 len: 2996 time: 0.6024308
2026-03-01 22:20:09.033 10 INFO neutron.services.segments.plugin [-] Segment 4c2531e4-c70e-4c9b-988e-32d28a8c649e resource provider aggregate not found
2026-03-01 22:20:09.039 10 INFO neutron.services.segments.plugin [-] Segment 4c2531e4-c70e-4c9b-988e-32d28a8c649e resource provider aggregate not found
2026-03-01 22:20:09.056 10 INFO neutron.services.segments.plugin [-] Segment 4c2531e4-c70e-4c9b-988e-32d28a8c649e resource provider not found; error: Placement Client Error (4xx): {"errors": [{"status": 404, "title": "Not Found", "detail": "The resource could not be found.\n\n No resource provider with uuid 4c2531e4-c70e-4c9b-988e-32d28a8c649e found for delete ", "request_id": "req-0618354c-c62f-44c0-bee9-62e855f01332"}]}
2026-03-01 22:20:09.057 10 INFO neutron.services.segments.plugin [-] Segment 4c2531e4-c70e-4c9b-988e-32d28a8c649e resource provider not found; error: Placement Client Error (4xx): {"errors": [{"status": 404, "title": "Not Found", "detail": "The resource could not be found.\n\n No resource provider with uuid 4c2531e4-c70e-4c9b-988e-32d28a8c649e found for delete ", "request_id": "req-6059acde-b371-4174-bd50-3262a566c568"}]}
2026-03-01 22:20:09.090 10 INFO neutron.wsgi [None req-a5f2e458-f759-49b3-b39d-3d4d578b9512 a8c6116e336b4590be401b775db6fb31 6ffd0a97b0cc4fe698336066950216c9 - - default default] 10.0.0.58 "DELETE /v2.0/networks/9e5b6a41-7feb-444c-b9ee-b429c528ce38 HTTP/1.1" status: 204 len: 168 time: 0.6858873
2026-03-01 22:20:09.204 9 WARNING neutron.scheduler.dhcp_agent_scheduler [None req-e1248733-eb99-4d84-8e18-dc19776d92c9 9f5d03a6eed04f25b998da45511ec5f9 2f2b8f96476c4b56ab671eb706f78f8f - - default default] No more DHCP agents
2026-03-01 22:20:09.214 9 WARNING neutron.api.rpc.agentnotifiers.dhcp_rpc_agent_api [None req-e1248733-eb99-4d84-8e18-dc19776d92c9 9f5d03a6eed04f25b998da45511ec5f9 2f2b8f96476c4b56ab671eb706f78f8f - - default default] Unable to schedule network a1516792-e82c-49d0-8b7c-a9694d7bf676: no agents available; will retry on subsequent port and subnet creation events.
2026-03-01 22:20:09.238 10 INFO neutron.wsgi [None req-4d879c0f-2997-4908-bcbe-87016637e914 c98bc9c1d85e4983ad974cb4cf9dd46b b6357918f73b458f9e03a5667d465a0e - - default default] 10.0.0.58 "DELETE /v2.0/security-groups/047a48b4-d2ee-4508-b068-a73dea2bdb3a HTTP/1.1" status: 204 len: 168 time: 0.2749686
2026-03-01 22:20:09.367 10 INFO neutron.wsgi [None req-65d207cf-9832-417f-9826-931d5f8ad2fb c98bc9c1d85e4983ad974cb4cf9dd46b b6357918f73b458f9e03a5667d465a0e - - default default] 10.0.0.58 "GET /v2.0/security-groups?tenant_id=78834ce5500e408dada52784ec2df312&name=default HTTP/1.1" status: 200 len: 2996 time: 0.0422480
2026-03-01 22:20:09.600 9 INFO neutron.services.segments.plugin [-] Segment 98a253cf-a9dd-42f7-8a60-e2279ad53ad4 resource provider aggregate not found
2026-03-01 22:20:09.605 9 INFO neutron.services.segments.plugin [-] Segment 98a253cf-a9dd-42f7-8a60-e2279ad53ad4 resource provider aggregate not found
2026-03-01 22:20:09.607 10 INFO neutron.wsgi [None req-ba61fa83-cfd4-40da-962e-a1904606d56d c98bc9c1d85e4983ad974cb4cf9dd46b b6357918f73b458f9e03a5667d465a0e - - default default] 10.0.0.58 "DELETE /v2.0/security-groups/05ec3d94-ba1b-408f-881b-df50ed870c9d HTTP/1.1" status: 204 len: 168 time: 0.2361858
2026-03-01 22:20:09.621 9 INFO neutron.services.segments.plugin [-] Segment 98a253cf-a9dd-42f7-8a60-e2279ad53ad4 resource provider not found; error: Placement Client Error (4xx): {"errors": [{"status": 404, "title": "Not Found", "detail": "The resource could not be found.\n\n No resource provider with uuid 98a253cf-a9dd-42f7-8a60-e2279ad53ad4 found for delete ", "request_id": "req-7ac1c9d1-2a57-4afe-8a01-4724b0879e36"}]}
2026-03-01 22:20:09.621 9 INFO neutron.services.segments.plugin [-] Segment 98a253cf-a9dd-42f7-8a60-e2279ad53ad4 resource provider not found; error: Placement Client Error (4xx): {"errors": [{"status": 404, "title": "Not Found", "detail": "The resource could not be found.\n\n No resource provider with uuid 98a253cf-a9dd-42f7-8a60-e2279ad53ad4 found for delete ", "request_id": "req-20ef84f1-abc4-47af-8521-2e4c52b3fcb7"}]}
2026-03-01 22:20:09.676 9 INFO neutron.wsgi [None req-67ee5031-0ccc-461c-808a-64d165fa2e6e a8c6116e336b4590be401b775db6fb31 6ffd0a97b0cc4fe698336066950216c9 - - default default] 10.0.0.58 "DELETE /v2.0/networks/cb792728-b55c-4b89-9370-a509ff9f7621 HTTP/1.1" status: 204 len: 168 time: 0.5804756
2026-03-01 22:20:09.693 10 WARNING neutron_lib.context [None req-d467b2a3-dd8e-4e73-bf5b-a023ade015fb a8c6116e336b4590be401b775db6fb31 6ffd0a97b0cc4fe698336066950216c9 - - default default] Method 'is_advsvc' is deprecated since 2023.2 release (neutron-lib 3.8.0) and will be removed once support for the old RBAC API policies will be removed from Neutron. Please use method 'is_service_role' instead.
2026-03-01 22:20:09.748 10 INFO neutron.wsgi [None req-211fd3c4-1206-4f32-8419-022444034471 b84398f8048347e5a31f90df4f6243c5 8d4699c4983940dabe799cdc2a720cc9 - - default default] 10.0.0.58 "DELETE /v2.0/security-groups/1c2f16fb-0dc4-4e89-9bf8-3c01fa71bf14 HTTP/1.1" status: 204 len: 168 time: 0.1985731
2026-03-01 22:20:09.749 10 WARNING neutron.plugins.ml2.drivers.ovn.mech_driver.ovsdb.ovn_client [None req-f8da379a-5a15-494a-963c-311b384f4b48 - - - - - -] No port found with ID ad42d84e-0ea3-4b76-82b4-bd0209a6c5cf: RuntimeError: No port found with ID ad42d84e-0ea3-4b76-82b4-bd0209a6c5cf
2026-03-01 22:20:09.749 10 INFO neutron.plugins.ml2.drivers.ovn.mech_driver.mech_driver [None req-f8da379a-5a15-494a-963c-311b384f4b48 - - - - - -] OVN reports status down for port: 724409f0-ea27-4be1-be91-7aa7026c3b26
2026-03-01 22:20:09.803 10 INFO neutron.api.v2.resource [None req-236a4073-93c5-47cd-8f3a-e0c6736e79ed b84398f8048347e5a31f90df4f6243c5 8d4699c4983940dabe799cdc2a720cc9 - - default default] show failed (client error): The resource could not be found.
2026-03-01 22:20:09.805 10 INFO neutron.wsgi [None req-236a4073-93c5-47cd-8f3a-e0c6736e79ed b84398f8048347e5a31f90df4f6243c5 8d4699c4983940dabe799cdc2a720cc9 - - default default] 10.0.0.58 "GET /v2.0/security-groups/1c2f16fb-0dc4-4e89-9bf8-3c01fa71bf14 HTTP/1.1" status: 404 len: 347 time: 0.0522304 /var/lib/openstack/lib/python3.10/site-packages/pycadf/identifier.py:71: UserWarning: Invalid uuid: neutron. To ensure interoperability, identifiers should be a valid uuid. warnings.warn(('Invalid uuid: %s. To ensure interoperability, '
2026-03-01 22:20:09.854 10 INFO neutron.db.segments_db [None req-d467b2a3-dd8e-4e73-bf5b-a023ade015fb a8c6116e336b4590be401b775db6fb31 6ffd0a97b0cc4fe698336066950216c9 - - default default] Added segment c5ffab35-710c-4b76-9340-57e56ff949d8 of type geneve for network 856c959d-31fa-4d78-9cb9-8babaf0c2ae5
2026-03-01 22:20:09.895 9 INFO neutron.db.ovn_revision_numbers_db [None req-e1248733-eb99-4d84-8e18-dc19776d92c9 9f5d03a6eed04f25b998da45511ec5f9 2f2b8f96476c4b56ab671eb706f78f8f - - default default] Successfully bumped revision number for resource de27b93b-e1a4-4190-a789-d0751c1a9699 (type: ports) to 2
2026-03-01 22:20:09.930 9 INFO neutron.db.ovn_revision_numbers_db [None req-7eebe755-b06b-426f-89ea-adfda9e1c0e0 c98bc9c1d85e4983ad974cb4cf9dd46b b6357918f73b458f9e03a5667d465a0e - - default default] Successfully bumped revision number for resource 4472f0ad-650f-4d4b-86d5-386647d0c53b (type: security_groups) to 1
2026-03-01 22:20:09.932 9 INFO neutron.db.ovn_revision_numbers_db [None req-e1248733-eb99-4d84-8e18-dc19776d92c9 9f5d03a6eed04f25b998da45511ec5f9 2f2b8f96476c4b56ab671eb706f78f8f - - default default] Successfully bumped revision number for resource 4989bd7e-74ef-4a8d-8b26-641a244e47f4 (type: subnets) to 0
2026-03-01 22:20:09.948 9 INFO neutron.wsgi [None req-e1248733-eb99-4d84-8e18-dc19776d92c9 9f5d03a6eed04f25b998da45511ec5f9 2f2b8f96476c4b56ab671eb706f78f8f - - default default] 10.0.0.58 "POST /v2.0/subnets HTTP/1.1" status: 201 len: 830 time: 1.0989799
2026-03-01 22:20:09.950 9 INFO neutron.db.ovn_revision_numbers_db [None req-7eebe755-b06b-426f-89ea-adfda9e1c0e0 c98bc9c1d85e4983ad974cb4cf9dd46b b6357918f73b458f9e03a5667d465a0e - - default default] Successfully bumped revision number for resource 18b520d3-a5bd-4ae5-9385-50fc0989d430 (type: security_group_rules) to 0
2026-03-01 22:20:09.961 9 WARNING neutron_lib.context [None req-28f2d17b-f1df-4eec-8d43-f584020b2a41 9f5d03a6eed04f25b998da45511ec5f9 2f2b8f96476c4b56ab671eb706f78f8f - - default default] Method 'is_advsvc' is deprecated since 2023.2 release (neutron-lib 3.8.0) and will be removed once support for the old RBAC API policies will be removed from Neutron. Please use method 'is_service_role' instead.
2026-03-01 22:20:09.971 9 INFO neutron.db.ovn_revision_numbers_db [None req-7eebe755-b06b-426f-89ea-adfda9e1c0e0 c98bc9c1d85e4983ad974cb4cf9dd46b b6357918f73b458f9e03a5667d465a0e - - default default] Successfully bumped revision number for resource 2611a383-893f-4cd6-b2b4-191e5e57daff (type: security_group_rules) to 0
2026-03-01 22:20:10.014 9 INFO neutron.db.ovn_revision_numbers_db [None req-7eebe755-b06b-426f-89ea-adfda9e1c0e0 c98bc9c1d85e4983ad974cb4cf9dd46b b6357918f73b458f9e03a5667d465a0e - - default default] Successfully bumped revision number for resource 7a5a1f8d-e475-45b7-bb98-c1b17d77cc8d (type: security_group_rules) to 0
2026-03-01 22:20:10.030 9 INFO neutron.db.ovn_revision_numbers_db [None req-7eebe755-b06b-426f-89ea-adfda9e1c0e0 c98bc9c1d85e4983ad974cb4cf9dd46b b6357918f73b458f9e03a5667d465a0e - - default default] Successfully bumped revision number for resource ad4bd221-55a6-440a-94cb-84f668854f4c (type: security_group_rules) to 0
2026-03-01 22:20:10.044 10 INFO neutron.db.ovn_revision_numbers_db [None req-d467b2a3-dd8e-4e73-bf5b-a023ade015fb a8c6116e336b4590be401b775db6fb31 6ffd0a97b0cc4fe698336066950216c9 - - default default] Successfully bumped revision number for resource 856c959d-31fa-4d78-9cb9-8babaf0c2ae5 (type: networks) to 1
2026-03-01 22:20:10.059 9 INFO neutron.wsgi [None req-7eebe755-b06b-426f-89ea-adfda9e1c0e0 c98bc9c1d85e4983ad974cb4cf9dd46b b6357918f73b458f9e03a5667d465a0e - - default default] 10.0.0.58 "GET /v2.0/security-groups?tenant_id=0fc3517ce9134ea8995b8bed14ae772f&name=default HTTP/1.1" status: 200 len: 2996 time: 0.2837067
2026-03-01 22:20:10.284 9 WARNING neutron.scheduler.dhcp_agent_scheduler [None req-28f2d17b-f1df-4eec-8d43-f584020b2a41 9f5d03a6eed04f25b998da45511ec5f9 2f2b8f96476c4b56ab671eb706f78f8f - - default default] No more DHCP agents
2026-03-01 22:20:10.289 9 WARNING neutron.api.rpc.agentnotifiers.dhcp_rpc_agent_api [None req-28f2d17b-f1df-4eec-8d43-f584020b2a41 9f5d03a6eed04f25b998da45511ec5f9 2f2b8f96476c4b56ab671eb706f78f8f - - default default] Unable to schedule network a1516792-e82c-49d0-8b7c-a9694d7bf676: no agents available; will retry on subsequent port and subnet creation events.
2026-03-01 22:20:10.320 9 INFO neutron.db.ovn_revision_numbers_db [None req-28f2d17b-f1df-4eec-8d43-f584020b2a41 9f5d03a6eed04f25b998da45511ec5f9 2f2b8f96476c4b56ab671eb706f78f8f - - default default] Successfully bumped revision number for resource 012c4f6c-68d3-4251-8818-f0cf27d353a6 (type: subnets) to 0
2026-03-01 22:20:10.338 9 INFO neutron.wsgi [None req-28f2d17b-f1df-4eec-8d43-f584020b2a41 9f5d03a6eed04f25b998da45511ec5f9 2f2b8f96476c4b56ab671eb706f78f8f - - default default] 10.0.0.58 "POST /v2.0/subnets HTTP/1.1" status: 201 len: 901 time: 0.3813779
2026-03-01 22:20:10.348 9 WARNING neutron_lib.context [None req-b9edfb25-4878-4088-98aa-3cdd23a78c16 9f5d03a6eed04f25b998da45511ec5f9 2f2b8f96476c4b56ab671eb706f78f8f - - default default] Method 'is_advsvc' is deprecated since 2023.2 release (neutron-lib 3.8.0) and will be removed once support for the old RBAC API policies will be removed from Neutron. Please use method 'is_service_role' instead.
2026-03-01 22:20:10.366 10 WARNING neutron.scheduler.dhcp_agent_scheduler [None req-d467b2a3-dd8e-4e73-bf5b-a023ade015fb a8c6116e336b4590be401b775db6fb31 6ffd0a97b0cc4fe698336066950216c9 - - default default] No more DHCP agents
2026-03-01 22:20:10.373 10 WARNING neutron.api.rpc.agentnotifiers.dhcp_rpc_agent_api [None req-d467b2a3-dd8e-4e73-bf5b-a023ade015fb a8c6116e336b4590be401b775db6fb31 6ffd0a97b0cc4fe698336066950216c9 - - default default] Unable to schedule network 856c959d-31fa-4d78-9cb9-8babaf0c2ae5: no agents available; will retry on subsequent port and subnet creation events.
2026-03-01 22:20:10.440 10 INFO neutron.wsgi [None req-15d428e9-5e09-4dd5-b409-4370763eed77 b84398f8048347e5a31f90df4f6243c5 8d4699c4983940dabe799cdc2a720cc9 - - default default] 10.0.0.58 "DELETE /v2.0/floatingips/0f813769-5e87-4a10-ab5d-2f568426e234 HTTP/1.1" status: 204 len: 168 time: 0.6295545
2026-03-01 22:20:10.457 9 INFO neutron.db.segments_db [None req-b9edfb25-4878-4088-98aa-3cdd23a78c16 9f5d03a6eed04f25b998da45511ec5f9 2f2b8f96476c4b56ab671eb706f78f8f - - default default] Added segment baa3547f-2fc9-4a76-9446-20b3d00bf6c6 of type geneve for network b25c6ea6-fca2-483b-877b-1bee37c713d9
2026-03-01 22:20:10.519 10 INFO neutron.db.ovn_revision_numbers_db [None req-d467b2a3-dd8e-4e73-bf5b-a023ade015fb a8c6116e336b4590be401b775db6fb31 6ffd0a97b0cc4fe698336066950216c9 - - default default] Successfully bumped revision number for resource 426c523e-ddc4-4d9c-9aba-c5e4db36c1a1 (type: ports) to 1
2026-03-01 22:20:10.537 10 INFO neutron.wsgi [None req-e584af98-0398-4e5b-b22e-70d4ae5a4f69 c98bc9c1d85e4983ad974cb4cf9dd46b b6357918f73b458f9e03a5667d465a0e - - default default] 10.0.0.58 "DELETE /v2.0/security-groups/4472f0ad-650f-4d4b-86d5-386647d0c53b HTTP/1.1" status: 204 len: 168 time: 0.4705832
2026-03-01 22:20:10.557 10 INFO neutron.wsgi [None req-d467b2a3-dd8e-4e73-bf5b-a023ade015fb a8c6116e336b4590be401b775db6fb31 6ffd0a97b0cc4fe698336066950216c9 - - default default] 10.0.0.58 "POST /v2.0/networks HTTP/1.1" status: 201 len: 828 time: 0.8723373
2026-03-01 22:20:10.569 9 WARNING neutron_lib.context [None req-b067426f-c80a-4d15-b600-ff2da8791d9b a8c6116e336b4590be401b775db6fb31 6ffd0a97b0cc4fe698336066950216c9 - - default default] Method 'is_advsvc' is deprecated since 2023.2 release (neutron-lib 3.8.0) and will be removed once support for the old RBAC API policies will be removed from Neutron. Please use method 'is_service_role' instead.
2026-03-01 22:20:10.653 9 INFO neutron.db.ovn_revision_numbers_db [None req-b9edfb25-4878-4088-98aa-3cdd23a78c16 9f5d03a6eed04f25b998da45511ec5f9 2f2b8f96476c4b56ab671eb706f78f8f - - default default] Successfully bumped revision number for resource b25c6ea6-fca2-483b-877b-1bee37c713d9 (type: networks) to 1
2026-03-01 22:20:10.881 9 WARNING neutron.scheduler.dhcp_agent_scheduler [None req-b067426f-c80a-4d15-b600-ff2da8791d9b a8c6116e336b4590be401b775db6fb31 6ffd0a97b0cc4fe698336066950216c9 - - default default] No more DHCP agents
2026-03-01 22:20:10.886 9 WARNING neutron.api.rpc.agentnotifiers.dhcp_rpc_agent_api [None req-b067426f-c80a-4d15-b600-ff2da8791d9b a8c6116e336b4590be401b775db6fb31 6ffd0a97b0cc4fe698336066950216c9 - - default default] Unable to schedule network 856c959d-31fa-4d78-9cb9-8babaf0c2ae5: no agents available; will retry on subsequent port and subnet creation events.
2026-03-01 22:20:10.898 9 WARNING neutron.scheduler.dhcp_agent_scheduler [None req-b9edfb25-4878-4088-98aa-3cdd23a78c16 9f5d03a6eed04f25b998da45511ec5f9 2f2b8f96476c4b56ab671eb706f78f8f - - default default] No more DHCP agents
2026-03-01 22:20:10.902 9 WARNING neutron.api.rpc.agentnotifiers.dhcp_rpc_agent_api [None req-b9edfb25-4878-4088-98aa-3cdd23a78c16 9f5d03a6eed04f25b998da45511ec5f9 2f2b8f96476c4b56ab671eb706f78f8f - - default default] Unable to schedule network b25c6ea6-fca2-483b-877b-1bee37c713d9: no agents available; will retry on subsequent port and subnet creation events.
2026-03-01 22:20:11.035 9 INFO neutron.db.ovn_revision_numbers_db [None req-b9edfb25-4878-4088-98aa-3cdd23a78c16 9f5d03a6eed04f25b998da45511ec5f9 2f2b8f96476c4b56ab671eb706f78f8f - - default default] Successfully bumped revision number for resource 53319317-0f7f-4d5d-8b9c-7f36032ff8da (type: ports) to 1
2026-03-01 22:20:11.066 9 INFO neutron.wsgi [None req-b9edfb25-4878-4088-98aa-3cdd23a78c16 9f5d03a6eed04f25b998da45511ec5f9 2f2b8f96476c4b56ab671eb706f78f8f - - default default] 10.0.0.58 "POST /v2.0/networks HTTP/1.1" status: 201 len: 837 time: 0.7236037
2026-03-01 22:20:11.078 9 WARNING neutron_lib.context [None req-fc0bc839-9f18-4ec0-baa5-0244ace4c26e 9f5d03a6eed04f25b998da45511ec5f9 2f2b8f96476c4b56ab671eb706f78f8f - - default default] Method 'is_advsvc' is deprecated since 2023.2 release (neutron-lib 3.8.0) and will be removed once support for the old RBAC API policies will be removed from Neutron. Please use method 'is_service_role' instead.
2026-03-01 22:20:11.399 9 WARNING neutron.scheduler.dhcp_agent_scheduler [None req-fc0bc839-9f18-4ec0-baa5-0244ace4c26e 9f5d03a6eed04f25b998da45511ec5f9 2f2b8f96476c4b56ab671eb706f78f8f - - default default] No more DHCP agents
2026-03-01 22:20:11.404 9 WARNING neutron.api.rpc.agentnotifiers.dhcp_rpc_agent_api [None req-fc0bc839-9f18-4ec0-baa5-0244ace4c26e 9f5d03a6eed04f25b998da45511ec5f9 2f2b8f96476c4b56ab671eb706f78f8f - - default default] Unable to schedule network b25c6ea6-fca2-483b-877b-1bee37c713d9: no agents available; will retry on subsequent port and subnet creation events.
2026-03-01 22:20:11.477 10 INFO neutron.wsgi [None req-bf415920-2d64-4ce1-a180-5c2df1bcf2d8 c98bc9c1d85e4983ad974cb4cf9dd46b b6357918f73b458f9e03a5667d465a0e - - default default] 10.0.0.58 "PUT /v2.0/routers/655ea0c4-69a4-40f5-aa33-d725ec9206f9/remove_router_interface HTTP/1.1" status: 200 len: 503 time: 1.0243323 /var/lib/openstack/lib/python3.10/site-packages/pycadf/identifier.py:71: UserWarning: Invalid uuid: neutron. To ensure interoperability, identifiers should be a valid uuid. warnings.warn(('Invalid uuid: %s. To ensure interoperability, '
2026-03-01 22:20:11.522 9 INFO neutron.db.ovn_revision_numbers_db [None req-b067426f-c80a-4d15-b600-ff2da8791d9b a8c6116e336b4590be401b775db6fb31 6ffd0a97b0cc4fe698336066950216c9 - - default default] Successfully bumped revision number for resource 426c523e-ddc4-4d9c-9aba-c5e4db36c1a1 (type: ports) to 2
2026-03-01 22:20:11.571 9 INFO neutron.db.ovn_revision_numbers_db [None req-b067426f-c80a-4d15-b600-ff2da8791d9b a8c6116e336b4590be401b775db6fb31 6ffd0a97b0cc4fe698336066950216c9 - - default default] Successfully bumped revision number for resource 79c201a0-bbbe-41b9-9f44-8bedc445f6b2 (type: subnets) to 0
2026-03-01 22:20:11.594 9 INFO neutron.wsgi [None req-b067426f-c80a-4d15-b600-ff2da8791d9b a8c6116e336b4590be401b775db6fb31 6ffd0a97b0cc4fe698336066950216c9 - - default default] 10.0.0.58 "POST /v2.0/subnets HTTP/1.1" status: 201 len: 801 time: 1.0299447
2026-03-01 22:20:11.608 10 WARNING neutron_lib.context [None req-331467f1-8ad9-445c-baff-1718342e1bd6 a8c6116e336b4590be401b775db6fb31 6ffd0a97b0cc4fe698336066950216c9 - - default default] Method 'is_advsvc' is deprecated since 2023.2 release (neutron-lib 3.8.0) and will be removed once support for the old RBAC API policies will be removed from Neutron. Please use method 'is_service_role' instead.
2026-03-01 22:20:11.804 10 INFO neutron.db.ovn_revision_numbers_db [None req-331467f1-8ad9-445c-baff-1718342e1bd6 a8c6116e336b4590be401b775db6fb31 6ffd0a97b0cc4fe698336066950216c9 - - default default] Successfully bumped revision number for resource 271118ec-20f8-423e-8b50-81316213d12d (type: routers) to 1
2026-03-01 22:20:11.834 10 INFO neutron.wsgi [None req-331467f1-8ad9-445c-baff-1718342e1bd6 a8c6116e336b4590be401b775db6fb31 6ffd0a97b0cc4fe698336066950216c9 - - default default] 10.0.0.58 "POST /v2.0/routers HTTP/1.1" status: 201 len: 687 time: 0.2330599
2026-03-01 22:20:11.845 10 WARNING neutron_lib.context [None req-9e374e9e-b37a-44bd-bf49-f88ceeca3048 a8c6116e336b4590be401b775db6fb31 6ffd0a97b0cc4fe698336066950216c9 - - default default] Method 'is_advsvc' is deprecated since 2023.2 release (neutron-lib 3.8.0) and will be removed once support for the old RBAC API policies will be removed from Neutron. Please use method 'is_service_role' instead.
2026-03-01 22:20:11.943 9 INFO neutron.db.ovn_revision_numbers_db [None req-fc0bc839-9f18-4ec0-baa5-0244ace4c26e 9f5d03a6eed04f25b998da45511ec5f9 2f2b8f96476c4b56ab671eb706f78f8f - - default default] Successfully bumped revision number for resource 53319317-0f7f-4d5d-8b9c-7f36032ff8da (type: ports) to 2
2026-03-01 22:20:11.982 9 INFO neutron.db.ovn_revision_numbers_db [None req-fc0bc839-9f18-4ec0-baa5-0244ace4c26e 9f5d03a6eed04f25b998da45511ec5f9 2f2b8f96476c4b56ab671eb706f78f8f - - default default] Successfully bumped revision number for resource aa1c3cb2-b370-409f-b63e-eb028976b598 (type: subnets) to 0
2026-03-01 22:20:11.999 9 INFO neutron.wsgi [None req-fc0bc839-9f18-4ec0-baa5-0244ace4c26e 9f5d03a6eed04f25b998da45511ec5f9 2f2b8f96476c4b56ab671eb706f78f8f - - default default] 10.0.0.58 "POST /v2.0/subnets HTTP/1.1" status: 201 len: 830 time: 0.9267285
2026-03-01 22:20:12.011 9 WARNING neutron_lib.context [None req-3720eda1-c861-48f0-9c8f-06bcd6d875d7 9f5d03a6eed04f25b998da45511ec5f9 2f2b8f96476c4b56ab671eb706f78f8f - - default default] Method 'is_advsvc' is deprecated since 2023.2 release (neutron-lib 3.8.0) and will be removed once support for the old RBAC API policies will be removed from Neutron. Please use method 'is_service_role' instead.
2026-03-01 22:20:12.274 9 WARNING neutron.scheduler.dhcp_agent_scheduler [None req-3720eda1-c861-48f0-9c8f-06bcd6d875d7 9f5d03a6eed04f25b998da45511ec5f9 2f2b8f96476c4b56ab671eb706f78f8f - - default default] No more DHCP agents
2026-03-01 22:20:12.277 9 WARNING neutron.api.rpc.agentnotifiers.dhcp_rpc_agent_api [None req-3720eda1-c861-48f0-9c8f-06bcd6d875d7 9f5d03a6eed04f25b998da45511ec5f9 2f2b8f96476c4b56ab671eb706f78f8f - - default default] Unable to schedule network b25c6ea6-fca2-483b-877b-1bee37c713d9: no agents available; will retry on subsequent port and subnet creation events.
2026-03-01 22:20:12.314 9 INFO neutron.db.ovn_revision_numbers_db [None req-3720eda1-c861-48f0-9c8f-06bcd6d875d7 9f5d03a6eed04f25b998da45511ec5f9 2f2b8f96476c4b56ab671eb706f78f8f - - default default] Successfully bumped revision number for resource 6ba232f0-5d3c-4be9-9f74-13b88a450685 (type: subnets) to 0
2026-03-01 22:20:12.330 9 INFO neutron.wsgi [None req-3720eda1-c861-48f0-9c8f-06bcd6d875d7 9f5d03a6eed04f25b998da45511ec5f9 2f2b8f96476c4b56ab671eb706f78f8f - - default default] 10.0.0.58 "POST /v2.0/subnets HTTP/1.1" status: 201 len: 904 time: 0.3247533
2026-03-01 22:20:12.345 9 WARNING neutron_lib.context [None req-605531b5-dedc-445f-99e4-dd984068adc3 9f5d03a6eed04f25b998da45511ec5f9 2f2b8f96476c4b56ab671eb706f78f8f - - default default] Method 'is_advsvc' is deprecated since 2023.2 release (neutron-lib 3.8.0) and will be removed once support for the old RBAC API policies will be removed from Neutron. Please use method 'is_service_role' instead.
2026-03-01 22:20:12.739 10 WARNING neutron.scheduler.dhcp_agent_scheduler [None req-9e374e9e-b37a-44bd-bf49-f88ceeca3048 a8c6116e336b4590be401b775db6fb31 6ffd0a97b0cc4fe698336066950216c9 - - default default] No more DHCP agents
2026-03-01 22:20:12.747 10 WARNING neutron.api.rpc.agentnotifiers.dhcp_rpc_agent_api [None req-9e374e9e-b37a-44bd-bf49-f88ceeca3048 a8c6116e336b4590be401b775db6fb31 6ffd0a97b0cc4fe698336066950216c9 - - default default] Unable to schedule network 856c959d-31fa-4d78-9cb9-8babaf0c2ae5: no agents available; will retry on subsequent port and subnet creation events.
2026-03-01 22:20:13.041 10 INFO neutron.db.ovn_revision_numbers_db [None req-9e374e9e-b37a-44bd-bf49-f88ceeca3048 a8c6116e336b4590be401b775db6fb31 6ffd0a97b0cc4fe698336066950216c9 - - default default] Successfully bumped revision number for resource 2c5b71d9-1948-4f2b-b6db-f393f8ade232 (type: ports) to 1
2026-03-01 22:20:13.068 10 INFO neutron.wsgi [None req-6b2f8682-0ee3-40bc-a855-edc6ef5014b7 c98bc9c1d85e4983ad974cb4cf9dd46b b6357918f73b458f9e03a5667d465a0e - - default default] 10.0.0.58 "DELETE /v2.0/routers/655ea0c4-69a4-40f5-aa33-d725ec9206f9 HTTP/1.1" status: 204 len: 168 time: 1.5832345 /var/lib/openstack/lib/python3.10/site-packages/pycadf/identifier.py:71: UserWarning: Invalid uuid: neutron. To ensure interoperability, identifiers should be a valid uuid. warnings.warn(('Invalid uuid: %s. To ensure interoperability, '
2026-03-01 22:20:13.091 10 INFO neutron.wsgi [None req-9e374e9e-b37a-44bd-bf49-f88ceeca3048 a8c6116e336b4590be401b775db6fb31 6ffd0a97b0cc4fe698336066950216c9 - - default default] 10.0.0.58 "POST /v2.0/ports HTTP/1.1" status: 201 len: 1147 time: 1.2514575
2026-03-01 22:20:13.133 9 WARNING neutron.scheduler.dhcp_agent_scheduler [None req-605531b5-dedc-445f-99e4-dd984068adc3 9f5d03a6eed04f25b998da45511ec5f9 2f2b8f96476c4b56ab671eb706f78f8f - - default default] No more DHCP agents
2026-03-01 22:20:13.136 9 WARNING neutron.api.rpc.agentnotifiers.dhcp_rpc_agent_api [None req-605531b5-dedc-445f-99e4-dd984068adc3 9f5d03a6eed04f25b998da45511ec5f9 2f2b8f96476c4b56ab671eb706f78f8f - - default default] Unable to schedule network da6f04f9-28d2-4224-9cbf-d4cb1587678d: no agents available; will retry on subsequent port and subnet creation events.
2026-03-01 22:20:13.328 9 INFO neutron.db.ovn_revision_numbers_db [None req-605531b5-dedc-445f-99e4-dd984068adc3 9f5d03a6eed04f25b998da45511ec5f9 2f2b8f96476c4b56ab671eb706f78f8f - - default default] Successfully bumped revision number for resource 9e313f63-d7be-4352-8dde-61dfbcefc268 (type: ports) to 1
2026-03-01 22:20:13.468 10 INFO neutron.wsgi [None req-a33ad8c3-09b5-4355-806d-c5d46d26b509 c98bc9c1d85e4983ad974cb4cf9dd46b b6357918f73b458f9e03a5667d465a0e - - default default] 10.0.0.58 "DELETE /v2.0/subnets/7b7ea3c7-c62f-4845-a656-508f91052125 HTTP/1.1" status: 204 len: 168 time: 0.3947341
2026-03-01 22:20:13.563 10 INFO neutron.plugins.ml2.drivers.ovn.mech_driver.mech_driver [None req-f8da379a-5a15-494a-963c-311b384f4b48 - - - - - -] OVN reports status up for port: 2c5b71d9-1948-4f2b-b6db-f393f8ade232
2026-03-01 22:20:13.577 10 INFO neutron.plugins.ml2.plugin [None req-f8da379a-5a15-494a-963c-311b384f4b48 - - - - - -] Attempt 1 to provision port 2c5b71d9-1948-4f2b-b6db-f393f8ade232
2026-03-01 22:20:13.598 10 INFO neutron.db.ovn_revision_numbers_db [None req-f8f736c8-49c4-4edc-92da-cd94434cf360 a8c6116e336b4590be401b775db6fb31 6ffd0a97b0cc4fe698336066950216c9 - - default default] Successfully bumped revision number for resource 2c5b71d9-1948-4f2b-b6db-f393f8ade232 (type: router_ports) to 2
2026-03-01 22:20:13.871 10 INFO neutron.db.ovn_revision_numbers_db [None req-f8f736c8-49c4-4edc-92da-cd94434cf360 a8c6116e336b4590be401b775db6fb31 6ffd0a97b0cc4fe698336066950216c9 - - default default] Successfully bumped revision number for resource 2c5b71d9-1948-4f2b-b6db-f393f8ade232 (type: ports) to 2
2026-03-01 22:20:13.925 9 INFO neutron.services.segments.plugin [-] Segment f0169f4a-8d60-40b9-bfb2-44753d581836 resource provider aggregate not found
2026-03-01 22:20:13.926 10 INFO neutron.db.ovn_revision_numbers_db [None req-f8da379a-5a15-494a-963c-311b384f4b48 - - - - - -] Successfully bumped revision number for resource 2c5b71d9-1948-4f2b-b6db-f393f8ade232 (type: ports) to 3
2026-03-01 22:20:13.939 9 INFO neutron.services.segments.plugin [-] Segment f0169f4a-8d60-40b9-bfb2-44753d581836 resource provider aggregate not found
2026-03-01 22:20:13.950 9 INFO neutron.services.segments.plugin [-] Segment f0169f4a-8d60-40b9-bfb2-44753d581836 resource provider not found; error: Placement Client Error (4xx): {"errors": [{"status": 404, "title": "Not Found", "detail": "The resource could not be found.\n\n No resource provider with uuid f0169f4a-8d60-40b9-bfb2-44753d581836 found for delete ", "request_id": "req-b40fc5be-625d-4c1b-b2c9-f90d2e833857"}]} /var/lib/openstack/lib/python3.10/site-packages/pycadf/identifier.py:71: UserWarning: Invalid uuid: neutron. To ensure interoperability, identifiers should be a valid uuid. warnings.warn(('Invalid uuid: %s. To ensure interoperability, '
2026-03-01 22:20:13.966 10 WARNING neutron_lib.context [None req-e8ac30ae-3321-47a2-ba23-d231a03277d3 12c213f946aa4122b678d9d0fad76f99 e2fa049b2c424f62ac7b950d7319598e - - default default] Method 'is_advsvc' is deprecated since 2023.2 release (neutron-lib 3.8.0) and will be removed once support for the old RBAC API policies will be removed from Neutron. Please use method 'is_service_role' instead.
2026-03-01 22:20:13.966 9 INFO neutron.services.segments.plugin [-] Segment f0169f4a-8d60-40b9-bfb2-44753d581836 resource provider not found; error: Placement Client Error (4xx): {"errors": [{"status": 404, "title": "Not Found", "detail": "The resource could not be found.\n\n No resource provider with uuid f0169f4a-8d60-40b9-bfb2-44753d581836 found for delete ", "request_id": "req-783f851f-5002-4657-99dc-85ceed8f9b17"}]}
2026-03-01 22:20:14.016 9 INFO neutron.wsgi [None req-d41ffca0-e658-4dd5-aae6-da9f15228eae c98bc9c1d85e4983ad974cb4cf9dd46b b6357918f73b458f9e03a5667d465a0e - - default default] 10.0.0.58 "DELETE /v2.0/networks/6ed42e15-cd6a-4bff-8402-40c0782c311f HTTP/1.1" status: 204 len: 168 time: 0.5410767
2026-03-01 22:20:14.059 10 INFO neutron.wsgi [None req-e8ac30ae-3321-47a2-ba23-d231a03277d3 12c213f946aa4122b678d9d0fad76f99 e2fa049b2c424f62ac7b950d7319598e - - default default] 10.0.0.58 "POST /v2.0/subnetpools HTTP/1.1" status: 201 len: 715 time: 0.2717590
2026-03-01 22:20:14.061 10 INFO neutron.db.ovn_revision_numbers_db [None req-f8da379a-5a15-494a-963c-311b384f4b48 - - - - - -] Successfully bumped revision number for resource 2c5b71d9-1948-4f2b-b6db-f393f8ade232 (type: router_ports) to 3
2026-03-01 22:20:14.092 9 INFO neutron.plugins.ml2.drivers.ovn.mech_driver.mech_driver [None req-d554d607-ce5f-403f-952d-8fb1bb266bc6 - - - - - -] OVN reports status up for port: 9e313f63-d7be-4352-8dde-61dfbcefc268
2026-03-01 22:20:14.115 10 INFO neutron.plugins.ml2.drivers.ovn.mech_driver.ovsdb.ovsdb_monitor [None req-6aa9e7bc-8242-4d0f-8c05-21ad8eca9b33 - - - - - -] Router 3f5720e3-5828-4e27-ac0e-b2ab6970638a is bound to host instance
2026-03-01 22:20:14.123 9 INFO neutron.plugins.ml2.plugin [None req-d554d607-ce5f-403f-952d-8fb1bb266bc6 - - - - - -] Attempt 1 to provision port 9e313f63-d7be-4352-8dde-61dfbcefc268
2026-03-01 22:20:14.138 9 INFO neutron.wsgi [None req-1b5e7040-a285-4c42-877c-4702bb227206 12c213f946aa4122b678d9d0fad76f99 e2fa049b2c424f62ac7b950d7319598e - - default default] 10.0.0.58 "PUT /v2.0/subnetpools/a56be589-1ceb-4b41-8b04-5e5fb0136a92/tags HTTP/1.1" status: 200 len: 218 time: 0.0716639
2026-03-01 22:20:14.150 9 INFO neutron.db.ovn_revision_numbers_db [None req-605531b5-dedc-445f-99e4-dd984068adc3 9f5d03a6eed04f25b998da45511ec5f9 2f2b8f96476c4b56ab671eb706f78f8f - - default default] Successfully bumped revision number for resource 9e313f63-d7be-4352-8dde-61dfbcefc268 (type: router_ports) to 1
2026-03-01 22:20:14.199 9 INFO neutron.wsgi [None req-95ac7e18-1c31-4167-ae81-661fb14e3bea 12c213f946aa4122b678d9d0fad76f99 e2fa049b2c424f62ac7b950d7319598e - - default default] 10.0.0.58 "GET /v2.0/subnetpools/a56be589-1ceb-4b41-8b04-5e5fb0136a92/tags HTTP/1.1" status: 200 len: 218 time: 0.0550802 /var/lib/openstack/lib/python3.10/site-packages/pycadf/identifier.py:71: UserWarning: Invalid uuid: neutron. To ensure interoperability, identifiers should be a valid uuid. warnings.warn(('Invalid uuid: %s. To ensure interoperability, '
2026-03-01 22:20:14.266 9 INFO neutron.db.ovn_revision_numbers_db [None req-605531b5-dedc-445f-99e4-dd984068adc3 9f5d03a6eed04f25b998da45511ec5f9 2f2b8f96476c4b56ab671eb706f78f8f - - default default] Successfully bumped revision number for resource 3f5720e3-5828-4e27-ac0e-b2ab6970638a (type: routers) to 2
2026-03-01 22:20:14.271 9 INFO neutron.wsgi [None req-8fa1324c-57b0-47a0-bcd9-195512db7e44 12c213f946aa4122b678d9d0fad76f99 e2fa049b2c424f62ac7b950d7319598e - - default default] 10.0.0.58 "PUT /v2.0/subnetpools/a56be589-1ceb-4b41-8b04-5e5fb0136a92/tags/green HTTP/1.1" status: 201 len: 201 time: 0.0654013
2026-03-01 22:20:14.284 9 INFO neutron.wsgi [None req-605531b5-dedc-445f-99e4-dd984068adc3 9f5d03a6eed04f25b998da45511ec5f9 2f2b8f96476c4b56ab671eb706f78f8f - - default default] 10.0.0.58 "POST /v2.0/routers HTTP/1.1" status: 201 len: 865 time: 1.9472935
2026-03-01 22:20:14.318 9 INFO neutron.wsgi [None req-50e0a765-03a6-4c71-86d5-63ac94a7c42a 12c213f946aa4122b678d9d0fad76f99 e2fa049b2c424f62ac7b950d7319598e - - default default] 10.0.0.58 "GET /v2.0/subnetpools/a56be589-1ceb-4b41-8b04-5e5fb0136a92/tags HTTP/1.1" status: 200 len: 227 time: 0.0409050
2026-03-01 22:20:14.366 9 INFO neutron.wsgi [None req-112bde3d-9a40-44f8-9581-503672e750c7 12c213f946aa4122b678d9d0fad76f99 e2fa049b2c424f62ac7b950d7319598e - - default default] 10.0.0.58 "PUT /v2.0/subnetpools/a56be589-1ceb-4b41-8b04-5e5fb0136a92/tags/red HTTP/1.1" status: 201 len: 201 time: 0.0318730
2026-03-01 22:20:14.431 9 INFO neutron.wsgi [None req-56f81d11-25be-48d7-a7e8-e98f410c9c3a 12c213f946aa4122b678d9d0fad76f99 e2fa049b2c424f62ac7b950d7319598e - - default default] 10.0.0.58 "GET /v2.0/subnetpools/a56be589-1ceb-4b41-8b04-5e5fb0136a92/tags HTTP/1.1" status: 200 len: 227 time: 0.0559509
2026-03-01 22:20:14.480 9 INFO neutron.wsgi [None req-8d86566c-01db-4d03-8978-a4aeb87086aa 12c213f946aa4122b678d9d0fad76f99 e2fa049b2c424f62ac7b950d7319598e - - default default] 10.0.0.58 "PUT /v2.0/subnetpools/a56be589-1ceb-4b41-8b04-5e5fb0136a92/tags/black.or.white HTTP/1.1" status: 201 len: 201 time: 0.0439415
2026-03-01 22:20:14.528 9 INFO neutron.wsgi [None req-d18e263c-1980-44c6-a47d-1553118f5329 12c213f946aa4122b678d9d0fad76f99 e2fa049b2c424f62ac7b950d7319598e - - default default] 10.0.0.58 "GET /v2.0/subnetpools/a56be589-1ceb-4b41-8b04-5e5fb0136a92/tags HTTP/1.1" status: 200 len: 245 time: 0.0409338
2026-03-01 22:20:14.554 10 INFO neutron.wsgi [None req-f3fc03c7-0123-4a7b-af6d-bfadd59eab6c c98bc9c1d85e4983ad974cb4cf9dd46b b6357918f73b458f9e03a5667d465a0e - - default default] 10.0.0.58 "GET /v2.0/security-groups?tenant_id=8d4699c4983940dabe799cdc2a720cc9&name=default HTTP/1.1" status: 200 len: 2996 time: 0.3595202
2026-03-01 22:20:14.585 9 INFO neutron.wsgi [None req-2b6f965e-c054-41bb-b422-98f2a0d3d800 12c213f946aa4122b678d9d0fad76f99 e2fa049b2c424f62ac7b950d7319598e - - default default] 10.0.0.58 "PUT /v2.0/subnetpools/a56be589-1ceb-4b41-8b04-5e5fb0136a92/tags HTTP/1.1" status: 200 len: 230 time: 0.0506458
2026-03-01 22:20:14.638 9 INFO neutron.wsgi [None req-09173dc5-b10f-427d-b3c1-56ac38301d42 12c213f946aa4122b678d9d0fad76f99 e2fa049b2c424f62ac7b950d7319598e - - default default] 10.0.0.58 "GET /v2.0/subnetpools/a56be589-1ceb-4b41-8b04-5e5fb0136a92/tags HTTP/1.1" status: 200 len: 230 time: 0.0469475
2026-03-01 22:20:14.684 9 INFO neutron.wsgi [None req-2e9ffe92-e969-4884-9713-37e547d52d0b 12c213f946aa4122b678d9d0fad76f99 e2fa049b2c424f62ac7b950d7319598e - - default default] 10.0.0.58 "GET /v2.0/subnetpools/a56be589-1ceb-4b41-8b04-5e5fb0136a92/tags/red HTTP/1.1" status: 204 len: 168 time: 0.0387378
2026-03-01 22:20:14.716 9 INFO neutron.api.v2.resource [None req-95c4f8be-b283-4526-9421-b41781ab6bf2 12c213f946aa4122b678d9d0fad76f99 e2fa049b2c424f62ac7b950d7319598e - - default default] show failed (client error): The resource could not be found.
2026-03-01 22:20:14.717 9 INFO neutron.wsgi [None req-95c4f8be-b283-4526-9421-b41781ab6bf2 12c213f946aa4122b678d9d0fad76f99 e2fa049b2c424f62ac7b950d7319598e - - default default] 10.0.0.58 "GET /v2.0/subnetpools/a56be589-1ceb-4b41-8b04-5e5fb0136a92/tags/green HTTP/1.1" status: 404 len: 299 time: 0.0261245
2026-03-01 22:20:14.968 10 INFO neutron.wsgi [None req-d9982335-60c2-45c8-ad0d-bd1041217746 c98bc9c1d85e4983ad974cb4cf9dd46b b6357918f73b458f9e03a5667d465a0e - - default default] 10.0.0.58 "DELETE /v2.0/security-groups/06ba5415-4bc1-4af4-ba9a-1cbb9edc4b14 HTTP/1.1" status: 204 len: 168 time: 0.4075890
2026-03-01 22:20:15.002 10 INFO neutron.db.ovn_revision_numbers_db [None req-f8f736c8-49c4-4edc-92da-cd94434cf360 a8c6116e336b4590be401b775db6fb31 6ffd0a97b0cc4fe698336066950216c9 - - default default] Successfully bumped revision number for resource 2c5b71d9-1948-4f2b-b6db-f393f8ade232 (type: ports) to 3
2026-03-01 22:20:15.096 10 WARNING neutron.scheduler.dhcp_agent_scheduler [None req-f8f736c8-49c4-4edc-92da-cd94434cf360 a8c6116e336b4590be401b775db6fb31 6ffd0a97b0cc4fe698336066950216c9 - - default default] No more DHCP agents
2026-03-01 22:20:15.097 10 WARNING neutron.api.rpc.agentnotifiers.dhcp_rpc_agent_api [None req-f8f736c8-49c4-4edc-92da-cd94434cf360 a8c6116e336b4590be401b775db6fb31 6ffd0a97b0cc4fe698336066950216c9 - - default default] Unable to schedule network 856c959d-31fa-4d78-9cb9-8babaf0c2ae5: no agents available; will retry on subsequent port and subnet creation events.
2026-03-01 22:20:15.098 9 INFO neutron.wsgi [None req-5c2460f1-4464-4225-95e2-8d60fc91a202 12c213f946aa4122b678d9d0fad76f99 e2fa049b2c424f62ac7b950d7319598e - - default default] 10.0.0.58 "DELETE /v2.0/subnetpools/a56be589-1ceb-4b41-8b04-5e5fb0136a92/tags/red HTTP/1.1" status: 204 len: 168 time: 0.3752890
2026-03-01 22:20:15.103 10 INFO neutron.db.ovn_revision_numbers_db [None req-6aa9e7bc-8242-4d0f-8c05-21ad8eca9b33 - - - - - -] Successfully bumped revision number for resource 9e313f63-d7be-4352-8dde-61dfbcefc268 (type: ports) to 1 /var/lib/openstack/lib/python3.10/site-packages/pycadf/identifier.py:71: UserWarning: Invalid uuid: neutron. To ensure interoperability, identifiers should be a valid uuid. warnings.warn(('Invalid uuid: %s. To ensure interoperability, '
2026-03-01 22:20:15.139 10 INFO neutron.wsgi [None req-1b75384a-8da4-49f2-8238-41db82cfa47f 12c213f946aa4122b678d9d0fad76f99 e2fa049b2c424f62ac7b950d7319598e - - default default] 10.0.0.58 "GET /v2.0/subnetpools/a56be589-1ceb-4b41-8b04-5e5fb0136a92/tags HTTP/1.1" status: 200 len: 223 time: 0.0339944
2026-03-01 22:20:15.202 9 INFO neutron.api.v2.resource [None req-1e3c69f3-580d-492e-a419-e66a012530a7 12c213f946aa4122b678d9d0fad76f99 e2fa049b2c424f62ac7b950d7319598e - - default default] delete failed (client error): The resource could not be found.
2026-03-01 22:20:15.203 9 INFO neutron.wsgi [None req-1e3c69f3-580d-492e-a419-e66a012530a7 12c213f946aa4122b678d9d0fad76f99 e2fa049b2c424f62ac7b950d7319598e - - default default] 10.0.0.58 "DELETE /v2.0/subnetpools/a56be589-1ceb-4b41-8b04-5e5fb0136a92/tags/green HTTP/1.1" status: 404 len: 299 time: 0.0573273
2026-03-01 22:20:15.277 9 WARNING neutron.scheduler.dhcp_agent_scheduler [None req-9a2f6049-da5d-4747-8e2c-99f48e2178c5 9f5d03a6eed04f25b998da45511ec5f9 2f2b8f96476c4b56ab671eb706f78f8f - - default default] No more DHCP agents
2026-03-01 22:20:15.280 9 WARNING neutron.api.rpc.agentnotifiers.dhcp_rpc_agent_api [None req-9a2f6049-da5d-4747-8e2c-99f48e2178c5 9f5d03a6eed04f25b998da45511ec5f9 2f2b8f96476c4b56ab671eb706f78f8f - - default default] Unable to schedule network 61d097e7-c323-4773-b456-5d4d0341f05c: no agents available; will retry on subsequent port and subnet creation events.
2026-03-01 22:20:15.297 10 INFO neutron.wsgi [None req-d7c9a083-91d2-435f-a87a-79594d73631b 12c213f946aa4122b678d9d0fad76f99 e2fa049b2c424f62ac7b950d7319598e - - default default] 10.0.0.58 "DELETE /v2.0/subnetpools/a56be589-1ceb-4b41-8b04-5e5fb0136a92/tags HTTP/1.1" status: 204 len: 168 time: 0.0824871
2026-03-01 22:20:15.298 10 INFO neutron.db.ovn_revision_numbers_db [None req-f8f736c8-49c4-4edc-92da-cd94434cf360 a8c6116e336b4590be401b775db6fb31 6ffd0a97b0cc4fe698336066950216c9 - - default default] Successfully bumped revision number for resource 2c5b71d9-1948-4f2b-b6db-f393f8ade232 (type: router_ports) to 3
2026-03-01 22:20:15.300 10 INFO neutron.wsgi [None req-f8f736c8-49c4-4edc-92da-cd94434cf360 a8c6116e336b4590be401b775db6fb31 6ffd0a97b0cc4fe698336066950216c9 - - default default] 10.0.0.58 "PUT /v2.0/routers/271118ec-20f8-423e-8b50-81316213d12d/add_router_interface HTTP/1.1" status: 200 len: 503 time: 2.1997795
2026-03-01 22:20:15.355 9 INFO neutron.wsgi [None req-31d2a36d-1865-492c-802e-acff9f5f0696 12c213f946aa4122b678d9d0fad76f99 e2fa049b2c424f62ac7b950d7319598e - - default default] 10.0.0.58 "GET /v2.0/subnetpools/a56be589-1ceb-4b41-8b04-5e5fb0136a92/tags HTTP/1.1" status: 200 len: 205 time: 0.0490572
2026-03-01 22:20:15.372 9 INFO neutron.wsgi [None req-1b8135d8-e30c-4634-92cc-06e8115744c5 a8c6116e336b4590be401b775db6fb31 6ffd0a97b0cc4fe698336066950216c9 - - default default] 10.0.0.58 "GET /v2.0/ports/2c5b71d9-1948-4f2b-b6db-f393f8ade232 HTTP/1.1" status: 200 len: 1205 time: 0.0652466
2026-03-01 22:20:15.420 10 INFO neutron.db.ovn_revision_numbers_db [None req-6aa9e7bc-8242-4d0f-8c05-21ad8eca9b33 - - - - - -] Successfully bumped revision number for resource 9e313f63-d7be-4352-8dde-61dfbcefc268 (type: router_ports) to 3
2026-03-01 22:20:15.445 10 INFO neutron.wsgi [None req-75f666ce-d1df-4990-a3ca-7464b474ce52 12c213f946aa4122b678d9d0fad76f99 e2fa049b2c424f62ac7b950d7319598e - - default default] 10.0.0.58 "DELETE /v2.0/subnetpools/a56be589-1ceb-4b41-8b04-5e5fb0136a92 HTTP/1.1" status: 204 len: 168 time: 0.0793970
2026-03-01 22:20:15.598 9 INFO neutron.db.ovn_revision_numbers_db [None req-9a2f6049-da5d-4747-8e2c-99f48e2178c5 9f5d03a6eed04f25b998da45511ec5f9 2f2b8f96476c4b56ab671eb706f78f8f - - default default] Successfully bumped revision number for resource cc5b74a3-d519-40d1-b848-4cec3fb3d066 (type: ports) to 1
2026-03-01 22:20:15.601 10 INFO neutron.db.ovn_revision_numbers_db [None req-6aa9e7bc-8242-4d0f-8c05-21ad8eca9b33 - - - - - -] Successfully bumped revision number for resource 9e313f63-d7be-4352-8dde-61dfbcefc268 (type: ports) to 2
2026-03-01 22:20:15.821 10 INFO neutron.db.ovn_revision_numbers_db [None req-6aa9e7bc-8242-4d0f-8c05-21ad8eca9b33 - - - - - -] Successfully bumped revision number for resource 9e313f63-d7be-4352-8dde-61dfbcefc268 (type: ports) to 4
2026-03-01 22:20:16.023 10 INFO neutron.db.ovn_revision_numbers_db [None req-6aa9e7bc-8242-4d0f-8c05-21ad8eca9b33 - - - - - -] Successfully bumped revision number for resource 9e313f63-d7be-4352-8dde-61dfbcefc268 (type: router_ports) to 4
