2026-03-01 22:20:16.230 9 INFO neutron.wsgi [None req-b9a1f6e4-0411-41b7-a657-a4750f690591 a8c6116e336b4590be401b775db6fb31 6ffd0a97b0cc4fe698336066950216c9 - - default default] 10.0.0.58 "PUT /v2.0/routers/271118ec-20f8-423e-8b50-81316213d12d/remove_router_interface HTTP/1.1" status: 200 len: 503 time: 0.8533888 /var/lib/openstack/lib/python3.10/site-packages/pycadf/identifier.py:71: UserWarning: Invalid uuid: neutron. To ensure interoperability, identifiers should be a valid uuid. warnings.warn(('Invalid uuid: %s. To ensure interoperability, '
2026-03-01 22:20:16.303 9 INFO neutron.db.ovn_revision_numbers_db [None req-9a2f6049-da5d-4747-8e2c-99f48e2178c5 9f5d03a6eed04f25b998da45511ec5f9 2f2b8f96476c4b56ab671eb706f78f8f - - default default] Successfully bumped revision number for resource cc5b74a3-d519-40d1-b848-4cec3fb3d066 (type: router_ports) to 1
2026-03-01 22:20:16.313 9 INFO neutron.api.v2.resource [None req-fcbb2236-c500-483c-9220-c88deee51d77 a8c6116e336b4590be401b775db6fb31 6ffd0a97b0cc4fe698336066950216c9 - - default default] remove_router_interface failed (client error): The resource could not be found.
2026-03-01 22:20:16.314 9 INFO neutron.wsgi [None req-fcbb2236-c500-483c-9220-c88deee51d77 a8c6116e336b4590be401b775db6fb31 6ffd0a97b0cc4fe698336066950216c9 - - default default] 10.0.0.58 "PUT /v2.0/routers/271118ec-20f8-423e-8b50-81316213d12d/remove_router_interface HTTP/1.1" status: 404 len: 398 time: 0.0757077
2026-03-01 22:20:16.342 10 INFO neutron.wsgi [None req-e98b7b7e-10e7-4a90-9407-7c2555fa1272 a8c6116e336b4590be401b775db6fb31 6ffd0a97b0cc4fe698336066950216c9 - - default default] 10.0.0.58 "GET /v2.0/ports?device_id=271118ec-20f8-423e-8b50-81316213d12d HTTP/1.1" status: 200 len: 205 time: 0.0198185
2026-03-01 22:20:16.351 10 INFO neutron.db.ovn_revision_numbers_db [None req-34a479df-1f1f-4503-988f-710d545ac18a c98bc9c1d85e4983ad974cb4cf9dd46b b6357918f73b458f9e03a5667d465a0e - - default default] Successfully bumped revision number for resource 107f5675-d92e-4cf8-8cdd-bdf2b3975726 (type: security_groups) to 1
2026-03-01 22:20:16.410 10 INFO neutron.db.ovn_revision_numbers_db [None req-34a479df-1f1f-4503-988f-710d545ac18a c98bc9c1d85e4983ad974cb4cf9dd46b b6357918f73b458f9e03a5667d465a0e - - default default] Successfully bumped revision number for resource 005cebdf-6678-4b23-bb85-0b4959deaa55 (type: security_group_rules) to 0
2026-03-01 22:20:16.439 10 INFO neutron.db.ovn_revision_numbers_db [None req-34a479df-1f1f-4503-988f-710d545ac18a c98bc9c1d85e4983ad974cb4cf9dd46b b6357918f73b458f9e03a5667d465a0e - - default default] Successfully bumped revision number for resource 2b845cf9-09ef-4ffe-a4ea-49a2fb123549 (type: security_group_rules) to 0
2026-03-01 22:20:16.473 9 INFO neutron.db.ovn_revision_numbers_db [None req-9a2f6049-da5d-4747-8e2c-99f48e2178c5 9f5d03a6eed04f25b998da45511ec5f9 2f2b8f96476c4b56ab671eb706f78f8f - - default default] Successfully bumped revision number for resource cc5b74a3-d519-40d1-b848-4cec3fb3d066 (type: ports) to 1
2026-03-01 22:20:16.474 10 INFO neutron.db.ovn_revision_numbers_db [None req-34a479df-1f1f-4503-988f-710d545ac18a c98bc9c1d85e4983ad974cb4cf9dd46b b6357918f73b458f9e03a5667d465a0e - - default default] Successfully bumped revision number for resource 70b7013f-ae99-4a29-92ca-53766f7820a0 (type: security_group_rules) to 0
2026-03-01 22:20:16.521 10 INFO neutron.db.ovn_revision_numbers_db [None req-34a479df-1f1f-4503-988f-710d545ac18a c98bc9c1d85e4983ad974cb4cf9dd46b b6357918f73b458f9e03a5667d465a0e - - default default] Successfully bumped revision number for resource a1ada1d3-0781-45db-a8a8-55a7d28e2f5d (type: security_group_rules) to 0
2026-03-01 22:20:16.539 9 WARNING neutron.scheduler.dhcp_agent_scheduler [None req-9a2f6049-da5d-4747-8e2c-99f48e2178c5 9f5d03a6eed04f25b998da45511ec5f9 2f2b8f96476c4b56ab671eb706f78f8f - - default default] No more DHCP agents
2026-03-01 22:20:16.540 9 WARNING neutron.api.rpc.agentnotifiers.dhcp_rpc_agent_api [None req-9a2f6049-da5d-4747-8e2c-99f48e2178c5 9f5d03a6eed04f25b998da45511ec5f9 2f2b8f96476c4b56ab671eb706f78f8f - - default default] Unable to schedule network 61d097e7-c323-4773-b456-5d4d0341f05c: no agents available; will retry on subsequent port and subnet creation events.
2026-03-01 22:20:16.578 10 INFO neutron.wsgi [None req-34a479df-1f1f-4503-988f-710d545ac18a c98bc9c1d85e4983ad974cb4cf9dd46b b6357918f73b458f9e03a5667d465a0e - - default default] 10.0.0.58 "GET /v2.0/security-groups?tenant_id=e2fa049b2c424f62ac7b950d7319598e&name=default HTTP/1.1" status: 200 len: 2996 time: 0.4915786
2026-03-01 22:20:16.640 10 INFO neutron.wsgi [None req-55eb427f-0487-4d71-9700-ea5144eaaa1d a8c6116e336b4590be401b775db6fb31 6ffd0a97b0cc4fe698336066950216c9 - - default default] 10.0.0.58 "DELETE /v2.0/routers/271118ec-20f8-423e-8b50-81316213d12d HTTP/1.1" status: 204 len: 168 time: 0.2935977
2026-03-01 22:20:16.841 10 INFO neutron.wsgi [None req-e53662db-4ffc-4ed8-be4a-2e19854fc40a c98bc9c1d85e4983ad974cb4cf9dd46b b6357918f73b458f9e03a5667d465a0e - - default default] 10.0.0.58 "DELETE /v2.0/security-groups/107f5675-d92e-4cf8-8cdd-bdf2b3975726 HTTP/1.1" status: 204 len: 168 time: 0.2554417
2026-03-01 22:20:16.893 10 INFO neutron.wsgi [None req-575afe72-0cd4-45cd-b4b3-81b8b319e2e8 a8c6116e336b4590be401b775db6fb31 6ffd0a97b0cc4fe698336066950216c9 - - default default] 10.0.0.58 "DELETE /v2.0/subnets/79c201a0-bbbe-41b9-9f44-8bedc445f6b2 HTTP/1.1" status: 204 len: 168 time: 0.2463958
2026-03-01 22:20:17.082 10 INFO neutron.db.ovn_revision_numbers_db [None req-3e33c0d3-26f9-4001-9c5a-197a27a77788 c98bc9c1d85e4983ad974cb4cf9dd46b b6357918f73b458f9e03a5667d465a0e - - default default] Successfully bumped revision number for resource d53107e2-2e2b-481f-8bf9-aff7beb354f4 (type: security_groups) to 1
2026-03-01 22:20:17.130 10 INFO neutron.db.ovn_revision_numbers_db [None req-3e33c0d3-26f9-4001-9c5a-197a27a77788 c98bc9c1d85e4983ad974cb4cf9dd46b b6357918f73b458f9e03a5667d465a0e - - default default] Successfully bumped revision number for resource 0fc3537f-aa82-4cb2-8ded-9962c3e3d97c (type: security_group_rules) to 0
2026-03-01 22:20:17.145 10 INFO neutron.db.ovn_revision_numbers_db [None req-3e33c0d3-26f9-4001-9c5a-197a27a77788 c98bc9c1d85e4983ad974cb4cf9dd46b b6357918f73b458f9e03a5667d465a0e - - default default] Successfully bumped revision number for resource a83acfd0-795c-406b-8d56-4d65b8c093db (type: security_group_rules) to 0
2026-03-01 22:20:17.170 10 INFO neutron.db.ovn_revision_numbers_db [None req-3e33c0d3-26f9-4001-9c5a-197a27a77788 c98bc9c1d85e4983ad974cb4cf9dd46b b6357918f73b458f9e03a5667d465a0e - - default default] Successfully bumped revision number for resource bccbb4e5-9638-4c62-924f-1439f57c5c33 (type: security_group_rules) to 0
2026-03-01 22:20:17.189 10 INFO neutron.db.ovn_revision_numbers_db [None req-3e33c0d3-26f9-4001-9c5a-197a27a77788 c98bc9c1d85e4983ad974cb4cf9dd46b b6357918f73b458f9e03a5667d465a0e - - default default] Successfully bumped revision number for resource e8f32507-cb49-4f74-8b20-29db1b63d51a (type: security_group_rules) to 0
2026-03-01 22:20:17.227 9 INFO neutron.db.ovn_revision_numbers_db [None req-9a2f6049-da5d-4747-8e2c-99f48e2178c5 9f5d03a6eed04f25b998da45511ec5f9 2f2b8f96476c4b56ab671eb706f78f8f - - default default] Successfully bumped revision number for resource cc5b74a3-d519-40d1-b848-4cec3fb3d066 (type: router_ports) to 1
2026-03-01 22:20:17.231 9 INFO neutron.wsgi [None req-9a2f6049-da5d-4747-8e2c-99f48e2178c5 9f5d03a6eed04f25b998da45511ec5f9 2f2b8f96476c4b56ab671eb706f78f8f - - default default] 10.0.0.58 "PUT /v2.0/routers/3f5720e3-5828-4e27-ac0e-b2ab6970638a/add_router_interface HTTP/1.1" status: 200 len: 503 time: 2.9413822
2026-03-01 22:20:17.247 10 INFO neutron.wsgi [None req-3e33c0d3-26f9-4001-9c5a-197a27a77788 c98bc9c1d85e4983ad974cb4cf9dd46b b6357918f73b458f9e03a5667d465a0e - - default default] 10.0.0.58 "GET /v2.0/security-groups?tenant_id=9fe1587742804f8fb7751f30476e161a&name=default HTTP/1.1" status: 200 len: 2996 time: 0.3074820
2026-03-01 22:20:17.342 10 INFO neutron.services.segments.plugin [-] Segment c5ffab35-710c-4b76-9340-57e56ff949d8 resource provider aggregate not found
2026-03-01 22:20:17.359 10 INFO neutron.services.segments.plugin [-] Segment c5ffab35-710c-4b76-9340-57e56ff949d8 resource provider not found; error: Placement Client Error (4xx): {"errors": [{"status": 404, "title": "Not Found", "detail": "The resource could not be found.\n\n No resource provider with uuid c5ffab35-710c-4b76-9340-57e56ff949d8 found for delete ", "request_id": "req-4291f3d6-0c1a-468c-80c8-fd24f07cca67"}]}
2026-03-01 22:20:17.385 10 INFO neutron.wsgi [None req-4680456f-8e60-4c02-8415-ad3a84f13575 a8c6116e336b4590be401b775db6fb31 6ffd0a97b0cc4fe698336066950216c9 - - default default] 10.0.0.58 "DELETE /v2.0/networks/856c959d-31fa-4d78-9cb9-8babaf0c2ae5 HTTP/1.1" status: 204 len: 168 time: 0.4878936
2026-03-01 22:20:17.400 9 WARNING neutron_lib.context [None req-e93e0731-6819-4030-9f6a-d827e4755428 a8c6116e336b4590be401b775db6fb31 6ffd0a97b0cc4fe698336066950216c9 - - default default] Method 'is_advsvc' is deprecated since 2023.2 release (neutron-lib 3.8.0) and will be removed once support for the old RBAC API policies will be removed from Neutron. Please use method 'is_service_role' instead.
2026-03-01 22:20:17.403 10 INFO neutron.services.segments.plugin [-] Segment c5ffab35-710c-4b76-9340-57e56ff949d8 resource provider aggregate not found
2026-03-01 22:20:17.422 10 INFO neutron.services.segments.plugin [-] Segment c5ffab35-710c-4b76-9340-57e56ff949d8 resource provider not found; error: Placement Client Error (4xx): {"errors": [{"status": 404, "title": "Not Found", "detail": "The resource could not be found.\n\n No resource provider with uuid c5ffab35-710c-4b76-9340-57e56ff949d8 found for delete ", "request_id": "req-f932c9bd-0555-4dbb-b99a-84da90602bf3"}]}
2026-03-01 22:20:17.522 9 INFO neutron.db.segments_db [None req-e93e0731-6819-4030-9f6a-d827e4755428 a8c6116e336b4590be401b775db6fb31 6ffd0a97b0cc4fe698336066950216c9 - - default default] Added segment e5159ee1-890a-4b8c-a547-a861b3d4d313 of type geneve for network d8cc6c89-83e8-4909-9a97-b637e06e80ac
2026-03-01 22:20:17.669 9 INFO neutron.wsgi [None req-b3b8d797-dde7-4aa7-863a-7da87e1ad573 c98bc9c1d85e4983ad974cb4cf9dd46b b6357918f73b458f9e03a5667d465a0e - - default default] 10.0.0.58 "DELETE /v2.0/security-groups/d53107e2-2e2b-481f-8bf9-aff7beb354f4 HTTP/1.1" status: 204 len: 168 time: 0.4168487
2026-03-01 22:20:17.743 9 INFO neutron.db.ovn_revision_numbers_db [None req-e93e0731-6819-4030-9f6a-d827e4755428 a8c6116e336b4590be401b775db6fb31 6ffd0a97b0cc4fe698336066950216c9 - - default default] Successfully bumped revision number for resource d8cc6c89-83e8-4909-9a97-b637e06e80ac (type: networks) to 1
2026-03-01 22:20:17.986 9 WARNING neutron.scheduler.dhcp_agent_scheduler [None req-d9d30531-b09e-453e-8710-05a0f0bc8cf5 9f5d03a6eed04f25b998da45511ec5f9 2f2b8f96476c4b56ab671eb706f78f8f - - default default] No more DHCP agents
2026-03-01 22:20:17.990 9 WARNING neutron.api.rpc.agentnotifiers.dhcp_rpc_agent_api [None req-d9d30531-b09e-453e-8710-05a0f0bc8cf5 9f5d03a6eed04f25b998da45511ec5f9 2f2b8f96476c4b56ab671eb706f78f8f - - default default] Unable to schedule network a1516792-e82c-49d0-8b7c-a9694d7bf676: no agents available; will retry on subsequent port and subnet creation events.
2026-03-01 22:20:18.027 9 WARNING neutron.scheduler.dhcp_agent_scheduler [None req-e93e0731-6819-4030-9f6a-d827e4755428 a8c6116e336b4590be401b775db6fb31 6ffd0a97b0cc4fe698336066950216c9 - - default default] No more DHCP agents
2026-03-01 22:20:18.030 9 WARNING neutron.api.rpc.agentnotifiers.dhcp_rpc_agent_api [None req-e93e0731-6819-4030-9f6a-d827e4755428 a8c6116e336b4590be401b775db6fb31 6ffd0a97b0cc4fe698336066950216c9 - - default default] Unable to schedule network d8cc6c89-83e8-4909-9a97-b637e06e80ac: no agents available; will retry on subsequent port and subnet creation events.
2026-03-01 22:20:18.165 9 INFO neutron.db.ovn_revision_numbers_db [None req-e93e0731-6819-4030-9f6a-d827e4755428 a8c6116e336b4590be401b775db6fb31 6ffd0a97b0cc4fe698336066950216c9 - - default default] Successfully bumped revision number for resource 7edcad75-3189-48cb-8155-d94acc5493f7 (type: ports) to 1
2026-03-01 22:20:18.205 9 INFO neutron.wsgi [None req-e93e0731-6819-4030-9f6a-d827e4755428 a8c6116e336b4590be401b775db6fb31 6ffd0a97b0cc4fe698336066950216c9 - - default default] 10.0.0.58 "POST /v2.0/networks HTTP/1.1" status: 201 len: 828 time: 0.8110998
2026-03-01 22:20:18.216 9 WARNING neutron_lib.context [None req-bc2b98f1-48a8-4a88-8bc6-727cd42e50f1 a8c6116e336b4590be401b775db6fb31 6ffd0a97b0cc4fe698336066950216c9 - - default default] Method 'is_advsvc' is deprecated since 2023.2 release (neutron-lib 3.8.0) and will be removed once support for the old RBAC API policies will be removed from Neutron. Please use method 'is_service_role' instead.
2026-03-01 22:20:18.218 9 INFO neutron.db.ovn_revision_numbers_db [None req-d9d30531-b09e-453e-8710-05a0f0bc8cf5 9f5d03a6eed04f25b998da45511ec5f9 2f2b8f96476c4b56ab671eb706f78f8f - - default default] Successfully bumped revision number for resource 9ef78764-ff1e-4baf-a49b-55e661f941b7 (type: ports) to 1
2026-03-01 22:20:18.569 9 WARNING neutron.scheduler.dhcp_agent_scheduler [None req-bc2b98f1-48a8-4a88-8bc6-727cd42e50f1 a8c6116e336b4590be401b775db6fb31 6ffd0a97b0cc4fe698336066950216c9 - - default default] No more DHCP agents
2026-03-01 22:20:18.572 9 WARNING neutron.api.rpc.agentnotifiers.dhcp_rpc_agent_api [None req-bc2b98f1-48a8-4a88-8bc6-727cd42e50f1 a8c6116e336b4590be401b775db6fb31 6ffd0a97b0cc4fe698336066950216c9 - - default default] Unable to schedule network d8cc6c89-83e8-4909-9a97-b637e06e80ac: no agents available; will retry on subsequent port and subnet creation events.
2026-03-01 22:20:18.918 9 INFO neutron.db.ovn_revision_numbers_db [None req-d9d30531-b09e-453e-8710-05a0f0bc8cf5 9f5d03a6eed04f25b998da45511ec5f9 2f2b8f96476c4b56ab671eb706f78f8f - - default default] Successfully bumped revision number for resource 9ef78764-ff1e-4baf-a49b-55e661f941b7 (type: router_ports) to 1
2026-03-01 22:20:19.152 9 INFO neutron.db.ovn_revision_numbers_db [None req-d9d30531-b09e-453e-8710-05a0f0bc8cf5 9f5d03a6eed04f25b998da45511ec5f9 2f2b8f96476c4b56ab671eb706f78f8f - - default default] Successfully bumped revision number for resource 9ef78764-ff1e-4baf-a49b-55e661f941b7 (type: ports) to 1
2026-03-01 22:20:19.576 9 WARNING neutron.scheduler.dhcp_agent_scheduler [None req-d9d30531-b09e-453e-8710-05a0f0bc8cf5 9f5d03a6eed04f25b998da45511ec5f9 2f2b8f96476c4b56ab671eb706f78f8f - - default default] No more DHCP agents
2026-03-01 22:20:19.577 9 WARNING neutron.api.rpc.agentnotifiers.dhcp_rpc_agent_api [None req-d9d30531-b09e-453e-8710-05a0f0bc8cf5 9f5d03a6eed04f25b998da45511ec5f9 2f2b8f96476c4b56ab671eb706f78f8f - - default default] Unable to schedule network a1516792-e82c-49d0-8b7c-a9694d7bf676: no agents available; will retry on subsequent port and subnet creation events.
2026-03-01 22:20:19.581 9 INFO neutron.db.ovn_revision_numbers_db [None req-bc2b98f1-48a8-4a88-8bc6-727cd42e50f1 a8c6116e336b4590be401b775db6fb31 6ffd0a97b0cc4fe698336066950216c9 - - default default] Successfully bumped revision number for resource 7edcad75-3189-48cb-8155-d94acc5493f7 (type: ports) to 2
2026-03-01 22:20:19.652 9 INFO neutron.db.ovn_revision_numbers_db [None req-bc2b98f1-48a8-4a88-8bc6-727cd42e50f1 a8c6116e336b4590be401b775db6fb31 6ffd0a97b0cc4fe698336066950216c9 - - default default] Successfully bumped revision number for resource f0a03665-20d5-4bb7-b22f-e23e0b29966c (type: subnets) to 0
2026-03-01 22:20:19.671 9 INFO neutron.wsgi [None req-bc2b98f1-48a8-4a88-8bc6-727cd42e50f1 a8c6116e336b4590be401b775db6fb31 6ffd0a97b0cc4fe698336066950216c9 - - default default] 10.0.0.58 "POST /v2.0/subnets HTTP/1.1" status: 201 len: 801 time: 1.4602726
2026-03-01 22:20:19.686 10 WARNING neutron_lib.context [None req-a8d33750-b2d8-4313-9feb-533b9c1bfad6 a8c6116e336b4590be401b775db6fb31 6ffd0a97b0cc4fe698336066950216c9 - - default default] Method 'is_advsvc' is deprecated since 2023.2 release (neutron-lib 3.8.0) and will be removed once support for the old RBAC API policies will be removed from Neutron. Please use method 'is_service_role' instead.
2026-03-01 22:20:19.876 9 INFO neutron.db.ovn_revision_numbers_db [None req-d9d30531-b09e-453e-8710-05a0f0bc8cf5 9f5d03a6eed04f25b998da45511ec5f9 2f2b8f96476c4b56ab671eb706f78f8f - - default default] Successfully bumped revision number for resource 9ef78764-ff1e-4baf-a49b-55e661f941b7 (type: router_ports) to 1
2026-03-01 22:20:19.878 9 INFO neutron.wsgi [None req-d9d30531-b09e-453e-8710-05a0f0bc8cf5 9f5d03a6eed04f25b998da45511ec5f9 2f2b8f96476c4b56ab671eb706f78f8f - - default default] 10.0.0.58 "PUT /v2.0/routers/3f5720e3-5828-4e27-ac0e-b2ab6970638a/add_router_interface HTTP/1.1" status: 200 len: 503 time: 2.6389697
2026-03-01 22:20:19.907 10 INFO neutron.db.ovn_revision_numbers_db [None req-a8d33750-b2d8-4313-9feb-533b9c1bfad6 a8c6116e336b4590be401b775db6fb31 6ffd0a97b0cc4fe698336066950216c9 - - default default] Successfully bumped revision number for resource 3963de02-5ea2-419f-bfef-9bbe2c6e1542 (type: routers) to 1
2026-03-01 22:20:19.923 10 INFO neutron.wsgi [None req-a8d33750-b2d8-4313-9feb-533b9c1bfad6 a8c6116e336b4590be401b775db6fb31 6ffd0a97b0cc4fe698336066950216c9 - - default default] 10.0.0.58 "POST /v2.0/routers HTTP/1.1" status: 201 len: 686 time: 0.2431991
2026-03-01 22:20:20.124 10 WARNING neutron.plugins.ml2.drivers.ovn.mech_driver.ovsdb.ovn_client [None req-f8da379a-5a15-494a-963c-311b384f4b48 - - - - - -] No port found with ID 2c5b71d9-1948-4f2b-b6db-f393f8ade232: RuntimeError: No port found with ID 2c5b71d9-1948-4f2b-b6db-f393f8ade232
2026-03-01 22:20:20.124 10 INFO neutron.plugins.ml2.drivers.ovn.mech_driver.mech_driver [None req-f8da379a-5a15-494a-963c-311b384f4b48 - - - - - -] OVN reports status up for port: cc5b74a3-d519-40d1-b848-4cec3fb3d066
2026-03-01 22:20:20.137 10 INFO neutron.plugins.ml2.plugin [None req-f8da379a-5a15-494a-963c-311b384f4b48 - - - - - -] Attempt 1 to provision port cc5b74a3-d519-40d1-b848-4cec3fb3d066
2026-03-01 22:20:20.320 9 INFO neutron.wsgi [-] 10.0.0.114 "GET / HTTP/1.1" status: 200 len: 247 time: 0.0018830
2026-03-01 22:20:20.322 9 INFO neutron.wsgi [-] 10.0.0.114 "GET / HTTP/1.1" status: 200 len: 247 time: 0.0012805
2026-03-01 22:20:20.481 9 WARNING neutron.scheduler.dhcp_agent_scheduler [None req-b7fae72b-7c5b-46de-a153-e84c304d7ddc 9f5d03a6eed04f25b998da45511ec5f9 2f2b8f96476c4b56ab671eb706f78f8f - - default default] No more DHCP agents
2026-03-01 22:20:20.483 9 WARNING neutron.api.rpc.agentnotifiers.dhcp_rpc_agent_api [None req-b7fae72b-7c5b-46de-a153-e84c304d7ddc 9f5d03a6eed04f25b998da45511ec5f9 2f2b8f96476c4b56ab671eb706f78f8f - - default default] Unable to schedule network b25c6ea6-fca2-483b-877b-1bee37c713d9: no agents available; will retry on subsequent port and subnet creation events.
2026-03-01 22:20:20.670 10 INFO neutron.db.ovn_revision_numbers_db [None req-d681e0ef-ebde-465b-a74a-1e95bfd5d43b c98bc9c1d85e4983ad974cb4cf9dd46b b6357918f73b458f9e03a5667d465a0e - - default default] Successfully bumped revision number for resource e4b58824-960a-441f-8442-73a43e7b5962 (type: security_groups) to 1
2026-03-01 22:20:20.693 9 INFO neutron.db.ovn_revision_numbers_db [None req-b7fae72b-7c5b-46de-a153-e84c304d7ddc 9f5d03a6eed04f25b998da45511ec5f9 2f2b8f96476c4b56ab671eb706f78f8f - - default default] Successfully bumped revision number for resource 9ef4bd1f-5d7d-4782-bf0b-18215e9b1533 (type: ports) to 1
2026-03-01 22:20:20.702 10 INFO neutron.db.ovn_revision_numbers_db [None req-d681e0ef-ebde-465b-a74a-1e95bfd5d43b c98bc9c1d85e4983ad974cb4cf9dd46b b6357918f73b458f9e03a5667d465a0e - - default default] Successfully bumped revision number for resource 0996f048-a5f5-47e9-9042-0803604c3da1 (type: security_group_rules) to 0
2026-03-01 22:20:20.737 10 INFO neutron.db.ovn_revision_numbers_db [None req-d681e0ef-ebde-465b-a74a-1e95bfd5d43b c98bc9c1d85e4983ad974cb4cf9dd46b b6357918f73b458f9e03a5667d465a0e - - default default] Successfully bumped revision number for resource 0b60ace6-8fdf-44bc-8e9d-f7d65e415812 (type: security_group_rules) to 0
2026-03-01 22:20:20.760 10 INFO neutron.db.ovn_revision_numbers_db [None req-d681e0ef-ebde-465b-a74a-1e95bfd5d43b c98bc9c1d85e4983ad974cb4cf9dd46b b6357918f73b458f9e03a5667d465a0e - - default default] Successfully bumped revision number for resource 16b3df1f-4f01-43f2-a638-8b77d55290d5 (type: security_group_rules) to 0
2026-03-01 22:20:20.788 10 INFO neutron.db.ovn_revision_numbers_db [None req-d681e0ef-ebde-465b-a74a-1e95bfd5d43b c98bc9c1d85e4983ad974cb4cf9dd46b b6357918f73b458f9e03a5667d465a0e - - default default] Successfully bumped revision number for resource 1db25963-1c12-4ced-b07a-9820f21173ce (type: security_group_rules) to 0
2026-03-01 22:20:20.821 10 WARNING neutron.scheduler.dhcp_agent_scheduler [None req-f71feaa6-a47a-457a-a69c-0a91456b415f a8c6116e336b4590be401b775db6fb31 6ffd0a97b0cc4fe698336066950216c9 - - default default] No more DHCP agents
2026-03-01 22:20:20.824 10 INFO neutron.wsgi [None req-d681e0ef-ebde-465b-a74a-1e95bfd5d43b c98bc9c1d85e4983ad974cb4cf9dd46b b6357918f73b458f9e03a5667d465a0e - - default default] 10.0.0.58 "GET /v2.0/security-groups?tenant_id=add094adedcc417c862cc5849876a1bc&name=default HTTP/1.1" status: 200 len: 2996 time: 0.9266195
2026-03-01 22:20:20.832 10 WARNING neutron.api.rpc.agentnotifiers.dhcp_rpc_agent_api [None req-f71feaa6-a47a-457a-a69c-0a91456b415f a8c6116e336b4590be401b775db6fb31 6ffd0a97b0cc4fe698336066950216c9 - - default default] Unable to schedule network d8cc6c89-83e8-4909-9a97-b637e06e80ac: no agents available; will retry on subsequent port and subnet creation events.
2026-03-01 22:20:21.016 10 INFO neutron.db.ovn_revision_numbers_db [None req-f8da379a-5a15-494a-963c-311b384f4b48 - - - - - -] Successfully bumped revision number for resource cc5b74a3-d519-40d1-b848-4cec3fb3d066 (type: ports) to 2
2026-03-01 22:20:21.125 10 INFO neutron.db.ovn_revision_numbers_db [None req-f71feaa6-a47a-457a-a69c-0a91456b415f a8c6116e336b4590be401b775db6fb31 6ffd0a97b0cc4fe698336066950216c9 - - default default] Successfully bumped revision number for resource 69c37b37-67de-48d7-8277-4a2e6587e6f7 (type: ports) to 1
2026-03-01 22:20:21.155 10 INFO neutron.db.ovn_revision_numbers_db [None req-f8da379a-5a15-494a-963c-311b384f4b48 - - - - - -] Successfully bumped revision number for resource cc5b74a3-d519-40d1-b848-4cec3fb3d066 (type: router_ports) to 2
2026-03-01 22:20:21.340 10 WARNING neutron_lib.context [None req-694baf02-197e-4a2c-b1f1-231099eb10f8 1f642a7953da4c50bc53d3742929be5b 94301fc4fd444e0f88f812d2976c5da3 - - default default] Method 'is_advsvc' is deprecated since 2023.2 release (neutron-lib 3.8.0) and will be removed once support for the old RBAC API policies will be removed from Neutron. Please use method 'is_service_role' instead.
2026-03-01 22:20:21.381 9 INFO neutron.wsgi [None req-75b86421-c021-4564-a6b6-803356e09d77 c98bc9c1d85e4983ad974cb4cf9dd46b b6357918f73b458f9e03a5667d465a0e - - default default] 10.0.0.58 "DELETE /v2.0/security-groups/e4b58824-960a-441f-8442-73a43e7b5962 HTTP/1.1" status: 204 len: 168 time: 0.5437734
2026-03-01 22:20:21.448 9 INFO neutron.wsgi [None req-46767592-1af8-43ef-b780-c392cec789dd c98bc9c1d85e4983ad974cb4cf9dd46b b6357918f73b458f9e03a5667d465a0e - - default default] 10.0.0.191 "GET /v2.0/routers HTTP/1.1" status: 200 len: 1334 time: 0.3163722
2026-03-01 22:20:21.504 9 INFO neutron.wsgi [None req-c3bfa3af-7ab7-4374-82e0-2ed30f41fa17 c98bc9c1d85e4983ad974cb4cf9dd46b b6357918f73b458f9e03a5667d465a0e - - default default] 10.0.0.191 "GET /v2.0/agents?binary=ovn-controller HTTP/1.1" status: 200 len: 591 time: 0.0478127
2026-03-01 22:20:21.516 9 INFO neutron.plugins.ml2.drivers.ovn.mech_driver.mech_driver [None req-d554d607-ce5f-403f-952d-8fb1bb266bc6 - - - - - -] OVN reports status up for port: 9ef4bd1f-5d7d-4782-bf0b-18215e9b1533
2026-03-01 22:20:21.552 9 INFO neutron.plugins.ml2.plugin [None req-d554d607-ce5f-403f-952d-8fb1bb266bc6 - - - - - -] Attempt 1 to provision port 9ef4bd1f-5d7d-4782-bf0b-18215e9b1533
2026-03-01 22:20:21.572 9 INFO neutron.db.ovn_revision_numbers_db [None req-b7fae72b-7c5b-46de-a153-e84c304d7ddc 9f5d03a6eed04f25b998da45511ec5f9 2f2b8f96476c4b56ab671eb706f78f8f - - default default] Successfully bumped revision number for resource 9ef4bd1f-5d7d-4782-bf0b-18215e9b1533 (type: router_ports) to 1
2026-03-01 22:20:21.601 9 INFO neutron.wsgi [None req-9202f046-3c6c-4eff-9750-40fa7c3e32b2 c98bc9c1d85e4983ad974cb4cf9dd46b b6357918f73b458f9e03a5667d465a0e - - default default] 10.0.0.191 "GET /v2.0/subnets HTTP/1.1" status: 200 len: 6104 time: 0.0856593
2026-03-01 22:20:21.605 10 INFO neutron.db.ovn_revision_numbers_db [None req-694baf02-197e-4a2c-b1f1-231099eb10f8 1f642a7953da4c50bc53d3742929be5b 94301fc4fd444e0f88f812d2976c5da3 - - default default] Successfully bumped revision number for resource 1b32042b-8b5a-489f-ab6c-f227ac0e6cd7 (type: security_groups) to 1
2026-03-01 22:20:21.626 10 INFO neutron.db.ovn_revision_numbers_db [None req-694baf02-197e-4a2c-b1f1-231099eb10f8 1f642a7953da4c50bc53d3742929be5b 94301fc4fd444e0f88f812d2976c5da3 - - default default] Successfully bumped revision number for resource 4dda08a7-b162-4fd7-9213-4356042fa416 (type: security_group_rules) to 0
2026-03-01 22:20:21.628 9 INFO neutron.wsgi [None req-97dfc334-30d0-425e-80d2-b90a7d81279b c98bc9c1d85e4983ad974cb4cf9dd46b b6357918f73b458f9e03a5667d465a0e - - default default] 10.0.0.191 "GET /v2.0/subnetpools HTTP/1.1" status: 200 len: 193 time: 0.0198164
2026-03-01 22:20:21.644 10 INFO neutron.db.ovn_revision_numbers_db [None req-694baf02-197e-4a2c-b1f1-231099eb10f8 1f642a7953da4c50bc53d3742929be5b 94301fc4fd444e0f88f812d2976c5da3 - - default default] Successfully bumped revision number for resource 98e01e2a-c0eb-49a0-8b3c-d6d3da78b5b0 (type: security_group_rules) to 0
2026-03-01 22:20:21.648 9 INFO neutron.wsgi [None req-a606430e-a3b1-49fb-90e8-b2c55e31cbc6 c98bc9c1d85e4983ad974cb4cf9dd46b b6357918f73b458f9e03a5667d465a0e - - default default] 10.0.0.191 "GET /v2.0/network-ip-availabilities HTTP/1.1" status: 200 len: 3772 time: 0.0167556
2026-03-01 22:20:21.688 10 INFO neutron.db.ovn_revision_numbers_db [None req-694baf02-197e-4a2c-b1f1-231099eb10f8 1f642a7953da4c50bc53d3742929be5b 94301fc4fd444e0f88f812d2976c5da3 - - default default] Successfully bumped revision number for resource b2868605-6033-4a96-a3df-2f0976eaa766 (type: security_group_rules) to 0
2026-03-01 22:20:21.719 10 INFO neutron.db.ovn_revision_numbers_db [None req-694baf02-197e-4a2c-b1f1-231099eb10f8 1f642a7953da4c50bc53d3742929be5b 94301fc4fd444e0f88f812d2976c5da3 - - default default] Successfully bumped revision number for resource ed0773fe-b9ec-4e59-bd7c-2518d2eb9b85 (type: security_group_rules) to 0
2026-03-01 22:20:21.767 10 INFO neutron.db.ovn_revision_numbers_db [None req-f71feaa6-a47a-457a-a69c-0a91456b415f a8c6116e336b4590be401b775db6fb31 6ffd0a97b0cc4fe698336066950216c9 - - default default] Successfully bumped revision number for resource 69c37b37-67de-48d7-8277-4a2e6587e6f7 (type: router_ports) to 1
2026-03-01 22:20:21.794 10 INFO neutron.db.segments_db [None req-694baf02-197e-4a2c-b1f1-231099eb10f8 1f642a7953da4c50bc53d3742929be5b 94301fc4fd444e0f88f812d2976c5da3 - - default default] Added segment cdd7d542-6d5e-42b8-927f-21e933a551f4 of type geneve for network 56cb071f-0940-474c-911b-c4c8e28523e6
2026-03-01 22:20:21.838 9 INFO neutron.wsgi [None req-6f1a7913-e649-4bfe-aa1f-40200413fc10 c98bc9c1d85e4983ad974cb4cf9dd46b b6357918f73b458f9e03a5667d465a0e - - default default] 10.0.0.191 "GET /v2.0/networks HTTP/1.1" status: 200 len: 5462 time: 0.1835570
2026-03-01 22:20:21.934 9 INFO neutron.wsgi [None req-96100656-04ef-438e-910b-c8362d174fc1 c98bc9c1d85e4983ad974cb4cf9dd46b b6357918f73b458f9e03a5667d465a0e - - default default] 10.0.0.191 "GET /v2.0/subnets HTTP/1.1" status: 200 len: 6104 time: 0.0819635
2026-03-01 22:20:22.034 10 INFO neutron.db.ovn_revision_numbers_db [None req-694baf02-197e-4a2c-b1f1-231099eb10f8 1f642a7953da4c50bc53d3742929be5b 94301fc4fd444e0f88f812d2976c5da3 - - default default] Successfully bumped revision number for resource 56cb071f-0940-474c-911b-c4c8e28523e6 (type: networks) to 1
2026-03-01 22:20:22.086 10 INFO neutron.db.ovn_revision_numbers_db [None req-f71feaa6-a47a-457a-a69c-0a91456b415f a8c6116e336b4590be401b775db6fb31 6ffd0a97b0cc4fe698336066950216c9 - - default default] Successfully bumped revision number for resource 69c37b37-67de-48d7-8277-4a2e6587e6f7 (type: ports) to 1
2026-03-01 22:20:22.201 10 WARNING neutron.scheduler.dhcp_agent_scheduler [None req-f71feaa6-a47a-457a-a69c-0a91456b415f a8c6116e336b4590be401b775db6fb31 6ffd0a97b0cc4fe698336066950216c9 - - default default] No more DHCP agents
2026-03-01 22:20:22.208 10 WARNING neutron.api.rpc.agentnotifiers.dhcp_rpc_agent_api [None req-f71feaa6-a47a-457a-a69c-0a91456b415f a8c6116e336b4590be401b775db6fb31 6ffd0a97b0cc4fe698336066950216c9 - - default default] Unable to schedule network d8cc6c89-83e8-4909-9a97-b637e06e80ac: no agents available; will retry on subsequent port and subnet creation events.
2026-03-01 22:20:22.296 10 WARNING neutron.scheduler.dhcp_agent_scheduler [None req-694baf02-197e-4a2c-b1f1-231099eb10f8 1f642a7953da4c50bc53d3742929be5b 94301fc4fd444e0f88f812d2976c5da3 - - default default] No more DHCP agents
2026-03-01 22:20:22.301 10 WARNING neutron.api.rpc.agentnotifiers.dhcp_rpc_agent_api [None req-694baf02-197e-4a2c-b1f1-231099eb10f8 1f642a7953da4c50bc53d3742929be5b 94301fc4fd444e0f88f812d2976c5da3 - - default default] Unable to schedule network 56cb071f-0940-474c-911b-c4c8e28523e6: no agents available; will retry on subsequent port and subnet creation events.
2026-03-01 22:20:22.401 9 INFO neutron.wsgi [None req-d42b6f59-e4f0-454a-9370-75ed7ea8e7de c98bc9c1d85e4983ad974cb4cf9dd46b b6357918f73b458f9e03a5667d465a0e - - default default] 10.0.0.191 "GET /v2.0/ports HTTP/1.1" status: 200 len: 14839 time: 0.4542952
2026-03-01 22:20:22.402 9 INFO neutron.db.ovn_revision_numbers_db [None req-b7fae72b-7c5b-46de-a153-e84c304d7ddc 9f5d03a6eed04f25b998da45511ec5f9 2f2b8f96476c4b56ab671eb706f78f8f - - default default] Successfully bumped revision number for resource 9ef4bd1f-5d7d-4782-bf0b-18215e9b1533 (type: ports) to 1
2026-03-01 22:20:22.432 10 INFO neutron.db.ovn_revision_numbers_db [None req-f71feaa6-a47a-457a-a69c-0a91456b415f a8c6116e336b4590be401b775db6fb31 6ffd0a97b0cc4fe698336066950216c9 - - default default] Successfully bumped revision number for resource 69c37b37-67de-48d7-8277-4a2e6587e6f7 (type: router_ports) to 1
2026-03-01 22:20:22.434 10 INFO neutron.wsgi [None req-f71feaa6-a47a-457a-a69c-0a91456b415f a8c6116e336b4590be401b775db6fb31 6ffd0a97b0cc4fe698336066950216c9 - - default default] 10.0.0.58 "PUT /v2.0/routers/3963de02-5ea2-419f-bfef-9bbe2c6e1542/add_router_interface HTTP/1.1" status: 200 len: 503 time: 2.5059831
2026-03-01 22:20:22.444 9 INFO neutron.wsgi [None req-1f57aa3f-0c9c-47b2-9617-ecba7f95f617 c98bc9c1d85e4983ad974cb4cf9dd46b b6357918f73b458f9e03a5667d465a0e - - default default] 10.0.0.191 "GET /v2.0/agents HTTP/1.1" status: 200 len: 997 time: 0.0291605
2026-03-01 22:20:22.452 10 INFO neutron.db.ovn_revision_numbers_db [None req-694baf02-197e-4a2c-b1f1-231099eb10f8 1f642a7953da4c50bc53d3742929be5b 94301fc4fd444e0f88f812d2976c5da3 - - default default] Successfully bumped revision number for resource 09adc7b2-1d13-4f19-aafe-9ebbae543964 (type: ports) to 1
2026-03-01 22:20:22.490 10 INFO neutron.wsgi [None req-694baf02-197e-4a2c-b1f1-231099eb10f8 1f642a7953da4c50bc53d3742929be5b 94301fc4fd444e0f88f812d2976c5da3 - - default default] 10.0.0.58 "POST /v2.0/networks HTTP/1.1" status: 201 len: 831 time: 1.4039190
2026-03-01 22:20:22.490 9 INFO neutron.wsgi [None req-bf427fd2-e79b-49f9-b315-6c794da62242 c98bc9c1d85e4983ad974cb4cf9dd46b b6357918f73b458f9e03a5667d465a0e - - default default] 10.0.0.191 "GET /v2.0/floatingips HTTP/1.1" status: 200 len: 193 time: 0.0419497
2026-03-01 22:20:22.501 10 WARNING neutron_lib.context [None req-0987ca04-3076-4c1e-81f3-8714ec085a81 1f642a7953da4c50bc53d3742929be5b 94301fc4fd444e0f88f812d2976c5da3 - - default default] Method 'is_advsvc' is deprecated since 2023.2 release (neutron-lib 3.8.0) and will be removed once support for the old RBAC API policies will be removed from Neutron. Please use method 'is_service_role' instead.
2026-03-01 22:20:22.527 9 INFO neutron.db.ovn_revision_numbers_db [None req-e7f02ddb-469d-4490-9bd2-a352b8d2fff6 c98bc9c1d85e4983ad974cb4cf9dd46b b6357918f73b458f9e03a5667d465a0e - - default default] Successfully bumped revision number for resource cc68e384-520d-4d6a-a545-c489c9207253 (type: security_groups) to 1
2026-03-01 22:20:22.568 10 INFO neutron.wsgi [None req-801070a2-8886-441b-8737-0f7caf6fa44a a8c6116e336b4590be401b775db6fb31 6ffd0a97b0cc4fe698336066950216c9 - - default default] 10.0.0.58 "GET /v2.0/ports/69c37b37-67de-48d7-8277-4a2e6587e6f7 HTTP/1.1" status: 200 len: 1135 time: 0.1225791
2026-03-01 22:20:22.586 9 INFO neutron.db.ovn_revision_numbers_db [None req-e7f02ddb-469d-4490-9bd2-a352b8d2fff6 c98bc9c1d85e4983ad974cb4cf9dd46b b6357918f73b458f9e03a5667d465a0e - - default default] Successfully bumped revision number for resource 211803dc-8057-49af-85a5-a615729ed558 (type: security_group_rules) to 0
2026-03-01 22:20:22.615 9 INFO neutron.db.ovn_revision_numbers_db [None req-e7f02ddb-469d-4490-9bd2-a352b8d2fff6 c98bc9c1d85e4983ad974cb4cf9dd46b b6357918f73b458f9e03a5667d465a0e - - default default] Successfully bumped revision number for resource 35a62434-a6a2-4959-a9ab-55bb777d7ae8 (type: security_group_rules) to 0
2026-03-01 22:20:22.622 9 WARNING neutron.scheduler.dhcp_agent_scheduler [None req-b7fae72b-7c5b-46de-a153-e84c304d7ddc 9f5d03a6eed04f25b998da45511ec5f9 2f2b8f96476c4b56ab671eb706f78f8f - - default default] No more DHCP agents
2026-03-01 22:20:22.626 9 WARNING neutron.api.rpc.agentnotifiers.dhcp_rpc_agent_api [None req-b7fae72b-7c5b-46de-a153-e84c304d7ddc 9f5d03a6eed04f25b998da45511ec5f9 2f2b8f96476c4b56ab671eb706f78f8f - - default default] Unable to schedule network b25c6ea6-fca2-483b-877b-1bee37c713d9: no agents available; will retry on subsequent port and subnet creation events.
2026-03-01 22:20:22.634 10 INFO neutron.wsgi [None req-7a506b2c-87b5-43ab-a5e8-10e6d4a3c87f a8c6116e336b4590be401b775db6fb31 6ffd0a97b0cc4fe698336066950216c9 - - default default] 10.0.0.58 "GET /v2.0/ports/69c37b37-67de-48d7-8277-4a2e6587e6f7 HTTP/1.1" status: 200 len: 1135 time: 0.0533507
2026-03-01 22:20:22.644 9 INFO neutron.wsgi [None req-e93f79de-a020-40a8-aec7-a7abb0174750 c98bc9c1d85e4983ad974cb4cf9dd46b b6357918f73b458f9e03a5667d465a0e - - default default] 10.0.0.191 "GET /v2.0/security-groups HTTP/1.1" status: 200 len: 27919 time: 0.1495159
2026-03-01 22:20:22.666 9 INFO neutron.db.ovn_revision_numbers_db [None req-e7f02ddb-469d-4490-9bd2-a352b8d2fff6 c98bc9c1d85e4983ad974cb4cf9dd46b b6357918f73b458f9e03a5667d465a0e - - default default] Successfully bumped revision number for resource 4115946c-3cb2-4242-b55f-2cbcbc235048 (type: security_group_rules) to 0
2026-03-01 22:20:22.684 9 INFO neutron.db.ovn_revision_numbers_db [None req-d554d607-ce5f-403f-952d-8fb1bb266bc6 - - - - - -] Successfully bumped revision number for resource 9ef4bd1f-5d7d-4782-bf0b-18215e9b1533 (type: ports) to 2
2026-03-01 22:20:22.702 9 INFO neutron.db.ovn_revision_numbers_db [None req-e7f02ddb-469d-4490-9bd2-a352b8d2fff6 c98bc9c1d85e4983ad974cb4cf9dd46b b6357918f73b458f9e03a5667d465a0e - - default default] Successfully bumped revision number for resource 4203eb49-7899-4272-89bc-38ad917f0209 (type: security_group_rules) to 0
2026-03-01 22:20:22.760 9 INFO neutron.wsgi [None req-e7f02ddb-469d-4490-9bd2-a352b8d2fff6 c98bc9c1d85e4983ad974cb4cf9dd46b b6357918f73b458f9e03a5667d465a0e - - default default] 10.0.0.58 "GET /v2.0/security-groups?tenant_id=e0937f6a35414b7bb9aea2997e520a81&name=default HTTP/1.1" status: 200 len: 2996 time: 1.1059108
2026-03-01 22:20:22.814 9 INFO neutron.db.ovn_revision_numbers_db [None req-d554d607-ce5f-403f-952d-8fb1bb266bc6 - - - - - -] Successfully bumped revision number for resource 9ef4bd1f-5d7d-4782-bf0b-18215e9b1533 (type: router_ports) to 2
2026-03-01 22:20:22.826 10 WARNING neutron.scheduler.dhcp_agent_scheduler [None req-0987ca04-3076-4c1e-81f3-8714ec085a81 1f642a7953da4c50bc53d3742929be5b 94301fc4fd444e0f88f812d2976c5da3 - - default default] No more DHCP agents
2026-03-01 22:20:22.833 10 WARNING neutron.api.rpc.agentnotifiers.dhcp_rpc_agent_api [None req-0987ca04-3076-4c1e-81f3-8714ec085a81 1f642a7953da4c50bc53d3742929be5b 94301fc4fd444e0f88f812d2976c5da3 - - default default] Unable to schedule network 56cb071f-0940-474c-911b-c4c8e28523e6: no agents available; will retry on subsequent port and subnet creation events.
2026-03-01 22:20:22.990 9 INFO neutron.db.ovn_revision_numbers_db [None req-b7fae72b-7c5b-46de-a153-e84c304d7ddc 9f5d03a6eed04f25b998da45511ec5f9 2f2b8f96476c4b56ab671eb706f78f8f - - default default] Successfully bumped revision number for resource 9ef4bd1f-5d7d-4782-bf0b-18215e9b1533 (type: router_ports) to 2
2026-03-01 22:20:22.993 9 INFO neutron.wsgi [None req-b7fae72b-7c5b-46de-a153-e84c304d7ddc 9f5d03a6eed04f25b998da45511ec5f9 2f2b8f96476c4b56ab671eb706f78f8f - - default default] 10.0.0.58 "PUT /v2.0/routers/3f5720e3-5828-4e27-ac0e-b2ab6970638a/add_router_interface HTTP/1.1" status: 200 len: 503 time: 3.1088941
2026-03-01 22:20:23.060 9 WARNING neutron_lib.context [None req-1315b5be-e5bf-4739-be0b-a0c969734837 9f5d03a6eed04f25b998da45511ec5f9 2f2b8f96476c4b56ab671eb706f78f8f - - default default] Method 'is_advsvc' is deprecated since 2023.2 release (neutron-lib 3.8.0) and will be removed once support for the old RBAC API policies will be removed from Neutron. Please use method 'is_service_role' instead.
2026-03-01 22:20:23.080 10 INFO neutron.wsgi [None req-f7b1a523-f5dc-4801-8f7b-249c8d71d16d c98bc9c1d85e4983ad974cb4cf9dd46b b6357918f73b458f9e03a5667d465a0e - - default default] 10.0.0.58 "DELETE /v2.0/security-groups/cc68e384-520d-4d6a-a545-c489c9207253 HTTP/1.1" status: 204 len: 168 time: 0.3101270
2026-03-01 22:20:23.176 9 INFO neutron.db.ovn_revision_numbers_db [None req-1315b5be-e5bf-4739-be0b-a0c969734837 9f5d03a6eed04f25b998da45511ec5f9 2f2b8f96476c4b56ab671eb706f78f8f - - default default] Successfully bumped revision number for resource c3755f1a-55ef-4889-8eec-b383eb3dd751 (type: security_groups) to 1
2026-03-01 22:20:23.190 9 INFO neutron.db.ovn_revision_numbers_db [None req-1315b5be-e5bf-4739-be0b-a0c969734837 9f5d03a6eed04f25b998da45511ec5f9 2f2b8f96476c4b56ab671eb706f78f8f - - default default] Successfully bumped revision number for resource 01fc0fc9-fc5a-47a9-9e2b-35e4cad06fcc (type: security_group_rules) to 0
2026-03-01 22:20:23.203 9 INFO neutron.db.ovn_revision_numbers_db [None req-1315b5be-e5bf-4739-be0b-a0c969734837 9f5d03a6eed04f25b998da45511ec5f9 2f2b8f96476c4b56ab671eb706f78f8f - - default default] Successfully bumped revision number for resource 7a5087b8-7be9-4628-9375-e2a7fc094eeb (type: security_group_rules) to 0
2026-03-01 22:20:23.227 9 INFO neutron.wsgi [None req-1315b5be-e5bf-4739-be0b-a0c969734837 9f5d03a6eed04f25b998da45511ec5f9 2f2b8f96476c4b56ab671eb706f78f8f - - default default] 10.0.0.58 "POST /v2.0/security-groups HTTP/1.1" status: 201 len: 1763 time: 0.1741028
2026-03-01 22:20:23.237 9 WARNING neutron_lib.context [None req-f5a83035-112b-49b0-8e6d-2e77f8bf6a1e 9f5d03a6eed04f25b998da45511ec5f9 2f2b8f96476c4b56ab671eb706f78f8f - - default default] Method 'is_advsvc' is deprecated since 2023.2 release (neutron-lib 3.8.0) and will be removed once support for the old RBAC API policies will be removed from Neutron. Please use method 'is_service_role' instead.
2026-03-01 22:20:23.373 9 INFO neutron.db.ovn_revision_numbers_db [None req-f5a83035-112b-49b0-8e6d-2e77f8bf6a1e 9f5d03a6eed04f25b998da45511ec5f9 2f2b8f96476c4b56ab671eb706f78f8f - - default default] Successfully bumped revision number for resource 7a8fedcf-b032-444f-9811-cdc23c93e5fb (type: security_group_rules) to 0
2026-03-01 22:20:23.422 9 INFO neutron.wsgi [None req-f5a83035-112b-49b0-8e6d-2e77f8bf6a1e 9f5d03a6eed04f25b998da45511ec5f9 2f2b8f96476c4b56ab671eb706f78f8f - - default default] 10.0.0.58 "POST /v2.0/security-group-rules HTTP/1.1" status: 201 len: 764 time: 0.1896544
2026-03-01 22:20:23.424 10 INFO neutron.db.ovn_revision_numbers_db [None req-0987ca04-3076-4c1e-81f3-8714ec085a81 1f642a7953da4c50bc53d3742929be5b 94301fc4fd444e0f88f812d2976c5da3 - - default default] Successfully bumped revision number for resource 09adc7b2-1d13-4f19-aafe-9ebbae543964 (type: ports) to 2
2026-03-01 22:20:23.433 9 WARNING neutron_lib.context [None req-c1f18fd6-4982-455b-8862-e45387ee20e4 9f5d03a6eed04f25b998da45511ec5f9 2f2b8f96476c4b56ab671eb706f78f8f - - default default] Method 'is_advsvc' is deprecated since 2023.2 release (neutron-lib 3.8.0) and will be removed once support for the old RBAC API policies will be removed from Neutron. Please use method 'is_service_role' instead.
2026-03-01 22:20:23.471 10 INFO neutron.db.ovn_revision_numbers_db [None req-0987ca04-3076-4c1e-81f3-8714ec085a81 1f642a7953da4c50bc53d3742929be5b 94301fc4fd444e0f88f812d2976c5da3 - - default default] Successfully bumped revision number for resource 8743fee0-7043-45f7-b850-ed6301ae66e9 (type: subnets) to 0
2026-03-01 22:20:23.497 10 INFO neutron.wsgi [None req-0987ca04-3076-4c1e-81f3-8714ec085a81 1f642a7953da4c50bc53d3742929be5b 94301fc4fd444e0f88f812d2976c5da3 - - default default] 10.0.0.58 "POST /v2.0/subnets HTTP/1.1" status: 201 len: 801 time: 1.0004532
2026-03-01 22:20:23.563 9 INFO neutron.db.ovn_revision_numbers_db [None req-c1f18fd6-4982-455b-8862-e45387ee20e4 9f5d03a6eed04f25b998da45511ec5f9 2f2b8f96476c4b56ab671eb706f78f8f - - default default] Successfully bumped revision number for resource f3f39811-f3b4-48bf-a611-78a0664cf0de (type: security_group_rules) to 0
2026-03-01 22:20:23.568 10 INFO neutron.wsgi [None req-fea54e7e-06e7-41e7-9eb0-be55b521089d 1f642a7953da4c50bc53d3742929be5b 94301fc4fd444e0f88f812d2976c5da3 - - default default] 10.0.0.58 "PUT /v2.0/subnets/8743fee0-7043-45f7-b850-ed6301ae66e9/tags HTTP/1.1" status: 200 len: 218 time: 0.0641148
2026-03-01 22:20:23.588 9 INFO neutron.wsgi [None req-c1f18fd6-4982-455b-8862-e45387ee20e4 9f5d03a6eed04f25b998da45511ec5f9 2f2b8f96476c4b56ab671eb706f78f8f - - default default] 10.0.0.58 "POST /v2.0/security-group-rules HTTP/1.1" status: 201 len: 764 time: 0.1613615
2026-03-01 22:20:23.598 10 WARNING neutron_lib.context [None req-ff85a115-fea7-494c-9d40-42ff870c9197 9f5d03a6eed04f25b998da45511ec5f9 2f2b8f96476c4b56ab671eb706f78f8f - - default default] Method 'is_advsvc' is deprecated since 2023.2 release (neutron-lib 3.8.0) and will be removed once support for the old RBAC API policies will be removed from Neutron. Please use method 'is_service_role' instead.
2026-03-01 22:20:23.614 10 INFO neutron.wsgi [None req-73d50f13-dfd5-46e3-831f-3d205433e7c0 1f642a7953da4c50bc53d3742929be5b 94301fc4fd444e0f88f812d2976c5da3 - - default default] 10.0.0.58 "GET /v2.0/subnets/8743fee0-7043-45f7-b850-ed6301ae66e9/tags HTTP/1.1" status: 200 len: 218 time: 0.0404286
2026-03-01 22:20:23.676 10 INFO neutron.wsgi [None req-55ce0c9d-e2ad-4032-ab11-c77cb86688a7 1f642a7953da4c50bc53d3742929be5b 94301fc4fd444e0f88f812d2976c5da3 - - default default] 10.0.0.58 "PUT /v2.0/subnets/8743fee0-7043-45f7-b850-ed6301ae66e9/tags/green HTTP/1.1" status: 201 len: 201 time: 0.0557973
2026-03-01 22:20:23.720 10 INFO neutron.wsgi [None req-e945cb7d-c29b-4774-b74e-8cb39cd2f567 1f642a7953da4c50bc53d3742929be5b 94301fc4fd444e0f88f812d2976c5da3 - - default default] 10.0.0.58 "GET /v2.0/subnets/8743fee0-7043-45f7-b850-ed6301ae66e9/tags HTTP/1.1" status: 200 len: 227 time: 0.0399234
2026-03-01 22:20:23.740 9 INFO neutron.wsgi [None req-e64b07c1-db94-4a8e-8e12-7b4819c381f5 a8c6116e336b4590be401b775db6fb31 6ffd0a97b0cc4fe698336066950216c9 - - default default] 10.0.0.58 "GET /v2.0/ports/69c37b37-67de-48d7-8277-4a2e6587e6f7 HTTP/1.1" status: 200 len: 1135 time: 0.0947225
2026-03-01 22:20:23.753 10 INFO neutron.db.ovn_revision_numbers_db [None req-ff85a115-fea7-494c-9d40-42ff870c9197 9f5d03a6eed04f25b998da45511ec5f9 2f2b8f96476c4b56ab671eb706f78f8f - - default default] Successfully bumped revision number for resource 0b236aae-336b-4b78-93fe-aed93ef99a2d (type: security_group_rules) to 0
2026-03-01 22:20:23.773 10 INFO neutron.wsgi [None req-ff85a115-fea7-494c-9d40-42ff870c9197 9f5d03a6eed04f25b998da45511ec5f9 2f2b8f96476c4b56ab671eb706f78f8f - - default default] 10.0.0.58 "POST /v2.0/security-group-rules HTTP/1.1" status: 201 len: 766 time: 0.1789038
2026-03-01 22:20:23.781 10 WARNING neutron_lib.context [None req-7b88048c-87ee-444e-9f57-e46da19ef6fe 9f5d03a6eed04f25b998da45511ec5f9 2f2b8f96476c4b56ab671eb706f78f8f - - default default] Method 'is_advsvc' is deprecated since 2023.2 release (neutron-lib 3.8.0) and will be removed once support for the old RBAC API policies will be removed from Neutron. Please use method 'is_service_role' instead.
2026-03-01 22:20:23.786 9 INFO neutron.wsgi [None req-d655248e-7f2b-4095-9481-6f83919f98aa 1f642a7953da4c50bc53d3742929be5b 94301fc4fd444e0f88f812d2976c5da3 - - default default] 10.0.0.58 "PUT /v2.0/subnets/8743fee0-7043-45f7-b850-ed6301ae66e9/tags/red HTTP/1.1" status: 201 len: 201 time: 0.0586221
2026-03-01 22:20:23.835 9 INFO neutron.wsgi [None req-a01d4fac-1f1c-4634-b8bd-faf9c3021d0b 1f642a7953da4c50bc53d3742929be5b 94301fc4fd444e0f88f812d2976c5da3 - - default default] 10.0.0.58 "GET /v2.0/subnets/8743fee0-7043-45f7-b850-ed6301ae66e9/tags HTTP/1.1" status: 200 len: 227 time: 0.0416424
2026-03-01 22:20:23.877 10 INFO neutron.db.ovn_revision_numbers_db [None req-7b88048c-87ee-444e-9f57-e46da19ef6fe 9f5d03a6eed04f25b998da45511ec5f9 2f2b8f96476c4b56ab671eb706f78f8f - - default default] Successfully bumped revision number for resource d073cad6-5edf-46ec-bedd-dbc46ef2c452 (type: security_group_rules) to 0
2026-03-01 22:20:23.888 9 INFO neutron.wsgi [None req-23c74bca-a322-4573-ae6c-cdb22c5d444d 1f642a7953da4c50bc53d3742929be5b 94301fc4fd444e0f88f812d2976c5da3 - - default default] 10.0.0.58 "PUT /v2.0/subnets/8743fee0-7043-45f7-b850-ed6301ae66e9/tags/black.or.white HTTP/1.1" status: 201 len: 201 time: 0.0488122
2026-03-01 22:20:23.903 10 INFO neutron.wsgi [None req-7b88048c-87ee-444e-9f57-e46da19ef6fe 9f5d03a6eed04f25b998da45511ec5f9 2f2b8f96476c4b56ab671eb706f78f8f - - default default] 10.0.0.58 "POST /v2.0/security-group-rules HTTP/1.1" status: 201 len: 768 time: 0.1253757
2026-03-01 22:20:23.912 10 WARNING neutron_lib.context [None req-25ec2674-8008-4428-903c-186f3115b08a 9f5d03a6eed04f25b998da45511ec5f9 2f2b8f96476c4b56ab671eb706f78f8f - - default default] Method 'is_advsvc' is deprecated since 2023.2 release (neutron-lib 3.8.0) and will be removed once support for the old RBAC API policies will be removed from Neutron. Please use method 'is_service_role' instead.
2026-03-01 22:20:23.929 9 INFO neutron.wsgi [None req-3ed1842f-d105-49ad-8803-7e524d9f6cf8 1f642a7953da4c50bc53d3742929be5b 94301fc4fd444e0f88f812d2976c5da3 - - default default] 10.0.0.58 "GET /v2.0/subnets/8743fee0-7043-45f7-b850-ed6301ae66e9/tags HTTP/1.1" status: 200 len: 245 time: 0.0344827
2026-03-01 22:20:23.985 9 INFO neutron.wsgi [None req-e3facb14-f4b7-4151-a1e7-11196cce96cd 1f642a7953da4c50bc53d3742929be5b 94301fc4fd444e0f88f812d2976c5da3 - - default default] 10.0.0.58 "PUT /v2.0/subnets/8743fee0-7043-45f7-b850-ed6301ae66e9/tags HTTP/1.1" status: 200 len: 230 time: 0.0528083
2026-03-01 22:20:24.019 10 INFO neutron.db.ovn_revision_numbers_db [None req-25ec2674-8008-4428-903c-186f3115b08a 9f5d03a6eed04f25b998da45511ec5f9 2f2b8f96476c4b56ab671eb706f78f8f - - default default] Successfully bumped revision number for resource 2c7f0e93-d2bd-4e80-968b-6a91cd727372 (type: security_group_rules) to 0
2026-03-01 22:20:24.034 9 INFO neutron.wsgi [None req-1b8d5a73-cbc0-4aaa-bd90-b5299fb3c1a6 1f642a7953da4c50bc53d3742929be5b 94301fc4fd444e0f88f812d2976c5da3 - - default default] 10.0.0.58 "GET /v2.0/subnets/8743fee0-7043-45f7-b850-ed6301ae66e9/tags HTTP/1.1" status: 200 len: 230 time: 0.0447068
2026-03-01 22:20:24.042 10 INFO neutron.wsgi [None req-25ec2674-8008-4428-903c-186f3115b08a 9f5d03a6eed04f25b998da45511ec5f9 2f2b8f96476c4b56ab671eb706f78f8f - - default default] 10.0.0.58 "POST /v2.0/security-group-rules HTTP/1.1" status: 201 len: 768 time: 0.1343107
2026-03-01 22:20:24.052 10 WARNING neutron_lib.context [None req-e5ec049d-4f03-4da1-b0d9-b21f3c173c57 9f5d03a6eed04f25b998da45511ec5f9 2f2b8f96476c4b56ab671eb706f78f8f - - default default] Method 'is_advsvc' is deprecated since 2023.2 release (neutron-lib 3.8.0) and will be removed once support for the old RBAC API policies will be removed from Neutron. Please use method 'is_service_role' instead.
2026-03-01 22:20:24.076 9 INFO neutron.wsgi [None req-0de5d2e1-0de7-44ad-9408-14e31072f052 1f642a7953da4c50bc53d3742929be5b 94301fc4fd444e0f88f812d2976c5da3 - - default default] 10.0.0.58 "GET /v2.0/subnets/8743fee0-7043-45f7-b850-ed6301ae66e9/tags/red HTTP/1.1" status: 204 len: 168 time: 0.0349417
2026-03-01 22:20:24.114 9 INFO neutron.api.v2.resource [None req-d8e1d0ff-af94-4526-b629-6f308aabad2a 1f642a7953da4c50bc53d3742929be5b 94301fc4fd444e0f88f812d2976c5da3 - - default default] show failed (client error): The resource could not be found.
2026-03-01 22:20:24.116 9 INFO neutron.wsgi [None req-d8e1d0ff-af94-4526-b629-6f308aabad2a 1f642a7953da4c50bc53d3742929be5b 94301fc4fd444e0f88f812d2976c5da3 - - default default] 10.0.0.58 "GET /v2.0/subnets/8743fee0-7043-45f7-b850-ed6301ae66e9/tags/green HTTP/1.1" status: 404 len: 299 time: 0.0358343
