2026-03-01 22:22:23.887 10 INFO neutron.wsgi [None req-635ba1ed-0b10-4563-b998-1c4aad7f7625 4ba67d3467924d1fb088ce11cca84587 29d5748ce9534c29937f0c2b82803832 - - default default] 10.0.0.58 "DELETE /v2.0/floatingips/2b8123d2-dd80-4141-9567-f16cb04b5787 HTTP/1.1" status: 204 len: 168 time: 0.3065090
2026-03-01 22:22:24.019 10 INFO neutron.wsgi [None req-555aab36-bbcb-4a48-bd72-7897e310b31e 4ba67d3467924d1fb088ce11cca84587 29d5748ce9534c29937f0c2b82803832 - - default default] 10.0.0.58 "DELETE /v2.0/security-groups/e47bf458-702b-4af0-bc1e-630f6c00b355 HTTP/1.1" status: 204 len: 168 time: 0.1271558
2026-03-01 22:22:25.416 10 INFO neutron.wsgi [None req-cdfd1a24-bb13-41b6-b146-dc2d47d01bdb c98bc9c1d85e4983ad974cb4cf9dd46b b6357918f73b458f9e03a5667d465a0e - - default default] 10.0.0.58 "PUT /v2.0/routers/c6c24581-c50a-4c92-b25b-2d6fa0cb1d74/remove_router_interface HTTP/1.1" status: 200 len: 503 time: 1.3515220 /var/lib/openstack/lib/python3.10/site-packages/pycadf/identifier.py:71: UserWarning: Invalid uuid: neutron. To ensure interoperability, identifiers should be a valid uuid. warnings.warn(('Invalid uuid: %s. To ensure interoperability, '
2026-03-01 22:22:25.756 9 WARNING neutron_lib.context [None req-58285e1d-aef1-466b-8e9d-bdebf012eba5 62f1316fcccf43929cf017bea1eeccb2 316a857c3f404dd0ad1a57eaaada4da1 - - default default] Method 'is_advsvc' is deprecated since 2023.2 release (neutron-lib 3.8.0) and will be removed once support for the old RBAC API policies will be removed from Neutron. Please use method 'is_service_role' instead.
2026-03-01 22:22:25.882 9 INFO neutron.db.ovn_revision_numbers_db [None req-58285e1d-aef1-466b-8e9d-bdebf012eba5 62f1316fcccf43929cf017bea1eeccb2 316a857c3f404dd0ad1a57eaaada4da1 - - default default] Successfully bumped revision number for resource 74159643-5b03-4ddd-811a-9472f23eb3c7 (type: security_groups) to 1
2026-03-01 22:22:25.895 9 INFO neutron.db.ovn_revision_numbers_db [None req-58285e1d-aef1-466b-8e9d-bdebf012eba5 62f1316fcccf43929cf017bea1eeccb2 316a857c3f404dd0ad1a57eaaada4da1 - - default default] Successfully bumped revision number for resource 306384f9-3f0e-4269-85e4-65d8429d3602 (type: security_group_rules) to 0
2026-03-01 22:22:25.908 9 INFO neutron.db.ovn_revision_numbers_db [None req-58285e1d-aef1-466b-8e9d-bdebf012eba5 62f1316fcccf43929cf017bea1eeccb2 316a857c3f404dd0ad1a57eaaada4da1 - - default default] Successfully bumped revision number for resource 486f5f46-3c17-4cd4-b249-b6b6694b92dc (type: security_group_rules) to 0
2026-03-01 22:22:25.920 9 INFO neutron.db.ovn_revision_numbers_db [None req-58285e1d-aef1-466b-8e9d-bdebf012eba5 62f1316fcccf43929cf017bea1eeccb2 316a857c3f404dd0ad1a57eaaada4da1 - - default default] Successfully bumped revision number for resource 9ee5fc4b-2f7f-4261-9e97-9f3e32576595 (type: security_group_rules) to 0
2026-03-01 22:22:25.934 9 INFO neutron.db.ovn_revision_numbers_db [None req-58285e1d-aef1-466b-8e9d-bdebf012eba5 62f1316fcccf43929cf017bea1eeccb2 316a857c3f404dd0ad1a57eaaada4da1 - - default default] Successfully bumped revision number for resource e5e33388-3537-42ef-8e91-0b53d4834476 (type: security_group_rules) to 0
2026-03-01 22:22:26.029 9 INFO neutron.db.ovn_revision_numbers_db [None req-58285e1d-aef1-466b-8e9d-bdebf012eba5 62f1316fcccf43929cf017bea1eeccb2 316a857c3f404dd0ad1a57eaaada4da1 - - default default] Successfully bumped revision number for resource 2bdf8204-d0eb-4224-8404-68bf0304514a (type: security_groups) to 1
2026-03-01 22:22:26.046 9 INFO neutron.db.ovn_revision_numbers_db [None req-58285e1d-aef1-466b-8e9d-bdebf012eba5 62f1316fcccf43929cf017bea1eeccb2 316a857c3f404dd0ad1a57eaaada4da1 - - default default] Successfully bumped revision number for resource 315c2f0e-673c-4f95-8013-2f830de697e5 (type: security_group_rules) to 0
2026-03-01 22:22:26.060 9 INFO neutron.db.ovn_revision_numbers_db [None req-58285e1d-aef1-466b-8e9d-bdebf012eba5 62f1316fcccf43929cf017bea1eeccb2 316a857c3f404dd0ad1a57eaaada4da1 - - default default] Successfully bumped revision number for resource d2b30294-5c8a-4830-9ede-1afaefbbace2 (type: security_group_rules) to 0
2026-03-01 22:22:26.079 9 INFO neutron.wsgi [None req-58285e1d-aef1-466b-8e9d-bdebf012eba5 62f1316fcccf43929cf017bea1eeccb2 316a857c3f404dd0ad1a57eaaada4da1 - - default default] 10.0.0.58 "POST /v2.0/security-groups HTTP/1.1" status: 201 len: 1737 time: 0.4818959
2026-03-01 22:22:26.116 9 INFO neutron.wsgi [None req-05ac8042-7ebb-4b1f-81c6-336da92a2244 62f1316fcccf43929cf017bea1eeccb2 316a857c3f404dd0ad1a57eaaada4da1 - - default default] 10.0.0.58 "PUT /v2.0/security-groups/2bdf8204-d0eb-4224-8404-68bf0304514a/tags HTTP/1.1" status: 200 len: 218 time: 0.0326443
2026-03-01 22:22:26.184 10 INFO neutron.wsgi [None req-e8abe9c5-6a2d-49dc-9191-f22e10d4bcad 62f1316fcccf43929cf017bea1eeccb2 316a857c3f404dd0ad1a57eaaada4da1 - - default default] 10.0.0.58 "GET /v2.0/security-groups/2bdf8204-d0eb-4224-8404-68bf0304514a/tags HTTP/1.1" status: 200 len: 218 time: 0.0643930
2026-03-01 22:22:26.280 10 INFO neutron.wsgi [None req-97b550ad-2b1e-4076-bb03-201d37e12f5d 62f1316fcccf43929cf017bea1eeccb2 316a857c3f404dd0ad1a57eaaada4da1 - - default default] 10.0.0.58 "PUT /v2.0/security-groups/2bdf8204-d0eb-4224-8404-68bf0304514a/tags/green HTTP/1.1" status: 201 len: 201 time: 0.0918455
2026-03-01 22:22:26.317 10 INFO neutron.wsgi [None req-f1315aae-4956-46a6-97dd-b54a03c6d1c7 62f1316fcccf43929cf017bea1eeccb2 316a857c3f404dd0ad1a57eaaada4da1 - - default default] 10.0.0.58 "GET /v2.0/security-groups/2bdf8204-d0eb-4224-8404-68bf0304514a/tags HTTP/1.1" status: 200 len: 227 time: 0.0326257
2026-03-01 22:22:26.320 10 INFO neutron.wsgi [None req-cc917612-bf18-4f3f-8e0c-3267fe02e114 c98bc9c1d85e4983ad974cb4cf9dd46b b6357918f73b458f9e03a5667d465a0e - - default default] 10.0.0.58 "DELETE /v2.0/routers/c6c24581-c50a-4c92-b25b-2d6fa0cb1d74 HTTP/1.1" status: 204 len: 168 time: 0.8974965
2026-03-01 22:22:26.354 9 INFO neutron.wsgi [None req-71ba3739-df8c-430e-8f72-bdd5baed2853 62f1316fcccf43929cf017bea1eeccb2 316a857c3f404dd0ad1a57eaaada4da1 - - default default] 10.0.0.58 "PUT /v2.0/security-groups/2bdf8204-d0eb-4224-8404-68bf0304514a/tags/red HTTP/1.1" status: 201 len: 201 time: 0.0310392
2026-03-01 22:22:26.384 9 INFO neutron.wsgi [None req-d837fc14-7fd7-4c52-9082-c72c65b6df78 62f1316fcccf43929cf017bea1eeccb2 316a857c3f404dd0ad1a57eaaada4da1 - - default default] 10.0.0.58 "GET /v2.0/security-groups/2bdf8204-d0eb-4224-8404-68bf0304514a/tags HTTP/1.1" status: 200 len: 227 time: 0.0246558
2026-03-01 22:22:26.434 10 INFO neutron.wsgi [None req-be9896ef-927c-47cc-9ee2-1ca23c766e71 62f1316fcccf43929cf017bea1eeccb2 316a857c3f404dd0ad1a57eaaada4da1 - - default default] 10.0.0.58 "PUT /v2.0/security-groups/2bdf8204-d0eb-4224-8404-68bf0304514a/tags/black.or.white HTTP/1.1" status: 201 len: 201 time: 0.0433505
2026-03-01 22:22:26.478 9 INFO neutron.wsgi [None req-922fc3eb-01a6-4966-8571-40a205701f94 62f1316fcccf43929cf017bea1eeccb2 316a857c3f404dd0ad1a57eaaada4da1 - - default default] 10.0.0.58 "GET /v2.0/security-groups/2bdf8204-d0eb-4224-8404-68bf0304514a/tags HTTP/1.1" status: 200 len: 245 time: 0.0382771
2026-03-01 22:22:26.541 10 INFO neutron.wsgi [None req-7d34ca44-cd65-4a66-96b8-bcd8889cb23f c98bc9c1d85e4983ad974cb4cf9dd46b b6357918f73b458f9e03a5667d465a0e - - default default] 10.0.0.58 "DELETE /v2.0/subnets/b36c38e3-be49-47a4-8f46-2046babc07b0 HTTP/1.1" status: 204 len: 168 time: 0.2146447
2026-03-01 22:22:26.551 9 INFO neutron.wsgi [None req-40dd86b2-196c-4220-97a7-be4dff736ffa 62f1316fcccf43929cf017bea1eeccb2 316a857c3f404dd0ad1a57eaaada4da1 - - default default] 10.0.0.58 "PUT /v2.0/security-groups/2bdf8204-d0eb-4224-8404-68bf0304514a/tags HTTP/1.1" status: 200 len: 230 time: 0.0669231
2026-03-01 22:22:26.581 9 INFO neutron.wsgi [None req-7e937015-73ae-4952-a9f7-97cc64a31e7b 62f1316fcccf43929cf017bea1eeccb2 316a857c3f404dd0ad1a57eaaada4da1 - - default default] 10.0.0.58 "GET /v2.0/security-groups/2bdf8204-d0eb-4224-8404-68bf0304514a/tags HTTP/1.1" status: 200 len: 230 time: 0.0251207
2026-03-01 22:22:26.613 9 INFO neutron.wsgi [None req-38294ef2-6928-447f-8e89-bbe73dbbac11 62f1316fcccf43929cf017bea1eeccb2 316a857c3f404dd0ad1a57eaaada4da1 - - default default] 10.0.0.58 "GET /v2.0/security-groups/2bdf8204-d0eb-4224-8404-68bf0304514a/tags/red HTTP/1.1" status: 204 len: 168 time: 0.0268369
2026-03-01 22:22:26.645 9 INFO neutron.api.v2.resource [None req-2526d4cc-a1d8-4cb2-aedf-ad7a00ff89fe 62f1316fcccf43929cf017bea1eeccb2 316a857c3f404dd0ad1a57eaaada4da1 - - default default] show failed (client error): The resource could not be found.
2026-03-01 22:22:26.646 9 INFO neutron.wsgi [None req-2526d4cc-a1d8-4cb2-aedf-ad7a00ff89fe 62f1316fcccf43929cf017bea1eeccb2 316a857c3f404dd0ad1a57eaaada4da1 - - default default] 10.0.0.58 "GET /v2.0/security-groups/2bdf8204-d0eb-4224-8404-68bf0304514a/tags/green HTTP/1.1" status: 404 len: 299 time: 0.0297570
2026-03-01 22:22:26.683 9 INFO neutron.wsgi [None req-ff5ce764-0e1f-4785-81c6-6e730952dec6 62f1316fcccf43929cf017bea1eeccb2 316a857c3f404dd0ad1a57eaaada4da1 - - default default] 10.0.0.58 "DELETE /v2.0/security-groups/2bdf8204-d0eb-4224-8404-68bf0304514a/tags/red HTTP/1.1" status: 204 len: 168 time: 0.0334601
2026-03-01 22:22:26.712 9 INFO neutron.wsgi [None req-8c723235-a710-497c-b2a5-2d7ca54a0dab 62f1316fcccf43929cf017bea1eeccb2 316a857c3f404dd0ad1a57eaaada4da1 - - default default] 10.0.0.58 "GET /v2.0/security-groups/2bdf8204-d0eb-4224-8404-68bf0304514a/tags HTTP/1.1" status: 200 len: 223 time: 0.0250406
2026-03-01 22:22:26.739 9 INFO neutron.api.v2.resource [None req-dad95318-ca46-4d2c-aa2c-2bb8d9ad3831 62f1316fcccf43929cf017bea1eeccb2 316a857c3f404dd0ad1a57eaaada4da1 - - default default] delete failed (client error): The resource could not be found.
2026-03-01 22:22:26.741 9 INFO neutron.wsgi [None req-dad95318-ca46-4d2c-aa2c-2bb8d9ad3831 62f1316fcccf43929cf017bea1eeccb2 316a857c3f404dd0ad1a57eaaada4da1 - - default default] 10.0.0.58 "DELETE /v2.0/security-groups/2bdf8204-d0eb-4224-8404-68bf0304514a/tags/green HTTP/1.1" status: 404 len: 299 time: 0.0253856
2026-03-01 22:22:26.780 9 INFO neutron.wsgi [None req-eec1d459-2655-4759-ba83-3aeaa5dc11b3 62f1316fcccf43929cf017bea1eeccb2 316a857c3f404dd0ad1a57eaaada4da1 - - default default] 10.0.0.58 "DELETE /v2.0/security-groups/2bdf8204-d0eb-4224-8404-68bf0304514a/tags HTTP/1.1" status: 204 len: 168 time: 0.0363193
2026-03-01 22:22:26.808 9 INFO neutron.wsgi [None req-12f3e4f5-8b14-486a-8761-edbde41722d5 62f1316fcccf43929cf017bea1eeccb2 316a857c3f404dd0ad1a57eaaada4da1 - - default default] 10.0.0.58 "GET /v2.0/security-groups/2bdf8204-d0eb-4224-8404-68bf0304514a/tags HTTP/1.1" status: 200 len: 205 time: 0.0237784
2026-03-01 22:22:26.910 10 INFO neutron.services.segments.plugin [-] Segment bc145e72-e750-4b4e-aa2f-5c47c3754468 resource provider aggregate not found
2026-03-01 22:22:26.915 10 INFO neutron.services.segments.plugin [-] Segment bc145e72-e750-4b4e-aa2f-5c47c3754468 resource provider aggregate not found
2026-03-01 22:22:26.934 10 INFO neutron.services.segments.plugin [-] Segment bc145e72-e750-4b4e-aa2f-5c47c3754468 resource provider not found; error: Placement Client Error (4xx): {"errors": [{"status": 404, "title": "Not Found", "detail": "The resource could not be found.\n\n No resource provider with uuid bc145e72-e750-4b4e-aa2f-5c47c3754468 found for delete ", "request_id": "req-4df302f8-3dc6-45fc-bcf6-c5e4bcd132a5"}]}
2026-03-01 22:22:26.936 10 INFO neutron.services.segments.plugin [-] Segment bc145e72-e750-4b4e-aa2f-5c47c3754468 resource provider not found; error: Placement Client Error (4xx): {"errors": [{"status": 404, "title": "Not Found", "detail": "The resource could not be found.\n\n No resource provider with uuid bc145e72-e750-4b4e-aa2f-5c47c3754468 found for delete ", "request_id": "req-a52a2a62-50a1-49b5-91de-0e26cd286777"}]}
2026-03-01 22:22:26.941 9 INFO neutron.wsgi [None req-3b591ba4-576d-46db-8ff2-06a697aa3692 62f1316fcccf43929cf017bea1eeccb2 316a857c3f404dd0ad1a57eaaada4da1 - - default default] 10.0.0.58 "DELETE /v2.0/security-groups/2bdf8204-d0eb-4224-8404-68bf0304514a HTTP/1.1" status: 204 len: 168 time: 0.1276934
2026-03-01 22:22:26.962 10 INFO neutron.wsgi [None req-52d0cbf4-34ad-4e3f-a58e-a62161314d4c c98bc9c1d85e4983ad974cb4cf9dd46b b6357918f73b458f9e03a5667d465a0e - - default default] 10.0.0.58 "DELETE /v2.0/networks/849062de-1354-4a70-9866-ce06ef5a1149 HTTP/1.1" status: 204 len: 168 time: 0.4160328
2026-03-01 22:22:27.809 10 INFO neutron.wsgi [None req-08dcaf14-fed9-4e9b-a9df-b5e38a7621fa c98bc9c1d85e4983ad974cb4cf9dd46b b6357918f73b458f9e03a5667d465a0e - - default default] 10.0.0.182 "GET /v2.0/extensions/security-group HTTP/1.1" status: 200 len: 369 time: 0.1330910
2026-03-01 22:22:27.820 10 INFO neutron.wsgi [None req-d38b51ab-1b5f-498d-be6b-f41d11331311 c98bc9c1d85e4983ad974cb4cf9dd46b b6357918f73b458f9e03a5667d465a0e - - default default] 10.0.0.182 "GET /v2.0/extensions/dns-integration HTTP/1.1" status: 200 len: 371 time: 0.0043797
2026-03-01 22:22:27.839 10 INFO neutron.wsgi [None req-8561fa8a-e4f4-45f1-97de-87897969e9dd c98bc9c1d85e4983ad974cb4cf9dd46b b6357918f73b458f9e03a5667d465a0e - - default default] 10.0.0.182 "GET /v2.0/extensions/qos HTTP/1.1" status: 200 len: 365 time: 0.0078378
2026-03-01 22:22:27.861 10 INFO neutron.wsgi [None req-f46f80fb-e537-4c66-9dd9-f13895b63a7a c98bc9c1d85e4983ad974cb4cf9dd46b b6357918f73b458f9e03a5667d465a0e - - default default] 10.0.0.182 "GET /v2.0/extensions/allowed-address-pairs HTTP/1.1" status: 200 len: 383 time: 0.0127380
2026-03-01 22:22:27.894 10 INFO neutron.db.ovn_revision_numbers_db [None req-4198aaea-cb2b-42bc-bf5d-b54b3e3720e2 c98bc9c1d85e4983ad974cb4cf9dd46b b6357918f73b458f9e03a5667d465a0e - - default default] Successfully bumped revision number for resource 8ba701f2-98b5-4844-a68e-a142063c1cf0 (type: security_groups) to 1
2026-03-01 22:22:27.907 10 INFO neutron.db.ovn_revision_numbers_db [None req-4198aaea-cb2b-42bc-bf5d-b54b3e3720e2 c98bc9c1d85e4983ad974cb4cf9dd46b b6357918f73b458f9e03a5667d465a0e - - default default] Successfully bumped revision number for resource 2f36d8fa-eb44-45e2-9daa-11bf890ffd66 (type: security_group_rules) to 0
2026-03-01 22:22:27.921 10 INFO neutron.db.ovn_revision_numbers_db [None req-4198aaea-cb2b-42bc-bf5d-b54b3e3720e2 c98bc9c1d85e4983ad974cb4cf9dd46b b6357918f73b458f9e03a5667d465a0e - - default default] Successfully bumped revision number for resource 3759d0d9-9977-4e6e-bbcd-18c3647e398e (type: security_group_rules) to 0
2026-03-01 22:22:27.933 10 INFO neutron.db.ovn_revision_numbers_db [None req-4198aaea-cb2b-42bc-bf5d-b54b3e3720e2 c98bc9c1d85e4983ad974cb4cf9dd46b b6357918f73b458f9e03a5667d465a0e - - default default] Successfully bumped revision number for resource a19e34e8-fafb-47b3-b727-560fd9ba42b1 (type: security_group_rules) to 0
2026-03-01 22:22:27.946 10 INFO neutron.db.ovn_revision_numbers_db [None req-4198aaea-cb2b-42bc-bf5d-b54b3e3720e2 c98bc9c1d85e4983ad974cb4cf9dd46b b6357918f73b458f9e03a5667d465a0e - - default default] Successfully bumped revision number for resource f4a50103-1447-4784-bf0e-9d0c6171f090 (type: security_group_rules) to 0
2026-03-01 22:22:27.967 10 INFO neutron.wsgi [None req-4198aaea-cb2b-42bc-bf5d-b54b3e3720e2 c98bc9c1d85e4983ad974cb4cf9dd46b b6357918f73b458f9e03a5667d465a0e - - default default] 10.0.0.58 "GET /v2.0/security-groups?tenant_id=559775b6654744cfb3462dd09ee02da0&name=default HTTP/1.1" status: 200 len: 2996 time: 0.3341095
2026-03-01 22:22:28.152 10 INFO neutron.wsgi [None req-af102003-5ad6-47d9-b4bd-bb0c25b3ce40 c98bc9c1d85e4983ad974cb4cf9dd46b b6357918f73b458f9e03a5667d465a0e - - default default] 10.0.0.58 "DELETE /v2.0/security-groups/8ba701f2-98b5-4844-a68e-a142063c1cf0 HTTP/1.1" status: 204 len: 168 time: 0.1786606
2026-03-01 22:22:28.282 10 INFO neutron.wsgi [None req-763a4f2d-95cf-4b76-adbb-57a834ad8801 c98bc9c1d85e4983ad974cb4cf9dd46b b6357918f73b458f9e03a5667d465a0e - - default default] 10.0.0.58 "GET /v2.0/security-groups?tenant_id=316a857c3f404dd0ad1a57eaaada4da1&name=default HTTP/1.1" status: 200 len: 2996 time: 0.0387955
2026-03-01 22:22:28.379 9 INFO neutron.wsgi [None req-2dbfc057-cb42-4545-97c3-fd7ed7b46dc2 c98bc9c1d85e4983ad974cb4cf9dd46b b6357918f73b458f9e03a5667d465a0e - - default default] 10.0.0.58 "PUT /v2.0/routers/f979ee97-a08e-4e50-a623-a9fda52af17d/remove_router_interface HTTP/1.1" status: 200 len: 503 time: 1.4089539 /var/lib/openstack/lib/python3.10/site-packages/pycadf/identifier.py:71: UserWarning: Invalid uuid: neutron. To ensure interoperability, identifiers should be a valid uuid. warnings.warn(('Invalid uuid: %s. To ensure interoperability, '
2026-03-01 22:22:28.400 9 INFO neutron.wsgi [-] 10.0.0.182 "GET / HTTP/1.1" status: 200 len: 284 time: 0.0033820
2026-03-01 22:22:28.473 9 INFO neutron.wsgi [None req-996eed8a-4791-486d-ae24-81cddda62a1d 9f5d03a6eed04f25b998da45511ec5f9 2f2b8f96476c4b56ab671eb706f78f8f - - default default] 10.0.0.182 "GET /v2.0/subnets/4989bd7e-74ef-4a8d-8b26-641a244e47f4 HTTP/1.1" status: 200 len: 830 time: 0.0479655
2026-03-01 22:22:28.487 10 INFO neutron.wsgi [None req-9e3c86ec-9273-4ce3-9760-8e08e0ddc4ac c98bc9c1d85e4983ad974cb4cf9dd46b b6357918f73b458f9e03a5667d465a0e - - default default] 10.0.0.58 "DELETE /v2.0/security-groups/74159643-5b03-4ddd-811a-9472f23eb3c7 HTTP/1.1" status: 204 len: 168 time: 0.2007153
2026-03-01 22:22:29.253 9 INFO neutron.wsgi [None req-9d8a98c6-4fac-481f-94f9-d9c38cea63ec c98bc9c1d85e4983ad974cb4cf9dd46b b6357918f73b458f9e03a5667d465a0e - - default default] 10.0.0.58 "DELETE /v2.0/routers/f979ee97-a08e-4e50-a623-a9fda52af17d HTTP/1.1" status: 204 len: 168 time: 0.8699689
2026-03-01 22:22:29.537 9 INFO neutron.wsgi [None req-066b89c8-0fe0-4866-aef7-3dc91a34da37 c98bc9c1d85e4983ad974cb4cf9dd46b b6357918f73b458f9e03a5667d465a0e - - default default] 10.0.0.58 "DELETE /v2.0/subnets/cc718af0-a3ee-46c3-a4d5-d5956196c579 HTTP/1.1" status: 204 len: 168 time: 0.2749124
2026-03-01 22:22:29.577 10 INFO neutron.wsgi [None req-708fd7ee-91e1-4a8b-b2dd-5e7b82f04e07 c98bc9c1d85e4983ad974cb4cf9dd46b b6357918f73b458f9e03a5667d465a0e - - default default] 199.204.45.156 "GET /v2.0/extensions/security-group HTTP/1.1" status: 200 len: 369 time: 0.0074215
2026-03-01 22:22:29.586 10 INFO neutron.wsgi [None req-43054aa6-d18b-44ec-9c21-a99e8ad448bd c98bc9c1d85e4983ad974cb4cf9dd46b b6357918f73b458f9e03a5667d465a0e - - default default] 199.204.45.156 "GET /v2.0/extensions/dns-integration HTTP/1.1" status: 200 len: 371 time: 0.0053477
2026-03-01 22:22:29.596 10 INFO neutron.wsgi [None req-41b094c7-d4a8-4d5c-a529-e77096795a57 c98bc9c1d85e4983ad974cb4cf9dd46b b6357918f73b458f9e03a5667d465a0e - - default default] 199.204.45.156 "GET /v2.0/extensions/qos HTTP/1.1" status: 200 len: 365 time: 0.0055375
2026-03-01 22:22:29.605 10 INFO neutron.wsgi [None req-43094432-8c22-49cb-a828-9dd8ce185de4 c98bc9c1d85e4983ad974cb4cf9dd46b b6357918f73b458f9e03a5667d465a0e - - default default] 199.204.45.156 "GET /v2.0/extensions/allowed-address-pairs HTTP/1.1" status: 200 len: 383 time: 0.0055962
2026-03-01 22:22:29.642 10 INFO neutron.wsgi [None req-dbb2ff69-f720-43bf-bc54-56d68f3b7e93 c98bc9c1d85e4983ad974cb4cf9dd46b b6357918f73b458f9e03a5667d465a0e - - default default] 199.204.45.156 "GET /v2.0/subnets/4989bd7e-74ef-4a8d-8b26-641a244e47f4 HTTP/1.1" status: 200 len: 848 time: 0.0319409
2026-03-01 22:22:29.692 10 INFO neutron.wsgi [None req-e2ce2924-caa8-4dbd-a07a-35c773ef13b0 c98bc9c1d85e4983ad974cb4cf9dd46b b6357918f73b458f9e03a5667d465a0e - - default default] 199.204.45.156 "GET /v2.0/ports?device_id=8f06dd68-0978-4644-8d83-f722b56ed2ad HTTP/1.1" status: 200 len: 2720 time: 0.0432718
2026-03-01 22:22:29.825 10 INFO neutron.wsgi [None req-96d6b13d-fed5-4b2d-9893-93fe534d01ef c98bc9c1d85e4983ad974cb4cf9dd46b b6357918f73b458f9e03a5667d465a0e - - default default] 199.204.45.156 "GET /v2.0/extensions/security-group HTTP/1.1" status: 200 len: 369 time: 0.0072017
2026-03-01 22:22:29.833 10 INFO neutron.wsgi [None req-0bfd089c-c692-4ac3-b9ac-f26645b9de00 c98bc9c1d85e4983ad974cb4cf9dd46b b6357918f73b458f9e03a5667d465a0e - - default default] 199.204.45.156 "GET /v2.0/extensions/dns-integration HTTP/1.1" status: 200 len: 371 time: 0.0041666
2026-03-01 22:22:29.841 10 INFO neutron.wsgi [None req-216e214a-f73f-48a9-a691-9662b62f84a7 c98bc9c1d85e4983ad974cb4cf9dd46b b6357918f73b458f9e03a5667d465a0e - - default default] 199.204.45.156 "GET /v2.0/extensions/qos HTTP/1.1" status: 200 len: 365 time: 0.0042889
2026-03-01 22:22:29.852 10 INFO neutron.wsgi [None req-8cecc47e-51da-4d0b-86cb-4157ac59eb32 c98bc9c1d85e4983ad974cb4cf9dd46b b6357918f73b458f9e03a5667d465a0e - - default default] 199.204.45.156 "GET /v2.0/extensions/allowed-address-pairs HTTP/1.1" status: 200 len: 383 time: 0.0055676
2026-03-01 22:22:29.953 9 INFO neutron.services.segments.plugin [-] Segment edd602a5-a2c2-4887-b5d5-53cb86f16819 resource provider aggregate not found
2026-03-01 22:22:29.959 9 INFO neutron.services.segments.plugin [-] Segment edd602a5-a2c2-4887-b5d5-53cb86f16819 resource provider aggregate not found
2026-03-01 22:22:29.982 9 INFO neutron.services.segments.plugin [-] Segment edd602a5-a2c2-4887-b5d5-53cb86f16819 resource provider not found; error: Placement Client Error (4xx): {"errors": [{"status": 404, "title": "Not Found", "detail": "The resource could not be found.\n\n No resource provider with uuid edd602a5-a2c2-4887-b5d5-53cb86f16819 found for delete ", "request_id": "req-8db00523-ab4f-4a29-9142-718457ec1989"}]}
2026-03-01 22:22:29.989 9 INFO neutron.services.segments.plugin [-] Segment edd602a5-a2c2-4887-b5d5-53cb86f16819 resource provider not found; error: Placement Client Error (4xx): {"errors": [{"status": 404, "title": "Not Found", "detail": "The resource could not be found.\n\n No resource provider with uuid edd602a5-a2c2-4887-b5d5-53cb86f16819 found for delete ", "request_id": "req-b327e615-36cc-4012-b078-9c2b40c152eb"}]}
2026-03-01 22:22:30.006 9 INFO neutron.wsgi [None req-e821edd6-5bce-43b6-bcad-14b6769bd426 c98bc9c1d85e4983ad974cb4cf9dd46b b6357918f73b458f9e03a5667d465a0e - - default default] 10.0.0.58 "DELETE /v2.0/networks/062fc6f8-5ff2-4d90-951e-06f339a2e67b HTTP/1.1" status: 204 len: 168 time: 0.4640195
2026-03-01 22:22:30.391 10 INFO neutron.wsgi [None req-00dd77b0-1dec-4f96-a366-fb9b65a4b515 c98bc9c1d85e4983ad974cb4cf9dd46b b6357918f73b458f9e03a5667d465a0e - - default default] 10.0.0.58 "GET /v2.0/security-groups?tenant_id=c16d1f8af2524561856c54d8b8aabec1&name=default HTTP/1.1" status: 200 len: 2996 time: 0.0400150
2026-03-01 22:22:30.465 9 INFO neutron.wsgi [req-e5d2feb6-9bbc-44a8-86fb-2f04491bd568 req-552bd183-d791-4134-a1b6-eb0c7b71cc37 2b0eee7b5bc54b3b85c9d6ee7ef3baec 1feb78d0d7a440eb82b4ebfd87990c1c - - d91a2fb99e694998a3b70867b3c67f90 d91a2fb99e694998a3b70867b3c67f90] 199.204.45.156 "GET /v2.0/networks/a1516792-e82c-49d0-8b7c-a9694d7bf676?fields=segments HTTP/1.1" status: 200 len: 212 time: 0.0692565
2026-03-01 22:22:30.562 9 INFO neutron.wsgi [req-e5d2feb6-9bbc-44a8-86fb-2f04491bd568 req-07ecbff3-acb2-4da3-a1d7-72cb5fae3ffe 2b0eee7b5bc54b3b85c9d6ee7ef3baec 1feb78d0d7a440eb82b4ebfd87990c1c - - d91a2fb99e694998a3b70867b3c67f90 d91a2fb99e694998a3b70867b3c67f90] 199.204.45.156 "GET /v2.0/networks/a1516792-e82c-49d0-8b7c-a9694d7bf676?fields=provider%3Aphysical_network&fields=provider%3Anetwork_type HTTP/1.1" status: 200 len: 277 time: 0.0901608
2026-03-01 22:22:30.658 9 INFO neutron.wsgi [req-e5d2feb6-9bbc-44a8-86fb-2f04491bd568 req-85c7bf40-66cc-4a65-a9e2-a82a915ddcc0 c98bc9c1d85e4983ad974cb4cf9dd46b b6357918f73b458f9e03a5667d465a0e - - default default] 199.204.45.156 "GET /v2.0/networks?id=a1516792-e82c-49d0-8b7c-a9694d7bf676 HTTP/1.1" status: 200 len: 1002 time: 0.0716472
2026-03-01 22:22:30.669 10 INFO neutron.wsgi [None req-2102fb2d-6c49-40d6-94f9-3a2b7d851d2f c98bc9c1d85e4983ad974cb4cf9dd46b b6357918f73b458f9e03a5667d465a0e - - default default] 10.0.0.58 "DELETE /v2.0/security-groups/07292687-e94f-41e9-8e5d-55df96408873 HTTP/1.1" status: 204 len: 168 time: 0.2724929
2026-03-01 22:22:30.801 10 INFO neutron.wsgi [None req-4378a246-8694-427a-aced-8ebd13d60baf c98bc9c1d85e4983ad974cb4cf9dd46b b6357918f73b458f9e03a5667d465a0e - - default default] 10.0.0.58 "GET /v2.0/security-groups?tenant_id=29d5748ce9534c29937f0c2b82803832&name=default HTTP/1.1" status: 200 len: 2996 time: 0.0378606
2026-03-01 22:22:30.947 9 WARNING neutron.scheduler.dhcp_agent_scheduler [req-e5d2feb6-9bbc-44a8-86fb-2f04491bd568 req-ccaf5918-418b-4082-be6e-175edccbde01 c98bc9c1d85e4983ad974cb4cf9dd46b b6357918f73b458f9e03a5667d465a0e - - default default] No more DHCP agents
2026-03-01 22:22:30.949 9 WARNING neutron.api.rpc.agentnotifiers.dhcp_rpc_agent_api [req-e5d2feb6-9bbc-44a8-86fb-2f04491bd568 req-ccaf5918-418b-4082-be6e-175edccbde01 c98bc9c1d85e4983ad974cb4cf9dd46b b6357918f73b458f9e03a5667d465a0e - - default default] Unable to schedule network a1516792-e82c-49d0-8b7c-a9694d7bf676: no agents available; will retry on subsequent port and subnet creation events.
2026-03-01 22:22:30.997 10 INFO neutron.wsgi [None req-68b05c0b-6fee-48dc-9837-65132e04b494 c98bc9c1d85e4983ad974cb4cf9dd46b b6357918f73b458f9e03a5667d465a0e - - default default] 10.0.0.58 "DELETE /v2.0/security-groups/c66cff23-6b7e-441b-80c3-aee529287c5e HTTP/1.1" status: 204 len: 168 time: 0.1914361
2026-03-01 22:22:31.100 9 INFO neutron.db.ovn_revision_numbers_db [req-e5d2feb6-9bbc-44a8-86fb-2f04491bd568 req-ccaf5918-418b-4082-be6e-175edccbde01 c98bc9c1d85e4983ad974cb4cf9dd46b b6357918f73b458f9e03a5667d465a0e - - default default] Successfully bumped revision number for resource b1cb5f0b-4ad6-4cb7-9453-5ec36f9e3fc6 (type: ports) to 1
2026-03-01 22:22:31.121 9 INFO neutron.wsgi [req-e5d2feb6-9bbc-44a8-86fb-2f04491bd568 req-ccaf5918-418b-4082-be6e-175edccbde01 c98bc9c1d85e4983ad974cb4cf9dd46b b6357918f73b458f9e03a5667d465a0e - - default default] 199.204.45.156 "POST /v2.0/ports HTTP/1.1" status: 201 len: 1508 time: 0.4556363 /var/lib/openstack/lib/python3.10/site-packages/pycadf/identifier.py:71: UserWarning: Invalid uuid: neutron. To ensure interoperability, identifiers should be a valid uuid. warnings.warn(('Invalid uuid: %s. To ensure interoperability, '
2026-03-01 22:22:31.540 9 INFO neutron.db.ovn_revision_numbers_db [req-e5d2feb6-9bbc-44a8-86fb-2f04491bd568 req-88afee3d-2bde-460f-be6f-dee9e68f261e 2b0eee7b5bc54b3b85c9d6ee7ef3baec 1feb78d0d7a440eb82b4ebfd87990c1c - - d91a2fb99e694998a3b70867b3c67f90 d91a2fb99e694998a3b70867b3c67f90] Successfully bumped revision number for resource b1cb5f0b-4ad6-4cb7-9453-5ec36f9e3fc6 (type: ports) to 2
2026-03-01 22:22:31.738 9 INFO neutron.db.ovn_revision_numbers_db [req-e5d2feb6-9bbc-44a8-86fb-2f04491bd568 req-88afee3d-2bde-460f-be6f-dee9e68f261e 2b0eee7b5bc54b3b85c9d6ee7ef3baec 1feb78d0d7a440eb82b4ebfd87990c1c - - d91a2fb99e694998a3b70867b3c67f90 d91a2fb99e694998a3b70867b3c67f90] Successfully bumped revision number for resource b1cb5f0b-4ad6-4cb7-9453-5ec36f9e3fc6 (type: ports) to 2
2026-03-01 22:22:31.757 9 INFO neutron.wsgi [req-e5d2feb6-9bbc-44a8-86fb-2f04491bd568 req-88afee3d-2bde-460f-be6f-dee9e68f261e 2b0eee7b5bc54b3b85c9d6ee7ef3baec 1feb78d0d7a440eb82b4ebfd87990c1c - - d91a2fb99e694998a3b70867b3c67f90 d91a2fb99e694998a3b70867b3c67f90] 199.204.45.156 "PUT /v2.0/ports/b1cb5f0b-4ad6-4cb7-9453-5ec36f9e3fc6 HTTP/1.1" status: 200 len: 1605 time: 0.6276288
2026-03-01 22:22:31.796 9 INFO neutron.notifiers.nova [-] Nova event matching ['req-df78773a-a464-47cc-b966-fbc61c702501'] response: {'name': 'network-changed', 'server_uuid': '8f06dd68-0978-4644-8d83-f722b56ed2ad', 'tag': 'b1cb5f0b-4ad6-4cb7-9453-5ec36f9e3fc6', 'status': 'completed', 'code': 200} /var/lib/openstack/lib/python3.10/site-packages/pycadf/identifier.py:71: UserWarning: Invalid uuid: neutron. To ensure interoperability, identifiers should be a valid uuid. warnings.warn(('Invalid uuid: %s. To ensure interoperability, '
2026-03-01 22:22:31.856 9 INFO neutron.wsgi [req-e5d2feb6-9bbc-44a8-86fb-2f04491bd568 req-88b0d11b-6474-4193-9059-fd56eeb2ea06 2b0eee7b5bc54b3b85c9d6ee7ef3baec 1feb78d0d7a440eb82b4ebfd87990c1c - - d91a2fb99e694998a3b70867b3c67f90 d91a2fb99e694998a3b70867b3c67f90] 199.204.45.156 "GET /v2.0/ports?tenant_id=b6357918f73b458f9e03a5667d465a0e&device_id=8f06dd68-0978-4644-8d83-f722b56ed2ad HTTP/1.1" status: 200 len: 4145 time: 0.0532053
2026-03-01 22:22:31.887 9 INFO neutron.wsgi [req-e5d2feb6-9bbc-44a8-86fb-2f04491bd568 req-dc48271b-4a33-4beb-9257-778f80e9a8fd 2b0eee7b5bc54b3b85c9d6ee7ef3baec 1feb78d0d7a440eb82b4ebfd87990c1c - - d91a2fb99e694998a3b70867b3c67f90 d91a2fb99e694998a3b70867b3c67f90] 199.204.45.156 "GET /v2.0/floatingips?fixed_ip_address=172.24.3.231&port_id=0b06cb84-d929-4b59-86e7-21247dd64870 HTTP/1.1" status: 200 len: 217 time: 0.0229244
2026-03-01 22:22:31.925 9 INFO neutron.wsgi [req-e5d2feb6-9bbc-44a8-86fb-2f04491bd568 req-016f36f9-dcb6-4737-98ea-70f991b2455f 2b0eee7b5bc54b3b85c9d6ee7ef3baec 1feb78d0d7a440eb82b4ebfd87990c1c - - d91a2fb99e694998a3b70867b3c67f90 d91a2fb99e694998a3b70867b3c67f90] 199.204.45.156 "GET /v2.0/subnets?id=64e18f24-c519-4c88-a50c-38ef854b39a1 HTTP/1.1" status: 200 len: 829 time: 0.0338221
2026-03-01 22:22:32.010 10 WARNING neutron_lib.context [None req-f24dfece-5d2b-4692-b5c7-561a2eb94378 0cd87ac431b740b2950f77b5ef038224 191fec6e5f1d4032b53785f2a4a2b04b - - default default] Method 'is_advsvc' is deprecated since 2023.2 release (neutron-lib 3.8.0) and will be removed once support for the old RBAC API policies will be removed from Neutron. Please use method 'is_service_role' instead.
2026-03-01 22:22:32.133 10 INFO neutron.db.ovn_revision_numbers_db [None req-f24dfece-5d2b-4692-b5c7-561a2eb94378 0cd87ac431b740b2950f77b5ef038224 191fec6e5f1d4032b53785f2a4a2b04b - - default default] Successfully bumped revision number for resource c9117944-eccd-4345-9f03-bb3697da370a (type: security_groups) to 1
2026-03-01 22:22:32.147 10 INFO neutron.db.ovn_revision_numbers_db [None req-f24dfece-5d2b-4692-b5c7-561a2eb94378 0cd87ac431b740b2950f77b5ef038224 191fec6e5f1d4032b53785f2a4a2b04b - - default default] Successfully bumped revision number for resource 16b1074d-a57d-4ed1-92ed-fcc53397e1ed (type: security_group_rules) to 0
2026-03-01 22:22:32.160 10 INFO neutron.db.ovn_revision_numbers_db [None req-f24dfece-5d2b-4692-b5c7-561a2eb94378 0cd87ac431b740b2950f77b5ef038224 191fec6e5f1d4032b53785f2a4a2b04b - - default default] Successfully bumped revision number for resource 489e944c-7e8b-42fa-84a9-12de38a7839f (type: security_group_rules) to 0
2026-03-01 22:22:32.176 10 INFO neutron.db.ovn_revision_numbers_db [None req-f24dfece-5d2b-4692-b5c7-561a2eb94378 0cd87ac431b740b2950f77b5ef038224 191fec6e5f1d4032b53785f2a4a2b04b - - default default] Successfully bumped revision number for resource 62bf298f-f534-46a7-9eec-6c373a4a524a (type: security_group_rules) to 0
2026-03-01 22:22:32.188 10 INFO neutron.db.ovn_revision_numbers_db [None req-f24dfece-5d2b-4692-b5c7-561a2eb94378 0cd87ac431b740b2950f77b5ef038224 191fec6e5f1d4032b53785f2a4a2b04b - - default default] Successfully bumped revision number for resource 802f4cb4-df1d-462e-8b82-f69765e3ea6f (type: security_group_rules) to 0
2026-03-01 22:22:32.244 10 INFO neutron.db.segments_db [None req-f24dfece-5d2b-4692-b5c7-561a2eb94378 0cd87ac431b740b2950f77b5ef038224 191fec6e5f1d4032b53785f2a4a2b04b - - default default] Added segment d52b8e6c-1f45-4a99-a709-107c208e28ef of type geneve for network 13b211d2-9fc8-43df-864c-4834e58ae8c5
2026-03-01 22:22:32.282 9 INFO neutron.wsgi [req-e5d2feb6-9bbc-44a8-86fb-2f04491bd568 req-2adbe0fb-736a-4714-9b60-5756c5758bd9 2b0eee7b5bc54b3b85c9d6ee7ef3baec 1feb78d0d7a440eb82b4ebfd87990c1c - - d91a2fb99e694998a3b70867b3c67f90 d91a2fb99e694998a3b70867b3c67f90] 199.204.45.156 "GET /v2.0/ports?network_id=bb482a7a-c46c-457a-a186-b44bfb1280f8&device_owner=network%3Adhcp HTTP/1.1" status: 200 len: 210 time: 0.3504248
2026-03-01 22:22:32.345 9 INFO neutron.wsgi [req-e5d2feb6-9bbc-44a8-86fb-2f04491bd568 req-b9b5dd1f-747e-4b1f-8259-9744909895d6 2b0eee7b5bc54b3b85c9d6ee7ef3baec 1feb78d0d7a440eb82b4ebfd87990c1c - - d91a2fb99e694998a3b70867b3c67f90 d91a2fb99e694998a3b70867b3c67f90] 199.204.45.156 "GET /v2.0/networks/bb482a7a-c46c-457a-a186-b44bfb1280f8?fields=segments HTTP/1.1" status: 200 len: 212 time: 0.0563185
2026-03-01 22:22:32.397 10 INFO neutron.db.ovn_revision_numbers_db [None req-f24dfece-5d2b-4692-b5c7-561a2eb94378 0cd87ac431b740b2950f77b5ef038224 191fec6e5f1d4032b53785f2a4a2b04b - - default default] Successfully bumped revision number for resource 13b211d2-9fc8-43df-864c-4834e58ae8c5 (type: networks) to 1
2026-03-01 22:22:32.405 9 INFO neutron.wsgi [req-e5d2feb6-9bbc-44a8-86fb-2f04491bd568 req-b85d2855-6eb0-4b8c-ae00-950c361855b8 2b0eee7b5bc54b3b85c9d6ee7ef3baec 1feb78d0d7a440eb82b4ebfd87990c1c - - d91a2fb99e694998a3b70867b3c67f90 d91a2fb99e694998a3b70867b3c67f90] 199.204.45.156 "GET /v2.0/networks/bb482a7a-c46c-457a-a186-b44bfb1280f8?fields=provider%3Aphysical_network&fields=provider%3Anetwork_type HTTP/1.1" status: 200 len: 277 time: 0.0539143
2026-03-01 22:22:32.431 9 INFO neutron.wsgi [req-e5d2feb6-9bbc-44a8-86fb-2f04491bd568 req-ff35fcab-ffda-42d7-8582-0b0fa246887b 2b0eee7b5bc54b3b85c9d6ee7ef3baec 1feb78d0d7a440eb82b4ebfd87990c1c - - d91a2fb99e694998a3b70867b3c67f90 d91a2fb99e694998a3b70867b3c67f90] 199.204.45.156 "GET /v2.0/floatingips?fixed_ip_address=10.1.1.7&port_id=e2b40b2d-8207-4f36-b12a-4b6651763bfc HTTP/1.1" status: 200 len: 217 time: 0.0199490
2026-03-01 22:22:32.468 9 INFO neutron.wsgi [req-e5d2feb6-9bbc-44a8-86fb-2f04491bd568 req-506d2bed-83b9-473a-9bb7-749f7949e0fc 2b0eee7b5bc54b3b85c9d6ee7ef3baec 1feb78d0d7a440eb82b4ebfd87990c1c - - d91a2fb99e694998a3b70867b3c67f90 d91a2fb99e694998a3b70867b3c67f90] 199.204.45.156 "GET /v2.0/subnets?id=4b1b8f3f-8364-4529-9c35-641dc8046034 HTTP/1.1" status: 200 len: 853 time: 0.0309925
2026-03-01 22:22:32.498 9 INFO neutron.wsgi [req-e5d2feb6-9bbc-44a8-86fb-2f04491bd568 req-2909801d-09af-47ef-b1ed-f998dddcc5d3 2b0eee7b5bc54b3b85c9d6ee7ef3baec 1feb78d0d7a440eb82b4ebfd87990c1c - - d91a2fb99e694998a3b70867b3c67f90 d91a2fb99e694998a3b70867b3c67f90] 199.204.45.156 "GET /v2.0/ports?network_id=61d097e7-c323-4773-b456-5d4d0341f05c&device_owner=network%3Adhcp HTTP/1.1" status: 200 len: 210 time: 0.0227721
2026-03-01 22:22:32.565 9 INFO neutron.wsgi [req-e5d2feb6-9bbc-44a8-86fb-2f04491bd568 req-df2db63d-4494-4564-b91c-e8642ccb41f4 2b0eee7b5bc54b3b85c9d6ee7ef3baec 1feb78d0d7a440eb82b4ebfd87990c1c - - d91a2fb99e694998a3b70867b3c67f90 d91a2fb99e694998a3b70867b3c67f90] 199.204.45.156 "GET /v2.0/networks/61d097e7-c323-4773-b456-5d4d0341f05c?fields=segments HTTP/1.1" status: 200 len: 212 time: 0.0614452
2026-03-01 22:22:32.579 10 WARNING neutron.scheduler.dhcp_agent_scheduler [None req-f24dfece-5d2b-4692-b5c7-561a2eb94378 0cd87ac431b740b2950f77b5ef038224 191fec6e5f1d4032b53785f2a4a2b04b - - default default] No more DHCP agents
2026-03-01 22:22:32.580 10 WARNING neutron.api.rpc.agentnotifiers.dhcp_rpc_agent_api [None req-f24dfece-5d2b-4692-b5c7-561a2eb94378 0cd87ac431b740b2950f77b5ef038224 191fec6e5f1d4032b53785f2a4a2b04b - - default default] Unable to schedule network 13b211d2-9fc8-43df-864c-4834e58ae8c5: no agents available; will retry on subsequent port and subnet creation events.
2026-03-01 22:22:32.641 9 INFO neutron.wsgi [req-e5d2feb6-9bbc-44a8-86fb-2f04491bd568 req-bf92cb21-a9c0-45bc-bd6a-46069792928c 2b0eee7b5bc54b3b85c9d6ee7ef3baec 1feb78d0d7a440eb82b4ebfd87990c1c - - d91a2fb99e694998a3b70867b3c67f90 d91a2fb99e694998a3b70867b3c67f90] 199.204.45.156 "GET /v2.0/networks/61d097e7-c323-4773-b456-5d4d0341f05c?fields=provider%3Aphysical_network&fields=provider%3Anetwork_type HTTP/1.1" status: 200 len: 277 time: 0.0687451
2026-03-01 22:22:32.676 9 INFO neutron.wsgi [req-e5d2feb6-9bbc-44a8-86fb-2f04491bd568 req-669c0e34-85fe-43b1-8b89-4f6bbe35c49e 2b0eee7b5bc54b3b85c9d6ee7ef3baec 1feb78d0d7a440eb82b4ebfd87990c1c - - d91a2fb99e694998a3b70867b3c67f90 d91a2fb99e694998a3b70867b3c67f90] 199.204.45.156 "GET /v2.0/floatingips?fixed_ip_address=10.2.1.243&port_id=b1cb5f0b-4ad6-4cb7-9453-5ec36f9e3fc6 HTTP/1.1" status: 200 len: 217 time: 0.0282476
2026-03-01 22:22:32.683 10 INFO neutron.db.ovn_revision_numbers_db [None req-f24dfece-5d2b-4692-b5c7-561a2eb94378 0cd87ac431b740b2950f77b5ef038224 191fec6e5f1d4032b53785f2a4a2b04b - - default default] Successfully bumped revision number for resource 20064454-6208-4b91-83f1-54dfa65c1bb2 (type: ports) to 1
2026-03-01 22:22:32.701 9 INFO neutron.wsgi [req-e5d2feb6-9bbc-44a8-86fb-2f04491bd568 req-4a0d2b21-3562-4c12-925e-fda37db1ce84 2b0eee7b5bc54b3b85c9d6ee7ef3baec 1feb78d0d7a440eb82b4ebfd87990c1c - - d91a2fb99e694998a3b70867b3c67f90 d91a2fb99e694998a3b70867b3c67f90] 199.204.45.156 "GET /v2.0/floatingips?fixed_ip_address=fd7b%3Af9f7%3Afff%3A4eca%3A%3A33d&port_id=b1cb5f0b-4ad6-4cb7-9453-5ec36f9e3fc6 HTTP/1.1" status: 200 len: 217 time: 0.0184615
2026-03-01 22:22:32.705 10 INFO neutron.wsgi [None req-f24dfece-5d2b-4692-b5c7-561a2eb94378 0cd87ac431b740b2950f77b5ef038224 191fec6e5f1d4032b53785f2a4a2b04b - - default default] 10.0.0.58 "POST /v2.0/networks HTTP/1.1" status: 201 len: 830 time: 0.8952432
2026-03-01 22:22:32.717 10 WARNING neutron_lib.context [None req-914f7b3f-97f1-4595-993f-9e28badf19a8 0cd87ac431b740b2950f77b5ef038224 191fec6e5f1d4032b53785f2a4a2b04b - - default default] Method 'is_advsvc' is deprecated since 2023.2 release (neutron-lib 3.8.0) and will be removed once support for the old RBAC API policies will be removed from Neutron. Please use method 'is_service_role' instead.
2026-03-01 22:22:32.742 9 INFO neutron.wsgi [req-e5d2feb6-9bbc-44a8-86fb-2f04491bd568 req-67588eb7-86d7-4656-83c3-a75cdfffe2a7 2b0eee7b5bc54b3b85c9d6ee7ef3baec 1feb78d0d7a440eb82b4ebfd87990c1c - - d91a2fb99e694998a3b70867b3c67f90 d91a2fb99e694998a3b70867b3c67f90] 199.204.45.156 "GET /v2.0/subnets?id=4989bd7e-74ef-4a8d-8b26-641a244e47f4&id=012c4f6c-68d3-4251-8818-f0cf27d353a6 HTTP/1.1" status: 200 len: 1562 time: 0.0346961
2026-03-01 22:22:32.770 9 INFO neutron.wsgi [req-e5d2feb6-9bbc-44a8-86fb-2f04491bd568 req-6ed4b2a6-1ad1-44fd-a406-ac859f10fa55 2b0eee7b5bc54b3b85c9d6ee7ef3baec 1feb78d0d7a440eb82b4ebfd87990c1c - - d91a2fb99e694998a3b70867b3c67f90 d91a2fb99e694998a3b70867b3c67f90] 199.204.45.156 "GET /v2.0/ports?network_id=a1516792-e82c-49d0-8b7c-a9694d7bf676&device_owner=network%3Adhcp HTTP/1.1" status: 200 len: 210 time: 0.0223494
2026-03-01 22:22:32.798 9 INFO neutron.wsgi [req-e5d2feb6-9bbc-44a8-86fb-2f04491bd568 req-f2d5c258-3480-411b-8633-3f0fd54750a9 2b0eee7b5bc54b3b85c9d6ee7ef3baec 1feb78d0d7a440eb82b4ebfd87990c1c - - d91a2fb99e694998a3b70867b3c67f90 d91a2fb99e694998a3b70867b3c67f90] 199.204.45.156 "GET /v2.0/ports?network_id=a1516792-e82c-49d0-8b7c-a9694d7bf676&device_owner=network%3Adhcp HTTP/1.1" status: 200 len: 210 time: 0.0240440
2026-03-01 22:22:32.871 9 INFO neutron.wsgi [req-e5d2feb6-9bbc-44a8-86fb-2f04491bd568 req-f90ea66a-6ac4-4580-961a-17ad6cd722ce 2b0eee7b5bc54b3b85c9d6ee7ef3baec 1feb78d0d7a440eb82b4ebfd87990c1c - - d91a2fb99e694998a3b70867b3c67f90 d91a2fb99e694998a3b70867b3c67f90] 199.204.45.156 "GET /v2.0/networks/a1516792-e82c-49d0-8b7c-a9694d7bf676?fields=segments HTTP/1.1" status: 200 len: 212 time: 0.0656331
2026-03-01 22:22:32.941 9 INFO neutron.wsgi [req-e5d2feb6-9bbc-44a8-86fb-2f04491bd568 req-cf726d54-db93-4190-8853-5a8aa45a6a7c 2b0eee7b5bc54b3b85c9d6ee7ef3baec 1feb78d0d7a440eb82b4ebfd87990c1c - - d91a2fb99e694998a3b70867b3c67f90 d91a2fb99e694998a3b70867b3c67f90] 199.204.45.156 "GET /v2.0/networks/a1516792-e82c-49d0-8b7c-a9694d7bf676?fields=provider%3Aphysical_network&fields=provider%3Anetwork_type HTTP/1.1" status: 200 len: 277 time: 0.0645003
2026-03-01 22:22:32.980 10 WARNING neutron.scheduler.dhcp_agent_scheduler [None req-914f7b3f-97f1-4595-993f-9e28badf19a8 0cd87ac431b740b2950f77b5ef038224 191fec6e5f1d4032b53785f2a4a2b04b - - default default] No more DHCP agents
2026-03-01 22:22:32.984 10 WARNING neutron.api.rpc.agentnotifiers.dhcp_rpc_agent_api [None req-914f7b3f-97f1-4595-993f-9e28badf19a8 0cd87ac431b740b2950f77b5ef038224 191fec6e5f1d4032b53785f2a4a2b04b - - default default] Unable to schedule network 13b211d2-9fc8-43df-864c-4834e58ae8c5: no agents available; will retry on subsequent port and subnet creation events.
2026-03-01 22:22:33.042 9 INFO neutron.plugins.ml2.drivers.ovn.mech_driver.mech_driver [None req-d554d607-ce5f-403f-952d-8fb1bb266bc6 - - - - - -] OVN reports status up for port: b1cb5f0b-4ad6-4cb7-9453-5ec36f9e3fc6
2026-03-01 22:22:33.059 9 INFO neutron.wsgi [req-ab4287f2-f875-48a5-9507-3e79735c63e9 req-68f98481-f768-46e4-8241-eae162b1495f 2b0eee7b5bc54b3b85c9d6ee7ef3baec 1feb78d0d7a440eb82b4ebfd87990c1c - - d91a2fb99e694998a3b70867b3c67f90 d91a2fb99e694998a3b70867b3c67f90] 199.204.45.156 "GET /v2.0/ports?tenant_id=b6357918f73b458f9e03a5667d465a0e&device_id=8f06dd68-0978-4644-8d83-f722b56ed2ad HTTP/1.1" status: 200 len: 4145 time: 0.0705183
2026-03-01 22:22:33.070 9 INFO neutron.plugins.ml2.plugin [None req-d554d607-ce5f-403f-952d-8fb1bb266bc6 - - - - - -] Attempt 1 to provision port b1cb5f0b-4ad6-4cb7-9453-5ec36f9e3fc6
2026-03-01 22:22:33.157 9 INFO neutron.wsgi [req-ab4287f2-f875-48a5-9507-3e79735c63e9 req-95972f7a-c032-44be-ab97-f8052d756be5 2b0eee7b5bc54b3b85c9d6ee7ef3baec 1feb78d0d7a440eb82b4ebfd87990c1c - - d91a2fb99e694998a3b70867b3c67f90 d91a2fb99e694998a3b70867b3c67f90] 199.204.45.156 "GET /v2.0/networks?id=a1516792-e82c-49d0-8b7c-a9694d7bf676 HTTP/1.1" status: 200 len: 1002 time: 0.0878756
2026-03-01 22:22:33.173 10 INFO neutron.db.ovn_revision_numbers_db [None req-914f7b3f-97f1-4595-993f-9e28badf19a8 0cd87ac431b740b2950f77b5ef038224 191fec6e5f1d4032b53785f2a4a2b04b - - default default] Successfully bumped revision number for resource 11b63a02-dc29-460d-98de-29fb978ef458 (type: ports) to 1
2026-03-01 22:22:33.199 10 INFO neutron.wsgi [None req-914f7b3f-97f1-4595-993f-9e28badf19a8 0cd87ac431b740b2950f77b5ef038224 191fec6e5f1d4032b53785f2a4a2b04b - - default default] 10.0.0.58 "POST /v2.0/ports HTTP/1.1" status: 201 len: 942 time: 0.4875579
2026-03-01 22:22:33.200 9 INFO neutron.wsgi [req-ab4287f2-f875-48a5-9507-3e79735c63e9 req-d52f3836-9a3b-444d-bd17-d63ebfc22fe5 2b0eee7b5bc54b3b85c9d6ee7ef3baec 1feb78d0d7a440eb82b4ebfd87990c1c - - d91a2fb99e694998a3b70867b3c67f90 d91a2fb99e694998a3b70867b3c67f90] 199.204.45.156 "GET /v2.0/floatingips?fixed_ip_address=10.2.1.243&port_id=b1cb5f0b-4ad6-4cb7-9453-5ec36f9e3fc6 HTTP/1.1" status: 200 len: 217 time: 0.0351331 /var/lib/openstack/lib/python3.10/site-packages/pycadf/identifier.py:71: UserWarning: Invalid uuid: neutron. To ensure interoperability, identifiers should be a valid uuid. warnings.warn(('Invalid uuid: %s. To ensure interoperability, '
2026-03-01 22:22:33.209 10 WARNING neutron_lib.context [None req-749a033d-9055-4de6-a518-01053066b428 0cd87ac431b740b2950f77b5ef038224 191fec6e5f1d4032b53785f2a4a2b04b - - default default] Method 'is_advsvc' is deprecated since 2023.2 release (neutron-lib 3.8.0) and will be removed once support for the old RBAC API policies will be removed from Neutron. Please use method 'is_service_role' instead.
2026-03-01 22:22:33.232 9 INFO neutron.wsgi [req-ab4287f2-f875-48a5-9507-3e79735c63e9 req-45a3f72f-e83b-4bbf-a38b-bec79aa7fc5f 2b0eee7b5bc54b3b85c9d6ee7ef3baec 1feb78d0d7a440eb82b4ebfd87990c1c - - d91a2fb99e694998a3b70867b3c67f90 d91a2fb99e694998a3b70867b3c67f90] 199.204.45.156 "GET /v2.0/floatingips?fixed_ip_address=fd7b%3Af9f7%3Afff%3A4eca%3A%3A33d&port_id=b1cb5f0b-4ad6-4cb7-9453-5ec36f9e3fc6 HTTP/1.1" status: 200 len: 217 time: 0.0269017
2026-03-01 22:22:33.292 9 INFO neutron.wsgi [req-ab4287f2-f875-48a5-9507-3e79735c63e9 req-ef82a50e-1f92-4292-a42b-18e4f224b893 2b0eee7b5bc54b3b85c9d6ee7ef3baec 1feb78d0d7a440eb82b4ebfd87990c1c - - d91a2fb99e694998a3b70867b3c67f90 d91a2fb99e694998a3b70867b3c67f90] 199.204.45.156 "GET /v2.0/subnets?id=4989bd7e-74ef-4a8d-8b26-641a244e47f4&id=012c4f6c-68d3-4251-8818-f0cf27d353a6 HTTP/1.1" status: 200 len: 1562 time: 0.0510442
2026-03-01 22:22:33.306 10 INFO neutron.wsgi [req-e5d2feb6-9bbc-44a8-86fb-2f04491bd568 req-5839a7fe-52c7-48d5-9d83-326b961e2c25 c98bc9c1d85e4983ad974cb4cf9dd46b b6357918f73b458f9e03a5667d465a0e - - default default] 10.0.0.246 "GET /v2.0/ports/b1cb5f0b-4ad6-4cb7-9453-5ec36f9e3fc6 HTTP/1.1" status: 200 len: 1635 time: 0.0506158
2026-03-01 22:22:33.325 9 INFO neutron.wsgi [req-ab4287f2-f875-48a5-9507-3e79735c63e9 req-f894133d-8653-42bd-8e14-6bfcbce28e04 2b0eee7b5bc54b3b85c9d6ee7ef3baec 1feb78d0d7a440eb82b4ebfd87990c1c - - d91a2fb99e694998a3b70867b3c67f90 d91a2fb99e694998a3b70867b3c67f90] 199.204.45.156 "GET /v2.0/ports?network_id=a1516792-e82c-49d0-8b7c-a9694d7bf676&device_owner=network%3Adhcp HTTP/1.1" status: 200 len: 210 time: 0.0270731
2026-03-01 22:22:33.360 9 INFO neutron.wsgi [req-ab4287f2-f875-48a5-9507-3e79735c63e9 req-931a0155-68a7-4008-9266-cb9e5a211fed 2b0eee7b5bc54b3b85c9d6ee7ef3baec 1feb78d0d7a440eb82b4ebfd87990c1c - - d91a2fb99e694998a3b70867b3c67f90 d91a2fb99e694998a3b70867b3c67f90] 199.204.45.156 "GET /v2.0/ports?network_id=a1516792-e82c-49d0-8b7c-a9694d7bf676&device_owner=network%3Adhcp HTTP/1.1" status: 200 len: 210 time: 0.0294757
2026-03-01 22:22:33.379 10 INFO neutron.wsgi [None req-55abd96d-ef2d-409d-bde6-f423b234fd30 c98bc9c1d85e4983ad974cb4cf9dd46b b6357918f73b458f9e03a5667d465a0e - - default default] 199.204.45.156 "GET /v2.0/ports/b1cb5f0b-4ad6-4cb7-9453-5ec36f9e3fc6 HTTP/1.1" status: 200 len: 1635 time: 0.0609763
2026-03-01 22:22:33.438 10 INFO neutron.wsgi [None req-29af0e72-711e-4e1b-8959-603794e08c99 c98bc9c1d85e4983ad974cb4cf9dd46b b6357918f73b458f9e03a5667d465a0e - - default default] 199.204.45.156 "GET /v2.0/ports/b1cb5f0b-4ad6-4cb7-9453-5ec36f9e3fc6 HTTP/1.1" status: 200 len: 1635 time: 0.0487912
2026-03-01 22:22:33.450 9 INFO neutron.wsgi [req-ab4287f2-f875-48a5-9507-3e79735c63e9 req-1b7a8839-873b-4ae6-a010-7bd356fc101a 2b0eee7b5bc54b3b85c9d6ee7ef3baec 1feb78d0d7a440eb82b4ebfd87990c1c - - d91a2fb99e694998a3b70867b3c67f90 d91a2fb99e694998a3b70867b3c67f90] 199.204.45.156 "GET /v2.0/networks/a1516792-e82c-49d0-8b7c-a9694d7bf676?fields=segments HTTP/1.1" status: 200 len: 212 time: 0.0766339
2026-03-01 22:22:33.508 9 INFO neutron.db.ovn_revision_numbers_db [None req-d554d607-ce5f-403f-952d-8fb1bb266bc6 - - - - - -] Successfully bumped revision number for resource b1cb5f0b-4ad6-4cb7-9453-5ec36f9e3fc6 (type: ports) to 4
2026-03-01 22:22:33.523 10 INFO neutron.wsgi [None req-749a033d-9055-4de6-a518-01053066b428 0cd87ac431b740b2950f77b5ef038224 191fec6e5f1d4032b53785f2a4a2b04b - - default default] 10.0.0.58 "POST /v2.0/trunks HTTP/1.1" status: 201 len: 608 time: 0.3189309
2026-03-01 22:22:33.547 9 INFO neutron.wsgi [req-ab4287f2-f875-48a5-9507-3e79735c63e9 req-476a9ebc-7437-4854-a6e0-d70d89980890 2b0eee7b5bc54b3b85c9d6ee7ef3baec 1feb78d0d7a440eb82b4ebfd87990c1c - - d91a2fb99e694998a3b70867b3c67f90 d91a2fb99e694998a3b70867b3c67f90] 199.204.45.156 "GET /v2.0/networks/a1516792-e82c-49d0-8b7c-a9694d7bf676?fields=provider%3Aphysical_network&fields=provider%3Anetwork_type HTTP/1.1" status: 200 len: 277 time: 0.0889866
2026-03-01 22:22:33.592 10 INFO neutron.wsgi [None req-05a845b1-b920-45a8-8e36-7b29c1c37ed5 0cd87ac431b740b2950f77b5ef038224 191fec6e5f1d4032b53785f2a4a2b04b - - default default] 10.0.0.58 "PUT /v2.0/trunks/3cba5097-2c9b-4f3d-a1a9-4ff3c1b8b1fd/tags HTTP/1.1" status: 200 len: 218 time: 0.0539906 /var/lib/openstack/lib/python3.10/site-packages/pycadf/identifier.py:71: UserWarning: Invalid uuid: neutron. To ensure interoperability, identifiers should be a valid uuid. warnings.warn(('Invalid uuid: %s. To ensure interoperability, '
2026-03-01 22:22:33.620 9 INFO neutron.wsgi [None req-56377169-97c8-4cb7-9df0-8f664fe41a67 0cd87ac431b740b2950f77b5ef038224 191fec6e5f1d4032b53785f2a4a2b04b - - default default] 10.0.0.58 "GET /v2.0/trunks/3cba5097-2c9b-4f3d-a1a9-4ff3c1b8b1fd/tags HTTP/1.1" status: 200 len: 218 time: 0.0222018
2026-03-01 22:22:33.648 9 INFO neutron.wsgi [None req-67d63c0a-e73d-4248-95cf-0ce268d35f48 0cd87ac431b740b2950f77b5ef038224 191fec6e5f1d4032b53785f2a4a2b04b - - default default] 10.0.0.58 "PUT /v2.0/trunks/3cba5097-2c9b-4f3d-a1a9-4ff3c1b8b1fd/tags/green HTTP/1.1" status: 201 len: 201 time: 0.0234890
2026-03-01 22:22:33.666 9 INFO neutron.wsgi [None req-a9730c66-1018-4fd7-9c84-c6a12f9b9ed8 0cd87ac431b740b2950f77b5ef038224 191fec6e5f1d4032b53785f2a4a2b04b - - default default] 10.0.0.58 "GET /v2.0/trunks/3cba5097-2c9b-4f3d-a1a9-4ff3c1b8b1fd/tags HTTP/1.1" status: 200 len: 227 time: 0.0140827
2026-03-01 22:22:33.689 9 INFO neutron.wsgi [None req-f99d2ff7-b81b-4924-bfe1-7fed9b6ed6fa 0cd87ac431b740b2950f77b5ef038224 191fec6e5f1d4032b53785f2a4a2b04b - - default default] 10.0.0.58 "PUT /v2.0/trunks/3cba5097-2c9b-4f3d-a1a9-4ff3c1b8b1fd/tags/red HTTP/1.1" status: 201 len: 201 time: 0.0180545
2026-03-01 22:22:33.707 9 INFO neutron.wsgi [None req-c9aecb47-e59f-48c8-9b75-6cefa6bb11a5 0cd87ac431b740b2950f77b5ef038224 191fec6e5f1d4032b53785f2a4a2b04b - - default default] 10.0.0.58 "GET /v2.0/trunks/3cba5097-2c9b-4f3d-a1a9-4ff3c1b8b1fd/tags HTTP/1.1" status: 200 len: 227 time: 0.0136487
2026-03-01 22:22:33.743 9 INFO neutron.wsgi [None req-b6a9f49a-5cfa-4eac-bbe6-37cf60d815cf 0cd87ac431b740b2950f77b5ef038224 191fec6e5f1d4032b53785f2a4a2b04b - - default default] 10.0.0.58 "PUT /v2.0/trunks/3cba5097-2c9b-4f3d-a1a9-4ff3c1b8b1fd/tags/black.or.white HTTP/1.1" status: 201 len: 201 time: 0.0315995
2026-03-01 22:22:33.766 9 INFO neutron.wsgi [None req-e4b2c2e4-a120-4515-89cf-dbcf2cf0bb4a 0cd87ac431b740b2950f77b5ef038224 191fec6e5f1d4032b53785f2a4a2b04b - - default default] 10.0.0.58 "GET /v2.0/trunks/3cba5097-2c9b-4f3d-a1a9-4ff3c1b8b1fd/tags HTTP/1.1" status: 200 len: 245 time: 0.0184417
2026-03-01 22:22:33.803 9 INFO neutron.wsgi [None req-4ea876c1-8f22-40c7-980c-9e377ea6840a 0cd87ac431b740b2950f77b5ef038224 191fec6e5f1d4032b53785f2a4a2b04b - - default default] 10.0.0.58 "PUT /v2.0/trunks/3cba5097-2c9b-4f3d-a1a9-4ff3c1b8b1fd/tags HTTP/1.1" status: 200 len: 230 time: 0.0326867
