2026-03-01 22:18:02.664 10 INFO neutron.plugins.ml2.drivers.ovn.mech_driver.mech_driver [None req-f8da379a-5a15-494a-963c-311b384f4b48 - - - - - -] OVN reports status up for port: a355ff42-5cc9-4c46-abff-402bd167828a
2026-03-01 22:18:02.678 9 INFO neutron.wsgi [req-a2be0e61-16e2-489b-9c93-d238eef2d93b req-bfaf3d1d-7c24-45ee-90fa-b0b6ec70eeaa c4aad13004134d038d6e15378b626f96 272e2640f01c4b9d9a63d9c390fb3507 - - default default] 10.0.0.246 "POST /v2.0/security-groups HTTP/1.1" status: 201 len: 1826 time: 0.1344364
2026-03-01 22:18:02.687 10 INFO neutron.wsgi [req-d0960b58-5e9f-47b7-b4be-6bec5e941cf8 req-fef2dd4d-8406-4aad-a91f-864b48fa1232 acc21d30eb0e441892b11090e4ab6267 c1b907bfcd4b4a52b601ea97aac8264e - - default default] 10.0.0.246 "GET /v2.0/security-groups/1f092b26-5f8b-4d6c-9218-5dc498689958 HTTP/1.1" status: 200 len: 2994 time: 0.2127624
2026-03-01 22:18:02.704 10 INFO neutron.plugins.ml2.plugin [None req-f8da379a-5a15-494a-963c-311b384f4b48 - - - - - -] Attempt 1 to provision port a355ff42-5cc9-4c46-abff-402bd167828a
2026-03-01 22:18:02.727 9 INFO neutron.wsgi [req-5f329a76-3c93-45d6-a545-1213816309ec req-7ecfa1f8-e679-42b5-b051-b1a2242405f0 c4aad13004134d038d6e15378b626f96 272e2640f01c4b9d9a63d9c390fb3507 - - default default] 10.0.0.246 "GET /v2.0/security-groups/3bbddc5a-c7d1-4517-be3d-8981a3d09368 HTTP/1.1" status: 200 len: 1821 time: 0.0226665
2026-03-01 22:18:02.738 9 WARNING neutron_lib.context [req-5f329a76-3c93-45d6-a545-1213816309ec req-f76f4762-dd09-44d6-9690-21bec14bb2f0 c4aad13004134d038d6e15378b626f96 272e2640f01c4b9d9a63d9c390fb3507 - - default default] Method 'is_advsvc' is deprecated since 2023.2 release (neutron-lib 3.8.0) and will be removed once support for the old RBAC API policies will be removed from Neutron. Please use method 'is_service_role' instead.
2026-03-01 22:18:02.824 10 INFO neutron.wsgi [req-5008c5d2-4d7b-490d-bdbc-ce92a6d96187 req-a80dbe0a-aa10-4ea0-b571-113cb98c11aa acc21d30eb0e441892b11090e4ab6267 c1b907bfcd4b4a52b601ea97aac8264e - - default default] 10.0.0.246 "GET /v2.0/security-groups/6f28475a-aa56-4eea-9488-e7c491e8ec0c HTTP/1.1" status: 200 len: 1816 time: 0.1075511
2026-03-01 22:18:02.833 9 INFO neutron.db.ovn_revision_numbers_db [req-5f329a76-3c93-45d6-a545-1213816309ec req-f76f4762-dd09-44d6-9690-21bec14bb2f0 c4aad13004134d038d6e15378b626f96 272e2640f01c4b9d9a63d9c390fb3507 - - default default] Successfully bumped revision number for resource f4851dbd-2337-411a-90f3-ddf5ea6bd71b (type: security_group_rules) to 0
2026-03-01 22:18:02.853 9 INFO neutron.wsgi [req-5f329a76-3c93-45d6-a545-1213816309ec req-f76f4762-dd09-44d6-9690-21bec14bb2f0 c4aad13004134d038d6e15378b626f96 272e2640f01c4b9d9a63d9c390fb3507 - - default default] 10.0.0.246 "POST /v2.0/security-group-rules HTTP/1.1" status: 201 len: 786 time: 0.1183596
2026-03-01 22:18:02.892 10 INFO neutron.plugins.ml2.drivers.ovn.mech_driver.mech_driver [None req-f8da379a-5a15-494a-963c-311b384f4b48 - - - - - -] OVN reports status up for port: 26f6504e-f929-424d-b694-0ce539ac7d52
2026-03-01 22:18:02.911 10 INFO neutron.plugins.ml2.plugin [None req-f8da379a-5a15-494a-963c-311b384f4b48 - - - - - -] Attempt 1 to provision port 26f6504e-f929-424d-b694-0ce539ac7d52
2026-03-01 22:18:02.961 9 WARNING neutron_lib.context [None req-41cecc86-d1ba-4626-bd01-263210be97e5 9143d53dd0ee43419d9a00f421aad7f9 f65689697e4e4f8c80f07c733cfb9061 - - default default] Method 'is_advsvc' is deprecated since 2023.2 release (neutron-lib 3.8.0) and will be removed once support for the old RBAC API policies will be removed from Neutron. Please use method 'is_service_role' instead.
2026-03-01 22:18:02.992 9 INFO neutron.wsgi [req-a8b4343c-4776-4874-aa28-823e45827836 req-5272620d-2163-4b8f-b374-3b399bbfcefb c4aad13004134d038d6e15378b626f96 272e2640f01c4b9d9a63d9c390fb3507 - - default default] 10.0.0.246 "GET /v2.0/security-groups/3bbddc5a-c7d1-4517-be3d-8981a3d09368 HTTP/1.1" status: 200 len: 2414 time: 0.0283644
2026-03-01 22:18:03.008 9 WARNING neutron_lib.context [req-a8b4343c-4776-4874-aa28-823e45827836 req-673f2a46-43aa-4acc-ba1e-c8236958b529 c4aad13004134d038d6e15378b626f96 272e2640f01c4b9d9a63d9c390fb3507 - - default default] Method 'is_advsvc' is deprecated since 2023.2 release (neutron-lib 3.8.0) and will be removed once support for the old RBAC API policies will be removed from Neutron. Please use method 'is_service_role' instead.
2026-03-01 22:18:03.078 9 INFO neutron.db.ovn_revision_numbers_db [None req-41cecc86-d1ba-4626-bd01-263210be97e5 9143d53dd0ee43419d9a00f421aad7f9 f65689697e4e4f8c80f07c733cfb9061 - - default default] Successfully bumped revision number for resource b35be3d5-b36b-4fac-acbf-568725ffbf93 (type: security_groups) to 1
2026-03-01 22:18:03.097 9 INFO neutron.db.ovn_revision_numbers_db [None req-41cecc86-d1ba-4626-bd01-263210be97e5 9143d53dd0ee43419d9a00f421aad7f9 f65689697e4e4f8c80f07c733cfb9061 - - default default] Successfully bumped revision number for resource 863da548-9836-4525-9bc6-abc5eebcbf48 (type: security_group_rules) to 0
2026-03-01 22:18:03.102 10 INFO neutron.wsgi [req-5008c5d2-4d7b-490d-bdbc-ce92a6d96187 req-5b67f704-8fd8-4e06-891f-588804535b9f acc21d30eb0e441892b11090e4ab6267 c1b907bfcd4b4a52b601ea97aac8264e - - default default] 10.0.0.246 "DELETE /v2.0/security-groups/6f28475a-aa56-4eea-9488-e7c491e8ec0c HTTP/1.1" status: 204 len: 173 time: 0.2665637
2026-03-01 22:18:03.112 9 INFO neutron.db.ovn_revision_numbers_db [None req-41cecc86-d1ba-4626-bd01-263210be97e5 9143d53dd0ee43419d9a00f421aad7f9 f65689697e4e4f8c80f07c733cfb9061 - - default default] Successfully bumped revision number for resource c733cbc8-7688-45a0-b98b-f612c6952eff (type: security_group_rules) to 0
2026-03-01 22:18:03.134 9 INFO neutron.wsgi [None req-41cecc86-d1ba-4626-bd01-263210be97e5 9143d53dd0ee43419d9a00f421aad7f9 f65689697e4e4f8c80f07c733cfb9061 - - default default] 10.0.0.58 "POST /v2.0/security-groups HTTP/1.1" status: 201 len: 1796 time: 0.1771162
2026-03-01 22:18:03.136 9 INFO neutron.db.ovn_revision_numbers_db [req-a8b4343c-4776-4874-aa28-823e45827836 req-673f2a46-43aa-4acc-ba1e-c8236958b529 c4aad13004134d038d6e15378b626f96 272e2640f01c4b9d9a63d9c390fb3507 - - default default] Successfully bumped revision number for resource 17e4da13-a5cb-4716-81f3-f303d0a2cd94 (type: security_group_rules) to 0
2026-03-01 22:18:03.151 9 WARNING neutron_lib.context [None req-48c1ebf9-9c30-47dc-bb7f-df85326d6627 9143d53dd0ee43419d9a00f421aad7f9 f65689697e4e4f8c80f07c733cfb9061 - - default default] Method 'is_advsvc' is deprecated since 2023.2 release (neutron-lib 3.8.0) and will be removed once support for the old RBAC API policies will be removed from Neutron. Please use method 'is_service_role' instead.
2026-03-01 22:18:03.160 10 INFO neutron.api.v2.resource [req-2c09b9c7-b723-4337-a6ad-0466c11ee467 req-ec780679-cddd-4a99-9900-63e16289103c acc21d30eb0e441892b11090e4ab6267 c1b907bfcd4b4a52b601ea97aac8264e - - default default] show failed (client error): The resource could not be found.
2026-03-01 22:18:03.162 10 INFO neutron.wsgi [req-2c09b9c7-b723-4337-a6ad-0466c11ee467 req-ec780679-cddd-4a99-9900-63e16289103c acc21d30eb0e441892b11090e4ab6267 c1b907bfcd4b4a52b601ea97aac8264e - - default default] 10.0.0.246 "GET /v2.0/security-groups/6f28475a-aa56-4eea-9488-e7c491e8ec0c HTTP/1.1" status: 404 len: 352 time: 0.0364358
2026-03-01 22:18:03.163 9 INFO neutron.wsgi [req-a8b4343c-4776-4874-aa28-823e45827836 req-673f2a46-43aa-4acc-ba1e-c8236958b529 c4aad13004134d038d6e15378b626f96 272e2640f01c4b9d9a63d9c390fb3507 - - default default] 10.0.0.246 "POST /v2.0/security-group-rules HTTP/1.1" status: 201 len: 791 time: 0.1630826
2026-03-01 22:18:03.187 10 INFO neutron.db.ovn_revision_numbers_db [None req-6aa9e7bc-8242-4d0f-8c05-21ad8eca9b33 - - - - - -] Successfully bumped revision number for resource 69f3e6e4-06b3-4330-8940-7b0322ba879e (type: ports) to 1
2026-03-01 22:18:03.227 9 INFO neutron.wsgi [req-cb2cd161-f8ab-4473-90df-85a8a649f55b req-5a1bf915-1e3f-4469-950b-520c885bca70 c4aad13004134d038d6e15378b626f96 272e2640f01c4b9d9a63d9c390fb3507 - - default default] 10.0.0.246 "GET /v2.0/security-groups/3bbddc5a-c7d1-4517-be3d-8981a3d09368 HTTP/1.1" status: 200 len: 3012 time: 0.0379298
2026-03-01 22:18:03.239 10 INFO neutron.wsgi [req-595b8bb5-6fd9-4f3e-99ee-59699b8547ad req-0ba918ab-50bf-4250-ba7d-2ea7c2550ea8 acc21d30eb0e441892b11090e4ab6267 c1b907bfcd4b4a52b601ea97aac8264e - - default default] 10.0.0.246 "GET /v2.0/security-groups/1e6d4916-7568-49ba-bece-e618a66cd260 HTTP/1.1" status: 200 len: 1816 time: 0.0536144
2026-03-01 22:18:03.267 9 INFO neutron.wsgi [req-ed4caae1-2a15-4ae5-b8f7-72ceaff08073 req-c0027033-6517-4225-baf9-3ce470a29096 c4aad13004134d038d6e15378b626f96 272e2640f01c4b9d9a63d9c390fb3507 - - default default] 10.0.0.246 "GET /v2.0/security-group-rules/17e4da13-a5cb-4716-81f3-f303d0a2cd94 HTTP/1.1" status: 200 len: 783 time: 0.0168016
2026-03-01 22:18:03.297 9 INFO neutron.db.ovn_revision_numbers_db [None req-48c1ebf9-9c30-47dc-bb7f-df85326d6627 9143d53dd0ee43419d9a00f421aad7f9 f65689697e4e4f8c80f07c733cfb9061 - - default default] Successfully bumped revision number for resource 547f6ef0-e078-47ee-8a01-89ed34d3f743 (type: security_group_rules) to 0
2026-03-01 22:18:03.311 9 INFO neutron.wsgi [req-ed4caae1-2a15-4ae5-b8f7-72ceaff08073 req-8216329d-16c7-4f07-814b-8727ea3320e5 c4aad13004134d038d6e15378b626f96 272e2640f01c4b9d9a63d9c390fb3507 - - default default] 10.0.0.246 "GET /v2.0/security-groups/3bbddc5a-c7d1-4517-be3d-8981a3d09368 HTTP/1.1" status: 200 len: 3012 time: 0.0295100
2026-03-01 22:18:03.324 9 INFO neutron.wsgi [None req-48c1ebf9-9c30-47dc-bb7f-df85326d6627 9143d53dd0ee43419d9a00f421aad7f9 f65689697e4e4f8c80f07c733cfb9061 - - default default] 10.0.0.58 "POST /v2.0/security-group-rules HTTP/1.1" status: 201 len: 764 time: 0.1773241
2026-03-01 22:18:03.334 9 WARNING neutron_lib.context [None req-29c479a8-7af4-4e60-a102-e7c1f8bf048e 9143d53dd0ee43419d9a00f421aad7f9 f65689697e4e4f8c80f07c733cfb9061 - - default default] Method 'is_advsvc' is deprecated since 2023.2 release (neutron-lib 3.8.0) and will be removed once support for the old RBAC API policies will be removed from Neutron. Please use method 'is_service_role' instead.
2026-03-01 22:18:03.383 10 WARNING neutron.scheduler.dhcp_agent_scheduler [None req-ee05889a-ed7c-4696-892f-3c6fef27b741 c98bc9c1d85e4983ad974cb4cf9dd46b b6357918f73b458f9e03a5667d465a0e - - default default] No more DHCP agents
2026-03-01 22:18:03.399 10 WARNING neutron.api.rpc.agentnotifiers.dhcp_rpc_agent_api [None req-ee05889a-ed7c-4696-892f-3c6fef27b741 c98bc9c1d85e4983ad974cb4cf9dd46b b6357918f73b458f9e03a5667d465a0e - - default default] Unable to schedule network 0deb2461-fcce-4337-a0b4-9b98335673e0: no agents available; will retry on subsequent port and subnet creation events.
2026-03-01 22:18:03.475 9 INFO neutron.db.ovn_revision_numbers_db [None req-29c479a8-7af4-4e60-a102-e7c1f8bf048e 9143d53dd0ee43419d9a00f421aad7f9 f65689697e4e4f8c80f07c733cfb9061 - - default default] Successfully bumped revision number for resource 66c67c83-7950-42f2-9138-ba9079c8b0e2 (type: security_group_rules) to 0
2026-03-01 22:18:03.478 9 INFO neutron.wsgi [req-ed4caae1-2a15-4ae5-b8f7-72ceaff08073 req-95e7255e-e5e6-47cb-82dd-6e08e8783ae4 c4aad13004134d038d6e15378b626f96 272e2640f01c4b9d9a63d9c390fb3507 - - default default] 10.0.0.246 "DELETE /v2.0/security-group-rules/17e4da13-a5cb-4716-81f3-f303d0a2cd94 HTTP/1.1" status: 204 len: 173 time: 0.1533232
2026-03-01 22:18:03.496 9 INFO neutron.wsgi [None req-29c479a8-7af4-4e60-a102-e7c1f8bf048e 9143d53dd0ee43419d9a00f421aad7f9 f65689697e4e4f8c80f07c733cfb9061 - - default default] 10.0.0.58 "POST /v2.0/security-group-rules HTTP/1.1" status: 201 len: 769 time: 0.1663239
2026-03-01 22:18:03.508 9 WARNING neutron_lib.context [None req-e9604351-e252-44c5-b2f0-a4a1a6ac1df6 9143d53dd0ee43419d9a00f421aad7f9 f65689697e4e4f8c80f07c733cfb9061 - - default default] Method 'is_advsvc' is deprecated since 2023.2 release (neutron-lib 3.8.0) and will be removed once support for the old RBAC API policies will be removed from Neutron. Please use method 'is_service_role' instead.
2026-03-01 22:18:03.553 9 INFO neutron.wsgi [req-38a11ff5-2701-4cfc-b576-93135be15104 req-e6ddfbdb-510e-49f7-ae63-dd728e87b1b4 c4aad13004134d038d6e15378b626f96 272e2640f01c4b9d9a63d9c390fb3507 - - default default] 10.0.0.246 "GET /v2.0/security-groups/3bbddc5a-c7d1-4517-be3d-8981a3d09368 HTTP/1.1" status: 200 len: 2414 time: 0.0427511
2026-03-01 22:18:03.644 10 INFO neutron.db.ovn_revision_numbers_db [None req-f8da379a-5a15-494a-963c-311b384f4b48 - - - - - -] Successfully bumped revision number for resource 26f6504e-f929-424d-b694-0ce539ac7d52 (type: ports) to 2
2026-03-01 22:18:03.694 10 INFO neutron.wsgi [req-595b8bb5-6fd9-4f3e-99ee-59699b8547ad req-e6fd2de6-9fdb-474b-b958-cf2504c9374c acc21d30eb0e441892b11090e4ab6267 c1b907bfcd4b4a52b601ea97aac8264e - - default default] 10.0.0.246 "DELETE /v2.0/security-groups/1e6d4916-7568-49ba-bece-e618a66cd260 HTTP/1.1" status: 204 len: 173 time: 0.4399428
2026-03-01 22:18:03.727 9 INFO neutron.wsgi [req-38a11ff5-2701-4cfc-b576-93135be15104 req-eb58618b-f523-4879-aa45-f89452880582 c4aad13004134d038d6e15378b626f96 272e2640f01c4b9d9a63d9c390fb3507 - - default default] 10.0.0.246 "DELETE /v2.0/security-groups/3bbddc5a-c7d1-4517-be3d-8981a3d09368 HTTP/1.1" status: 204 len: 173 time: 0.1586859
2026-03-01 22:18:03.736 10 INFO neutron.api.v2.resource [req-22605fe3-c5ab-440d-a1d4-8b6703c81b65 req-646d7f56-bceb-47d9-8a86-71bde3132021 acc21d30eb0e441892b11090e4ab6267 c1b907bfcd4b4a52b601ea97aac8264e - - default default] show failed (client error): The resource could not be found.
2026-03-01 22:18:03.737 10 INFO neutron.wsgi [req-22605fe3-c5ab-440d-a1d4-8b6703c81b65 req-646d7f56-bceb-47d9-8a86-71bde3132021 acc21d30eb0e441892b11090e4ab6267 c1b907bfcd4b4a52b601ea97aac8264e - - default default] 10.0.0.246 "GET /v2.0/security-groups/1e6d4916-7568-49ba-bece-e618a66cd260 HTTP/1.1" status: 404 len: 352 time: 0.0210009
2026-03-01 22:18:03.790 10 INFO neutron.db.ovn_revision_numbers_db [None req-f8da379a-5a15-494a-963c-311b384f4b48 - - - - - -] Successfully bumped revision number for resource 26f6504e-f929-424d-b694-0ce539ac7d52 (type: router_ports) to 2
2026-03-01 22:18:03.798 9 INFO neutron.wsgi [req-6f7a9473-a018-4baa-8ff4-e6939701e8f7 req-911875bb-1210-4eae-9e65-3bfe3fb00f82 c4aad13004134d038d6e15378b626f96 272e2640f01c4b9d9a63d9c390fb3507 - - default default] 10.0.0.246 "GET /v2.0/security-groups/818ecfbf-1ab8-4a1c-b837-4281f92f65b8 HTTP/1.1" status: 200 len: 2414 time: 0.0417089
2026-03-01 22:18:03.803 9 WARNING neutron.scheduler.dhcp_agent_scheduler [None req-e9604351-e252-44c5-b2f0-a4a1a6ac1df6 9143d53dd0ee43419d9a00f421aad7f9 f65689697e4e4f8c80f07c733cfb9061 - - default default] No more DHCP agents
2026-03-01 22:18:03.804 10 INFO neutron.db.ovn_revision_numbers_db [None req-6aa9e7bc-8242-4d0f-8c05-21ad8eca9b33 - - - - - -] Successfully bumped revision number for resource 69f3e6e4-06b3-4330-8940-7b0322ba879e (type: router_ports) to 3
2026-03-01 22:18:03.804 9 WARNING neutron.api.rpc.agentnotifiers.dhcp_rpc_agent_api [None req-e9604351-e252-44c5-b2f0-a4a1a6ac1df6 9143d53dd0ee43419d9a00f421aad7f9 f65689697e4e4f8c80f07c733cfb9061 - - default default] Unable to schedule network da6f04f9-28d2-4224-9cbf-d4cb1587678d: no agents available; will retry on subsequent port and subnet creation events.
2026-03-01 22:18:03.831 10 INFO neutron.wsgi [req-00acdf94-af5f-4819-9a39-24641add12c8 req-d83691b3-aae6-442d-acaf-e6d047b44123 acc21d30eb0e441892b11090e4ab6267 c1b907bfcd4b4a52b601ea97aac8264e - - default default] 10.0.0.246 "GET /v2.0/security-groups/e62e22d8-2e3d-47d8-8aaf-372c0e0449c9 HTTP/1.1" status: 200 len: 1816 time: 0.0676534
2026-03-01 22:18:03.867 10 INFO neutron.db.ovn_revision_numbers_db [None req-ee05889a-ed7c-4696-892f-3c6fef27b741 c98bc9c1d85e4983ad974cb4cf9dd46b b6357918f73b458f9e03a5667d465a0e - - default default] Successfully bumped revision number for resource c122902b-b560-4586-9fb3-96ec5422e2d7 (type: ports) to 1
2026-03-01 22:18:04.030 10 INFO neutron.db.ovn_revision_numbers_db [None req-6aa9e7bc-8242-4d0f-8c05-21ad8eca9b33 - - - - - -] Successfully bumped revision number for resource 69f3e6e4-06b3-4330-8940-7b0322ba879e (type: ports) to 2
2026-03-01 22:18:04.051 10 INFO neutron.wsgi [req-00acdf94-af5f-4819-9a39-24641add12c8 req-7e695eb1-6d25-4cd5-bf92-b35567f35147 acc21d30eb0e441892b11090e4ab6267 c1b907bfcd4b4a52b601ea97aac8264e - - default default] 10.0.0.246 "DELETE /v2.0/security-groups/e62e22d8-2e3d-47d8-8aaf-372c0e0449c9 HTTP/1.1" status: 204 len: 173 time: 0.2104728
2026-03-01 22:18:04.091 9 INFO neutron.wsgi [req-6f7a9473-a018-4baa-8ff4-e6939701e8f7 req-715f3629-5d41-4095-a625-4083ae1adb8b c4aad13004134d038d6e15378b626f96 272e2640f01c4b9d9a63d9c390fb3507 - - default default] 10.0.0.246 "DELETE /v2.0/security-groups/818ecfbf-1ab8-4a1c-b837-4281f92f65b8 HTTP/1.1" status: 204 len: 173 time: 0.2855673
2026-03-01 22:18:04.104 10 INFO neutron.api.v2.resource [req-b2f748e8-3447-492f-9b04-06488ab60889 req-74cc51fb-b3b8-4114-88ad-55e1066372ef acc21d30eb0e441892b11090e4ab6267 c1b907bfcd4b4a52b601ea97aac8264e - - default default] show failed (client error): The resource could not be found.
2026-03-01 22:18:04.105 10 INFO neutron.wsgi [req-b2f748e8-3447-492f-9b04-06488ab60889 req-74cc51fb-b3b8-4114-88ad-55e1066372ef acc21d30eb0e441892b11090e4ab6267 c1b907bfcd4b4a52b601ea97aac8264e - - default default] 10.0.0.246 "GET /v2.0/security-groups/e62e22d8-2e3d-47d8-8aaf-372c0e0449c9 HTTP/1.1" status: 404 len: 352 time: 0.0308735
2026-03-01 22:18:04.192 9 INFO neutron.wsgi [req-7a3d84e8-48cc-4f2a-80e2-fdc692825e11 req-72fa4d72-5422-4ab4-b968-842746b141ba acc21d30eb0e441892b11090e4ab6267 c1b907bfcd4b4a52b601ea97aac8264e - - default default] 10.0.0.246 "GET /v2.0/security-groups?tenant_id=c1b907bfcd4b4a52b601ea97aac8264e HTTP/1.1" status: 200 len: 2997 time: 0.0635643
2026-03-01 22:18:04.285 9 INFO neutron.wsgi [req-7a3d84e8-48cc-4f2a-80e2-fdc692825e11 req-00bea56a-c23c-46b2-88b3-f648918326f8 acc21d30eb0e441892b11090e4ab6267 c1b907bfcd4b4a52b601ea97aac8264e - - default default] 10.0.0.246 "GET /v2.0/security-groups/1f092b26-5f8b-4d6c-9218-5dc498689958 HTTP/1.1" status: 200 len: 2994 time: 0.0839880
2026-03-01 22:18:04.354 10 INFO neutron.db.ovn_revision_numbers_db [None req-6aa9e7bc-8242-4d0f-8c05-21ad8eca9b33 - - - - - -] Successfully bumped revision number for resource 69f3e6e4-06b3-4330-8940-7b0322ba879e (type: ports) to 4
2026-03-01 22:18:04.384 9 INFO neutron.db.ovn_revision_numbers_db [None req-e9604351-e252-44c5-b2f0-a4a1a6ac1df6 9143d53dd0ee43419d9a00f421aad7f9 f65689697e4e4f8c80f07c733cfb9061 - - default default] Successfully bumped revision number for resource 806df216-1d94-4b4e-ac8c-c47148233bff (type: floatingips) to 0
2026-03-01 22:18:04.397 10 INFO neutron.db.ovn_revision_numbers_db [None req-ee05889a-ed7c-4696-892f-3c6fef27b741 c98bc9c1d85e4983ad974cb4cf9dd46b b6357918f73b458f9e03a5667d465a0e - - default default] Successfully bumped revision number for resource c122902b-b560-4586-9fb3-96ec5422e2d7 (type: router_ports) to 1
2026-03-01 22:18:04.399 9 INFO neutron.wsgi [req-7a3d84e8-48cc-4f2a-80e2-fdc692825e11 req-920cf027-93fc-457b-bd9e-4d38d7e2fc78 acc21d30eb0e441892b11090e4ab6267 c1b907bfcd4b4a52b601ea97aac8264e - - default default] 10.0.0.246 "GET /v2.0/security-groups/1f092b26-5f8b-4d6c-9218-5dc498689958 HTTP/1.1" status: 200 len: 2994 time: 0.1038690
2026-03-01 22:18:04.411 9 WARNING neutron.plugins.ml2.drivers.ovn.mech_driver.ovsdb.ovn_client [None req-d554d607-ce5f-403f-952d-8fb1bb266bc6 - - - - - -] No hosting information found for port 0e27d632-d7c7-4185-a4fe-841c1f3da170: RuntimeError: No hosting information found for port 0e27d632-d7c7-4185-a4fe-841c1f3da170
2026-03-01 22:18:04.411 9 INFO neutron.plugins.ml2.drivers.ovn.mech_driver.mech_driver [None req-d554d607-ce5f-403f-952d-8fb1bb266bc6 - - - - - -] OVN reports status up for port: 9cb94207-d100-4e35-a049-bdb90300da3b
2026-03-01 22:18:04.427 9 INFO neutron.wsgi [None req-e9604351-e252-44c5-b2f0-a4a1a6ac1df6 9143d53dd0ee43419d9a00f421aad7f9 f65689697e4e4f8c80f07c733cfb9061 - - default default] 10.0.0.58 "POST /v2.0/floatingips HTTP/1.1" status: 201 len: 751 time: 0.9223971
2026-03-01 22:18:04.427 9 INFO neutron.plugins.ml2.plugin [None req-d554d607-ce5f-403f-952d-8fb1bb266bc6 - - - - - -] Attempt 1 to provision port 9cb94207-d100-4e35-a049-bdb90300da3b
2026-03-01 22:18:04.463 10 INFO neutron.api.v2.resource [req-472fbff0-b310-4dd6-845e-6c68538e4d22 req-5f530a73-3c03-4fb2-a065-7c373c5b8ee3 acc21d30eb0e441892b11090e4ab6267 c1b907bfcd4b4a52b601ea97aac8264e - - default default] show failed (client error): The resource could not be found.
2026-03-01 22:18:04.464 10 INFO neutron.wsgi [req-472fbff0-b310-4dd6-845e-6c68538e4d22 req-5f530a73-3c03-4fb2-a065-7c373c5b8ee3 acc21d30eb0e441892b11090e4ab6267 c1b907bfcd4b4a52b601ea97aac8264e - - default default] 10.0.0.246 "GET /v2.0/security-groups/e62e22d8-2e3d-47d8-8aaf-372c0e0449c9 HTTP/1.1" status: 404 len: 352 time: 0.0282841
2026-03-01 22:18:04.510 9 INFO neutron.api.v2.resource [req-1b7e5f5e-d8de-43bc-925a-f050e55a69ad req-eebd69df-e705-4beb-8cbc-28e3e3b8288f acc21d30eb0e441892b11090e4ab6267 c1b907bfcd4b4a52b601ea97aac8264e - - default default] show failed (client error): The resource could not be found.
2026-03-01 22:18:04.511 9 INFO neutron.wsgi [req-1b7e5f5e-d8de-43bc-925a-f050e55a69ad req-eebd69df-e705-4beb-8cbc-28e3e3b8288f acc21d30eb0e441892b11090e4ab6267 c1b907bfcd4b4a52b601ea97aac8264e - - default default] 10.0.0.246 "GET /v2.0/security-groups/1e6d4916-7568-49ba-bece-e618a66cd260 HTTP/1.1" status: 404 len: 352 time: 0.0214405
2026-03-01 22:18:04.556 10 INFO neutron.api.v2.resource [req-233143d5-34a2-4d33-b39a-dbc87b9d0ea4 req-41c1afb9-d12d-4032-9bcd-130cffc5fa2b acc21d30eb0e441892b11090e4ab6267 c1b907bfcd4b4a52b601ea97aac8264e - - default default] show failed (client error): The resource could not be found.
2026-03-01 22:18:04.557 10 INFO neutron.wsgi [req-233143d5-34a2-4d33-b39a-dbc87b9d0ea4 req-41c1afb9-d12d-4032-9bcd-130cffc5fa2b acc21d30eb0e441892b11090e4ab6267 c1b907bfcd4b4a52b601ea97aac8264e - - default default] 10.0.0.246 "GET /v2.0/security-groups/6f28475a-aa56-4eea-9488-e7c491e8ec0c HTTP/1.1" status: 404 len: 352 time: 0.0154500
2026-03-01 22:18:04.605 10 INFO neutron.db.ovn_revision_numbers_db [None req-ee05889a-ed7c-4696-892f-3c6fef27b741 c98bc9c1d85e4983ad974cb4cf9dd46b b6357918f73b458f9e03a5667d465a0e - - default default] Successfully bumped revision number for resource c122902b-b560-4586-9fb3-96ec5422e2d7 (type: ports) to 1
2026-03-01 22:18:04.664 10 INFO neutron.db.ovn_revision_numbers_db [None req-6aa9e7bc-8242-4d0f-8c05-21ad8eca9b33 - - - - - -] Successfully bumped revision number for resource 69f3e6e4-06b3-4330-8940-7b0322ba879e (type: router_ports) to 4
2026-03-01 22:18:04.702 10 WARNING neutron.scheduler.dhcp_agent_scheduler [None req-ee05889a-ed7c-4696-892f-3c6fef27b741 c98bc9c1d85e4983ad974cb4cf9dd46b b6357918f73b458f9e03a5667d465a0e - - default default] No more DHCP agents
2026-03-01 22:18:04.703 10 WARNING neutron.api.rpc.agentnotifiers.dhcp_rpc_agent_api [None req-ee05889a-ed7c-4696-892f-3c6fef27b741 c98bc9c1d85e4983ad974cb4cf9dd46b b6357918f73b458f9e03a5667d465a0e - - default default] Unable to schedule network 0deb2461-fcce-4337-a0b4-9b98335673e0: no agents available; will retry on subsequent port and subnet creation events.
2026-03-01 22:18:04.977 9 INFO neutron.wsgi [req-4dff4aaf-1816-4d26-95b1-90aa5a8b6205 req-7e0e59c3-9a93-45f1-9eb5-c0d7d0354f82 9143d53dd0ee43419d9a00f421aad7f9 f65689697e4e4f8c80f07c733cfb9061 - - default default] 10.0.0.246 "GET /v2.0/security-groups?name=tempest-securitygroup--1955424248&fields=id&tenant_id=f65689697e4e4f8c80f07c733cfb9061 HTTP/1.1" status: 200 len: 267 time: 0.0744648
2026-03-01 22:18:05.078 9 INFO neutron.db.ovn_revision_numbers_db [None req-d554d607-ce5f-403f-952d-8fb1bb266bc6 - - - - - -] Successfully bumped revision number for resource 9cb94207-d100-4e35-a049-bdb90300da3b (type: ports) to 2
2026-03-01 22:18:05.142 9 INFO neutron.wsgi [req-4dff4aaf-1816-4d26-95b1-90aa5a8b6205 req-35c6f4ba-db6c-4798-ab68-22eaa73319c2 9143d53dd0ee43419d9a00f421aad7f9 f65689697e4e4f8c80f07c733cfb9061 - - default default] 10.0.0.246 "GET /v2.0/networks?id=568e2acd-d956-46eb-88b8-1db42b89f6b1 HTTP/1.1" status: 200 len: 883 time: 0.1587996
2026-03-01 22:18:05.183 9 INFO neutron.wsgi [req-4dff4aaf-1816-4d26-95b1-90aa5a8b6205 req-c97b4638-3d81-4594-ada9-0875c83d03cf 9143d53dd0ee43419d9a00f421aad7f9 f65689697e4e4f8c80f07c733cfb9061 - - default default] 10.0.0.246 "GET /v2.0/quotas/f65689697e4e4f8c80f07c733cfb9061 HTTP/1.1" status: 200 len: 386 time: 0.0322824
2026-03-01 22:18:05.268 9 INFO neutron.db.ovn_revision_numbers_db [None req-d554d607-ce5f-403f-952d-8fb1bb266bc6 - - - - - -] Successfully bumped revision number for resource 9cb94207-d100-4e35-a049-bdb90300da3b (type: router_ports) to 2
2026-03-01 22:18:05.322 9 INFO neutron.wsgi [-] 10.0.0.114 "GET / HTTP/1.1" status: 200 len: 247 time: 0.0023997
2026-03-01 22:18:05.324 9 INFO neutron.wsgi [-] 10.0.0.114 "GET / HTTP/1.1" status: 200 len: 247 time: 0.0008762
2026-03-01 22:18:05.377 9 INFO neutron.wsgi [req-4dff4aaf-1816-4d26-95b1-90aa5a8b6205 req-4918aa0d-47bd-4a6b-bbf9-856a6b7af5fd 9143d53dd0ee43419d9a00f421aad7f9 f65689697e4e4f8c80f07c733cfb9061 - - default default] 10.0.0.246 "GET /v2.0/ports?tenant_id=f65689697e4e4f8c80f07c733cfb9061&fields=id HTTP/1.1" status: 200 len: 302 time: 0.1841164
2026-03-01 22:18:05.694 10 INFO neutron.db.ovn_revision_numbers_db [None req-ee05889a-ed7c-4696-892f-3c6fef27b741 c98bc9c1d85e4983ad974cb4cf9dd46b b6357918f73b458f9e03a5667d465a0e - - default default] Successfully bumped revision number for resource c122902b-b560-4586-9fb3-96ec5422e2d7 (type: router_ports) to 1
2026-03-01 22:18:05.696 10 INFO neutron.wsgi [None req-ee05889a-ed7c-4696-892f-3c6fef27b741 c98bc9c1d85e4983ad974cb4cf9dd46b b6357918f73b458f9e03a5667d465a0e - - default default] 10.0.0.58 "PUT /v2.0/routers/7b7014a6-f977-4b4b-a93c-c2598e58a28e/add_router_interface HTTP/1.1" status: 200 len: 503 time: 3.2721405
2026-03-01 22:18:05.876 9 INFO neutron.wsgi [req-4dff4aaf-1816-4d26-95b1-90aa5a8b6205 req-ef7ec5ce-aff9-454f-8e53-db2dd546eddd 2b0eee7b5bc54b3b85c9d6ee7ef3baec 1feb78d0d7a440eb82b4ebfd87990c1c - - d91a2fb99e694998a3b70867b3c67f90 d91a2fb99e694998a3b70867b3c67f90] 10.0.0.246 "GET /v2.0/extensions HTTP/1.1" status: 200 len: 16980 time: 0.0587587
2026-03-01 22:18:05.999 9 INFO neutron.wsgi [req-4dff4aaf-1816-4d26-95b1-90aa5a8b6205 req-7a01891f-be7f-4443-9a00-b0faf62d44a7 2b0eee7b5bc54b3b85c9d6ee7ef3baec 1feb78d0d7a440eb82b4ebfd87990c1c - - d91a2fb99e694998a3b70867b3c67f90 d91a2fb99e694998a3b70867b3c67f90] 10.0.0.246 "GET /v2.0/networks/568e2acd-d956-46eb-88b8-1db42b89f6b1?fields=segments HTTP/1.1" status: 200 len: 212 time: 0.1175067
2026-03-01 22:18:06.115 9 INFO neutron.wsgi [req-4dff4aaf-1816-4d26-95b1-90aa5a8b6205 req-6c553842-f9eb-42d2-9082-cec9f3142add 2b0eee7b5bc54b3b85c9d6ee7ef3baec 1feb78d0d7a440eb82b4ebfd87990c1c - - d91a2fb99e694998a3b70867b3c67f90 d91a2fb99e694998a3b70867b3c67f90] 10.0.0.246 "GET /v2.0/networks/568e2acd-d956-46eb-88b8-1db42b89f6b1?fields=provider%3Aphysical_network&fields=provider%3Anetwork_type HTTP/1.1" status: 200 len: 277 time: 0.1075182
2026-03-01 22:18:06.202 10 WARNING neutron_lib.context [None req-0cb04ca4-ef2c-4d27-ae27-73a1670215bc 7a7116ad831742b1851c89eed30bd572 5c880095e3144c999c7927a69a317610 - - default default] Method 'is_advsvc' is deprecated since 2023.2 release (neutron-lib 3.8.0) and will be removed once support for the old RBAC API policies will be removed from Neutron. Please use method 'is_service_role' instead.
2026-03-01 22:18:06.327 10 INFO neutron.wsgi [req-59aaeb9f-d719-4a53-9c0a-be976f7400eb req-dd034f83-23a6-4b7c-bcdc-98ef785f1553 9143d53dd0ee43419d9a00f421aad7f9 f65689697e4e4f8c80f07c733cfb9061 - - default default] 10.0.0.246 "GET /v2.0/ports?device_id=8da9e24a-971b-41cc-8f0d-cbfd68df3d46 HTTP/1.1" status: 200 len: 210 time: 0.0432374
2026-03-01 22:18:06.344 10 INFO neutron.db.ovn_revision_numbers_db [None req-0cb04ca4-ef2c-4d27-ae27-73a1670215bc 7a7116ad831742b1851c89eed30bd572 5c880095e3144c999c7927a69a317610 - - default default] Successfully bumped revision number for resource c09909ff-54e5-425b-b7a6-0685a665439a (type: security_groups) to 1
2026-03-01 22:18:06.359 10 INFO neutron.db.ovn_revision_numbers_db [None req-0cb04ca4-ef2c-4d27-ae27-73a1670215bc 7a7116ad831742b1851c89eed30bd572 5c880095e3144c999c7927a69a317610 - - default default] Successfully bumped revision number for resource 5bdb183d-de57-4fd0-a056-31e45c31f31a (type: security_group_rules) to 0
2026-03-01 22:18:06.372 10 INFO neutron.db.ovn_revision_numbers_db [None req-0cb04ca4-ef2c-4d27-ae27-73a1670215bc 7a7116ad831742b1851c89eed30bd572 5c880095e3144c999c7927a69a317610 - - default default] Successfully bumped revision number for resource 9a9658b3-6169-4f5f-8c80-5d429f92e98a (type: security_group_rules) to 0
2026-03-01 22:18:06.392 9 INFO neutron.wsgi [None req-2955bcb1-a53b-482c-aad3-f72d6eb702ed c98bc9c1d85e4983ad974cb4cf9dd46b b6357918f73b458f9e03a5667d465a0e - - default default] 10.0.0.58 "PUT /v2.0/routers/f1bcd4c8-5ca0-478a-bbed-9d8c8e3580a9/remove_router_interface HTTP/1.1" status: 200 len: 503 time: 2.2901127
2026-03-01 22:18:06.395 10 INFO neutron.wsgi [None req-0cb04ca4-ef2c-4d27-ae27-73a1670215bc 7a7116ad831742b1851c89eed30bd572 5c880095e3144c999c7927a69a317610 - - default default] 10.0.0.58 "POST /v2.0/security-groups HTTP/1.1" status: 201 len: 1796 time: 0.1995592 /var/lib/openstack/lib/python3.10/site-packages/pycadf/identifier.py:71: UserWarning: Invalid uuid: neutron. To ensure interoperability, identifiers should be a valid uuid. warnings.warn(('Invalid uuid: %s. To ensure interoperability, '
2026-03-01 22:18:06.406 9 WARNING neutron_lib.context [None req-e45547f7-edb0-4542-8579-2ca582762ffa 7a7116ad831742b1851c89eed30bd572 5c880095e3144c999c7927a69a317610 - - default default] Method 'is_advsvc' is deprecated since 2023.2 release (neutron-lib 3.8.0) and will be removed once support for the old RBAC API policies will be removed from Neutron. Please use method 'is_service_role' instead.
2026-03-01 22:18:06.927 9 INFO neutron.db.ovn_revision_numbers_db [None req-e45547f7-edb0-4542-8579-2ca582762ffa 7a7116ad831742b1851c89eed30bd572 5c880095e3144c999c7927a69a317610 - - default default] Successfully bumped revision number for resource c8842491-3e31-48e0-94b0-8887b2416078 (type: security_group_rules) to 0
2026-03-01 22:18:06.970 9 INFO neutron.wsgi [None req-e45547f7-edb0-4542-8579-2ca582762ffa 7a7116ad831742b1851c89eed30bd572 5c880095e3144c999c7927a69a317610 - - default default] 10.0.0.58 "POST /v2.0/security-group-rules HTTP/1.1" status: 201 len: 764 time: 0.5699151
2026-03-01 22:18:06.986 10 WARNING neutron_lib.context [None req-71f1943f-1f44-4cf2-9a3f-c3e476dfcfef 7a7116ad831742b1851c89eed30bd572 5c880095e3144c999c7927a69a317610 - - default default] Method 'is_advsvc' is deprecated since 2023.2 release (neutron-lib 3.8.0) and will be removed once support for the old RBAC API policies will be removed from Neutron. Please use method 'is_service_role' instead.
2026-03-01 22:18:07.118 9 INFO neutron.wsgi [None req-047e6baa-7435-483d-b284-19f6e5192f53 c98bc9c1d85e4983ad974cb4cf9dd46b b6357918f73b458f9e03a5667d465a0e - - default default] 10.0.0.58 "PUT /v2.0/routers/8f21584d-f59a-4299-8196-c2e2a199e7c9/remove_router_interface HTTP/1.1" status: 200 len: 503 time: 2.5382912
2026-03-01 22:18:07.131 10 INFO neutron.db.ovn_revision_numbers_db [None req-71f1943f-1f44-4cf2-9a3f-c3e476dfcfef 7a7116ad831742b1851c89eed30bd572 5c880095e3144c999c7927a69a317610 - - default default] Successfully bumped revision number for resource 494840ce-042e-4d6a-8444-213b246503b5 (type: security_group_rules) to 0
2026-03-01 22:18:07.181 10 INFO neutron.wsgi [None req-71f1943f-1f44-4cf2-9a3f-c3e476dfcfef 7a7116ad831742b1851c89eed30bd572 5c880095e3144c999c7927a69a317610 - - default default] 10.0.0.58 "POST /v2.0/security-group-rules HTTP/1.1" status: 201 len: 769 time: 0.2041531
2026-03-01 22:18:07.202 10 WARNING neutron_lib.context [None req-9e5ae28a-7944-4f00-b2d2-a9757971b501 7a7116ad831742b1851c89eed30bd572 5c880095e3144c999c7927a69a317610 - - default default] Method 'is_advsvc' is deprecated since 2023.2 release (neutron-lib 3.8.0) and will be removed once support for the old RBAC API policies will be removed from Neutron. Please use method 'is_service_role' instead. /var/lib/openstack/lib/python3.10/site-packages/pycadf/identifier.py:71: UserWarning: Invalid uuid: neutron. To ensure interoperability, identifiers should be a valid uuid. warnings.warn(('Invalid uuid: %s. To ensure interoperability, '
2026-03-01 22:18:07.505 9 INFO neutron.wsgi [req-a801a943-76d0-4a4a-8a98-e382549ff711 req-ca52a0be-6350-49e7-97b0-77889d17e774 9143d53dd0ee43419d9a00f421aad7f9 f65689697e4e4f8c80f07c733cfb9061 - - default default] 10.0.0.246 "GET /v2.0/ports?device_id=8da9e24a-971b-41cc-8f0d-cbfd68df3d46 HTTP/1.1" status: 200 len: 210 time: 0.0640342
2026-03-01 22:18:07.577 10 WARNING neutron.scheduler.dhcp_agent_scheduler [None req-9e5ae28a-7944-4f00-b2d2-a9757971b501 7a7116ad831742b1851c89eed30bd572 5c880095e3144c999c7927a69a317610 - - default default] No more DHCP agents
2026-03-01 22:18:07.583 10 WARNING neutron.api.rpc.agentnotifiers.dhcp_rpc_agent_api [None req-9e5ae28a-7944-4f00-b2d2-a9757971b501 7a7116ad831742b1851c89eed30bd572 5c880095e3144c999c7927a69a317610 - - default default] Unable to schedule network da6f04f9-28d2-4224-9cbf-d4cb1587678d: no agents available; will retry on subsequent port and subnet creation events.
2026-03-01 22:18:07.745 9 INFO neutron.wsgi [None req-b12c1611-4d3e-4227-8d8f-beed4f4de0eb c98bc9c1d85e4983ad974cb4cf9dd46b b6357918f73b458f9e03a5667d465a0e - - default default] 10.0.0.58 "DELETE /v2.0/routers/f1bcd4c8-5ca0-478a-bbed-9d8c8e3580a9 HTTP/1.1" status: 204 len: 168 time: 1.3442142
2026-03-01 22:18:07.838 9 INFO neutron.wsgi [req-4dff4aaf-1816-4d26-95b1-90aa5a8b6205 req-0380ae4c-9c86-4428-b336-226641344738 9143d53dd0ee43419d9a00f421aad7f9 f65689697e4e4f8c80f07c733cfb9061 - - default default] 199.204.45.156 "GET /v2.0/networks?id=568e2acd-d956-46eb-88b8-1db42b89f6b1 HTTP/1.1" status: 200 len: 883 time: 0.1387284
2026-03-01 22:18:07.926 9 INFO neutron.wsgi [req-4dff4aaf-1816-4d26-95b1-90aa5a8b6205 req-ab8963cf-8ff4-49e1-ab8d-2dd9db70a526 9143d53dd0ee43419d9a00f421aad7f9 f65689697e4e4f8c80f07c733cfb9061 - - default default] 199.204.45.156 "GET /v2.0/security-groups?fields=id&fields=name&tenant_id=f65689697e4e4f8c80f07c733cfb9061 HTTP/1.1" status: 200 len: 380 time: 0.0641601
2026-03-01 22:18:07.941 9 WARNING neutron_lib.context [req-4dff4aaf-1816-4d26-95b1-90aa5a8b6205 req-c87c8a68-51da-450a-8e0b-57b127f6eed4 9143d53dd0ee43419d9a00f421aad7f9 f65689697e4e4f8c80f07c733cfb9061 - - default default] Method 'is_advsvc' is deprecated since 2023.2 release (neutron-lib 3.8.0) and will be removed once support for the old RBAC API policies will be removed from Neutron. Please use method 'is_service_role' instead.
2026-03-01 22:18:08.028 9 INFO neutron.wsgi [None req-5d6e9885-0bb9-4105-99f2-1daf13ef5948 c98bc9c1d85e4983ad974cb4cf9dd46b b6357918f73b458f9e03a5667d465a0e - - default default] 10.0.0.58 "DELETE /v2.0/subnets/64b68024-237b-497b-a84e-bea07a540546 HTTP/1.1" status: 204 len: 168 time: 0.2773116
2026-03-01 22:18:08.231 10 INFO neutron.db.ovn_revision_numbers_db [None req-9e5ae28a-7944-4f00-b2d2-a9757971b501 7a7116ad831742b1851c89eed30bd572 5c880095e3144c999c7927a69a317610 - - default default] Successfully bumped revision number for resource 9ea6b90e-a48a-4287-9606-acd516953a9b (type: floatingips) to 0
2026-03-01 22:18:08.270 10 INFO neutron.wsgi [None req-9e5ae28a-7944-4f00-b2d2-a9757971b501 7a7116ad831742b1851c89eed30bd572 5c880095e3144c999c7927a69a317610 - - default default] 10.0.0.58 "POST /v2.0/floatingips HTTP/1.1" status: 201 len: 751 time: 1.0744712
2026-03-01 22:18:08.506 10 INFO neutron.wsgi [None req-9bdde926-16b1-4f84-8b04-7b7f927e5448 c98bc9c1d85e4983ad974cb4cf9dd46b b6357918f73b458f9e03a5667d465a0e - - default default] 10.0.0.58 "DELETE /v2.0/routers/8f21584d-f59a-4299-8196-c2e2a199e7c9 HTTP/1.1" status: 204 len: 168 time: 1.3814764
2026-03-01 22:18:08.660 10 INFO neutron.wsgi [req-d1516dc6-b620-49be-9813-712e6de338ff req-65fb8a4a-64ad-4f01-8413-39a610b60658 9143d53dd0ee43419d9a00f421aad7f9 f65689697e4e4f8c80f07c733cfb9061 - - default default] 10.0.0.246 "GET /v2.0/ports?device_id=8da9e24a-971b-41cc-8f0d-cbfd68df3d46 HTTP/1.1" status: 200 len: 210 time: 0.0255680
2026-03-01 22:18:08.736 10 INFO neutron.wsgi [None req-81d7c23a-fd9b-4f4e-a910-3c374e143c40 c98bc9c1d85e4983ad974cb4cf9dd46b b6357918f73b458f9e03a5667d465a0e - - default default] 10.0.0.58 "DELETE /v2.0/subnets/0e0d98b8-39b0-4c95-bf05-06b1989a8727 HTTP/1.1" status: 204 len: 168 time: 0.2245443
2026-03-01 22:18:08.737 9 INFO neutron.wsgi [req-f46efd1f-b362-451c-93c1-c82cf330895a req-e3f4fa07-7e0e-416d-9e1c-bd5fd9bb6311 7a7116ad831742b1851c89eed30bd572 5c880095e3144c999c7927a69a317610 - - default default] 10.0.0.246 "GET /v2.0/security-groups?name=tempest-securitygroup--520639175&fields=id&tenant_id=5c880095e3144c999c7927a69a317610 HTTP/1.1" status: 200 len: 267 time: 0.0617268 /var/lib/openstack/lib/python3.10/site-packages/pycadf/identifier.py:71: UserWarning: Invalid uuid: neutron. To ensure interoperability, identifiers should be a valid uuid. warnings.warn(('Invalid uuid: %s. To ensure interoperability, '
2026-03-01 22:18:08.758 9 WARNING neutron.scheduler.dhcp_agent_scheduler [req-4dff4aaf-1816-4d26-95b1-90aa5a8b6205 req-c87c8a68-51da-450a-8e0b-57b127f6eed4 9143d53dd0ee43419d9a00f421aad7f9 f65689697e4e4f8c80f07c733cfb9061 - - default default] No more DHCP agents
2026-03-01 22:18:08.780 9 WARNING neutron.api.rpc.agentnotifiers.dhcp_rpc_agent_api [req-4dff4aaf-1816-4d26-95b1-90aa5a8b6205 req-c87c8a68-51da-450a-8e0b-57b127f6eed4 9143d53dd0ee43419d9a00f421aad7f9 f65689697e4e4f8c80f07c733cfb9061 - - default default] Unable to schedule network 568e2acd-d956-46eb-88b8-1db42b89f6b1: no agents available; will retry on subsequent port and subnet creation events.
2026-03-01 22:18:08.903 9 INFO neutron.wsgi [req-f46efd1f-b362-451c-93c1-c82cf330895a req-9df612f1-1135-4a1a-90df-df1028a3da77 7a7116ad831742b1851c89eed30bd572 5c880095e3144c999c7927a69a317610 - - default default] 10.0.0.246 "GET /v2.0/networks?id=0deb2461-fcce-4337-a0b4-9b98335673e0 HTTP/1.1" status: 200 len: 868 time: 0.1597123 /var/lib/openstack/lib/python3.10/site-packages/pycadf/identifier.py:71: UserWarning: Invalid uuid: neutron. To ensure interoperability, identifiers should be a valid uuid. warnings.warn(('Invalid uuid: %s. To ensure interoperability, '
2026-03-01 22:18:08.964 9 INFO neutron.wsgi [req-f46efd1f-b362-451c-93c1-c82cf330895a req-b9e2e395-13ba-4a5c-aa96-36ada972ba57 7a7116ad831742b1851c89eed30bd572 5c880095e3144c999c7927a69a317610 - - default default] 10.0.0.246 "GET /v2.0/quotas/5c880095e3144c999c7927a69a317610 HTTP/1.1" status: 200 len: 386 time: 0.0505140
2026-03-01 22:18:09.046 9 INFO neutron.wsgi [None req-4bedfecf-df24-47af-a637-fb8fb2f80bc6 c98bc9c1d85e4983ad974cb4cf9dd46b b6357918f73b458f9e03a5667d465a0e - - default default] 10.0.0.58 "DELETE /v2.0/networks/23318c2e-ac89-4d4e-a595-cb072c507151 HTTP/1.1" status: 204 len: 168 time: 1.0108571
2026-03-01 22:18:09.111 9 INFO neutron.wsgi [req-f46efd1f-b362-451c-93c1-c82cf330895a req-ad9ee8ec-607c-46a7-a8bd-ef59d9c87f3b 7a7116ad831742b1851c89eed30bd572 5c880095e3144c999c7927a69a317610 - - default default] 10.0.0.246 "GET /v2.0/ports?tenant_id=5c880095e3144c999c7927a69a317610&fields=id HTTP/1.1" status: 200 len: 302 time: 0.1347790
2026-03-01 22:18:09.111 9 INFO neutron.db.ovn_revision_numbers_db [req-4dff4aaf-1816-4d26-95b1-90aa5a8b6205 req-c87c8a68-51da-450a-8e0b-57b127f6eed4 9143d53dd0ee43419d9a00f421aad7f9 f65689697e4e4f8c80f07c733cfb9061 - - default default] Successfully bumped revision number for resource 30826060-aa4d-4abe-a4cd-b139e69a6267 (type: ports) to 1
2026-03-01 22:18:09.150 10 INFO neutron.wsgi [None req-660a3e35-c737-4428-b402-68bc91b2e0a4 c98bc9c1d85e4983ad974cb4cf9dd46b b6357918f73b458f9e03a5667d465a0e - - default default] 10.0.0.58 "DELETE /v2.0/networks/f3ece4f0-c47a-4e0d-980c-e84e3b9b972e HTTP/1.1" status: 204 len: 168 time: 0.4072571
2026-03-01 22:18:09.161 9 INFO neutron.wsgi [req-4dff4aaf-1816-4d26-95b1-90aa5a8b6205 req-c87c8a68-51da-450a-8e0b-57b127f6eed4 9143d53dd0ee43419d9a00f421aad7f9 f65689697e4e4f8c80f07c733cfb9061 - - default default] 199.204.45.156 "POST /v2.0/ports HTTP/1.1" status: 201 len: 1162 time: 1.2254419
2026-03-01 22:18:09.178 9 INFO neutron.wsgi [req-4dff4aaf-1816-4d26-95b1-90aa5a8b6205 req-f4bc45c0-7db2-4ac8-bd6b-4353e5d042b6 9143d53dd0ee43419d9a00f421aad7f9 f65689697e4e4f8c80f07c733cfb9061 - - default default] 199.204.45.156 "GET /v2.0/extensions HTTP/1.1" status: 200 len: 16980 time: 0.0072408
2026-03-01 22:18:09.203 9 INFO neutron.wsgi [req-f46efd1f-b362-451c-93c1-c82cf330895a req-447f7574-cc66-4a9f-9fb3-38790c7336a9 2b0eee7b5bc54b3b85c9d6ee7ef3baec 1feb78d0d7a440eb82b4ebfd87990c1c - - d91a2fb99e694998a3b70867b3c67f90 d91a2fb99e694998a3b70867b3c67f90] 10.0.0.246 "GET /v2.0/networks/0deb2461-fcce-4337-a0b4-9b98335673e0?fields=segments HTTP/1.1" status: 200 len: 212 time: 0.0792339
2026-03-01 22:18:09.248 10 INFO neutron.wsgi [None req-77069d61-6b1c-48e9-afee-36e18c67cea6 c98bc9c1d85e4983ad974cb4cf9dd46b b6357918f73b458f9e03a5667d465a0e - - default default] 10.0.0.58 "GET /v2.0/security-groups?tenant_id=272e2640f01c4b9d9a63d9c390fb3507&name=default HTTP/1.1" status: 200 len: 2992 time: 0.0334010
2026-03-01 22:18:09.294 9 INFO neutron.wsgi [req-f46efd1f-b362-451c-93c1-c82cf330895a req-5d80567b-3627-496a-ae22-9f2260526b3d 2b0eee7b5bc54b3b85c9d6ee7ef3baec 1feb78d0d7a440eb82b4ebfd87990c1c - - d91a2fb99e694998a3b70867b3c67f90 d91a2fb99e694998a3b70867b3c67f90] 10.0.0.246 "GET /v2.0/networks/0deb2461-fcce-4337-a0b4-9b98335673e0?fields=provider%3Aphysical_network&fields=provider%3Anetwork_type HTTP/1.1" status: 200 len: 277 time: 0.0814848
2026-03-01 22:18:09.335 10 WARNING neutron.plugins.ml2.drivers.ovn.mech_driver.ovsdb.ovn_client [None req-f8da379a-5a15-494a-963c-311b384f4b48 - - - - - -] No port found with ID 26f6504e-f929-424d-b694-0ce539ac7d52: RuntimeError: No port found with ID 26f6504e-f929-424d-b694-0ce539ac7d52
2026-03-01 22:18:09.335 10 INFO neutron.plugins.ml2.drivers.ovn.mech_driver.mech_driver [None req-f8da379a-5a15-494a-963c-311b384f4b48 - - - - - -] OVN reports status up for port: 69f3e6e4-06b3-4330-8940-7b0322ba879e
2026-03-01 22:18:09.349 10 INFO neutron.plugins.ml2.plugin [None req-f8da379a-5a15-494a-963c-311b384f4b48 - - - - - -] Attempt 1 to provision port 69f3e6e4-06b3-4330-8940-7b0322ba879e
2026-03-01 22:18:09.545 9 INFO neutron.wsgi [None req-43f7524a-e6b4-42e8-bf1a-164c56c3afe1 c98bc9c1d85e4983ad974cb4cf9dd46b b6357918f73b458f9e03a5667d465a0e - - default default] 10.0.0.58 "GET /v2.0/security-groups?tenant_id=c1b907bfcd4b4a52b601ea97aac8264e&name=default HTTP/1.1" status: 200 len: 2992 time: 0.0529115
2026-03-01 22:18:09.601 9 INFO neutron.services.segments.plugin [-] Segment 8965c6b8-18ab-4d91-b79f-d0e15f570def resource provider aggregate not found
2026-03-01 22:18:09.608 10 INFO neutron.wsgi [req-dfb4a436-c70d-41d5-b3b6-af52407d98a3 req-4d5baf34-ceaf-40fb-ae77-86f051d31761 7a7116ad831742b1851c89eed30bd572 5c880095e3144c999c7927a69a317610 - - default default] 10.0.0.246 "GET /v2.0/ports?device_id=ad6b3e74-fbb2-407c-a2fd-c518d6464207 HTTP/1.1" status: 200 len: 210 time: 0.0427933
2026-03-01 22:18:09.643 10 INFO neutron.plugins.ml2.drivers.ovn.mech_driver.mech_driver [None req-f8da379a-5a15-494a-963c-311b384f4b48 - - - - - -] OVN reports status up for port: c122902b-b560-4586-9fb3-96ec5422e2d7
2026-03-01 22:18:09.650 10 INFO neutron.plugins.ml2.plugin [None req-f8da379a-5a15-494a-963c-311b384f4b48 - - - - - -] Attempt 1 to provision port c122902b-b560-4586-9fb3-96ec5422e2d7
2026-03-01 22:18:09.671 9 INFO neutron.services.segments.plugin [-] Segment 8965c6b8-18ab-4d91-b79f-d0e15f570def resource provider aggregate not found
2026-03-01 22:18:09.690 10 INFO neutron.wsgi [None req-9b16385b-c2b5-4280-bcd1-bb4a24b4b72d c98bc9c1d85e4983ad974cb4cf9dd46b b6357918f73b458f9e03a5667d465a0e - - default default] 10.0.0.58 "DELETE /v2.0/security-groups/b0d50513-f707-4430-bdb3-a5db197a12bf HTTP/1.1" status: 204 len: 168 time: 0.4375641
2026-03-01 22:18:09.709 10 INFO neutron.services.segments.plugin [-] Segment f64263eb-ce60-4077-81d9-77b0b4654800 resource provider aggregate not found
2026-03-01 22:18:09.718 9 INFO neutron.services.segments.plugin [-] Segment 8965c6b8-18ab-4d91-b79f-d0e15f570def resource provider not found; error: Placement Client Error (4xx): {"errors": [{"status": 404, "title": "Not Found", "detail": "The resource could not be found.\n\n No resource provider with uuid 8965c6b8-18ab-4d91-b79f-d0e15f570def found for delete ", "request_id": "req-f31cf0fd-9357-4552-846f-068b439534cd"}]}
2026-03-01 22:18:09.730 10 INFO neutron.services.segments.plugin [-] Segment f64263eb-ce60-4077-81d9-77b0b4654800 resource provider aggregate not found
2026-03-01 22:18:09.731 9 WARNING neutron.plugins.ml2.drivers.ovn.mech_driver.ovsdb.ovn_client [None req-d554d607-ce5f-403f-952d-8fb1bb266bc6 - - - - - -] No hosting information found for port 9cb94207-d100-4e35-a049-bdb90300da3b: RuntimeError: No hosting information found for port 9cb94207-d100-4e35-a049-bdb90300da3b
2026-03-01 22:18:09.743 10 INFO neutron.services.segments.plugin [-] Segment f64263eb-ce60-4077-81d9-77b0b4654800 resource provider not found; error: Placement Client Error (4xx): {"errors": [{"status": 404, "title": "Not Found", "detail": "The resource could not be found.\n\n No resource provider with uuid f64263eb-ce60-4077-81d9-77b0b4654800 found for delete ", "request_id": "req-a1f07ee0-04db-4522-b052-955be1fff367"}]}
2026-03-01 22:18:09.745 9 INFO neutron.services.segments.plugin [-] Segment 8965c6b8-18ab-4d91-b79f-d0e15f570def resource provider not found; error: Placement Client Error (4xx): {"errors": [{"status": 404, "title": "Not Found", "detail": "The resource could not be found.\n\n No resource provider with uuid 8965c6b8-18ab-4d91-b79f-d0e15f570def found for delete ", "request_id": "req-64b1258e-f224-414c-b557-5fd5d581ab90"}]}
2026-03-01 22:18:09.748 10 INFO neutron.services.segments.plugin [-] Segment f64263eb-ce60-4077-81d9-77b0b4654800 resource provider not found; error: Placement Client Error (4xx): {"errors": [{"status": 404, "title": "Not Found", "detail": "The resource could not be found.\n\n No resource provider with uuid f64263eb-ce60-4077-81d9-77b0b4654800 found for delete ", "request_id": "req-407de149-2238-4a7d-bed2-df2d51b8cdd4"}]}
2026-03-01 22:18:09.806 9 INFO neutron.wsgi [req-722fadb0-2f7e-4151-8a07-16fe41bf6f45 req-82d29f37-51eb-4333-aa4a-3b3a9f8d449b 9143d53dd0ee43419d9a00f421aad7f9 f65689697e4e4f8c80f07c733cfb9061 - - default default] 10.0.0.246 "GET /v2.0/ports?device_id=8da9e24a-971b-41cc-8f0d-cbfd68df3d46 HTTP/1.1" status: 200 len: 1160 time: 0.0589244
2026-03-01 22:18:09.870 9 INFO neutron.wsgi [req-722fadb0-2f7e-4151-8a07-16fe41bf6f45 req-52a4ea2d-d2be-4b54-bbe0-333219ff40e4 9143d53dd0ee43419d9a00f421aad7f9 f65689697e4e4f8c80f07c733cfb9061 - - default default] 10.0.0.246 "GET /v2.0/security-groups?id=b35be3d5-b36b-4fac-acbf-568725ffbf93&fields=id&fields=name HTTP/1.1" status: 200 len: 313 time: 0.0593264
2026-03-01 22:18:09.939 9 INFO neutron.wsgi [None req-8d751ac9-1213-46e2-8a92-cd1dd4546910 c98bc9c1d85e4983ad974cb4cf9dd46b b6357918f73b458f9e03a5667d465a0e - - default default] 10.0.0.58 "DELETE /v2.0/security-groups/1f092b26-5f8b-4d6c-9218-5dc498689958 HTTP/1.1" status: 204 len: 168 time: 0.3891506
2026-03-01 22:18:09.972 10 INFO neutron.db.ovn_revision_numbers_db [None req-f8da379a-5a15-494a-963c-311b384f4b48 - - - - - -] Successfully bumped revision number for resource c122902b-b560-4586-9fb3-96ec5422e2d7 (type: ports) to 2
2026-03-01 22:18:10.063 10 INFO neutron.db.ovn_revision_numbers_db [None req-f8da379a-5a15-494a-963c-311b384f4b48 - - - - - -] Successfully bumped revision number for resource c122902b-b560-4586-9fb3-96ec5422e2d7 (type: router_ports) to 2
2026-03-01 22:18:10.243 9 INFO neutron.db.ovn_revision_numbers_db [req-4dff4aaf-1816-4d26-95b1-90aa5a8b6205 req-c948cc94-0ac1-4e87-9aa3-e3895ae5d0f5 2b0eee7b5bc54b3b85c9d6ee7ef3baec 1feb78d0d7a440eb82b4ebfd87990c1c - - d91a2fb99e694998a3b70867b3c67f90 d91a2fb99e694998a3b70867b3c67f90] Successfully bumped revision number for resource 30826060-aa4d-4abe-a4cd-b139e69a6267 (type: ports) to 2
2026-03-01 22:18:10.506 9 INFO neutron.db.ovn_revision_numbers_db [req-4dff4aaf-1816-4d26-95b1-90aa5a8b6205 req-c948cc94-0ac1-4e87-9aa3-e3895ae5d0f5 2b0eee7b5bc54b3b85c9d6ee7ef3baec 1feb78d0d7a440eb82b4ebfd87990c1c - - d91a2fb99e694998a3b70867b3c67f90 d91a2fb99e694998a3b70867b3c67f90] Successfully bumped revision number for resource 30826060-aa4d-4abe-a4cd-b139e69a6267 (type: ports) to 2
2026-03-01 22:18:10.532 9 INFO neutron.wsgi [req-4dff4aaf-1816-4d26-95b1-90aa5a8b6205 req-c948cc94-0ac1-4e87-9aa3-e3895ae5d0f5 2b0eee7b5bc54b3b85c9d6ee7ef3baec 1feb78d0d7a440eb82b4ebfd87990c1c - - d91a2fb99e694998a3b70867b3c67f90 d91a2fb99e694998a3b70867b3c67f90] 199.204.45.156 "PUT /v2.0/ports/30826060-aa4d-4abe-a4cd-b139e69a6267 HTTP/1.1" status: 200 len: 1380 time: 0.8642595
2026-03-01 22:18:10.541 10 INFO neutron.wsgi [req-f46efd1f-b362-451c-93c1-c82cf330895a req-4208b042-1c3f-43c4-8250-fad734ec1a9e 7a7116ad831742b1851c89eed30bd572 5c880095e3144c999c7927a69a317610 - - default default] 199.204.45.156 "GET /v2.0/networks?id=0deb2461-fcce-4337-a0b4-9b98335673e0 HTTP/1.1" status: 200 len: 868 time: 0.1185443
