2026-03-01 22:23:25.739 9 WARNING neutron.api.rpc.agentnotifiers.dhcp_rpc_agent_api [None req-b98596ff-5320-471d-a0cf-b92ea20ac497 454ccc890d274f1581e3608a9b3e308f 567b3d21aa2a42d1945c222ce2e693ff - - default default] Unable to schedule network 7bf4b8e7-a664-463d-9be5-7b9ada5a11d4: no agents available; will retry on subsequent port and subnet creation events.
2026-03-01 22:23:25.761 10 INFO neutron.wsgi [None req-2a223961-4063-47c2-b7bd-f491f8f33954 c98bc9c1d85e4983ad974cb4cf9dd46b b6357918f73b458f9e03a5667d465a0e - - default default] 199.204.45.156 "GET /v2.0/extensions/security-group HTTP/1.1" status: 200 len: 369 time: 0.0080583
2026-03-01 22:23:25.768 10 INFO neutron.wsgi [None req-a8889edc-2daa-436b-b43a-e013010ff1b3 c98bc9c1d85e4983ad974cb4cf9dd46b b6357918f73b458f9e03a5667d465a0e - - default default] 199.204.45.156 "GET /v2.0/extensions/dns-integration HTTP/1.1" status: 200 len: 371 time: 0.0040421
2026-03-01 22:23:25.777 10 INFO neutron.wsgi [None req-116f842e-2698-4c4f-9108-76f5a4153200 c98bc9c1d85e4983ad974cb4cf9dd46b b6357918f73b458f9e03a5667d465a0e - - default default] 199.204.45.156 "GET /v2.0/extensions/qos HTTP/1.1" status: 200 len: 365 time: 0.0046606
2026-03-01 22:23:25.784 10 INFO neutron.wsgi [None req-ce461239-ecd0-43d5-999c-021c68bb44ec c98bc9c1d85e4983ad974cb4cf9dd46b b6357918f73b458f9e03a5667d465a0e - - default default] 199.204.45.156 "GET /v2.0/extensions/allowed-address-pairs HTTP/1.1" status: 200 len: 383 time: 0.0039349
2026-03-01 22:23:25.833 10 INFO neutron.wsgi [None req-b550ce77-5677-4625-bdc0-5b8049bbb143 c98bc9c1d85e4983ad974cb4cf9dd46b b6357918f73b458f9e03a5667d465a0e - - default default] 199.204.45.156 "GET /v2.0/subnets/4b1b8f3f-8364-4529-9c35-641dc8046034 HTTP/1.1" status: 200 len: 850 time: 0.0422223
2026-03-01 22:23:25.846 9 INFO neutron.db.ovn_revision_numbers_db [None req-b98596ff-5320-471d-a0cf-b92ea20ac497 454ccc890d274f1581e3608a9b3e308f 567b3d21aa2a42d1945c222ce2e693ff - - default default] Successfully bumped revision number for resource a0d8ced2-dc82-4734-bc58-22acac12b8c7 (type: ports) to 1
2026-03-01 22:23:25.888 9 INFO neutron.wsgi [None req-b98596ff-5320-471d-a0cf-b92ea20ac497 454ccc890d274f1581e3608a9b3e308f 567b3d21aa2a42d1945c222ce2e693ff - - default default] 10.0.0.58 "POST /v2.0/ports HTTP/1.1" status: 201 len: 942 time: 0.4342284
2026-03-01 22:23:25.892 10 INFO neutron.wsgi [None req-06f8dd5f-3974-4a29-9ff0-c89ae17299bc c98bc9c1d85e4983ad974cb4cf9dd46b b6357918f73b458f9e03a5667d465a0e - - default default] 199.204.45.156 "GET /v2.0/ports?device_id=8f06dd68-0978-4644-8d83-f722b56ed2ad HTTP/1.1" status: 200 len: 2720 time: 0.0559449
2026-03-01 22:23:25.897 10 WARNING neutron_lib.context [None req-d3b47a26-34c5-45d8-9810-a22026bce03b 454ccc890d274f1581e3608a9b3e308f 567b3d21aa2a42d1945c222ce2e693ff - - default default] Method 'is_advsvc' is deprecated since 2023.2 release (neutron-lib 3.8.0) and will be removed once support for the old RBAC API policies will be removed from Neutron. Please use method 'is_service_role' instead.
2026-03-01 22:23:25.942 10 INFO neutron.wsgi [None req-d16b7020-9a54-4257-bfa8-de551fc18dc2 c98bc9c1d85e4983ad974cb4cf9dd46b b6357918f73b458f9e03a5667d465a0e - - default default] 199.204.45.156 "GET /v2.0/ports?device_id=8f06dd68-0978-4644-8d83-f722b56ed2ad HTTP/1.1" status: 200 len: 2720 time: 0.0388701
2026-03-01 22:23:26.060 10 INFO neutron.wsgi [None req-fc6ce399-4487-4f4e-ad8f-acb24b578c19 c98bc9c1d85e4983ad974cb4cf9dd46b b6357918f73b458f9e03a5667d465a0e - - default default] 199.204.45.156 "GET /v2.0/ports?device_id=8f06dd68-0978-4644-8d83-f722b56ed2ad HTTP/1.1" status: 200 len: 2720 time: 0.0549989
2026-03-01 22:23:26.136 10 INFO neutron.wsgi [None req-d3b47a26-34c5-45d8-9810-a22026bce03b 454ccc890d274f1581e3608a9b3e308f 567b3d21aa2a42d1945c222ce2e693ff - - default default] 10.0.0.58 "POST /v2.0/trunks HTTP/1.1" status: 201 len: 608 time: 0.2428873 /var/lib/openstack/lib/python3.10/site-packages/pycadf/identifier.py:71: UserWarning: Invalid uuid: neutron. To ensure interoperability, identifiers should be a valid uuid. warnings.warn(('Invalid uuid: %s. To ensure interoperability, '
2026-03-01 22:23:26.150 9 WARNING neutron_lib.context [None req-e66dffcc-f718-4f38-8399-8f02fb879b65 454ccc890d274f1581e3608a9b3e308f 567b3d21aa2a42d1945c222ce2e693ff - - default default] Method 'is_advsvc' is deprecated since 2023.2 release (neutron-lib 3.8.0) and will be removed once support for the old RBAC API policies will be removed from Neutron. Please use method 'is_service_role' instead.
2026-03-01 22:23:26.233 9 INFO neutron.db.segments_db [None req-e66dffcc-f718-4f38-8399-8f02fb879b65 454ccc890d274f1581e3608a9b3e308f 567b3d21aa2a42d1945c222ce2e693ff - - default default] Added segment 9b5afa7d-62a3-4e79-98b6-36c79d917abc of type geneve for network d2a850c6-deec-4e08-929c-d97c06030f8f
2026-03-01 22:23:26.315 10 INFO neutron.plugins.ml2.drivers.ovn.mech_driver.mech_driver [None req-f8da379a-5a15-494a-963c-311b384f4b48 - - - - - -] OVN reports status down for port: e2b40b2d-8207-4f36-b12a-4b6651763bfc
2026-03-01 22:23:26.442 9 INFO neutron.db.ovn_revision_numbers_db [None req-e66dffcc-f718-4f38-8399-8f02fb879b65 454ccc890d274f1581e3608a9b3e308f 567b3d21aa2a42d1945c222ce2e693ff - - default default] Successfully bumped revision number for resource d2a850c6-deec-4e08-929c-d97c06030f8f (type: networks) to 1
2026-03-01 22:23:26.524 9 INFO neutron.wsgi [req-6ddfbcbe-04db-473e-88b2-96e334b2e2de req-55e7a88f-e2d9-4997-8a34-4fb6af905ab0 2b0eee7b5bc54b3b85c9d6ee7ef3baec 1feb78d0d7a440eb82b4ebfd87990c1c - - d91a2fb99e694998a3b70867b3c67f90 d91a2fb99e694998a3b70867b3c67f90] 199.204.45.156 "GET /v2.0/ports/e2b40b2d-8207-4f36-b12a-4b6651763bfc HTTP/1.1" status: 200 len: 1509 time: 0.1166034
2026-03-01 22:23:26.534 10 INFO neutron.notifiers.nova [-] Nova event matching ['req-00938946-f69d-4c46-beca-da14b609044c'] response: {'server_uuid': '8f06dd68-0978-4644-8d83-f722b56ed2ad', 'name': 'network-vif-unplugged', 'status': 'completed', 'tag': 'e2b40b2d-8207-4f36-b12a-4b6651763bfc', 'code': 200}
2026-03-01 22:23:26.569 9 INFO neutron.db.ovn_revision_numbers_db [None req-0abf04d4-3b46-486c-a6bf-66645acc7664 - - - - - -] Successfully bumped revision number for resource c540a714-0baf-4c16-883f-6abedd003f37 (type: ports) to 6
2026-03-01 22:23:26.575 9 INFO neutron.wsgi [req-6ddfbcbe-04db-473e-88b2-96e334b2e2de req-79cb859a-6942-402a-85fe-2ce236552596 c98bc9c1d85e4983ad974cb4cf9dd46b b6357918f73b458f9e03a5667d465a0e - - default default] 199.204.45.156 "GET /v2.0/ports/e2b40b2d-8207-4f36-b12a-4b6651763bfc?fields=binding%3Aprofile&fields=network_id HTTP/1.1" status: 200 len: 281 time: 0.0465951
2026-03-01 22:23:26.655 10 INFO neutron.db.ovn_revision_numbers_db [None req-f8da379a-5a15-494a-963c-311b384f4b48 - - - - - -] Successfully bumped revision number for resource e2b40b2d-8207-4f36-b12a-4b6651763bfc (type: ports) to 7
2026-03-01 22:23:26.660 9 INFO neutron.wsgi [req-6ddfbcbe-04db-473e-88b2-96e334b2e2de req-076da5e4-7474-41ea-8915-bf8f02a4d58f c98bc9c1d85e4983ad974cb4cf9dd46b b6357918f73b458f9e03a5667d465a0e - - default default] 199.204.45.156 "GET /v2.0/networks/61d097e7-c323-4773-b456-5d4d0341f05c?fields=dns_domain HTTP/1.1" status: 200 len: 227 time: 0.0783057
2026-03-01 22:23:26.678 10 INFO neutron.plugins.ml2.drivers.ovn.mech_driver.mech_driver [None req-f8da379a-5a15-494a-963c-311b384f4b48 - - - - - -] OVN reports status down for port: c540a714-0baf-4c16-883f-6abedd003f37
2026-03-01 22:23:26.700 9 WARNING neutron.scheduler.dhcp_agent_scheduler [None req-e66dffcc-f718-4f38-8399-8f02fb879b65 454ccc890d274f1581e3608a9b3e308f 567b3d21aa2a42d1945c222ce2e693ff - - default default] No more DHCP agents
2026-03-01 22:23:26.705 9 WARNING neutron.api.rpc.agentnotifiers.dhcp_rpc_agent_api [None req-e66dffcc-f718-4f38-8399-8f02fb879b65 454ccc890d274f1581e3608a9b3e308f 567b3d21aa2a42d1945c222ce2e693ff - - default default] Unable to schedule network d2a850c6-deec-4e08-929c-d97c06030f8f: no agents available; will retry on subsequent port and subnet creation events.
2026-03-01 22:23:26.805 9 INFO neutron.db.ovn_revision_numbers_db [None req-e66dffcc-f718-4f38-8399-8f02fb879b65 454ccc890d274f1581e3608a9b3e308f 567b3d21aa2a42d1945c222ce2e693ff - - default default] Successfully bumped revision number for resource 28b25015-2abd-4f3b-a603-712b0a5d2761 (type: ports) to 1
2026-03-01 22:23:26.837 9 INFO neutron.wsgi [None req-e66dffcc-f718-4f38-8399-8f02fb879b65 454ccc890d274f1581e3608a9b3e308f 567b3d21aa2a42d1945c222ce2e693ff - - default default] 10.0.0.58 "POST /v2.0/networks HTTP/1.1" status: 201 len: 831 time: 0.6941357 /var/lib/openstack/lib/python3.10/site-packages/pycadf/identifier.py:71: UserWarning: Invalid uuid: neutron. To ensure interoperability, identifiers should be a valid uuid. warnings.warn(('Invalid uuid: %s. To ensure interoperability, '
2026-03-01 22:23:26.850 10 WARNING neutron_lib.context [None req-747447a3-520c-438a-84fe-8443a7f1766b 454ccc890d274f1581e3608a9b3e308f 567b3d21aa2a42d1945c222ce2e693ff - - default default] Method 'is_advsvc' is deprecated since 2023.2 release (neutron-lib 3.8.0) and will be removed once support for the old RBAC API policies will be removed from Neutron. Please use method 'is_service_role' instead. /var/lib/openstack/lib/python3.10/site-packages/pycadf/identifier.py:71: UserWarning: Invalid uuid: neutron. To ensure interoperability, identifiers should be a valid uuid. warnings.warn(('Invalid uuid: %s. To ensure interoperability, '
2026-03-01 22:23:27.087 9 INFO neutron.db.ovn_revision_numbers_db [req-6ddfbcbe-04db-473e-88b2-96e334b2e2de req-978500fe-2895-4b7a-8989-8e88a2dde8f1 2b0eee7b5bc54b3b85c9d6ee7ef3baec 1feb78d0d7a440eb82b4ebfd87990c1c - - d91a2fb99e694998a3b70867b3c67f90 d91a2fb99e694998a3b70867b3c67f90] Successfully bumped revision number for resource e2b40b2d-8207-4f36-b12a-4b6651763bfc (type: ports) to 8
2026-03-01 22:23:27.101 10 WARNING neutron.scheduler.dhcp_agent_scheduler [None req-747447a3-520c-438a-84fe-8443a7f1766b 454ccc890d274f1581e3608a9b3e308f 567b3d21aa2a42d1945c222ce2e693ff - - default default] No more DHCP agents
2026-03-01 22:23:27.104 9 INFO neutron.wsgi [req-6ddfbcbe-04db-473e-88b2-96e334b2e2de req-978500fe-2895-4b7a-8989-8e88a2dde8f1 2b0eee7b5bc54b3b85c9d6ee7ef3baec 1feb78d0d7a440eb82b4ebfd87990c1c - - d91a2fb99e694998a3b70867b3c67f90 d91a2fb99e694998a3b70867b3c67f90] 199.204.45.156 "PUT /v2.0/ports/e2b40b2d-8207-4f36-b12a-4b6651763bfc HTTP/1.1" status: 200 len: 1343 time: 0.4321773
2026-03-01 22:23:27.105 10 WARNING neutron.api.rpc.agentnotifiers.dhcp_rpc_agent_api [None req-747447a3-520c-438a-84fe-8443a7f1766b 454ccc890d274f1581e3608a9b3e308f 567b3d21aa2a42d1945c222ce2e693ff - - default default] Unable to schedule network d2a850c6-deec-4e08-929c-d97c06030f8f: no agents available; will retry on subsequent port and subnet creation events.
2026-03-01 22:23:27.130 10 INFO neutron.wsgi [None req-af33fb98-b3f0-4c76-b445-08dd5fb4bf46 c98bc9c1d85e4983ad974cb4cf9dd46b b6357918f73b458f9e03a5667d465a0e - - default default] 199.204.45.156 "GET /v2.0/ports?device_id=8f06dd68-0978-4644-8d83-f722b56ed2ad HTTP/1.1" status: 200 len: 1417 time: 0.0562508 /var/lib/openstack/lib/python3.10/site-packages/pycadf/identifier.py:71: UserWarning: Invalid uuid: neutron. To ensure interoperability, identifiers should be a valid uuid. warnings.warn(('Invalid uuid: %s. To ensure interoperability, ' /var/lib/openstack/lib/python3.10/site-packages/pycadf/identifier.py:71: UserWarning: Invalid uuid: neutron. To ensure interoperability, identifiers should be a valid uuid. warnings.warn(('Invalid uuid: %s. To ensure interoperability, '
2026-03-01 22:23:27.197 9 INFO neutron.wsgi [req-6ddfbcbe-04db-473e-88b2-96e334b2e2de req-67992ab1-932a-41e2-a465-e35321f2d410 2b0eee7b5bc54b3b85c9d6ee7ef3baec 1feb78d0d7a440eb82b4ebfd87990c1c - - d91a2fb99e694998a3b70867b3c67f90 d91a2fb99e694998a3b70867b3c67f90] 199.204.45.156 "GET /v2.0/ports?tenant_id=b6357918f73b458f9e03a5667d465a0e&device_id=8f06dd68-0978-4644-8d83-f722b56ed2ad HTTP/1.1" status: 200 len: 1417 time: 0.0404770
2026-03-01 22:23:27.251 10 INFO neutron.db.ovn_revision_numbers_db [None req-747447a3-520c-438a-84fe-8443a7f1766b 454ccc890d274f1581e3608a9b3e308f 567b3d21aa2a42d1945c222ce2e693ff - - default default] Successfully bumped revision number for resource df5dad04-4850-4c2d-aa9a-972e1d2cb823 (type: ports) to 1
2026-03-01 22:23:27.269 9 INFO neutron.wsgi [req-6ddfbcbe-04db-473e-88b2-96e334b2e2de req-57482e96-3df2-4acb-a027-b82aa9839bf7 2b0eee7b5bc54b3b85c9d6ee7ef3baec 1feb78d0d7a440eb82b4ebfd87990c1c - - d91a2fb99e694998a3b70867b3c67f90 d91a2fb99e694998a3b70867b3c67f90] 199.204.45.156 "GET /v2.0/networks?id=bb482a7a-c46c-457a-a186-b44bfb1280f8&id=61d097e7-c323-4773-b456-5d4d0341f05c HTTP/1.1" status: 200 len: 1729 time: 0.0669429
2026-03-01 22:23:27.277 10 INFO neutron.wsgi [None req-747447a3-520c-438a-84fe-8443a7f1766b 454ccc890d274f1581e3608a9b3e308f 567b3d21aa2a42d1945c222ce2e693ff - - default default] 10.0.0.58 "POST /v2.0/ports HTTP/1.1" status: 201 len: 942 time: 0.4346187
2026-03-01 22:23:27.291 10 WARNING neutron_lib.context [None req-1de14132-4a7f-4e13-9b80-c34d71a1947c 454ccc890d274f1581e3608a9b3e308f 567b3d21aa2a42d1945c222ce2e693ff - - default default] Method 'is_advsvc' is deprecated since 2023.2 release (neutron-lib 3.8.0) and will be removed once support for the old RBAC API policies will be removed from Neutron. Please use method 'is_service_role' instead.
2026-03-01 22:23:27.309 9 INFO neutron.wsgi [req-6ddfbcbe-04db-473e-88b2-96e334b2e2de req-37142cdd-af30-41ab-a283-91443df1c3b0 2b0eee7b5bc54b3b85c9d6ee7ef3baec 1feb78d0d7a440eb82b4ebfd87990c1c - - d91a2fb99e694998a3b70867b3c67f90 d91a2fb99e694998a3b70867b3c67f90] 199.204.45.156 "GET /v2.0/floatingips?fixed_ip_address=172.24.3.231&port_id=0b06cb84-d929-4b59-86e7-21247dd64870 HTTP/1.1" status: 200 len: 217 time: 0.0304677
2026-03-01 22:23:27.357 9 INFO neutron.wsgi [req-6ddfbcbe-04db-473e-88b2-96e334b2e2de req-7323d4ed-0a72-4485-ba4f-dbc2476ab8e1 2b0eee7b5bc54b3b85c9d6ee7ef3baec 1feb78d0d7a440eb82b4ebfd87990c1c - - d91a2fb99e694998a3b70867b3c67f90 d91a2fb99e694998a3b70867b3c67f90] 199.204.45.156 "GET /v2.0/subnets?id=64e18f24-c519-4c88-a50c-38ef854b39a1 HTTP/1.1" status: 200 len: 829 time: 0.0395133
2026-03-01 22:23:27.388 9 INFO neutron.wsgi [req-6ddfbcbe-04db-473e-88b2-96e334b2e2de req-39c8cf12-dcba-472e-8b4a-ff8a6a69aac1 2b0eee7b5bc54b3b85c9d6ee7ef3baec 1feb78d0d7a440eb82b4ebfd87990c1c - - d91a2fb99e694998a3b70867b3c67f90 d91a2fb99e694998a3b70867b3c67f90] 199.204.45.156 "GET /v2.0/ports?network_id=bb482a7a-c46c-457a-a186-b44bfb1280f8&device_owner=network%3Adhcp HTTP/1.1" status: 200 len: 210 time: 0.0246072
2026-03-01 22:23:27.467 9 INFO neutron.wsgi [req-6ddfbcbe-04db-473e-88b2-96e334b2e2de req-4b0a9708-b011-4b40-a950-8c41679f0e2d 2b0eee7b5bc54b3b85c9d6ee7ef3baec 1feb78d0d7a440eb82b4ebfd87990c1c - - d91a2fb99e694998a3b70867b3c67f90 d91a2fb99e694998a3b70867b3c67f90] 199.204.45.156 "GET /v2.0/networks/bb482a7a-c46c-457a-a186-b44bfb1280f8?fields=segments HTTP/1.1" status: 200 len: 212 time: 0.0685129
2026-03-01 22:23:27.547 9 INFO neutron.wsgi [req-6ddfbcbe-04db-473e-88b2-96e334b2e2de req-85e1acef-733a-4a87-ad6c-658b9512766c 2b0eee7b5bc54b3b85c9d6ee7ef3baec 1feb78d0d7a440eb82b4ebfd87990c1c - - d91a2fb99e694998a3b70867b3c67f90 d91a2fb99e694998a3b70867b3c67f90] 199.204.45.156 "GET /v2.0/networks/bb482a7a-c46c-457a-a186-b44bfb1280f8?fields=provider%3Aphysical_network&fields=provider%3Anetwork_type HTTP/1.1" status: 200 len: 277 time: 0.0724626
2026-03-01 22:23:27.591 10 INFO neutron.wsgi [None req-1de14132-4a7f-4e13-9b80-c34d71a1947c 454ccc890d274f1581e3608a9b3e308f 567b3d21aa2a42d1945c222ce2e693ff - - default default] 10.0.0.58 "POST /v2.0/trunks HTTP/1.1" status: 201 len: 608 time: 0.3056262
2026-03-01 22:23:27.607 9 WARNING neutron_lib.context [None req-30d7d4c4-1ab4-429f-b6ea-eb58d0f5998e 454ccc890d274f1581e3608a9b3e308f 567b3d21aa2a42d1945c222ce2e693ff - - default default] Method 'is_advsvc' is deprecated since 2023.2 release (neutron-lib 3.8.0) and will be removed once support for the old RBAC API policies will be removed from Neutron. Please use method 'is_service_role' instead.
2026-03-01 22:23:27.716 9 INFO neutron.db.segments_db [None req-30d7d4c4-1ab4-429f-b6ea-eb58d0f5998e 454ccc890d274f1581e3608a9b3e308f 567b3d21aa2a42d1945c222ce2e693ff - - default default] Added segment aa0769ef-e994-47b9-86a4-546293dc9f5e of type geneve for network 6dbc0579-8e7e-431e-93e0-587e3402eb54
2026-03-01 22:23:27.807 9 INFO neutron.db.ovn_revision_numbers_db [None req-0abf04d4-3b46-486c-a6bf-66645acc7664 - - - - - -] Successfully bumped revision number for resource c540a714-0baf-4c16-883f-6abedd003f37 (type: ports) to 8
2026-03-01 22:23:27.962 9 INFO neutron.db.ovn_revision_numbers_db [None req-30d7d4c4-1ab4-429f-b6ea-eb58d0f5998e 454ccc890d274f1581e3608a9b3e308f 567b3d21aa2a42d1945c222ce2e693ff - - default default] Successfully bumped revision number for resource 6dbc0579-8e7e-431e-93e0-587e3402eb54 (type: networks) to 1
2026-03-01 22:23:27.995 10 INFO neutron.db.ovn_revision_numbers_db [None req-de7791b8-25d4-454a-ab39-91c65b690958 c98bc9c1d85e4983ad974cb4cf9dd46b b6357918f73b458f9e03a5667d465a0e - - default default] Successfully bumped revision number for resource e2b40b2d-8207-4f36-b12a-4b6651763bfc (type: ports) to 9
2026-03-01 22:23:28.009 10 INFO neutron.wsgi [None req-de7791b8-25d4-454a-ab39-91c65b690958 c98bc9c1d85e4983ad974cb4cf9dd46b b6357918f73b458f9e03a5667d465a0e - - default default] 199.204.45.156 "PUT /v2.0/ports/e2b40b2d-8207-4f36-b12a-4b6651763bfc HTTP/1.1" status: 200 len: 1282 time: 0.8722908 /var/lib/openstack/lib/python3.10/site-packages/pycadf/identifier.py:71: UserWarning: Invalid uuid: neutron. To ensure interoperability, identifiers should be a valid uuid. warnings.warn(('Invalid uuid: %s. To ensure interoperability, '
2026-03-01 22:23:28.049 10 INFO neutron.wsgi [None req-e21c534a-dcdf-4ac4-bf68-9e1cf307231d c98bc9c1d85e4983ad974cb4cf9dd46b b6357918f73b458f9e03a5667d465a0e - - default default] 199.204.45.156 "GET /v2.0/ports/e2b40b2d-8207-4f36-b12a-4b6651763bfc HTTP/1.1" status: 200 len: 1282 time: 0.0299795
2026-03-01 22:23:28.168 9 WARNING neutron.scheduler.dhcp_agent_scheduler [None req-30d7d4c4-1ab4-429f-b6ea-eb58d0f5998e 454ccc890d274f1581e3608a9b3e308f 567b3d21aa2a42d1945c222ce2e693ff - - default default] No more DHCP agents
2026-03-01 22:23:28.170 9 WARNING neutron.api.rpc.agentnotifiers.dhcp_rpc_agent_api [None req-30d7d4c4-1ab4-429f-b6ea-eb58d0f5998e 454ccc890d274f1581e3608a9b3e308f 567b3d21aa2a42d1945c222ce2e693ff - - default default] Unable to schedule network 6dbc0579-8e7e-431e-93e0-587e3402eb54: no agents available; will retry on subsequent port and subnet creation events.
2026-03-01 22:23:28.280 9 INFO neutron.db.ovn_revision_numbers_db [None req-30d7d4c4-1ab4-429f-b6ea-eb58d0f5998e 454ccc890d274f1581e3608a9b3e308f 567b3d21aa2a42d1945c222ce2e693ff - - default default] Successfully bumped revision number for resource 3b2809f9-4f36-4cec-9710-541451e2540d (type: ports) to 1
2026-03-01 22:23:28.333 9 INFO neutron.wsgi [None req-30d7d4c4-1ab4-429f-b6ea-eb58d0f5998e 454ccc890d274f1581e3608a9b3e308f 567b3d21aa2a42d1945c222ce2e693ff - - default default] 10.0.0.58 "POST /v2.0/networks HTTP/1.1" status: 201 len: 830 time: 0.7351787
2026-03-01 22:23:28.344 9 WARNING neutron_lib.context [None req-84dcbab9-7623-452a-a72f-db27010fbb62 454ccc890d274f1581e3608a9b3e308f 567b3d21aa2a42d1945c222ce2e693ff - - default default] Method 'is_advsvc' is deprecated since 2023.2 release (neutron-lib 3.8.0) and will be removed once support for the old RBAC API policies will be removed from Neutron. Please use method 'is_service_role' instead.
2026-03-01 22:23:28.490 10 INFO neutron.wsgi [None req-9c77af14-835e-4acf-aca4-29fc9876bca4 c98bc9c1d85e4983ad974cb4cf9dd46b b6357918f73b458f9e03a5667d465a0e - - default default] 199.204.45.156 "DELETE /v2.0/ports/e2b40b2d-8207-4f36-b12a-4b6651763bfc HTTP/1.1" status: 204 len: 173 time: 0.4335363
2026-03-01 22:23:28.575 10 INFO neutron.wsgi [None req-410bebe6-0997-4f25-80cb-ac9606a721c4 c98bc9c1d85e4983ad974cb4cf9dd46b b6357918f73b458f9e03a5667d465a0e - - default default] 199.204.45.156 "GET /v2.0/extensions/security-group HTTP/1.1" status: 200 len: 369 time: 0.0071940
2026-03-01 22:23:28.585 10 INFO neutron.wsgi [None req-1c18e30b-950b-4124-87a8-2426d76776f4 c98bc9c1d85e4983ad974cb4cf9dd46b b6357918f73b458f9e03a5667d465a0e - - default default] 199.204.45.156 "GET /v2.0/extensions/dns-integration HTTP/1.1" status: 200 len: 371 time: 0.0045278
2026-03-01 22:23:28.587 10 INFO neutron.notifiers.nova [-] Nova event matching ['req-9632b5bb-67ef-4255-a4b7-844de1979f7c'] response: {'server_uuid': '8f06dd68-0978-4644-8d83-f722b56ed2ad', 'name': 'network-vif-plugged', 'status': 'completed', 'tag': 'e2b40b2d-8207-4f36-b12a-4b6651763bfc', 'code': 200}
2026-03-01 22:23:28.594 10 INFO neutron.wsgi [None req-fa205757-10ae-467b-9890-14699e577ace c98bc9c1d85e4983ad974cb4cf9dd46b b6357918f73b458f9e03a5667d465a0e - - default default] 199.204.45.156 "GET /v2.0/extensions/qos HTTP/1.1" status: 200 len: 365 time: 0.0040927
2026-03-01 22:23:28.604 10 INFO neutron.wsgi [None req-d361e33d-c82a-4a9b-8f70-93619a1726e1 c98bc9c1d85e4983ad974cb4cf9dd46b b6357918f73b458f9e03a5667d465a0e - - default default] 199.204.45.156 "GET /v2.0/extensions/allowed-address-pairs HTTP/1.1" status: 200 len: 383 time: 0.0063195
2026-03-01 22:23:28.624 10 INFO neutron.pecan_wsgi.hooks.translation [None req-4d001a12-437a-44c7-9334-05ef7f20d920 c98bc9c1d85e4983ad974cb4cf9dd46b b6357918f73b458f9e03a5667d465a0e - - default default] DELETE failed (client error): The resource could not be found.
2026-03-01 22:23:28.626 10 INFO neutron.wsgi [None req-4d001a12-437a-44c7-9334-05ef7f20d920 c98bc9c1d85e4983ad974cb4cf9dd46b b6357918f73b458f9e03a5667d465a0e - - default default] 199.204.45.156 "DELETE /v2.0/ports/e2b40b2d-8207-4f36-b12a-4b6651763bfc HTTP/1.1" status: 404 len: 338 time: 0.0178368
2026-03-01 22:23:28.631 9 WARNING neutron.scheduler.dhcp_agent_scheduler [None req-84dcbab9-7623-452a-a72f-db27010fbb62 454ccc890d274f1581e3608a9b3e308f 567b3d21aa2a42d1945c222ce2e693ff - - default default] No more DHCP agents
2026-03-01 22:23:28.638 9 WARNING neutron.api.rpc.agentnotifiers.dhcp_rpc_agent_api [None req-84dcbab9-7623-452a-a72f-db27010fbb62 454ccc890d274f1581e3608a9b3e308f 567b3d21aa2a42d1945c222ce2e693ff - - default default] Unable to schedule network 6dbc0579-8e7e-431e-93e0-587e3402eb54: no agents available; will retry on subsequent port and subnet creation events.
2026-03-01 22:23:28.665 10 INFO neutron.wsgi [None req-1ce4a4c6-1f95-45ba-a3f2-959de49be545 c98bc9c1d85e4983ad974cb4cf9dd46b b6357918f73b458f9e03a5667d465a0e - - default default] 199.204.45.156 "GET /v2.0/ports/c540a714-0baf-4c16-883f-6abedd003f37 HTTP/1.1" status: 200 len: 1332 time: 0.0309908
2026-03-01 22:23:28.682 10 INFO neutron.api.v2.resource [None req-d5e6b930-4627-4383-9516-93a8f34f2e06 c98bc9c1d85e4983ad974cb4cf9dd46b b6357918f73b458f9e03a5667d465a0e - - default default] show failed (client error): The resource could not be found.
2026-03-01 22:23:28.684 10 INFO neutron.wsgi [None req-d5e6b930-4627-4383-9516-93a8f34f2e06 c98bc9c1d85e4983ad974cb4cf9dd46b b6357918f73b458f9e03a5667d465a0e - - default default] 199.204.45.156 "GET /v2.0/security-groups/lb-13da9f9d-0373-4aa4-8f3a-31c1817aa7a2 HTTP/1.1" status: 404 len: 355 time: 0.0098152
2026-03-01 22:23:28.727 10 INFO neutron.wsgi [None req-ff37d3c6-e7ce-48de-ab40-ef024c268ade c98bc9c1d85e4983ad974cb4cf9dd46b b6357918f73b458f9e03a5667d465a0e - - default default] 199.204.45.156 "GET /v2.0/security-groups?name=lb-13da9f9d-0373-4aa4-8f3a-31c1817aa7a2 HTTP/1.1" status: 200 len: 1775 time: 0.0402977
2026-03-01 22:23:28.732 9 INFO neutron.db.ovn_revision_numbers_db [None req-84dcbab9-7623-452a-a72f-db27010fbb62 454ccc890d274f1581e3608a9b3e308f 567b3d21aa2a42d1945c222ce2e693ff - - default default] Successfully bumped revision number for resource 8444033f-1478-4243-9a3a-30c1e45741f2 (type: ports) to 1
2026-03-01 22:23:28.754 9 INFO neutron.wsgi [None req-84dcbab9-7623-452a-a72f-db27010fbb62 454ccc890d274f1581e3608a9b3e308f 567b3d21aa2a42d1945c222ce2e693ff - - default default] 10.0.0.58 "POST /v2.0/ports HTTP/1.1" status: 201 len: 942 time: 0.4166942 /var/lib/openstack/lib/python3.10/site-packages/pycadf/identifier.py:71: UserWarning: Invalid uuid: neutron. To ensure interoperability, identifiers should be a valid uuid. warnings.warn(('Invalid uuid: %s. To ensure interoperability, '
2026-03-01 22:23:28.766 9 WARNING neutron_lib.context [None req-65228411-aa47-43f2-a809-6ad27b6dc810 454ccc890d274f1581e3608a9b3e308f 567b3d21aa2a42d1945c222ce2e693ff - - default default] Method 'is_advsvc' is deprecated since 2023.2 release (neutron-lib 3.8.0) and will be removed once support for the old RBAC API policies will be removed from Neutron. Please use method 'is_service_role' instead.
2026-03-01 22:23:28.778 10 INFO neutron.wsgi [None req-03f255af-c993-442a-91bf-f3913a3113ef c98bc9c1d85e4983ad974cb4cf9dd46b b6357918f73b458f9e03a5667d465a0e - - default default] 199.204.45.156 "GET /v2.0/ports/c540a714-0baf-4c16-883f-6abedd003f37 HTTP/1.1" status: 200 len: 1332 time: 0.0430720
2026-03-01 22:23:28.976 9 INFO neutron.wsgi [None req-65228411-aa47-43f2-a809-6ad27b6dc810 454ccc890d274f1581e3608a9b3e308f 567b3d21aa2a42d1945c222ce2e693ff - - default default] 10.0.0.58 "POST /v2.0/trunks HTTP/1.1" status: 201 len: 608 time: 0.2159259
2026-03-01 22:23:29.015 9 INFO neutron.wsgi [None req-6e541e9e-e7c3-4718-b9a3-f2a38220e837 454ccc890d274f1581e3608a9b3e308f 567b3d21aa2a42d1945c222ce2e693ff - - default default] 10.0.0.58 "PUT /v2.0/trunks/5e0ec58a-c090-485e-8ee1-8bf097fefb32/tags HTTP/1.1" status: 200 len: 210 time: 0.0332642
2026-03-01 22:23:29.050 9 INFO neutron.wsgi [None req-4f55933c-f766-4a0c-8e7d-19e647b770ff 454ccc890d274f1581e3608a9b3e308f 567b3d21aa2a42d1945c222ce2e693ff - - default default] 10.0.0.58 "PUT /v2.0/trunks/004142b6-06d8-4781-900f-ab6894a1cc7c/tags HTTP/1.1" status: 200 len: 218 time: 0.0299103
2026-03-01 22:23:29.087 9 INFO neutron.wsgi [None req-43943328-b59a-49ad-bdb1-f9e907a24c74 454ccc890d274f1581e3608a9b3e308f 567b3d21aa2a42d1945c222ce2e693ff - - default default] 10.0.0.58 "PUT /v2.0/trunks/1adf1998-b878-4a82-9d39-cc921a9d40d5/tags HTTP/1.1" status: 200 len: 227 time: 0.0322213
2026-03-01 22:23:29.130 10 INFO neutron.wsgi [None req-e82dfd14-053f-4803-bf12-77c32e5f4f0f 454ccc890d274f1581e3608a9b3e308f 567b3d21aa2a42d1945c222ce2e693ff - - default default] 10.0.0.58 "PUT /v2.0/trunks/7f582746-2078-4616-8652-1c6a729f66f3/tags HTTP/1.1" status: 200 len: 212 time: 0.0381234
2026-03-01 22:23:29.168 10 INFO neutron.wsgi [None req-d7a3625d-9324-4df6-bc34-39547f49db8d 454ccc890d274f1581e3608a9b3e308f 567b3d21aa2a42d1945c222ce2e693ff - - default default] 10.0.0.58 "GET /v2.0/trunks?tags=red HTTP/1.1" status: 200 len: 1447 time: 0.0300477
2026-03-01 22:23:29.178 10 INFO neutron.db.ovn_revision_numbers_db [None req-20ae8881-f0b1-42be-b1c7-5b3f5bb436f5 c98bc9c1d85e4983ad974cb4cf9dd46b b6357918f73b458f9e03a5667d465a0e - - default default] Successfully bumped revision number for resource c540a714-0baf-4c16-883f-6abedd003f37 (type: ports) to 9
2026-03-01 22:23:29.199 9 INFO neutron.wsgi [None req-060c1606-295b-4f16-8a4a-ada46f8223bd 454ccc890d274f1581e3608a9b3e308f 567b3d21aa2a42d1945c222ce2e693ff - - default default] 10.0.0.58 "GET /v2.0/trunks?tags=red%2Cblue HTTP/1.1" status: 200 len: 1041 time: 0.0263777
2026-03-01 22:23:29.201 10 INFO neutron.wsgi [None req-20ae8881-f0b1-42be-b1c7-5b3f5bb436f5 c98bc9c1d85e4983ad974cb4cf9dd46b b6357918f73b458f9e03a5667d465a0e - - default default] 199.204.45.156 "PUT /v2.0/ports/c540a714-0baf-4c16-883f-6abedd003f37 HTTP/1.1" status: 200 len: 1294 time: 0.4125021
2026-03-01 22:23:29.245 9 INFO neutron.wsgi [None req-3d142372-3aab-4205-82f1-cf9d6dd3dcfa 454ccc890d274f1581e3608a9b3e308f 567b3d21aa2a42d1945c222ce2e693ff - - default default] 10.0.0.58 "GET /v2.0/trunks?tags-any=blue HTTP/1.1" status: 200 len: 1041 time: 0.0414088
2026-03-01 22:23:29.274 9 INFO neutron.wsgi [None req-4967da60-c272-4715-aa36-657d014bfa5a 454ccc890d274f1581e3608a9b3e308f 567b3d21aa2a42d1945c222ce2e693ff - - default default] 10.0.0.58 "GET /v2.0/trunks?tags-any=red%2Cblue HTTP/1.1" status: 200 len: 1447 time: 0.0218453
2026-03-01 22:23:29.304 9 INFO neutron.wsgi [None req-a98a9e12-f59c-4921-9c92-1fdcd663e9a0 454ccc890d274f1581e3608a9b3e308f 567b3d21aa2a42d1945c222ce2e693ff - - default default] 10.0.0.58 "GET /v2.0/trunks?not-tags=red HTTP/1.1" status: 200 len: 1013 time: 0.0230157
2026-03-01 22:23:29.344 9 INFO neutron.wsgi [None req-61878ac3-6e2a-49c8-a9cd-1f8584d0dc30 454ccc890d274f1581e3608a9b3e308f 567b3d21aa2a42d1945c222ce2e693ff - - default default] 10.0.0.58 "GET /v2.0/trunks?not-tags=red%2Cblue HTTP/1.1" status: 200 len: 1419 time: 0.0344079
2026-03-01 22:23:29.359 10 INFO neutron.wsgi [None req-02252a8c-bf97-453d-b5f9-46c839a26a37 c98bc9c1d85e4983ad974cb4cf9dd46b b6357918f73b458f9e03a5667d465a0e - - default default] 199.204.45.156 "DELETE /v2.0/security-groups/ea0999ba-e064-4dab-84dc-e7d02137573e HTTP/1.1" status: 204 len: 173 time: 0.1493249
2026-03-01 22:23:29.377 9 INFO neutron.wsgi [None req-2986a4b8-a1eb-4ab6-9c7d-d22b6b91cd1e 454ccc890d274f1581e3608a9b3e308f 567b3d21aa2a42d1945c222ce2e693ff - - default default] 10.0.0.58 "GET /v2.0/trunks?not-tags-any=blue HTTP/1.1" status: 200 len: 1419 time: 0.0276165
2026-03-01 22:23:29.414 9 INFO neutron.wsgi [None req-a832ed0e-7433-44f8-b8db-3d72ea30f603 454ccc890d274f1581e3608a9b3e308f 567b3d21aa2a42d1945c222ce2e693ff - - default default] 10.0.0.58 "GET /v2.0/trunks?not-tags-any=red%2Cblue HTTP/1.1" status: 200 len: 1013 time: 0.0290196
2026-03-01 22:23:29.447 9 INFO neutron.wsgi [None req-5ab05e89-f2d2-4e8d-acd5-c5f94c3dc2dd 454ccc890d274f1581e3608a9b3e308f 567b3d21aa2a42d1945c222ce2e693ff - - default default] 10.0.0.58 "GET /v2.0/trunks/5e0ec58a-c090-485e-8ee1-8bf097fefb32 HTTP/1.1" status: 200 len: 608 time: 0.0220046
2026-03-01 22:23:29.566 9 INFO neutron.wsgi [None req-2ff754e4-a522-49cf-afc5-e87d6d4cf880 454ccc890d274f1581e3608a9b3e308f 567b3d21aa2a42d1945c222ce2e693ff - - default default] 10.0.0.58 "GET /v2.0/ports/2df31807-1cf4-4fad-a595-2a946f4859a1 HTTP/1.1" status: 200 len: 1020 time: 0.1130543
2026-03-01 22:23:29.663 9 INFO neutron.wsgi [None req-89057150-d587-4e67-b512-80e39ccd6d85 454ccc890d274f1581e3608a9b3e308f 567b3d21aa2a42d1945c222ce2e693ff - - default default] 10.0.0.58 "DELETE /v2.0/trunks/5e0ec58a-c090-485e-8ee1-8bf097fefb32 HTTP/1.1" status: 204 len: 168 time: 0.0904582
2026-03-01 22:23:29.690 9 INFO neutron.wsgi [None req-ab891656-418b-4b5e-8bfb-fe2cad9741be 454ccc890d274f1581e3608a9b3e308f 567b3d21aa2a42d1945c222ce2e693ff - - default default] 10.0.0.58 "GET /v2.0/trunks/004142b6-06d8-4781-900f-ab6894a1cc7c HTTP/1.1" status: 200 len: 616 time: 0.0217743
2026-03-01 22:23:29.720 10 INFO neutron.wsgi [None req-281d11f5-0091-45bc-8a47-192a2f34f72a c98bc9c1d85e4983ad974cb4cf9dd46b b6357918f73b458f9e03a5667d465a0e - - default default] 199.204.45.156 "DELETE /v2.0/ports/c540a714-0baf-4c16-883f-6abedd003f37 HTTP/1.1" status: 204 len: 173 time: 0.3550158
2026-03-01 22:23:29.793 9 INFO neutron.wsgi [None req-d28db43b-a5b8-4cf5-ad99-fe7164a015ba 454ccc890d274f1581e3608a9b3e308f 567b3d21aa2a42d1945c222ce2e693ff - - default default] 10.0.0.58 "GET /v2.0/ports/63b5d4fb-3461-4d2b-996d-6797a59696bb HTTP/1.1" status: 200 len: 1020 time: 0.0970864
2026-03-01 22:23:29.881 9 INFO neutron.wsgi [None req-16a85eb7-dcee-4797-b255-983595fba53c 454ccc890d274f1581e3608a9b3e308f 567b3d21aa2a42d1945c222ce2e693ff - - default default] 10.0.0.58 "DELETE /v2.0/trunks/004142b6-06d8-4781-900f-ab6894a1cc7c HTTP/1.1" status: 204 len: 168 time: 0.0809023
2026-03-01 22:23:29.901 9 INFO neutron.wsgi [None req-f50a8ae6-b894-4035-b7ec-064a1b6cbe0d 454ccc890d274f1581e3608a9b3e308f 567b3d21aa2a42d1945c222ce2e693ff - - default default] 10.0.0.58 "GET /v2.0/trunks/1adf1998-b878-4a82-9d39-cc921a9d40d5 HTTP/1.1" status: 200 len: 625 time: 0.0156627
2026-03-01 22:23:30.005 9 INFO neutron.wsgi [None req-c913b308-86eb-427c-b050-b218fa00c2f4 454ccc890d274f1581e3608a9b3e308f 567b3d21aa2a42d1945c222ce2e693ff - - default default] 10.0.0.58 "GET /v2.0/ports/a0d8ced2-dc82-4734-bc58-22acac12b8c7 HTTP/1.1" status: 200 len: 1020 time: 0.1003451
2026-03-01 22:23:30.083 9 INFO neutron.plugins.ml2.drivers.ovn.mech_driver.mech_driver [None req-d554d607-ce5f-403f-952d-8fb1bb266bc6 - - - - - -] OVN reports status down for port: 0b06cb84-d929-4b59-86e7-21247dd64870
2026-03-01 22:23:30.121 9 INFO neutron.wsgi [None req-1bd9d580-c752-4cba-b45b-3a3351bf3e95 454ccc890d274f1581e3608a9b3e308f 567b3d21aa2a42d1945c222ce2e693ff - - default default] 10.0.0.58 "DELETE /v2.0/trunks/1adf1998-b878-4a82-9d39-cc921a9d40d5 HTTP/1.1" status: 204 len: 168 time: 0.1107588
2026-03-01 22:23:30.149 10 INFO neutron.wsgi [None req-5fcf11a9-1b67-452d-8b94-0bee2cc9b625 454ccc890d274f1581e3608a9b3e308f 567b3d21aa2a42d1945c222ce2e693ff - - default default] 10.0.0.58 "GET /v2.0/trunks/7f582746-2078-4616-8652-1c6a729f66f3 HTTP/1.1" status: 200 len: 610 time: 0.0213428
2026-03-01 22:23:30.247 10 INFO neutron.wsgi [None req-bcc64543-cb43-4d9c-93de-e3c274c47c6f 454ccc890d274f1581e3608a9b3e308f 567b3d21aa2a42d1945c222ce2e693ff - - default default] 10.0.0.58 "GET /v2.0/ports/df5dad04-4850-4c2d-aa9a-972e1d2cb823 HTTP/1.1" status: 200 len: 1020 time: 0.0929441
2026-03-01 22:23:30.361 10 INFO neutron.wsgi [None req-0d7d5453-60b7-4458-867f-de70d8ceb031 454ccc890d274f1581e3608a9b3e308f 567b3d21aa2a42d1945c222ce2e693ff - - default default] 10.0.0.58 "DELETE /v2.0/trunks/7f582746-2078-4616-8652-1c6a729f66f3 HTTP/1.1" status: 204 len: 168 time: 0.1053417
2026-03-01 22:23:30.410 10 INFO neutron.wsgi [None req-905fcddb-8750-434c-b0b5-0ca59effd9a8 454ccc890d274f1581e3608a9b3e308f 567b3d21aa2a42d1945c222ce2e693ff - - default default] 10.0.0.58 "GET /v2.0/trunks/d510f8c7-828a-41ab-9824-8a7268fd90df HTTP/1.1" status: 200 len: 603 time: 0.0425406
2026-03-01 22:23:30.550 10 INFO neutron.wsgi [None req-87c7faca-5daf-4868-9910-905ca600c305 454ccc890d274f1581e3608a9b3e308f 567b3d21aa2a42d1945c222ce2e693ff - - default default] 10.0.0.58 "GET /v2.0/ports/8444033f-1478-4243-9a3a-30c1e45741f2 HTTP/1.1" status: 200 len: 1020 time: 0.1359353
2026-03-01 22:23:30.561 9 INFO neutron.notifiers.nova [-] Nova event matching ['req-e0a9d72f-5432-4a5a-bc62-d9db866a79a6'] response: {'server_uuid': '8f06dd68-0978-4644-8d83-f722b56ed2ad', 'name': 'network-vif-unplugged', 'status': 'completed', 'tag': '0b06cb84-d929-4b59-86e7-21247dd64870', 'code': 200}
2026-03-01 22:23:30.600 9 INFO neutron.wsgi [req-f61af052-e703-4316-a547-5c791f194df8 req-cfd779b3-b40e-4289-bd6b-2e97f4f9943c c98bc9c1d85e4983ad974cb4cf9dd46b b6357918f73b458f9e03a5667d465a0e - - default default] 199.204.45.156 "GET /v2.0/ports?device_id=8f06dd68-0978-4644-8d83-f722b56ed2ad HTTP/1.1" status: 200 len: 1415 time: 0.0410964
2026-03-01 22:23:30.687 10 INFO neutron.wsgi [None req-21f8aa4d-f033-46b7-a972-48de3e9c0bcc 454ccc890d274f1581e3608a9b3e308f 567b3d21aa2a42d1945c222ce2e693ff - - default default] 10.0.0.58 "DELETE /v2.0/trunks/d510f8c7-828a-41ab-9824-8a7268fd90df HTTP/1.1" status: 204 len: 168 time: 0.1303847
2026-03-01 22:23:30.769 9 INFO neutron.db.ovn_revision_numbers_db [None req-d554d607-ce5f-403f-952d-8fb1bb266bc6 - - - - - -] Successfully bumped revision number for resource 0b06cb84-d929-4b59-86e7-21247dd64870 (type: ports) to 5
2026-03-01 22:23:30.884 10 INFO neutron.db.l3_db [None req-48da9500-b64e-4cc8-9372-e1ae687bab8c 9f5d03a6eed04f25b998da45511ec5f9 2f2b8f96476c4b56ab671eb706f78f8f - - default default] Floating IP 9d53b993-8d3c-46f2-86b5-0ae46a434855 disassociated (deleted). External IP: 10.96.250.211, port: a049b695-d36f-450f-9ec9-89065c64a5c7.
2026-03-01 22:23:30.919 9 INFO neutron.wsgi [req-f61af052-e703-4316-a547-5c791f194df8 req-2903f820-dcaf-48da-b0f9-7cc0ff06258f c98bc9c1d85e4983ad974cb4cf9dd46b b6357918f73b458f9e03a5667d465a0e - - default default] 199.204.45.156 "DELETE /v2.0/ports/0b06cb84-d929-4b59-86e7-21247dd64870 HTTP/1.1" status: 204 len: 173 time: 0.3117959
2026-03-01 22:23:30.997 10 INFO neutron.wsgi [None req-48da9500-b64e-4cc8-9372-e1ae687bab8c 9f5d03a6eed04f25b998da45511ec5f9 2f2b8f96476c4b56ab671eb706f78f8f - - default default] 10.0.0.58 "DELETE /v2.0/floatingips/9d53b993-8d3c-46f2-86b5-0ae46a434855 HTTP/1.1" status: 204 len: 168 time: 0.6290472 /var/lib/openstack/lib/python3.10/site-packages/pycadf/identifier.py:71: UserWarning: Invalid uuid: neutron. To ensure interoperability, identifiers should be a valid uuid. warnings.warn(('Invalid uuid: %s. To ensure interoperability, '
2026-03-01 22:23:31.023 9 INFO neutron.api.v2.resource [None req-c40a0766-ca63-4334-927e-28516ce798b2 9f5d03a6eed04f25b998da45511ec5f9 2f2b8f96476c4b56ab671eb706f78f8f - - default default] show failed (client error): The resource could not be found.
2026-03-01 22:23:31.024 9 INFO neutron.wsgi [None req-c40a0766-ca63-4334-927e-28516ce798b2 9f5d03a6eed04f25b998da45511ec5f9 2f2b8f96476c4b56ab671eb706f78f8f - - default default] 10.0.0.58 "GET /v2.0/floatingips/9d53b993-8d3c-46f2-86b5-0ae46a434855 HTTP/1.1" status: 404 len: 345 time: 0.0220525
2026-03-01 22:23:31.041 10 INFO neutron.notifiers.nova [-] Nova event matching ['req-66728711-965d-4f7a-8c4f-4d92cc7be359'] response: {'name': 'network-changed', 'server_uuid': '07652782-316a-4790-8523-7c01c87e9792', 'tag': 'a049b695-d36f-450f-9ec9-89065c64a5c7', 'status': 'completed', 'code': 200}
2026-03-01 22:23:31.082 10 INFO neutron.wsgi [None req-ebd52b2c-d617-47a5-b547-9ced1f4d630b 454ccc890d274f1581e3608a9b3e308f 567b3d21aa2a42d1945c222ce2e693ff - - default default] 10.0.0.58 "DELETE /v2.0/ports/2df31807-1cf4-4fad-a595-2a946f4859a1 HTTP/1.1" status: 204 len: 168 time: 0.3695798 /var/lib/openstack/lib/python3.10/site-packages/pycadf/identifier.py:71: UserWarning: Invalid uuid: neutron. To ensure interoperability, identifiers should be a valid uuid. warnings.warn(('Invalid uuid: %s. To ensure interoperability, '
2026-03-01 22:23:31.100 9 INFO neutron.wsgi [req-c712abaa-9d30-4897-ba74-e91e428b1962 req-44573e86-5e00-4caa-b554-d534ef3c4dbf 2b0eee7b5bc54b3b85c9d6ee7ef3baec 1feb78d0d7a440eb82b4ebfd87990c1c - - d91a2fb99e694998a3b70867b3c67f90 d91a2fb99e694998a3b70867b3c67f90] 199.204.45.156 "GET /v2.0/ports?tenant_id=2f2b8f96476c4b56ab671eb706f78f8f&device_id=07652782-316a-4790-8523-7c01c87e9792 HTTP/1.1" status: 200 len: 1634 time: 0.0367265
2026-03-01 22:23:31.261 10 INFO neutron.plugins.ml2.drivers.ovn.mech_driver.mech_driver [None req-f8da379a-5a15-494a-963c-311b384f4b48 - - - - - -] OVN reports status down for port: a049b695-d36f-450f-9ec9-89065c64a5c7
2026-03-01 22:23:31.267 9 INFO neutron.wsgi [req-c712abaa-9d30-4897-ba74-e91e428b1962 req-2af44849-390d-4525-bf94-b71144c66398 2b0eee7b5bc54b3b85c9d6ee7ef3baec 1feb78d0d7a440eb82b4ebfd87990c1c - - d91a2fb99e694998a3b70867b3c67f90 d91a2fb99e694998a3b70867b3c67f90] 199.204.45.156 "GET /v2.0/networks?id=b25c6ea6-fca2-483b-877b-1bee37c713d9 HTTP/1.1" status: 200 len: 1003 time: 0.1620884
2026-03-01 22:23:31.319 9 INFO neutron.wsgi [req-c712abaa-9d30-4897-ba74-e91e428b1962 req-1bfbf424-8ad2-4578-b073-f2fe289fc4f1 2b0eee7b5bc54b3b85c9d6ee7ef3baec 1feb78d0d7a440eb82b4ebfd87990c1c - - d91a2fb99e694998a3b70867b3c67f90 d91a2fb99e694998a3b70867b3c67f90] 199.204.45.156 "GET /v2.0/floatingips?fixed_ip_address=10.2.2.92&port_id=a049b695-d36f-450f-9ec9-89065c64a5c7 HTTP/1.1" status: 200 len: 217 time: 0.0447285
2026-03-01 22:23:31.370 9 INFO neutron.wsgi [req-c712abaa-9d30-4897-ba74-e91e428b1962 req-b28d852d-b816-4b1b-935c-12e6aef5a646 2b0eee7b5bc54b3b85c9d6ee7ef3baec 1feb78d0d7a440eb82b4ebfd87990c1c - - d91a2fb99e694998a3b70867b3c67f90 d91a2fb99e694998a3b70867b3c67f90] 199.204.45.156 "GET /v2.0/floatingips?fixed_ip_address=fd77%3A1457%3A4cf0%3A26a8%3A%3A25&port_id=a049b695-d36f-450f-9ec9-89065c64a5c7 HTTP/1.1" status: 200 len: 217 time: 0.0443320
2026-03-01 22:23:31.434 9 INFO neutron.wsgi [req-847f9a7c-7202-4c53-aa25-d9319da86272 req-3c66126f-d7e4-4142-aaf8-dcb9c2798253 9f5d03a6eed04f25b998da45511ec5f9 2f2b8f96476c4b56ab671eb706f78f8f - - default default] 10.0.0.246 "GET /v2.0/ports?device_id=07652782-316a-4790-8523-7c01c87e9792 HTTP/1.1" status: 200 len: 1396 time: 0.2206275
2026-03-01 22:23:31.449 9 INFO neutron.wsgi [req-c712abaa-9d30-4897-ba74-e91e428b1962 req-c00f2f38-957b-4368-86e5-29157b0fb2cd 2b0eee7b5bc54b3b85c9d6ee7ef3baec 1feb78d0d7a440eb82b4ebfd87990c1c - - d91a2fb99e694998a3b70867b3c67f90 d91a2fb99e694998a3b70867b3c67f90] 199.204.45.156 "GET /v2.0/subnets?id=6ba232f0-5d3c-4be9-9f74-13b88a450685&id=aa1c3cb2-b370-409f-b63e-eb028976b598 HTTP/1.1" status: 200 len: 1565 time: 0.0720658
2026-03-01 22:23:31.493 9 INFO neutron.wsgi [req-c712abaa-9d30-4897-ba74-e91e428b1962 req-b597f284-06e3-48dc-8c36-9965d6f3bf01 2b0eee7b5bc54b3b85c9d6ee7ef3baec 1feb78d0d7a440eb82b4ebfd87990c1c - - d91a2fb99e694998a3b70867b3c67f90 d91a2fb99e694998a3b70867b3c67f90] 199.204.45.156 "GET /v2.0/ports?network_id=b25c6ea6-fca2-483b-877b-1bee37c713d9&device_owner=network%3Adhcp HTTP/1.1" status: 200 len: 210 time: 0.0330665
2026-03-01 22:23:31.505 10 INFO neutron.wsgi [None req-fc4b116a-8b24-499c-b820-87b05c71a3cf 454ccc890d274f1581e3608a9b3e308f 567b3d21aa2a42d1945c222ce2e693ff - - default default] 10.0.0.58 "DELETE /v2.0/ports/63b5d4fb-3461-4d2b-996d-6797a59696bb HTTP/1.1" status: 204 len: 168 time: 0.4185665
2026-03-01 22:23:31.532 9 INFO neutron.wsgi [req-c712abaa-9d30-4897-ba74-e91e428b1962 req-8cd800f2-dabd-49a6-9393-e617e6ad13ff 2b0eee7b5bc54b3b85c9d6ee7ef3baec 1feb78d0d7a440eb82b4ebfd87990c1c - - d91a2fb99e694998a3b70867b3c67f90 d91a2fb99e694998a3b70867b3c67f90] 199.204.45.156 "GET /v2.0/ports?network_id=b25c6ea6-fca2-483b-877b-1bee37c713d9&device_owner=network%3Adhcp HTTP/1.1" status: 200 len: 210 time: 0.0296869
2026-03-01 22:23:31.544 9 INFO neutron.wsgi [req-847f9a7c-7202-4c53-aa25-d9319da86272 req-47a34eaa-8b68-4407-b933-68b8be8c26ea 9f5d03a6eed04f25b998da45511ec5f9 2f2b8f96476c4b56ab671eb706f78f8f - - default default] 10.0.0.246 "GET /v2.0/security-groups?id=c3755f1a-55ef-4889-8eec-b383eb3dd751&fields=id&fields=name HTTP/1.1" status: 200 len: 310 time: 0.0937583
2026-03-01 22:23:31.613 9 INFO neutron.wsgi [req-c712abaa-9d30-4897-ba74-e91e428b1962 req-58d9c416-52c6-4bef-9328-d1254fa80b38 2b0eee7b5bc54b3b85c9d6ee7ef3baec 1feb78d0d7a440eb82b4ebfd87990c1c - - d91a2fb99e694998a3b70867b3c67f90 d91a2fb99e694998a3b70867b3c67f90] 199.204.45.156 "GET /v2.0/networks/b25c6ea6-fca2-483b-877b-1bee37c713d9?fields=segments HTTP/1.1" status: 200 len: 212 time: 0.0678988
2026-03-01 22:23:31.695 9 INFO neutron.wsgi [req-c712abaa-9d30-4897-ba74-e91e428b1962 req-fc36c780-438b-4cf0-8aac-f76eba2e0964 2b0eee7b5bc54b3b85c9d6ee7ef3baec 1feb78d0d7a440eb82b4ebfd87990c1c - - d91a2fb99e694998a3b70867b3c67f90 d91a2fb99e694998a3b70867b3c67f90] 199.204.45.156 "GET /v2.0/networks/b25c6ea6-fca2-483b-877b-1bee37c713d9?fields=provider%3Aphysical_network&fields=provider%3Anetwork_type HTTP/1.1" status: 200 len: 277 time: 0.0762289
2026-03-01 22:23:31.715 10 INFO neutron.wsgi [req-ad3e4045-ff6d-45d7-9e32-46adce16f623 req-37c7be16-a7f2-4ae7-b705-eeab18b05256 9f5d03a6eed04f25b998da45511ec5f9 2f2b8f96476c4b56ab671eb706f78f8f - - default default] 199.204.45.156 "GET /v2.0/ports?device_id=07652782-316a-4790-8523-7c01c87e9792 HTTP/1.1" status: 200 len: 1394 time: 0.1703238
2026-03-01 22:23:31.824 10 INFO neutron.db.ovn_revision_numbers_db [None req-f8da379a-5a15-494a-963c-311b384f4b48 - - - - - -] Successfully bumped revision number for resource a049b695-d36f-450f-9ec9-89065c64a5c7 (type: ports) to 5
2026-03-01 22:23:31.911 10 INFO neutron.wsgi [None req-4c880e6a-31f0-4d4e-b421-bd84b6d2a7b0 454ccc890d274f1581e3608a9b3e308f 567b3d21aa2a42d1945c222ce2e693ff - - default default] 10.0.0.58 "DELETE /v2.0/ports/a0d8ced2-dc82-4734-bc58-22acac12b8c7 HTTP/1.1" status: 204 len: 168 time: 0.4009984
2026-03-01 22:23:32.124 10 INFO neutron.wsgi [req-ad3e4045-ff6d-45d7-9e32-46adce16f623 req-3b50356f-22ed-4d2c-ab5c-25485110447a 9f5d03a6eed04f25b998da45511ec5f9 2f2b8f96476c4b56ab671eb706f78f8f - - default default] 199.204.45.156 "DELETE /v2.0/ports/a049b695-d36f-450f-9ec9-89065c64a5c7 HTTP/1.1" status: 204 len: 173 time: 0.4014668
2026-03-01 22:23:32.202 9 INFO neutron.wsgi [None req-0ded0444-883e-4c44-9242-5fb9a1664ea4 454ccc890d274f1581e3608a9b3e308f 567b3d21aa2a42d1945c222ce2e693ff - - default default] 10.0.0.58 "DELETE /v2.0/ports/df5dad04-4850-4c2d-aa9a-972e1d2cb823 HTTP/1.1" status: 204 len: 168 time: 0.2829258
2026-03-01 22:23:32.446 9 INFO neutron.wsgi [None req-8d96089b-2c61-4227-85d7-3d70737dcad1 454ccc890d274f1581e3608a9b3e308f 567b3d21aa2a42d1945c222ce2e693ff - - default default] 10.0.0.58 "DELETE /v2.0/ports/8444033f-1478-4243-9a3a-30c1e45741f2 HTTP/1.1" status: 204 len: 168 time: 0.2385547
2026-03-01 22:23:32.619 9 INFO neutron.notifiers.nova [-] Nova event matching ['req-ab716587-ddf9-4a52-83ef-8b492a0a0dcb'] response: {'server_uuid': '8f06dd68-0978-4644-8d83-f722b56ed2ad', 'name': 'network-vif-plugged', 'status': 'completed', 'tag': '0b06cb84-d929-4b59-86e7-21247dd64870', 'code': 200}
2026-03-01 22:23:32.619 9 INFO neutron.notifiers.nova [-] Nova event matching ['req-ab716587-ddf9-4a52-83ef-8b492a0a0dcb'] response: {'server_uuid': '8f06dd68-0978-4644-8d83-f722b56ed2ad', 'name': 'network-vif-deleted', 'tag': '0b06cb84-d929-4b59-86e7-21247dd64870', 'status': 'completed', 'code': 200}
2026-03-01 22:23:32.833 9 INFO neutron.services.segments.plugin [-] Segment fe5e23d3-e645-465d-9e6d-d1d0002bd608 resource provider aggregate not found
2026-03-01 22:23:32.839 9 INFO neutron.services.segments.plugin [-] Segment fe5e23d3-e645-465d-9e6d-d1d0002bd608 resource provider aggregate not found
2026-03-01 22:23:32.846 9 INFO neutron.services.segments.plugin [-] Segment fe5e23d3-e645-465d-9e6d-d1d0002bd608 resource provider not found; error: Placement Client Error (4xx): {"errors": [{"status": 404, "title": "Not Found", "detail": "The resource could not be found.\n\n No resource provider with uuid fe5e23d3-e645-465d-9e6d-d1d0002bd608 found for delete ", "request_id": "req-6e29ccfd-5e35-45c2-8afb-3fcbd725c44a"}]}
2026-03-01 22:23:32.856 9 INFO neutron.services.segments.plugin [-] Segment fe5e23d3-e645-465d-9e6d-d1d0002bd608 resource provider not found; error: Placement Client Error (4xx): {"errors": [{"status": 404, "title": "Not Found", "detail": "The resource could not be found.\n\n No resource provider with uuid fe5e23d3-e645-465d-9e6d-d1d0002bd608 found for delete ", "request_id": "req-bf54e3b8-3d52-4162-bb70-ce27808bb46a"}]}
2026-03-01 22:23:32.882 9 INFO neutron.wsgi [None req-68a122de-c24e-4bf5-900e-3023c187a4b0 454ccc890d274f1581e3608a9b3e308f 567b3d21aa2a42d1945c222ce2e693ff - - default default] 10.0.0.58 "DELETE /v2.0/networks/452ece23-1f30-40e9-a010-d45048ae8830 HTTP/1.1" status: 204 len: 168 time: 0.4296198 /var/lib/openstack/lib/python3.10/site-packages/pycadf/identifier.py:71: UserWarning: Invalid uuid: neutron. To ensure interoperability, identifiers should be a valid uuid. warnings.warn(('Invalid uuid: %s. To ensure interoperability, '
2026-03-01 22:23:33.224 10 INFO neutron.notifiers.nova [-] Nova event matching ['req-9ba33d71-e2c1-41a7-8565-ca69c91b6669'] response: {'server_uuid': '07652782-316a-4790-8523-7c01c87e9792', 'name': 'network-vif-unplugged', 'status': 'completed', 'tag': 'a049b695-d36f-450f-9ec9-89065c64a5c7', 'code': 200}
2026-03-01 22:23:33.225 10 INFO neutron.notifiers.nova [-] Nova event matching ['req-9ba33d71-e2c1-41a7-8565-ca69c91b6669'] response: {'server_uuid': '07652782-316a-4790-8523-7c01c87e9792', 'name': 'network-vif-plugged', 'status': 'completed', 'tag': 'a049b695-d36f-450f-9ec9-89065c64a5c7', 'code': 200}
2026-03-01 22:23:33.225 10 INFO neutron.notifiers.nova [-] Nova event matching ['req-9ba33d71-e2c1-41a7-8565-ca69c91b6669'] response: {'server_uuid': '07652782-316a-4790-8523-7c01c87e9792', 'name': 'network-vif-deleted', 'tag': 'a049b695-d36f-450f-9ec9-89065c64a5c7', 'status': 'completed', 'code': 200}
2026-03-01 22:23:33.506 10 INFO neutron.services.segments.plugin [-] Segment d0c5f6cd-161a-4ec9-b84a-a3f99c946abd resource provider aggregate not found
2026-03-01 22:23:33.511 10 INFO neutron.services.segments.plugin [-] Segment d0c5f6cd-161a-4ec9-b84a-a3f99c946abd resource provider aggregate not found
2026-03-01 22:23:33.526 10 INFO neutron.services.segments.plugin [-] Segment d0c5f6cd-161a-4ec9-b84a-a3f99c946abd resource provider not found; error: Placement Client Error (4xx): {"errors": [{"status": 404, "title": "Not Found", "detail": "The resource could not be found.\n\n No resource provider with uuid d0c5f6cd-161a-4ec9-b84a-a3f99c946abd found for delete ", "request_id": "req-bded6c11-4aad-4c21-8ec9-b93e380a7b70"}]}
2026-03-01 22:23:33.528 10 INFO neutron.services.segments.plugin [-] Segment d0c5f6cd-161a-4ec9-b84a-a3f99c946abd resource provider not found; error: Placement Client Error (4xx): {"errors": [{"status": 404, "title": "Not Found", "detail": "The resource could not be found.\n\n No resource provider with uuid d0c5f6cd-161a-4ec9-b84a-a3f99c946abd found for delete ", "request_id": "req-53fddeb0-a0b0-4cad-a2bf-ef43260d10f5"}]}
2026-03-01 22:23:33.552 10 INFO neutron.wsgi [None req-fa76fd87-13e1-43ab-9280-a89d7c3c3fb8 454ccc890d274f1581e3608a9b3e308f 567b3d21aa2a42d1945c222ce2e693ff - - default default] 10.0.0.58 "DELETE /v2.0/networks/519c5001-979a-4f4b-9e4c-efae213ecb6b HTTP/1.1" status: 204 len: 168 time: 0.6641684
2026-03-01 22:23:33.913 9 INFO neutron.wsgi [None req-fc6a1d8f-aeb9-41a4-bddd-454f1eb6152c 454ccc890d274f1581e3608a9b3e308f 567b3d21aa2a42d1945c222ce2e693ff - - default default] 10.0.0.58 "DELETE /v2.0/networks/7bf4b8e7-a664-463d-9be5-7b9ada5a11d4 HTTP/1.1" status: 204 len: 168 time: 0.3562570
