2026-03-01 22:18:38.979 9 INFO neutron.wsgi [req-42770a30-0a2d-40a4-8977-d1099f407be2 req-dda4e058-7ea0-4900-a626-5b1b7f66798a 9143d53dd0ee43419d9a00f421aad7f9 f65689697e4e4f8c80f07c733cfb9061 - - default default] 10.0.0.246 "GET /v2.0/ports?device_id=8da9e24a-971b-41cc-8f0d-cbfd68df3d46 HTTP/1.1" status: 200 len: 1174 time: 0.0505841
2026-03-01 22:18:38.985 9 INFO neutron.plugins.ml2.drivers.ovn.mech_driver.mech_driver [None req-d554d607-ce5f-403f-952d-8fb1bb266bc6 - - - - - -] OVN reports status down for port: 30826060-aa4d-4abe-a4cd-b139e69a6267
2026-03-01 22:18:39.062 9 INFO neutron.wsgi [req-42770a30-0a2d-40a4-8977-d1099f407be2 req-08c8e206-24c6-4704-a38f-3ef13331c84b 9143d53dd0ee43419d9a00f421aad7f9 f65689697e4e4f8c80f07c733cfb9061 - - default default] 10.0.0.246 "GET /v2.0/security-groups?id=b35be3d5-b36b-4fac-acbf-568725ffbf93&fields=id&fields=name HTTP/1.1" status: 200 len: 313 time: 0.0757754
2026-03-01 22:18:39.184 9 INFO neutron.notifiers.nova [-] Nova event matching ['req-bc432de3-2a0a-48eb-894b-42866fc2344b'] response: {'server_uuid': '8da9e24a-971b-41cc-8f0d-cbfd68df3d46', 'name': 'network-vif-unplugged', 'status': 'completed', 'tag': '30826060-aa4d-4abe-a4cd-b139e69a6267', 'code': 200}
2026-03-01 22:18:39.236 9 WARNING neutron.scheduler.dhcp_agent_scheduler [None req-39ddcf67-ac15-4f86-83c7-1a8e7a9fe1bd d9103abfbf224ae1ad2c52643ccabb58 83c36eb7cae9486392e23f0f00a00209 - - default default] No more DHCP agents
2026-03-01 22:18:39.240 9 WARNING neutron.api.rpc.agentnotifiers.dhcp_rpc_agent_api [None req-39ddcf67-ac15-4f86-83c7-1a8e7a9fe1bd d9103abfbf224ae1ad2c52643ccabb58 83c36eb7cae9486392e23f0f00a00209 - - default default] Unable to schedule network ddaa0f53-0ce3-4f82-94cd-4455944f6aed: no agents available; will retry on subsequent port and subnet creation events.
2026-03-01 22:18:39.344 9 INFO neutron.db.ovn_revision_numbers_db [None req-39ddcf67-ac15-4f86-83c7-1a8e7a9fe1bd d9103abfbf224ae1ad2c52643ccabb58 83c36eb7cae9486392e23f0f00a00209 - - default default] Successfully bumped revision number for resource dab9917d-8ca2-4adb-bc18-0b60cb5deffe (type: ports) to 1
2026-03-01 22:18:39.389 9 INFO neutron.wsgi [None req-39ddcf67-ac15-4f86-83c7-1a8e7a9fe1bd d9103abfbf224ae1ad2c52643ccabb58 83c36eb7cae9486392e23f0f00a00209 - - default default] 10.0.0.58 "POST /v2.0/networks HTTP/1.1" status: 201 len: 848 time: 0.6884899
2026-03-01 22:18:39.403 9 WARNING neutron_lib.context [None req-327cb779-596c-4727-af04-02e4b4cecba1 d9103abfbf224ae1ad2c52643ccabb58 83c36eb7cae9486392e23f0f00a00209 - - default default] Method 'is_advsvc' is deprecated since 2023.2 release (neutron-lib 3.8.0) and will be removed once support for the old RBAC API policies will be removed from Neutron. Please use method 'is_service_role' instead.
2026-03-01 22:18:39.412 9 INFO neutron.db.ovn_revision_numbers_db [None req-d554d607-ce5f-403f-952d-8fb1bb266bc6 - - - - - -] Successfully bumped revision number for resource 30826060-aa4d-4abe-a4cd-b139e69a6267 (type: ports) to 7
2026-03-01 22:18:39.420 10 INFO neutron.wsgi [req-9194d76d-8d62-4d27-bc97-a3f9f853a955 req-97478839-3321-4a3e-8e32-a771a9cba412 9143d53dd0ee43419d9a00f421aad7f9 f65689697e4e4f8c80f07c733cfb9061 - - default default] 199.204.45.156 "GET /v2.0/ports?device_id=8da9e24a-971b-41cc-8f0d-cbfd68df3d46 HTTP/1.1" status: 200 len: 1172 time: 0.1344354
2026-03-01 22:18:39.513 9 INFO neutron.db.segments_db [None req-327cb779-596c-4727-af04-02e4b4cecba1 d9103abfbf224ae1ad2c52643ccabb58 83c36eb7cae9486392e23f0f00a00209 - - default default] Added segment 2a2758c1-9c41-4bcd-98e0-95835fde0c68 of type geneve for network 9da4c1c9-ddb0-472a-95a9-58555dd15a84
2026-03-01 22:18:39.658 9 INFO neutron.db.ovn_revision_numbers_db [None req-327cb779-596c-4727-af04-02e4b4cecba1 d9103abfbf224ae1ad2c52643ccabb58 83c36eb7cae9486392e23f0f00a00209 - - default default] Successfully bumped revision number for resource 9da4c1c9-ddb0-472a-95a9-58555dd15a84 (type: networks) to 1
2026-03-01 22:18:39.760 10 INFO neutron.wsgi [None req-5d1e721c-b48d-4d41-973c-8cab0632f2e1 c98bc9c1d85e4983ad974cb4cf9dd46b b6357918f73b458f9e03a5667d465a0e - - default default] 10.0.0.58 "DELETE /v2.0/routers/3d4cc679-5912-4e85-b451-c979748fe314 HTTP/1.1" status: 204 len: 168 time: 1.0235305
2026-03-01 22:18:39.834 9 WARNING neutron.scheduler.dhcp_agent_scheduler [None req-327cb779-596c-4727-af04-02e4b4cecba1 d9103abfbf224ae1ad2c52643ccabb58 83c36eb7cae9486392e23f0f00a00209 - - default default] No more DHCP agents
2026-03-01 22:18:39.838 9 WARNING neutron.api.rpc.agentnotifiers.dhcp_rpc_agent_api [None req-327cb779-596c-4727-af04-02e4b4cecba1 d9103abfbf224ae1ad2c52643ccabb58 83c36eb7cae9486392e23f0f00a00209 - - default default] Unable to schedule network 9da4c1c9-ddb0-472a-95a9-58555dd15a84: no agents available; will retry on subsequent port and subnet creation events.
2026-03-01 22:18:39.912 10 INFO neutron.db.l3_db [req-9194d76d-8d62-4d27-bc97-a3f9f853a955 req-f455bb6f-3a9e-4081-98af-afd4a47df29a 9143d53dd0ee43419d9a00f421aad7f9 f65689697e4e4f8c80f07c733cfb9061 - - default default] Floating IP 806df216-1d94-4b4e-ac8c-c47148233bff disassociated. External IP: 10.96.250.209, port: 30826060-aa4d-4abe-a4cd-b139e69a6267.
2026-03-01 22:18:39.965 9 INFO neutron.db.ovn_revision_numbers_db [None req-327cb779-596c-4727-af04-02e4b4cecba1 d9103abfbf224ae1ad2c52643ccabb58 83c36eb7cae9486392e23f0f00a00209 - - default default] Successfully bumped revision number for resource 5add6030-60b1-4ab3-8838-f2f3e4fb0a6a (type: ports) to 1
2026-03-01 22:18:39.995 9 INFO neutron.wsgi [None req-327cb779-596c-4727-af04-02e4b4cecba1 d9103abfbf224ae1ad2c52643ccabb58 83c36eb7cae9486392e23f0f00a00209 - - default default] 10.0.0.58 "POST /v2.0/networks HTTP/1.1" status: 201 len: 847 time: 0.5970278
2026-03-01 22:18:40.013 10 INFO neutron.wsgi [None req-52f1eab4-7eb2-49d2-88bd-fa1426e93cf2 c98bc9c1d85e4983ad974cb4cf9dd46b b6357918f73b458f9e03a5667d465a0e - - default default] 10.0.0.58 "DELETE /v2.0/subnets/6d09211f-3137-4df4-82de-a5ca8c6a0cdc HTTP/1.1" status: 204 len: 168 time: 0.2474661 /var/lib/openstack/lib/python3.10/site-packages/pycadf/identifier.py:71: UserWarning: Invalid uuid: neutron. To ensure interoperability, identifiers should be a valid uuid. warnings.warn(('Invalid uuid: %s. To ensure interoperability, '
2026-03-01 22:18:40.040 9 WARNING neutron_lib.context [None req-ce842833-8516-466b-9c6f-8d35d550700e d9103abfbf224ae1ad2c52643ccabb58 83c36eb7cae9486392e23f0f00a00209 - - default default] Method 'is_advsvc' is deprecated since 2023.2 release (neutron-lib 3.8.0) and will be removed once support for the old RBAC API policies will be removed from Neutron. Please use method 'is_service_role' instead.
2026-03-01 22:18:40.087 9 WARNING neutron_lib.context [None req-ce842833-8516-466b-9c6f-8d35d550700e d9103abfbf224ae1ad2c52643ccabb58 83c36eb7cae9486392e23f0f00a00209 - - default default] Method 'is_advsvc' is deprecated since 2023.2 release (neutron-lib 3.8.0) and will be removed once support for the old RBAC API policies will be removed from Neutron. Please use method 'is_service_role' instead.
2026-03-01 22:18:40.128 10 INFO neutron.wsgi [req-9194d76d-8d62-4d27-bc97-a3f9f853a955 req-f455bb6f-3a9e-4081-98af-afd4a47df29a 9143d53dd0ee43419d9a00f421aad7f9 f65689697e4e4f8c80f07c733cfb9061 - - default default] 199.204.45.156 "DELETE /v2.0/ports/30826060-aa4d-4abe-a4cd-b139e69a6267 HTTP/1.1" status: 204 len: 173 time: 0.7006655
2026-03-01 22:18:40.179 10 INFO neutron.notifiers.nova [-] Nova event matching ['req-7121c1ea-1548-41db-b980-2031574e4555'] response: {'server_uuid': '8da9e24a-971b-41cc-8f0d-cbfd68df3d46', 'name': 'network-vif-deleted', 'tag': '30826060-aa4d-4abe-a4cd-b139e69a6267', 'status': 'completed', 'code': 200}
2026-03-01 22:18:40.184 9 INFO neutron.wsgi [req-4e699a84-296a-4f99-abb4-436e618f3020 req-c4e49b14-b768-490e-a312-1d887d98b949 9143d53dd0ee43419d9a00f421aad7f9 f65689697e4e4f8c80f07c733cfb9061 - - default default] 10.0.0.246 "GET /v2.0/ports?device_id=8da9e24a-971b-41cc-8f0d-cbfd68df3d46 HTTP/1.1" status: 200 len: 210 time: 0.0418940
2026-03-01 22:18:40.380 10 INFO neutron.services.segments.plugin [-] Segment 408cc65c-0fd6-4301-95f8-5b1d42b9cdf3 resource provider aggregate not found
2026-03-01 22:18:40.387 10 INFO neutron.services.segments.plugin [-] Segment 408cc65c-0fd6-4301-95f8-5b1d42b9cdf3 resource provider aggregate not found
2026-03-01 22:18:40.394 10 INFO neutron.services.segments.plugin [-] Segment 408cc65c-0fd6-4301-95f8-5b1d42b9cdf3 resource provider not found; error: Placement Client Error (4xx): {"errors": [{"status": 404, "title": "Not Found", "detail": "The resource could not be found.\n\n No resource provider with uuid 408cc65c-0fd6-4301-95f8-5b1d42b9cdf3 found for delete ", "request_id": "req-4f45061c-0d9c-4cc3-8449-ad8535cb444e"}]}
2026-03-01 22:18:40.399 10 INFO neutron.services.segments.plugin [-] Segment 408cc65c-0fd6-4301-95f8-5b1d42b9cdf3 resource provider not found; error: Placement Client Error (4xx): {"errors": [{"status": 404, "title": "Not Found", "detail": "The resource could not be found.\n\n No resource provider with uuid 408cc65c-0fd6-4301-95f8-5b1d42b9cdf3 found for delete ", "request_id": "req-ab850384-f0e3-4107-b491-d00a627d992d"}]}
2026-03-01 22:18:40.429 10 INFO neutron.wsgi [None req-dbc751f0-fc3f-471c-8043-644f3ea531e2 c98bc9c1d85e4983ad974cb4cf9dd46b b6357918f73b458f9e03a5667d465a0e - - default default] 10.0.0.58 "DELETE /v2.0/networks/0d76f770-3aa3-4c3b-a8b7-34e6a22200c5 HTTP/1.1" status: 204 len: 168 time: 0.4095008
2026-03-01 22:18:40.557 9 WARNING neutron.scheduler.dhcp_agent_scheduler [None req-ce842833-8516-466b-9c6f-8d35d550700e d9103abfbf224ae1ad2c52643ccabb58 83c36eb7cae9486392e23f0f00a00209 - - default default] No more DHCP agents
2026-03-01 22:18:40.560 9 WARNING neutron.api.rpc.agentnotifiers.dhcp_rpc_agent_api [None req-ce842833-8516-466b-9c6f-8d35d550700e d9103abfbf224ae1ad2c52643ccabb58 83c36eb7cae9486392e23f0f00a00209 - - default default] Unable to schedule network ddaa0f53-0ce3-4f82-94cd-4455944f6aed: no agents available; will retry on subsequent port and subnet creation events.
2026-03-01 22:18:40.684 10 INFO neutron.wsgi [None req-84110c57-6105-4587-816f-0738b610aadd c98bc9c1d85e4983ad974cb4cf9dd46b b6357918f73b458f9e03a5667d465a0e - - default default] 10.0.0.58 "GET /v2.0/security-groups?tenant_id=fb1774901bcc46b4b65e1be0f29ff479&name=default HTTP/1.1" status: 200 len: 2996 time: 0.0402811
2026-03-01 22:18:40.927 10 INFO neutron.wsgi [None req-50da45f2-6b7b-4dae-b382-f5341e2c599a c98bc9c1d85e4983ad974cb4cf9dd46b b6357918f73b458f9e03a5667d465a0e - - default default] 10.0.0.58 "DELETE /v2.0/security-groups/4a8591c3-4b31-4032-8627-9b4280982d69 HTTP/1.1" status: 204 len: 168 time: 0.2381527
2026-03-01 22:18:40.952 10 INFO neutron.db.ovn_revision_numbers_db [None req-f8125aaf-105b-4cf2-8e6f-db62a57daaa7 c98bc9c1d85e4983ad974cb4cf9dd46b b6357918f73b458f9e03a5667d465a0e - - default default] Successfully bumped revision number for resource e0d1090b-8323-4627-bffa-23b43a939b1d (type: security_groups) to 1
2026-03-01 22:18:40.966 10 INFO neutron.db.ovn_revision_numbers_db [None req-f8125aaf-105b-4cf2-8e6f-db62a57daaa7 c98bc9c1d85e4983ad974cb4cf9dd46b b6357918f73b458f9e03a5667d465a0e - - default default] Successfully bumped revision number for resource 411e34c3-55ed-43f8-8540-5a8366c05ffa (type: security_group_rules) to 0
2026-03-01 22:18:40.981 10 INFO neutron.db.ovn_revision_numbers_db [None req-f8125aaf-105b-4cf2-8e6f-db62a57daaa7 c98bc9c1d85e4983ad974cb4cf9dd46b b6357918f73b458f9e03a5667d465a0e - - default default] Successfully bumped revision number for resource 956e9bda-7772-41e1-bbfc-360c1553b638 (type: security_group_rules) to 0
2026-03-01 22:18:41.001 10 INFO neutron.db.ovn_revision_numbers_db [None req-f8125aaf-105b-4cf2-8e6f-db62a57daaa7 c98bc9c1d85e4983ad974cb4cf9dd46b b6357918f73b458f9e03a5667d465a0e - - default default] Successfully bumped revision number for resource a2d172f7-32ab-4a16-b871-8600e9d2dc23 (type: security_group_rules) to 0
2026-03-01 22:18:41.039 10 INFO neutron.db.ovn_revision_numbers_db [None req-f8125aaf-105b-4cf2-8e6f-db62a57daaa7 c98bc9c1d85e4983ad974cb4cf9dd46b b6357918f73b458f9e03a5667d465a0e - - default default] Successfully bumped revision number for resource f82a736b-e993-41a2-8866-23e794404235 (type: security_group_rules) to 0
2026-03-01 22:18:41.068 10 INFO neutron.wsgi [None req-f8125aaf-105b-4cf2-8e6f-db62a57daaa7 c98bc9c1d85e4983ad974cb4cf9dd46b b6357918f73b458f9e03a5667d465a0e - - default default] 10.0.0.58 "GET /v2.0/security-groups?tenant_id=30369ee7a8df4725927ca4c5800e6048&name=default HTTP/1.1" status: 200 len: 2996 time: 0.5020816
2026-03-01 22:18:41.123 9 INFO neutron.db.ovn_revision_numbers_db [None req-ce842833-8516-466b-9c6f-8d35d550700e d9103abfbf224ae1ad2c52643ccabb58 83c36eb7cae9486392e23f0f00a00209 - - default default] Successfully bumped revision number for resource dab9917d-8ca2-4adb-bc18-0b60cb5deffe (type: ports) to 2
2026-03-01 22:18:41.165 9 INFO neutron.db.ovn_revision_numbers_db [None req-ce842833-8516-466b-9c6f-8d35d550700e d9103abfbf224ae1ad2c52643ccabb58 83c36eb7cae9486392e23f0f00a00209 - - default default] Successfully bumped revision number for resource 05c0dba7-4d84-4ab1-ba9d-37587a5bead8 (type: subnets) to 0
2026-03-01 22:18:41.197 9 WARNING neutron.scheduler.dhcp_agent_scheduler [None req-ce842833-8516-466b-9c6f-8d35d550700e d9103abfbf224ae1ad2c52643ccabb58 83c36eb7cae9486392e23f0f00a00209 - - default default] No more DHCP agents
2026-03-01 22:18:41.198 9 WARNING neutron.api.rpc.agentnotifiers.dhcp_rpc_agent_api [None req-ce842833-8516-466b-9c6f-8d35d550700e d9103abfbf224ae1ad2c52643ccabb58 83c36eb7cae9486392e23f0f00a00209 - - default default] Unable to schedule network 9da4c1c9-ddb0-472a-95a9-58555dd15a84: no agents available; will retry on subsequent port and subnet creation events.
2026-03-01 22:18:41.237 9 INFO neutron.notifiers.nova [-] Nova event matching ['req-42b8d3ab-9676-4b6a-9ad2-6ab8585cf6e4'] response: {'server_uuid': '8da9e24a-971b-41cc-8f0d-cbfd68df3d46', 'name': 'network-vif-plugged', 'status': 'completed', 'tag': '30826060-aa4d-4abe-a4cd-b139e69a6267', 'code': 200}
2026-03-01 22:18:41.351 9 INFO neutron.wsgi [None req-d8ba2cd8-9a34-42b8-ba89-174cef87b52b c98bc9c1d85e4983ad974cb4cf9dd46b b6357918f73b458f9e03a5667d465a0e - - default default] 10.0.0.58 "DELETE /v2.0/security-groups/e0d1090b-8323-4627-bffa-23b43a939b1d HTTP/1.1" status: 204 len: 168 time: 0.2747612
2026-03-01 22:18:41.426 10 INFO neutron.wsgi [None req-9c56ffc9-3410-46ab-b7db-9026fa6b1dde 9143d53dd0ee43419d9a00f421aad7f9 f65689697e4e4f8c80f07c733cfb9061 - - default default] 10.0.0.58 "DELETE /v2.0/security-groups/b35be3d5-b36b-4fac-acbf-568725ffbf93 HTTP/1.1" status: 204 len: 168 time: 0.1347582
2026-03-01 22:18:41.442 10 INFO neutron.api.v2.resource [None req-1dc2d06c-7547-4af2-90a9-a7f59412b4c5 9143d53dd0ee43419d9a00f421aad7f9 f65689697e4e4f8c80f07c733cfb9061 - - default default] show failed (client error): The resource could not be found.
2026-03-01 22:18:41.443 10 INFO neutron.wsgi [None req-1dc2d06c-7547-4af2-90a9-a7f59412b4c5 9143d53dd0ee43419d9a00f421aad7f9 f65689697e4e4f8c80f07c733cfb9061 - - default default] 10.0.0.58 "GET /v2.0/security-groups/b35be3d5-b36b-4fac-acbf-568725ffbf93 HTTP/1.1" status: 404 len: 347 time: 0.0107970
2026-03-01 22:18:41.662 10 INFO neutron.db.ovn_revision_numbers_db [None req-1039e066-411c-4312-a563-71cb4023bec5 c98bc9c1d85e4983ad974cb4cf9dd46b b6357918f73b458f9e03a5667d465a0e - - default default] Successfully bumped revision number for resource 4bbfbf09-2898-41e2-ad54-1b938e7d2647 (type: security_groups) to 1
2026-03-01 22:18:41.681 10 INFO neutron.db.ovn_revision_numbers_db [None req-1039e066-411c-4312-a563-71cb4023bec5 c98bc9c1d85e4983ad974cb4cf9dd46b b6357918f73b458f9e03a5667d465a0e - - default default] Successfully bumped revision number for resource 2ed681d5-0bc5-46a1-9f35-3a8a3b7a8d74 (type: security_group_rules) to 0
2026-03-01 22:18:41.707 10 INFO neutron.db.ovn_revision_numbers_db [None req-1039e066-411c-4312-a563-71cb4023bec5 c98bc9c1d85e4983ad974cb4cf9dd46b b6357918f73b458f9e03a5667d465a0e - - default default] Successfully bumped revision number for resource 84b35626-c424-4adc-a169-227d21caa2e7 (type: security_group_rules) to 0
2026-03-01 22:18:41.721 9 INFO neutron.db.ovn_revision_numbers_db [None req-ce842833-8516-466b-9c6f-8d35d550700e d9103abfbf224ae1ad2c52643ccabb58 83c36eb7cae9486392e23f0f00a00209 - - default default] Successfully bumped revision number for resource 5add6030-60b1-4ab3-8838-f2f3e4fb0a6a (type: ports) to 2
2026-03-01 22:18:41.731 10 INFO neutron.db.ovn_revision_numbers_db [None req-1039e066-411c-4312-a563-71cb4023bec5 c98bc9c1d85e4983ad974cb4cf9dd46b b6357918f73b458f9e03a5667d465a0e - - default default] Successfully bumped revision number for resource 881bd80b-179c-40e7-a4c7-2f913e73e350 (type: security_group_rules) to 0
2026-03-01 22:18:41.753 9 INFO neutron.db.ovn_revision_numbers_db [None req-ce842833-8516-466b-9c6f-8d35d550700e d9103abfbf224ae1ad2c52643ccabb58 83c36eb7cae9486392e23f0f00a00209 - - default default] Successfully bumped revision number for resource b0c913e2-62bb-4577-9b7c-2e222168e4a7 (type: subnets) to 0
2026-03-01 22:18:41.760 10 INFO neutron.db.ovn_revision_numbers_db [None req-1039e066-411c-4312-a563-71cb4023bec5 c98bc9c1d85e4983ad974cb4cf9dd46b b6357918f73b458f9e03a5667d465a0e - - default default] Successfully bumped revision number for resource aeb5a7bb-bfe9-4aeb-89e2-f5bc97f10b05 (type: security_group_rules) to 0
2026-03-01 22:18:41.774 9 INFO neutron.wsgi [None req-ce842833-8516-466b-9c6f-8d35d550700e d9103abfbf224ae1ad2c52643ccabb58 83c36eb7cae9486392e23f0f00a00209 - - default default] 10.0.0.58 "POST /v2.0/subnets HTTP/1.1" status: 201 len: 1426 time: 1.7446523
2026-03-01 22:18:41.785 10 INFO neutron.wsgi [None req-1039e066-411c-4312-a563-71cb4023bec5 c98bc9c1d85e4983ad974cb4cf9dd46b b6357918f73b458f9e03a5667d465a0e - - default default] 10.0.0.58 "GET /v2.0/security-groups?tenant_id=39df63d34b304105ab79ada99965ee09&name=default HTTP/1.1" status: 200 len: 2996 time: 0.2819149
2026-03-01 22:18:41.842 9 INFO neutron.wsgi [None req-d633ac36-9a5c-4c9d-9076-85919ccbc46b d9103abfbf224ae1ad2c52643ccabb58 83c36eb7cae9486392e23f0f00a00209 - - default default] 10.0.0.58 "GET /v2.0/subnets HTTP/1.1" status: 200 len: 2034 time: 0.0646095
2026-03-01 22:18:41.845 10 INFO neutron.wsgi [None req-5c8cb0e7-621e-4d72-87fa-ed89fca5c991 9143d53dd0ee43419d9a00f421aad7f9 f65689697e4e4f8c80f07c733cfb9061 - - default default] 10.0.0.58 "DELETE /v2.0/floatingips/806df216-1d94-4b4e-ac8c-c47148233bff HTTP/1.1" status: 204 len: 168 time: 0.3984306
2026-03-01 22:18:42.328 10 INFO neutron.wsgi [None req-a809ed33-ca56-4d6a-b296-691cbc6c5d8a d9103abfbf224ae1ad2c52643ccabb58 83c36eb7cae9486392e23f0f00a00209 - - default default] 10.0.0.58 "DELETE /v2.0/subnets/05c0dba7-4d84-4ab1-ba9d-37587a5bead8 HTTP/1.1" status: 204 len: 168 time: 0.4787817
2026-03-01 22:18:42.344 10 INFO neutron.wsgi [None req-7e32c744-5f1f-494f-8949-46a92a6ec408 c98bc9c1d85e4983ad974cb4cf9dd46b b6357918f73b458f9e03a5667d465a0e - - default default] 10.0.0.58 "DELETE /v2.0/security-groups/4bbfbf09-2898-41e2-ad54-1b938e7d2647 HTTP/1.1" status: 204 len: 168 time: 0.5539129
2026-03-01 22:18:42.547 10 INFO neutron.wsgi [None req-92fecbb4-9b4d-4695-aa98-d2c4f4b6ad26 d9103abfbf224ae1ad2c52643ccabb58 83c36eb7cae9486392e23f0f00a00209 - - default default] 10.0.0.58 "DELETE /v2.0/subnets/b0c913e2-62bb-4577-9b7c-2e222168e4a7 HTTP/1.1" status: 204 len: 168 time: 0.2119429
2026-03-01 22:18:42.603 10 INFO neutron.wsgi [None req-e43ac5f7-4f98-4096-a8ad-3a8f5c3df6bb d9103abfbf224ae1ad2c52643ccabb58 83c36eb7cae9486392e23f0f00a00209 - - default default] 10.0.0.58 "GET /v2.0/subnets HTTP/1.1" status: 200 len: 820 time: 0.0496149
2026-03-01 22:18:42.923 9 INFO neutron.wsgi [None req-100c0103-3154-4f1d-abf0-e78ebf847edb c98bc9c1d85e4983ad974cb4cf9dd46b b6357918f73b458f9e03a5667d465a0e - - default default] 10.0.0.58 "PUT /v2.0/routers/ccb78253-2e70-4e88-902c-dce711f6d630/remove_router_interface HTTP/1.1" status: 200 len: 503 time: 0.9974973 /var/lib/openstack/lib/python3.10/site-packages/pycadf/identifier.py:71: UserWarning: Invalid uuid: neutron. To ensure interoperability, identifiers should be a valid uuid. warnings.warn(('Invalid uuid: %s. To ensure interoperability, '
2026-03-01 22:18:42.980 10 INFO neutron.services.segments.plugin [-] Segment 2a2758c1-9c41-4bcd-98e0-95835fde0c68 resource provider aggregate not found
2026-03-01 22:18:42.985 10 INFO neutron.services.segments.plugin [-] Segment 2a2758c1-9c41-4bcd-98e0-95835fde0c68 resource provider aggregate not found
2026-03-01 22:18:42.994 10 INFO neutron.services.segments.plugin [-] Segment 2a2758c1-9c41-4bcd-98e0-95835fde0c68 resource provider not found; error: Placement Client Error (4xx): {"errors": [{"status": 404, "title": "Not Found", "detail": "The resource could not be found.\n\n No resource provider with uuid 2a2758c1-9c41-4bcd-98e0-95835fde0c68 found for delete ", "request_id": "req-d6b884bc-fb44-4b1d-935e-0ccd4c5e624f"}]}
2026-03-01 22:18:43.009 10 INFO neutron.services.segments.plugin [-] Segment 2a2758c1-9c41-4bcd-98e0-95835fde0c68 resource provider not found; error: Placement Client Error (4xx): {"errors": [{"status": 404, "title": "Not Found", "detail": "The resource could not be found.\n\n No resource provider with uuid 2a2758c1-9c41-4bcd-98e0-95835fde0c68 found for delete ", "request_id": "req-54ee6bef-5638-48e6-a4cc-1c14f13acae7"}]}
2026-03-01 22:18:43.047 10 INFO neutron.wsgi [None req-dd5ead25-3ba7-47db-924b-5f60092c4996 d9103abfbf224ae1ad2c52643ccabb58 83c36eb7cae9486392e23f0f00a00209 - - default default] 10.0.0.58 "DELETE /v2.0/networks/9da4c1c9-ddb0-472a-95a9-58555dd15a84 HTTP/1.1" status: 204 len: 168 time: 0.4382765
2026-03-01 22:18:43.444 10 INFO neutron.wsgi [None req-384ccc6a-470e-45a4-b968-19271541dc88 d9103abfbf224ae1ad2c52643ccabb58 83c36eb7cae9486392e23f0f00a00209 - - default default] 10.0.0.58 "DELETE /v2.0/networks/ddaa0f53-0ce3-4f82-94cd-4455944f6aed HTTP/1.1" status: 204 len: 168 time: 0.3904800
2026-03-01 22:18:43.530 9 INFO neutron.db.ovn_revision_numbers_db [None req-080fb75a-f3ba-4a2b-9a42-41fbe1ba564f c98bc9c1d85e4983ad974cb4cf9dd46b b6357918f73b458f9e03a5667d465a0e - - default default] Successfully bumped revision number for resource 27adac75-7d1f-4dd2-aa5a-6ff7d8177ec7 (type: security_groups) to 1
2026-03-01 22:18:43.546 9 INFO neutron.db.ovn_revision_numbers_db [None req-080fb75a-f3ba-4a2b-9a42-41fbe1ba564f c98bc9c1d85e4983ad974cb4cf9dd46b b6357918f73b458f9e03a5667d465a0e - - default default] Successfully bumped revision number for resource 204bb4f3-aa2f-41c3-87f1-a5cd5f3ab035 (type: security_group_rules) to 0
2026-03-01 22:18:43.567 9 INFO neutron.db.ovn_revision_numbers_db [None req-080fb75a-f3ba-4a2b-9a42-41fbe1ba564f c98bc9c1d85e4983ad974cb4cf9dd46b b6357918f73b458f9e03a5667d465a0e - - default default] Successfully bumped revision number for resource 2b115a09-c7cc-4dd2-8eb8-4884aae871ba (type: security_group_rules) to 0
2026-03-01 22:18:43.588 9 INFO neutron.db.ovn_revision_numbers_db [None req-080fb75a-f3ba-4a2b-9a42-41fbe1ba564f c98bc9c1d85e4983ad974cb4cf9dd46b b6357918f73b458f9e03a5667d465a0e - - default default] Successfully bumped revision number for resource ad31bf53-071c-4368-ac77-31de398da81d (type: security_group_rules) to 0
2026-03-01 22:18:43.605 9 INFO neutron.db.ovn_revision_numbers_db [None req-080fb75a-f3ba-4a2b-9a42-41fbe1ba564f c98bc9c1d85e4983ad974cb4cf9dd46b b6357918f73b458f9e03a5667d465a0e - - default default] Successfully bumped revision number for resource b94737d6-6d40-42bb-ad0f-116314a744d1 (type: security_group_rules) to 0
2026-03-01 22:18:43.658 9 INFO neutron.db.segments_db [None req-080fb75a-f3ba-4a2b-9a42-41fbe1ba564f c98bc9c1d85e4983ad974cb4cf9dd46b b6357918f73b458f9e03a5667d465a0e - - default default] Added segment 07948e88-b90c-4d89-b8dc-66a7da7f75e3 of type geneve for network dbcaebd2-6759-409f-bb43-fdb7cd010b0f
2026-03-01 22:18:43.770 10 INFO neutron.wsgi [None req-b5eecc64-83ad-4927-b8c8-21e00d2e9036 d9103abfbf224ae1ad2c52643ccabb58 83c36eb7cae9486392e23f0f00a00209 - - default default] 10.0.0.58 "DELETE /v2.0/networks/2181c487-9f88-4b48-8868-48e8904ff7d0 HTTP/1.1" status: 204 len: 168 time: 0.3157184
2026-03-01 22:18:43.834 9 INFO neutron.db.ovn_revision_numbers_db [None req-080fb75a-f3ba-4a2b-9a42-41fbe1ba564f c98bc9c1d85e4983ad974cb4cf9dd46b b6357918f73b458f9e03a5667d465a0e - - default default] Successfully bumped revision number for resource dbcaebd2-6759-409f-bb43-fdb7cd010b0f (type: networks) to 1
2026-03-01 22:18:44.039 9 WARNING neutron.scheduler.dhcp_agent_scheduler [None req-080fb75a-f3ba-4a2b-9a42-41fbe1ba564f c98bc9c1d85e4983ad974cb4cf9dd46b b6357918f73b458f9e03a5667d465a0e - - default default] No more DHCP agents
2026-03-01 22:18:44.052 9 WARNING neutron.api.rpc.agentnotifiers.dhcp_rpc_agent_api [None req-080fb75a-f3ba-4a2b-9a42-41fbe1ba564f c98bc9c1d85e4983ad974cb4cf9dd46b b6357918f73b458f9e03a5667d465a0e - - default default] Unable to schedule network dbcaebd2-6759-409f-bb43-fdb7cd010b0f: no agents available; will retry on subsequent port and subnet creation events.
2026-03-01 22:18:44.131 10 INFO neutron.wsgi [None req-4b378e79-62a6-4d34-99de-98ac347c22be d9103abfbf224ae1ad2c52643ccabb58 83c36eb7cae9486392e23f0f00a00209 - - default default] 10.0.0.58 "DELETE /v2.0/networks/7454d445-f2df-4248-ad81-5500738fa11c HTTP/1.1" status: 204 len: 168 time: 0.3557718
2026-03-01 22:18:44.197 9 INFO neutron.db.ovn_revision_numbers_db [None req-080fb75a-f3ba-4a2b-9a42-41fbe1ba564f c98bc9c1d85e4983ad974cb4cf9dd46b b6357918f73b458f9e03a5667d465a0e - - default default] Successfully bumped revision number for resource e3ed0514-9b8b-44fb-9286-b83267456c0a (type: ports) to 1
2026-03-01 22:18:44.218 9 INFO neutron.wsgi [None req-da9969ba-6cda-45b6-9361-5c8fa30ab800 c98bc9c1d85e4983ad974cb4cf9dd46b b6357918f73b458f9e03a5667d465a0e - - default default] 10.0.0.58 "DELETE /v2.0/routers/ccb78253-2e70-4e88-902c-dce711f6d630 HTTP/1.1" status: 204 len: 168 time: 1.2880757
2026-03-01 22:18:44.225 9 INFO neutron.wsgi [None req-080fb75a-f3ba-4a2b-9a42-41fbe1ba564f c98bc9c1d85e4983ad974cb4cf9dd46b b6357918f73b458f9e03a5667d465a0e - - default default] 10.0.0.58 "POST /v2.0/networks HTTP/1.1" status: 201 len: 947 time: 1.4571049
2026-03-01 22:18:44.418 9 WARNING neutron.scheduler.dhcp_agent_scheduler [None req-2ceb1573-f0ee-4204-86cf-66ad803b0776 c98bc9c1d85e4983ad974cb4cf9dd46b b6357918f73b458f9e03a5667d465a0e - - default default] No more DHCP agents
2026-03-01 22:18:44.420 9 WARNING neutron.api.rpc.agentnotifiers.dhcp_rpc_agent_api [None req-2ceb1573-f0ee-4204-86cf-66ad803b0776 c98bc9c1d85e4983ad974cb4cf9dd46b b6357918f73b458f9e03a5667d465a0e - - default default] Unable to schedule network dbcaebd2-6759-409f-bb43-fdb7cd010b0f: no agents available; will retry on subsequent port and subnet creation events.
2026-03-01 22:18:44.480 9 INFO neutron.wsgi [None req-120261ad-f6bb-4fa1-9a54-fa86f8dec917 c98bc9c1d85e4983ad974cb4cf9dd46b b6357918f73b458f9e03a5667d465a0e - - default default] 10.0.0.58 "DELETE /v2.0/subnets/0cb09fd8-f8db-41dd-b4d1-6c2b0e2f2b9e HTTP/1.1" status: 204 len: 168 time: 0.2545710
2026-03-01 22:18:44.855 10 INFO neutron.wsgi [None req-def4cabb-e98e-44ca-a854-8e83bf33eddf c98bc9c1d85e4983ad974cb4cf9dd46b b6357918f73b458f9e03a5667d465a0e - - default default] 10.0.0.58 "DELETE /v2.0/networks/568e2acd-d956-46eb-88b8-1db42b89f6b1 HTTP/1.1" status: 204 len: 168 time: 0.3681104
2026-03-01 22:18:44.856 9 INFO neutron.wsgi [None req-203f498d-02e2-4065-8a8e-9689648180eb c98bc9c1d85e4983ad974cb4cf9dd46b b6357918f73b458f9e03a5667d465a0e - - default default] 10.0.0.58 "GET /v2.0/security-groups?tenant_id=83c36eb7cae9486392e23f0f00a00209&name=default HTTP/1.1" status: 200 len: 2996 time: 0.2282517
2026-03-01 22:18:44.977 9 INFO neutron.db.ovn_revision_numbers_db [None req-2ceb1573-f0ee-4204-86cf-66ad803b0776 c98bc9c1d85e4983ad974cb4cf9dd46b b6357918f73b458f9e03a5667d465a0e - - default default] Successfully bumped revision number for resource e3ed0514-9b8b-44fb-9286-b83267456c0a (type: ports) to 2
2026-03-01 22:18:45.013 9 INFO neutron.db.ovn_revision_numbers_db [None req-2ceb1573-f0ee-4204-86cf-66ad803b0776 c98bc9c1d85e4983ad974cb4cf9dd46b b6357918f73b458f9e03a5667d465a0e - - default default] Successfully bumped revision number for resource eb517569-2050-4490-b313-7769e5e55f96 (type: subnets) to 0
2026-03-01 22:18:45.017 10 INFO neutron.services.segments.plugin [-] Segment 41f6d9e2-67ef-4bfb-ab9d-479e20bfb2e2 resource provider aggregate not found
2026-03-01 22:18:45.036 10 INFO neutron.services.segments.plugin [-] Segment 41f6d9e2-67ef-4bfb-ab9d-479e20bfb2e2 resource provider not found; error: Placement Client Error (4xx): {"errors": [{"status": 404, "title": "Not Found", "detail": "The resource could not be found.\n\n No resource provider with uuid 41f6d9e2-67ef-4bfb-ab9d-479e20bfb2e2 found for delete ", "request_id": "req-2418a1d2-1a5e-4f80-895b-fe7634da0b73"}]}
2026-03-01 22:18:45.040 9 INFO neutron.wsgi [None req-2ceb1573-f0ee-4204-86cf-66ad803b0776 c98bc9c1d85e4983ad974cb4cf9dd46b b6357918f73b458f9e03a5667d465a0e - - default default] 10.0.0.58 "POST /v2.0/subnets HTTP/1.1" status: 201 len: 867 time: 0.8092074
2026-03-01 22:18:45.044 10 INFO neutron.services.segments.plugin [-] Segment 41f6d9e2-67ef-4bfb-ab9d-479e20bfb2e2 resource provider aggregate not found
2026-03-01 22:18:45.054 10 INFO neutron.wsgi [None req-14e23b0b-36dc-43f2-a6b2-ae3c084642d1 c98bc9c1d85e4983ad974cb4cf9dd46b b6357918f73b458f9e03a5667d465a0e - - default default] 10.0.0.58 "GET /v2.0/security-groups?tenant_id=f65689697e4e4f8c80f07c733cfb9061&name=default HTTP/1.1" status: 200 len: 2992 time: 0.0725720
2026-03-01 22:18:45.059 10 INFO neutron.services.segments.plugin [-] Segment f47dddb3-f228-405d-9703-dacc21a25692 resource provider aggregate not found
2026-03-01 22:18:45.064 10 INFO neutron.services.segments.plugin [-] Segment 41f6d9e2-67ef-4bfb-ab9d-479e20bfb2e2 resource provider not found; error: Placement Client Error (4xx): {"errors": [{"status": 404, "title": "Not Found", "detail": "The resource could not be found.\n\n No resource provider with uuid 41f6d9e2-67ef-4bfb-ab9d-479e20bfb2e2 found for delete ", "request_id": "req-58d955b7-cf6d-45c4-b0a8-62ebc24d868f"}]}
2026-03-01 22:18:45.075 10 INFO neutron.services.segments.plugin [-] Segment f47dddb3-f228-405d-9703-dacc21a25692 resource provider aggregate not found
2026-03-01 22:18:45.081 10 INFO neutron.services.segments.plugin [-] Segment f47dddb3-f228-405d-9703-dacc21a25692 resource provider not found; error: Placement Client Error (4xx): {"errors": [{"status": 404, "title": "Not Found", "detail": "The resource could not be found.\n\n No resource provider with uuid f47dddb3-f228-405d-9703-dacc21a25692 found for delete ", "request_id": "req-cc4e11fe-17db-48ec-8b4a-1d6b8463b25b"}]}
2026-03-01 22:18:45.087 10 INFO neutron.services.segments.plugin [-] Segment f47dddb3-f228-405d-9703-dacc21a25692 resource provider not found; error: Placement Client Error (4xx): {"errors": [{"status": 404, "title": "Not Found", "detail": "The resource could not be found.\n\n No resource provider with uuid f47dddb3-f228-405d-9703-dacc21a25692 found for delete ", "request_id": "req-d3b8d904-481f-418d-b834-c1d4a52ee105"}]}
2026-03-01 22:18:45.099 10 INFO neutron.services.segments.plugin [-] Segment dbadbe25-c998-4163-a129-639e99e14498 resource provider aggregate not found
2026-03-01 22:18:45.108 10 INFO neutron.services.segments.plugin [-] Segment dbadbe25-c998-4163-a129-639e99e14498 resource provider aggregate not found
2026-03-01 22:18:45.129 10 INFO neutron.services.segments.plugin [-] Segment dbadbe25-c998-4163-a129-639e99e14498 resource provider not found; error: Placement Client Error (4xx): {"errors": [{"status": 404, "title": "Not Found", "detail": "The resource could not be found.\n\n No resource provider with uuid dbadbe25-c998-4163-a129-639e99e14498 found for delete ", "request_id": "req-08ce54b0-0c95-4898-a255-dbd97ef17f29"}]}
2026-03-01 22:18:45.144 10 INFO neutron.services.segments.plugin [-] Segment 16c10fd9-31d0-4e13-add0-caaa659ccb2d resource provider aggregate not found
2026-03-01 22:18:45.150 10 INFO neutron.services.segments.plugin [-] Segment dbadbe25-c998-4163-a129-639e99e14498 resource provider not found; error: Placement Client Error (4xx): {"errors": [{"status": 404, "title": "Not Found", "detail": "The resource could not be found.\n\n No resource provider with uuid dbadbe25-c998-4163-a129-639e99e14498 found for delete ", "request_id": "req-8359c3aa-296d-4911-93dd-2f14ad5423b4"}]}
2026-03-01 22:18:45.154 9 INFO neutron.wsgi [None req-c65a9a75-72f0-40ca-adde-84e2d83b48fc c98bc9c1d85e4983ad974cb4cf9dd46b b6357918f73b458f9e03a5667d465a0e - - default default] 10.0.0.58 "DELETE /v2.0/security-groups/88a47840-d7c6-4db2-bd5d-2d6e45f36e32 HTTP/1.1" status: 204 len: 168 time: 0.2933593
2026-03-01 22:18:45.163 10 INFO neutron.services.segments.plugin [-] Segment 16c10fd9-31d0-4e13-add0-caaa659ccb2d resource provider not found; error: Placement Client Error (4xx): {"errors": [{"status": 404, "title": "Not Found", "detail": "The resource could not be found.\n\n No resource provider with uuid 16c10fd9-31d0-4e13-add0-caaa659ccb2d found for delete ", "request_id": "req-d2ea7233-e237-4f6b-a3b9-8ad93078f0eb"}]}
2026-03-01 22:18:45.166 10 INFO neutron.services.segments.plugin [-] Segment 16c10fd9-31d0-4e13-add0-caaa659ccb2d resource provider aggregate not found
2026-03-01 22:18:45.185 10 INFO neutron.services.segments.plugin [-] Segment 16c10fd9-31d0-4e13-add0-caaa659ccb2d resource provider not found; error: Placement Client Error (4xx): {"errors": [{"status": 404, "title": "Not Found", "detail": "The resource could not be found.\n\n No resource provider with uuid 16c10fd9-31d0-4e13-add0-caaa659ccb2d found for delete ", "request_id": "req-3dd8836b-46b1-4235-be27-df62fe6f3865"}]}
2026-03-01 22:18:45.401 9 INFO neutron.wsgi [None req-5899fdbf-5667-4d4f-85b6-02953179b679 c98bc9c1d85e4983ad974cb4cf9dd46b b6357918f73b458f9e03a5667d465a0e - - default default] 10.0.0.58 "DELETE /v2.0/security-groups/8a8fbfe3-9b64-4f84-b1a0-54c7a99f0e85 HTTP/1.1" status: 204 len: 168 time: 0.3392925
2026-03-01 22:18:45.615 9 WARNING neutron.scheduler.dhcp_agent_scheduler [None req-d36c5e53-a808-4030-b707-77dd84b51801 c98bc9c1d85e4983ad974cb4cf9dd46b b6357918f73b458f9e03a5667d465a0e - - default default] No more DHCP agents
2026-03-01 22:18:45.617 9 WARNING neutron.api.rpc.agentnotifiers.dhcp_rpc_agent_api [None req-d36c5e53-a808-4030-b707-77dd84b51801 c98bc9c1d85e4983ad974cb4cf9dd46b b6357918f73b458f9e03a5667d465a0e - - default default] Unable to schedule network da6f04f9-28d2-4224-9cbf-d4cb1587678d: no agents available; will retry on subsequent port and subnet creation events.
2026-03-01 22:18:45.840 9 INFO neutron.db.ovn_revision_numbers_db [None req-d36c5e53-a808-4030-b707-77dd84b51801 c98bc9c1d85e4983ad974cb4cf9dd46b b6357918f73b458f9e03a5667d465a0e - - default default] Successfully bumped revision number for resource e569f92f-a08d-44b0-bc25-37d686b2540a (type: ports) to 1
2026-03-01 22:18:46.931 10 INFO neutron.plugins.ml2.drivers.ovn.mech_driver.mech_driver [None req-f8da379a-5a15-494a-963c-311b384f4b48 - - - - - -] OVN reports status up for port: e569f92f-a08d-44b0-bc25-37d686b2540a
2026-03-01 22:18:46.941 10 INFO neutron.plugins.ml2.drivers.ovn.mech_driver.ovsdb.ovsdb_monitor [None req-6aa9e7bc-8242-4d0f-8c05-21ad8eca9b33 - - - - - -] Router 6709927e-85bc-42f9-b138-299dbb679303 is bound to host instance
2026-03-01 22:18:46.945 10 INFO neutron.plugins.ml2.plugin [None req-f8da379a-5a15-494a-963c-311b384f4b48 - - - - - -] Attempt 1 to provision port e569f92f-a08d-44b0-bc25-37d686b2540a
2026-03-01 22:18:46.996 9 INFO neutron.db.ovn_revision_numbers_db [None req-d36c5e53-a808-4030-b707-77dd84b51801 c98bc9c1d85e4983ad974cb4cf9dd46b b6357918f73b458f9e03a5667d465a0e - - default default] Successfully bumped revision number for resource e569f92f-a08d-44b0-bc25-37d686b2540a (type: router_ports) to 1
2026-03-01 22:18:47.018 10 WARNING neutron_lib.context [None req-3435bdb0-2ec2-4178-99cc-065ab6628723 20b9a4fd5db64f8a9b2439c83c5da30d 965770abc647459b860f7fba034b7ed9 - - default default] Method 'is_advsvc' is deprecated since 2023.2 release (neutron-lib 3.8.0) and will be removed once support for the old RBAC API policies will be removed from Neutron. Please use method 'is_service_role' instead.
2026-03-01 22:18:47.065 9 INFO neutron.db.ovn_revision_numbers_db [None req-d36c5e53-a808-4030-b707-77dd84b51801 c98bc9c1d85e4983ad974cb4cf9dd46b b6357918f73b458f9e03a5667d465a0e - - default default] Successfully bumped revision number for resource 6709927e-85bc-42f9-b138-299dbb679303 (type: routers) to 2
2026-03-01 22:18:47.077 9 INFO neutron.wsgi [None req-d36c5e53-a808-4030-b707-77dd84b51801 c98bc9c1d85e4983ad974cb4cf9dd46b b6357918f73b458f9e03a5667d465a0e - - default default] 10.0.0.58 "POST /v2.0/routers HTTP/1.1" status: 201 len: 878 time: 2.0294833
2026-03-01 22:18:47.245 10 INFO neutron.db.ovn_revision_numbers_db [None req-3435bdb0-2ec2-4178-99cc-065ab6628723 20b9a4fd5db64f8a9b2439c83c5da30d 965770abc647459b860f7fba034b7ed9 - - default default] Successfully bumped revision number for resource a8580691-a1b7-451b-afb8-ebff9aa6cc80 (type: security_groups) to 1
2026-03-01 22:18:47.295 10 INFO neutron.db.ovn_revision_numbers_db [None req-3435bdb0-2ec2-4178-99cc-065ab6628723 20b9a4fd5db64f8a9b2439c83c5da30d 965770abc647459b860f7fba034b7ed9 - - default default] Successfully bumped revision number for resource 15cfca85-77ec-4ef9-a942-45eabd245c7c (type: security_group_rules) to 0
2026-03-01 22:18:47.315 10 INFO neutron.db.ovn_revision_numbers_db [None req-3435bdb0-2ec2-4178-99cc-065ab6628723 20b9a4fd5db64f8a9b2439c83c5da30d 965770abc647459b860f7fba034b7ed9 - - default default] Successfully bumped revision number for resource 71458d29-7dce-4e3b-9801-3c0208842f8d (type: security_group_rules) to 0
2026-03-01 22:18:47.339 10 INFO neutron.db.ovn_revision_numbers_db [None req-3435bdb0-2ec2-4178-99cc-065ab6628723 20b9a4fd5db64f8a9b2439c83c5da30d 965770abc647459b860f7fba034b7ed9 - - default default] Successfully bumped revision number for resource e78c08ad-273b-41cc-8c44-79d34874f666 (type: security_group_rules) to 0
2026-03-01 22:18:47.380 10 INFO neutron.db.ovn_revision_numbers_db [None req-3435bdb0-2ec2-4178-99cc-065ab6628723 20b9a4fd5db64f8a9b2439c83c5da30d 965770abc647459b860f7fba034b7ed9 - - default default] Successfully bumped revision number for resource f1085b17-4cb3-46ea-9285-e99b0897034e (type: security_group_rules) to 0
2026-03-01 22:18:47.419 10 INFO neutron.db.ovn_revision_numbers_db [None req-af9ce6ba-a34c-4460-a6df-717921dc6aa2 c98bc9c1d85e4983ad974cb4cf9dd46b b6357918f73b458f9e03a5667d465a0e - - default default] Successfully bumped revision number for resource dac33ee1-fc5d-42cc-97a6-01c591bf7b4c (type: security_groups) to 1
2026-03-01 22:18:47.439 10 INFO neutron.db.ovn_revision_numbers_db [None req-af9ce6ba-a34c-4460-a6df-717921dc6aa2 c98bc9c1d85e4983ad974cb4cf9dd46b b6357918f73b458f9e03a5667d465a0e - - default default] Successfully bumped revision number for resource 61c47fea-4628-4aa6-a857-8a5d90e99648 (type: security_group_rules) to 0
2026-03-01 22:18:47.451 10 INFO neutron.db.segments_db [None req-3435bdb0-2ec2-4178-99cc-065ab6628723 20b9a4fd5db64f8a9b2439c83c5da30d 965770abc647459b860f7fba034b7ed9 - - default default] Added segment ae24ffa4-e48b-46d8-b640-f268a078e018 of type geneve for network 2c4bbe5d-6374-4907-a60b-be8d5e2b0324
2026-03-01 22:18:47.472 10 INFO neutron.db.ovn_revision_numbers_db [None req-af9ce6ba-a34c-4460-a6df-717921dc6aa2 c98bc9c1d85e4983ad974cb4cf9dd46b b6357918f73b458f9e03a5667d465a0e - - default default] Successfully bumped revision number for resource 6c22f01c-431c-4ec3-b291-e688f8c5d28e (type: security_group_rules) to 0
2026-03-01 22:18:47.516 9 WARNING neutron.scheduler.dhcp_agent_scheduler [None req-8ac4b3ae-60fb-4e1c-ab2a-bb72826405ae c98bc9c1d85e4983ad974cb4cf9dd46b b6357918f73b458f9e03a5667d465a0e - - default default] No more DHCP agents
2026-03-01 22:18:47.517 9 WARNING neutron.api.rpc.agentnotifiers.dhcp_rpc_agent_api [None req-8ac4b3ae-60fb-4e1c-ab2a-bb72826405ae c98bc9c1d85e4983ad974cb4cf9dd46b b6357918f73b458f9e03a5667d465a0e - - default default] Unable to schedule network dbcaebd2-6759-409f-bb43-fdb7cd010b0f: no agents available; will retry on subsequent port and subnet creation events.
2026-03-01 22:18:47.528 10 INFO neutron.db.ovn_revision_numbers_db [None req-af9ce6ba-a34c-4460-a6df-717921dc6aa2 c98bc9c1d85e4983ad974cb4cf9dd46b b6357918f73b458f9e03a5667d465a0e - - default default] Successfully bumped revision number for resource 871d5f84-2e8f-4473-aae9-fc55d0f4cc99 (type: security_group_rules) to 0
2026-03-01 22:18:47.574 10 INFO neutron.db.ovn_revision_numbers_db [None req-af9ce6ba-a34c-4460-a6df-717921dc6aa2 c98bc9c1d85e4983ad974cb4cf9dd46b b6357918f73b458f9e03a5667d465a0e - - default default] Successfully bumped revision number for resource be86338e-2a00-4d62-a65f-574150f41777 (type: security_group_rules) to 0
2026-03-01 22:18:47.651 10 INFO neutron.db.segments_db [None req-af9ce6ba-a34c-4460-a6df-717921dc6aa2 c98bc9c1d85e4983ad974cb4cf9dd46b b6357918f73b458f9e03a5667d465a0e - - default default] Added segment a88b8ba1-cb90-4957-ab7d-132839b3ae05 of type geneve for network 43f34b71-2011-4bfa-a073-d22cd169bbe3
2026-03-01 22:18:47.657 9 INFO neutron.db.ovn_revision_numbers_db [None req-8ac4b3ae-60fb-4e1c-ab2a-bb72826405ae c98bc9c1d85e4983ad974cb4cf9dd46b b6357918f73b458f9e03a5667d465a0e - - default default] Successfully bumped revision number for resource 74c824f9-7c64-4cd5-8f83-3e1431da1d9d (type: ports) to 1
2026-03-01 22:18:47.691 10 INFO neutron.db.ovn_revision_numbers_db [None req-6aa9e7bc-8242-4d0f-8c05-21ad8eca9b33 - - - - - -] Successfully bumped revision number for resource e569f92f-a08d-44b0-bc25-37d686b2540a (type: ports) to 1
2026-03-01 22:18:47.700 10 INFO neutron.db.ovn_revision_numbers_db [None req-3435bdb0-2ec2-4178-99cc-065ab6628723 20b9a4fd5db64f8a9b2439c83c5da30d 965770abc647459b860f7fba034b7ed9 - - default default] Successfully bumped revision number for resource 2c4bbe5d-6374-4907-a60b-be8d5e2b0324 (type: networks) to 1
2026-03-01 22:18:47.903 10 INFO neutron.db.ovn_revision_numbers_db [None req-af9ce6ba-a34c-4460-a6df-717921dc6aa2 c98bc9c1d85e4983ad974cb4cf9dd46b b6357918f73b458f9e03a5667d465a0e - - default default] Successfully bumped revision number for resource 43f34b71-2011-4bfa-a073-d22cd169bbe3 (type: networks) to 1
2026-03-01 22:18:48.038 9 INFO neutron.db.ovn_revision_numbers_db [None req-8ac4b3ae-60fb-4e1c-ab2a-bb72826405ae c98bc9c1d85e4983ad974cb4cf9dd46b b6357918f73b458f9e03a5667d465a0e - - default default] Successfully bumped revision number for resource 74c824f9-7c64-4cd5-8f83-3e1431da1d9d (type: router_ports) to 1
2026-03-01 22:18:48.063 10 WARNING neutron.scheduler.dhcp_agent_scheduler [None req-3435bdb0-2ec2-4178-99cc-065ab6628723 20b9a4fd5db64f8a9b2439c83c5da30d 965770abc647459b860f7fba034b7ed9 - - default default] No more DHCP agents
2026-03-01 22:18:48.074 10 WARNING neutron.api.rpc.agentnotifiers.dhcp_rpc_agent_api [None req-3435bdb0-2ec2-4178-99cc-065ab6628723 20b9a4fd5db64f8a9b2439c83c5da30d 965770abc647459b860f7fba034b7ed9 - - default default] Unable to schedule network 2c4bbe5d-6374-4907-a60b-be8d5e2b0324: no agents available; will retry on subsequent port and subnet creation events.
2026-03-01 22:18:48.191 9 INFO neutron.db.ovn_revision_numbers_db [None req-8ac4b3ae-60fb-4e1c-ab2a-bb72826405ae c98bc9c1d85e4983ad974cb4cf9dd46b b6357918f73b458f9e03a5667d465a0e - - default default] Successfully bumped revision number for resource 74c824f9-7c64-4cd5-8f83-3e1431da1d9d (type: ports) to 1
2026-03-01 22:18:48.259 9 WARNING neutron.scheduler.dhcp_agent_scheduler [None req-8ac4b3ae-60fb-4e1c-ab2a-bb72826405ae c98bc9c1d85e4983ad974cb4cf9dd46b b6357918f73b458f9e03a5667d465a0e - - default default] No more DHCP agents
2026-03-01 22:18:48.261 9 WARNING neutron.api.rpc.agentnotifiers.dhcp_rpc_agent_api [None req-8ac4b3ae-60fb-4e1c-ab2a-bb72826405ae c98bc9c1d85e4983ad974cb4cf9dd46b b6357918f73b458f9e03a5667d465a0e - - default default] Unable to schedule network dbcaebd2-6759-409f-bb43-fdb7cd010b0f: no agents available; will retry on subsequent port and subnet creation events.
2026-03-01 22:18:48.469 10 WARNING neutron.scheduler.dhcp_agent_scheduler [None req-af9ce6ba-a34c-4460-a6df-717921dc6aa2 c98bc9c1d85e4983ad974cb4cf9dd46b b6357918f73b458f9e03a5667d465a0e - - default default] No more DHCP agents
2026-03-01 22:18:48.471 10 INFO neutron.db.ovn_revision_numbers_db [None req-3435bdb0-2ec2-4178-99cc-065ab6628723 20b9a4fd5db64f8a9b2439c83c5da30d 965770abc647459b860f7fba034b7ed9 - - default default] Successfully bumped revision number for resource d75dad7f-0a95-498e-91ab-246a21e631e8 (type: ports) to 1
2026-03-01 22:18:48.474 10 WARNING neutron.api.rpc.agentnotifiers.dhcp_rpc_agent_api [None req-af9ce6ba-a34c-4460-a6df-717921dc6aa2 c98bc9c1d85e4983ad974cb4cf9dd46b b6357918f73b458f9e03a5667d465a0e - - default default] Unable to schedule network 43f34b71-2011-4bfa-a073-d22cd169bbe3: no agents available; will retry on subsequent port and subnet creation events.
2026-03-01 22:18:48.475 10 INFO neutron.db.ovn_revision_numbers_db [None req-6aa9e7bc-8242-4d0f-8c05-21ad8eca9b33 - - - - - -] Successfully bumped revision number for resource e569f92f-a08d-44b0-bc25-37d686b2540a (type: router_ports) to 3
2026-03-01 22:18:48.525 10 INFO neutron.wsgi [None req-3435bdb0-2ec2-4178-99cc-065ab6628723 20b9a4fd5db64f8a9b2439c83c5da30d 965770abc647459b860f7fba034b7ed9 - - default default] 10.0.0.58 "POST /v2.0/networks HTTP/1.1" status: 201 len: 846 time: 1.6346223
2026-03-01 22:18:48.599 10 INFO neutron.db.ovn_revision_numbers_db [None req-af9ce6ba-a34c-4460-a6df-717921dc6aa2 c98bc9c1d85e4983ad974cb4cf9dd46b b6357918f73b458f9e03a5667d465a0e - - default default] Successfully bumped revision number for resource eff540f1-0720-4383-87df-4618245f3e98 (type: ports) to 1
2026-03-01 22:18:48.634 10 INFO neutron.wsgi [None req-af9ce6ba-a34c-4460-a6df-717921dc6aa2 c98bc9c1d85e4983ad974cb4cf9dd46b b6357918f73b458f9e03a5667d465a0e - - default default] 10.0.0.58 "POST /v2.0/networks HTTP/1.1" status: 201 len: 946 time: 1.5281196
2026-03-01 22:18:48.720 10 INFO neutron.db.ovn_revision_numbers_db [None req-6aa9e7bc-8242-4d0f-8c05-21ad8eca9b33 - - - - - -] Successfully bumped revision number for resource e569f92f-a08d-44b0-bc25-37d686b2540a (type: ports) to 2
2026-03-01 22:18:48.742 9 INFO neutron.db.ovn_revision_numbers_db [None req-8ac4b3ae-60fb-4e1c-ab2a-bb72826405ae c98bc9c1d85e4983ad974cb4cf9dd46b b6357918f73b458f9e03a5667d465a0e - - default default] Successfully bumped revision number for resource 74c824f9-7c64-4cd5-8f83-3e1431da1d9d (type: router_ports) to 1
2026-03-01 22:18:48.746 9 INFO neutron.wsgi [None req-8ac4b3ae-60fb-4e1c-ab2a-bb72826405ae c98bc9c1d85e4983ad974cb4cf9dd46b b6357918f73b458f9e03a5667d465a0e - - default default] 10.0.0.58 "PUT /v2.0/routers/6709927e-85bc-42f9-b138-299dbb679303/add_router_interface HTTP/1.1" status: 200 len: 503 time: 1.6630208
2026-03-01 22:18:48.829 10 WARNING neutron.scheduler.dhcp_agent_scheduler [None req-9123c8af-40b8-458a-9ffa-45aa19004eac c98bc9c1d85e4983ad974cb4cf9dd46b b6357918f73b458f9e03a5667d465a0e - - default default] No more DHCP agents
2026-03-01 22:18:48.841 10 WARNING neutron.api.rpc.agentnotifiers.dhcp_rpc_agent_api [None req-9123c8af-40b8-458a-9ffa-45aa19004eac c98bc9c1d85e4983ad974cb4cf9dd46b b6357918f73b458f9e03a5667d465a0e - - default default] Unable to schedule network 43f34b71-2011-4bfa-a073-d22cd169bbe3: no agents available; will retry on subsequent port and subnet creation events.
2026-03-01 22:18:48.942 9 INFO neutron.db.ovn_revision_numbers_db [None req-2cb8201d-e59b-4130-b309-a4791870dc52 c98bc9c1d85e4983ad974cb4cf9dd46b b6357918f73b458f9e03a5667d465a0e - - default default] Successfully bumped revision number for resource 3c926fd0-9a5a-4607-924b-fc77110d6341 (type: security_groups) to 1
2026-03-01 22:18:48.956 9 INFO neutron.db.ovn_revision_numbers_db [None req-2cb8201d-e59b-4130-b309-a4791870dc52 c98bc9c1d85e4983ad974cb4cf9dd46b b6357918f73b458f9e03a5667d465a0e - - default default] Successfully bumped revision number for resource 0548c8e1-5255-4d70-af91-26745c2fe122 (type: security_group_rules) to 0
2026-03-01 22:18:48.970 9 INFO neutron.db.ovn_revision_numbers_db [None req-2cb8201d-e59b-4130-b309-a4791870dc52 c98bc9c1d85e4983ad974cb4cf9dd46b b6357918f73b458f9e03a5667d465a0e - - default default] Successfully bumped revision number for resource 53b48112-03af-40ed-a092-d946bbc0800a (type: security_group_rules) to 0
2026-03-01 22:18:48.984 9 INFO neutron.db.ovn_revision_numbers_db [None req-2cb8201d-e59b-4130-b309-a4791870dc52 c98bc9c1d85e4983ad974cb4cf9dd46b b6357918f73b458f9e03a5667d465a0e - - default default] Successfully bumped revision number for resource b43bb866-b10d-4980-b109-86bf87e5adbf (type: security_group_rules) to 0
2026-03-01 22:18:48.997 9 INFO neutron.db.ovn_revision_numbers_db [None req-2cb8201d-e59b-4130-b309-a4791870dc52 c98bc9c1d85e4983ad974cb4cf9dd46b b6357918f73b458f9e03a5667d465a0e - - default default] Successfully bumped revision number for resource c291095e-a53f-42cd-83fc-dc326f4d6f76 (type: security_group_rules) to 0
2026-03-01 22:18:49.013 10 WARNING neutron_lib.context [None req-75b7afb6-4242-4b8a-ba94-8beabd3fc971 20b9a4fd5db64f8a9b2439c83c5da30d 965770abc647459b860f7fba034b7ed9 - - default default] Method 'is_advsvc' is deprecated since 2023.2 release (neutron-lib 3.8.0) and will be removed once support for the old RBAC API policies will be removed from Neutron. Please use method 'is_service_role' instead.
