2026-03-01 22:12:20.846 9 INFO neutron.wsgi [None req-42aafdf5-872e-457b-a810-b799cf25ba58 c98bc9c1d85e4983ad974cb4cf9dd46b b6357918f73b458f9e03a5667d465a0e - - default default] 10.0.0.191 "GET /v2.0/agents?binary=ovn-controller HTTP/1.1" status: 200 len: 591 time: 0.0357130
2026-03-01 22:12:20.912 9 INFO neutron.wsgi [None req-f2e33c49-77cd-4c2b-afb9-fe4a6cee3b46 c98bc9c1d85e4983ad974cb4cf9dd46b b6357918f73b458f9e03a5667d465a0e - - default default] 10.0.0.191 "GET /v2.0/ports HTTP/1.1" status: 200 len: 5347 time: 0.0655129
2026-03-01 22:12:20.936 9 INFO neutron.wsgi [None req-10f05dff-9d5f-4077-a19c-25a7b6d79aa7 c98bc9c1d85e4983ad974cb4cf9dd46b b6357918f73b458f9e03a5667d465a0e - - default default] 10.0.0.191 "GET /v2.0/network-ip-availabilities HTTP/1.1" status: 200 len: 1280 time: 0.0204165
2026-03-01 22:12:21.005 9 INFO neutron.wsgi [None req-aa196bc7-8fe3-4c7f-9a04-85d68c0f36bb c98bc9c1d85e4983ad974cb4cf9dd46b b6357918f73b458f9e03a5667d465a0e - - default default] 10.0.0.191 "GET /v2.0/networks HTTP/1.1" status: 200 len: 2350 time: 0.0683100
2026-03-01 22:12:21.073 9 INFO neutron.wsgi [None req-c6829f7a-50ec-4dbc-baff-515e5f6d70fd c98bc9c1d85e4983ad974cb4cf9dd46b b6357918f73b458f9e03a5667d465a0e - - default default] 10.0.0.191 "GET /v2.0/security-groups HTTP/1.1" status: 200 len: 16799 time: 0.0635436
2026-03-01 22:12:21.093 9 INFO neutron.wsgi [None req-49001733-aac5-48e9-8b44-0c4af2583fee c98bc9c1d85e4983ad974cb4cf9dd46b b6357918f73b458f9e03a5667d465a0e - - default default] 10.0.0.191 "GET /v2.0/agents HTTP/1.1" status: 200 len: 997 time: 0.0145142
2026-03-01 22:12:21.140 9 INFO neutron.wsgi [None req-306fd3d8-f2be-490c-8cf9-ba5564759545 c98bc9c1d85e4983ad974cb4cf9dd46b b6357918f73b458f9e03a5667d465a0e - - default default] 10.0.0.191 "GET /v2.0/subnets HTTP/1.1" status: 200 len: 1437 time: 0.0452068
2026-03-01 22:12:21.149 9 INFO neutron.wsgi [None req-c4267c29-dcec-4f4f-8cf7-06b23642cd9a c98bc9c1d85e4983ad974cb4cf9dd46b b6357918f73b458f9e03a5667d465a0e - - default default] 10.0.0.191 "GET /v2.0/subnetpools HTTP/1.1" status: 200 len: 193 time: 0.0081410
2026-03-01 22:12:35.318 10 INFO neutron.wsgi [-] 10.0.0.114 "GET / HTTP/1.1" status: 200 len: 247 time: 0.0017936
2026-03-01 22:12:35.320 9 INFO neutron.wsgi [-] 10.0.0.114 "GET / HTTP/1.1" status: 200 len: 247 time: 0.0027783
2026-03-01 22:12:50.319 10 INFO neutron.wsgi [-] 10.0.0.114 "GET / HTTP/1.1" status: 200 len: 247 time: 0.0023835
2026-03-01 22:12:50.321 9 INFO neutron.wsgi [-] 10.0.0.114 "GET / HTTP/1.1" status: 200 len: 247 time: 0.0042858
2026-03-01 22:13:05.319 10 INFO neutron.wsgi [-] 10.0.0.114 "GET / HTTP/1.1" status: 200 len: 247 time: 0.0024884
2026-03-01 22:13:05.319 9 INFO neutron.wsgi [-] 10.0.0.114 "GET / HTTP/1.1" status: 200 len: 247 time: 0.0027993
2026-03-01 22:13:20.318 10 INFO neutron.wsgi [-] 10.0.0.114 "GET / HTTP/1.1" status: 200 len: 247 time: 0.0016870
2026-03-01 22:13:20.321 9 INFO neutron.wsgi [-] 10.0.0.114 "GET / HTTP/1.1" status: 200 len: 247 time: 0.0026419
2026-03-01 22:13:20.765 9 INFO neutron.wsgi [None req-cae85420-b0be-4a06-b785-a72fc059972b c98bc9c1d85e4983ad974cb4cf9dd46b b6357918f73b458f9e03a5667d465a0e - - default default] 10.0.0.191 "GET /v2.0/networks HTTP/1.1" status: 200 len: 2350 time: 0.1608467
2026-03-01 22:13:20.833 9 INFO neutron.wsgi [None req-17c186d7-2919-4a50-ac3f-92b84b6d3b76 c98bc9c1d85e4983ad974cb4cf9dd46b b6357918f73b458f9e03a5667d465a0e - - default default] 10.0.0.191 "GET /v2.0/security-groups HTTP/1.1" status: 200 len: 16799 time: 0.0651484
2026-03-01 22:13:20.882 9 INFO neutron.wsgi [None req-f1051806-b8ca-4076-9aba-c93be9ebb3aa c98bc9c1d85e4983ad974cb4cf9dd46b b6357918f73b458f9e03a5667d465a0e - - default default] 10.0.0.191 "GET /v2.0/routers HTTP/1.1" status: 200 len: 189 time: 0.0385342
2026-03-01 22:13:20.941 9 INFO neutron.wsgi [None req-874e2006-eaa0-4c03-bb22-864fa5f9a8bf c98bc9c1d85e4983ad974cb4cf9dd46b b6357918f73b458f9e03a5667d465a0e - - default default] 10.0.0.191 "GET /v2.0/agents?binary=ovn-controller HTTP/1.1" status: 200 len: 591 time: 0.0565751
2026-03-01 22:13:21.007 9 INFO neutron.wsgi [None req-5491c97a-f1db-4586-b4dc-227ad373df27 c98bc9c1d85e4983ad974cb4cf9dd46b b6357918f73b458f9e03a5667d465a0e - - default default] 10.0.0.191 "GET /v2.0/subnets HTTP/1.1" status: 200 len: 1437 time: 0.0648310
2026-03-01 22:13:21.020 9 INFO neutron.wsgi [None req-1fd0f5b9-f3cc-4e5d-b440-e56817476c4e c98bc9c1d85e4983ad974cb4cf9dd46b b6357918f73b458f9e03a5667d465a0e - - default default] 10.0.0.191 "GET /v2.0/subnetpools HTTP/1.1" status: 200 len: 193 time: 0.0118439
2026-03-01 22:13:21.045 9 INFO neutron.wsgi [None req-2d7c1881-600c-43d1-b904-c3837cf032ea c98bc9c1d85e4983ad974cb4cf9dd46b b6357918f73b458f9e03a5667d465a0e - - default default] 10.0.0.191 "GET /v2.0/floatingips HTTP/1.1" status: 200 len: 193 time: 0.0235877
2026-03-01 22:13:21.098 9 INFO neutron.wsgi [None req-ac8ae59b-fb30-4811-bfca-c9b4e59e8d2c c98bc9c1d85e4983ad974cb4cf9dd46b b6357918f73b458f9e03a5667d465a0e - - default default] 10.0.0.191 "GET /v2.0/ports HTTP/1.1" status: 200 len: 5347 time: 0.0528171
2026-03-01 22:13:21.144 9 INFO neutron.wsgi [None req-bf93e3b8-eccc-428e-b0b5-a2ada6fc2df6 c98bc9c1d85e4983ad974cb4cf9dd46b b6357918f73b458f9e03a5667d465a0e - - default default] 10.0.0.191 "GET /v2.0/subnets HTTP/1.1" status: 200 len: 1437 time: 0.0346966
2026-03-01 22:13:21.155 9 INFO neutron.wsgi [None req-b7cc7842-ee49-4af9-8454-584de44ff657 c98bc9c1d85e4983ad974cb4cf9dd46b b6357918f73b458f9e03a5667d465a0e - - default default] 10.0.0.191 "GET /v2.0/agents HTTP/1.1" status: 200 len: 997 time: 0.0097499
2026-03-01 22:13:21.169 9 INFO neutron.wsgi [None req-70b07238-0611-4bc8-ab76-c89511f41ca2 c98bc9c1d85e4983ad974cb4cf9dd46b b6357918f73b458f9e03a5667d465a0e - - default default] 10.0.0.191 "GET /v2.0/network-ip-availabilities HTTP/1.1" status: 200 len: 1280 time: 0.0127289
2026-03-01 22:13:35.318 9 INFO neutron.wsgi [-] 10.0.0.114 "GET / HTTP/1.1" status: 200 len: 247 time: 0.0018840
2026-03-01 22:13:35.319 10 INFO neutron.wsgi [-] 10.0.0.114 "GET / HTTP/1.1" status: 200 len: 247 time: 0.0025570
2026-03-01 22:13:50.319 10 INFO neutron.wsgi [-] 10.0.0.114 "GET / HTTP/1.1" status: 200 len: 247 time: 0.0025246
2026-03-01 22:13:50.321 9 INFO neutron.wsgi [-] 10.0.0.114 "GET / HTTP/1.1" status: 200 len: 247 time: 0.0039084
2026-03-01 22:14:05.320 10 INFO neutron.wsgi [-] 10.0.0.114 "GET / HTTP/1.1" status: 200 len: 247 time: 0.0034349
2026-03-01 22:14:05.320 9 INFO neutron.wsgi [-] 10.0.0.114 "GET / HTTP/1.1" status: 200 len: 247 time: 0.0032210
2026-03-01 22:14:05.917 10 INFO neutron.pecan_wsgi.hooks.translation [None req-c85af370-415a-4481-890c-e91c526916b0 c98bc9c1d85e4983ad974cb4cf9dd46b b6357918f73b458f9e03a5667d465a0e - - default default] GET failed (client error): The resource could not be found.
2026-03-01 22:14:05.919 10 INFO neutron.wsgi [None req-c85af370-415a-4481-890c-e91c526916b0 c98bc9c1d85e4983ad974cb4cf9dd46b b6357918f73b458f9e03a5667d465a0e - - default default] 199.204.45.156,10.0.0.114 "GET /v2.0/networks/public HTTP/1.1" status: 404 len: 290 time: 0.0700209
2026-03-01 22:14:06.001 10 INFO neutron.wsgi [None req-a377ada3-4043-44c1-8423-e76472a2eea8 c98bc9c1d85e4983ad974cb4cf9dd46b b6357918f73b458f9e03a5667d465a0e - - default default] 199.204.45.156,10.0.0.114 "GET /v2.0/networks?name=public HTTP/1.1" status: 200 len: 928 time: 0.0790710
2026-03-01 22:14:07.082 10 INFO neutron.pecan_wsgi.hooks.translation [None req-ba0609ac-7e0d-423e-91b4-83a95717020b c98bc9c1d85e4983ad974cb4cf9dd46b b6357918f73b458f9e03a5667d465a0e - - default default] GET failed (client error): The resource could not be found.
2026-03-01 22:14:07.084 10 INFO neutron.wsgi [None req-ba0609ac-7e0d-423e-91b4-83a95717020b c98bc9c1d85e4983ad974cb4cf9dd46b b6357918f73b458f9e03a5667d465a0e - - default default] 199.204.45.156,10.0.0.114 "GET /v2.0/networks/public HTTP/1.1" status: 404 len: 290 time: 0.0555005
2026-03-01 22:14:07.159 10 INFO neutron.wsgi [None req-6637cc4a-791b-4b6f-85f9-35ce63c8c8dc c98bc9c1d85e4983ad974cb4cf9dd46b b6357918f73b458f9e03a5667d465a0e - - default default] 199.204.45.156,10.0.0.114 "GET /v2.0/networks?name=public HTTP/1.1" status: 200 len: 928 time: 0.0709076
2026-03-01 22:14:07.190 10 INFO neutron.pecan_wsgi.hooks.translation [None req-6d392633-721f-4e92-b23d-d0574c71b783 c98bc9c1d85e4983ad974cb4cf9dd46b b6357918f73b458f9e03a5667d465a0e - - default default] GET failed (client error): The resource could not be found.
2026-03-01 22:14:07.192 10 INFO neutron.wsgi [None req-6d392633-721f-4e92-b23d-d0574c71b783 c98bc9c1d85e4983ad974cb4cf9dd46b b6357918f73b458f9e03a5667d465a0e - - default default] 199.204.45.156,10.0.0.114 "GET /v2.0/subnets/public-subnet?network_id=da6f04f9-28d2-4224-9cbf-d4cb1587678d HTTP/1.1" status: 404 len: 295 time: 0.0221171
2026-03-01 22:14:07.240 10 INFO neutron.wsgi [None req-e0201d27-55c0-4cd3-9a0c-cdafb649df85 c98bc9c1d85e4983ad974cb4cf9dd46b b6357918f73b458f9e03a5667d465a0e - - default default] 199.204.45.156,10.0.0.114 "GET /v2.0/subnets?name=public-subnet&network_id=da6f04f9-28d2-4224-9cbf-d4cb1587678d HTTP/1.1" status: 200 len: 819 time: 0.0451605
2026-03-01 22:14:20.318 10 INFO neutron.wsgi [-] 10.0.0.114 "GET / HTTP/1.1" status: 200 len: 247 time: 0.0018044
2026-03-01 22:14:20.319 9 INFO neutron.wsgi [-] 10.0.0.114 "GET / HTTP/1.1" status: 200 len: 247 time: 0.0027153
2026-03-01 22:14:20.801 9 INFO neutron.wsgi [None req-7c1212ab-415e-4571-a72c-ce0c3203bea3 c98bc9c1d85e4983ad974cb4cf9dd46b b6357918f73b458f9e03a5667d465a0e - - default default] 10.0.0.191 "GET /v2.0/networks HTTP/1.1" status: 200 len: 2350 time: 0.1835506
2026-03-01 22:14:20.867 9 INFO neutron.wsgi [None req-ab382d21-63be-4431-a37a-1540a428c833 c98bc9c1d85e4983ad974cb4cf9dd46b b6357918f73b458f9e03a5667d465a0e - - default default] 10.0.0.191 "GET /v2.0/agents HTTP/1.1" status: 200 len: 997 time: 0.0623925
2026-03-01 22:14:20.927 9 INFO neutron.wsgi [None req-cff77a4b-b2d1-4e7f-a5ad-01c4c3141ffd c98bc9c1d85e4983ad974cb4cf9dd46b b6357918f73b458f9e03a5667d465a0e - - default default] 10.0.0.191 "GET /v2.0/subnets HTTP/1.1" status: 200 len: 1437 time: 0.0589330
2026-03-01 22:14:20.950 9 INFO neutron.wsgi [None req-8bf4b943-86ff-4907-b4de-aac5291f697e c98bc9c1d85e4983ad974cb4cf9dd46b b6357918f73b458f9e03a5667d465a0e - - default default] 10.0.0.191 "GET /v2.0/subnetpools HTTP/1.1" status: 200 len: 193 time: 0.0175955
2026-03-01 22:14:20.999 9 INFO neutron.wsgi [None req-0be8fb90-2b32-4711-af50-f6cd20cc0be0 c98bc9c1d85e4983ad974cb4cf9dd46b b6357918f73b458f9e03a5667d465a0e - - default default] 10.0.0.191 "GET /v2.0/floatingips HTTP/1.1" status: 200 len: 193 time: 0.0462990
2026-03-01 22:14:21.050 9 INFO neutron.wsgi [None req-d20220a2-7ae2-4f12-9e0c-54fdf2ae619e c98bc9c1d85e4983ad974cb4cf9dd46b b6357918f73b458f9e03a5667d465a0e - - default default] 10.0.0.191 "GET /v2.0/ports HTTP/1.1" status: 200 len: 5347 time: 0.0495844
2026-03-01 22:14:21.098 9 INFO neutron.wsgi [None req-fa6981e3-a4b7-49c4-9fdd-0ead89f02591 c98bc9c1d85e4983ad974cb4cf9dd46b b6357918f73b458f9e03a5667d465a0e - - default default] 10.0.0.191 "GET /v2.0/subnets HTTP/1.1" status: 200 len: 1437 time: 0.0431619
2026-03-01 22:14:21.123 9 INFO neutron.wsgi [None req-e2e71558-4a62-476a-be01-e495fae5d227 c98bc9c1d85e4983ad974cb4cf9dd46b b6357918f73b458f9e03a5667d465a0e - - default default] 10.0.0.191 "GET /v2.0/routers HTTP/1.1" status: 200 len: 189 time: 0.0223310
2026-03-01 22:14:21.141 9 INFO neutron.wsgi [None req-327b7c28-c8f8-430e-9cf2-69a9fc56ccdf c98bc9c1d85e4983ad974cb4cf9dd46b b6357918f73b458f9e03a5667d465a0e - - default default] 10.0.0.191 "GET /v2.0/agents?binary=ovn-controller HTTP/1.1" status: 200 len: 591 time: 0.0174048
2026-03-01 22:14:21.162 9 INFO neutron.wsgi [None req-8ea347d6-980d-4b2e-b895-fc0deb5a3d09 c98bc9c1d85e4983ad974cb4cf9dd46b b6357918f73b458f9e03a5667d465a0e - - default default] 10.0.0.191 "GET /v2.0/network-ip-availabilities HTTP/1.1" status: 200 len: 1280 time: 0.0152788
2026-03-01 22:14:21.211 9 INFO neutron.wsgi [None req-654c7d3e-045a-4d5b-9762-9223fc8e5794 c98bc9c1d85e4983ad974cb4cf9dd46b b6357918f73b458f9e03a5667d465a0e - - default default] 10.0.0.191 "GET /v2.0/security-groups HTTP/1.1" status: 200 len: 16799 time: 0.0467412
2026-03-01 22:14:35.319 10 INFO neutron.wsgi [-] 10.0.0.114 "GET / HTTP/1.1" status: 200 len: 247 time: 0.0025744
2026-03-01 22:14:35.323 10 INFO neutron.wsgi [-] 10.0.0.114 "GET / HTTP/1.1" status: 200 len: 247 time: 0.0028367
2026-03-01 22:14:41.003 10 INFO neutron.pecan_wsgi.hooks.translation [None req-658d0c60-a443-4e93-b02f-512ce3c5d0a7 c98bc9c1d85e4983ad974cb4cf9dd46b b6357918f73b458f9e03a5667d465a0e - - default default] GET failed (client error): The resource could not be found.
2026-03-01 22:14:41.004 10 INFO neutron.wsgi [None req-658d0c60-a443-4e93-b02f-512ce3c5d0a7 c98bc9c1d85e4983ad974cb4cf9dd46b b6357918f73b458f9e03a5667d465a0e - - default default] 199.204.45.156,10.0.0.114 "GET /v2.0/networks/lb-mgmt-net HTTP/1.1" status: 404 len: 295 time: 0.0601790
2026-03-01 22:14:41.068 10 INFO neutron.wsgi [None req-9aac162c-7993-4c1a-a342-6e3a88e81ebf c98bc9c1d85e4983ad974cb4cf9dd46b b6357918f73b458f9e03a5667d465a0e - - default default] 199.204.45.156,10.0.0.114 "GET /v2.0/networks?name=lb-mgmt-net HTTP/1.1" status: 200 len: 913 time: 0.0597551
2026-03-01 22:14:42.012 10 INFO neutron.pecan_wsgi.hooks.translation [None req-ffc71722-e11d-46b2-8157-2b89ab69a78a c98bc9c1d85e4983ad974cb4cf9dd46b b6357918f73b458f9e03a5667d465a0e - - default default] GET failed (client error): The resource could not be found.
2026-03-01 22:14:42.014 10 INFO neutron.wsgi [None req-ffc71722-e11d-46b2-8157-2b89ab69a78a c98bc9c1d85e4983ad974cb4cf9dd46b b6357918f73b458f9e03a5667d465a0e - - default default] 199.204.45.156,10.0.0.114 "GET /v2.0/networks/lb-mgmt-net HTTP/1.1" status: 404 len: 295 time: 0.0509689
2026-03-01 22:14:42.066 10 INFO neutron.wsgi [None req-464784c6-0c77-481f-a162-cdd3c1a20cbc c98bc9c1d85e4983ad974cb4cf9dd46b b6357918f73b458f9e03a5667d465a0e - - default default] 199.204.45.156,10.0.0.114 "GET /v2.0/networks?name=lb-mgmt-net HTTP/1.1" status: 200 len: 913 time: 0.0485213
2026-03-01 22:14:42.095 10 INFO neutron.pecan_wsgi.hooks.translation [None req-61d324dd-e2ee-42d2-93af-b73db7e09640 c98bc9c1d85e4983ad974cb4cf9dd46b b6357918f73b458f9e03a5667d465a0e - - default default] GET failed (client error): The resource could not be found.
2026-03-01 22:14:42.096 10 INFO neutron.wsgi [None req-61d324dd-e2ee-42d2-93af-b73db7e09640 c98bc9c1d85e4983ad974cb4cf9dd46b b6357918f73b458f9e03a5667d465a0e - - default default] 199.204.45.156,10.0.0.114 "GET /v2.0/subnets/lb-mgmt-subnet?network_id=bb482a7a-c46c-457a-a186-b44bfb1280f8 HTTP/1.1" status: 404 len: 296 time: 0.0246410
2026-03-01 22:14:42.134 10 INFO neutron.wsgi [None req-928dbd6a-046b-4c5e-9d28-a3fff4d6b6ae c98bc9c1d85e4983ad974cb4cf9dd46b b6357918f73b458f9e03a5667d465a0e - - default default] 199.204.45.156,10.0.0.114 "GET /v2.0/subnets?name=lb-mgmt-subnet&network_id=bb482a7a-c46c-457a-a186-b44bfb1280f8 HTTP/1.1" status: 200 len: 805 time: 0.0349026
2026-03-01 22:14:43.374 10 INFO neutron.api.v2.resource [None req-5b7f0f05-23d5-4bf9-a086-b217befdfbc3 c98bc9c1d85e4983ad974cb4cf9dd46b b6357918f73b458f9e03a5667d465a0e - - default default] show failed (client error): The resource could not be found.
2026-03-01 22:14:43.376 10 INFO neutron.wsgi [None req-5b7f0f05-23d5-4bf9-a086-b217befdfbc3 c98bc9c1d85e4983ad974cb4cf9dd46b b6357918f73b458f9e03a5667d465a0e - - default default] 199.204.45.156,10.0.0.114 "GET /v2.0/security-groups/lb-health-mgr-sec-grp HTTP/1.1" status: 404 len: 313 time: 0.0770576
2026-03-01 22:14:43.417 10 INFO neutron.wsgi [None req-9a5d5dee-ac78-43d4-bf87-e5b0a6c317ed c98bc9c1d85e4983ad974cb4cf9dd46b b6357918f73b458f9e03a5667d465a0e - - default default] 199.204.45.156,10.0.0.114 "GET /v2.0/security-groups?name=lb-health-mgr-sec-grp HTTP/1.1" status: 200 len: 4649 time: 0.0377021
2026-03-01 22:14:44.711 10 INFO neutron.wsgi [None req-9a42a109-6671-46eb-a3e7-f73c76e8261a c98bc9c1d85e4983ad974cb4cf9dd46b b6357918f73b458f9e03a5667d465a0e - - default default] 199.204.45.156,10.0.0.114 "GET /v2.0/security-groups/5ab21866-8cda-4495-bce8-e3077a52ee5a HTTP/1.1" status: 200 len: 4646 time: 0.1022375
2026-03-01 22:14:44.761 10 INFO neutron.wsgi [None req-0ce15847-32b1-437b-90f4-54661c4f8a35 c98bc9c1d85e4983ad974cb4cf9dd46b b6357918f73b458f9e03a5667d465a0e - - default default] 199.204.45.156,10.0.0.114 "GET /v2.0/security-groups/5ab21866-8cda-4495-bce8-e3077a52ee5a HTTP/1.1" status: 200 len: 4646 time: 0.0415680
2026-03-01 22:14:44.783 10 INFO neutron.wsgi [None req-edfa3c83-0094-42e6-91fb-b8ea3f3c8ec4 c98bc9c1d85e4983ad974cb4cf9dd46b b6357918f73b458f9e03a5667d465a0e - - default default] 199.204.45.156,10.0.0.114 "GET /v2.0/security-group-rules/217a5530-d63f-4255-a332-da22385ba82b HTTP/1.1" status: 200 len: 744 time: 0.0150015
2026-03-01 22:14:45.699 10 INFO neutron.wsgi [None req-ee78f096-0e80-43a1-af7a-0b028858523d c98bc9c1d85e4983ad974cb4cf9dd46b b6357918f73b458f9e03a5667d465a0e - - default default] 199.204.45.156,10.0.0.114 "GET /v2.0/security-groups/5ab21866-8cda-4495-bce8-e3077a52ee5a HTTP/1.1" status: 200 len: 4646 time: 0.0700841
2026-03-01 22:14:45.734 10 INFO neutron.wsgi [None req-72d7acf0-6316-4ec0-a9bf-f58931e6b2b9 c98bc9c1d85e4983ad974cb4cf9dd46b b6357918f73b458f9e03a5667d465a0e - - default default] 199.204.45.156,10.0.0.114 "GET /v2.0/security-groups/5ab21866-8cda-4495-bce8-e3077a52ee5a HTTP/1.1" status: 200 len: 4646 time: 0.0282435
2026-03-01 22:14:45.753 10 INFO neutron.wsgi [None req-e27990ef-db85-4df3-81df-2782b414cf01 c98bc9c1d85e4983ad974cb4cf9dd46b b6357918f73b458f9e03a5667d465a0e - - default default] 199.204.45.156,10.0.0.114 "GET /v2.0/security-group-rules/88d77c9f-1c5a-42ef-b4d9-133b053c3c74 HTTP/1.1" status: 200 len: 746 time: 0.0126219
2026-03-01 22:14:46.634 10 INFO neutron.wsgi [None req-ec68626b-e994-40f1-a7d5-f064284b2656 c98bc9c1d85e4983ad974cb4cf9dd46b b6357918f73b458f9e03a5667d465a0e - - default default] 199.204.45.156,10.0.0.114 "GET /v2.0/security-groups/5ab21866-8cda-4495-bce8-e3077a52ee5a HTTP/1.1" status: 200 len: 4646 time: 0.0757210
2026-03-01 22:14:46.673 10 INFO neutron.wsgi [None req-f12cc5b0-3cfa-4b5c-bed8-0f72899bb8be c98bc9c1d85e4983ad974cb4cf9dd46b b6357918f73b458f9e03a5667d465a0e - - default default] 199.204.45.156,10.0.0.114 "GET /v2.0/security-groups/5ab21866-8cda-4495-bce8-e3077a52ee5a HTTP/1.1" status: 200 len: 4646 time: 0.0306907
2026-03-01 22:14:46.694 10 INFO neutron.wsgi [None req-92b2af2f-a841-4955-a18f-48a200f8820c c98bc9c1d85e4983ad974cb4cf9dd46b b6357918f73b458f9e03a5667d465a0e - - default default] 199.204.45.156,10.0.0.114 "GET /v2.0/security-group-rules/c12bb11d-0033-4937-aeed-966079c5baf5 HTTP/1.1" status: 200 len: 746 time: 0.0148320
2026-03-01 22:14:47.607 10 INFO neutron.wsgi [None req-c21485c0-fdfb-487c-83ba-bfd057e0e31a c98bc9c1d85e4983ad974cb4cf9dd46b b6357918f73b458f9e03a5667d465a0e - - default default] 199.204.45.156,10.0.0.114 "GET /v2.0/security-groups/5ab21866-8cda-4495-bce8-e3077a52ee5a HTTP/1.1" status: 200 len: 4646 time: 0.0679576
2026-03-01 22:14:47.643 10 INFO neutron.wsgi [None req-1a84fee3-d55c-4788-9948-ec77ac233264 c98bc9c1d85e4983ad974cb4cf9dd46b b6357918f73b458f9e03a5667d465a0e - - default default] 199.204.45.156,10.0.0.114 "GET /v2.0/security-groups/5ab21866-8cda-4495-bce8-e3077a52ee5a HTTP/1.1" status: 200 len: 4646 time: 0.0286505
2026-03-01 22:14:47.662 10 INFO neutron.wsgi [None req-4819cdfa-50a1-491f-87c8-859c1abe3cd4 c98bc9c1d85e4983ad974cb4cf9dd46b b6357918f73b458f9e03a5667d465a0e - - default default] 199.204.45.156,10.0.0.114 "GET /v2.0/security-group-rules/c174a09c-ad66-4adc-a141-3eab439f7459 HTTP/1.1" status: 200 len: 746 time: 0.0129335
2026-03-01 22:14:48.587 10 INFO neutron.wsgi [None req-2d1a70c9-d275-43a4-a072-ac766f5875e0 c98bc9c1d85e4983ad974cb4cf9dd46b b6357918f73b458f9e03a5667d465a0e - - default default] 199.204.45.156,10.0.0.114 "GET /v2.0/security-groups/5ab21866-8cda-4495-bce8-e3077a52ee5a HTTP/1.1" status: 200 len: 4646 time: 0.0719159
2026-03-01 22:14:48.636 10 INFO neutron.wsgi [None req-a308e76d-bdfd-47eb-ba6b-bbf65e088025 c98bc9c1d85e4983ad974cb4cf9dd46b b6357918f73b458f9e03a5667d465a0e - - default default] 199.204.45.156,10.0.0.114 "GET /v2.0/security-groups/5ab21866-8cda-4495-bce8-e3077a52ee5a HTTP/1.1" status: 200 len: 4646 time: 0.0406275
2026-03-01 22:14:48.653 10 INFO neutron.wsgi [None req-5925e23d-259c-40e8-ac22-42062e8316f2 c98bc9c1d85e4983ad974cb4cf9dd46b b6357918f73b458f9e03a5667d465a0e - - default default] 199.204.45.156,10.0.0.114 "GET /v2.0/security-group-rules/89996dd5-43e3-4e0a-84e8-37cfea43db2d HTTP/1.1" status: 200 len: 746 time: 0.0124464
2026-03-01 22:14:49.984 10 INFO neutron.wsgi [None req-03b4d2c3-4098-4e0c-bf8d-f74c52d606f5 c98bc9c1d85e4983ad974cb4cf9dd46b b6357918f73b458f9e03a5667d465a0e - - default default] 199.204.45.156,10.0.0.114 "GET /v2.0/networks/bb482a7a-c46c-457a-a186-b44bfb1280f8 HTTP/1.1" status: 200 len: 910 time: 0.1046720
2026-03-01 22:14:50.014 10 INFO neutron.pecan_wsgi.hooks.translation [None req-4fc31fd1-ed7c-4460-8147-6966210bc588 c98bc9c1d85e4983ad974cb4cf9dd46b b6357918f73b458f9e03a5667d465a0e - - default default] GET failed (client error): The resource could not be found.
2026-03-01 22:14:50.016 10 INFO neutron.wsgi [None req-4fc31fd1-ed7c-4460-8147-6966210bc588 c98bc9c1d85e4983ad974cb4cf9dd46b b6357918f73b458f9e03a5667d465a0e - - default default] 199.204.45.156,10.0.0.114 "GET /v2.0/ports/octavia-health-manager-port-instance?network_id=bb482a7a-c46c-457a-a186-b44bfb1280f8 HTTP/1.1" status: 404 len: 314 time: 0.0183413
2026-03-01 22:14:50.055 10 INFO neutron.wsgi [None req-65170e72-ff49-4b7a-a5aa-763f3b852df9 c98bc9c1d85e4983ad974cb4cf9dd46b b6357918f73b458f9e03a5667d465a0e - - default default] 199.204.45.156,10.0.0.114 "GET /v2.0/ports?name=octavia-health-manager-port-instance&network_id=bb482a7a-c46c-457a-a186-b44bfb1280f8 HTTP/1.1" status: 200 len: 1395 time: 0.0363014
2026-03-01 22:14:50.097 10 INFO neutron.wsgi [None req-5f8725b8-d772-42b5-ace4-c19b4f38f4fd c98bc9c1d85e4983ad974cb4cf9dd46b b6357918f73b458f9e03a5667d465a0e - - default default] 199.204.45.156,10.0.0.114 "GET /v2.0/security-groups/5ab21866-8cda-4495-bce8-e3077a52ee5a HTTP/1.1" status: 200 len: 4646 time: 0.0320787
2026-03-01 22:14:50.319 10 INFO neutron.wsgi [-] 10.0.0.114 "GET / HTTP/1.1" status: 200 len: 247 time: 0.0024810
2026-03-01 22:14:50.319 9 INFO neutron.wsgi [-] 10.0.0.114 "GET / HTTP/1.1" status: 200 len: 247 time: 0.0028310
2026-03-01 22:14:56.827 10 INFO neutron.pecan_wsgi.hooks.translation [None req-5e75b86e-49b7-4e99-8010-72278763b431 c98bc9c1d85e4983ad974cb4cf9dd46b b6357918f73b458f9e03a5667d465a0e - - default default] GET failed (client error): The resource could not be found.
2026-03-01 22:14:56.829 10 INFO neutron.wsgi [None req-5e75b86e-49b7-4e99-8010-72278763b431 c98bc9c1d85e4983ad974cb4cf9dd46b b6357918f73b458f9e03a5667d465a0e - - default default] 199.204.45.156,10.0.0.114 "GET /v2.0/ports/octavia-health-manager-port-instance HTTP/1.1" status: 404 len: 314 time: 0.0654163
2026-03-01 22:14:56.868 10 INFO neutron.wsgi [None req-1811923d-904f-4b5c-8851-5447e210abf6 c98bc9c1d85e4983ad974cb4cf9dd46b b6357918f73b458f9e03a5667d465a0e - - default default] 199.204.45.156,10.0.0.114 "GET /v2.0/ports?name=octavia-health-manager-port-instance HTTP/1.1" status: 200 len: 1395 time: 0.0352283
2026-03-01 22:14:58.340 10 INFO neutron.wsgi [None req-af6e9d7f-4cc3-4d25-a17f-5e68d1b700c1 c98bc9c1d85e4983ad974cb4cf9dd46b b6357918f73b458f9e03a5667d465a0e - - default default] 199.204.45.156,10.0.0.114 "GET /v2.0/ports HTTP/1.1" status: 200 len: 5347 time: 0.1397240
2026-03-01 22:14:59.354 10 INFO neutron.api.v2.resource [None req-cdd43889-b4cc-4392-903d-0cd6c1bfc8ff c98bc9c1d85e4983ad974cb4cf9dd46b b6357918f73b458f9e03a5667d465a0e - - default default] show failed (client error): The resource could not be found.
2026-03-01 22:14:59.356 10 INFO neutron.wsgi [None req-cdd43889-b4cc-4392-903d-0cd6c1bfc8ff c98bc9c1d85e4983ad974cb4cf9dd46b b6357918f73b458f9e03a5667d465a0e - - default default] 199.204.45.156,10.0.0.114 "GET /v2.0/security-groups/lb-mgmt-sec-grp HTTP/1.1" status: 404 len: 307 time: 0.0438199
2026-03-01 22:14:59.399 10 INFO neutron.wsgi [None req-7008af59-bfb1-401d-9187-fd52c9af891d c98bc9c1d85e4983ad974cb4cf9dd46b b6357918f73b458f9e03a5667d465a0e - - default default] 199.204.45.156,10.0.0.114 "GET /v2.0/security-groups?name=lb-mgmt-sec-grp HTTP/1.1" status: 200 len: 2933 time: 0.0384648
2026-03-01 22:15:00.375 10 INFO neutron.wsgi [None req-78596276-f601-419c-a7e0-afb1fd9089e6 c98bc9c1d85e4983ad974cb4cf9dd46b b6357918f73b458f9e03a5667d465a0e - - default default] 199.204.45.156,10.0.0.114 "GET /v2.0/security-groups/856a9e16-a02d-4f97-95ce-01a55711cad0 HTTP/1.1" status: 200 len: 2930 time: 0.0672469
2026-03-01 22:15:00.411 10 INFO neutron.wsgi [None req-f91f4e08-8f4a-4485-a9f6-248c76c0c9c6 c98bc9c1d85e4983ad974cb4cf9dd46b b6357918f73b458f9e03a5667d465a0e - - default default] 199.204.45.156,10.0.0.114 "GET /v2.0/security-groups/856a9e16-a02d-4f97-95ce-01a55711cad0 HTTP/1.1" status: 200 len: 2930 time: 0.0286274
2026-03-01 22:15:00.440 10 INFO neutron.wsgi [None req-ebf8ab11-ed22-4d8a-9d54-42fc88ff0b3b c98bc9c1d85e4983ad974cb4cf9dd46b b6357918f73b458f9e03a5667d465a0e - - default default] 199.204.45.156,10.0.0.114 "GET /v2.0/security-group-rules/2aa49d07-f1e2-4554-bb53-4b2c2fa7e992 HTTP/1.1" status: 200 len: 764 time: 0.0226190
2026-03-01 22:15:01.419 10 INFO neutron.wsgi [None req-01879177-7f75-4d9f-91c0-64651036a036 c98bc9c1d85e4983ad974cb4cf9dd46b b6357918f73b458f9e03a5667d465a0e - - default default] 199.204.45.156,10.0.0.114 "GET /v2.0/security-groups/856a9e16-a02d-4f97-95ce-01a55711cad0 HTTP/1.1" status: 200 len: 2930 time: 0.0780208
2026-03-01 22:15:01.468 10 INFO neutron.wsgi [None req-b46ecf19-c96b-4910-84ad-91cedcb5e576 c98bc9c1d85e4983ad974cb4cf9dd46b b6357918f73b458f9e03a5667d465a0e - - default default] 199.204.45.156,10.0.0.114 "GET /v2.0/security-groups/856a9e16-a02d-4f97-95ce-01a55711cad0 HTTP/1.1" status: 200 len: 2930 time: 0.0400360
2026-03-01 22:15:01.492 10 INFO neutron.wsgi [None req-53aaa18e-2e83-41d1-983d-0b2c00dae8cc c98bc9c1d85e4983ad974cb4cf9dd46b b6357918f73b458f9e03a5667d465a0e - - default default] 199.204.45.156,10.0.0.114 "GET /v2.0/security-group-rules/293f92a6-278e-479f-bf38-6c88d4d3366f HTTP/1.1" status: 200 len: 768 time: 0.0146956
2026-03-01 22:15:05.319 9 INFO neutron.wsgi [-] 10.0.0.114 "GET / HTTP/1.1" status: 200 len: 247 time: 0.0019536
2026-03-01 22:15:05.325 9 INFO neutron.wsgi [-] 10.0.0.114 "GET / HTTP/1.1" status: 200 len: 247 time: 0.0055633
2026-03-01 22:15:13.594 10 INFO neutron.wsgi [None req-9018b9ea-2e17-46cc-99d4-a0db74e215f8 c98bc9c1d85e4983ad974cb4cf9dd46b b6357918f73b458f9e03a5667d465a0e - - default default] 199.204.45.156,10.0.0.114 "GET /v2.0/quotas/b6357918f73b458f9e03a5667d465a0e HTTP/1.1" status: 200 len: 361 time: 0.0117624
2026-03-01 22:15:20.322 10 INFO neutron.wsgi [-] 10.0.0.114 "GET / HTTP/1.1" status: 200 len: 247 time: 0.0040359
2026-03-01 22:15:20.321 9 INFO neutron.wsgi [-] 10.0.0.114 "GET / HTTP/1.1" status: 200 len: 247 time: 0.0040705
2026-03-01 22:15:20.711 9 INFO neutron.wsgi [None req-db92fc37-c98c-40a4-967b-8b0e534ec39b c98bc9c1d85e4983ad974cb4cf9dd46b b6357918f73b458f9e03a5667d465a0e - - default default] 10.0.0.191 "GET /v2.0/agents HTTP/1.1" status: 200 len: 997 time: 0.0950541
2026-03-01 22:15:20.766 9 INFO neutron.wsgi [None req-81e5e3f9-58fb-4951-b5d4-0c81ab2089af c98bc9c1d85e4983ad974cb4cf9dd46b b6357918f73b458f9e03a5667d465a0e - - default default] 10.0.0.191 "GET /v2.0/networks HTTP/1.1" status: 200 len: 2350 time: 0.0537660
2026-03-01 22:15:20.795 9 INFO neutron.wsgi [None req-e85d52cb-36a7-4a1f-a36e-9571afcbf1b5 c98bc9c1d85e4983ad974cb4cf9dd46b b6357918f73b458f9e03a5667d465a0e - - default default] 10.0.0.191 "GET /v2.0/floatingips HTTP/1.1" status: 200 len: 193 time: 0.0236402
2026-03-01 22:15:20.884 9 INFO neutron.wsgi [None req-225a6d4f-980a-409b-8d93-bdf9534593f4 c98bc9c1d85e4983ad974cb4cf9dd46b b6357918f73b458f9e03a5667d465a0e - - default default] 10.0.0.191 "GET /v2.0/security-groups HTTP/1.1" status: 200 len: 16799 time: 0.0882006
2026-03-01 22:15:20.927 9 INFO neutron.wsgi [None req-e15db545-8ae1-4677-85e2-caf74c12c5f0 c98bc9c1d85e4983ad974cb4cf9dd46b b6357918f73b458f9e03a5667d465a0e - - default default] 10.0.0.191 "GET /v2.0/subnets HTTP/1.1" status: 200 len: 1437 time: 0.0386496
2026-03-01 22:15:20.960 9 INFO neutron.wsgi [None req-fd1d1673-f418-4567-82d9-65d218ccd1b1 c98bc9c1d85e4983ad974cb4cf9dd46b b6357918f73b458f9e03a5667d465a0e - - default default] 10.0.0.191 "GET /v2.0/routers HTTP/1.1" status: 200 len: 189 time: 0.0308330
2026-03-01 22:15:20.974 9 INFO neutron.wsgi [None req-ceaab561-011a-4d52-8528-dc7545fe28e9 c98bc9c1d85e4983ad974cb4cf9dd46b b6357918f73b458f9e03a5667d465a0e - - default default] 10.0.0.191 "GET /v2.0/agents?binary=ovn-controller HTTP/1.1" status: 200 len: 591 time: 0.0130832
2026-03-01 22:15:20.999 9 INFO neutron.wsgi [None req-b5d85859-f6f4-4017-80d2-32322e13f841 c98bc9c1d85e4983ad974cb4cf9dd46b b6357918f73b458f9e03a5667d465a0e - - default default] 10.0.0.191 "GET /v2.0/network-ip-availabilities HTTP/1.1" status: 200 len: 1280 time: 0.0233521
2026-03-01 22:15:21.082 9 INFO neutron.wsgi [None req-41a4a67e-f8a1-41dc-bbb4-6abe627d6e14 c98bc9c1d85e4983ad974cb4cf9dd46b b6357918f73b458f9e03a5667d465a0e - - default default] 10.0.0.191 "GET /v2.0/ports HTTP/1.1" status: 200 len: 5347 time: 0.0819545
2026-03-01 22:15:21.138 9 INFO neutron.wsgi [None req-c26f4f31-6c20-4d81-9745-a5c1147fe3cd c98bc9c1d85e4983ad974cb4cf9dd46b b6357918f73b458f9e03a5667d465a0e - - default default] 10.0.0.191 "GET /v2.0/subnets HTTP/1.1" status: 200 len: 1437 time: 0.0528824
2026-03-01 22:15:21.156 9 INFO neutron.wsgi [None req-1bfb6be1-dbb5-44be-b318-461d16ecf745 c98bc9c1d85e4983ad974cb4cf9dd46b b6357918f73b458f9e03a5667d465a0e - - default default] 10.0.0.191 "GET /v2.0/subnetpools HTTP/1.1" status: 200 len: 193 time: 0.0160844
2026-03-01 22:15:35.320 10 INFO neutron.wsgi [-] 10.0.0.114 "GET / HTTP/1.1" status: 200 len: 247 time: 0.0029366
2026-03-01 22:15:35.321 9 INFO neutron.wsgi [-] 10.0.0.114 "GET / HTTP/1.1" status: 200 len: 247 time: 0.0031319
2026-03-01 22:15:50.319 10 INFO neutron.wsgi [-] 10.0.0.114 "GET / HTTP/1.1" status: 200 len: 247 time: 0.0019560
2026-03-01 22:15:50.321 10 INFO neutron.wsgi [-] 10.0.0.114 "GET / HTTP/1.1" status: 200 len: 247 time: 0.0011446
2026-03-01 22:16:03.159 10 INFO neutron.api.v2.resource [None req-54ee363d-21e5-4bcf-92b2-34d3a48c23f2 c98bc9c1d85e4983ad974cb4cf9dd46b b6357918f73b458f9e03a5667d465a0e - - default default] show failed (client error): The resource could not be found.
2026-03-01 22:16:03.161 10 INFO neutron.wsgi [None req-54ee363d-21e5-4bcf-92b2-34d3a48c23f2 c98bc9c1d85e4983ad974cb4cf9dd46b b6357918f73b458f9e03a5667d465a0e - - default default] 199.204.45.156,10.0.0.114 "GET /v2.0/security-groups/manila-service-security-group?project_id=1feb78d0d7a440eb82b4ebfd87990c1c HTTP/1.1" status: 404 len: 321 time: 0.0532832
2026-03-01 22:16:03.198 10 INFO neutron.wsgi [None req-6222cfe6-a1ed-456b-8c43-9ca05093bf7e c98bc9c1d85e4983ad974cb4cf9dd46b b6357918f73b458f9e03a5667d465a0e - - default default] 199.204.45.156,10.0.0.114 "GET /v2.0/security-groups?name=manila-service-security-group&project_id=1feb78d0d7a440eb82b4ebfd87990c1c HTTP/1.1" status: 200 len: 4062 time: 0.0323539
2026-03-01 22:16:04.278 10 INFO neutron.wsgi [None req-76f20ca3-f960-45ba-8626-5f8df78ae445 c98bc9c1d85e4983ad974cb4cf9dd46b b6357918f73b458f9e03a5667d465a0e - - default default] 199.204.45.156,10.0.0.114 "GET /v2.0/security-groups/fe804279-bd9b-43aa-aea0-2ace2ed00c69?project_id=1feb78d0d7a440eb82b4ebfd87990c1c HTTP/1.1" status: 200 len: 4059 time: 0.0741446
2026-03-01 22:16:04.317 10 INFO neutron.wsgi [None req-56328042-35d3-4d17-a610-8d72e4bc78b4 c98bc9c1d85e4983ad974cb4cf9dd46b b6357918f73b458f9e03a5667d465a0e - - default default] 199.204.45.156,10.0.0.114 "GET /v2.0/security-groups/fe804279-bd9b-43aa-aea0-2ace2ed00c69 HTTP/1.1" status: 200 len: 4059 time: 0.0320284
2026-03-01 22:16:04.338 10 INFO neutron.wsgi [None req-071f59c8-8a5b-4d74-a5fc-06a39220f27f c98bc9c1d85e4983ad974cb4cf9dd46b b6357918f73b458f9e03a5667d465a0e - - default default] 199.204.45.156,10.0.0.114 "GET /v2.0/security-group-rules/263ee58b-ceac-45ca-a240-846e4c5adf92 HTTP/1.1" status: 200 len: 740 time: 0.0143015
2026-03-01 22:16:05.320 9 INFO neutron.wsgi [-] 10.0.0.114 "GET / HTTP/1.1" status: 200 len: 247 time: 0.0034785
2026-03-01 22:16:05.323 9 INFO neutron.wsgi [-] 10.0.0.114 "GET / HTTP/1.1" status: 200 len: 247 time: 0.0018744
2026-03-01 22:16:05.434 10 INFO neutron.wsgi [None req-e9123556-e7c7-4826-b343-591c5519a720 c98bc9c1d85e4983ad974cb4cf9dd46b b6357918f73b458f9e03a5667d465a0e - - default default] 199.204.45.156,10.0.0.114 "GET /v2.0/security-groups/fe804279-bd9b-43aa-aea0-2ace2ed00c69?project_id=1feb78d0d7a440eb82b4ebfd87990c1c HTTP/1.1" status: 200 len: 4059 time: 0.1877289
2026-03-01 22:16:05.472 10 INFO neutron.wsgi [None req-311c72ff-044e-43cc-97e6-8721af0c201a c98bc9c1d85e4983ad974cb4cf9dd46b b6357918f73b458f9e03a5667d465a0e - - default default] 199.204.45.156,10.0.0.114 "GET /v2.0/security-groups/fe804279-bd9b-43aa-aea0-2ace2ed00c69 HTTP/1.1" status: 200 len: 4059 time: 0.0313723
2026-03-01 22:16:05.494 10 INFO neutron.wsgi [None req-8f96451b-e5be-4845-b7e8-904639cdf43e c98bc9c1d85e4983ad974cb4cf9dd46b b6357918f73b458f9e03a5667d465a0e - - default default] 199.204.45.156,10.0.0.114 "GET /v2.0/security-group-rules/6a0fe62b-30d5-4eab-8afa-02116526491e HTTP/1.1" status: 200 len: 742 time: 0.0159457
2026-03-01 22:16:06.413 10 INFO neutron.wsgi [None req-8c48c8a4-4b06-49b1-a1f5-86f62ba42fa6 c98bc9c1d85e4983ad974cb4cf9dd46b b6357918f73b458f9e03a5667d465a0e - - default default] 199.204.45.156,10.0.0.114 "GET /v2.0/security-groups/fe804279-bd9b-43aa-aea0-2ace2ed00c69?project_id=1feb78d0d7a440eb82b4ebfd87990c1c HTTP/1.1" status: 200 len: 4059 time: 0.0570092
2026-03-01 22:16:06.442 10 INFO neutron.wsgi [None req-4d4d9e8c-40da-4712-a393-bb052e388087 c98bc9c1d85e4983ad974cb4cf9dd46b b6357918f73b458f9e03a5667d465a0e - - default default] 199.204.45.156,10.0.0.114 "GET /v2.0/security-groups/fe804279-bd9b-43aa-aea0-2ace2ed00c69 HTTP/1.1" status: 200 len: 4059 time: 0.0242734
2026-03-01 22:16:06.464 10 INFO neutron.wsgi [None req-fcbe2588-f10f-443c-9224-23a2509b6152 c98bc9c1d85e4983ad974cb4cf9dd46b b6357918f73b458f9e03a5667d465a0e - - default default] 199.204.45.156,10.0.0.114 "GET /v2.0/security-group-rules/3331275d-4248-47eb-9d4b-6b043510f351 HTTP/1.1" status: 200 len: 744 time: 0.0183918
2026-03-01 22:16:07.570 10 INFO neutron.wsgi [None req-d107c9c7-9ab8-4bd5-acd0-1e357e770c90 c98bc9c1d85e4983ad974cb4cf9dd46b b6357918f73b458f9e03a5667d465a0e - - default default] 199.204.45.156,10.0.0.114 "GET /v2.0/security-groups/fe804279-bd9b-43aa-aea0-2ace2ed00c69?project_id=1feb78d0d7a440eb82b4ebfd87990c1c HTTP/1.1" status: 200 len: 4059 time: 0.0767229
2026-03-01 22:16:07.613 10 INFO neutron.wsgi [None req-ae06607d-0ae3-477a-acf9-16698768c27a c98bc9c1d85e4983ad974cb4cf9dd46b b6357918f73b458f9e03a5667d465a0e - - default default] 199.204.45.156,10.0.0.114 "GET /v2.0/security-groups/fe804279-bd9b-43aa-aea0-2ace2ed00c69 HTTP/1.1" status: 200 len: 4059 time: 0.0350032
2026-03-01 22:16:07.634 10 INFO neutron.wsgi [None req-85f8e99e-f436-4d25-aed3-a2552e7909cc c98bc9c1d85e4983ad974cb4cf9dd46b b6357918f73b458f9e03a5667d465a0e - - default default] 199.204.45.156,10.0.0.114 "GET /v2.0/security-group-rules/48153469-5c17-4900-a050-36a18888f394 HTTP/1.1" status: 200 len: 745 time: 0.0149026
2026-03-01 22:16:14.868 10 INFO neutron.wsgi [None req-b3a1a417-ac1a-4795-8c71-c8747bbd0ed8 c98bc9c1d85e4983ad974cb4cf9dd46b b6357918f73b458f9e03a5667d465a0e - - default default] 199.204.45.156,10.0.0.114 "GET /v2.0/quotas/1feb78d0d7a440eb82b4ebfd87990c1c HTTP/1.1" status: 200 len: 361 time: 0.0174112
2026-03-01 22:16:20.320 9 INFO neutron.wsgi [-] 10.0.0.114 "GET / HTTP/1.1" status: 200 len: 247 time: 0.0028403
2026-03-01 22:16:20.323 9 INFO neutron.wsgi [-] 10.0.0.114 "GET / HTTP/1.1" status: 200 len: 247 time: 0.0020139
2026-03-01 22:16:20.672 9 INFO neutron.wsgi [None req-42c4bb11-b524-4c04-93d7-5bae388fd728 c98bc9c1d85e4983ad974cb4cf9dd46b b6357918f73b458f9e03a5667d465a0e - - default default] 10.0.0.191 "GET /v2.0/network-ip-availabilities HTTP/1.1" status: 200 len: 1280 time: 0.1139791
2026-03-01 22:16:20.700 9 INFO neutron.wsgi [None req-df3c025d-c1fc-42ac-86e4-37d47bf8eb50 c98bc9c1d85e4983ad974cb4cf9dd46b b6357918f73b458f9e03a5667d465a0e - - default default] 10.0.0.191 "GET /v2.0/floatingips HTTP/1.1" status: 200 len: 193 time: 0.0244625
2026-03-01 22:16:20.777 9 INFO neutron.wsgi [None req-55cdcc89-debe-4b59-aae9-25e30851c352 c98bc9c1d85e4983ad974cb4cf9dd46b b6357918f73b458f9e03a5667d465a0e - - default default] 10.0.0.191 "GET /v2.0/subnets HTTP/1.1" status: 200 len: 1437 time: 0.0759282
2026-03-01 22:16:20.857 9 INFO neutron.wsgi [None req-074d6c0a-ed73-4425-927e-173b4e106218 c98bc9c1d85e4983ad974cb4cf9dd46b b6357918f73b458f9e03a5667d465a0e - - default default] 10.0.0.191 "GET /v2.0/ports HTTP/1.1" status: 200 len: 5347 time: 0.0791926
2026-03-01 22:16:20.886 9 INFO neutron.wsgi [None req-504cd55c-f14e-41f9-9fc7-90b6ef421a75 c98bc9c1d85e4983ad974cb4cf9dd46b b6357918f73b458f9e03a5667d465a0e - - default default] 10.0.0.191 "GET /v2.0/routers HTTP/1.1" status: 200 len: 189 time: 0.0256624
2026-03-01 22:16:20.918 9 INFO neutron.wsgi [None req-79fe9131-ef9c-4b61-ad2f-685e76c52754 c98bc9c1d85e4983ad974cb4cf9dd46b b6357918f73b458f9e03a5667d465a0e - - default default] 10.0.0.191 "GET /v2.0/agents?binary=ovn-controller HTTP/1.1" status: 200 len: 591 time: 0.0303841
2026-03-01 22:16:20.929 9 INFO neutron.wsgi [None req-1635cac5-5477-4bc5-9cc6-f9ad1b9e9eb4 c98bc9c1d85e4983ad974cb4cf9dd46b b6357918f73b458f9e03a5667d465a0e - - default default] 10.0.0.191 "GET /v2.0/agents HTTP/1.1" status: 200 len: 997 time: 0.0104203
2026-03-01 22:16:21.116 9 INFO neutron.wsgi [None req-af9b3c92-fa8a-48c9-abc3-4eda8a3e3165 c98bc9c1d85e4983ad974cb4cf9dd46b b6357918f73b458f9e03a5667d465a0e - - default default] 10.0.0.191 "GET /v2.0/networks HTTP/1.1" status: 200 len: 2350 time: 0.1842122
2026-03-01 22:16:21.167 9 INFO neutron.wsgi [None req-280de641-8a9b-4137-84fe-e70e328341a2 c98bc9c1d85e4983ad974cb4cf9dd46b b6357918f73b458f9e03a5667d465a0e - - default default] 10.0.0.191 "GET /v2.0/security-groups HTTP/1.1" status: 200 len: 16799 time: 0.0486848
2026-03-01 22:16:21.207 9 INFO neutron.wsgi [None req-5802fb49-d3ed-4ac1-9e58-1f8a3c95ff82 c98bc9c1d85e4983ad974cb4cf9dd46b b6357918f73b458f9e03a5667d465a0e - - default default] 10.0.0.191 "GET /v2.0/subnets HTTP/1.1" status: 200 len: 1437 time: 0.0330935
2026-03-01 22:16:21.215 9 INFO neutron.wsgi [None req-8938bf5d-4624-42eb-97e0-ab2b381cf1b9 c98bc9c1d85e4983ad974cb4cf9dd46b b6357918f73b458f9e03a5667d465a0e - - default default] 10.0.0.191 "GET /v2.0/subnetpools HTTP/1.1" status: 200 len: 193 time: 0.0066752
2026-03-01 22:16:35.319 9 INFO neutron.wsgi [-] 10.0.0.114 "GET / HTTP/1.1" status: 200 len: 247 time: 0.0027831
2026-03-01 22:16:35.319 10 INFO neutron.wsgi [-] 10.0.0.114 "GET / HTTP/1.1" status: 200 len: 247 time: 0.0030415
2026-03-01 22:16:50.319 10 INFO neutron.wsgi [-] 10.0.0.114 "GET / HTTP/1.1" status: 200 len: 247 time: 0.0019507
2026-03-01 22:16:50.321 9 INFO neutron.wsgi [-] 10.0.0.114 "GET / HTTP/1.1" status: 200 len: 247 time: 0.0035396
2026-03-01 22:17:00.332 10 INFO neutron.wsgi [None req-54f7b388-8a79-42c9-b831-32e331209e7f c98bc9c1d85e4983ad974cb4cf9dd46b b6357918f73b458f9e03a5667d465a0e - - default default] 199.204.45.156,10.0.0.114 "GET /v2.0/networks?name=public HTTP/1.1" status: 200 len: 928 time: 0.1106334
2026-03-01 22:17:05.320 9 INFO neutron.wsgi [-] 10.0.0.114 "GET / HTTP/1.1" status: 200 len: 247 time: 0.0030210
2026-03-01 22:17:05.320 10 INFO neutron.wsgi [-] 10.0.0.114 "GET / HTTP/1.1" status: 200 len: 247 time: 0.0031962
2026-03-01 22:17:20.320 10 INFO neutron.wsgi [-] 10.0.0.114 "GET / HTTP/1.1" status: 200 len: 247 time: 0.0030739
2026-03-01 22:17:20.323 10 INFO neutron.wsgi [-] 10.0.0.114 "GET / HTTP/1.1" status: 200 len: 247 time: 0.0020559
2026-03-01 22:17:21.123 9 INFO neutron.wsgi [None req-0f55a212-34d9-4b24-b6b3-eca1cc067afe c98bc9c1d85e4983ad974cb4cf9dd46b b6357918f73b458f9e03a5667d465a0e - - default default] 10.0.0.191 "GET /v2.0/ports HTTP/1.1" status: 200 len: 5347 time: 0.2761142
2026-03-01 22:17:21.153 9 INFO neutron.wsgi [None req-b427df45-9c10-45a8-a175-a05b11d16888 c98bc9c1d85e4983ad974cb4cf9dd46b b6357918f73b458f9e03a5667d465a0e - - default default] 10.0.0.191 "GET /v2.0/floatingips HTTP/1.1" status: 200 len: 193 time: 0.0239823
2026-03-01 22:17:21.192 9 INFO neutron.wsgi [None req-ac3ec54f-0db5-45db-90ba-0337b2ed0754 c98bc9c1d85e4983ad974cb4cf9dd46b b6357918f73b458f9e03a5667d465a0e - - default default] 10.0.0.191 "GET /v2.0/subnets HTTP/1.1" status: 200 len: 1437 time: 0.0378280
2026-03-01 22:17:21.230 9 INFO neutron.wsgi [None req-64068501-ecb5-4a87-ae90-a28d10650a2c c98bc9c1d85e4983ad974cb4cf9dd46b b6357918f73b458f9e03a5667d465a0e - - default default] 10.0.0.191 "GET /v2.0/subnets HTTP/1.1" status: 200 len: 1437 time: 0.0372069
2026-03-01 22:17:21.252 9 INFO neutron.wsgi [None req-68259e21-400b-4438-bc51-853e0355ff49 c98bc9c1d85e4983ad974cb4cf9dd46b b6357918f73b458f9e03a5667d465a0e - - default default] 10.0.0.191 "GET /v2.0/subnetpools HTTP/1.1" status: 200 len: 193 time: 0.0201392
2026-03-01 22:17:21.302 9 INFO neutron.wsgi [None req-452fb17b-812e-4c9c-b096-6a66c227b7a7 c98bc9c1d85e4983ad974cb4cf9dd46b b6357918f73b458f9e03a5667d465a0e - - default default] 10.0.0.191 "GET /v2.0/routers HTTP/1.1" status: 200 len: 189 time: 0.0348711
2026-03-01 22:17:21.341 9 INFO neutron.wsgi [None req-25eafc30-6b0f-4882-a028-e7f82b56773f c98bc9c1d85e4983ad974cb4cf9dd46b b6357918f73b458f9e03a5667d465a0e - - default default] 10.0.0.191 "GET /v2.0/agents?binary=ovn-controller HTTP/1.1" status: 200 len: 591 time: 0.0380597
2026-03-01 22:17:21.364 9 INFO neutron.wsgi [None req-8328f9e7-f374-4c8f-af3e-0e399be23069 c98bc9c1d85e4983ad974cb4cf9dd46b b6357918f73b458f9e03a5667d465a0e - - default default] 10.0.0.191 "GET /v2.0/network-ip-availabilities HTTP/1.1" status: 200 len: 1280 time: 0.0223026
2026-03-01 22:17:21.452 9 INFO neutron.wsgi [None req-5ad611ff-2466-4b59-9250-4c836d7f9427 c98bc9c1d85e4983ad974cb4cf9dd46b b6357918f73b458f9e03a5667d465a0e - - default default] 10.0.0.191 "GET /v2.0/networks HTTP/1.1" status: 200 len: 2350 time: 0.0855811
2026-03-01 22:17:21.531 9 INFO neutron.wsgi [None req-87a5e5c6-9d18-4bf2-9fea-4c90483781f1 c98bc9c1d85e4983ad974cb4cf9dd46b b6357918f73b458f9e03a5667d465a0e - - default default] 10.0.0.191 "GET /v2.0/security-groups HTTP/1.1" status: 200 len: 16799 time: 0.0768871
2026-03-01 22:17:21.553 9 INFO neutron.wsgi [None req-de7be7a2-5c1e-422c-a947-22c1a551e296 c98bc9c1d85e4983ad974cb4cf9dd46b b6357918f73b458f9e03a5667d465a0e - - default default] 10.0.0.191 "GET /v2.0/agents HTTP/1.1" status: 200 len: 997 time: 0.0132415
2026-03-01 22:17:35.319 9 INFO neutron.wsgi [-] 10.0.0.114 "GET / HTTP/1.1" status: 200 len: 247 time: 0.0024581
2026-03-01 22:17:35.319 10 INFO neutron.wsgi [-] 10.0.0.114 "GET / HTTP/1.1" status: 200 len: 247 time: 0.0025342
2026-03-01 22:17:41.164 10 INFO neutron.wsgi [None req-afd4ab0a-d274-4bfc-9a2b-7d86c1778dc2 c98bc9c1d85e4983ad974cb4cf9dd46b b6357918f73b458f9e03a5667d465a0e - - default default] 10.0.0.58 "GET /v2.0/networks HTTP/1.1" status: 200 len: 2369 time: 0.1774781
2026-03-01 22:17:42.216 9 INFO neutron.wsgi [None req-4999786e-2eb7-425a-b904-5b0dcf7ce0b7 c98bc9c1d85e4983ad974cb4cf9dd46b b6357918f73b458f9e03a5667d465a0e - - default default] 10.0.0.58 "GET /v2.0/floatingips HTTP/1.1" status: 200 len: 212 time: 0.0257308
2026-03-01 22:17:42.243 9 INFO neutron.wsgi [None req-f4036463-ac61-49da-999e-001fc493ac80 c98bc9c1d85e4983ad974cb4cf9dd46b b6357918f73b458f9e03a5667d465a0e - - default default] 10.0.0.58 "GET /v2.0/routers HTTP/1.1" status: 200 len: 208 time: 0.0219865
2026-03-01 22:17:42.290 9 INFO neutron.wsgi [None req-f2633a8a-38bb-44b8-adf1-8238fca16d49 c98bc9c1d85e4983ad974cb4cf9dd46b b6357918f73b458f9e03a5667d465a0e - - default default] 10.0.0.58 "GET /v2.0/ports HTTP/1.1" status: 200 len: 5366 time: 0.0441849
2026-03-01 22:17:42.328 9 INFO neutron.wsgi [None req-9fc01ba2-8ba1-43d6-88c6-433f9a71e59d c98bc9c1d85e4983ad974cb4cf9dd46b b6357918f73b458f9e03a5667d465a0e - - default default] 10.0.0.58 "GET /v2.0/subnets HTTP/1.1" status: 200 len: 1456 time: 0.0334883
2026-03-01 22:17:42.400 9 INFO neutron.wsgi [None req-7fe09431-9f7a-4a8e-9c77-235f29ba3fd1 c98bc9c1d85e4983ad974cb4cf9dd46b b6357918f73b458f9e03a5667d465a0e - - default default] 10.0.0.58 "GET /v2.0/networks HTTP/1.1" status: 200 len: 2369 time: 0.0666082
2026-03-01 22:17:42.462 9 INFO neutron.wsgi [None req-23f9dc4a-52d6-492f-a2ae-f76c02def629 c98bc9c1d85e4983ad974cb4cf9dd46b b6357918f73b458f9e03a5667d465a0e - - default default] 10.0.0.58 "GET /v2.0/security-groups HTTP/1.1" status: 200 len: 16818 time: 0.0555813
2026-03-01 22:17:42.476 9 INFO neutron.wsgi [None req-c1bf9652-55a5-4481-ac31-0c58f8358158 c98bc9c1d85e4983ad974cb4cf9dd46b b6357918f73b458f9e03a5667d465a0e - - default default] 10.0.0.58 "GET /v2.0/subnetpools HTTP/1.1" status: 200 len: 212 time: 0.0089788
2026-03-01 22:17:50.319 9 INFO neutron.wsgi [-] 10.0.0.114 "GET / HTTP/1.1" status: 200 len: 247 time: 0.0029058
2026-03-01 22:17:50.322 9 INFO neutron.wsgi [-] 10.0.0.114 "GET / HTTP/1.1" status: 200 len: 247 time: 0.0019486
2026-03-01 22:17:53.665 9 INFO neutron.db.ovn_revision_numbers_db [None req-05b56b92-e2fc-4198-817b-2fd247679ca9 c98bc9c1d85e4983ad974cb4cf9dd46b b6357918f73b458f9e03a5667d465a0e - - default default] Successfully bumped revision number for resource 8a8fbfe3-9b64-4f84-b1a0-54c7a99f0e85 (type: security_groups) to 1
2026-03-01 22:17:53.681 9 INFO neutron.db.ovn_revision_numbers_db [None req-05b56b92-e2fc-4198-817b-2fd247679ca9 c98bc9c1d85e4983ad974cb4cf9dd46b b6357918f73b458f9e03a5667d465a0e - - default default] Successfully bumped revision number for resource 1492d688-0d70-4773-9f29-14b88dafb71a (type: security_group_rules) to 0
2026-03-01 22:17:53.701 9 INFO neutron.db.ovn_revision_numbers_db [None req-05b56b92-e2fc-4198-817b-2fd247679ca9 c98bc9c1d85e4983ad974cb4cf9dd46b b6357918f73b458f9e03a5667d465a0e - - default default] Successfully bumped revision number for resource 59b55f51-e4e9-4a4c-9067-f8d7328dabed (type: security_group_rules) to 0
2026-03-01 22:17:53.704 9 INFO neutron.db.ovn_revision_numbers_db [None req-0f080a2a-8543-4527-92d7-fa88451fb031 c98bc9c1d85e4983ad974cb4cf9dd46b b6357918f73b458f9e03a5667d465a0e - - default default] Successfully bumped revision number for resource 1f092b26-5f8b-4d6c-9218-5dc498689958 (type: security_groups) to 1
2026-03-01 22:17:53.708 9 INFO neutron.db.ovn_revision_numbers_db [None req-84605fe9-d38b-43e4-a88b-d21edba47039 c98bc9c1d85e4983ad974cb4cf9dd46b b6357918f73b458f9e03a5667d465a0e - - default default] Successfully bumped revision number for resource b0d50513-f707-4430-bdb3-a5db197a12bf (type: security_groups) to 1
2026-03-01 22:17:53.716 9 INFO neutron.db.ovn_revision_numbers_db [None req-05b56b92-e2fc-4198-817b-2fd247679ca9 c98bc9c1d85e4983ad974cb4cf9dd46b b6357918f73b458f9e03a5667d465a0e - - default default] Successfully bumped revision number for resource 6ff071e9-0d28-49b4-8bec-a99309883deb (type: security_group_rules) to 0
2026-03-01 22:17:53.720 9 INFO neutron.db.ovn_revision_numbers_db [None req-0f080a2a-8543-4527-92d7-fa88451fb031 c98bc9c1d85e4983ad974cb4cf9dd46b b6357918f73b458f9e03a5667d465a0e - - default default] Successfully bumped revision number for resource 427dbea8-73e6-4b00-9659-ed477b745ac1 (type: security_group_rules) to 0
2026-03-01 22:17:53.724 9 INFO neutron.db.ovn_revision_numbers_db [None req-84605fe9-d38b-43e4-a88b-d21edba47039 c98bc9c1d85e4983ad974cb4cf9dd46b b6357918f73b458f9e03a5667d465a0e - - default default] Successfully bumped revision number for resource 1a1e0e75-0397-4b24-9559-e9017290c7fd (type: security_group_rules) to 0
2026-03-01 22:17:53.732 9 INFO neutron.db.ovn_revision_numbers_db [None req-05b56b92-e2fc-4198-817b-2fd247679ca9 c98bc9c1d85e4983ad974cb4cf9dd46b b6357918f73b458f9e03a5667d465a0e - - default default] Successfully bumped revision number for resource b76818f5-21dc-4461-8e66-e3e51ebe4e3e (type: security_group_rules) to 0
2026-03-01 22:17:53.741 9 INFO neutron.db.ovn_revision_numbers_db [None req-84605fe9-d38b-43e4-a88b-d21edba47039 c98bc9c1d85e4983ad974cb4cf9dd46b b6357918f73b458f9e03a5667d465a0e - - default default] Successfully bumped revision number for resource 96132296-17ba-4cce-a235-7295da06a7b6 (type: security_group_rules) to 0
2026-03-01 22:17:53.749 9 INFO neutron.db.ovn_revision_numbers_db [None req-0f080a2a-8543-4527-92d7-fa88451fb031 c98bc9c1d85e4983ad974cb4cf9dd46b b6357918f73b458f9e03a5667d465a0e - - default default] Successfully bumped revision number for resource a15613c8-c285-48f3-8d5e-fd61f942fbc4 (type: security_group_rules) to 0
2026-03-01 22:17:53.755 9 INFO neutron.db.ovn_revision_numbers_db [None req-84605fe9-d38b-43e4-a88b-d21edba47039 c98bc9c1d85e4983ad974cb4cf9dd46b b6357918f73b458f9e03a5667d465a0e - - default default] Successfully bumped revision number for resource a1c2eb87-bf7b-4351-b799-b7f36f9cf1d9 (type: security_group_rules) to 0
2026-03-01 22:17:53.766 9 INFO neutron.db.ovn_revision_numbers_db [None req-0f080a2a-8543-4527-92d7-fa88451fb031 c98bc9c1d85e4983ad974cb4cf9dd46b b6357918f73b458f9e03a5667d465a0e - - default default] Successfully bumped revision number for resource dcb248e1-ea49-4700-bcf0-f7a3bd42f743 (type: security_group_rules) to 0
