2026-03-01 22:18:10.588 10 INFO neutron.wsgi [req-f46efd1f-b362-451c-93c1-c82cf330895a req-140d6487-42ce-409b-b47b-2a73323b45f1 7a7116ad831742b1851c89eed30bd572 5c880095e3144c999c7927a69a317610 - - default default] 199.204.45.156 "GET /v2.0/security-groups?fields=id&fields=name&tenant_id=5c880095e3144c999c7927a69a317610 HTTP/1.1" status: 200 len: 379 time: 0.0423286 /var/lib/openstack/lib/python3.10/site-packages/pycadf/identifier.py:71: UserWarning: Invalid uuid: neutron. To ensure interoperability, identifiers should be a valid uuid. warnings.warn(('Invalid uuid: %s. To ensure interoperability, '
2026-03-01 22:18:10.624 10 WARNING neutron_lib.context [req-f46efd1f-b362-451c-93c1-c82cf330895a req-ccfb9e00-f122-4f47-aae5-e08b1a3fccfe 7a7116ad831742b1851c89eed30bd572 5c880095e3144c999c7927a69a317610 - - default default] Method 'is_advsvc' is deprecated since 2023.2 release (neutron-lib 3.8.0) and will be removed once support for the old RBAC API policies will be removed from Neutron. Please use method 'is_service_role' instead.
2026-03-01 22:18:10.685 9 INFO neutron.wsgi [req-4dff4aaf-1816-4d26-95b1-90aa5a8b6205 req-37d24732-c719-4d59-836f-1dbcc69d5476 2b0eee7b5bc54b3b85c9d6ee7ef3baec 1feb78d0d7a440eb82b4ebfd87990c1c - - d91a2fb99e694998a3b70867b3c67f90 d91a2fb99e694998a3b70867b3c67f90] 199.204.45.156 "GET /v2.0/ports?tenant_id=f65689697e4e4f8c80f07c733cfb9061&device_id=8da9e24a-971b-41cc-8f0d-cbfd68df3d46 HTTP/1.1" status: 200 len: 1411 time: 0.0656540
2026-03-01 22:18:10.691 10 INFO neutron.wsgi [req-df325efc-4153-42b9-9013-274b0531eb49 req-19994f6d-d3c4-4034-b8fa-20dfa1f91f5b 7a7116ad831742b1851c89eed30bd572 5c880095e3144c999c7927a69a317610 - - default default] 10.0.0.246 "GET /v2.0/ports?device_id=ad6b3e74-fbb2-407c-a2fd-c518d6464207 HTTP/1.1" status: 200 len: 210 time: 0.0196900
2026-03-01 22:18:10.733 9 INFO neutron.wsgi [req-4dff4aaf-1816-4d26-95b1-90aa5a8b6205 req-2f06684f-ea42-478a-9a47-b71e2da0a85b 2b0eee7b5bc54b3b85c9d6ee7ef3baec 1feb78d0d7a440eb82b4ebfd87990c1c - - d91a2fb99e694998a3b70867b3c67f90 d91a2fb99e694998a3b70867b3c67f90] 199.204.45.156 "GET /v2.0/floatingips?fixed_ip_address=10.100.0.13&port_id=30826060-aa4d-4abe-a4cd-b139e69a6267 HTTP/1.1" status: 200 len: 217 time: 0.0406609
2026-03-01 22:18:10.777 9 INFO neutron.wsgi [req-4dff4aaf-1816-4d26-95b1-90aa5a8b6205 req-460c53c0-27c4-452b-99e2-6126f57e4a2c 2b0eee7b5bc54b3b85c9d6ee7ef3baec 1feb78d0d7a440eb82b4ebfd87990c1c - - d91a2fb99e694998a3b70867b3c67f90 d91a2fb99e694998a3b70867b3c67f90] 199.204.45.156 "GET /v2.0/subnets?id=0cb09fd8-f8db-41dd-b4d1-6c2b0e2f2b9e HTTP/1.1" status: 200 len: 877 time: 0.0369415
2026-03-01 22:18:10.810 9 INFO neutron.wsgi [req-4dff4aaf-1816-4d26-95b1-90aa5a8b6205 req-686584a9-69c4-447b-9e11-08d0dd4dc2e3 2b0eee7b5bc54b3b85c9d6ee7ef3baec 1feb78d0d7a440eb82b4ebfd87990c1c - - d91a2fb99e694998a3b70867b3c67f90 d91a2fb99e694998a3b70867b3c67f90] 199.204.45.156 "GET /v2.0/ports?network_id=568e2acd-d956-46eb-88b8-1db42b89f6b1&device_owner=network%3Adhcp HTTP/1.1" status: 200 len: 210 time: 0.0277543
2026-03-01 22:18:10.892 9 INFO neutron.wsgi [req-4dff4aaf-1816-4d26-95b1-90aa5a8b6205 req-cc4fba8a-3a23-4d28-ba0e-cce7ab98753f 2b0eee7b5bc54b3b85c9d6ee7ef3baec 1feb78d0d7a440eb82b4ebfd87990c1c - - d91a2fb99e694998a3b70867b3c67f90 d91a2fb99e694998a3b70867b3c67f90] 199.204.45.156 "GET /v2.0/networks/568e2acd-d956-46eb-88b8-1db42b89f6b1?fields=segments HTTP/1.1" status: 200 len: 212 time: 0.0662355
2026-03-01 22:18:11.034 10 WARNING neutron.scheduler.dhcp_agent_scheduler [req-f46efd1f-b362-451c-93c1-c82cf330895a req-ccfb9e00-f122-4f47-aae5-e08b1a3fccfe 7a7116ad831742b1851c89eed30bd572 5c880095e3144c999c7927a69a317610 - - default default] No more DHCP agents
2026-03-01 22:18:11.043 10 WARNING neutron.api.rpc.agentnotifiers.dhcp_rpc_agent_api [req-f46efd1f-b362-451c-93c1-c82cf330895a req-ccfb9e00-f122-4f47-aae5-e08b1a3fccfe 7a7116ad831742b1851c89eed30bd572 5c880095e3144c999c7927a69a317610 - - default default] Unable to schedule network 0deb2461-fcce-4337-a0b4-9b98335673e0: no agents available; will retry on subsequent port and subnet creation events.
2026-03-01 22:18:11.186 9 INFO neutron.wsgi [req-4dff4aaf-1816-4d26-95b1-90aa5a8b6205 req-957cba83-ec8a-4807-81da-1e0c9c0615b1 2b0eee7b5bc54b3b85c9d6ee7ef3baec 1feb78d0d7a440eb82b4ebfd87990c1c - - d91a2fb99e694998a3b70867b3c67f90 d91a2fb99e694998a3b70867b3c67f90] 199.204.45.156 "GET /v2.0/networks/568e2acd-d956-46eb-88b8-1db42b89f6b1?fields=provider%3Aphysical_network&fields=provider%3Anetwork_type HTTP/1.1" status: 200 len: 277 time: 0.2872095
2026-03-01 22:18:11.236 10 INFO neutron.db.ovn_revision_numbers_db [req-f46efd1f-b362-451c-93c1-c82cf330895a req-ccfb9e00-f122-4f47-aae5-e08b1a3fccfe 7a7116ad831742b1851c89eed30bd572 5c880095e3144c999c7927a69a317610 - - default default] Successfully bumped revision number for resource a85d6e37-8311-4b6a-a6f9-a4d9897085f8 (type: ports) to 1
2026-03-01 22:18:11.239 9 INFO neutron.wsgi [req-a18d2be2-c51b-437c-bdc8-d3634373db61 req-b6d809fa-ccf8-4305-98d5-29ebc8f7847f 9143d53dd0ee43419d9a00f421aad7f9 f65689697e4e4f8c80f07c733cfb9061 - - default default] 10.0.0.246 "GET /v2.0/ports?device_id=8da9e24a-971b-41cc-8f0d-cbfd68df3d46 HTTP/1.1" status: 200 len: 1172 time: 0.1141758
2026-03-01 22:18:11.271 10 INFO neutron.wsgi [req-f46efd1f-b362-451c-93c1-c82cf330895a req-ccfb9e00-f122-4f47-aae5-e08b1a3fccfe 7a7116ad831742b1851c89eed30bd572 5c880095e3144c999c7927a69a317610 - - default default] 199.204.45.156 "POST /v2.0/ports HTTP/1.1" status: 201 len: 1158 time: 0.6516323 /var/lib/openstack/lib/python3.10/site-packages/pycadf/identifier.py:71: UserWarning: Invalid uuid: neutron. To ensure interoperability, identifiers should be a valid uuid. warnings.warn(('Invalid uuid: %s. To ensure interoperability, '
2026-03-01 22:18:11.311 9 INFO neutron.wsgi [req-a18d2be2-c51b-437c-bdc8-d3634373db61 req-528e515c-c4b6-459b-be2c-570e48054ab6 9143d53dd0ee43419d9a00f421aad7f9 f65689697e4e4f8c80f07c733cfb9061 - - default default] 10.0.0.246 "GET /v2.0/security-groups?id=b35be3d5-b36b-4fac-acbf-568725ffbf93&fields=id&fields=name HTTP/1.1" status: 200 len: 313 time: 0.0572178
2026-03-01 22:18:11.369 9 INFO neutron.notifiers.nova [-] Nova event matching ['req-966fe28b-a37a-4cff-b502-3701ec052d77'] response: {'name': 'network-changed', 'server_uuid': '8da9e24a-971b-41cc-8f0d-cbfd68df3d46', 'tag': '30826060-aa4d-4abe-a4cd-b139e69a6267', 'status': 'completed', 'code': 200}
2026-03-01 22:18:11.530 9 INFO neutron.wsgi [req-d94f4c3d-affc-4bf0-9e3a-2caffc724979 req-99a6a3c5-ee3f-40c0-bc4c-1b2acd85f9e5 2b0eee7b5bc54b3b85c9d6ee7ef3baec 1feb78d0d7a440eb82b4ebfd87990c1c - - d91a2fb99e694998a3b70867b3c67f90 d91a2fb99e694998a3b70867b3c67f90] 199.204.45.156 "GET /v2.0/ports?tenant_id=f65689697e4e4f8c80f07c733cfb9061&device_id=8da9e24a-971b-41cc-8f0d-cbfd68df3d46 HTTP/1.1" status: 200 len: 1411 time: 0.0442395
2026-03-01 22:18:11.638 9 INFO neutron.wsgi [req-d94f4c3d-affc-4bf0-9e3a-2caffc724979 req-2b4b6460-055a-4b97-bfff-66d491527bce 2b0eee7b5bc54b3b85c9d6ee7ef3baec 1feb78d0d7a440eb82b4ebfd87990c1c - - d91a2fb99e694998a3b70867b3c67f90 d91a2fb99e694998a3b70867b3c67f90] 199.204.45.156 "GET /v2.0/networks?id=568e2acd-d956-46eb-88b8-1db42b89f6b1 HTTP/1.1" status: 200 len: 982 time: 0.0905581
2026-03-01 22:18:11.672 9 INFO neutron.wsgi [req-d94f4c3d-affc-4bf0-9e3a-2caffc724979 req-0d6bea76-e235-4e11-86f7-3468c0e64931 2b0eee7b5bc54b3b85c9d6ee7ef3baec 1feb78d0d7a440eb82b4ebfd87990c1c - - d91a2fb99e694998a3b70867b3c67f90 d91a2fb99e694998a3b70867b3c67f90] 199.204.45.156 "GET /v2.0/floatingips?fixed_ip_address=10.100.0.13&port_id=30826060-aa4d-4abe-a4cd-b139e69a6267 HTTP/1.1" status: 200 len: 217 time: 0.0261722
2026-03-01 22:18:11.713 9 INFO neutron.wsgi [req-d94f4c3d-affc-4bf0-9e3a-2caffc724979 req-72943288-a342-44ac-89fe-58018541b39e 2b0eee7b5bc54b3b85c9d6ee7ef3baec 1feb78d0d7a440eb82b4ebfd87990c1c - - d91a2fb99e694998a3b70867b3c67f90 d91a2fb99e694998a3b70867b3c67f90] 199.204.45.156 "GET /v2.0/subnets?id=0cb09fd8-f8db-41dd-b4d1-6c2b0e2f2b9e HTTP/1.1" status: 200 len: 877 time: 0.0352445
2026-03-01 22:18:11.739 10 INFO neutron.db.ovn_revision_numbers_db [req-f46efd1f-b362-451c-93c1-c82cf330895a req-c8aa3566-35fa-47e3-8e2b-91a6461b9bf4 2b0eee7b5bc54b3b85c9d6ee7ef3baec 1feb78d0d7a440eb82b4ebfd87990c1c - - d91a2fb99e694998a3b70867b3c67f90 d91a2fb99e694998a3b70867b3c67f90] Successfully bumped revision number for resource a85d6e37-8311-4b6a-a6f9-a4d9897085f8 (type: ports) to 2
2026-03-01 22:18:11.740 9 INFO neutron.wsgi [req-d94f4c3d-affc-4bf0-9e3a-2caffc724979 req-730f67ac-af42-41fc-af16-0affa09606ab 2b0eee7b5bc54b3b85c9d6ee7ef3baec 1feb78d0d7a440eb82b4ebfd87990c1c - - d91a2fb99e694998a3b70867b3c67f90 d91a2fb99e694998a3b70867b3c67f90] 199.204.45.156 "GET /v2.0/ports?network_id=568e2acd-d956-46eb-88b8-1db42b89f6b1&device_owner=network%3Adhcp HTTP/1.1" status: 200 len: 210 time: 0.0213859
2026-03-01 22:18:11.840 9 INFO neutron.wsgi [req-36327d51-07d7-451a-aabf-8106596144b7 req-816c5f6f-b5fb-4fe9-ae3e-e82000c7da50 7a7116ad831742b1851c89eed30bd572 5c880095e3144c999c7927a69a317610 - - default default] 10.0.0.246 "GET /v2.0/ports?device_id=ad6b3e74-fbb2-407c-a2fd-c518d6464207 HTTP/1.1" status: 200 len: 1168 time: 0.0585585
2026-03-01 22:18:11.852 9 INFO neutron.wsgi [req-d94f4c3d-affc-4bf0-9e3a-2caffc724979 req-eb3b12df-f9bb-449f-a050-071a07339f24 2b0eee7b5bc54b3b85c9d6ee7ef3baec 1feb78d0d7a440eb82b4ebfd87990c1c - - d91a2fb99e694998a3b70867b3c67f90 d91a2fb99e694998a3b70867b3c67f90] 199.204.45.156 "GET /v2.0/networks/568e2acd-d956-46eb-88b8-1db42b89f6b1?fields=segments HTTP/1.1" status: 200 len: 212 time: 0.1057599
2026-03-01 22:18:11.905 9 INFO neutron.wsgi [req-36327d51-07d7-451a-aabf-8106596144b7 req-759d91e1-d0a8-4f08-9cf9-8852c45cb706 7a7116ad831742b1851c89eed30bd572 5c880095e3144c999c7927a69a317610 - - default default] 10.0.0.246 "GET /v2.0/security-groups?id=c09909ff-54e5-425b-b7a6-0685a665439a&fields=id&fields=name HTTP/1.1" status: 200 len: 312 time: 0.0573680
2026-03-01 22:18:11.935 10 INFO neutron.db.ovn_revision_numbers_db [req-f46efd1f-b362-451c-93c1-c82cf330895a req-c8aa3566-35fa-47e3-8e2b-91a6461b9bf4 2b0eee7b5bc54b3b85c9d6ee7ef3baec 1feb78d0d7a440eb82b4ebfd87990c1c - - d91a2fb99e694998a3b70867b3c67f90 d91a2fb99e694998a3b70867b3c67f90] Successfully bumped revision number for resource a85d6e37-8311-4b6a-a6f9-a4d9897085f8 (type: ports) to 2
2026-03-01 22:18:11.948 9 INFO neutron.wsgi [req-d94f4c3d-affc-4bf0-9e3a-2caffc724979 req-a902c0b6-12b4-4525-9a76-26ef92c74b4c 2b0eee7b5bc54b3b85c9d6ee7ef3baec 1feb78d0d7a440eb82b4ebfd87990c1c - - d91a2fb99e694998a3b70867b3c67f90 d91a2fb99e694998a3b70867b3c67f90] 199.204.45.156 "GET /v2.0/networks/568e2acd-d956-46eb-88b8-1db42b89f6b1?fields=provider%3Aphysical_network&fields=provider%3Anetwork_type HTTP/1.1" status: 200 len: 277 time: 0.0913074
2026-03-01 22:18:11.960 10 INFO neutron.wsgi [req-f46efd1f-b362-451c-93c1-c82cf330895a req-c8aa3566-35fa-47e3-8e2b-91a6461b9bf4 2b0eee7b5bc54b3b85c9d6ee7ef3baec 1feb78d0d7a440eb82b4ebfd87990c1c - - d91a2fb99e694998a3b70867b3c67f90 d91a2fb99e694998a3b70867b3c67f90] 199.204.45.156 "PUT /v2.0/ports/a85d6e37-8311-4b6a-a6f9-a4d9897085f8 HTTP/1.1" status: 200 len: 1376 time: 0.6775575 /var/lib/openstack/lib/python3.10/site-packages/pycadf/identifier.py:71: UserWarning: Invalid uuid: neutron. To ensure interoperability, identifiers should be a valid uuid. warnings.warn(('Invalid uuid: %s. To ensure interoperability, '
2026-03-01 22:18:12.040 10 INFO neutron.wsgi [req-f46efd1f-b362-451c-93c1-c82cf330895a req-a6b3dc10-3fcf-4054-a6f6-d95d9809229c 2b0eee7b5bc54b3b85c9d6ee7ef3baec 1feb78d0d7a440eb82b4ebfd87990c1c - - d91a2fb99e694998a3b70867b3c67f90 d91a2fb99e694998a3b70867b3c67f90] 199.204.45.156 "GET /v2.0/ports?tenant_id=5c880095e3144c999c7927a69a317610&device_id=ad6b3e74-fbb2-407c-a2fd-c518d6464207 HTTP/1.1" status: 200 len: 1407 time: 0.0493405
2026-03-01 22:18:12.075 10 INFO neutron.wsgi [req-f46efd1f-b362-451c-93c1-c82cf330895a req-f6e0a7ba-efda-4fbd-8445-c4faf94e720a 2b0eee7b5bc54b3b85c9d6ee7ef3baec 1feb78d0d7a440eb82b4ebfd87990c1c - - d91a2fb99e694998a3b70867b3c67f90 d91a2fb99e694998a3b70867b3c67f90] 199.204.45.156 "GET /v2.0/floatingips?fixed_ip_address=10.100.0.3&port_id=a85d6e37-8311-4b6a-a6f9-a4d9897085f8 HTTP/1.1" status: 200 len: 217 time: 0.0290575
2026-03-01 22:18:12.129 10 INFO neutron.wsgi [req-f46efd1f-b362-451c-93c1-c82cf330895a req-65cf47e9-3e38-4c82-a2a1-f0ebb4f48266 2b0eee7b5bc54b3b85c9d6ee7ef3baec 1feb78d0d7a440eb82b4ebfd87990c1c - - d91a2fb99e694998a3b70867b3c67f90 d91a2fb99e694998a3b70867b3c67f90] 199.204.45.156 "GET /v2.0/subnets?id=faff2a8d-eecc-4737-ade3-a62b88fbb77c HTTP/1.1" status: 200 len: 862 time: 0.0476944
2026-03-01 22:18:12.164 10 INFO neutron.wsgi [req-f46efd1f-b362-451c-93c1-c82cf330895a req-764a6ab6-4b30-4de5-8f2c-409cef8db41f 2b0eee7b5bc54b3b85c9d6ee7ef3baec 1feb78d0d7a440eb82b4ebfd87990c1c - - d91a2fb99e694998a3b70867b3c67f90 d91a2fb99e694998a3b70867b3c67f90] 199.204.45.156 "GET /v2.0/ports?network_id=0deb2461-fcce-4337-a0b4-9b98335673e0&device_owner=network%3Adhcp HTTP/1.1" status: 200 len: 210 time: 0.0271347
2026-03-01 22:18:12.239 10 INFO neutron.wsgi [req-f46efd1f-b362-451c-93c1-c82cf330895a req-1845571a-a68f-4352-b466-ea79d033ee97 2b0eee7b5bc54b3b85c9d6ee7ef3baec 1feb78d0d7a440eb82b4ebfd87990c1c - - d91a2fb99e694998a3b70867b3c67f90 d91a2fb99e694998a3b70867b3c67f90] 199.204.45.156 "GET /v2.0/networks/0deb2461-fcce-4337-a0b4-9b98335673e0?fields=segments HTTP/1.1" status: 200 len: 212 time: 0.0680170
2026-03-01 22:18:12.296 10 INFO neutron.db.ovn_revision_numbers_db [None req-02b49d8f-190e-46b8-ac11-f487ad86d89e c98bc9c1d85e4983ad974cb4cf9dd46b b6357918f73b458f9e03a5667d465a0e - - default default] Successfully bumped revision number for resource 4a8591c3-4b31-4032-8627-9b4280982d69 (type: security_groups) to 1
2026-03-01 22:18:12.301 10 INFO neutron.wsgi [req-f46efd1f-b362-451c-93c1-c82cf330895a req-ba52e37f-934f-4bbf-bec3-fb6a53b518de 2b0eee7b5bc54b3b85c9d6ee7ef3baec 1feb78d0d7a440eb82b4ebfd87990c1c - - d91a2fb99e694998a3b70867b3c67f90 d91a2fb99e694998a3b70867b3c67f90] 199.204.45.156 "GET /v2.0/networks/0deb2461-fcce-4337-a0b4-9b98335673e0?fields=provider%3Aphysical_network&fields=provider%3Anetwork_type HTTP/1.1" status: 200 len: 277 time: 0.0569015
2026-03-01 22:18:12.311 10 INFO neutron.db.ovn_revision_numbers_db [None req-02b49d8f-190e-46b8-ac11-f487ad86d89e c98bc9c1d85e4983ad974cb4cf9dd46b b6357918f73b458f9e03a5667d465a0e - - default default] Successfully bumped revision number for resource 0a599ec2-22b7-49e4-8de7-30e84c60e8b7 (type: security_group_rules) to 0
2026-03-01 22:18:12.329 10 INFO neutron.db.ovn_revision_numbers_db [None req-02b49d8f-190e-46b8-ac11-f487ad86d89e c98bc9c1d85e4983ad974cb4cf9dd46b b6357918f73b458f9e03a5667d465a0e - - default default] Successfully bumped revision number for resource 28c2dbc7-4a64-4c38-a335-6113480b7b90 (type: security_group_rules) to 0
2026-03-01 22:18:12.343 10 INFO neutron.db.ovn_revision_numbers_db [None req-02b49d8f-190e-46b8-ac11-f487ad86d89e c98bc9c1d85e4983ad974cb4cf9dd46b b6357918f73b458f9e03a5667d465a0e - - default default] Successfully bumped revision number for resource 4cc1a793-876f-496b-897b-6a8c2758a7ee (type: security_group_rules) to 0
2026-03-01 22:18:12.358 10 INFO neutron.db.ovn_revision_numbers_db [None req-02b49d8f-190e-46b8-ac11-f487ad86d89e c98bc9c1d85e4983ad974cb4cf9dd46b b6357918f73b458f9e03a5667d465a0e - - default default] Successfully bumped revision number for resource 82a89152-0fcc-4316-b591-0de7e55f4a9b (type: security_group_rules) to 0
2026-03-01 22:18:12.409 10 INFO neutron.db.segments_db [None req-02b49d8f-190e-46b8-ac11-f487ad86d89e c98bc9c1d85e4983ad974cb4cf9dd46b b6357918f73b458f9e03a5667d465a0e - - default default] Added segment 408cc65c-0fd6-4301-95f8-5b1d42b9cdf3 of type geneve for network 0d76f770-3aa3-4c3b-a8b7-34e6a22200c5
2026-03-01 22:18:12.435 9 INFO neutron.wsgi [req-b4584929-9b0a-456b-a23d-ececa290d2f7 req-2f950ace-718a-43f2-b167-b837ff85e33d 9143d53dd0ee43419d9a00f421aad7f9 f65689697e4e4f8c80f07c733cfb9061 - - default default] 10.0.0.246 "GET /v2.0/ports?device_id=8da9e24a-971b-41cc-8f0d-cbfd68df3d46 HTTP/1.1" status: 200 len: 1172 time: 0.0504842
2026-03-01 22:18:12.485 9 INFO neutron.wsgi [req-b4584929-9b0a-456b-a23d-ececa290d2f7 req-855372a0-c987-482e-bfd4-db09a69b6897 9143d53dd0ee43419d9a00f421aad7f9 f65689697e4e4f8c80f07c733cfb9061 - - default default] 10.0.0.246 "GET /v2.0/security-groups?id=b35be3d5-b36b-4fac-acbf-568725ffbf93&fields=id&fields=name HTTP/1.1" status: 200 len: 313 time: 0.0419745
2026-03-01 22:18:12.649 10 INFO neutron.notifiers.nova [-] Nova event matching ['req-290d2504-7d48-43e2-a22f-251cccb5f027'] response: {'name': 'network-changed', 'server_uuid': 'ad6b3e74-fbb2-407c-a2fd-c518d6464207', 'tag': 'a85d6e37-8311-4b6a-a6f9-a4d9897085f8', 'status': 'completed', 'code': 200}
2026-03-01 22:18:12.690 10 INFO neutron.wsgi [req-2ebd7cc0-bdc8-4d92-8aff-59b67d6717f4 req-6f843383-2740-48d8-aec6-36d0396b7899 2b0eee7b5bc54b3b85c9d6ee7ef3baec 1feb78d0d7a440eb82b4ebfd87990c1c - - d91a2fb99e694998a3b70867b3c67f90 d91a2fb99e694998a3b70867b3c67f90] 199.204.45.156 "GET /v2.0/ports?tenant_id=5c880095e3144c999c7927a69a317610&device_id=ad6b3e74-fbb2-407c-a2fd-c518d6464207 HTTP/1.1" status: 200 len: 1407 time: 0.0418816
2026-03-01 22:18:12.801 10 INFO neutron.wsgi [req-2ebd7cc0-bdc8-4d92-8aff-59b67d6717f4 req-acc53e37-ffac-4c9f-919c-74c5658af222 2b0eee7b5bc54b3b85c9d6ee7ef3baec 1feb78d0d7a440eb82b4ebfd87990c1c - - d91a2fb99e694998a3b70867b3c67f90 d91a2fb99e694998a3b70867b3c67f90] 199.204.45.156 "GET /v2.0/networks?id=0deb2461-fcce-4337-a0b4-9b98335673e0 HTTP/1.1" status: 200 len: 967 time: 0.1028900
2026-03-01 22:18:12.802 10 INFO neutron.db.ovn_revision_numbers_db [None req-02b49d8f-190e-46b8-ac11-f487ad86d89e c98bc9c1d85e4983ad974cb4cf9dd46b b6357918f73b458f9e03a5667d465a0e - - default default] Successfully bumped revision number for resource 0d76f770-3aa3-4c3b-a8b7-34e6a22200c5 (type: networks) to 1
2026-03-01 22:18:12.846 10 INFO neutron.wsgi [req-2ebd7cc0-bdc8-4d92-8aff-59b67d6717f4 req-5f9c88d4-3baa-4e18-83d5-91ee26233a6a 2b0eee7b5bc54b3b85c9d6ee7ef3baec 1feb78d0d7a440eb82b4ebfd87990c1c - - d91a2fb99e694998a3b70867b3c67f90 d91a2fb99e694998a3b70867b3c67f90] 199.204.45.156 "GET /v2.0/floatingips?fixed_ip_address=10.100.0.3&port_id=a85d6e37-8311-4b6a-a6f9-a4d9897085f8 HTTP/1.1" status: 200 len: 217 time: 0.0396981
2026-03-01 22:18:12.901 10 INFO neutron.wsgi [req-2ebd7cc0-bdc8-4d92-8aff-59b67d6717f4 req-7e2d1414-94f7-4d39-b7b0-75e635d7ac5e 2b0eee7b5bc54b3b85c9d6ee7ef3baec 1feb78d0d7a440eb82b4ebfd87990c1c - - d91a2fb99e694998a3b70867b3c67f90 d91a2fb99e694998a3b70867b3c67f90] 199.204.45.156 "GET /v2.0/subnets?id=faff2a8d-eecc-4737-ade3-a62b88fbb77c HTTP/1.1" status: 200 len: 862 time: 0.0479264
2026-03-01 22:18:12.934 10 INFO neutron.wsgi [req-2ebd7cc0-bdc8-4d92-8aff-59b67d6717f4 req-110da0ae-743f-4669-ae15-3533ae38d240 2b0eee7b5bc54b3b85c9d6ee7ef3baec 1feb78d0d7a440eb82b4ebfd87990c1c - - d91a2fb99e694998a3b70867b3c67f90 d91a2fb99e694998a3b70867b3c67f90] 199.204.45.156 "GET /v2.0/ports?network_id=0deb2461-fcce-4337-a0b4-9b98335673e0&device_owner=network%3Adhcp HTTP/1.1" status: 200 len: 210 time: 0.0264881
2026-03-01 22:18:13.052 10 INFO neutron.wsgi [req-2ebd7cc0-bdc8-4d92-8aff-59b67d6717f4 req-5eb99a07-749e-4f7f-8574-bc1c01b2a7ac 2b0eee7b5bc54b3b85c9d6ee7ef3baec 1feb78d0d7a440eb82b4ebfd87990c1c - - d91a2fb99e694998a3b70867b3c67f90 d91a2fb99e694998a3b70867b3c67f90] 199.204.45.156 "GET /v2.0/networks/0deb2461-fcce-4337-a0b4-9b98335673e0?fields=segments HTTP/1.1" status: 200 len: 212 time: 0.1099331
2026-03-01 22:18:13.088 10 WARNING neutron.scheduler.dhcp_agent_scheduler [None req-02b49d8f-190e-46b8-ac11-f487ad86d89e c98bc9c1d85e4983ad974cb4cf9dd46b b6357918f73b458f9e03a5667d465a0e - - default default] No more DHCP agents
2026-03-01 22:18:13.095 10 WARNING neutron.api.rpc.agentnotifiers.dhcp_rpc_agent_api [None req-02b49d8f-190e-46b8-ac11-f487ad86d89e c98bc9c1d85e4983ad974cb4cf9dd46b b6357918f73b458f9e03a5667d465a0e - - default default] Unable to schedule network 0d76f770-3aa3-4c3b-a8b7-34e6a22200c5: no agents available; will retry on subsequent port and subnet creation events.
2026-03-01 22:18:13.141 10 INFO neutron.wsgi [req-9d7a4b46-07c5-41fc-8c82-fdfc1117bfb5 req-b746448b-53f4-440a-9cf1-1de3aacbba30 7a7116ad831742b1851c89eed30bd572 5c880095e3144c999c7927a69a317610 - - default default] 10.0.0.246 "GET /v2.0/ports?device_id=ad6b3e74-fbb2-407c-a2fd-c518d6464207 HTTP/1.1" status: 200 len: 1168 time: 0.1603239
2026-03-01 22:18:13.175 10 INFO neutron.wsgi [req-2ebd7cc0-bdc8-4d92-8aff-59b67d6717f4 req-4f362405-8d4e-4364-b36b-5cd3a7aa324e 2b0eee7b5bc54b3b85c9d6ee7ef3baec 1feb78d0d7a440eb82b4ebfd87990c1c - - d91a2fb99e694998a3b70867b3c67f90 d91a2fb99e694998a3b70867b3c67f90] 199.204.45.156 "GET /v2.0/networks/0deb2461-fcce-4337-a0b4-9b98335673e0?fields=provider%3Aphysical_network&fields=provider%3Anetwork_type HTTP/1.1" status: 200 len: 277 time: 0.1068349
2026-03-01 22:18:13.210 10 INFO neutron.wsgi [req-9d7a4b46-07c5-41fc-8c82-fdfc1117bfb5 req-b113326d-098b-4eb6-8afb-ed18e68e10d4 7a7116ad831742b1851c89eed30bd572 5c880095e3144c999c7927a69a317610 - - default default] 10.0.0.246 "GET /v2.0/security-groups?id=c09909ff-54e5-425b-b7a6-0685a665439a&fields=id&fields=name HTTP/1.1" status: 200 len: 312 time: 0.0561538
2026-03-01 22:18:13.220 10 INFO neutron.db.ovn_revision_numbers_db [None req-02b49d8f-190e-46b8-ac11-f487ad86d89e c98bc9c1d85e4983ad974cb4cf9dd46b b6357918f73b458f9e03a5667d465a0e - - default default] Successfully bumped revision number for resource 1117bc3a-fc98-4d4d-a6e9-9bb79bf539e9 (type: ports) to 1
2026-03-01 22:18:13.240 10 INFO neutron.wsgi [None req-02b49d8f-190e-46b8-ac11-f487ad86d89e c98bc9c1d85e4983ad974cb4cf9dd46b b6357918f73b458f9e03a5667d465a0e - - default default] 10.0.0.58 "POST /v2.0/networks HTTP/1.1" status: 201 len: 950 time: 1.2934406
2026-03-01 22:18:13.402 10 WARNING neutron.scheduler.dhcp_agent_scheduler [None req-508b7696-56e3-44b5-9ebf-59fc06b6cf11 c98bc9c1d85e4983ad974cb4cf9dd46b b6357918f73b458f9e03a5667d465a0e - - default default] No more DHCP agents
2026-03-01 22:18:13.403 10 WARNING neutron.api.rpc.agentnotifiers.dhcp_rpc_agent_api [None req-508b7696-56e3-44b5-9ebf-59fc06b6cf11 c98bc9c1d85e4983ad974cb4cf9dd46b b6357918f73b458f9e03a5667d465a0e - - default default] Unable to schedule network 0d76f770-3aa3-4c3b-a8b7-34e6a22200c5: no agents available; will retry on subsequent port and subnet creation events.
2026-03-01 22:18:13.596 9 INFO neutron.wsgi [req-c20f8004-145c-4474-ba54-e6ef6a159070 req-ede84479-d9de-4e81-96e6-5667e3368f79 9143d53dd0ee43419d9a00f421aad7f9 f65689697e4e4f8c80f07c733cfb9061 - - default default] 10.0.0.246 "GET /v2.0/ports?device_id=8da9e24a-971b-41cc-8f0d-cbfd68df3d46 HTTP/1.1" status: 200 len: 1172 time: 0.0417676
2026-03-01 22:18:13.639 9 INFO neutron.wsgi [req-c20f8004-145c-4474-ba54-e6ef6a159070 req-d85bd0c2-74f4-4f31-86eb-57aa3486d5b3 9143d53dd0ee43419d9a00f421aad7f9 f65689697e4e4f8c80f07c733cfb9061 - - default default] 10.0.0.246 "GET /v2.0/security-groups?id=b35be3d5-b36b-4fac-acbf-568725ffbf93&fields=id&fields=name HTTP/1.1" status: 200 len: 313 time: 0.0364313
2026-03-01 22:18:13.881 10 INFO neutron.db.ovn_revision_numbers_db [None req-508b7696-56e3-44b5-9ebf-59fc06b6cf11 c98bc9c1d85e4983ad974cb4cf9dd46b b6357918f73b458f9e03a5667d465a0e - - default default] Successfully bumped revision number for resource 1117bc3a-fc98-4d4d-a6e9-9bb79bf539e9 (type: ports) to 2
2026-03-01 22:18:13.918 10 INFO neutron.db.ovn_revision_numbers_db [None req-508b7696-56e3-44b5-9ebf-59fc06b6cf11 c98bc9c1d85e4983ad974cb4cf9dd46b b6357918f73b458f9e03a5667d465a0e - - default default] Successfully bumped revision number for resource 6d09211f-3137-4df4-82de-a5ca8c6a0cdc (type: subnets) to 0
2026-03-01 22:18:13.935 10 INFO neutron.wsgi [None req-508b7696-56e3-44b5-9ebf-59fc06b6cf11 c98bc9c1d85e4983ad974cb4cf9dd46b b6357918f73b458f9e03a5667d465a0e - - default default] 10.0.0.58 "POST /v2.0/subnets HTTP/1.1" status: 201 len: 870 time: 0.6875508
2026-03-01 22:18:14.130 9 INFO neutron.plugins.ml2.drivers.ovn.mech_driver.mech_driver [None req-d554d607-ce5f-403f-952d-8fb1bb266bc6 - - - - - -] OVN reports status up for port: 30826060-aa4d-4abe-a4cd-b139e69a6267
2026-03-01 22:18:14.149 9 INFO neutron.plugins.ml2.plugin [None req-d554d607-ce5f-403f-952d-8fb1bb266bc6 - - - - - -] Attempt 1 to provision port 30826060-aa4d-4abe-a4cd-b139e69a6267
2026-03-01 22:18:14.316 9 INFO neutron.notifiers.nova [-] Nova event matching ['req-fe16d339-2b59-44df-b898-0f0ef5aac3d0'] response: {'server_uuid': '8da9e24a-971b-41cc-8f0d-cbfd68df3d46', 'name': 'network-vif-plugged', 'status': 'completed', 'tag': '30826060-aa4d-4abe-a4cd-b139e69a6267', 'code': 200}
2026-03-01 22:18:14.343 10 INFO neutron.wsgi [req-a647a96a-36f6-47a6-8a49-63eb2221ede7 req-445b0037-6fec-42a7-b2c2-c58814993d9c 7a7116ad831742b1851c89eed30bd572 5c880095e3144c999c7927a69a317610 - - default default] 10.0.0.246 "GET /v2.0/ports?device_id=ad6b3e74-fbb2-407c-a2fd-c518d6464207 HTTP/1.1" status: 200 len: 1168 time: 0.0487430
2026-03-01 22:18:14.404 10 INFO neutron.wsgi [req-a647a96a-36f6-47a6-8a49-63eb2221ede7 req-f1353d24-b518-4b0a-8a9f-246913e5a486 7a7116ad831742b1851c89eed30bd572 5c880095e3144c999c7927a69a317610 - - default default] 10.0.0.246 "GET /v2.0/security-groups?id=c09909ff-54e5-425b-b7a6-0685a665439a&fields=id&fields=name HTTP/1.1" status: 200 len: 312 time: 0.0508366
2026-03-01 22:18:14.482 10 WARNING neutron.scheduler.dhcp_agent_scheduler [None req-c4eaa565-434c-43ec-9276-390eb7d3b94e c98bc9c1d85e4983ad974cb4cf9dd46b b6357918f73b458f9e03a5667d465a0e - - default default] No more DHCP agents
2026-03-01 22:18:14.484 10 WARNING neutron.api.rpc.agentnotifiers.dhcp_rpc_agent_api [None req-c4eaa565-434c-43ec-9276-390eb7d3b94e c98bc9c1d85e4983ad974cb4cf9dd46b b6357918f73b458f9e03a5667d465a0e - - default default] Unable to schedule network da6f04f9-28d2-4224-9cbf-d4cb1587678d: no agents available; will retry on subsequent port and subnet creation events.
2026-03-01 22:18:14.528 9 INFO neutron.db.ovn_revision_numbers_db [None req-d554d607-ce5f-403f-952d-8fb1bb266bc6 - - - - - -] Successfully bumped revision number for resource 30826060-aa4d-4abe-a4cd-b139e69a6267 (type: ports) to 4
2026-03-01 22:18:14.635 10 INFO neutron.db.ovn_revision_numbers_db [None req-c4eaa565-434c-43ec-9276-390eb7d3b94e c98bc9c1d85e4983ad974cb4cf9dd46b b6357918f73b458f9e03a5667d465a0e - - default default] Successfully bumped revision number for resource d2c35f8e-d03c-4315-aa2e-21a83ce232e3 (type: ports) to 1 /var/lib/openstack/lib/python3.10/site-packages/pycadf/identifier.py:71: UserWarning: Invalid uuid: neutron. To ensure interoperability, identifiers should be a valid uuid. warnings.warn(('Invalid uuid: %s. To ensure interoperability, '
2026-03-01 22:18:14.756 9 INFO neutron.wsgi [req-e7a00054-89d8-44ae-9e5b-7fe394113fed req-f6117430-0f8b-474e-a13b-157b96567c85 9143d53dd0ee43419d9a00f421aad7f9 f65689697e4e4f8c80f07c733cfb9061 - - default default] 10.0.0.246 "GET /v2.0/ports?device_id=8da9e24a-971b-41cc-8f0d-cbfd68df3d46 HTTP/1.1" status: 200 len: 1174 time: 0.0495737
2026-03-01 22:18:14.805 9 INFO neutron.wsgi [req-e7a00054-89d8-44ae-9e5b-7fe394113fed req-534f55a5-2311-46bd-9c53-0502ac8207b1 9143d53dd0ee43419d9a00f421aad7f9 f65689697e4e4f8c80f07c733cfb9061 - - default default] 10.0.0.246 "GET /v2.0/security-groups?id=b35be3d5-b36b-4fac-acbf-568725ffbf93&fields=id&fields=name HTTP/1.1" status: 200 len: 313 time: 0.0423272
2026-03-01 22:18:15.156 10 WARNING neutron.plugins.ml2.drivers.ovn.mech_driver.ovsdb.ovn_client [None req-f8da379a-5a15-494a-963c-311b384f4b48 - - - - - -] No hosting information found for port c122902b-b560-4586-9fb3-96ec5422e2d7: RuntimeError: No hosting information found for port c122902b-b560-4586-9fb3-96ec5422e2d7
2026-03-01 22:18:15.156 10 INFO neutron.plugins.ml2.drivers.ovn.mech_driver.mech_driver [None req-f8da379a-5a15-494a-963c-311b384f4b48 - - - - - -] OVN reports status up for port: a85d6e37-8311-4b6a-a6f9-a4d9897085f8
2026-03-01 22:18:15.171 10 INFO neutron.plugins.ml2.plugin [None req-f8da379a-5a15-494a-963c-311b384f4b48 - - - - - -] Attempt 1 to provision port a85d6e37-8311-4b6a-a6f9-a4d9897085f8
2026-03-01 22:18:15.327 10 INFO neutron.notifiers.nova [-] Nova event matching ['req-090c44e1-2f9d-4197-8585-f44578d9717e'] response: {'server_uuid': 'ad6b3e74-fbb2-407c-a2fd-c518d6464207', 'name': 'network-vif-plugged', 'status': 'completed', 'tag': 'a85d6e37-8311-4b6a-a6f9-a4d9897085f8', 'code': 200}
2026-03-01 22:18:15.559 10 INFO neutron.plugins.ml2.drivers.ovn.mech_driver.ovsdb.ovsdb_monitor [None req-6aa9e7bc-8242-4d0f-8c05-21ad8eca9b33 - - - - - -] Router 3d4cc679-5912-4e85-b451-c979748fe314 is bound to host instance
2026-03-01 22:18:15.612 9 INFO neutron.wsgi [req-d6ca96a9-832c-4823-8f16-8f4f172b4898 req-8d3ccc6c-5bf1-415d-b5ce-50d2eefacc63 7a7116ad831742b1851c89eed30bd572 5c880095e3144c999c7927a69a317610 - - default default] 10.0.0.246 "GET /v2.0/ports?device_id=ad6b3e74-fbb2-407c-a2fd-c518d6464207 HTTP/1.1" status: 200 len: 1170 time: 0.1255367
2026-03-01 22:18:15.618 10 INFO neutron.db.ovn_revision_numbers_db [None req-c4eaa565-434c-43ec-9276-390eb7d3b94e c98bc9c1d85e4983ad974cb4cf9dd46b b6357918f73b458f9e03a5667d465a0e - - default default] Successfully bumped revision number for resource d2c35f8e-d03c-4315-aa2e-21a83ce232e3 (type: router_ports) to 1
2026-03-01 22:18:15.666 9 INFO neutron.wsgi [req-d6ca96a9-832c-4823-8f16-8f4f172b4898 req-62147fda-74f0-4393-a1c2-b664468985dd 7a7116ad831742b1851c89eed30bd572 5c880095e3144c999c7927a69a317610 - - default default] 10.0.0.246 "GET /v2.0/security-groups?id=c09909ff-54e5-425b-b7a6-0685a665439a&fields=id&fields=name HTTP/1.1" status: 200 len: 312 time: 0.0451066
2026-03-01 22:18:15.677 10 INFO neutron.db.ovn_revision_numbers_db [None req-f8da379a-5a15-494a-963c-311b384f4b48 - - - - - -] Successfully bumped revision number for resource a85d6e37-8311-4b6a-a6f9-a4d9897085f8 (type: ports) to 4
2026-03-01 22:18:15.758 10 INFO neutron.plugins.ml2.drivers.ovn.mech_driver.mech_driver [None req-f8da379a-5a15-494a-963c-311b384f4b48 - - - - - -] OVN reports status up for port: d2c35f8e-d03c-4315-aa2e-21a83ce232e3
2026-03-01 22:18:15.771 10 INFO neutron.db.ovn_revision_numbers_db [None req-c4eaa565-434c-43ec-9276-390eb7d3b94e c98bc9c1d85e4983ad974cb4cf9dd46b b6357918f73b458f9e03a5667d465a0e - - default default] Successfully bumped revision number for resource 3d4cc679-5912-4e85-b451-c979748fe314 (type: routers) to 2
2026-03-01 22:18:15.774 10 INFO neutron.plugins.ml2.plugin [None req-f8da379a-5a15-494a-963c-311b384f4b48 - - - - - -] Attempt 1 to provision port d2c35f8e-d03c-4315-aa2e-21a83ce232e3
2026-03-01 22:18:15.798 10 INFO neutron.wsgi [None req-c4eaa565-434c-43ec-9276-390eb7d3b94e c98bc9c1d85e4983ad974cb4cf9dd46b b6357918f73b458f9e03a5667d465a0e - - default default] 10.0.0.58 "POST /v2.0/routers HTTP/1.1" status: 201 len: 881 time: 1.8586938 /var/lib/openstack/lib/python3.10/site-packages/pycadf/identifier.py:71: UserWarning: Invalid uuid: neutron. To ensure interoperability, identifiers should be a valid uuid. warnings.warn(('Invalid uuid: %s. To ensure interoperability, '
2026-03-01 22:18:16.070 10 INFO neutron.wsgi [req-1d530a55-64ba-4c7b-b227-af4a3fe34dbb req-5ba0c542-f2b6-40d4-9656-f96c427a38ab 9143d53dd0ee43419d9a00f421aad7f9 f65689697e4e4f8c80f07c733cfb9061 - - default default] 10.0.0.246 "GET /v2.0/ports?device_id=8da9e24a-971b-41cc-8f0d-cbfd68df3d46 HTTP/1.1" status: 200 len: 1174 time: 0.1661780
2026-03-01 22:18:16.135 10 INFO neutron.wsgi [req-1d530a55-64ba-4c7b-b227-af4a3fe34dbb req-bbea5503-0628-449a-95a9-6d0651808849 9143d53dd0ee43419d9a00f421aad7f9 f65689697e4e4f8c80f07c733cfb9061 - - default default] 10.0.0.246 "GET /v2.0/security-groups?id=b35be3d5-b36b-4fac-acbf-568725ffbf93&fields=id&fields=name HTTP/1.1" status: 200 len: 313 time: 0.0531092
2026-03-01 22:18:16.311 10 INFO neutron.db.ovn_revision_numbers_db [None req-6aa9e7bc-8242-4d0f-8c05-21ad8eca9b33 - - - - - -] Successfully bumped revision number for resource d2c35f8e-d03c-4315-aa2e-21a83ce232e3 (type: ports) to 1
2026-03-01 22:18:16.334 9 INFO neutron.wsgi [req-0f645bfd-171d-488e-8c98-2b0a886c99a2 req-f1760b9c-bb77-43b4-ba2f-a494af5ed02a 9143d53dd0ee43419d9a00f421aad7f9 f65689697e4e4f8c80f07c733cfb9061 - - default default] 10.0.0.246 "GET /v2.0/ports?device_id=8da9e24a-971b-41cc-8f0d-cbfd68df3d46 HTTP/1.1" status: 200 len: 1174 time: 0.1191387
2026-03-01 22:18:16.354 9 INFO neutron.notifiers.nova [-] Nova event matching ['req-c20879ab-c431-4064-8a8f-d5796640a106'] response: {'server_uuid': '8da9e24a-971b-41cc-8f0d-cbfd68df3d46', 'name': 'network-vif-plugged', 'status': 'completed', 'tag': '30826060-aa4d-4abe-a4cd-b139e69a6267', 'code': 200}
2026-03-01 22:18:16.357 9 WARNING neutron.scheduler.dhcp_agent_scheduler [None req-c6db48e8-f0dc-460b-8bae-9f72f2474b3a c98bc9c1d85e4983ad974cb4cf9dd46b b6357918f73b458f9e03a5667d465a0e - - default default] No more DHCP agents
2026-03-01 22:18:16.358 9 WARNING neutron.api.rpc.agentnotifiers.dhcp_rpc_agent_api [None req-c6db48e8-f0dc-460b-8bae-9f72f2474b3a c98bc9c1d85e4983ad974cb4cf9dd46b b6357918f73b458f9e03a5667d465a0e - - default default] Unable to schedule network 0d76f770-3aa3-4c3b-a8b7-34e6a22200c5: no agents available; will retry on subsequent port and subnet creation events.
2026-03-01 22:18:16.537 9 INFO neutron.db.ovn_revision_numbers_db [None req-c6db48e8-f0dc-460b-8bae-9f72f2474b3a c98bc9c1d85e4983ad974cb4cf9dd46b b6357918f73b458f9e03a5667d465a0e - - default default] Successfully bumped revision number for resource 2261fbd1-89ab-4fd7-b015-2293bc3472d2 (type: ports) to 1
2026-03-01 22:18:16.781 9 INFO neutron.wsgi [req-7cce2929-20b0-4518-9496-714a46e89302 req-c001787a-3409-465c-baef-de0ec68cd983 7a7116ad831742b1851c89eed30bd572 5c880095e3144c999c7927a69a317610 - - default default] 10.0.0.246 "GET /v2.0/ports?device_id=ad6b3e74-fbb2-407c-a2fd-c518d6464207 HTTP/1.1" status: 200 len: 1170 time: 0.0509183
2026-03-01 22:18:16.828 9 INFO neutron.wsgi [req-7cce2929-20b0-4518-9496-714a46e89302 req-9749309e-2c5e-443f-837c-dac921da18ba 7a7116ad831742b1851c89eed30bd572 5c880095e3144c999c7927a69a317610 - - default default] 10.0.0.246 "GET /v2.0/security-groups?id=c09909ff-54e5-425b-b7a6-0685a665439a&fields=id&fields=name HTTP/1.1" status: 200 len: 312 time: 0.0411949
2026-03-01 22:18:16.978 9 INFO neutron.db.ovn_revision_numbers_db [None req-c6db48e8-f0dc-460b-8bae-9f72f2474b3a c98bc9c1d85e4983ad974cb4cf9dd46b b6357918f73b458f9e03a5667d465a0e - - default default] Successfully bumped revision number for resource 2261fbd1-89ab-4fd7-b015-2293bc3472d2 (type: router_ports) to 1
2026-03-01 22:18:17.006 10 INFO neutron.wsgi [req-51a8791d-c3e0-4be8-8437-ce66e8a5d24f req-8c892e6a-989a-4087-a49a-c433ab61c6c2 7a7116ad831742b1851c89eed30bd572 5c880095e3144c999c7927a69a317610 - - default default] 10.0.0.246 "GET /v2.0/ports?device_id=ad6b3e74-fbb2-407c-a2fd-c518d6464207 HTTP/1.1" status: 200 len: 1170 time: 0.0762579
2026-03-01 22:18:17.106 10 INFO neutron.db.l3_db [None req-f752cec3-e5d3-4fa6-bc71-f7f73886047d 9143d53dd0ee43419d9a00f421aad7f9 f65689697e4e4f8c80f07c733cfb9061 - - default default] Floating IP 806df216-1d94-4b4e-ac8c-c47148233bff associated. External IP: 10.96.250.209, port: 30826060-aa4d-4abe-a4cd-b139e69a6267.
2026-03-01 22:18:17.127 9 INFO neutron.db.ovn_revision_numbers_db [None req-c6db48e8-f0dc-460b-8bae-9f72f2474b3a c98bc9c1d85e4983ad974cb4cf9dd46b b6357918f73b458f9e03a5667d465a0e - - default default] Successfully bumped revision number for resource 2261fbd1-89ab-4fd7-b015-2293bc3472d2 (type: ports) to 1
2026-03-01 22:18:17.192 9 WARNING neutron.scheduler.dhcp_agent_scheduler [None req-c6db48e8-f0dc-460b-8bae-9f72f2474b3a c98bc9c1d85e4983ad974cb4cf9dd46b b6357918f73b458f9e03a5667d465a0e - - default default] No more DHCP agents
2026-03-01 22:18:17.193 9 WARNING neutron.api.rpc.agentnotifiers.dhcp_rpc_agent_api [None req-c6db48e8-f0dc-460b-8bae-9f72f2474b3a c98bc9c1d85e4983ad974cb4cf9dd46b b6357918f73b458f9e03a5667d465a0e - - default default] Unable to schedule network 0d76f770-3aa3-4c3b-a8b7-34e6a22200c5: no agents available; will retry on subsequent port and subnet creation events.
2026-03-01 22:18:17.293 10 INFO neutron.db.ovn_revision_numbers_db [None req-6aa9e7bc-8242-4d0f-8c05-21ad8eca9b33 - - - - - -] Successfully bumped revision number for resource d2c35f8e-d03c-4315-aa2e-21a83ce232e3 (type: router_ports) to 3
2026-03-01 22:18:17.377 10 INFO neutron.notifiers.nova [-] Nova event matching ['req-24330620-4695-4aac-b262-571cdaeafb5c'] response: {'server_uuid': 'ad6b3e74-fbb2-407c-a2fd-c518d6464207', 'name': 'network-vif-plugged', 'status': 'completed', 'tag': 'a85d6e37-8311-4b6a-a6f9-a4d9897085f8', 'code': 200}
2026-03-01 22:18:17.469 10 INFO neutron.db.ovn_revision_numbers_db [None req-320ab63b-2170-492d-b8d8-ae70842ce211 c98bc9c1d85e4983ad974cb4cf9dd46b b6357918f73b458f9e03a5667d465a0e - - default default] Successfully bumped revision number for resource 299e5769-67c5-4cb1-8206-511e6bf628ae (type: security_groups) to 1
2026-03-01 22:18:17.472 10 INFO neutron.db.l3_db [None req-ad9201f0-7ae0-4b69-b06d-dcb3328d40a2 7a7116ad831742b1851c89eed30bd572 5c880095e3144c999c7927a69a317610 - - default default] Floating IP 9ea6b90e-a48a-4287-9606-acd516953a9b associated. External IP: 10.96.250.215, port: a85d6e37-8311-4b6a-a6f9-a4d9897085f8.
2026-03-01 22:18:17.716 10 INFO neutron.db.ovn_revision_numbers_db [None req-320ab63b-2170-492d-b8d8-ae70842ce211 c98bc9c1d85e4983ad974cb4cf9dd46b b6357918f73b458f9e03a5667d465a0e - - default default] Successfully bumped revision number for resource 274d64cc-dfae-428c-95d6-6d1415f34977 (type: security_group_rules) to 0
2026-03-01 22:18:17.738 10 INFO neutron.db.ovn_revision_numbers_db [None req-f752cec3-e5d3-4fa6-bc71-f7f73886047d 9143d53dd0ee43419d9a00f421aad7f9 f65689697e4e4f8c80f07c733cfb9061 - - default default] Successfully bumped revision number for resource 806df216-1d94-4b4e-ac8c-c47148233bff (type: floatingips) to 1
2026-03-01 22:18:17.759 10 INFO neutron.db.ovn_revision_numbers_db [None req-320ab63b-2170-492d-b8d8-ae70842ce211 c98bc9c1d85e4983ad974cb4cf9dd46b b6357918f73b458f9e03a5667d465a0e - - default default] Successfully bumped revision number for resource 641e587c-5699-4431-91cf-a2a3f425de23 (type: security_group_rules) to 0
2026-03-01 22:18:17.788 10 INFO neutron.db.ovn_revision_numbers_db [None req-320ab63b-2170-492d-b8d8-ae70842ce211 c98bc9c1d85e4983ad974cb4cf9dd46b b6357918f73b458f9e03a5667d465a0e - - default default] Successfully bumped revision number for resource a66a7210-5f2a-4de7-9247-5040b89cc5e4 (type: security_group_rules) to 0
2026-03-01 22:18:17.849 10 INFO neutron.db.ovn_revision_numbers_db [None req-320ab63b-2170-492d-b8d8-ae70842ce211 c98bc9c1d85e4983ad974cb4cf9dd46b b6357918f73b458f9e03a5667d465a0e - - default default] Successfully bumped revision number for resource c8683b30-ae9d-4bd4-8296-a8a37e694db9 (type: security_group_rules) to 0
2026-03-01 22:18:17.863 10 INFO neutron.db.ovn_revision_numbers_db [None req-6aa9e7bc-8242-4d0f-8c05-21ad8eca9b33 - - - - - -] Successfully bumped revision number for resource d2c35f8e-d03c-4315-aa2e-21a83ce232e3 (type: ports) to 2
2026-03-01 22:18:17.888 10 INFO neutron.wsgi [None req-320ab63b-2170-492d-b8d8-ae70842ce211 c98bc9c1d85e4983ad974cb4cf9dd46b b6357918f73b458f9e03a5667d465a0e - - default default] 10.0.0.58 "GET /v2.0/security-groups?tenant_id=5f09adc9e33540a484d19a70487e8f38&name=default HTTP/1.1" status: 200 len: 2996 time: 0.9310918 /var/lib/openstack/lib/python3.10/site-packages/pycadf/identifier.py:71: UserWarning: Invalid uuid: neutron. To ensure interoperability, identifiers should be a valid uuid. warnings.warn(('Invalid uuid: %s. To ensure interoperability, '
2026-03-01 22:18:17.914 9 INFO neutron.db.ovn_revision_numbers_db [None req-c6db48e8-f0dc-460b-8bae-9f72f2474b3a c98bc9c1d85e4983ad974cb4cf9dd46b b6357918f73b458f9e03a5667d465a0e - - default default] Successfully bumped revision number for resource 2261fbd1-89ab-4fd7-b015-2293bc3472d2 (type: router_ports) to 1
2026-03-01 22:18:17.918 9 INFO neutron.wsgi [None req-c6db48e8-f0dc-460b-8bae-9f72f2474b3a c98bc9c1d85e4983ad974cb4cf9dd46b b6357918f73b458f9e03a5667d465a0e - - default default] 10.0.0.58 "PUT /v2.0/routers/3d4cc679-5912-4e85-b451-c979748fe314/add_router_interface HTTP/1.1" status: 200 len: 503 time: 2.1119115
2026-03-01 22:18:17.968 10 INFO neutron.db.ovn_revision_numbers_db [None req-f752cec3-e5d3-4fa6-bc71-f7f73886047d 9143d53dd0ee43419d9a00f421aad7f9 f65689697e4e4f8c80f07c733cfb9061 - - default default] Successfully bumped revision number for resource 806df216-1d94-4b4e-ac8c-c47148233bff (type: floatingips) to 2
2026-03-01 22:18:18.004 10 INFO neutron.wsgi [None req-f752cec3-e5d3-4fa6-bc71-f7f73886047d 9143d53dd0ee43419d9a00f421aad7f9 f65689697e4e4f8c80f07c733cfb9061 - - default default] 10.0.0.58 "PUT /v2.0/floatingips/806df216-1d94-4b4e-ac8c-c47148233bff HTTP/1.1" status: 200 len: 1050 time: 1.6549170
2026-03-01 22:18:18.006 10 INFO neutron.db.ovn_revision_numbers_db [None req-ad9201f0-7ae0-4b69-b06d-dcb3328d40a2 7a7116ad831742b1851c89eed30bd572 5c880095e3144c999c7927a69a317610 - - default default] Successfully bumped revision number for resource 9ea6b90e-a48a-4287-9606-acd516953a9b (type: floatingips) to 1
2026-03-01 22:18:18.104 10 INFO neutron.wsgi [req-f0da08f3-518f-42b6-b9b1-97e800a9b33a req-d96860c6-8068-41c6-b37a-d14f63707bcf 9143d53dd0ee43419d9a00f421aad7f9 f65689697e4e4f8c80f07c733cfb9061 - - default default] 10.0.0.246 "GET /v2.0/ports?device_id=8da9e24a-971b-41cc-8f0d-cbfd68df3d46 HTTP/1.1" status: 200 len: 1174 time: 0.0537329
2026-03-01 22:18:18.148 9 INFO neutron.wsgi [None req-02c6b461-e4a2-41f6-b85d-ae31db8968e3 c98bc9c1d85e4983ad974cb4cf9dd46b b6357918f73b458f9e03a5667d465a0e - - default default] 10.0.0.58 "DELETE /v2.0/security-groups/299e5769-67c5-4cb1-8206-511e6bf628ae HTTP/1.1" status: 204 len: 168 time: 0.2551563
2026-03-01 22:18:18.176 10 INFO neutron.wsgi [req-f0da08f3-518f-42b6-b9b1-97e800a9b33a req-b139680a-3fe6-4ca4-93ef-8238cbbd3f2e 9143d53dd0ee43419d9a00f421aad7f9 f65689697e4e4f8c80f07c733cfb9061 - - default default] 10.0.0.246 "GET /v2.0/security-groups?id=b35be3d5-b36b-4fac-acbf-568725ffbf93&fields=id&fields=name HTTP/1.1" status: 200 len: 313 time: 0.0631082
2026-03-01 22:18:18.183 10 INFO neutron.db.ovn_revision_numbers_db [None req-ad9201f0-7ae0-4b69-b06d-dcb3328d40a2 7a7116ad831742b1851c89eed30bd572 5c880095e3144c999c7927a69a317610 - - default default] Successfully bumped revision number for resource 9ea6b90e-a48a-4287-9606-acd516953a9b (type: floatingips) to 2
2026-03-01 22:18:18.212 10 INFO neutron.wsgi [None req-ad9201f0-7ae0-4b69-b06d-dcb3328d40a2 7a7116ad831742b1851c89eed30bd572 5c880095e3144c999c7927a69a317610 - - default default] 10.0.0.58 "PUT /v2.0/floatingips/9ea6b90e-a48a-4287-9606-acd516953a9b HTTP/1.1" status: 200 len: 1049 time: 1.1933987
2026-03-01 22:18:18.304 10 INFO neutron.db.ovn_revision_numbers_db [None req-6aa9e7bc-8242-4d0f-8c05-21ad8eca9b33 - - - - - -] Successfully bumped revision number for resource d2c35f8e-d03c-4315-aa2e-21a83ce232e3 (type: ports) to 4
2026-03-01 22:18:18.313 9 INFO neutron.wsgi [req-8053d2ee-c199-4987-99b6-de5f95faedfc req-0b0c4e87-ea00-4205-b6c9-64ac90c586b4 7a7116ad831742b1851c89eed30bd572 5c880095e3144c999c7927a69a317610 - - default default] 10.0.0.246 "GET /v2.0/ports?device_id=ad6b3e74-fbb2-407c-a2fd-c518d6464207 HTTP/1.1" status: 200 len: 1170 time: 0.0472372
2026-03-01 22:18:18.359 9 INFO neutron.wsgi [req-8053d2ee-c199-4987-99b6-de5f95faedfc req-ca70d31f-1eb7-430c-a464-e008301a5aed 7a7116ad831742b1851c89eed30bd572 5c880095e3144c999c7927a69a317610 - - default default] 10.0.0.246 "GET /v2.0/security-groups?id=c09909ff-54e5-425b-b7a6-0685a665439a&fields=id&fields=name HTTP/1.1" status: 200 len: 312 time: 0.0364814
2026-03-01 22:18:18.469 10 INFO neutron.db.ovn_revision_numbers_db [None req-d7d8a643-4cea-49a5-a8ac-8126aab5bddc c98bc9c1d85e4983ad974cb4cf9dd46b b6357918f73b458f9e03a5667d465a0e - - default default] Successfully bumped revision number for resource 13ec8036-68a6-4951-8d05-9c1359cc4a7c (type: security_groups) to 1
2026-03-01 22:18:18.500 10 INFO neutron.db.ovn_revision_numbers_db [None req-d7d8a643-4cea-49a5-a8ac-8126aab5bddc c98bc9c1d85e4983ad974cb4cf9dd46b b6357918f73b458f9e03a5667d465a0e - - default default] Successfully bumped revision number for resource 08682b7c-e6b8-4aec-b5bc-7a0730212c21 (type: security_group_rules) to 0
2026-03-01 22:18:18.525 10 INFO neutron.db.ovn_revision_numbers_db [None req-d7d8a643-4cea-49a5-a8ac-8126aab5bddc c98bc9c1d85e4983ad974cb4cf9dd46b b6357918f73b458f9e03a5667d465a0e - - default default] Successfully bumped revision number for resource ab437c67-88f8-4722-90ba-ac0a7a996025 (type: security_group_rules) to 0
2026-03-01 22:18:18.526 10 INFO neutron.db.ovn_revision_numbers_db [None req-6aa9e7bc-8242-4d0f-8c05-21ad8eca9b33 - - - - - -] Successfully bumped revision number for resource d2c35f8e-d03c-4315-aa2e-21a83ce232e3 (type: router_ports) to 4
2026-03-01 22:18:18.547 10 INFO neutron.db.ovn_revision_numbers_db [None req-d7d8a643-4cea-49a5-a8ac-8126aab5bddc c98bc9c1d85e4983ad974cb4cf9dd46b b6357918f73b458f9e03a5667d465a0e - - default default] Successfully bumped revision number for resource c2df3a7b-e9d4-4edd-b6ff-3af6dd577500 (type: security_group_rules) to 0
2026-03-01 22:18:18.562 9 WARNING neutron_lib.context [None req-66769f12-3633-4b4b-83c4-5aa38f6c75c2 6dc5ccfbda674052ad9795d902702247 fb1774901bcc46b4b65e1be0f29ff479 - - default default] Method 'is_advsvc' is deprecated since 2023.2 release (neutron-lib 3.8.0) and will be removed once support for the old RBAC API policies will be removed from Neutron. Please use method 'is_service_role' instead.
2026-03-01 22:18:18.566 10 INFO neutron.db.ovn_revision_numbers_db [None req-d7d8a643-4cea-49a5-a8ac-8126aab5bddc c98bc9c1d85e4983ad974cb4cf9dd46b b6357918f73b458f9e03a5667d465a0e - - default default] Successfully bumped revision number for resource fd703ec8-5380-4912-909f-ad28158c3b31 (type: security_group_rules) to 0
2026-03-01 22:18:18.588 10 INFO neutron.wsgi [None req-d7d8a643-4cea-49a5-a8ac-8126aab5bddc c98bc9c1d85e4983ad974cb4cf9dd46b b6357918f73b458f9e03a5667d465a0e - - default default] 10.0.0.58 "GET /v2.0/security-groups?tenant_id=eb2ec19550d4488487c21a31f370d189&name=default HTTP/1.1" status: 200 len: 2996 time: 0.3020706
2026-03-01 22:18:18.700 9 INFO neutron.db.ovn_revision_numbers_db [None req-66769f12-3633-4b4b-83c4-5aa38f6c75c2 6dc5ccfbda674052ad9795d902702247 fb1774901bcc46b4b65e1be0f29ff479 - - default default] Successfully bumped revision number for resource 3d78a1dd-5010-46ab-af7f-eb36a9ff49d2 (type: security_groups) to 1
2026-03-01 22:18:18.713 9 INFO neutron.db.ovn_revision_numbers_db [None req-66769f12-3633-4b4b-83c4-5aa38f6c75c2 6dc5ccfbda674052ad9795d902702247 fb1774901bcc46b4b65e1be0f29ff479 - - default default] Successfully bumped revision number for resource ed1c11f7-cbf5-409a-b9f2-9d2c16eb4a26 (type: security_group_rules) to 0
2026-03-01 22:18:18.725 9 INFO neutron.db.ovn_revision_numbers_db [None req-66769f12-3633-4b4b-83c4-5aa38f6c75c2 6dc5ccfbda674052ad9795d902702247 fb1774901bcc46b4b65e1be0f29ff479 - - default default] Successfully bumped revision number for resource f5ec96ac-d636-4cbb-a3da-4075223afdb6 (type: security_group_rules) to 0
2026-03-01 22:18:18.749 9 INFO neutron.wsgi [None req-66769f12-3633-4b4b-83c4-5aa38f6c75c2 6dc5ccfbda674052ad9795d902702247 fb1774901bcc46b4b65e1be0f29ff479 - - default default] 10.0.0.58 "POST /v2.0/security-groups HTTP/1.1" status: 201 len: 1797 time: 0.1953814
2026-03-01 22:18:18.760 10 WARNING neutron_lib.context [None req-f2052aeb-06f2-443d-832a-fe3403945f51 6dc5ccfbda674052ad9795d902702247 fb1774901bcc46b4b65e1be0f29ff479 - - default default] Method 'is_advsvc' is deprecated since 2023.2 release (neutron-lib 3.8.0) and will be removed once support for the old RBAC API policies will be removed from Neutron. Please use method 'is_service_role' instead.
2026-03-01 22:18:18.848 10 INFO neutron.plugins.ml2.drivers.ovn.mech_driver.mech_driver [None req-f8da379a-5a15-494a-963c-311b384f4b48 - - - - - -] OVN reports status up for port: 2261fbd1-89ab-4fd7-b015-2293bc3472d2
2026-03-01 22:18:18.865 10 INFO neutron.plugins.ml2.plugin [None req-f8da379a-5a15-494a-963c-311b384f4b48 - - - - - -] Attempt 1 to provision port 2261fbd1-89ab-4fd7-b015-2293bc3472d2
2026-03-01 22:18:18.884 10 INFO neutron.wsgi [None req-8c0d0c03-c368-4a77-a2a7-d9943f296a42 c98bc9c1d85e4983ad974cb4cf9dd46b b6357918f73b458f9e03a5667d465a0e - - default default] 10.0.0.58 "DELETE /v2.0/security-groups/13ec8036-68a6-4951-8d05-9c1359cc4a7c HTTP/1.1" status: 204 len: 168 time: 0.2917526
2026-03-01 22:18:18.910 10 INFO neutron.wsgi [req-246935f1-3371-4765-9de0-dfd7030c417c req-921a3f4b-54df-4a0d-b574-3cf6194e873f 7a7116ad831742b1851c89eed30bd572 5c880095e3144c999c7927a69a317610 - - default default] 10.0.0.246 "GET /v2.0/ports?device_id=ad6b3e74-fbb2-407c-a2fd-c518d6464207 HTTP/1.1" status: 200 len: 1170 time: 0.1474292
2026-03-01 22:18:19.003 10 INFO neutron.wsgi [req-246935f1-3371-4765-9de0-dfd7030c417c req-5fd8dd8d-81fb-4457-a7a2-1fc85aa4b8b2 7a7116ad831742b1851c89eed30bd572 5c880095e3144c999c7927a69a317610 - - default default] 10.0.0.246 "GET /v2.0/security-groups?id=c09909ff-54e5-425b-b7a6-0685a665439a&fields=id&fields=name HTTP/1.1" status: 200 len: 312 time: 0.0779972
2026-03-01 22:18:19.032 10 INFO neutron.db.ovn_revision_numbers_db [None req-f2052aeb-06f2-443d-832a-fe3403945f51 6dc5ccfbda674052ad9795d902702247 fb1774901bcc46b4b65e1be0f29ff479 - - default default] Successfully bumped revision number for resource 2c71c323-9142-4faf-b3ba-bb602f237586 (type: security_group_rules) to 0
