2026-03-01 22:18:56.465 9 INFO neutron.db.ovn_revision_numbers_db [None req-8498213d-7a54-4db3-a19d-74844e1ab46d c98bc9c1d85e4983ad974cb4cf9dd46b b6357918f73b458f9e03a5667d465a0e - - default default] Successfully bumped revision number for resource f6d1f16c-7172-42a3-a565-7514fd9d4f2f (type: security_group_rules) to 0
2026-03-01 22:18:56.514 9 INFO neutron.wsgi [None req-8498213d-7a54-4db3-a19d-74844e1ab46d c98bc9c1d85e4983ad974cb4cf9dd46b b6357918f73b458f9e03a5667d465a0e - - default default] 10.0.0.58 "GET /v2.0/security-groups?tenant_id=11d21878ef0249d2a621b5d37f72a0b7&name=default HTTP/1.1" status: 200 len: 2996 time: 0.3852227
2026-03-01 22:18:56.557 9 WARNING neutron.scheduler.dhcp_agent_scheduler [None req-2300b2e3-8e01-43d6-91f7-e6727fab838b e442c5e648c1439b8b0688e8d0365a46 6ee2ae66868a4ba894e01c938e99e73c - - default default] No more DHCP agents
2026-03-01 22:18:56.560 9 WARNING neutron.api.rpc.agentnotifiers.dhcp_rpc_agent_api [None req-2300b2e3-8e01-43d6-91f7-e6727fab838b e442c5e648c1439b8b0688e8d0365a46 6ee2ae66868a4ba894e01c938e99e73c - - default default] Unable to schedule network da6f04f9-28d2-4224-9cbf-d4cb1587678d: no agents available; will retry on subsequent port and subnet creation events.
2026-03-01 22:18:56.728 10 INFO neutron.wsgi [None req-eb86c5ce-0aaa-4be3-8c63-0dba42cdc362 c98bc9c1d85e4983ad974cb4cf9dd46b b6357918f73b458f9e03a5667d465a0e - - default default] 10.0.0.58 "DELETE /v2.0/security-groups/27345bc5-4ba0-48c9-8a37-059e3c434ae3 HTTP/1.1" status: 204 len: 168 time: 0.2062807
2026-03-01 22:18:56.891 9 INFO neutron.db.ovn_revision_numbers_db [None req-2300b2e3-8e01-43d6-91f7-e6727fab838b e442c5e648c1439b8b0688e8d0365a46 6ee2ae66868a4ba894e01c938e99e73c - - default default] Successfully bumped revision number for resource 53551882-7995-4acd-9afd-7d653def1ebf (type: floatingips) to 0
2026-03-01 22:18:56.907 9 INFO neutron.wsgi [None req-2300b2e3-8e01-43d6-91f7-e6727fab838b e442c5e648c1439b8b0688e8d0365a46 6ee2ae66868a4ba894e01c938e99e73c - - default default] 10.0.0.58 "POST /v2.0/floatingips HTTP/1.1" status: 201 len: 751 time: 0.6714020
2026-03-01 22:18:57.028 10 INFO neutron.wsgi [req-9ff54506-5bcf-4e9b-b3d0-88397597b5df req-0dbc3b45-d0e4-4ac9-b37b-c69fdcdb6e88 9fd132ee10c245e0acb09efded0f0bb8 ccf1393794ab4b81b35ad530fe5a25c5 - - default default] 10.0.0.246 "GET /v2.0/ports?device_id=39018e91-c89b-436c-9c25-8f27364f0f93 HTTP/1.1" status: 200 len: 1170 time: 0.1186574
2026-03-01 22:18:57.073 10 INFO neutron.wsgi [req-9ff54506-5bcf-4e9b-b3d0-88397597b5df req-26e1553a-3079-4c4c-8c22-9e1bab2161ed 9fd132ee10c245e0acb09efded0f0bb8 ccf1393794ab4b81b35ad530fe5a25c5 - - default default] 10.0.0.246 "GET /v2.0/security-groups?id=27adac75-7d1f-4dd2-aa5a-6ff7d8177ec7&fields=id&fields=name HTTP/1.1" status: 200 len: 286 time: 0.0369296
2026-03-01 22:18:57.441 9 INFO neutron.plugins.ml2.drivers.ovn.mech_driver.mech_driver [None req-d554d607-ce5f-403f-952d-8fb1bb266bc6 - - - - - -] OVN reports status down for port: 587150ae-9e2e-48fa-af0f-8338142af324
2026-03-01 22:18:57.445 10 INFO neutron.wsgi [req-9a2401c2-9a33-418c-a472-d72426b535b9 req-7aa476bf-f709-4e6c-9025-80f75142c940 9fd132ee10c245e0acb09efded0f0bb8 ccf1393794ab4b81b35ad530fe5a25c5 - - default default] 10.0.0.246 "GET /v2.0/ports?device_id=39018e91-c89b-436c-9c25-8f27364f0f93 HTTP/1.1" status: 200 len: 1170 time: 0.0539675
2026-03-01 22:18:57.448 9 INFO neutron.wsgi [req-860eb5ca-8ad3-46db-be0b-55ce9abd1e40 req-73972476-9d8c-4668-8905-6f44f051db6d e442c5e648c1439b8b0688e8d0365a46 6ee2ae66868a4ba894e01c938e99e73c - - default default] 10.0.0.246 "GET /v2.0/security-groups?name=tempest-securitygroup--1466196463&fields=id&tenant_id=6ee2ae66868a4ba894e01c938e99e73c HTTP/1.1" status: 200 len: 267 time: 0.0628600
2026-03-01 22:18:57.491 10 INFO neutron.wsgi [req-9a2401c2-9a33-418c-a472-d72426b535b9 req-295f35d0-7f72-40f6-bac8-248a79996a67 9fd132ee10c245e0acb09efded0f0bb8 ccf1393794ab4b81b35ad530fe5a25c5 - - default default] 10.0.0.246 "GET /v2.0/security-groups?id=27adac75-7d1f-4dd2-aa5a-6ff7d8177ec7&fields=id&fields=name HTTP/1.1" status: 200 len: 286 time: 0.0394623
2026-03-01 22:18:57.544 9 INFO neutron.notifiers.nova [-] Nova event matching ['req-9e553d66-504d-4e87-8425-1b34d7bf9e22'] response: {'server_uuid': '39018e91-c89b-436c-9c25-8f27364f0f93', 'name': 'network-vif-plugged', 'status': 'completed', 'tag': '587150ae-9e2e-48fa-af0f-8338142af324', 'code': 200}
2026-03-01 22:18:57.549 9 INFO neutron.wsgi [req-860eb5ca-8ad3-46db-be0b-55ce9abd1e40 req-ae394765-d568-42c9-b891-f9471b0474be e442c5e648c1439b8b0688e8d0365a46 6ee2ae66868a4ba894e01c938e99e73c - - default default] 10.0.0.246 "GET /v2.0/networks?id=43f34b71-2011-4bfa-a073-d22cd169bbe3 HTTP/1.1" status: 200 len: 875 time: 0.0942218
2026-03-01 22:18:57.571 9 INFO neutron.wsgi [req-860eb5ca-8ad3-46db-be0b-55ce9abd1e40 req-8978044c-227e-4b14-b34b-716430152876 e442c5e648c1439b8b0688e8d0365a46 6ee2ae66868a4ba894e01c938e99e73c - - default default] 10.0.0.246 "GET /v2.0/quotas/6ee2ae66868a4ba894e01c938e99e73c HTTP/1.1" status: 200 len: 386 time: 0.0114069
2026-03-01 22:18:57.728 9 INFO neutron.wsgi [req-860eb5ca-8ad3-46db-be0b-55ce9abd1e40 req-e46e9799-cb3a-4375-9e30-7a6015baa7d8 e442c5e648c1439b8b0688e8d0365a46 6ee2ae66868a4ba894e01c938e99e73c - - default default] 10.0.0.246 "GET /v2.0/ports?tenant_id=6ee2ae66868a4ba894e01c938e99e73c&fields=id HTTP/1.1" status: 200 len: 302 time: 0.1460137
2026-03-01 22:18:57.798 10 INFO neutron.wsgi [req-1b2729cf-9611-47f8-9881-dc9a62bdf782 req-f9a4bcec-79e3-4fd2-95c8-cbe8fc7fb8e0 9fd132ee10c245e0acb09efded0f0bb8 ccf1393794ab4b81b35ad530fe5a25c5 - - default default] 199.204.45.156 "GET /v2.0/ports?device_id=39018e91-c89b-436c-9c25-8f27364f0f93 HTTP/1.1" status: 200 len: 1168 time: 0.0449421
2026-03-01 22:18:57.817 9 INFO neutron.wsgi [req-860eb5ca-8ad3-46db-be0b-55ce9abd1e40 req-bbe61fcc-70e6-4dbe-a9dd-8681a6537d23 2b0eee7b5bc54b3b85c9d6ee7ef3baec 1feb78d0d7a440eb82b4ebfd87990c1c - - d91a2fb99e694998a3b70867b3c67f90 d91a2fb99e694998a3b70867b3c67f90] 10.0.0.246 "GET /v2.0/networks/43f34b71-2011-4bfa-a073-d22cd169bbe3?fields=segments HTTP/1.1" status: 200 len: 212 time: 0.0770965
2026-03-01 22:18:57.876 9 INFO neutron.db.ovn_revision_numbers_db [None req-d554d607-ce5f-403f-952d-8fb1bb266bc6 - - - - - -] Successfully bumped revision number for resource 587150ae-9e2e-48fa-af0f-8338142af324 (type: ports) to 5
2026-03-01 22:18:57.894 9 INFO neutron.wsgi [req-860eb5ca-8ad3-46db-be0b-55ce9abd1e40 req-09c9eaed-838e-451f-a4ad-615d19f1d096 2b0eee7b5bc54b3b85c9d6ee7ef3baec 1feb78d0d7a440eb82b4ebfd87990c1c - - d91a2fb99e694998a3b70867b3c67f90 d91a2fb99e694998a3b70867b3c67f90] 10.0.0.246 "GET /v2.0/networks/43f34b71-2011-4bfa-a073-d22cd169bbe3?fields=provider%3Aphysical_network&fields=provider%3Anetwork_type HTTP/1.1" status: 200 len: 277 time: 0.0711393
2026-03-01 22:18:58.055 10 INFO neutron.wsgi [req-1e78b692-c0dd-46ae-b702-b1cfe82bfbee req-798a9921-2a98-4dc8-ba26-e9d1e20c9c83 e442c5e648c1439b8b0688e8d0365a46 6ee2ae66868a4ba894e01c938e99e73c - - default default] 10.0.0.246 "GET /v2.0/ports?device_id=9bb8690a-72de-456a-b84c-2997cd69821a HTTP/1.1" status: 200 len: 210 time: 0.0201888
2026-03-01 22:18:58.125 10 INFO neutron.wsgi [req-1b2729cf-9611-47f8-9881-dc9a62bdf782 req-5a2d0d3e-f587-45f7-90ea-c324397ffea1 9fd132ee10c245e0acb09efded0f0bb8 ccf1393794ab4b81b35ad530fe5a25c5 - - default default] 199.204.45.156 "DELETE /v2.0/ports/587150ae-9e2e-48fa-af0f-8338142af324 HTTP/1.1" status: 204 len: 173 time: 0.3217010
2026-03-01 22:18:58.172 10 INFO neutron.notifiers.nova [-] Nova event matching ['req-cce804b7-5bdb-48b2-9891-4d50c9917baf'] response: {'server_uuid': '39018e91-c89b-436c-9c25-8f27364f0f93', 'name': 'network-vif-deleted', 'tag': '587150ae-9e2e-48fa-af0f-8338142af324', 'status': 'completed', 'code': 200}
2026-03-01 22:18:58.481 10 WARNING neutron_lib.context [None req-b883984a-2f51-4172-9190-3944a092b410 8933a867a0904e418a9d10891accf9ed f0e502c76af24cf4ba6e957dbe48110d - - default default] Method 'is_advsvc' is deprecated since 2023.2 release (neutron-lib 3.8.0) and will be removed once support for the old RBAC API policies will be removed from Neutron. Please use method 'is_service_role' instead. /var/lib/openstack/lib/python3.10/site-packages/pycadf/identifier.py:71: UserWarning: Invalid uuid: neutron. To ensure interoperability, identifiers should be a valid uuid. warnings.warn(('Invalid uuid: %s. To ensure interoperability, '
2026-03-01 22:18:58.649 10 INFO neutron.db.ovn_revision_numbers_db [None req-b883984a-2f51-4172-9190-3944a092b410 8933a867a0904e418a9d10891accf9ed f0e502c76af24cf4ba6e957dbe48110d - - default default] Successfully bumped revision number for resource f7b2d41c-b7f1-4d5b-9f47-f8a12519579f (type: security_groups) to 1
2026-03-01 22:18:58.670 10 INFO neutron.db.ovn_revision_numbers_db [None req-b883984a-2f51-4172-9190-3944a092b410 8933a867a0904e418a9d10891accf9ed f0e502c76af24cf4ba6e957dbe48110d - - default default] Successfully bumped revision number for resource 5ccc5f1f-6edb-41d0-8c81-fb802ad2ed9b (type: security_group_rules) to 0
2026-03-01 22:18:58.683 10 INFO neutron.db.ovn_revision_numbers_db [None req-b883984a-2f51-4172-9190-3944a092b410 8933a867a0904e418a9d10891accf9ed f0e502c76af24cf4ba6e957dbe48110d - - default default] Successfully bumped revision number for resource 751d68af-d9d8-4f95-a965-add5a4cd5b55 (type: security_group_rules) to 0
2026-03-01 22:18:58.710 10 INFO neutron.db.ovn_revision_numbers_db [None req-b883984a-2f51-4172-9190-3944a092b410 8933a867a0904e418a9d10891accf9ed f0e502c76af24cf4ba6e957dbe48110d - - default default] Successfully bumped revision number for resource d5b9b8a9-e627-449d-9cea-40e72d41a164 (type: security_group_rules) to 0
2026-03-01 22:18:58.738 10 INFO neutron.db.ovn_revision_numbers_db [None req-b883984a-2f51-4172-9190-3944a092b410 8933a867a0904e418a9d10891accf9ed f0e502c76af24cf4ba6e957dbe48110d - - default default] Successfully bumped revision number for resource f7fb2ba1-44f1-401d-9001-9f7e5b477a71 (type: security_group_rules) to 0
2026-03-01 22:18:58.778 10 INFO neutron.wsgi [req-860eb5ca-8ad3-46db-be0b-55ce9abd1e40 req-411822f6-0b21-421a-9b2d-3fcf73c6f9d9 e442c5e648c1439b8b0688e8d0365a46 6ee2ae66868a4ba894e01c938e99e73c - - default default] 199.204.45.156 "GET /v2.0/networks?id=43f34b71-2011-4bfa-a073-d22cd169bbe3 HTTP/1.1" status: 200 len: 875 time: 0.0841844
2026-03-01 22:18:58.806 10 INFO neutron.db.segments_db [None req-b883984a-2f51-4172-9190-3944a092b410 8933a867a0904e418a9d10891accf9ed f0e502c76af24cf4ba6e957dbe48110d - - default default] Added segment 9c5f9efc-39eb-405e-a844-f6bf303e3aa9 of type geneve for network cd2a3e2c-6dd5-4ce4-8a77-950a1222778a
2026-03-01 22:18:58.834 10 INFO neutron.wsgi [req-860eb5ca-8ad3-46db-be0b-55ce9abd1e40 req-b6b4f0c4-1b90-4fb7-b1f2-4a793ca82972 e442c5e648c1439b8b0688e8d0365a46 6ee2ae66868a4ba894e01c938e99e73c - - default default] 199.204.45.156 "GET /v2.0/security-groups?fields=id&fields=name&tenant_id=6ee2ae66868a4ba894e01c938e99e73c HTTP/1.1" status: 200 len: 380 time: 0.0522254
2026-03-01 22:18:58.859 10 WARNING neutron_lib.context [req-860eb5ca-8ad3-46db-be0b-55ce9abd1e40 req-363ab4f4-b548-4a97-a4c4-f18e126dd92d e442c5e648c1439b8b0688e8d0365a46 6ee2ae66868a4ba894e01c938e99e73c - - default default] Method 'is_advsvc' is deprecated since 2023.2 release (neutron-lib 3.8.0) and will be removed once support for the old RBAC API policies will be removed from Neutron. Please use method 'is_service_role' instead.
2026-03-01 22:18:59.037 10 INFO neutron.db.ovn_revision_numbers_db [None req-b883984a-2f51-4172-9190-3944a092b410 8933a867a0904e418a9d10891accf9ed f0e502c76af24cf4ba6e957dbe48110d - - default default] Successfully bumped revision number for resource cd2a3e2c-6dd5-4ce4-8a77-950a1222778a (type: networks) to 1
2026-03-01 22:18:59.159 9 INFO neutron.wsgi [req-6dfca335-cd13-40e0-9451-7856e810f47e req-43d178c1-d268-4110-91db-01d364a2d3b6 e442c5e648c1439b8b0688e8d0365a46 6ee2ae66868a4ba894e01c938e99e73c - - default default] 10.0.0.246 "GET /v2.0/ports?device_id=9bb8690a-72de-456a-b84c-2997cd69821a HTTP/1.1" status: 200 len: 210 time: 0.0360291
2026-03-01 22:18:59.244 10 WARNING neutron.scheduler.dhcp_agent_scheduler [None req-b883984a-2f51-4172-9190-3944a092b410 8933a867a0904e418a9d10891accf9ed f0e502c76af24cf4ba6e957dbe48110d - - default default] No more DHCP agents
2026-03-01 22:18:59.248 10 WARNING neutron.api.rpc.agentnotifiers.dhcp_rpc_agent_api [None req-b883984a-2f51-4172-9190-3944a092b410 8933a867a0904e418a9d10891accf9ed f0e502c76af24cf4ba6e957dbe48110d - - default default] Unable to schedule network cd2a3e2c-6dd5-4ce4-8a77-950a1222778a: no agents available; will retry on subsequent port and subnet creation events.
2026-03-01 22:18:59.318 10 WARNING neutron.scheduler.dhcp_agent_scheduler [req-860eb5ca-8ad3-46db-be0b-55ce9abd1e40 req-363ab4f4-b548-4a97-a4c4-f18e126dd92d e442c5e648c1439b8b0688e8d0365a46 6ee2ae66868a4ba894e01c938e99e73c - - default default] No more DHCP agents
2026-03-01 22:18:59.329 10 WARNING neutron.api.rpc.agentnotifiers.dhcp_rpc_agent_api [req-860eb5ca-8ad3-46db-be0b-55ce9abd1e40 req-363ab4f4-b548-4a97-a4c4-f18e126dd92d e442c5e648c1439b8b0688e8d0365a46 6ee2ae66868a4ba894e01c938e99e73c - - default default] Unable to schedule network 43f34b71-2011-4bfa-a073-d22cd169bbe3: no agents available; will retry on subsequent port and subnet creation events.
2026-03-01 22:18:59.353 10 INFO neutron.db.ovn_revision_numbers_db [None req-b883984a-2f51-4172-9190-3944a092b410 8933a867a0904e418a9d10891accf9ed f0e502c76af24cf4ba6e957dbe48110d - - default default] Successfully bumped revision number for resource f27cba51-1b3f-4c3e-9451-90d9ac8ca768 (type: ports) to 1
2026-03-01 22:18:59.380 10 INFO neutron.wsgi [None req-b883984a-2f51-4172-9190-3944a092b410 8933a867a0904e418a9d10891accf9ed f0e502c76af24cf4ba6e957dbe48110d - - default default] 10.0.0.58 "POST /v2.0/networks HTTP/1.1" status: 201 len: 832 time: 1.0919819
2026-03-01 22:18:59.393 9 WARNING neutron_lib.context [None req-a82dd58a-2c61-42d1-ae3b-935de3e715c3 8933a867a0904e418a9d10891accf9ed f0e502c76af24cf4ba6e957dbe48110d - - default default] Method 'is_advsvc' is deprecated since 2023.2 release (neutron-lib 3.8.0) and will be removed once support for the old RBAC API policies will be removed from Neutron. Please use method 'is_service_role' instead.
2026-03-01 22:18:59.486 10 INFO neutron.db.ovn_revision_numbers_db [req-860eb5ca-8ad3-46db-be0b-55ce9abd1e40 req-363ab4f4-b548-4a97-a4c4-f18e126dd92d e442c5e648c1439b8b0688e8d0365a46 6ee2ae66868a4ba894e01c938e99e73c - - default default] Successfully bumped revision number for resource f5fa177c-3c65-45b8-a8fc-320fc455282e (type: ports) to 1
2026-03-01 22:18:59.507 10 INFO neutron.wsgi [req-860eb5ca-8ad3-46db-be0b-55ce9abd1e40 req-363ab4f4-b548-4a97-a4c4-f18e126dd92d e442c5e648c1439b8b0688e8d0365a46 6ee2ae66868a4ba894e01c938e99e73c - - default default] 199.204.45.156 "POST /v2.0/ports HTTP/1.1" status: 201 len: 1158 time: 0.6564488 /var/lib/openstack/lib/python3.10/site-packages/pycadf/identifier.py:71: UserWarning: Invalid uuid: neutron. To ensure interoperability, identifiers should be a valid uuid. warnings.warn(('Invalid uuid: %s. To ensure interoperability, '
2026-03-01 22:18:59.746 9 INFO neutron.notifiers.nova [-] Nova event matching ['req-7e00bb4b-7145-4cac-9f2f-7c25d2643326'] response: {'server_uuid': '39018e91-c89b-436c-9c25-8f27364f0f93', 'name': 'network-vif-unplugged', 'status': 'completed', 'tag': '587150ae-9e2e-48fa-af0f-8338142af324', 'code': 200}
2026-03-01 22:18:59.746 9 INFO neutron.notifiers.nova [-] Nova event matching ['req-7e00bb4b-7145-4cac-9f2f-7c25d2643326'] response: {'server_uuid': '39018e91-c89b-436c-9c25-8f27364f0f93', 'name': 'network-vif-plugged', 'status': 'completed', 'tag': '587150ae-9e2e-48fa-af0f-8338142af324', 'code': 200}
2026-03-01 22:18:59.798 9 INFO neutron.db.segments_db [None req-a82dd58a-2c61-42d1-ae3b-935de3e715c3 8933a867a0904e418a9d10891accf9ed f0e502c76af24cf4ba6e957dbe48110d - - default default] Added segment cf0b8cd9-bcd0-4edc-9ff9-ca0d37fb5b17 of type geneve for network b80c51c0-5743-4d5e-8148-07e1f8acb390
2026-03-01 22:18:59.903 10 INFO neutron.db.ovn_revision_numbers_db [req-860eb5ca-8ad3-46db-be0b-55ce9abd1e40 req-f7c9f24d-1d14-47b0-ab72-0160c511b2c5 2b0eee7b5bc54b3b85c9d6ee7ef3baec 1feb78d0d7a440eb82b4ebfd87990c1c - - d91a2fb99e694998a3b70867b3c67f90 d91a2fb99e694998a3b70867b3c67f90] Successfully bumped revision number for resource f5fa177c-3c65-45b8-a8fc-320fc455282e (type: ports) to 2
2026-03-01 22:19:00.022 9 INFO neutron.wsgi [None req-26641001-8ea0-4ea3-99db-cd9e1e42da9f c98bc9c1d85e4983ad974cb4cf9dd46b b6357918f73b458f9e03a5667d465a0e - - default default] 10.0.0.58 "PUT /v2.0/routers/6709927e-85bc-42f9-b138-299dbb679303/remove_router_interface HTTP/1.1" status: 200 len: 503 time: 1.4518480
2026-03-01 22:19:00.030 9 INFO neutron.db.ovn_revision_numbers_db [None req-a82dd58a-2c61-42d1-ae3b-935de3e715c3 8933a867a0904e418a9d10891accf9ed f0e502c76af24cf4ba6e957dbe48110d - - default default] Successfully bumped revision number for resource b80c51c0-5743-4d5e-8148-07e1f8acb390 (type: networks) to 1 /var/lib/openstack/lib/python3.10/site-packages/pycadf/identifier.py:71: UserWarning: Invalid uuid: neutron. To ensure interoperability, identifiers should be a valid uuid. warnings.warn(('Invalid uuid: %s. To ensure interoperability, '
2026-03-01 22:19:00.130 10 INFO neutron.db.ovn_revision_numbers_db [req-860eb5ca-8ad3-46db-be0b-55ce9abd1e40 req-f7c9f24d-1d14-47b0-ab72-0160c511b2c5 2b0eee7b5bc54b3b85c9d6ee7ef3baec 1feb78d0d7a440eb82b4ebfd87990c1c - - d91a2fb99e694998a3b70867b3c67f90 d91a2fb99e694998a3b70867b3c67f90] Successfully bumped revision number for resource f5fa177c-3c65-45b8-a8fc-320fc455282e (type: ports) to 2
2026-03-01 22:19:00.152 10 INFO neutron.wsgi [req-860eb5ca-8ad3-46db-be0b-55ce9abd1e40 req-f7c9f24d-1d14-47b0-ab72-0160c511b2c5 2b0eee7b5bc54b3b85c9d6ee7ef3baec 1feb78d0d7a440eb82b4ebfd87990c1c - - d91a2fb99e694998a3b70867b3c67f90 d91a2fb99e694998a3b70867b3c67f90] 199.204.45.156 "PUT /v2.0/ports/f5fa177c-3c65-45b8-a8fc-320fc455282e HTTP/1.1" status: 200 len: 1376 time: 0.6358013 /var/lib/openstack/lib/python3.10/site-packages/pycadf/identifier.py:71: UserWarning: Invalid uuid: neutron. To ensure interoperability, identifiers should be a valid uuid. warnings.warn(('Invalid uuid: %s. To ensure interoperability, '
2026-03-01 22:19:00.213 10 INFO neutron.notifiers.nova [-] Nova event matching ['req-b1c7b661-fb82-406c-8546-1c494bc4025e'] response: {'name': 'network-changed', 'server_uuid': '9bb8690a-72de-456a-b84c-2997cd69821a', 'tag': 'f5fa177c-3c65-45b8-a8fc-320fc455282e', 'status': 'completed', 'code': 200}
2026-03-01 22:19:00.242 10 INFO neutron.wsgi [req-860eb5ca-8ad3-46db-be0b-55ce9abd1e40 req-784bbb16-577c-47b9-9626-58f2a297aec2 2b0eee7b5bc54b3b85c9d6ee7ef3baec 1feb78d0d7a440eb82b4ebfd87990c1c - - d91a2fb99e694998a3b70867b3c67f90 d91a2fb99e694998a3b70867b3c67f90] 199.204.45.156 "GET /v2.0/ports?tenant_id=6ee2ae66868a4ba894e01c938e99e73c&device_id=9bb8690a-72de-456a-b84c-2997cd69821a HTTP/1.1" status: 200 len: 1407 time: 0.0422001
2026-03-01 22:19:00.284 10 INFO neutron.wsgi [req-860eb5ca-8ad3-46db-be0b-55ce9abd1e40 req-1e7a2dc4-297e-4ca2-b7ee-f9cb2d23fe2c 2b0eee7b5bc54b3b85c9d6ee7ef3baec 1feb78d0d7a440eb82b4ebfd87990c1c - - d91a2fb99e694998a3b70867b3c67f90 d91a2fb99e694998a3b70867b3c67f90] 199.204.45.156 "GET /v2.0/floatingips?fixed_ip_address=10.100.0.6&port_id=f5fa177c-3c65-45b8-a8fc-320fc455282e HTTP/1.1" status: 200 len: 217 time: 0.0322738
2026-03-01 22:19:00.294 9 WARNING neutron.scheduler.dhcp_agent_scheduler [None req-a82dd58a-2c61-42d1-ae3b-935de3e715c3 8933a867a0904e418a9d10891accf9ed f0e502c76af24cf4ba6e957dbe48110d - - default default] No more DHCP agents
2026-03-01 22:19:00.297 9 WARNING neutron.api.rpc.agentnotifiers.dhcp_rpc_agent_api [None req-a82dd58a-2c61-42d1-ae3b-935de3e715c3 8933a867a0904e418a9d10891accf9ed f0e502c76af24cf4ba6e957dbe48110d - - default default] Unable to schedule network b80c51c0-5743-4d5e-8148-07e1f8acb390: no agents available; will retry on subsequent port and subnet creation events.
2026-03-01 22:19:00.347 10 INFO neutron.wsgi [req-860eb5ca-8ad3-46db-be0b-55ce9abd1e40 req-c6f9c976-d03a-4ce0-991b-f797f8c84725 2b0eee7b5bc54b3b85c9d6ee7ef3baec 1feb78d0d7a440eb82b4ebfd87990c1c - - d91a2fb99e694998a3b70867b3c67f90 d91a2fb99e694998a3b70867b3c67f90] 199.204.45.156 "GET /v2.0/subnets?id=bf0ea538-ea23-4a1f-b24a-1ce1e6ac30d0 HTTP/1.1" status: 200 len: 869 time: 0.0547051
2026-03-01 22:19:00.389 10 INFO neutron.wsgi [req-860eb5ca-8ad3-46db-be0b-55ce9abd1e40 req-4bc2c605-4e90-4aee-960c-c8f9a443f5a6 2b0eee7b5bc54b3b85c9d6ee7ef3baec 1feb78d0d7a440eb82b4ebfd87990c1c - - d91a2fb99e694998a3b70867b3c67f90 d91a2fb99e694998a3b70867b3c67f90] 199.204.45.156 "GET /v2.0/ports?network_id=43f34b71-2011-4bfa-a073-d22cd169bbe3&device_owner=network%3Adhcp HTTP/1.1" status: 200 len: 210 time: 0.0338852
2026-03-01 22:19:00.412 10 INFO neutron.wsgi [req-ffeca5c2-b26a-4898-9d2e-5f9334216b66 req-138dc495-2616-4124-896d-05c96245e3f3 e442c5e648c1439b8b0688e8d0365a46 6ee2ae66868a4ba894e01c938e99e73c - - default default] 10.0.0.246 "GET /v2.0/ports?device_id=9bb8690a-72de-456a-b84c-2997cd69821a HTTP/1.1" status: 200 len: 1168 time: 0.1649985
2026-03-01 22:19:00.413 9 INFO neutron.db.ovn_revision_numbers_db [None req-a82dd58a-2c61-42d1-ae3b-935de3e715c3 8933a867a0904e418a9d10891accf9ed f0e502c76af24cf4ba6e957dbe48110d - - default default] Successfully bumped revision number for resource 848c1f14-4e53-46f0-8f12-9c475945a4e1 (type: ports) to 1
2026-03-01 22:19:00.437 9 INFO neutron.wsgi [None req-a82dd58a-2c61-42d1-ae3b-935de3e715c3 8933a867a0904e418a9d10891accf9ed f0e502c76af24cf4ba6e957dbe48110d - - default default] 10.0.0.58 "POST /v2.0/networks HTTP/1.1" status: 201 len: 832 time: 1.0503633
2026-03-01 22:19:00.449 9 WARNING neutron_lib.context [None req-4c2393bb-c8dd-48e6-a7a3-c5e3a10a05b9 8933a867a0904e418a9d10891accf9ed f0e502c76af24cf4ba6e957dbe48110d - - default default] Method 'is_advsvc' is deprecated since 2023.2 release (neutron-lib 3.8.0) and will be removed once support for the old RBAC API policies will be removed from Neutron. Please use method 'is_service_role' instead.
2026-03-01 22:19:00.485 10 INFO neutron.wsgi [req-860eb5ca-8ad3-46db-be0b-55ce9abd1e40 req-34d3beae-92cb-4024-a03b-a6ac1c2013a5 2b0eee7b5bc54b3b85c9d6ee7ef3baec 1feb78d0d7a440eb82b4ebfd87990c1c - - d91a2fb99e694998a3b70867b3c67f90 d91a2fb99e694998a3b70867b3c67f90] 199.204.45.156 "GET /v2.0/networks/43f34b71-2011-4bfa-a073-d22cd169bbe3?fields=segments HTTP/1.1" status: 200 len: 212 time: 0.0910852
2026-03-01 22:19:00.489 10 INFO neutron.wsgi [req-ffeca5c2-b26a-4898-9d2e-5f9334216b66 req-7f19669a-0fcb-42e0-930a-46b96836a596 e442c5e648c1439b8b0688e8d0365a46 6ee2ae66868a4ba894e01c938e99e73c - - default default] 10.0.0.246 "GET /v2.0/security-groups?id=8956304d-9120-4bec-ab5f-6189569c5fe1&fields=id&fields=name HTTP/1.1" status: 200 len: 313 time: 0.0680211
2026-03-01 22:19:00.576 10 INFO neutron.wsgi [req-860eb5ca-8ad3-46db-be0b-55ce9abd1e40 req-3b7e6fa2-b737-4bc1-b651-74f36fe8fce0 2b0eee7b5bc54b3b85c9d6ee7ef3baec 1feb78d0d7a440eb82b4ebfd87990c1c - - d91a2fb99e694998a3b70867b3c67f90 d91a2fb99e694998a3b70867b3c67f90] 199.204.45.156 "GET /v2.0/networks/43f34b71-2011-4bfa-a073-d22cd169bbe3?fields=provider%3Aphysical_network&fields=provider%3Anetwork_type HTTP/1.1" status: 200 len: 277 time: 0.0842905
2026-03-01 22:19:00.668 10 INFO neutron.wsgi [req-1c9efc09-346e-404b-bd6a-060433b3b7af req-8444f758-07f7-4e4a-a22f-a39ab44d299e 2b0eee7b5bc54b3b85c9d6ee7ef3baec 1feb78d0d7a440eb82b4ebfd87990c1c - - d91a2fb99e694998a3b70867b3c67f90 d91a2fb99e694998a3b70867b3c67f90] 199.204.45.156 "GET /v2.0/ports?tenant_id=6ee2ae66868a4ba894e01c938e99e73c&device_id=9bb8690a-72de-456a-b84c-2997cd69821a HTTP/1.1" status: 200 len: 1407 time: 0.0409071
2026-03-01 22:19:00.742 10 INFO neutron.wsgi [req-1c9efc09-346e-404b-bd6a-060433b3b7af req-281a7fc0-363f-4bf7-b9bf-60e7a3be426d 2b0eee7b5bc54b3b85c9d6ee7ef3baec 1feb78d0d7a440eb82b4ebfd87990c1c - - d91a2fb99e694998a3b70867b3c67f90 d91a2fb99e694998a3b70867b3c67f90] 199.204.45.156 "GET /v2.0/networks?id=43f34b71-2011-4bfa-a073-d22cd169bbe3 HTTP/1.1" status: 200 len: 974 time: 0.0659730
2026-03-01 22:19:00.763 9 WARNING neutron.scheduler.dhcp_agent_scheduler [None req-4c2393bb-c8dd-48e6-a7a3-c5e3a10a05b9 8933a867a0904e418a9d10891accf9ed f0e502c76af24cf4ba6e957dbe48110d - - default default] No more DHCP agents
2026-03-01 22:19:00.764 9 WARNING neutron.api.rpc.agentnotifiers.dhcp_rpc_agent_api [None req-4c2393bb-c8dd-48e6-a7a3-c5e3a10a05b9 8933a867a0904e418a9d10891accf9ed f0e502c76af24cf4ba6e957dbe48110d - - default default] Unable to schedule network cd2a3e2c-6dd5-4ce4-8a77-950a1222778a: no agents available; will retry on subsequent port and subnet creation events.
2026-03-01 22:19:00.784 10 INFO neutron.wsgi [req-1c9efc09-346e-404b-bd6a-060433b3b7af req-c2f083f6-7781-4eba-9b3f-3628ad036047 2b0eee7b5bc54b3b85c9d6ee7ef3baec 1feb78d0d7a440eb82b4ebfd87990c1c - - d91a2fb99e694998a3b70867b3c67f90 d91a2fb99e694998a3b70867b3c67f90] 199.204.45.156 "GET /v2.0/floatingips?fixed_ip_address=10.100.0.6&port_id=f5fa177c-3c65-45b8-a8fc-320fc455282e HTTP/1.1" status: 200 len: 217 time: 0.0302255
2026-03-01 22:19:00.814 9 INFO neutron.plugins.ml2.drivers.ovn.mech_driver.mech_driver [None req-d554d607-ce5f-403f-952d-8fb1bb266bc6 - - - - - -] OVN reports status up for port: f5fa177c-3c65-45b8-a8fc-320fc455282e
2026-03-01 22:19:00.824 9 INFO neutron.db.ovn_revision_numbers_db [None req-4c2393bb-c8dd-48e6-a7a3-c5e3a10a05b9 8933a867a0904e418a9d10891accf9ed f0e502c76af24cf4ba6e957dbe48110d - - default default] Successfully bumped revision number for resource 8471160c-4525-40d3-8d8c-4085a757a166 (type: subnets) to 0
2026-03-01 22:19:00.831 10 INFO neutron.wsgi [req-1c9efc09-346e-404b-bd6a-060433b3b7af req-291b46a9-7b80-4bf1-865a-55d9c8a9b834 2b0eee7b5bc54b3b85c9d6ee7ef3baec 1feb78d0d7a440eb82b4ebfd87990c1c - - d91a2fb99e694998a3b70867b3c67f90 d91a2fb99e694998a3b70867b3c67f90] 199.204.45.156 "GET /v2.0/subnets?id=bf0ea538-ea23-4a1f-b24a-1ce1e6ac30d0 HTTP/1.1" status: 200 len: 869 time: 0.0381415
2026-03-01 22:19:00.836 9 INFO neutron.plugins.ml2.plugin [None req-d554d607-ce5f-403f-952d-8fb1bb266bc6 - - - - - -] Attempt 1 to provision port f5fa177c-3c65-45b8-a8fc-320fc455282e
2026-03-01 22:19:00.851 9 INFO neutron.wsgi [None req-4c2393bb-c8dd-48e6-a7a3-c5e3a10a05b9 8933a867a0904e418a9d10891accf9ed f0e502c76af24cf4ba6e957dbe48110d - - default default] 10.0.0.58 "POST /v2.0/subnets HTTP/1.1" status: 201 len: 821 time: 0.4073334
2026-03-01 22:19:00.867 9 WARNING neutron_lib.context [None req-658403cc-cef2-4bc3-8c0d-e44482bf8f40 8933a867a0904e418a9d10891accf9ed f0e502c76af24cf4ba6e957dbe48110d - - default default] Method 'is_advsvc' is deprecated since 2023.2 release (neutron-lib 3.8.0) and will be removed once support for the old RBAC API policies will be removed from Neutron. Please use method 'is_service_role' instead.
2026-03-01 22:19:00.867 10 INFO neutron.wsgi [req-1c9efc09-346e-404b-bd6a-060433b3b7af req-db0cb1d8-a1ca-41d8-89e5-79af084af2aa 2b0eee7b5bc54b3b85c9d6ee7ef3baec 1feb78d0d7a440eb82b4ebfd87990c1c - - d91a2fb99e694998a3b70867b3c67f90 d91a2fb99e694998a3b70867b3c67f90] 199.204.45.156 "GET /v2.0/ports?network_id=43f34b71-2011-4bfa-a073-d22cd169bbe3&device_owner=network%3Adhcp HTTP/1.1" status: 200 len: 210 time: 0.0241184
2026-03-01 22:19:00.956 10 INFO neutron.wsgi [req-1c9efc09-346e-404b-bd6a-060433b3b7af req-7174f109-0c6c-4479-940c-f5caf2bb995e 2b0eee7b5bc54b3b85c9d6ee7ef3baec 1feb78d0d7a440eb82b4ebfd87990c1c - - d91a2fb99e694998a3b70867b3c67f90 d91a2fb99e694998a3b70867b3c67f90] 199.204.45.156 "GET /v2.0/networks/43f34b71-2011-4bfa-a073-d22cd169bbe3?fields=segments HTTP/1.1" status: 200 len: 212 time: 0.0803163
2026-03-01 22:19:01.041 10 INFO neutron.wsgi [req-1c9efc09-346e-404b-bd6a-060433b3b7af req-c1553ab6-0d94-4368-a52d-de8051fa7286 2b0eee7b5bc54b3b85c9d6ee7ef3baec 1feb78d0d7a440eb82b4ebfd87990c1c - - d91a2fb99e694998a3b70867b3c67f90 d91a2fb99e694998a3b70867b3c67f90] 199.204.45.156 "GET /v2.0/networks/43f34b71-2011-4bfa-a073-d22cd169bbe3?fields=provider%3Aphysical_network&fields=provider%3Anetwork_type HTTP/1.1" status: 200 len: 277 time: 0.0786362
2026-03-01 22:19:01.266 9 INFO neutron.wsgi [None req-272bff08-5010-45cd-bb6e-eadc50fa5762 c98bc9c1d85e4983ad974cb4cf9dd46b b6357918f73b458f9e03a5667d465a0e - - default default] 10.0.0.58 "DELETE /v2.0/routers/6709927e-85bc-42f9-b138-299dbb679303 HTTP/1.1" status: 204 len: 168 time: 1.2371864
2026-03-01 22:19:01.296 9 WARNING neutron.scheduler.dhcp_agent_scheduler [None req-658403cc-cef2-4bc3-8c0d-e44482bf8f40 8933a867a0904e418a9d10891accf9ed f0e502c76af24cf4ba6e957dbe48110d - - default default] No more DHCP agents
2026-03-01 22:19:01.300 9 WARNING neutron.api.rpc.agentnotifiers.dhcp_rpc_agent_api [None req-658403cc-cef2-4bc3-8c0d-e44482bf8f40 8933a867a0904e418a9d10891accf9ed f0e502c76af24cf4ba6e957dbe48110d - - default default] Unable to schedule network b80c51c0-5743-4d5e-8148-07e1f8acb390: no agents available; will retry on subsequent port and subnet creation events.
2026-03-01 22:19:01.335 9 INFO neutron.db.ovn_revision_numbers_db [None req-658403cc-cef2-4bc3-8c0d-e44482bf8f40 8933a867a0904e418a9d10891accf9ed f0e502c76af24cf4ba6e957dbe48110d - - default default] Successfully bumped revision number for resource feef2d91-97de-471f-b256-c67237cd579d (type: subnets) to 0
2026-03-01 22:19:01.380 9 INFO neutron.wsgi [None req-658403cc-cef2-4bc3-8c0d-e44482bf8f40 8933a867a0904e418a9d10891accf9ed f0e502c76af24cf4ba6e957dbe48110d - - default default] 10.0.0.58 "POST /v2.0/subnets HTTP/1.1" status: 201 len: 830 time: 0.5191674
2026-03-01 22:19:01.389 9 INFO neutron.db.ovn_revision_numbers_db [None req-d554d607-ce5f-403f-952d-8fb1bb266bc6 - - - - - -] Successfully bumped revision number for resource f5fa177c-3c65-45b8-a8fc-320fc455282e (type: ports) to 4
2026-03-01 22:19:01.395 9 WARNING neutron_lib.context [None req-a127a857-a540-4dea-94eb-89df1bc22953 8933a867a0904e418a9d10891accf9ed f0e502c76af24cf4ba6e957dbe48110d - - default default] Method 'is_advsvc' is deprecated since 2023.2 release (neutron-lib 3.8.0) and will be removed once support for the old RBAC API policies will be removed from Neutron. Please use method 'is_service_role' instead.
2026-03-01 22:19:01.817 10 WARNING neutron.plugins.ml2.drivers.ovn.mech_driver.ovsdb.ovn_client [None req-f8da379a-5a15-494a-963c-311b384f4b48 - - - - - -] No hosting information found for port 1d63b9c6-f2e5-4317-a1d2-71955bb02c0f: RuntimeError: No hosting information found for port 1d63b9c6-f2e5-4317-a1d2-71955bb02c0f
2026-03-01 22:19:01.832 10 INFO neutron.wsgi [req-9efa6604-857b-42ea-8ec6-33af6b0bd561 req-cc4ad768-a5ec-416e-b7bb-0fa3e45f523c e442c5e648c1439b8b0688e8d0365a46 6ee2ae66868a4ba894e01c938e99e73c - - default default] 10.0.0.246 "GET /v2.0/ports?device_id=9bb8690a-72de-456a-b84c-2997cd69821a HTTP/1.1" status: 200 len: 1170 time: 0.0662093
2026-03-01 22:19:01.888 10 INFO neutron.wsgi [req-9efa6604-857b-42ea-8ec6-33af6b0bd561 req-c915a658-dfcc-470d-9088-77ce4fd73379 e442c5e648c1439b8b0688e8d0365a46 6ee2ae66868a4ba894e01c938e99e73c - - default default] 10.0.0.246 "GET /v2.0/security-groups?id=8956304d-9120-4bec-ab5f-6189569c5fe1&fields=id&fields=name HTTP/1.1" status: 200 len: 313 time: 0.0458708
2026-03-01 22:19:01.927 10 INFO neutron.wsgi [None req-2650af5b-210e-4005-856f-39d9c705c608 c98bc9c1d85e4983ad974cb4cf9dd46b b6357918f73b458f9e03a5667d465a0e - - default default] 10.0.0.58 "DELETE /v2.0/subnets/eb517569-2050-4490-b313-7769e5e55f96 HTTP/1.1" status: 204 len: 168 time: 0.6539459 /var/lib/openstack/lib/python3.10/site-packages/pycadf/identifier.py:71: UserWarning: Invalid uuid: neutron. To ensure interoperability, identifiers should be a valid uuid. warnings.warn(('Invalid uuid: %s. To ensure interoperability, '
2026-03-01 22:19:02.011 9 INFO neutron.notifiers.nova [-] Nova event matching ['req-6c126159-fed8-40ff-af75-0db6612ff8b2'] response: {'server_uuid': '9bb8690a-72de-456a-b84c-2997cd69821a', 'name': 'network-vif-plugged', 'status': 'completed', 'tag': 'f5fa177c-3c65-45b8-a8fc-320fc455282e', 'code': 200}
2026-03-01 22:19:02.012 9 INFO neutron.notifiers.nova [-] Nova event matching ['req-6c126159-fed8-40ff-af75-0db6612ff8b2'] response: {'server_uuid': '9bb8690a-72de-456a-b84c-2997cd69821a', 'name': 'network-vif-plugged', 'status': 'completed', 'tag': 'f5fa177c-3c65-45b8-a8fc-320fc455282e', 'code': 200}
2026-03-01 22:19:02.013 9 INFO neutron.db.ovn_revision_numbers_db [None req-a127a857-a540-4dea-94eb-89df1bc22953 8933a867a0904e418a9d10891accf9ed f0e502c76af24cf4ba6e957dbe48110d - - default default] Successfully bumped revision number for resource 21c7d8ee-1bad-4eba-8a87-5087f6acfdc9 (type: routers) to 1
2026-03-01 22:19:02.031 9 INFO neutron.wsgi [None req-a127a857-a540-4dea-94eb-89df1bc22953 8933a867a0904e418a9d10891accf9ed f0e502c76af24cf4ba6e957dbe48110d - - default default] 10.0.0.58 "POST /v2.0/routers HTTP/1.1" status: 201 len: 691 time: 0.6427188
2026-03-01 22:19:02.139 9 INFO neutron.db.ovn_revision_numbers_db [None req-2566dbaf-dafc-41bc-b1e1-c216bd4263ca c98bc9c1d85e4983ad974cb4cf9dd46b b6357918f73b458f9e03a5667d465a0e - - default default] Successfully bumped revision number for resource 59c8f481-d8eb-4250-8537-027b7ea1e15f (type: security_groups) to 1
2026-03-01 22:19:02.154 9 INFO neutron.db.ovn_revision_numbers_db [None req-2566dbaf-dafc-41bc-b1e1-c216bd4263ca c98bc9c1d85e4983ad974cb4cf9dd46b b6357918f73b458f9e03a5667d465a0e - - default default] Successfully bumped revision number for resource 1a76ac0f-69fc-4ee0-9617-0d93a3230bea (type: security_group_rules) to 0
2026-03-01 22:19:02.167 9 INFO neutron.db.ovn_revision_numbers_db [None req-2566dbaf-dafc-41bc-b1e1-c216bd4263ca c98bc9c1d85e4983ad974cb4cf9dd46b b6357918f73b458f9e03a5667d465a0e - - default default] Successfully bumped revision number for resource 60d46f83-e132-490a-90d9-452b86a02087 (type: security_group_rules) to 0
2026-03-01 22:19:02.186 9 INFO neutron.db.ovn_revision_numbers_db [None req-2566dbaf-dafc-41bc-b1e1-c216bd4263ca c98bc9c1d85e4983ad974cb4cf9dd46b b6357918f73b458f9e03a5667d465a0e - - default default] Successfully bumped revision number for resource ddd57fe1-a320-4e7d-a149-bb9e9cf313f8 (type: security_group_rules) to 0
2026-03-01 22:19:02.204 9 INFO neutron.db.ovn_revision_numbers_db [None req-2566dbaf-dafc-41bc-b1e1-c216bd4263ca c98bc9c1d85e4983ad974cb4cf9dd46b b6357918f73b458f9e03a5667d465a0e - - default default] Successfully bumped revision number for resource ff197f64-73b3-4d31-bbda-77be099ab294 (type: security_group_rules) to 0
2026-03-01 22:19:02.228 9 INFO neutron.wsgi [None req-2566dbaf-dafc-41bc-b1e1-c216bd4263ca c98bc9c1d85e4983ad974cb4cf9dd46b b6357918f73b458f9e03a5667d465a0e - - default default] 10.0.0.58 "GET /v2.0/security-groups?tenant_id=a72f001879a24f8a8a0e2118f642b423&name=default HTTP/1.1" status: 200 len: 2996 time: 0.7597349
2026-03-01 22:19:02.404 9 INFO neutron.wsgi [None req-266e3f4f-a67f-4aa5-aa20-c03aaaa6ffad c98bc9c1d85e4983ad974cb4cf9dd46b b6357918f73b458f9e03a5667d465a0e - - default default] 10.0.0.58 "DELETE /v2.0/security-groups/59c8f481-d8eb-4250-8537-027b7ea1e15f HTTP/1.1" status: 204 len: 168 time: 0.1714666
2026-03-01 22:19:02.530 10 INFO neutron.services.segments.plugin [-] Segment 07948e88-b90c-4d89-b8dc-66a7da7f75e3 resource provider aggregate not found
2026-03-01 22:19:02.534 10 INFO neutron.services.segments.plugin [-] Segment 07948e88-b90c-4d89-b8dc-66a7da7f75e3 resource provider aggregate not found
2026-03-01 22:19:02.552 10 INFO neutron.services.segments.plugin [-] Segment 07948e88-b90c-4d89-b8dc-66a7da7f75e3 resource provider not found; error: Placement Client Error (4xx): {"errors": [{"status": 404, "title": "Not Found", "detail": "The resource could not be found.\n\n No resource provider with uuid 07948e88-b90c-4d89-b8dc-66a7da7f75e3 found for delete ", "request_id": "req-e98fe08c-0630-48df-8e57-d06114b0ef8e"}]}
2026-03-01 22:19:02.555 10 INFO neutron.services.segments.plugin [-] Segment 07948e88-b90c-4d89-b8dc-66a7da7f75e3 resource provider not found; error: Placement Client Error (4xx): {"errors": [{"status": 404, "title": "Not Found", "detail": "The resource could not be found.\n\n No resource provider with uuid 07948e88-b90c-4d89-b8dc-66a7da7f75e3 found for delete ", "request_id": "req-11a3e5f2-a2ce-4d76-b0e4-7b90b5389461"}]}
2026-03-01 22:19:02.582 10 INFO neutron.wsgi [None req-73a029c2-8248-46ca-a998-f32c4db33a54 c98bc9c1d85e4983ad974cb4cf9dd46b b6357918f73b458f9e03a5667d465a0e - - default default] 10.0.0.58 "DELETE /v2.0/networks/dbcaebd2-6759-409f-bb43-fdb7cd010b0f HTTP/1.1" status: 204 len: 168 time: 0.6479428
2026-03-01 22:19:02.620 10 WARNING neutron.scheduler.dhcp_agent_scheduler [None req-ba590a88-7608-4486-aeb9-116271778814 8933a867a0904e418a9d10891accf9ed f0e502c76af24cf4ba6e957dbe48110d - - default default] No more DHCP agents
2026-03-01 22:19:02.623 10 WARNING neutron.api.rpc.agentnotifiers.dhcp_rpc_agent_api [None req-ba590a88-7608-4486-aeb9-116271778814 8933a867a0904e418a9d10891accf9ed f0e502c76af24cf4ba6e957dbe48110d - - default default] Unable to schedule network cd2a3e2c-6dd5-4ce4-8a77-950a1222778a: no agents available; will retry on subsequent port and subnet creation events.
2026-03-01 22:19:02.737 10 INFO neutron.db.ovn_revision_numbers_db [None req-ba590a88-7608-4486-aeb9-116271778814 8933a867a0904e418a9d10891accf9ed f0e502c76af24cf4ba6e957dbe48110d - - default default] Successfully bumped revision number for resource abedb91b-55a7-414d-9212-fdfaee99a74a (type: ports) to 1
2026-03-01 22:19:02.823 9 INFO neutron.wsgi [None req-4e753de2-a251-4582-b710-7329bd31317f c98bc9c1d85e4983ad974cb4cf9dd46b b6357918f73b458f9e03a5667d465a0e - - default default] 10.0.0.58 "GET /v2.0/security-groups?tenant_id=ccf1393794ab4b81b35ad530fe5a25c5&name=default HTTP/1.1" status: 200 len: 2996 time: 0.0413167
2026-03-01 22:19:03.048 10 INFO neutron.wsgi [req-865753a4-a0ab-4d2e-ac2f-8955d903a4be req-ef03e255-04c3-4b1d-a858-5426a150d45b e442c5e648c1439b8b0688e8d0365a46 6ee2ae66868a4ba894e01c938e99e73c - - default default] 10.0.0.246 "GET /v2.0/ports?device_id=9bb8690a-72de-456a-b84c-2997cd69821a HTTP/1.1" status: 200 len: 1170 time: 0.0631340
2026-03-01 22:19:03.063 9 INFO neutron.wsgi [None req-9c140023-646a-4789-ab09-d66def3d7617 c98bc9c1d85e4983ad974cb4cf9dd46b b6357918f73b458f9e03a5667d465a0e - - default default] 10.0.0.58 "DELETE /v2.0/security-groups/27adac75-7d1f-4dd2-aa5a-6ff7d8177ec7 HTTP/1.1" status: 204 len: 168 time: 0.2346990
2026-03-01 22:19:03.121 9 INFO neutron.plugins.ml2.drivers.ovn.mech_driver.mech_driver [None req-d554d607-ce5f-403f-952d-8fb1bb266bc6 - - - - - -] OVN reports status up for port: abedb91b-55a7-414d-9212-fdfaee99a74a
2026-03-01 22:19:03.131 10 INFO neutron.wsgi [req-865753a4-a0ab-4d2e-ac2f-8955d903a4be req-eb6236f5-b132-4ad9-a769-c8eb64a35d5b e442c5e648c1439b8b0688e8d0365a46 6ee2ae66868a4ba894e01c938e99e73c - - default default] 10.0.0.246 "GET /v2.0/security-groups?id=8956304d-9120-4bec-ab5f-6189569c5fe1&fields=id&fields=name HTTP/1.1" status: 200 len: 313 time: 0.0757327
2026-03-01 22:19:03.149 9 INFO neutron.plugins.ml2.plugin [None req-d554d607-ce5f-403f-952d-8fb1bb266bc6 - - - - - -] Attempt 1 to provision port abedb91b-55a7-414d-9212-fdfaee99a74a
2026-03-01 22:19:03.151 10 INFO neutron.db.ovn_revision_numbers_db [None req-ba590a88-7608-4486-aeb9-116271778814 8933a867a0904e418a9d10891accf9ed f0e502c76af24cf4ba6e957dbe48110d - - default default] Successfully bumped revision number for resource abedb91b-55a7-414d-9212-fdfaee99a74a (type: router_ports) to 1
2026-03-01 22:19:03.267 10 INFO neutron.db.ovn_revision_numbers_db [None req-ba590a88-7608-4486-aeb9-116271778814 8933a867a0904e418a9d10891accf9ed f0e502c76af24cf4ba6e957dbe48110d - - default default] Successfully bumped revision number for resource abedb91b-55a7-414d-9212-fdfaee99a74a (type: ports) to 1
2026-03-01 22:19:03.355 9 INFO neutron.wsgi [req-19ec89ab-d71c-4c64-8951-2d204b8bd0d3 req-5cae3b19-ba42-428c-8a35-e4ecf376be54 e442c5e648c1439b8b0688e8d0365a46 6ee2ae66868a4ba894e01c938e99e73c - - default default] 10.0.0.246 "GET /v2.0/ports?device_id=9bb8690a-72de-456a-b84c-2997cd69821a HTTP/1.1" status: 200 len: 1170 time: 0.1560249
2026-03-01 22:19:03.356 10 WARNING neutron.scheduler.dhcp_agent_scheduler [None req-ba590a88-7608-4486-aeb9-116271778814 8933a867a0904e418a9d10891accf9ed f0e502c76af24cf4ba6e957dbe48110d - - default default] No more DHCP agents
2026-03-01 22:19:03.357 10 WARNING neutron.api.rpc.agentnotifiers.dhcp_rpc_agent_api [None req-ba590a88-7608-4486-aeb9-116271778814 8933a867a0904e418a9d10891accf9ed f0e502c76af24cf4ba6e957dbe48110d - - default default] Unable to schedule network cd2a3e2c-6dd5-4ce4-8a77-950a1222778a: no agents available; will retry on subsequent port and subnet creation events.
2026-03-01 22:19:03.574 9 INFO neutron.db.ovn_revision_numbers_db [None req-d554d607-ce5f-403f-952d-8fb1bb266bc6 - - - - - -] Successfully bumped revision number for resource abedb91b-55a7-414d-9212-fdfaee99a74a (type: ports) to 2
2026-03-01 22:19:03.580 10 INFO neutron.db.ovn_revision_numbers_db [None req-ba590a88-7608-4486-aeb9-116271778814 8933a867a0904e418a9d10891accf9ed f0e502c76af24cf4ba6e957dbe48110d - - default default] Successfully bumped revision number for resource abedb91b-55a7-414d-9212-fdfaee99a74a (type: router_ports) to 2
2026-03-01 22:19:03.582 10 INFO neutron.wsgi [None req-ba590a88-7608-4486-aeb9-116271778814 8933a867a0904e418a9d10891accf9ed f0e502c76af24cf4ba6e957dbe48110d - - default default] 10.0.0.58 "PUT /v2.0/routers/21c7d8ee-1bad-4eba-8a87-5087f6acfdc9/add_router_interface HTTP/1.1" status: 200 len: 503 time: 1.5452790
2026-03-01 22:19:03.655 9 INFO neutron.db.l3_db [None req-6aea81bd-2870-4f19-b049-b4f0f830f2d5 e442c5e648c1439b8b0688e8d0365a46 6ee2ae66868a4ba894e01c938e99e73c - - default default] Floating IP 53551882-7995-4acd-9afd-7d653def1ebf associated. External IP: 10.96.250.206, port: f5fa177c-3c65-45b8-a8fc-320fc455282e.
2026-03-01 22:19:03.681 10 INFO neutron.wsgi [None req-51ecf607-f5b7-4af3-9b2a-01eb47053df8 8933a867a0904e418a9d10891accf9ed f0e502c76af24cf4ba6e957dbe48110d - - default default] 10.0.0.58 "GET /v2.0/ports/abedb91b-55a7-414d-9212-fdfaee99a74a HTTP/1.1" status: 200 len: 1141 time: 0.0924654
2026-03-01 22:19:03.838 9 INFO neutron.db.ovn_revision_numbers_db [None req-6aea81bd-2870-4f19-b049-b4f0f830f2d5 e442c5e648c1439b8b0688e8d0365a46 6ee2ae66868a4ba894e01c938e99e73c - - default default] Successfully bumped revision number for resource 53551882-7995-4acd-9afd-7d653def1ebf (type: floatingips) to 1
2026-03-01 22:19:03.957 9 INFO neutron.db.ovn_revision_numbers_db [None req-6aea81bd-2870-4f19-b049-b4f0f830f2d5 e442c5e648c1439b8b0688e8d0365a46 6ee2ae66868a4ba894e01c938e99e73c - - default default] Successfully bumped revision number for resource 53551882-7995-4acd-9afd-7d653def1ebf (type: floatingips) to 2
2026-03-01 22:19:03.986 9 INFO neutron.wsgi [None req-6aea81bd-2870-4f19-b049-b4f0f830f2d5 e442c5e648c1439b8b0688e8d0365a46 6ee2ae66868a4ba894e01c938e99e73c - - default default] 10.0.0.58 "PUT /v2.0/floatingips/53551882-7995-4acd-9afd-7d653def1ebf HTTP/1.1" status: 200 len: 1049 time: 0.6187856 /var/lib/openstack/lib/python3.10/site-packages/pycadf/identifier.py:71: UserWarning: Invalid uuid: neutron. To ensure interoperability, identifiers should be a valid uuid. warnings.warn(('Invalid uuid: %s. To ensure interoperability, '
2026-03-01 22:19:04.057 9 INFO neutron.notifiers.nova [-] Nova event matching ['req-4e43a7b0-6c73-46df-a7e4-02c57019a670'] response: {'name': 'network-changed', 'server_uuid': '9bb8690a-72de-456a-b84c-2997cd69821a', 'tag': 'f5fa177c-3c65-45b8-a8fc-320fc455282e', 'status': 'completed', 'code': 200}
2026-03-01 22:19:04.088 10 INFO neutron.wsgi [req-ab7cccba-4789-4586-9afb-5168f094cb6e req-7ba23315-64b2-4e2a-89df-04a828a62b0f e442c5e648c1439b8b0688e8d0365a46 6ee2ae66868a4ba894e01c938e99e73c - - default default] 10.0.0.246 "GET /v2.0/ports?device_id=9bb8690a-72de-456a-b84c-2997cd69821a HTTP/1.1" status: 200 len: 1170 time: 0.0565517
2026-03-01 22:19:04.152 10 INFO neutron.wsgi [req-ac218fa4-97fe-4497-ace5-218a130dcf79 req-84aef282-bf83-4863-9169-b5af5e693b2e 2b0eee7b5bc54b3b85c9d6ee7ef3baec 1feb78d0d7a440eb82b4ebfd87990c1c - - d91a2fb99e694998a3b70867b3c67f90 d91a2fb99e694998a3b70867b3c67f90] 199.204.45.156 "GET /v2.0/ports?tenant_id=6ee2ae66868a4ba894e01c938e99e73c&device_id=9bb8690a-72de-456a-b84c-2997cd69821a HTTP/1.1" status: 200 len: 1409 time: 0.0733087
2026-03-01 22:19:04.207 10 INFO neutron.wsgi [req-ab7cccba-4789-4586-9afb-5168f094cb6e req-a62d7a02-2ddd-4f57-83d5-28a4cafc5f1c e442c5e648c1439b8b0688e8d0365a46 6ee2ae66868a4ba894e01c938e99e73c - - default default] 10.0.0.246 "GET /v2.0/security-groups?id=8956304d-9120-4bec-ab5f-6189569c5fe1&fields=id&fields=name HTTP/1.1" status: 200 len: 313 time: 0.1020684
2026-03-01 22:19:04.247 10 INFO neutron.wsgi [req-ac218fa4-97fe-4497-ace5-218a130dcf79 req-8a883bc6-8fea-41b7-bd24-90a90d258370 2b0eee7b5bc54b3b85c9d6ee7ef3baec 1feb78d0d7a440eb82b4ebfd87990c1c - - d91a2fb99e694998a3b70867b3c67f90 d91a2fb99e694998a3b70867b3c67f90] 199.204.45.156 "GET /v2.0/networks?id=43f34b71-2011-4bfa-a073-d22cd169bbe3 HTTP/1.1" status: 200 len: 974 time: 0.0871069
2026-03-01 22:19:04.264 10 WARNING neutron.scheduler.dhcp_agent_scheduler [None req-29bf3d48-e9be-4b2e-a982-54974b90aae2 8933a867a0904e418a9d10891accf9ed f0e502c76af24cf4ba6e957dbe48110d - - default default] No more DHCP agents
2026-03-01 22:19:04.267 10 WARNING neutron.api.rpc.agentnotifiers.dhcp_rpc_agent_api [None req-29bf3d48-e9be-4b2e-a982-54974b90aae2 8933a867a0904e418a9d10891accf9ed f0e502c76af24cf4ba6e957dbe48110d - - default default] Unable to schedule network b80c51c0-5743-4d5e-8148-07e1f8acb390: no agents available; will retry on subsequent port and subnet creation events.
2026-03-01 22:19:04.320 10 INFO neutron.wsgi [req-ac218fa4-97fe-4497-ace5-218a130dcf79 req-ec285619-44d7-4302-8897-4d203cdde91f 2b0eee7b5bc54b3b85c9d6ee7ef3baec 1feb78d0d7a440eb82b4ebfd87990c1c - - d91a2fb99e694998a3b70867b3c67f90 d91a2fb99e694998a3b70867b3c67f90] 199.204.45.156 "GET /v2.0/floatingips?fixed_ip_address=10.100.0.6&port_id=f5fa177c-3c65-45b8-a8fc-320fc455282e HTTP/1.1" status: 200 len: 1059 time: 0.0656834
2026-03-01 22:19:04.394 10 INFO neutron.wsgi [req-ac218fa4-97fe-4497-ace5-218a130dcf79 req-95e2578f-5868-4a00-ba4f-2979924cae84 2b0eee7b5bc54b3b85c9d6ee7ef3baec 1feb78d0d7a440eb82b4ebfd87990c1c - - d91a2fb99e694998a3b70867b3c67f90 d91a2fb99e694998a3b70867b3c67f90] 199.204.45.156 "GET /v2.0/subnets?id=bf0ea538-ea23-4a1f-b24a-1ce1e6ac30d0 HTTP/1.1" status: 200 len: 869 time: 0.0676143
2026-03-01 22:19:04.434 10 INFO neutron.wsgi [req-ac218fa4-97fe-4497-ace5-218a130dcf79 req-a2f1b9ce-2920-413d-bec0-d88834167d0e 2b0eee7b5bc54b3b85c9d6ee7ef3baec 1feb78d0d7a440eb82b4ebfd87990c1c - - d91a2fb99e694998a3b70867b3c67f90 d91a2fb99e694998a3b70867b3c67f90] 199.204.45.156 "GET /v2.0/ports?network_id=43f34b71-2011-4bfa-a073-d22cd169bbe3&device_owner=network%3Adhcp HTTP/1.1" status: 200 len: 210 time: 0.0328107
2026-03-01 22:19:04.452 9 WARNING neutron_lib.context [None req-3f7428c8-35bc-4a0d-ba6f-eb99d1614004 9f8a2a4b5d3a44739a0f3848c1e05ff0 220dffe1ae4e4a5c8319990300bef9c5 - - default default] Method 'is_advsvc' is deprecated since 2023.2 release (neutron-lib 3.8.0) and will be removed once support for the old RBAC API policies will be removed from Neutron. Please use method 'is_service_role' instead.
2026-03-01 22:19:04.453 9 WARNING neutron_lib.context [None req-3f7428c8-35bc-4a0d-ba6f-eb99d1614004 9f8a2a4b5d3a44739a0f3848c1e05ff0 220dffe1ae4e4a5c8319990300bef9c5 - - default default] Method 'is_advsvc' is deprecated since 2023.2 release (neutron-lib 3.8.0) and will be removed once support for the old RBAC API policies will be removed from Neutron. Please use method 'is_service_role' instead.
2026-03-01 22:19:04.494 10 INFO neutron.db.ovn_revision_numbers_db [None req-29bf3d48-e9be-4b2e-a982-54974b90aae2 8933a867a0904e418a9d10891accf9ed f0e502c76af24cf4ba6e957dbe48110d - - default default] Successfully bumped revision number for resource 5ffed0a9-dfa5-42cd-a35a-81f7bf97a632 (type: ports) to 1
2026-03-01 22:19:04.544 9 INFO neutron.wsgi [req-f8e4b51e-3fc8-404e-8e1d-76ba500b97a3 req-e2a4107f-dfb5-4208-9f2d-794d7e8ba579 e442c5e648c1439b8b0688e8d0365a46 6ee2ae66868a4ba894e01c938e99e73c - - default default] 10.0.0.246 "GET /v2.0/ports?device_id=9bb8690a-72de-456a-b84c-2997cd69821a HTTP/1.1" status: 200 len: 1170 time: 0.0663710
2026-03-01 22:19:04.607 9 INFO neutron.wsgi [req-f8e4b51e-3fc8-404e-8e1d-76ba500b97a3 req-9211b3ed-2e01-412b-bc11-6af2e7771570 e442c5e648c1439b8b0688e8d0365a46 6ee2ae66868a4ba894e01c938e99e73c - - default default] 10.0.0.246 "GET /v2.0/security-groups?id=8956304d-9120-4bec-ab5f-6189569c5fe1&fields=id&fields=name HTTP/1.1" status: 200 len: 313 time: 0.0541506
2026-03-01 22:19:04.693 9 INFO neutron.db.ovn_revision_numbers_db [None req-3f7428c8-35bc-4a0d-ba6f-eb99d1614004 9f8a2a4b5d3a44739a0f3848c1e05ff0 220dffe1ae4e4a5c8319990300bef9c5 - - default default] Successfully bumped revision number for resource 08ad0f02-976f-4db0-bee5-fcf0086b0e3f (type: security_groups) to 1
2026-03-01 22:19:04.706 9 INFO neutron.db.ovn_revision_numbers_db [None req-3f7428c8-35bc-4a0d-ba6f-eb99d1614004 9f8a2a4b5d3a44739a0f3848c1e05ff0 220dffe1ae4e4a5c8319990300bef9c5 - - default default] Successfully bumped revision number for resource 7259aa8b-a79f-4b49-902c-1d8800e3bb97 (type: security_group_rules) to 0
2026-03-01 22:19:04.719 9 INFO neutron.db.ovn_revision_numbers_db [None req-3f7428c8-35bc-4a0d-ba6f-eb99d1614004 9f8a2a4b5d3a44739a0f3848c1e05ff0 220dffe1ae4e4a5c8319990300bef9c5 - - default default] Successfully bumped revision number for resource e4b7bc92-4384-43b2-8e95-a2e1ca94a601 (type: security_group_rules) to 0
