2026-03-01 22:21:07.488 9 INFO neutron.wsgi [req-3676f035-044e-4940-bc42-84b3715c14a8 req-206b7ed3-0af5-4861-a92f-e182b1d79a34 2b0eee7b5bc54b3b85c9d6ee7ef3baec 1feb78d0d7a440eb82b4ebfd87990c1c - - d91a2fb99e694998a3b70867b3c67f90 d91a2fb99e694998a3b70867b3c67f90] 199.204.45.156 "GET /v2.0/ports?network_id=93978071-2a66-480d-bdd8-7831211528c6&device_owner=network%3Adhcp HTTP/1.1" status: 200 len: 210 time: 0.0214477
2026-03-01 22:21:07.492 10 INFO neutron.wsgi [None req-8b3b90b7-a138-4e97-b85a-135c22a4820b c98bc9c1d85e4983ad974cb4cf9dd46b b6357918f73b458f9e03a5667d465a0e - - default default] 199.204.45.156 "GET /v2.0/subnets/4b1b8f3f-8364-4529-9c35-641dc8046034 HTTP/1.1" status: 200 len: 850 time: 0.0378661
2026-03-01 22:21:07.569 9 INFO neutron.wsgi [req-3676f035-044e-4940-bc42-84b3715c14a8 req-aba7472b-858c-4116-9138-0f4d337b27ae 2b0eee7b5bc54b3b85c9d6ee7ef3baec 1feb78d0d7a440eb82b4ebfd87990c1c - - d91a2fb99e694998a3b70867b3c67f90 d91a2fb99e694998a3b70867b3c67f90] 199.204.45.156 "GET /v2.0/networks/93978071-2a66-480d-bdd8-7831211528c6?fields=segments HTTP/1.1" status: 200 len: 212 time: 0.0733554
2026-03-01 22:21:07.653 9 INFO neutron.wsgi [req-3676f035-044e-4940-bc42-84b3715c14a8 req-e6e0ee31-73ac-48be-bbd8-8a9302f65e98 2b0eee7b5bc54b3b85c9d6ee7ef3baec 1feb78d0d7a440eb82b4ebfd87990c1c - - d91a2fb99e694998a3b70867b3c67f90 d91a2fb99e694998a3b70867b3c67f90] 199.204.45.156 "GET /v2.0/networks/93978071-2a66-480d-bdd8-7831211528c6?fields=provider%3Aphysical_network&fields=provider%3Anetwork_type HTTP/1.1" status: 200 len: 277 time: 0.0765016
2026-03-01 22:21:07.742 9 INFO neutron.wsgi [req-8fde20ac-0321-4ec0-a1a2-e2ba6cd0db85 req-f9bc3cbe-efa7-43c9-8e8c-951dd6ca9b16 2b0eee7b5bc54b3b85c9d6ee7ef3baec 1feb78d0d7a440eb82b4ebfd87990c1c - - d91a2fb99e694998a3b70867b3c67f90 d91a2fb99e694998a3b70867b3c67f90] 199.204.45.156 "GET /v2.0/ports?tenant_id=05288f6a16a5457c9b66fcaaff6212f0&device_id=047c8d5c-7a2c-4721-9d5f-532ff0b6fa9c HTTP/1.1" status: 200 len: 1411 time: 0.0436442
2026-03-01 22:21:07.819 9 INFO neutron.wsgi [req-8fde20ac-0321-4ec0-a1a2-e2ba6cd0db85 req-dc755e59-816e-4e59-a121-e28393e747d7 2b0eee7b5bc54b3b85c9d6ee7ef3baec 1feb78d0d7a440eb82b4ebfd87990c1c - - d91a2fb99e694998a3b70867b3c67f90 d91a2fb99e694998a3b70867b3c67f90] 199.204.45.156 "GET /v2.0/networks?id=93978071-2a66-480d-bdd8-7831211528c6 HTTP/1.1" status: 200 len: 957 time: 0.0697429
2026-03-01 22:21:07.862 9 INFO neutron.wsgi [req-8fde20ac-0321-4ec0-a1a2-e2ba6cd0db85 req-1c219dea-6043-4b84-8c2f-889d61a62c93 2b0eee7b5bc54b3b85c9d6ee7ef3baec 1feb78d0d7a440eb82b4ebfd87990c1c - - d91a2fb99e694998a3b70867b3c67f90 d91a2fb99e694998a3b70867b3c67f90] 199.204.45.156 "GET /v2.0/floatingips?fixed_ip_address=10.100.0.14&port_id=a22c9251-8d40-4f7d-b6bb-a4e2d293e888 HTTP/1.1" status: 200 len: 217 time: 0.0348535
2026-03-01 22:21:07.904 9 INFO neutron.wsgi [req-8fde20ac-0321-4ec0-a1a2-e2ba6cd0db85 req-4dc9470f-8b72-4206-9867-4bda913f2ebb 2b0eee7b5bc54b3b85c9d6ee7ef3baec 1feb78d0d7a440eb82b4ebfd87990c1c - - d91a2fb99e694998a3b70867b3c67f90 d91a2fb99e694998a3b70867b3c67f90] 199.204.45.156 "GET /v2.0/subnets?id=018135f8-b80e-4863-b4ad-9248ab14cb17 HTTP/1.1" status: 200 len: 853 time: 0.0335088
2026-03-01 22:21:07.930 9 INFO neutron.wsgi [req-8fde20ac-0321-4ec0-a1a2-e2ba6cd0db85 req-a17e36cf-1874-4294-8893-d95e324bcb75 2b0eee7b5bc54b3b85c9d6ee7ef3baec 1feb78d0d7a440eb82b4ebfd87990c1c - - d91a2fb99e694998a3b70867b3c67f90 d91a2fb99e694998a3b70867b3c67f90] 199.204.45.156 "GET /v2.0/ports?network_id=93978071-2a66-480d-bdd8-7831211528c6&device_owner=network%3Adhcp HTTP/1.1" status: 200 len: 210 time: 0.0188363
2026-03-01 22:21:08.023 9 INFO neutron.wsgi [req-8fde20ac-0321-4ec0-a1a2-e2ba6cd0db85 req-ea9e736d-bc1c-45e5-9800-e8c69a2cab25 2b0eee7b5bc54b3b85c9d6ee7ef3baec 1feb78d0d7a440eb82b4ebfd87990c1c - - d91a2fb99e694998a3b70867b3c67f90 d91a2fb99e694998a3b70867b3c67f90] 199.204.45.156 "GET /v2.0/networks/93978071-2a66-480d-bdd8-7831211528c6?fields=segments HTTP/1.1" status: 200 len: 212 time: 0.0854836
2026-03-01 22:21:08.111 9 INFO neutron.wsgi [req-8fde20ac-0321-4ec0-a1a2-e2ba6cd0db85 req-123b388d-11e1-44ee-a128-c8808d1afb65 2b0eee7b5bc54b3b85c9d6ee7ef3baec 1feb78d0d7a440eb82b4ebfd87990c1c - - d91a2fb99e694998a3b70867b3c67f90 d91a2fb99e694998a3b70867b3c67f90] 199.204.45.156 "GET /v2.0/networks/93978071-2a66-480d-bdd8-7831211528c6?fields=provider%3Aphysical_network&fields=provider%3Anetwork_type HTTP/1.1" status: 200 len: 277 time: 0.0812535
2026-03-01 22:21:08.204 10 WARNING neutron.plugins.ml2.drivers.ovn.mech_driver.ovsdb.ovn_client [None req-f8da379a-5a15-494a-963c-311b384f4b48 - - - - - -] No hosting information found for port 91d3a6e2-4293-400d-a983-ed0e345723d0: RuntimeError: No hosting information found for port 91d3a6e2-4293-400d-a983-ed0e345723d0
2026-03-01 22:21:08.204 10 INFO neutron.plugins.ml2.drivers.ovn.mech_driver.mech_driver [None req-f8da379a-5a15-494a-963c-311b384f4b48 - - - - - -] OVN reports status down for port: b9dc1c74-6425-43ca-8255-b2f400e39205
2026-03-01 22:21:08.223 10 INFO neutron.plugins.ml2.drivers.ovn.mech_driver.mech_driver [None req-f8da379a-5a15-494a-963c-311b384f4b48 - - - - - -] OVN reports status up for port: a22c9251-8d40-4f7d-b6bb-a4e2d293e888
2026-03-01 22:21:08.239 10 INFO neutron.plugins.ml2.plugin [None req-f8da379a-5a15-494a-963c-311b384f4b48 - - - - - -] Attempt 1 to provision port a22c9251-8d40-4f7d-b6bb-a4e2d293e888
2026-03-01 22:21:08.431 10 INFO neutron.notifiers.nova [-] Nova event matching ['req-d7b5d1eb-17f4-4290-a9ce-48a693bddade'] response: {'server_uuid': '047c8d5c-7a2c-4721-9d5f-532ff0b6fa9c', 'name': 'network-vif-plugged', 'status': 'completed', 'tag': 'a22c9251-8d40-4f7d-b6bb-a4e2d293e888', 'code': 200}
2026-03-01 22:21:08.586 9 INFO neutron.wsgi [req-89fce352-ca47-4fea-936f-b6af40f83b42 req-8c913726-3841-43f9-b96d-94e445c253a8 88a5e48f4f1148f08fc735468daa8dc4 05288f6a16a5457c9b66fcaaff6212f0 - - default default] 10.0.0.246 "GET /v2.0/ports?device_id=047c8d5c-7a2c-4721-9d5f-532ff0b6fa9c HTTP/1.1" status: 200 len: 1174 time: 0.0515275
2026-03-01 22:21:08.642 9 INFO neutron.wsgi [req-89fce352-ca47-4fea-936f-b6af40f83b42 req-56cf2753-12db-4463-9ec2-fd3e2da46a99 88a5e48f4f1148f08fc735468daa8dc4 05288f6a16a5457c9b66fcaaff6212f0 - - default default] 10.0.0.246 "GET /v2.0/security-groups?id=4d266a82-79a8-488f-9efb-071cdf63aa85&fields=id&fields=name HTTP/1.1" status: 200 len: 312 time: 0.0470755
2026-03-01 22:21:08.976 10 INFO neutron.db.ovn_revision_numbers_db [None req-f8da379a-5a15-494a-963c-311b384f4b48 - - - - - -] Successfully bumped revision number for resource a22c9251-8d40-4f7d-b6bb-a4e2d293e888 (type: ports) to 4
2026-03-01 22:21:09.168 10 INFO neutron.wsgi [None req-99b4f97e-ac21-480d-88c9-3b564858924b c98bc9c1d85e4983ad974cb4cf9dd46b b6357918f73b458f9e03a5667d465a0e - - default default] 10.0.0.58 "PUT /v2.0/routers/83ece88c-9c12-4d5c-ad36-17e6ac697754/remove_router_interface HTTP/1.1" status: 200 len: 503 time: 1.7907350 /var/lib/openstack/lib/python3.10/site-packages/pycadf/identifier.py:71: UserWarning: Invalid uuid: neutron. To ensure interoperability, identifiers should be a valid uuid. warnings.warn(('Invalid uuid: %s. To ensure interoperability, '
2026-03-01 22:21:09.840 10 INFO neutron.wsgi [req-494570ad-59d5-4a22-b48f-90169332bf2a req-0ebca84b-0a64-46b0-97a2-f4b1e5f48d86 88a5e48f4f1148f08fc735468daa8dc4 05288f6a16a5457c9b66fcaaff6212f0 - - default default] 10.0.0.246 "GET /v2.0/ports?device_id=047c8d5c-7a2c-4721-9d5f-532ff0b6fa9c HTTP/1.1" status: 200 len: 1174 time: 0.1127574
2026-03-01 22:21:09.909 10 INFO neutron.wsgi [req-494570ad-59d5-4a22-b48f-90169332bf2a req-78c31971-1d62-49eb-b15c-30d0fc78ef04 88a5e48f4f1148f08fc735468daa8dc4 05288f6a16a5457c9b66fcaaff6212f0 - - default default] 10.0.0.246 "GET /v2.0/security-groups?id=4d266a82-79a8-488f-9efb-071cdf63aa85&fields=id&fields=name HTTP/1.1" status: 200 len: 312 time: 0.0598965
2026-03-01 22:21:10.098 9 INFO neutron.wsgi [req-202d6938-3a8a-4384-8e3e-71e559aab9e5 req-9f8f2fba-c506-4103-8dec-e7ab30c9d70c 88a5e48f4f1148f08fc735468daa8dc4 05288f6a16a5457c9b66fcaaff6212f0 - - default default] 10.0.0.246 "GET /v2.0/ports?device_id=047c8d5c-7a2c-4721-9d5f-532ff0b6fa9c HTTP/1.1" status: 200 len: 1174 time: 0.1168878
2026-03-01 22:21:10.166 9 INFO neutron.wsgi [req-202d6938-3a8a-4384-8e3e-71e559aab9e5 req-6faef48d-64e6-4bbb-ab49-75fa90767014 88a5e48f4f1148f08fc735468daa8dc4 05288f6a16a5457c9b66fcaaff6212f0 - - default default] 10.0.0.246 "GET /v2.0/security-groups?id=4d266a82-79a8-488f-9efb-071cdf63aa85&fields=id&fields=name HTTP/1.1" status: 200 len: 312 time: 0.0596268
2026-03-01 22:21:10.238 10 INFO neutron.wsgi [None req-8e759666-de12-415e-8f85-9f44b033d2e7 c98bc9c1d85e4983ad974cb4cf9dd46b b6357918f73b458f9e03a5667d465a0e - - default default] 10.0.0.58 "DELETE /v2.0/routers/83ece88c-9c12-4d5c-ad36-17e6ac697754 HTTP/1.1" status: 204 len: 168 time: 1.0630040
2026-03-01 22:21:10.250 9 INFO neutron.wsgi [None req-a25932d9-4e5b-4921-b72f-9a722bd30e94 c65a7ae689da48449196d245c5809966 25e39db342dd4964bdabda34b73373e0 - - default default] 10.0.0.58 "GET /v2.0/ports?device_id=047c8d5c-7a2c-4721-9d5f-532ff0b6fa9c HTTP/1.1" status: 200 len: 1408 time: 0.0481091
2026-03-01 22:21:10.274 9 WARNING neutron_lib.context [None req-2e7fe995-4fa8-476d-82ac-ff40b9bf01c1 88a5e48f4f1148f08fc735468daa8dc4 05288f6a16a5457c9b66fcaaff6212f0 - - default default] Method 'is_advsvc' is deprecated since 2023.2 release (neutron-lib 3.8.0) and will be removed once support for the old RBAC API policies will be removed from Neutron. Please use method 'is_service_role' instead.
2026-03-01 22:21:10.477 10 INFO neutron.wsgi [None req-0abab6b1-3e4e-40b7-a8b5-c8ab29a37c6f c98bc9c1d85e4983ad974cb4cf9dd46b b6357918f73b458f9e03a5667d465a0e - - default default] 10.0.0.58 "DELETE /v2.0/subnets/dcda0011-52e2-4bd7-b743-8731a6586139 HTTP/1.1" status: 204 len: 168 time: 0.2348404
2026-03-01 22:21:10.480 10 INFO neutron.notifiers.nova [-] Nova event matching ['req-657d4772-9274-4c02-98da-daf7306f1676'] response: {'server_uuid': '047c8d5c-7a2c-4721-9d5f-532ff0b6fa9c', 'name': 'network-vif-plugged', 'status': 'completed', 'tag': 'a22c9251-8d40-4f7d-b6bb-a4e2d293e888', 'code': 200}
2026-03-01 22:21:10.580 9 WARNING neutron.scheduler.dhcp_agent_scheduler [None req-2e7fe995-4fa8-476d-82ac-ff40b9bf01c1 88a5e48f4f1148f08fc735468daa8dc4 05288f6a16a5457c9b66fcaaff6212f0 - - default default] No more DHCP agents
2026-03-01 22:21:10.584 9 WARNING neutron.api.rpc.agentnotifiers.dhcp_rpc_agent_api [None req-2e7fe995-4fa8-476d-82ac-ff40b9bf01c1 88a5e48f4f1148f08fc735468daa8dc4 05288f6a16a5457c9b66fcaaff6212f0 - - default default] Unable to schedule network da6f04f9-28d2-4224-9cbf-d4cb1587678d: no agents available; will retry on subsequent port and subnet creation events.
2026-03-01 22:21:10.838 10 INFO neutron.services.segments.plugin [-] Segment d731e0ea-bd1b-4e66-afaa-e9ea1c3ab350 resource provider aggregate not found
2026-03-01 22:21:10.843 10 INFO neutron.services.segments.plugin [-] Segment d731e0ea-bd1b-4e66-afaa-e9ea1c3ab350 resource provider aggregate not found
2026-03-01 22:21:10.856 10 INFO neutron.services.segments.plugin [-] Segment d731e0ea-bd1b-4e66-afaa-e9ea1c3ab350 resource provider not found; error: Placement Client Error (4xx): {"errors": [{"status": 404, "title": "Not Found", "detail": "The resource could not be found.\n\n No resource provider with uuid d731e0ea-bd1b-4e66-afaa-e9ea1c3ab350 found for delete ", "request_id": "req-07c699c3-8a33-4ba9-8684-3464f1b0fc6c"}]}
2026-03-01 22:21:10.859 10 INFO neutron.services.segments.plugin [-] Segment d731e0ea-bd1b-4e66-afaa-e9ea1c3ab350 resource provider not found; error: Placement Client Error (4xx): {"errors": [{"status": 404, "title": "Not Found", "detail": "The resource could not be found.\n\n No resource provider with uuid d731e0ea-bd1b-4e66-afaa-e9ea1c3ab350 found for delete ", "request_id": "req-ddeabdaa-27a8-4448-950d-f3f6be6fd94d"}]}
2026-03-01 22:21:10.883 10 INFO neutron.wsgi [None req-12d88c72-f8ad-4cfe-a160-6855f9a40538 c98bc9c1d85e4983ad974cb4cf9dd46b b6357918f73b458f9e03a5667d465a0e - - default default] 10.0.0.58 "DELETE /v2.0/networks/4548817a-a25f-4743-86de-348f546463f8 HTTP/1.1" status: 204 len: 168 time: 0.3997006
2026-03-01 22:21:11.047 9 INFO neutron.db.l3_db [None req-2e7fe995-4fa8-476d-82ac-ff40b9bf01c1 88a5e48f4f1148f08fc735468daa8dc4 05288f6a16a5457c9b66fcaaff6212f0 - - default default] Floating IP ba467467-168f-46f5-b032-952753432b00 associated. External IP: 10.96.250.218, port: a22c9251-8d40-4f7d-b6bb-a4e2d293e888.
2026-03-01 22:21:11.055 10 INFO neutron.wsgi [None req-d4b75a63-4fcb-451e-93b3-034c0dd87164 c98bc9c1d85e4983ad974cb4cf9dd46b b6357918f73b458f9e03a5667d465a0e - - default default] 10.0.0.58 "GET /v2.0/security-groups?tenant_id=733119f920f445dfb4a1cfc543b68343&name=default HTTP/1.1" status: 200 len: 2996 time: 0.0554686
2026-03-01 22:21:11.304 9 INFO neutron.db.ovn_revision_numbers_db [None req-2e7fe995-4fa8-476d-82ac-ff40b9bf01c1 88a5e48f4f1148f08fc735468daa8dc4 05288f6a16a5457c9b66fcaaff6212f0 - - default default] Successfully bumped revision number for resource ba467467-168f-46f5-b032-952753432b00 (type: floatingips) to 0
2026-03-01 22:21:11.346 10 INFO neutron.wsgi [None req-0e09c9b6-e45f-485c-9e8a-1b28abb0e6a4 c98bc9c1d85e4983ad974cb4cf9dd46b b6357918f73b458f9e03a5667d465a0e - - default default] 10.0.0.58 "DELETE /v2.0/security-groups/6ccaa88b-5b6c-4418-9f9c-f18b13f3d8b0 HTTP/1.1" status: 204 len: 168 time: 0.2844894
2026-03-01 22:21:11.475 9 INFO neutron.db.ovn_revision_numbers_db [None req-2e7fe995-4fa8-476d-82ac-ff40b9bf01c1 88a5e48f4f1148f08fc735468daa8dc4 05288f6a16a5457c9b66fcaaff6212f0 - - default default] Successfully bumped revision number for resource ba467467-168f-46f5-b032-952753432b00 (type: floatingips) to 1
2026-03-01 22:21:11.518 9 INFO neutron.wsgi [None req-2e7fe995-4fa8-476d-82ac-ff40b9bf01c1 88a5e48f4f1148f08fc735468daa8dc4 05288f6a16a5457c9b66fcaaff6212f0 - - default default] 10.0.0.58 "POST /v2.0/floatingips HTTP/1.1" status: 201 len: 1055 time: 1.2508671
2026-03-01 22:21:11.564 9 INFO neutron.notifiers.nova [-] Nova event matching ['req-a6e2a418-17b8-4e3e-999d-be59db5343f0'] response: {'name': 'network-changed', 'server_uuid': '047c8d5c-7a2c-4721-9d5f-532ff0b6fa9c', 'tag': 'a22c9251-8d40-4f7d-b6bb-a4e2d293e888', 'status': 'completed', 'code': 200}
2026-03-01 22:21:11.595 9 INFO neutron.wsgi [None req-2fdb0270-612f-4df4-a010-ca8d3ac274fa 88a5e48f4f1148f08fc735468daa8dc4 05288f6a16a5457c9b66fcaaff6212f0 - - default default] 10.0.0.58 "GET /v2.0/floatingips/ba467467-168f-46f5-b032-952753432b00 HTTP/1.1" status: 200 len: 1052 time: 0.0702782
2026-03-01 22:21:11.638 9 INFO neutron.wsgi [req-4b5fd8a6-a4b0-474a-873c-8b926f7d8522 req-47a9747d-71e3-42a2-9098-5eba68d9ae5c 2b0eee7b5bc54b3b85c9d6ee7ef3baec 1feb78d0d7a440eb82b4ebfd87990c1c - - d91a2fb99e694998a3b70867b3c67f90 d91a2fb99e694998a3b70867b3c67f90] 199.204.45.156 "GET /v2.0/ports?tenant_id=05288f6a16a5457c9b66fcaaff6212f0&device_id=047c8d5c-7a2c-4721-9d5f-532ff0b6fa9c HTTP/1.1" status: 200 len: 1413 time: 0.0469685
2026-03-01 22:21:11.704 9 INFO neutron.wsgi [req-4b5fd8a6-a4b0-474a-873c-8b926f7d8522 req-4b6d4e3a-e482-4bea-9281-3606ad54bea4 2b0eee7b5bc54b3b85c9d6ee7ef3baec 1feb78d0d7a440eb82b4ebfd87990c1c - - d91a2fb99e694998a3b70867b3c67f90 d91a2fb99e694998a3b70867b3c67f90] 199.204.45.156 "GET /v2.0/networks?id=93978071-2a66-480d-bdd8-7831211528c6 HTTP/1.1" status: 200 len: 957 time: 0.0590148
2026-03-01 22:21:11.744 9 INFO neutron.wsgi [req-4b5fd8a6-a4b0-474a-873c-8b926f7d8522 req-d488a033-53da-4ef4-979c-7a3d9ccdcd7e 2b0eee7b5bc54b3b85c9d6ee7ef3baec 1feb78d0d7a440eb82b4ebfd87990c1c - - d91a2fb99e694998a3b70867b3c67f90 d91a2fb99e694998a3b70867b3c67f90] 199.204.45.156 "GET /v2.0/floatingips?fixed_ip_address=10.100.0.14&port_id=a22c9251-8d40-4f7d-b6bb-a4e2d293e888 HTTP/1.1" status: 200 len: 1060 time: 0.0363739
2026-03-01 22:21:11.783 9 INFO neutron.wsgi [req-4b5fd8a6-a4b0-474a-873c-8b926f7d8522 req-4501fbc9-76b4-4094-9aa6-5393c441178e 2b0eee7b5bc54b3b85c9d6ee7ef3baec 1feb78d0d7a440eb82b4ebfd87990c1c - - d91a2fb99e694998a3b70867b3c67f90 d91a2fb99e694998a3b70867b3c67f90] 199.204.45.156 "GET /v2.0/subnets?id=018135f8-b80e-4863-b4ad-9248ab14cb17 HTTP/1.1" status: 200 len: 853 time: 0.0330575
2026-03-01 22:21:11.812 9 INFO neutron.wsgi [req-4b5fd8a6-a4b0-474a-873c-8b926f7d8522 req-d5f21882-c2dd-4fe7-9c94-242a2a604bf2 2b0eee7b5bc54b3b85c9d6ee7ef3baec 1feb78d0d7a440eb82b4ebfd87990c1c - - d91a2fb99e694998a3b70867b3c67f90 d91a2fb99e694998a3b70867b3c67f90] 199.204.45.156 "GET /v2.0/ports?network_id=93978071-2a66-480d-bdd8-7831211528c6&device_owner=network%3Adhcp HTTP/1.1" status: 200 len: 210 time: 0.0223455
2026-03-01 22:21:11.870 9 INFO neutron.wsgi [req-4b5fd8a6-a4b0-474a-873c-8b926f7d8522 req-1bb6dad2-d04a-47b1-a431-0c6e4175de76 2b0eee7b5bc54b3b85c9d6ee7ef3baec 1feb78d0d7a440eb82b4ebfd87990c1c - - d91a2fb99e694998a3b70867b3c67f90 d91a2fb99e694998a3b70867b3c67f90] 199.204.45.156 "GET /v2.0/networks/93978071-2a66-480d-bdd8-7831211528c6?fields=segments HTTP/1.1" status: 200 len: 212 time: 0.0516222
2026-03-01 22:21:11.929 9 INFO neutron.wsgi [req-4b5fd8a6-a4b0-474a-873c-8b926f7d8522 req-6f368bfd-a768-456b-883e-6b8b8e420d26 2b0eee7b5bc54b3b85c9d6ee7ef3baec 1feb78d0d7a440eb82b4ebfd87990c1c - - d91a2fb99e694998a3b70867b3c67f90 d91a2fb99e694998a3b70867b3c67f90] 199.204.45.156 "GET /v2.0/networks/93978071-2a66-480d-bdd8-7831211528c6?fields=provider%3Aphysical_network&fields=provider%3Anetwork_type HTTP/1.1" status: 200 len: 277 time: 0.0526707 /var/lib/openstack/lib/python3.10/site-packages/pycadf/identifier.py:71: UserWarning: Invalid uuid: neutron. To ensure interoperability, identifiers should be a valid uuid. warnings.warn(('Invalid uuid: %s. To ensure interoperability, '
2026-03-01 22:21:14.990 10 INFO neutron.wsgi [req-9f3ee762-a93d-4610-847b-0c16c1bca65b req-477d1a9b-8ced-4f4d-b81a-d2145a29b8d5 c98bc9c1d85e4983ad974cb4cf9dd46b b6357918f73b458f9e03a5667d465a0e - - default default] 10.0.0.246 "GET /v2.0/security-groups?id=856a9e16-a02d-4f97-95ce-01a55711cad0&fields=id HTTP/1.1" status: 200 len: 267 time: 0.0509222
2026-03-01 22:21:15.070 10 INFO neutron.wsgi [req-9f3ee762-a93d-4610-847b-0c16c1bca65b req-28843763-0357-4fd9-b8f2-dea06a74c84c c98bc9c1d85e4983ad974cb4cf9dd46b b6357918f73b458f9e03a5667d465a0e - - default default] 10.0.0.246 "GET /v2.0/networks?id=bb482a7a-c46c-457a-a186-b44bfb1280f8 HTTP/1.1" status: 200 len: 937 time: 0.0706761
2026-03-01 22:21:15.092 10 INFO neutron.wsgi [req-9f3ee762-a93d-4610-847b-0c16c1bca65b req-36883b0e-f349-4091-888f-793baf3371c8 c98bc9c1d85e4983ad974cb4cf9dd46b b6357918f73b458f9e03a5667d465a0e - - default default] 10.0.0.246 "GET /v2.0/quotas/b6357918f73b458f9e03a5667d465a0e HTTP/1.1" status: 200 len: 385 time: 0.0138071
2026-03-01 22:21:15.154 10 INFO neutron.wsgi [req-9f3ee762-a93d-4610-847b-0c16c1bca65b req-69a54b0e-1bcd-419c-b3db-25c01154f72c c98bc9c1d85e4983ad974cb4cf9dd46b b6357918f73b458f9e03a5667d465a0e - - default default] 10.0.0.246 "GET /v2.0/ports?tenant_id=b6357918f73b458f9e03a5667d465a0e&fields=id HTTP/1.1" status: 200 len: 348 time: 0.0566361
2026-03-01 22:21:15.230 10 INFO neutron.wsgi [req-9f3ee762-a93d-4610-847b-0c16c1bca65b req-a004ff83-9cd1-497d-8fd8-873de5003ca2 2b0eee7b5bc54b3b85c9d6ee7ef3baec 1feb78d0d7a440eb82b4ebfd87990c1c - - d91a2fb99e694998a3b70867b3c67f90 d91a2fb99e694998a3b70867b3c67f90] 10.0.0.246 "GET /v2.0/networks/bb482a7a-c46c-457a-a186-b44bfb1280f8?fields=segments HTTP/1.1" status: 200 len: 212 time: 0.0618620
2026-03-01 22:21:15.297 10 INFO neutron.wsgi [req-9f3ee762-a93d-4610-847b-0c16c1bca65b req-1a3102f8-58df-4ca3-9f9f-af527030bcde 2b0eee7b5bc54b3b85c9d6ee7ef3baec 1feb78d0d7a440eb82b4ebfd87990c1c - - d91a2fb99e694998a3b70867b3c67f90 d91a2fb99e694998a3b70867b3c67f90] 10.0.0.246 "GET /v2.0/networks/bb482a7a-c46c-457a-a186-b44bfb1280f8?fields=provider%3Aphysical_network&fields=provider%3Anetwork_type HTTP/1.1" status: 200 len: 277 time: 0.0614471
2026-03-01 22:21:15.844 9 INFO neutron.wsgi [req-33130580-08ff-4b91-a90b-c9641320a0cc req-f0d4ecd8-c4a8-48a9-89a6-32941167e760 c98bc9c1d85e4983ad974cb4cf9dd46b b6357918f73b458f9e03a5667d465a0e - - default default] 10.0.0.246 "GET /v2.0/ports?device_id=8f06dd68-0978-4644-8d83-f722b56ed2ad HTTP/1.1" status: 200 len: 210 time: 0.0228286
2026-03-01 22:21:15.959 10 INFO neutron.wsgi [req-1d8329e6-d440-4209-b4b4-e93809b7a066 req-80842fef-c91c-4d3c-8e8e-10731d1c8b94 c98bc9c1d85e4983ad974cb4cf9dd46b b6357918f73b458f9e03a5667d465a0e - - default default] 10.0.0.246 "GET /v2.0/ports?device_id=8f06dd68-0978-4644-8d83-f722b56ed2ad HTTP/1.1" status: 200 len: 210 time: 0.0269914
2026-03-01 22:21:16.444 9 INFO neutron.wsgi [req-9f3ee762-a93d-4610-847b-0c16c1bca65b req-1423e361-6ba2-47a2-8c14-384cc899c5a7 c98bc9c1d85e4983ad974cb4cf9dd46b b6357918f73b458f9e03a5667d465a0e - - default default] 199.204.45.156 "GET /v2.0/networks?id=bb482a7a-c46c-457a-a186-b44bfb1280f8 HTTP/1.1" status: 200 len: 937 time: 0.0659657
2026-03-01 22:21:16.518 9 INFO neutron.wsgi [req-9f3ee762-a93d-4610-847b-0c16c1bca65b req-36c2dc9a-7cda-48f1-b6d7-6f849f1c11a8 c98bc9c1d85e4983ad974cb4cf9dd46b b6357918f73b458f9e03a5667d465a0e - - default default] 199.204.45.156 "GET /v2.0/security-groups?fields=id&fields=name&tenant_id=b6357918f73b458f9e03a5667d465a0e HTTP/1.1" status: 200 len: 542 time: 0.0694110
2026-03-01 22:21:16.765 9 WARNING neutron.scheduler.dhcp_agent_scheduler [req-9f3ee762-a93d-4610-847b-0c16c1bca65b req-cde0fe1f-ec6e-4ff0-8283-3522c8e6fe6f c98bc9c1d85e4983ad974cb4cf9dd46b b6357918f73b458f9e03a5667d465a0e - - default default] No more DHCP agents
2026-03-01 22:21:16.768 9 WARNING neutron.api.rpc.agentnotifiers.dhcp_rpc_agent_api [req-9f3ee762-a93d-4610-847b-0c16c1bca65b req-cde0fe1f-ec6e-4ff0-8283-3522c8e6fe6f c98bc9c1d85e4983ad974cb4cf9dd46b b6357918f73b458f9e03a5667d465a0e - - default default] Unable to schedule network bb482a7a-c46c-457a-a186-b44bfb1280f8: no agents available; will retry on subsequent port and subnet creation events.
2026-03-01 22:21:16.933 9 INFO neutron.db.ovn_revision_numbers_db [req-9f3ee762-a93d-4610-847b-0c16c1bca65b req-cde0fe1f-ec6e-4ff0-8283-3522c8e6fe6f c98bc9c1d85e4983ad974cb4cf9dd46b b6357918f73b458f9e03a5667d465a0e - - default default] Successfully bumped revision number for resource 0b06cb84-d929-4b59-86e7-21247dd64870 (type: ports) to 1
2026-03-01 22:21:16.958 9 INFO neutron.wsgi [req-9f3ee762-a93d-4610-847b-0c16c1bca65b req-cde0fe1f-ec6e-4ff0-8283-3522c8e6fe6f c98bc9c1d85e4983ad974cb4cf9dd46b b6357918f73b458f9e03a5667d465a0e - - default default] 199.204.45.156 "POST /v2.0/ports HTTP/1.1" status: 201 len: 1287 time: 0.4378128 /var/lib/openstack/lib/python3.10/site-packages/pycadf/identifier.py:71: UserWarning: Invalid uuid: neutron. To ensure interoperability, identifiers should be a valid uuid. warnings.warn(('Invalid uuid: %s. To ensure interoperability, '
2026-03-01 22:21:17.300 9 INFO neutron.db.ovn_revision_numbers_db [req-9f3ee762-a93d-4610-847b-0c16c1bca65b req-9c21b92e-d267-4a67-858d-abc60eb2d346 2b0eee7b5bc54b3b85c9d6ee7ef3baec 1feb78d0d7a440eb82b4ebfd87990c1c - - d91a2fb99e694998a3b70867b3c67f90 d91a2fb99e694998a3b70867b3c67f90] Successfully bumped revision number for resource 0b06cb84-d929-4b59-86e7-21247dd64870 (type: ports) to 2
2026-03-01 22:21:17.843 9 INFO neutron.db.ovn_revision_numbers_db [req-9f3ee762-a93d-4610-847b-0c16c1bca65b req-9c21b92e-d267-4a67-858d-abc60eb2d346 2b0eee7b5bc54b3b85c9d6ee7ef3baec 1feb78d0d7a440eb82b4ebfd87990c1c - - d91a2fb99e694998a3b70867b3c67f90 d91a2fb99e694998a3b70867b3c67f90] Successfully bumped revision number for resource 0b06cb84-d929-4b59-86e7-21247dd64870 (type: ports) to 2
2026-03-01 22:21:17.864 9 INFO neutron.wsgi [req-9f3ee762-a93d-4610-847b-0c16c1bca65b req-9c21b92e-d267-4a67-858d-abc60eb2d346 2b0eee7b5bc54b3b85c9d6ee7ef3baec 1feb78d0d7a440eb82b4ebfd87990c1c - - d91a2fb99e694998a3b70867b3c67f90 d91a2fb99e694998a3b70867b3c67f90] 199.204.45.156 "PUT /v2.0/ports/0b06cb84-d929-4b59-86e7-21247dd64870 HTTP/1.1" status: 200 len: 1384 time: 0.8970592
2026-03-01 22:21:17.908 9 INFO neutron.notifiers.nova [-] Nova event matching ['req-d924bcaa-0e01-475c-8937-76e2118f1025'] response: {'name': 'network-changed', 'server_uuid': '8f06dd68-0978-4644-8d83-f722b56ed2ad', 'tag': '0b06cb84-d929-4b59-86e7-21247dd64870', 'status': 'completed', 'code': 200} /var/lib/openstack/lib/python3.10/site-packages/pycadf/identifier.py:71: UserWarning: Invalid uuid: neutron. To ensure interoperability, identifiers should be a valid uuid. warnings.warn(('Invalid uuid: %s. To ensure interoperability, '
2026-03-01 22:21:17.962 9 INFO neutron.wsgi [req-9f3ee762-a93d-4610-847b-0c16c1bca65b req-3f4828a5-00b6-49e1-bbaf-6b060761cbb1 2b0eee7b5bc54b3b85c9d6ee7ef3baec 1feb78d0d7a440eb82b4ebfd87990c1c - - d91a2fb99e694998a3b70867b3c67f90 d91a2fb99e694998a3b70867b3c67f90] 199.204.45.156 "GET /v2.0/ports?tenant_id=b6357918f73b458f9e03a5667d465a0e&device_id=8f06dd68-0978-4644-8d83-f722b56ed2ad HTTP/1.1" status: 200 len: 1415 time: 0.0392966
2026-03-01 22:21:17.999 9 INFO neutron.wsgi [req-9f3ee762-a93d-4610-847b-0c16c1bca65b req-0d51d2d9-b8ad-4fd8-8b11-6becb9b425c2 2b0eee7b5bc54b3b85c9d6ee7ef3baec 1feb78d0d7a440eb82b4ebfd87990c1c - - d91a2fb99e694998a3b70867b3c67f90 d91a2fb99e694998a3b70867b3c67f90] 199.204.45.156 "GET /v2.0/floatingips?fixed_ip_address=172.24.3.231&port_id=0b06cb84-d929-4b59-86e7-21247dd64870 HTTP/1.1" status: 200 len: 217 time: 0.0251014
2026-03-01 22:21:18.036 9 INFO neutron.wsgi [req-9f3ee762-a93d-4610-847b-0c16c1bca65b req-8055c9bb-ce4e-4545-b4e1-b13eba7c17af 2b0eee7b5bc54b3b85c9d6ee7ef3baec 1feb78d0d7a440eb82b4ebfd87990c1c - - d91a2fb99e694998a3b70867b3c67f90 d91a2fb99e694998a3b70867b3c67f90] 199.204.45.156 "GET /v2.0/subnets?id=64e18f24-c519-4c88-a50c-38ef854b39a1 HTTP/1.1" status: 200 len: 829 time: 0.0290151
2026-03-01 22:21:18.062 9 INFO neutron.wsgi [req-9f3ee762-a93d-4610-847b-0c16c1bca65b req-34fe31c3-1398-4734-b114-cdcf74adc61b 2b0eee7b5bc54b3b85c9d6ee7ef3baec 1feb78d0d7a440eb82b4ebfd87990c1c - - d91a2fb99e694998a3b70867b3c67f90 d91a2fb99e694998a3b70867b3c67f90] 199.204.45.156 "GET /v2.0/ports?network_id=bb482a7a-c46c-457a-a186-b44bfb1280f8&device_owner=network%3Adhcp HTTP/1.1" status: 200 len: 210 time: 0.0191176
2026-03-01 22:21:18.130 9 INFO neutron.wsgi [req-9f3ee762-a93d-4610-847b-0c16c1bca65b req-95cb39b0-f388-4c7d-96a3-ca3a65252063 2b0eee7b5bc54b3b85c9d6ee7ef3baec 1feb78d0d7a440eb82b4ebfd87990c1c - - d91a2fb99e694998a3b70867b3c67f90 d91a2fb99e694998a3b70867b3c67f90] 199.204.45.156 "GET /v2.0/networks/bb482a7a-c46c-457a-a186-b44bfb1280f8?fields=segments HTTP/1.1" status: 200 len: 212 time: 0.0607994
2026-03-01 22:21:18.197 9 INFO neutron.wsgi [req-9f3ee762-a93d-4610-847b-0c16c1bca65b req-c0c5bcd3-b1d7-43a7-a5bf-393ec01fca7c 2b0eee7b5bc54b3b85c9d6ee7ef3baec 1feb78d0d7a440eb82b4ebfd87990c1c - - d91a2fb99e694998a3b70867b3c67f90 d91a2fb99e694998a3b70867b3c67f90] 199.204.45.156 "GET /v2.0/networks/bb482a7a-c46c-457a-a186-b44bfb1280f8?fields=provider%3Aphysical_network&fields=provider%3Anetwork_type HTTP/1.1" status: 200 len: 277 time: 0.0599015
2026-03-01 22:21:18.272 9 INFO neutron.wsgi [req-643743d1-a125-41bc-b6db-48cd72ba3950 req-d1c08d0b-2e4b-45c6-98d9-d90a7c7c8383 2b0eee7b5bc54b3b85c9d6ee7ef3baec 1feb78d0d7a440eb82b4ebfd87990c1c - - d91a2fb99e694998a3b70867b3c67f90 d91a2fb99e694998a3b70867b3c67f90] 199.204.45.156 "GET /v2.0/ports?tenant_id=b6357918f73b458f9e03a5667d465a0e&device_id=8f06dd68-0978-4644-8d83-f722b56ed2ad HTTP/1.1" status: 200 len: 1415 time: 0.0349231
2026-03-01 22:21:18.360 9 INFO neutron.wsgi [req-643743d1-a125-41bc-b6db-48cd72ba3950 req-47fd89b0-c701-4f9f-a02a-a21f79e85786 2b0eee7b5bc54b3b85c9d6ee7ef3baec 1feb78d0d7a440eb82b4ebfd87990c1c - - d91a2fb99e694998a3b70867b3c67f90 d91a2fb99e694998a3b70867b3c67f90] 199.204.45.156 "GET /v2.0/networks?id=bb482a7a-c46c-457a-a186-b44bfb1280f8 HTTP/1.1" status: 200 len: 937 time: 0.0780721
2026-03-01 22:21:18.389 9 INFO neutron.wsgi [req-643743d1-a125-41bc-b6db-48cd72ba3950 req-cc63fe44-ebde-4ebc-8669-1f6882ad1299 2b0eee7b5bc54b3b85c9d6ee7ef3baec 1feb78d0d7a440eb82b4ebfd87990c1c - - d91a2fb99e694998a3b70867b3c67f90 d91a2fb99e694998a3b70867b3c67f90] 199.204.45.156 "GET /v2.0/floatingips?fixed_ip_address=172.24.3.231&port_id=0b06cb84-d929-4b59-86e7-21247dd64870 HTTP/1.1" status: 200 len: 217 time: 0.0222201
2026-03-01 22:21:18.429 9 INFO neutron.wsgi [req-643743d1-a125-41bc-b6db-48cd72ba3950 req-25b06ba9-17f9-4dba-97a5-e8f321012268 2b0eee7b5bc54b3b85c9d6ee7ef3baec 1feb78d0d7a440eb82b4ebfd87990c1c - - d91a2fb99e694998a3b70867b3c67f90 d91a2fb99e694998a3b70867b3c67f90] 199.204.45.156 "GET /v2.0/subnets?id=64e18f24-c519-4c88-a50c-38ef854b39a1 HTTP/1.1" status: 200 len: 829 time: 0.0339382
2026-03-01 22:21:18.458 10 INFO neutron.wsgi [req-ac03fdbf-a3a7-47b3-bc50-9531e7f95cc3 req-f0569db6-20f1-49c7-a4d4-5bc3431ad1ca 2b0eee7b5bc54b3b85c9d6ee7ef3baec 1feb78d0d7a440eb82b4ebfd87990c1c - - d91a2fb99e694998a3b70867b3c67f90 d91a2fb99e694998a3b70867b3c67f90] 199.204.45.156 "GET /v2.0/ports?device_id=8f06dd68-0978-4644-8d83-f722b56ed2ad HTTP/1.1" status: 200 len: 1415 time: 0.0535944
2026-03-01 22:21:18.459 9 INFO neutron.wsgi [req-643743d1-a125-41bc-b6db-48cd72ba3950 req-e046982b-e8bb-4963-bfdf-1344966a6ce5 2b0eee7b5bc54b3b85c9d6ee7ef3baec 1feb78d0d7a440eb82b4ebfd87990c1c - - d91a2fb99e694998a3b70867b3c67f90 d91a2fb99e694998a3b70867b3c67f90] 199.204.45.156 "GET /v2.0/ports?network_id=bb482a7a-c46c-457a-a186-b44bfb1280f8&device_owner=network%3Adhcp HTTP/1.1" status: 200 len: 210 time: 0.0221922
2026-03-01 22:21:18.510 10 INFO neutron.wsgi [req-ac03fdbf-a3a7-47b3-bc50-9531e7f95cc3 req-30aaa03d-eedd-4172-8095-55ebd9b231bd 2b0eee7b5bc54b3b85c9d6ee7ef3baec 1feb78d0d7a440eb82b4ebfd87990c1c - - d91a2fb99e694998a3b70867b3c67f90 d91a2fb99e694998a3b70867b3c67f90] 199.204.45.156 "GET /v2.0/security-groups?id=856a9e16-a02d-4f97-95ce-01a55711cad0&fields=id&fields=name HTTP/1.1" status: 200 len: 294 time: 0.0389996
2026-03-01 22:21:18.545 9 INFO neutron.wsgi [req-643743d1-a125-41bc-b6db-48cd72ba3950 req-f5baa041-bcd8-4f9b-9825-4bdc033da2cd 2b0eee7b5bc54b3b85c9d6ee7ef3baec 1feb78d0d7a440eb82b4ebfd87990c1c - - d91a2fb99e694998a3b70867b3c67f90 d91a2fb99e694998a3b70867b3c67f90] 199.204.45.156 "GET /v2.0/networks/bb482a7a-c46c-457a-a186-b44bfb1280f8?fields=segments HTTP/1.1" status: 200 len: 212 time: 0.0749011
2026-03-01 22:21:18.569 10 INFO neutron.wsgi [req-758d2b00-ef2a-408e-bf49-c0c765b5a8ec req-acdaafc3-d70d-4fb3-ade1-59425ec0a5df 2b0eee7b5bc54b3b85c9d6ee7ef3baec 1feb78d0d7a440eb82b4ebfd87990c1c - - d91a2fb99e694998a3b70867b3c67f90 d91a2fb99e694998a3b70867b3c67f90] 10.0.0.149 "GET /v2.0/ports?device_id=047c8d5c-7a2c-4721-9d5f-532ff0b6fa9c HTTP/1.1" status: 200 len: 1413 time: 0.0422716
2026-03-01 22:21:18.614 10 INFO neutron.wsgi [req-758d2b00-ef2a-408e-bf49-c0c765b5a8ec req-cdc91c88-9c40-432f-9f2e-0ccec3f490db 2b0eee7b5bc54b3b85c9d6ee7ef3baec 1feb78d0d7a440eb82b4ebfd87990c1c - - d91a2fb99e694998a3b70867b3c67f90 d91a2fb99e694998a3b70867b3c67f90] 10.0.0.149 "GET /v2.0/security-groups?id=4d266a82-79a8-488f-9efb-071cdf63aa85&fields=id&fields=name HTTP/1.1" status: 200 len: 312 time: 0.0393476
2026-03-01 22:21:18.622 9 INFO neutron.plugins.ml2.drivers.ovn.mech_driver.mech_driver [None req-d554d607-ce5f-403f-952d-8fb1bb266bc6 - - - - - -] OVN reports status up for port: 0b06cb84-d929-4b59-86e7-21247dd64870
2026-03-01 22:21:18.640 9 INFO neutron.wsgi [req-643743d1-a125-41bc-b6db-48cd72ba3950 req-96f7f842-a264-4196-a9a8-49183e876c9c 2b0eee7b5bc54b3b85c9d6ee7ef3baec 1feb78d0d7a440eb82b4ebfd87990c1c - - d91a2fb99e694998a3b70867b3c67f90 d91a2fb99e694998a3b70867b3c67f90] 199.204.45.156 "GET /v2.0/networks/bb482a7a-c46c-457a-a186-b44bfb1280f8?fields=provider%3Aphysical_network&fields=provider%3Anetwork_type HTTP/1.1" status: 200 len: 277 time: 0.0870097
2026-03-01 22:21:18.656 9 INFO neutron.plugins.ml2.plugin [None req-d554d607-ce5f-403f-952d-8fb1bb266bc6 - - - - - -] Attempt 1 to provision port 0b06cb84-d929-4b59-86e7-21247dd64870
2026-03-01 22:21:19.030 9 INFO neutron.db.ovn_revision_numbers_db [None req-d554d607-ce5f-403f-952d-8fb1bb266bc6 - - - - - -] Successfully bumped revision number for resource 0b06cb84-d929-4b59-86e7-21247dd64870 (type: ports) to 4
2026-03-01 22:21:19.109 9 INFO neutron.wsgi [req-255e0ce7-44eb-4c09-85c0-4759d97db468 req-e3208f0e-c646-46f6-88c6-28d0cc5bd2c1 c98bc9c1d85e4983ad974cb4cf9dd46b b6357918f73b458f9e03a5667d465a0e - - default default] 10.0.0.246 "GET /v2.0/ports?device_id=8f06dd68-0978-4644-8d83-f722b56ed2ad HTTP/1.1" status: 200 len: 1417 time: 0.0538895 /var/lib/openstack/lib/python3.10/site-packages/pycadf/identifier.py:71: UserWarning: Invalid uuid: neutron. To ensure interoperability, identifiers should be a valid uuid. warnings.warn(('Invalid uuid: %s. To ensure interoperability, '
2026-03-01 22:21:19.151 9 INFO neutron.wsgi [req-255e0ce7-44eb-4c09-85c0-4759d97db468 req-78b105ef-86d2-4179-b4d0-ec4e8125be1f c98bc9c1d85e4983ad974cb4cf9dd46b b6357918f73b458f9e03a5667d465a0e - - default default] 10.0.0.246 "GET /v2.0/security-groups?id=856a9e16-a02d-4f97-95ce-01a55711cad0&fields=id&fields=name HTTP/1.1" status: 200 len: 294 time: 0.0353281
2026-03-01 22:21:19.251 10 INFO neutron.wsgi [req-36f79501-1dd3-4a98-a976-9499b69b783f req-e22c97e5-6ed8-41d4-833b-9c62999e3f12 c98bc9c1d85e4983ad974cb4cf9dd46b b6357918f73b458f9e03a5667d465a0e - - default default] 10.0.0.246 "GET /v2.0/ports?device_id=8f06dd68-0978-4644-8d83-f722b56ed2ad HTTP/1.1" status: 200 len: 1417 time: 0.0434792
2026-03-01 22:21:19.963 9 INFO neutron.notifiers.nova [-] Nova event matching ['req-1dc6e1e9-3cda-43d3-92e9-5e2ca6d36a22'] response: {'server_uuid': '8f06dd68-0978-4644-8d83-f722b56ed2ad', 'name': 'network-vif-plugged', 'status': 'completed', 'tag': '0b06cb84-d929-4b59-86e7-21247dd64870', 'code': 200}
2026-03-01 22:21:19.964 9 INFO neutron.notifiers.nova [-] Nova event matching ['req-1dc6e1e9-3cda-43d3-92e9-5e2ca6d36a22'] response: {'server_uuid': '8f06dd68-0978-4644-8d83-f722b56ed2ad', 'name': 'network-vif-plugged', 'status': 'completed', 'tag': '0b06cb84-d929-4b59-86e7-21247dd64870', 'code': 200}
2026-03-01 22:21:20.321 9 INFO neutron.wsgi [-] 10.0.0.114 "GET / HTTP/1.1" status: 200 len: 247 time: 0.0038157
2026-03-01 22:21:20.326 9 INFO neutron.wsgi [-] 10.0.0.114 "GET / HTTP/1.1" status: 200 len: 247 time: 0.0028965
2026-03-01 22:21:21.053 9 INFO neutron.wsgi [None req-740c8f14-e13f-4dfb-89bf-08cd3386ee08 c98bc9c1d85e4983ad974cb4cf9dd46b b6357918f73b458f9e03a5667d465a0e - - default default] 10.0.0.191 "GET /v2.0/floatingips HTTP/1.1" status: 200 len: 2721 time: 0.2896771
2026-03-01 22:21:21.153 9 INFO neutron.wsgi [None req-25b6ac70-41ed-4bba-89e7-308d8298c06d c98bc9c1d85e4983ad974cb4cf9dd46b b6357918f73b458f9e03a5667d465a0e - - default default] 10.0.0.191 "GET /v2.0/security-groups HTTP/1.1" status: 200 len: 36936 time: 0.0924044
2026-03-01 22:21:21.229 9 INFO neutron.wsgi [None req-2168f2fd-e767-40d5-8649-50ccc8940101 c98bc9c1d85e4983ad974cb4cf9dd46b b6357918f73b458f9e03a5667d465a0e - - default default] 10.0.0.191 "GET /v2.0/subnets HTTP/1.1" status: 200 len: 6135 time: 0.0707340
2026-03-01 22:21:21.248 9 INFO neutron.wsgi [None req-fd43dff4-b20a-4db5-bf75-27c5fee89f08 c98bc9c1d85e4983ad974cb4cf9dd46b b6357918f73b458f9e03a5667d465a0e - - default default] 10.0.0.191 "GET /v2.0/agents HTTP/1.1" status: 200 len: 997 time: 0.0167606
2026-03-01 22:21:21.347 9 INFO neutron.wsgi [None req-560bc5bd-fb68-4cdd-af8f-cb6fe1d01c7b c98bc9c1d85e4983ad974cb4cf9dd46b b6357918f73b458f9e03a5667d465a0e - - default default] 10.0.0.191 "GET /v2.0/ports HTTP/1.1" status: 200 len: 25322 time: 0.0982122
2026-03-01 22:21:21.405 10 INFO neutron.wsgi [req-cd908132-8059-4781-aa8e-079cba7539e9 req-e03f5685-c9b6-4eb2-9a2c-9752a1b914a8 c98bc9c1d85e4983ad974cb4cf9dd46b b6357918f73b458f9e03a5667d465a0e - - default default] 10.0.0.246 "GET /v2.0/ports?device_id=8f06dd68-0978-4644-8d83-f722b56ed2ad&device_id=047c8d5c-7a2c-4721-9d5f-532ff0b6fa9c&device_id=07652782-316a-4790-8523-7c01c87e9792&device_id=7ee40e6f-2205-41dc-9ee7-8f3b17a29272 HTTP/1.1" status: 200 len: 5465 time: 0.0650954
2026-03-01 22:21:21.461 10 INFO neutron.wsgi [req-cd908132-8059-4781-aa8e-079cba7539e9 req-501e0c27-c19a-4861-9957-f7b0ea8e9322 c98bc9c1d85e4983ad974cb4cf9dd46b b6357918f73b458f9e03a5667d465a0e - - default default] 10.0.0.246 "GET /v2.0/security-groups?id=856a9e16-a02d-4f97-95ce-01a55711cad0&id=c3755f1a-55ef-4889-8eec-b383eb3dd751&id=4d266a82-79a8-488f-9efb-071cdf63aa85&fields=id&fields=name HTTP/1.1" status: 200 len: 477 time: 0.0504031
2026-03-01 22:21:21.488 9 INFO neutron.wsgi [None req-ac359669-6fe2-4f32-9a28-e43760ddb9d4 c98bc9c1d85e4983ad974cb4cf9dd46b b6357918f73b458f9e03a5667d465a0e - - default default] 10.0.0.191 "GET /v2.0/networks HTTP/1.1" status: 200 len: 5464 time: 0.1236928
2026-03-01 22:21:21.513 9 INFO neutron.wsgi [None req-881c72c8-c665-47cd-92ca-41ee80dd97a8 c98bc9c1d85e4983ad974cb4cf9dd46b b6357918f73b458f9e03a5667d465a0e - - default default] 10.0.0.191 "GET /v2.0/network-ip-availabilities HTTP/1.1" status: 200 len: 3806 time: 0.0202191
2026-03-01 22:21:21.563 9 INFO neutron.wsgi [None req-ef94d86f-e843-4e4c-b5c4-e79ffc82ca7e c98bc9c1d85e4983ad974cb4cf9dd46b b6357918f73b458f9e03a5667d465a0e - - default default] 10.0.0.191 "GET /v2.0/subnets HTTP/1.1" status: 200 len: 6135 time: 0.0489678
2026-03-01 22:21:21.589 9 INFO neutron.wsgi [None req-06bbcb7f-a0d9-4bc1-8bd5-3abc8828382d c98bc9c1d85e4983ad974cb4cf9dd46b b6357918f73b458f9e03a5667d465a0e - - default default] 10.0.0.191 "GET /v2.0/subnetpools HTTP/1.1" status: 200 len: 193 time: 0.0178847
2026-03-01 22:21:21.663 9 INFO neutron.wsgi [None req-f0e41476-2d07-4b41-a024-42a7829f9045 c98bc9c1d85e4983ad974cb4cf9dd46b b6357918f73b458f9e03a5667d465a0e - - default default] 10.0.0.191 "GET /v2.0/routers HTTP/1.1" status: 200 len: 1522 time: 0.0735705
2026-03-01 22:21:21.672 9 INFO neutron.wsgi [None req-c8683225-e33d-46ae-b752-95d9e3b6aa4e c98bc9c1d85e4983ad974cb4cf9dd46b b6357918f73b458f9e03a5667d465a0e - - default default] 10.0.0.191 "GET /v2.0/agents?binary=ovn-controller HTTP/1.1" status: 200 len: 591 time: 0.0086322
2026-03-01 22:21:22.178 9 INFO neutron.wsgi [req-aca23197-5117-49b1-bb5c-982f8d211160 req-738334f8-1c8f-4e29-91c4-3b7ac3c196b8 c98bc9c1d85e4983ad974cb4cf9dd46b b6357918f73b458f9e03a5667d465a0e - - default default] 10.0.0.246 "GET /v2.0/ports?device_id=8f06dd68-0978-4644-8d83-f722b56ed2ad HTTP/1.1" status: 200 len: 1417 time: 0.0503681
2026-03-01 22:21:22.222 9 INFO neutron.wsgi [req-aca23197-5117-49b1-bb5c-982f8d211160 req-cfdf565c-de49-4360-b96e-c1d802cedfe7 c98bc9c1d85e4983ad974cb4cf9dd46b b6357918f73b458f9e03a5667d465a0e - - default default] 10.0.0.246 "GET /v2.0/security-groups?id=856a9e16-a02d-4f97-95ce-01a55711cad0&fields=id&fields=name HTTP/1.1" status: 200 len: 294 time: 0.0389032
2026-03-01 22:21:22.329 10 INFO neutron.wsgi [req-f989e7e4-bd3e-44ba-971e-821d739eca69 req-ddcf0dbb-5da5-4e26-9f30-0ac773a7ce7b c98bc9c1d85e4983ad974cb4cf9dd46b b6357918f73b458f9e03a5667d465a0e - - default default] 10.0.0.246 "GET /v2.0/ports?device_id=8f06dd68-0978-4644-8d83-f722b56ed2ad HTTP/1.1" status: 200 len: 1417 time: 0.0402687
2026-03-01 22:21:22.555 9 INFO neutron.wsgi [None req-b6ed1369-1969-4f24-987d-b778bb76684c c65a7ae689da48449196d245c5809966 25e39db342dd4964bdabda34b73373e0 - - default default] 10.0.0.58 "GET /v2.0/ports?project_id=05288f6a16a5457c9b66fcaaff6212f0&network_id=93978071-2a66-480d-bdd8-7831211528c6 HTTP/1.1" status: 200 len: 3514 time: 0.1047857
2026-03-01 22:21:22.833 9 INFO neutron.wsgi [None req-f91b6978-d3ef-4c18-bee4-08777ec09bb2 c65a7ae689da48449196d245c5809966 25e39db342dd4964bdabda34b73373e0 - - default default] 10.0.0.58 "GET /v2.0/subnets?network_id=da6f04f9-28d2-4224-9cbf-d4cb1587678d HTTP/1.1" status: 200 len: 838 time: 0.0502133
2026-03-01 22:21:23.137 9 INFO neutron.db.l3_db [None req-3c61c62d-5a5d-43a5-8d3d-5d91d572a357 88a5e48f4f1148f08fc735468daa8dc4 05288f6a16a5457c9b66fcaaff6212f0 - - default default] Floating IP ba467467-168f-46f5-b032-952753432b00 disassociated. External IP: 10.96.250.218, port: a22c9251-8d40-4f7d-b6bb-a4e2d293e888.
2026-03-01 22:21:23.178 9 INFO neutron.db.ovn_revision_numbers_db [None req-3c61c62d-5a5d-43a5-8d3d-5d91d572a357 88a5e48f4f1148f08fc735468daa8dc4 05288f6a16a5457c9b66fcaaff6212f0 - - default default] Successfully bumped revision number for resource ba467467-168f-46f5-b032-952753432b00 (type: floatingips) to 2
2026-03-01 22:21:23.249 9 INFO neutron.wsgi [None req-3c61c62d-5a5d-43a5-8d3d-5d91d572a357 88a5e48f4f1148f08fc735468daa8dc4 05288f6a16a5457c9b66fcaaff6212f0 - - default default] 10.0.0.58 "PUT /v2.0/floatingips/ba467467-168f-46f5-b032-952753432b00 HTTP/1.1" status: 200 len: 748 time: 0.2741141
2026-03-01 22:21:23.283 9 INFO neutron.wsgi [None req-ede6701f-ce38-4980-9056-559fda81523c 88a5e48f4f1148f08fc735468daa8dc4 05288f6a16a5457c9b66fcaaff6212f0 - - default default] 10.0.0.58 "GET /v2.0/floatingips/ba467467-168f-46f5-b032-952753432b00 HTTP/1.1" status: 200 len: 746 time: 0.0272849
2026-03-01 22:21:23.298 9 INFO neutron.notifiers.nova [-] Nova event matching ['req-8fbffb02-9175-4526-9718-e3eb6fa0d41f'] response: {'name': 'network-changed', 'server_uuid': '047c8d5c-7a2c-4721-9d5f-532ff0b6fa9c', 'tag': 'a22c9251-8d40-4f7d-b6bb-a4e2d293e888', 'status': 'completed', 'code': 200}
2026-03-01 22:21:23.368 9 INFO neutron.wsgi [req-83d03cea-09d0-48d1-b3e8-f9f5cad94627 req-8111bf46-0a32-4a47-8830-5b37d47716ed 2b0eee7b5bc54b3b85c9d6ee7ef3baec 1feb78d0d7a440eb82b4ebfd87990c1c - - d91a2fb99e694998a3b70867b3c67f90 d91a2fb99e694998a3b70867b3c67f90] 199.204.45.156 "GET /v2.0/ports?tenant_id=05288f6a16a5457c9b66fcaaff6212f0&device_id=047c8d5c-7a2c-4721-9d5f-532ff0b6fa9c HTTP/1.1" status: 200 len: 1413 time: 0.0427520
2026-03-01 22:21:23.435 9 INFO neutron.wsgi [req-83d03cea-09d0-48d1-b3e8-f9f5cad94627 req-2d93857a-41e8-4e6e-90c0-4b026f21357d 2b0eee7b5bc54b3b85c9d6ee7ef3baec 1feb78d0d7a440eb82b4ebfd87990c1c - - d91a2fb99e694998a3b70867b3c67f90 d91a2fb99e694998a3b70867b3c67f90] 199.204.45.156 "GET /v2.0/networks?id=93978071-2a66-480d-bdd8-7831211528c6 HTTP/1.1" status: 200 len: 957 time: 0.0592182
2026-03-01 22:21:23.463 9 INFO neutron.wsgi [req-83d03cea-09d0-48d1-b3e8-f9f5cad94627 req-44928d2c-4ed2-434d-a5d1-00bdecfbaf0a 2b0eee7b5bc54b3b85c9d6ee7ef3baec 1feb78d0d7a440eb82b4ebfd87990c1c - - d91a2fb99e694998a3b70867b3c67f90 d91a2fb99e694998a3b70867b3c67f90] 199.204.45.156 "GET /v2.0/floatingips?fixed_ip_address=10.100.0.14&port_id=a22c9251-8d40-4f7d-b6bb-a4e2d293e888 HTTP/1.1" status: 200 len: 217 time: 0.0210459
2026-03-01 22:21:23.501 9 INFO neutron.wsgi [req-83d03cea-09d0-48d1-b3e8-f9f5cad94627 req-b3d29efd-1dc3-4fd0-8ce0-f2cfb49cc461 2b0eee7b5bc54b3b85c9d6ee7ef3baec 1feb78d0d7a440eb82b4ebfd87990c1c - - d91a2fb99e694998a3b70867b3c67f90 d91a2fb99e694998a3b70867b3c67f90] 199.204.45.156 "GET /v2.0/subnets?id=018135f8-b80e-4863-b4ad-9248ab14cb17 HTTP/1.1" status: 200 len: 853 time: 0.0309558
2026-03-01 22:21:23.533 9 INFO neutron.wsgi [req-83d03cea-09d0-48d1-b3e8-f9f5cad94627 req-3818a25e-abd6-44ce-9c00-da945bd208ec 2b0eee7b5bc54b3b85c9d6ee7ef3baec 1feb78d0d7a440eb82b4ebfd87990c1c - - d91a2fb99e694998a3b70867b3c67f90 d91a2fb99e694998a3b70867b3c67f90] 199.204.45.156 "GET /v2.0/ports?network_id=93978071-2a66-480d-bdd8-7831211528c6&device_owner=network%3Adhcp HTTP/1.1" status: 200 len: 210 time: 0.0246081
2026-03-01 22:21:23.605 9 INFO neutron.wsgi [req-83d03cea-09d0-48d1-b3e8-f9f5cad94627 req-ee51f032-2cbc-4d12-9e2e-86e5af4e8ab3 2b0eee7b5bc54b3b85c9d6ee7ef3baec 1feb78d0d7a440eb82b4ebfd87990c1c - - d91a2fb99e694998a3b70867b3c67f90 d91a2fb99e694998a3b70867b3c67f90] 199.204.45.156 "GET /v2.0/networks/93978071-2a66-480d-bdd8-7831211528c6?fields=segments HTTP/1.1" status: 200 len: 212 time: 0.0632625
2026-03-01 22:21:23.670 9 INFO neutron.wsgi [req-83d03cea-09d0-48d1-b3e8-f9f5cad94627 req-01df57fd-29eb-4bd9-898a-9fe7639d1fb9 2b0eee7b5bc54b3b85c9d6ee7ef3baec 1feb78d0d7a440eb82b4ebfd87990c1c - - d91a2fb99e694998a3b70867b3c67f90 d91a2fb99e694998a3b70867b3c67f90] 199.204.45.156 "GET /v2.0/networks/93978071-2a66-480d-bdd8-7831211528c6?fields=provider%3Aphysical_network&fields=provider%3Anetwork_type HTTP/1.1" status: 200 len: 277 time: 0.0570898 /var/lib/openstack/lib/python3.10/site-packages/pycadf/identifier.py:71: UserWarning: Invalid uuid: neutron. To ensure interoperability, identifiers should be a valid uuid. warnings.warn(('Invalid uuid: %s. To ensure interoperability, '
2026-03-01 22:21:24.366 10 WARNING neutron_lib.context [None req-15a889c2-45c7-432c-9264-0f3101eb66e0 88a5e48f4f1148f08fc735468daa8dc4 05288f6a16a5457c9b66fcaaff6212f0 - - default default] Method 'is_advsvc' is deprecated since 2023.2 release (neutron-lib 3.8.0) and will be removed once support for the old RBAC API policies will be removed from Neutron. Please use method 'is_service_role' instead.
2026-03-01 22:21:24.509 10 INFO neutron.db.ovn_revision_numbers_db [None req-15a889c2-45c7-432c-9264-0f3101eb66e0 88a5e48f4f1148f08fc735468daa8dc4 05288f6a16a5457c9b66fcaaff6212f0 - - default default] Successfully bumped revision number for resource 1800c43f-b828-4cc2-9ddd-844ff4b0d2a3 (type: security_groups) to 1
2026-03-01 22:21:24.527 10 INFO neutron.db.ovn_revision_numbers_db [None req-15a889c2-45c7-432c-9264-0f3101eb66e0 88a5e48f4f1148f08fc735468daa8dc4 05288f6a16a5457c9b66fcaaff6212f0 - - default default] Successfully bumped revision number for resource 29e18d41-2f77-44e4-b1c8-46f2744935c5 (type: security_group_rules) to 0
2026-03-01 22:21:24.545 10 INFO neutron.db.ovn_revision_numbers_db [None req-15a889c2-45c7-432c-9264-0f3101eb66e0 88a5e48f4f1148f08fc735468daa8dc4 05288f6a16a5457c9b66fcaaff6212f0 - - default default] Successfully bumped revision number for resource 5f477c46-f580-4778-aed5-da6736ec2a92 (type: security_group_rules) to 0
2026-03-01 22:21:24.572 10 INFO neutron.wsgi [None req-15a889c2-45c7-432c-9264-0f3101eb66e0 88a5e48f4f1148f08fc735468daa8dc4 05288f6a16a5457c9b66fcaaff6212f0 - - default default] 10.0.0.58 "POST /v2.0/security-groups HTTP/1.1" status: 201 len: 1809 time: 0.2191370
2026-03-01 22:21:24.582 10 WARNING neutron_lib.context [None req-ff2e9e63-652f-4a49-bbba-ce2d1288a0e4 88a5e48f4f1148f08fc735468daa8dc4 05288f6a16a5457c9b66fcaaff6212f0 - - default default] Method 'is_advsvc' is deprecated since 2023.2 release (neutron-lib 3.8.0) and will be removed once support for the old RBAC API policies will be removed from Neutron. Please use method 'is_service_role' instead.
2026-03-01 22:21:24.745 10 INFO neutron.db.ovn_revision_numbers_db [None req-ff2e9e63-652f-4a49-bbba-ce2d1288a0e4 88a5e48f4f1148f08fc735468daa8dc4 05288f6a16a5457c9b66fcaaff6212f0 - - default default] Successfully bumped revision number for resource 155bfeef-29a1-4ff6-9e39-68f3eed8845d (type: security_group_rules) to 0
2026-03-01 22:21:24.778 10 INFO neutron.wsgi [None req-ff2e9e63-652f-4a49-bbba-ce2d1288a0e4 88a5e48f4f1148f08fc735468daa8dc4 05288f6a16a5457c9b66fcaaff6212f0 - - default default] 10.0.0.58 "POST /v2.0/security-group-rules HTTP/1.1" status: 201 len: 764 time: 0.2005293
2026-03-01 22:21:24.790 10 WARNING neutron_lib.context [None req-4ed0125c-f905-465f-9b3f-9f7a13829b53 88a5e48f4f1148f08fc735468daa8dc4 05288f6a16a5457c9b66fcaaff6212f0 - - default default] Method 'is_advsvc' is deprecated since 2023.2 release (neutron-lib 3.8.0) and will be removed once support for the old RBAC API policies will be removed from Neutron. Please use method 'is_service_role' instead.
2026-03-01 22:21:25.189 10 INFO neutron.db.ovn_revision_numbers_db [None req-d10888cc-5590-4bfd-931a-061ae7582784 c98bc9c1d85e4983ad974cb4cf9dd46b b6357918f73b458f9e03a5667d465a0e - - default default] Successfully bumped revision number for resource c2539ed1-5330-4642-9e05-8e4a8ef84cfd (type: security_groups) to 1
2026-03-01 22:21:25.208 10 INFO neutron.db.ovn_revision_numbers_db [None req-d10888cc-5590-4bfd-931a-061ae7582784 c98bc9c1d85e4983ad974cb4cf9dd46b b6357918f73b458f9e03a5667d465a0e - - default default] Successfully bumped revision number for resource 18c41052-15aa-4a0a-b735-5ae0359fb0f5 (type: security_group_rules) to 0
2026-03-01 22:21:25.227 10 INFO neutron.db.ovn_revision_numbers_db [None req-d10888cc-5590-4bfd-931a-061ae7582784 c98bc9c1d85e4983ad974cb4cf9dd46b b6357918f73b458f9e03a5667d465a0e - - default default] Successfully bumped revision number for resource 2b3b8520-0ef5-4c4b-8cc5-f94fd8e364b2 (type: security_group_rules) to 0
2026-03-01 22:21:25.242 10 INFO neutron.db.ovn_revision_numbers_db [None req-d10888cc-5590-4bfd-931a-061ae7582784 c98bc9c1d85e4983ad974cb4cf9dd46b b6357918f73b458f9e03a5667d465a0e - - default default] Successfully bumped revision number for resource 4a24609b-6112-433c-a4d4-7ee41c37e66e (type: security_group_rules) to 0
2026-03-01 22:21:25.257 10 INFO neutron.db.ovn_revision_numbers_db [None req-d10888cc-5590-4bfd-931a-061ae7582784 c98bc9c1d85e4983ad974cb4cf9dd46b b6357918f73b458f9e03a5667d465a0e - - default default] Successfully bumped revision number for resource e59e4074-7f17-412b-af63-e5c11b8973e5 (type: security_group_rules) to 0
2026-03-01 22:21:25.290 10 INFO neutron.wsgi [None req-d10888cc-5590-4bfd-931a-061ae7582784 c98bc9c1d85e4983ad974cb4cf9dd46b b6357918f73b458f9e03a5667d465a0e - - default default] 10.0.0.58 "GET /v2.0/security-groups?tenant_id=0e82f741b40348abb4d1dcaccc7f95ec&name=default HTTP/1.1" status: 200 len: 2996 time: 0.7460349
2026-03-01 22:21:25.296 10 INFO neutron.db.ovn_revision_numbers_db [None req-4ed0125c-f905-465f-9b3f-9f7a13829b53 88a5e48f4f1148f08fc735468daa8dc4 05288f6a16a5457c9b66fcaaff6212f0 - - default default] Successfully bumped revision number for resource 86c9efbe-308b-4846-9c21-b6b37c522e8e (type: security_group_rules) to 0
2026-03-01 22:21:25.316 10 INFO neutron.wsgi [None req-4ed0125c-f905-465f-9b3f-9f7a13829b53 88a5e48f4f1148f08fc735468daa8dc4 05288f6a16a5457c9b66fcaaff6212f0 - - default default] 10.0.0.58 "POST /v2.0/security-group-rules HTTP/1.1" status: 201 len: 763 time: 0.5315304
