2026-03-01 22:19:49.282 10 INFO neutron.services.segments.plugin [-] Segment c9376151-d571-402b-b929-b52305362d08 resource provider aggregate not found
2026-03-01 22:19:49.298 10 INFO neutron.services.segments.plugin [-] Segment c9376151-d571-402b-b929-b52305362d08 resource provider not found; error: Placement Client Error (4xx): {"errors": [{"status": 404, "title": "Not Found", "detail": "The resource could not be found.\n\n No resource provider with uuid c9376151-d571-402b-b929-b52305362d08 found for delete ", "request_id": "req-d34b7cad-44ec-47ab-a420-4ffad4dca079"}]}
2026-03-01 22:19:49.305 10 INFO neutron.services.segments.plugin [-] Segment c9376151-d571-402b-b929-b52305362d08 resource provider not found; error: Placement Client Error (4xx): {"errors": [{"status": 404, "title": "Not Found", "detail": "The resource could not be found.\n\n No resource provider with uuid c9376151-d571-402b-b929-b52305362d08 found for delete ", "request_id": "req-121c793e-9f3c-4723-a9ab-2e64514b3186"}]}
2026-03-01 22:19:49.306 9 INFO neutron.wsgi [None req-fdc4893b-53f9-417a-b19a-811e82401372 321177adcfcd4ecf909c2547bfdd5c96 e3c7726dbd474bbd9d5ca71010ff0de8 - - default default] 10.0.0.194 "GET /v2.0/extensions HTTP/1.1" status: 200 len: 16980 time: 0.1211379
2026-03-01 22:19:49.329 10 INFO neutron.wsgi [None req-1da09a1f-5351-467a-97ba-219a8e9f7343 41fd2c6dc1914670a2c5782becd1f0ae 2c0f68fbc99044f194d9d8f10050318f - - default default] 10.0.0.58 "DELETE /v2.0/networks/928cbf42-8412-41e6-a40d-61db437eb616 HTTP/1.1" status: 204 len: 168 time: 0.4546084
2026-03-01 22:19:49.345 10 WARNING neutron_lib.context [None req-db99cf20-0af2-4d43-8cfa-092ffc6fda7f 41fd2c6dc1914670a2c5782becd1f0ae 2c0f68fbc99044f194d9d8f10050318f - - default default] Method 'is_advsvc' is deprecated since 2023.2 release (neutron-lib 3.8.0) and will be removed once support for the old RBAC API policies will be removed from Neutron. Please use method 'is_service_role' instead.
2026-03-01 22:19:49.369 10 INFO neutron.plugins.ml2.drivers.ovn.mech_driver.mech_driver [None req-f8da379a-5a15-494a-963c-311b384f4b48 - - - - - -] OVN reports status down for port: 724409f0-ea27-4be1-be91-7aa7026c3b26
2026-03-01 22:19:49.402 9 WARNING neutron.scheduler.dhcp_agent_scheduler [None req-19c8d8b4-cfc5-4493-981a-aa96db02f45b 984dcd9a3deb47649ac2e668e433560a ca62dfb977c443d79618f38ed6ad292f - - default default] No more DHCP agents
2026-03-01 22:19:49.405 9 WARNING neutron.api.rpc.agentnotifiers.dhcp_rpc_agent_api [None req-19c8d8b4-cfc5-4493-981a-aa96db02f45b 984dcd9a3deb47649ac2e668e433560a ca62dfb977c443d79618f38ed6ad292f - - default default] Unable to schedule network 2360f482-b771-493b-8777-984aa02e2b0b: no agents available; will retry on subsequent port and subnet creation events.
2026-03-01 22:19:49.461 10 INFO neutron.db.segments_db [None req-db99cf20-0af2-4d43-8cfa-092ffc6fda7f 41fd2c6dc1914670a2c5782becd1f0ae 2c0f68fbc99044f194d9d8f10050318f - - default default] Added segment ceac0354-abb9-4744-913b-308db37ee05e of type geneve for network 65777dd2-ec40-4012-b016-e30161be4a32
2026-03-01 22:19:49.486 9 INFO neutron.wsgi [None req-779773c4-2b30-4be8-8012-8ebffff745b5 321177adcfcd4ecf909c2547bfdd5c96 e3c7726dbd474bbd9d5ca71010ff0de8 - - default default] 10.0.0.194 "GET /v2.0/quotas/e3c7726dbd474bbd9d5ca71010ff0de8/details HTTP/1.1" status: 200 len: 756 time: 0.1582408
2026-03-01 22:19:49.504 9 INFO neutron.db.ovn_revision_numbers_db [None req-19c8d8b4-cfc5-4493-981a-aa96db02f45b 984dcd9a3deb47649ac2e668e433560a ca62dfb977c443d79618f38ed6ad292f - - default default] Successfully bumped revision number for resource 25aae905-d464-4346-bd06-308cb97cf32b (type: ports) to 1
2026-03-01 22:19:49.530 9 INFO neutron.wsgi [None req-19c8d8b4-cfc5-4493-981a-aa96db02f45b 984dcd9a3deb47649ac2e668e433560a ca62dfb977c443d79618f38ed6ad292f - - default default] 10.0.0.58 "POST /v2.0/ports HTTP/1.1" status: 201 len: 942 time: 0.4090984 /var/lib/openstack/lib/python3.10/site-packages/pycadf/identifier.py:71: UserWarning: Invalid uuid: neutron. To ensure interoperability, identifiers should be a valid uuid. warnings.warn(('Invalid uuid: %s. To ensure interoperability, '
2026-03-01 22:19:49.540 9 WARNING neutron_lib.context [None req-3c771c83-fb45-40e3-b8fc-0f19cca541b0 984dcd9a3deb47649ac2e668e433560a ca62dfb977c443d79618f38ed6ad292f - - default default] Method 'is_advsvc' is deprecated since 2023.2 release (neutron-lib 3.8.0) and will be removed once support for the old RBAC API policies will be removed from Neutron. Please use method 'is_service_role' instead.
2026-03-01 22:19:49.570 10 INFO neutron.notifiers.nova [-] Nova event matching ['req-d4ba7bc4-5774-4cad-9dcd-c8cf54ac6405'] response: {'server_uuid': 'f7f7fadd-a612-4df5-b67c-79c2690ffde0', 'name': 'network-vif-unplugged', 'status': 'completed', 'tag': '724409f0-ea27-4be1-be91-7aa7026c3b26', 'code': 200}
2026-03-01 22:19:49.633 9 INFO neutron.db.segments_db [None req-3c771c83-fb45-40e3-b8fc-0f19cca541b0 984dcd9a3deb47649ac2e668e433560a ca62dfb977c443d79618f38ed6ad292f - - default default] Added segment 348b3abd-53d4-4106-abf0-0904660a6008 of type geneve for network 40afc859-b6b2-4823-a93e-0fe908f71e15
2026-03-01 22:19:49.706 10 INFO neutron.db.ovn_revision_numbers_db [None req-db99cf20-0af2-4d43-8cfa-092ffc6fda7f 41fd2c6dc1914670a2c5782becd1f0ae 2c0f68fbc99044f194d9d8f10050318f - - default default] Successfully bumped revision number for resource 65777dd2-ec40-4012-b016-e30161be4a32 (type: networks) to 1
2026-03-01 22:19:49.778 9 INFO neutron.db.ovn_revision_numbers_db [None req-3c771c83-fb45-40e3-b8fc-0f19cca541b0 984dcd9a3deb47649ac2e668e433560a ca62dfb977c443d79618f38ed6ad292f - - default default] Successfully bumped revision number for resource 40afc859-b6b2-4823-a93e-0fe908f71e15 (type: networks) to 1
2026-03-01 22:19:49.824 10 INFO neutron.db.ovn_revision_numbers_db [None req-f8da379a-5a15-494a-963c-311b384f4b48 - - - - - -] Successfully bumped revision number for resource 724409f0-ea27-4be1-be91-7aa7026c3b26 (type: ports) to 5
2026-03-01 22:19:49.882 10 INFO neutron.wsgi [req-993fcd5f-538a-42c1-ac34-f460f8bc0615 req-e1f0ecd1-2889-43a2-b83a-f1b652e2ca23 b84398f8048347e5a31f90df4f6243c5 8d4699c4983940dabe799cdc2a720cc9 - - default default] 10.0.0.246 "GET /v2.0/ports?device_id=f7f7fadd-a612-4df5-b67c-79c2690ffde0 HTTP/1.1" status: 200 len: 1168 time: 0.0680194
2026-03-01 22:19:49.939 10 INFO neutron.wsgi [req-993fcd5f-538a-42c1-ac34-f460f8bc0615 req-d07d5805-13d8-4e1f-b4d6-5c52f22b550e b84398f8048347e5a31f90df4f6243c5 8d4699c4983940dabe799cdc2a720cc9 - - default default] 10.0.0.246 "GET /v2.0/security-groups?id=1c2f16fb-0dc4-4e89-9bf8-3c01fa71bf14&fields=id&fields=name HTTP/1.1" status: 200 len: 313 time: 0.0476196
2026-03-01 22:19:49.957 10 WARNING neutron.scheduler.dhcp_agent_scheduler [None req-db99cf20-0af2-4d43-8cfa-092ffc6fda7f 41fd2c6dc1914670a2c5782becd1f0ae 2c0f68fbc99044f194d9d8f10050318f - - default default] No more DHCP agents
2026-03-01 22:19:49.961 10 WARNING neutron.api.rpc.agentnotifiers.dhcp_rpc_agent_api [None req-db99cf20-0af2-4d43-8cfa-092ffc6fda7f 41fd2c6dc1914670a2c5782becd1f0ae 2c0f68fbc99044f194d9d8f10050318f - - default default] Unable to schedule network 65777dd2-ec40-4012-b016-e30161be4a32: no agents available; will retry on subsequent port and subnet creation events.
2026-03-01 22:19:49.976 9 WARNING neutron.scheduler.dhcp_agent_scheduler [None req-3c771c83-fb45-40e3-b8fc-0f19cca541b0 984dcd9a3deb47649ac2e668e433560a ca62dfb977c443d79618f38ed6ad292f - - default default] No more DHCP agents
2026-03-01 22:19:49.987 9 WARNING neutron.api.rpc.agentnotifiers.dhcp_rpc_agent_api [None req-3c771c83-fb45-40e3-b8fc-0f19cca541b0 984dcd9a3deb47649ac2e668e433560a ca62dfb977c443d79618f38ed6ad292f - - default default] Unable to schedule network 40afc859-b6b2-4823-a93e-0fe908f71e15: no agents available; will retry on subsequent port and subnet creation events.
2026-03-01 22:19:50.034 10 INFO neutron.plugins.ml2.drivers.ovn.mech_driver.mech_driver [None req-f8da379a-5a15-494a-963c-311b384f4b48 - - - - - -] OVN reports status up for port: 724409f0-ea27-4be1-be91-7aa7026c3b26
2026-03-01 22:19:50.082 10 INFO neutron.plugins.ml2.plugin [None req-f8da379a-5a15-494a-963c-311b384f4b48 - - - - - -] Attempt 1 to provision port 724409f0-ea27-4be1-be91-7aa7026c3b26
2026-03-01 22:19:50.099 10 INFO neutron.db.ovn_revision_numbers_db [None req-db99cf20-0af2-4d43-8cfa-092ffc6fda7f 41fd2c6dc1914670a2c5782becd1f0ae 2c0f68fbc99044f194d9d8f10050318f - - default default] Successfully bumped revision number for resource 321c6cff-38bc-488a-922e-6f76634f5fb6 (type: ports) to 1
2026-03-01 22:19:50.143 10 INFO neutron.wsgi [None req-db99cf20-0af2-4d43-8cfa-092ffc6fda7f 41fd2c6dc1914670a2c5782becd1f0ae 2c0f68fbc99044f194d9d8f10050318f - - default default] 10.0.0.58 "POST /v2.0/networks HTTP/1.1" status: 201 len: 834 time: 0.8039105
2026-03-01 22:19:50.154 9 WARNING neutron_lib.context [None req-ad25293b-c54c-4b72-869a-15102ed90d93 41fd2c6dc1914670a2c5782becd1f0ae 2c0f68fbc99044f194d9d8f10050318f - - default default] Method 'is_advsvc' is deprecated since 2023.2 release (neutron-lib 3.8.0) and will be removed once support for the old RBAC API policies will be removed from Neutron. Please use method 'is_service_role' instead.
2026-03-01 22:19:50.157 9 INFO neutron.db.ovn_revision_numbers_db [None req-3c771c83-fb45-40e3-b8fc-0f19cca541b0 984dcd9a3deb47649ac2e668e433560a ca62dfb977c443d79618f38ed6ad292f - - default default] Successfully bumped revision number for resource 88f0e2c6-94b1-45a1-8456-be2048bf601f (type: ports) to 1
2026-03-01 22:19:50.211 9 INFO neutron.wsgi [None req-3c771c83-fb45-40e3-b8fc-0f19cca541b0 984dcd9a3deb47649ac2e668e433560a ca62dfb977c443d79618f38ed6ad292f - - default default] 10.0.0.58 "POST /v2.0/networks HTTP/1.1" status: 201 len: 830 time: 0.6755617 /var/lib/openstack/lib/python3.10/site-packages/pycadf/identifier.py:71: UserWarning: Invalid uuid: neutron. To ensure interoperability, identifiers should be a valid uuid. warnings.warn(('Invalid uuid: %s. To ensure interoperability, '
2026-03-01 22:19:50.221 10 WARNING neutron_lib.context [None req-96dd16cb-7443-4e21-8f88-5e9e4a32831f 984dcd9a3deb47649ac2e668e433560a ca62dfb977c443d79618f38ed6ad292f - - default default] Method 'is_advsvc' is deprecated since 2023.2 release (neutron-lib 3.8.0) and will be removed once support for the old RBAC API policies will be removed from Neutron. Please use method 'is_service_role' instead.
2026-03-01 22:19:50.321 10 INFO neutron.wsgi [-] 10.0.0.114 "GET / HTTP/1.1" status: 200 len: 247 time: 0.0015018
2026-03-01 22:19:50.322 10 INFO neutron.wsgi [-] 10.0.0.114 "GET / HTTP/1.1" status: 200 len: 247 time: 0.0008671
2026-03-01 22:19:50.462 10 INFO neutron.db.ovn_revision_numbers_db [None req-f8da379a-5a15-494a-963c-311b384f4b48 - - - - - -] Successfully bumped revision number for resource 724409f0-ea27-4be1-be91-7aa7026c3b26 (type: ports) to 6
2026-03-01 22:19:50.482 9 WARNING neutron.scheduler.dhcp_agent_scheduler [None req-ad25293b-c54c-4b72-869a-15102ed90d93 41fd2c6dc1914670a2c5782becd1f0ae 2c0f68fbc99044f194d9d8f10050318f - - default default] No more DHCP agents
2026-03-01 22:19:50.485 9 WARNING neutron.api.rpc.agentnotifiers.dhcp_rpc_agent_api [None req-ad25293b-c54c-4b72-869a-15102ed90d93 41fd2c6dc1914670a2c5782becd1f0ae 2c0f68fbc99044f194d9d8f10050318f - - default default] Unable to schedule network 65777dd2-ec40-4012-b016-e30161be4a32: no agents available; will retry on subsequent port and subnet creation events.
2026-03-01 22:19:50.518 9 INFO neutron.db.ovn_revision_numbers_db [None req-ad25293b-c54c-4b72-869a-15102ed90d93 41fd2c6dc1914670a2c5782becd1f0ae 2c0f68fbc99044f194d9d8f10050318f - - default default] Successfully bumped revision number for resource 259db4a8-e6a8-45df-94a3-14cd3969fc8d (type: subnets) to 0
2026-03-01 22:19:50.526 10 WARNING neutron.scheduler.dhcp_agent_scheduler [None req-96dd16cb-7443-4e21-8f88-5e9e4a32831f 984dcd9a3deb47649ac2e668e433560a ca62dfb977c443d79618f38ed6ad292f - - default default] No more DHCP agents
2026-03-01 22:19:50.529 10 WARNING neutron.api.rpc.agentnotifiers.dhcp_rpc_agent_api [None req-96dd16cb-7443-4e21-8f88-5e9e4a32831f 984dcd9a3deb47649ac2e668e433560a ca62dfb977c443d79618f38ed6ad292f - - default default] Unable to schedule network 40afc859-b6b2-4823-a93e-0fe908f71e15: no agents available; will retry on subsequent port and subnet creation events.
2026-03-01 22:19:50.536 9 INFO neutron.wsgi [None req-ad25293b-c54c-4b72-869a-15102ed90d93 41fd2c6dc1914670a2c5782becd1f0ae 2c0f68fbc99044f194d9d8f10050318f - - default default] 10.0.0.58 "POST /v2.0/subnets HTTP/1.1" status: 201 len: 821 time: 0.3871889 /var/lib/openstack/lib/python3.10/site-packages/pycadf/identifier.py:71: UserWarning: Invalid uuid: neutron. To ensure interoperability, identifiers should be a valid uuid. warnings.warn(('Invalid uuid: %s. To ensure interoperability, '
2026-03-01 22:19:50.549 10 WARNING neutron_lib.context [None req-f17a1539-7a9e-48e3-9773-6e1fe8f68866 41fd2c6dc1914670a2c5782becd1f0ae 2c0f68fbc99044f194d9d8f10050318f - - default default] Method 'is_advsvc' is deprecated since 2023.2 release (neutron-lib 3.8.0) and will be removed once support for the old RBAC API policies will be removed from Neutron. Please use method 'is_service_role' instead.
2026-03-01 22:19:50.651 10 INFO neutron.db.ovn_revision_numbers_db [None req-96dd16cb-7443-4e21-8f88-5e9e4a32831f 984dcd9a3deb47649ac2e668e433560a ca62dfb977c443d79618f38ed6ad292f - - default default] Successfully bumped revision number for resource 891b24b4-acd6-4a0b-bfc2-33cf783befe9 (type: ports) to 1
2026-03-01 22:19:50.682 10 INFO neutron.wsgi [None req-96dd16cb-7443-4e21-8f88-5e9e4a32831f 984dcd9a3deb47649ac2e668e433560a ca62dfb977c443d79618f38ed6ad292f - - default default] 10.0.0.58 "POST /v2.0/ports HTTP/1.1" status: 201 len: 942 time: 0.4668126
2026-03-01 22:19:50.701 9 WARNING neutron_lib.context [None req-c44e1b60-75e1-472c-803c-b55e18f4e83f 984dcd9a3deb47649ac2e668e433560a ca62dfb977c443d79618f38ed6ad292f - - default default] Method 'is_advsvc' is deprecated since 2023.2 release (neutron-lib 3.8.0) and will be removed once support for the old RBAC API policies will be removed from Neutron. Please use method 'is_service_role' instead.
2026-03-01 22:19:50.779 9 INFO neutron.db.segments_db [None req-c44e1b60-75e1-472c-803c-b55e18f4e83f 984dcd9a3deb47649ac2e668e433560a ca62dfb977c443d79618f38ed6ad292f - - default default] Added segment d20dab93-d92e-44d8-9288-bf57b62f2229 of type geneve for network 8f4d20f8-9183-454a-b612-2b79608f7bd9
2026-03-01 22:19:50.952 9 INFO neutron.db.ovn_revision_numbers_db [None req-c44e1b60-75e1-472c-803c-b55e18f4e83f 984dcd9a3deb47649ac2e668e433560a ca62dfb977c443d79618f38ed6ad292f - - default default] Successfully bumped revision number for resource 8f4d20f8-9183-454a-b612-2b79608f7bd9 (type: networks) to 1
2026-03-01 22:19:50.952 10 WARNING neutron.scheduler.dhcp_agent_scheduler [None req-f17a1539-7a9e-48e3-9773-6e1fe8f68866 41fd2c6dc1914670a2c5782becd1f0ae 2c0f68fbc99044f194d9d8f10050318f - - default default] No more DHCP agents
2026-03-01 22:19:50.960 10 WARNING neutron.api.rpc.agentnotifiers.dhcp_rpc_agent_api [None req-f17a1539-7a9e-48e3-9773-6e1fe8f68866 41fd2c6dc1914670a2c5782becd1f0ae 2c0f68fbc99044f194d9d8f10050318f - - default default] Unable to schedule network 65777dd2-ec40-4012-b016-e30161be4a32: no agents available; will retry on subsequent port and subnet creation events. /var/lib/openstack/lib/python3.10/site-packages/pycadf/identifier.py:71: UserWarning: Invalid uuid: neutron. To ensure interoperability, identifiers should be a valid uuid. warnings.warn(('Invalid uuid: %s. To ensure interoperability, '
2026-03-01 22:19:51.095 10 INFO neutron.wsgi [req-38ff2c7c-3d83-496f-beef-c5345a709588 req-6b20bbca-4944-4c64-b78e-3de6995f6b20 b84398f8048347e5a31f90df4f6243c5 8d4699c4983940dabe799cdc2a720cc9 - - default default] 10.0.0.246 "GET /v2.0/ports?device_id=f7f7fadd-a612-4df5-b67c-79c2690ffde0 HTTP/1.1" status: 200 len: 1170 time: 0.0794451
2026-03-01 22:19:51.152 10 INFO neutron.wsgi [req-38ff2c7c-3d83-496f-beef-c5345a709588 req-f7a2ffba-e45d-4544-888a-0d2ff0962565 b84398f8048347e5a31f90df4f6243c5 8d4699c4983940dabe799cdc2a720cc9 - - default default] 10.0.0.246 "GET /v2.0/security-groups?id=1c2f16fb-0dc4-4e89-9bf8-3c01fa71bf14&fields=id&fields=name HTTP/1.1" status: 200 len: 313 time: 0.0491273
2026-03-01 22:19:51.166 9 WARNING neutron.scheduler.dhcp_agent_scheduler [None req-c44e1b60-75e1-472c-803c-b55e18f4e83f 984dcd9a3deb47649ac2e668e433560a ca62dfb977c443d79618f38ed6ad292f - - default default] No more DHCP agents
2026-03-01 22:19:51.168 9 WARNING neutron.api.rpc.agentnotifiers.dhcp_rpc_agent_api [None req-c44e1b60-75e1-472c-803c-b55e18f4e83f 984dcd9a3deb47649ac2e668e433560a ca62dfb977c443d79618f38ed6ad292f - - default default] Unable to schedule network 8f4d20f8-9183-454a-b612-2b79608f7bd9: no agents available; will retry on subsequent port and subnet creation events.
2026-03-01 22:19:51.177 10 INFO neutron.db.ovn_revision_numbers_db [None req-f17a1539-7a9e-48e3-9773-6e1fe8f68866 41fd2c6dc1914670a2c5782becd1f0ae 2c0f68fbc99044f194d9d8f10050318f - - default default] Successfully bumped revision number for resource be283eb5-d345-4709-82a4-cfa46546fdf5 (type: ports) to 1
2026-03-01 22:19:51.198 10 INFO neutron.wsgi [None req-f17a1539-7a9e-48e3-9773-6e1fe8f68866 41fd2c6dc1914670a2c5782becd1f0ae 2c0f68fbc99044f194d9d8f10050318f - - default default] 10.0.0.58 "POST /v2.0/ports HTTP/1.1" status: 201 len: 1122 time: 0.6548321
2026-03-01 22:19:51.269 9 INFO neutron.db.ovn_revision_numbers_db [None req-c44e1b60-75e1-472c-803c-b55e18f4e83f 984dcd9a3deb47649ac2e668e433560a ca62dfb977c443d79618f38ed6ad292f - - default default] Successfully bumped revision number for resource d03ac5a8-0b30-4419-8e71-3b5609d15536 (type: ports) to 1
2026-03-01 22:19:51.295 9 INFO neutron.wsgi [None req-c44e1b60-75e1-472c-803c-b55e18f4e83f 984dcd9a3deb47649ac2e668e433560a ca62dfb977c443d79618f38ed6ad292f - - default default] 10.0.0.58 "POST /v2.0/networks HTTP/1.1" status: 201 len: 831 time: 0.6022749
2026-03-01 22:19:51.307 9 WARNING neutron_lib.context [None req-8fab433f-5a33-48d0-aff9-4a73d8e1b972 984dcd9a3deb47649ac2e668e433560a ca62dfb977c443d79618f38ed6ad292f - - default default] Method 'is_advsvc' is deprecated since 2023.2 release (neutron-lib 3.8.0) and will be removed once support for the old RBAC API policies will be removed from Neutron. Please use method 'is_service_role' instead.
2026-03-01 22:19:51.486 10 INFO neutron.wsgi [None req-64d94e8f-9501-46c9-858b-446e4065fc17 41fd2c6dc1914670a2c5782becd1f0ae 2c0f68fbc99044f194d9d8f10050318f - - default default] 10.0.0.58 "DELETE /v2.0/ports/be283eb5-d345-4709-82a4-cfa46546fdf5 HTTP/1.1" status: 204 len: 168 time: 0.2831023
2026-03-01 22:19:51.511 9 INFO neutron.pecan_wsgi.hooks.translation [None req-2d645f7d-5001-4b01-a94c-18233e2e0486 41fd2c6dc1914670a2c5782becd1f0ae 2c0f68fbc99044f194d9d8f10050318f - - default default] GET failed (client error): The resource could not be found.
2026-03-01 22:19:51.513 9 INFO neutron.wsgi [None req-2d645f7d-5001-4b01-a94c-18233e2e0486 41fd2c6dc1914670a2c5782becd1f0ae 2c0f68fbc99044f194d9d8f10050318f - - default default] 10.0.0.58 "GET /v2.0/ports/be283eb5-d345-4709-82a4-cfa46546fdf5 HTTP/1.1" status: 404 len: 333 time: 0.0208595
2026-03-01 22:19:51.572 9 WARNING neutron.scheduler.dhcp_agent_scheduler [None req-8fab433f-5a33-48d0-aff9-4a73d8e1b972 984dcd9a3deb47649ac2e668e433560a ca62dfb977c443d79618f38ed6ad292f - - default default] No more DHCP agents
2026-03-01 22:19:51.574 9 WARNING neutron.api.rpc.agentnotifiers.dhcp_rpc_agent_api [None req-8fab433f-5a33-48d0-aff9-4a73d8e1b972 984dcd9a3deb47649ac2e668e433560a ca62dfb977c443d79618f38ed6ad292f - - default default] Unable to schedule network 8f4d20f8-9183-454a-b612-2b79608f7bd9: no agents available; will retry on subsequent port and subnet creation events.
2026-03-01 22:19:51.611 10 INFO neutron.notifiers.nova [-] Nova event matching ['req-115d2d69-4dfd-4dad-94cd-24d4553350ac'] response: {'server_uuid': 'f7f7fadd-a612-4df5-b67c-79c2690ffde0', 'name': 'network-vif-plugged', 'status': 'completed', 'tag': '724409f0-ea27-4be1-be91-7aa7026c3b26', 'code': 200}
2026-03-01 22:19:51.612 10 INFO neutron.notifiers.nova [-] Nova event matching ['req-115d2d69-4dfd-4dad-94cd-24d4553350ac'] response: {'server_uuid': 'f7f7fadd-a612-4df5-b67c-79c2690ffde0', 'name': 'network-vif-plugged', 'status': 'completed', 'tag': '724409f0-ea27-4be1-be91-7aa7026c3b26', 'code': 200}
2026-03-01 22:19:51.612 10 INFO neutron.notifiers.nova [-] Nova event matching ['req-115d2d69-4dfd-4dad-94cd-24d4553350ac'] response: {'server_uuid': 'f7f7fadd-a612-4df5-b67c-79c2690ffde0', 'name': 'network-vif-plugged', 'status': 'completed', 'tag': '724409f0-ea27-4be1-be91-7aa7026c3b26', 'code': 200}
2026-03-01 22:19:51.661 9 INFO neutron.db.ovn_revision_numbers_db [None req-8fab433f-5a33-48d0-aff9-4a73d8e1b972 984dcd9a3deb47649ac2e668e433560a ca62dfb977c443d79618f38ed6ad292f - - default default] Successfully bumped revision number for resource c2ed5c83-f917-47bc-a083-e3d9f8f9a5f0 (type: ports) to 1
2026-03-01 22:19:51.684 9 INFO neutron.wsgi [None req-8fab433f-5a33-48d0-aff9-4a73d8e1b972 984dcd9a3deb47649ac2e668e433560a ca62dfb977c443d79618f38ed6ad292f - - default default] 10.0.0.58 "POST /v2.0/ports HTTP/1.1" status: 201 len: 942 time: 0.3840525
2026-03-01 22:19:51.736 10 INFO neutron.wsgi [None req-3d6fca23-3efb-44e9-84fe-869439ed99b4 41fd2c6dc1914670a2c5782becd1f0ae 2c0f68fbc99044f194d9d8f10050318f - - default default] 10.0.0.58 "DELETE /v2.0/subnets/259db4a8-e6a8-45df-94a3-14cd3969fc8d HTTP/1.1" status: 204 len: 168 time: 0.2183459
2026-03-01 22:19:51.739 10 INFO neutron.wsgi [None req-52a9ff6f-fd4a-4b6a-8a7a-92e313abbf74 984dcd9a3deb47649ac2e668e433560a ca62dfb977c443d79618f38ed6ad292f - - default default] 10.0.0.58 "PUT /v2.0/ports/af26ba3f-04c4-4c49-9e33-18e97703ce7f/tags HTTP/1.1" status: 200 len: 210 time: 0.0494776 /var/lib/openstack/lib/python3.10/site-packages/pycadf/identifier.py:71: UserWarning: Invalid uuid: neutron. To ensure interoperability, identifiers should be a valid uuid. warnings.warn(('Invalid uuid: %s. To ensure interoperability, '
2026-03-01 22:19:51.795 9 INFO neutron.wsgi [None req-1ea8d06d-84d3-4a25-973f-3bff272f9ca3 984dcd9a3deb47649ac2e668e433560a ca62dfb977c443d79618f38ed6ad292f - - default default] 10.0.0.58 "PUT /v2.0/ports/b4d57844-2910-45a2-8041-38d92b2cc69a/tags HTTP/1.1" status: 200 len: 218 time: 0.0448856
2026-03-01 22:19:51.871 9 INFO neutron.wsgi [None req-d132f23c-4f7e-46ab-ae07-a455fa5d69f6 984dcd9a3deb47649ac2e668e433560a ca62dfb977c443d79618f38ed6ad292f - - default default] 10.0.0.58 "PUT /v2.0/ports/25aae905-d464-4346-bd06-308cb97cf32b/tags HTTP/1.1" status: 200 len: 227 time: 0.0699816
2026-03-01 22:19:51.923 9 INFO neutron.wsgi [None req-a8e9214c-a0a2-4eed-871a-4935805f640e 984dcd9a3deb47649ac2e668e433560a ca62dfb977c443d79618f38ed6ad292f - - default default] 10.0.0.58 "PUT /v2.0/ports/891b24b4-acd6-4a0b-bfc2-33cf783befe9/tags HTTP/1.1" status: 200 len: 212 time: 0.0427268
2026-03-01 22:19:51.974 9 INFO neutron.wsgi [None req-d344cbf6-edf2-4b50-9688-7cc88cac0ac3 321177adcfcd4ecf909c2547bfdd5c96 e3c7726dbd474bbd9d5ca71010ff0de8 - - default default] 10.0.0.194 "GET /v2.0/extensions HTTP/1.1" status: 200 len: 16980 time: 0.0082135
2026-03-01 22:19:52.098 10 INFO neutron.services.segments.plugin [-] Segment ceac0354-abb9-4744-913b-308db37ee05e resource provider aggregate not found
2026-03-01 22:19:52.103 10 INFO neutron.services.segments.plugin [-] Segment ceac0354-abb9-4744-913b-308db37ee05e resource provider aggregate not found
2026-03-01 22:19:52.107 9 INFO neutron.wsgi [None req-5f00be1c-7da8-4848-9ca8-28315fb58142 984dcd9a3deb47649ac2e668e433560a ca62dfb977c443d79618f38ed6ad292f - - default default] 10.0.0.58 "GET /v2.0/ports?tags=red HTTP/1.1" status: 200 len: 2448 time: 0.1800444
2026-03-01 22:19:52.113 10 INFO neutron.services.segments.plugin [-] Segment ceac0354-abb9-4744-913b-308db37ee05e resource provider not found; error: Placement Client Error (4xx): {"errors": [{"status": 404, "title": "Not Found", "detail": "The resource could not be found.\n\n No resource provider with uuid ceac0354-abb9-4744-913b-308db37ee05e found for delete ", "request_id": "req-ad34f294-8205-4846-9924-ffafcedb50a2"}]}
2026-03-01 22:19:52.120 10 INFO neutron.services.segments.plugin [-] Segment ceac0354-abb9-4744-913b-308db37ee05e resource provider not found; error: Placement Client Error (4xx): {"errors": [{"status": 404, "title": "Not Found", "detail": "The resource could not be found.\n\n No resource provider with uuid ceac0354-abb9-4744-913b-308db37ee05e found for delete ", "request_id": "req-c77db29c-5009-47f3-b4a0-64536c8f1f14"}]}
2026-03-01 22:19:52.141 10 INFO neutron.wsgi [None req-c3da5e88-084b-487e-8998-5d6b0fe96f1c 41fd2c6dc1914670a2c5782becd1f0ae 2c0f68fbc99044f194d9d8f10050318f - - default default] 10.0.0.58 "DELETE /v2.0/networks/65777dd2-ec40-4012-b016-e30161be4a32 HTTP/1.1" status: 204 len: 168 time: 0.3900843
2026-03-01 22:19:52.154 10 WARNING neutron_lib.context [None req-b959712b-a6f4-47a7-928f-6388e239b39f 41fd2c6dc1914670a2c5782becd1f0ae 2c0f68fbc99044f194d9d8f10050318f - - default default] Method 'is_advsvc' is deprecated since 2023.2 release (neutron-lib 3.8.0) and will be removed once support for the old RBAC API policies will be removed from Neutron. Please use method 'is_service_role' instead.
2026-03-01 22:19:52.154 9 INFO neutron.wsgi [None req-b369ff10-58be-4e4f-9a12-403b046a267b 321177adcfcd4ecf909c2547bfdd5c96 e3c7726dbd474bbd9d5ca71010ff0de8 - - default default] 10.0.0.194 "GET /v2.0/quotas/e3c7726dbd474bbd9d5ca71010ff0de8/details HTTP/1.1" status: 200 len: 756 time: 0.1573906
2026-03-01 22:19:52.167 9 INFO neutron.wsgi [None req-a33a28dc-c517-4ea9-899a-4dd00ab5a3db 984dcd9a3deb47649ac2e668e433560a ca62dfb977c443d79618f38ed6ad292f - - default default] 10.0.0.58 "GET /v2.0/ports?tags=red%2Cblue HTTP/1.1" status: 200 len: 1708 time: 0.0551298
2026-03-01 22:19:52.386 10 WARNING neutron.scheduler.dhcp_agent_scheduler [None req-b959712b-a6f4-47a7-928f-6388e239b39f 41fd2c6dc1914670a2c5782becd1f0ae 2c0f68fbc99044f194d9d8f10050318f - - default default] No more DHCP agents
2026-03-01 22:19:52.388 10 WARNING neutron.api.rpc.agentnotifiers.dhcp_rpc_agent_api [None req-b959712b-a6f4-47a7-928f-6388e239b39f 41fd2c6dc1914670a2c5782becd1f0ae 2c0f68fbc99044f194d9d8f10050318f - - default default] Unable to schedule network 46d2305d-45c8-4536-98df-631bf1f9db84: no agents available; will retry on subsequent port and subnet creation events.
2026-03-01 22:19:52.487 10 INFO neutron.db.ovn_revision_numbers_db [None req-b959712b-a6f4-47a7-928f-6388e239b39f 41fd2c6dc1914670a2c5782becd1f0ae 2c0f68fbc99044f194d9d8f10050318f - - default default] Successfully bumped revision number for resource 591f7278-c269-4abb-9d36-e4227a342695 (type: ports) to 1
2026-03-01 22:19:52.509 10 INFO neutron.wsgi [None req-b959712b-a6f4-47a7-928f-6388e239b39f 41fd2c6dc1914670a2c5782becd1f0ae 2c0f68fbc99044f194d9d8f10050318f - - default default] 10.0.0.58 "POST /v2.0/ports HTTP/1.1" status: 201 len: 978 time: 0.3606043 /var/lib/openstack/lib/python3.10/site-packages/pycadf/identifier.py:71: UserWarning: Invalid uuid: neutron. To ensure interoperability, identifiers should be a valid uuid. warnings.warn(('Invalid uuid: %s. To ensure interoperability, '
2026-03-01 22:19:52.521 9 INFO neutron.wsgi [None req-659c1e2c-e4d5-428c-8853-8fdaa23bac07 984dcd9a3deb47649ac2e668e433560a ca62dfb977c443d79618f38ed6ad292f - - default default] 10.0.0.58 "GET /v2.0/ports?tags-any=blue HTTP/1.1" status: 200 len: 1708 time: 0.3503532
2026-03-01 22:19:52.585 9 INFO neutron.wsgi [None req-de156e35-1578-45e3-979f-f42fa61268f0 984dcd9a3deb47649ac2e668e433560a ca62dfb977c443d79618f38ed6ad292f - - default default] 10.0.0.58 "GET /v2.0/ports?tags-any=red%2Cblue HTTP/1.1" status: 200 len: 2448 time: 0.0592482
2026-03-01 22:19:52.762 9 INFO neutron.plugins.ml2.drivers.ovn.mech_driver.mech_driver [None req-d554d607-ce5f-403f-952d-8fb1bb266bc6 - - - - - -] OVN reports status down for port: 591f7278-c269-4abb-9d36-e4227a342695
2026-03-01 22:19:52.775 9 INFO neutron.wsgi [None req-4e634ad1-421d-43f0-aaa2-f8c02f03310b 984dcd9a3deb47649ac2e668e433560a ca62dfb977c443d79618f38ed6ad292f - - default default] 10.0.0.58 "GET /v2.0/ports?not-tags=red HTTP/1.1" status: 200 len: 5463 time: 0.1860206 /var/lib/openstack/lib/python3.10/site-packages/pycadf/identifier.py:71: UserWarning: Invalid uuid: neutron. To ensure interoperability, identifiers should be a valid uuid. warnings.warn(('Invalid uuid: %s. To ensure interoperability, '
2026-03-01 22:19:52.836 10 INFO neutron.db.ovn_revision_numbers_db [None req-844aea52-8f67-4c3b-9094-070eb016bf62 41fd2c6dc1914670a2c5782becd1f0ae 2c0f68fbc99044f194d9d8f10050318f - - default default] Successfully bumped revision number for resource 591f7278-c269-4abb-9d36-e4227a342695 (type: ports) to 2
2026-03-01 22:19:52.860 10 INFO neutron.wsgi [None req-844aea52-8f67-4c3b-9094-070eb016bf62 41fd2c6dc1914670a2c5782becd1f0ae 2c0f68fbc99044f194d9d8f10050318f - - default default] 10.0.0.58 "PUT /v2.0/ports/591f7278-c269-4abb-9d36-e4227a342695 HTTP/1.1" status: 200 len: 946 time: 0.3454819
2026-03-01 22:19:53.102 9 INFO neutron.wsgi [None req-356a8aad-9c72-4d51-95ad-06c1f23be8a5 41fd2c6dc1914670a2c5782becd1f0ae 2c0f68fbc99044f194d9d8f10050318f - - default default] 10.0.0.58 "DELETE /v2.0/ports/591f7278-c269-4abb-9d36-e4227a342695 HTTP/1.1" status: 204 len: 168 time: 0.2222989
2026-03-01 22:19:53.189 9 INFO neutron.wsgi [None req-659ebb9e-5e67-431c-a424-edc27441bf48 41fd2c6dc1914670a2c5782becd1f0ae 2c0f68fbc99044f194d9d8f10050318f - - default default] 10.0.0.58 "GET /v2.0/ports HTTP/1.1" status: 200 len: 1732 time: 0.0804763
2026-03-01 22:19:53.218 9 INFO neutron.pecan_wsgi.hooks.translation [None req-4abeaa5b-92d7-4544-8be2-f91bde5c4ee5 41fd2c6dc1914670a2c5782becd1f0ae 2c0f68fbc99044f194d9d8f10050318f - - default default] GET failed (client error): The resource could not be found.
2026-03-01 22:19:53.220 9 INFO neutron.wsgi [None req-4abeaa5b-92d7-4544-8be2-f91bde5c4ee5 41fd2c6dc1914670a2c5782becd1f0ae 2c0f68fbc99044f194d9d8f10050318f - - default default] 10.0.0.58 "GET /v2.0/ports/591f7278-c269-4abb-9d36-e4227a342695 HTTP/1.1" status: 404 len: 333 time: 0.0210962
2026-03-01 22:19:53.272 9 INFO neutron.wsgi [None req-2a9c0527-b75e-4e60-bbd1-2553d9e89b14 41fd2c6dc1914670a2c5782becd1f0ae 2c0f68fbc99044f194d9d8f10050318f - - default default] 10.0.0.58 "GET /v2.0/ports HTTP/1.1" status: 200 len: 1732 time: 0.0428379
2026-03-01 22:19:53.322 9 INFO neutron.wsgi [None req-a03fad83-e372-4c22-92e9-4a466474450f 41fd2c6dc1914670a2c5782becd1f0ae 2c0f68fbc99044f194d9d8f10050318f - - default default] 10.0.0.58 "GET /v2.0/ports/2a7d668a-d415-411b-add7-005ba9c0f545 HTTP/1.1" status: 200 len: 972 time: 0.0399289
2026-03-01 22:19:53.344 9 INFO neutron.pecan_wsgi.hooks.translation [None req-82795a5f-f49a-40ea-bf03-065f0f7413e9 41fd2c6dc1914670a2c5782becd1f0ae 2c0f68fbc99044f194d9d8f10050318f - - default default] DELETE failed (client error): The resource could not be found.
2026-03-01 22:19:53.346 9 INFO neutron.wsgi [None req-82795a5f-f49a-40ea-bf03-065f0f7413e9 41fd2c6dc1914670a2c5782becd1f0ae 2c0f68fbc99044f194d9d8f10050318f - - default default] 10.0.0.58 "DELETE /v2.0/ports/be283eb5-d345-4709-82a4-cfa46546fdf5 HTTP/1.1" status: 404 len: 333 time: 0.0198355
2026-03-01 22:19:53.365 9 INFO neutron.pecan_wsgi.hooks.translation [None req-f21d01a6-aeb9-4671-b790-6de4d66b406a 41fd2c6dc1914670a2c5782becd1f0ae 2c0f68fbc99044f194d9d8f10050318f - - default default] DELETE failed (client error): The resource could not be found.
2026-03-01 22:19:53.368 9 INFO neutron.wsgi [None req-f21d01a6-aeb9-4671-b790-6de4d66b406a 41fd2c6dc1914670a2c5782becd1f0ae 2c0f68fbc99044f194d9d8f10050318f - - default default] 10.0.0.58 "DELETE /v2.0/subnets/259db4a8-e6a8-45df-94a3-14cd3969fc8d HTTP/1.1" status: 404 len: 337 time: 0.0178323
2026-03-01 22:19:53.388 9 INFO neutron.pecan_wsgi.hooks.translation [None req-d1b7138f-7ebe-4db5-9e4f-784a004f72fb 41fd2c6dc1914670a2c5782becd1f0ae 2c0f68fbc99044f194d9d8f10050318f - - default default] DELETE failed (client error): The resource could not be found.
2026-03-01 22:19:53.390 9 INFO neutron.wsgi [None req-d1b7138f-7ebe-4db5-9e4f-784a004f72fb 41fd2c6dc1914670a2c5782becd1f0ae 2c0f68fbc99044f194d9d8f10050318f - - default default] 10.0.0.58 "DELETE /v2.0/subnets/0e605c82-9386-4e95-b7ba-213cb3ce6523 HTTP/1.1" status: 404 len: 337 time: 0.0163727
2026-03-01 22:19:53.452 10 INFO neutron.wsgi [None req-037c4d06-5ca3-436d-acee-15bba5736869 984dcd9a3deb47649ac2e668e433560a ca62dfb977c443d79618f38ed6ad292f - - default default] 10.0.0.58 "GET /v2.0/ports?not-tags=red%2Cblue HTTP/1.1" status: 200 len: 6203 time: 0.6707501
2026-03-01 22:19:53.543 10 INFO neutron.wsgi [None req-4afa8d42-c8b1-44c7-a011-7c85a4aa9dfd 984dcd9a3deb47649ac2e668e433560a ca62dfb977c443d79618f38ed6ad292f - - default default] 10.0.0.58 "GET /v2.0/ports?not-tags-any=blue HTTP/1.1" status: 200 len: 6203 time: 0.0865872
2026-03-01 22:19:53.650 9 INFO neutron.wsgi [None req-02ec32fd-22a1-479d-8585-1b7bff8ea33c 984dcd9a3deb47649ac2e668e433560a ca62dfb977c443d79618f38ed6ad292f - - default default] 10.0.0.58 "GET /v2.0/ports?not-tags-any=red%2Cblue HTTP/1.1" status: 200 len: 5463 time: 0.1004107
2026-03-01 22:19:53.728 9 INFO neutron.wsgi [None req-466ae878-53c0-45d4-9179-71b4796d0ac0 41fd2c6dc1914670a2c5782becd1f0ae 2c0f68fbc99044f194d9d8f10050318f - - default default] 10.0.0.58 "DELETE /v2.0/ports/2a7d668a-d415-411b-add7-005ba9c0f545 HTTP/1.1" status: 204 len: 168 time: 0.3340914
2026-03-01 22:19:53.912 10 INFO neutron.wsgi [None req-534d81b7-060a-472c-b15c-d1e5d79ba73b 984dcd9a3deb47649ac2e668e433560a ca62dfb977c443d79618f38ed6ad292f - - default default] 10.0.0.58 "DELETE /v2.0/ports/af26ba3f-04c4-4c49-9e33-18e97703ce7f HTTP/1.1" status: 204 len: 168 time: 0.2538676
2026-03-01 22:19:54.187 9 INFO neutron.services.segments.plugin [-] Segment 0b6adfdd-a534-486b-a210-a4a2c4ac1d91 resource provider aggregate not found
2026-03-01 22:19:54.193 9 INFO neutron.services.segments.plugin [-] Segment 0b6adfdd-a534-486b-a210-a4a2c4ac1d91 resource provider aggregate not found
2026-03-01 22:19:54.207 9 INFO neutron.services.segments.plugin [-] Segment 0b6adfdd-a534-486b-a210-a4a2c4ac1d91 resource provider not found; error: Placement Client Error (4xx): {"errors": [{"status": 404, "title": "Not Found", "detail": "The resource could not be found.\n\n No resource provider with uuid 0b6adfdd-a534-486b-a210-a4a2c4ac1d91 found for delete ", "request_id": "req-979df7e8-05a2-47c3-b3d0-a74b554ef8f5"}]}
2026-03-01 22:19:54.216 9 INFO neutron.services.segments.plugin [-] Segment 0b6adfdd-a534-486b-a210-a4a2c4ac1d91 resource provider not found; error: Placement Client Error (4xx): {"errors": [{"status": 404, "title": "Not Found", "detail": "The resource could not be found.\n\n No resource provider with uuid 0b6adfdd-a534-486b-a210-a4a2c4ac1d91 found for delete ", "request_id": "req-f66a290a-afd1-4527-9b0c-63d1239086f9"}]}
2026-03-01 22:19:54.223 9 INFO neutron.wsgi [None req-c5e0b98e-8735-4062-aa6a-bfec213572f3 984dcd9a3deb47649ac2e668e433560a ca62dfb977c443d79618f38ed6ad292f - - default default] 10.0.0.58 "DELETE /v2.0/ports/b4d57844-2910-45a2-8041-38d92b2cc69a HTTP/1.1" status: 204 len: 168 time: 0.3057520
2026-03-01 22:19:54.241 9 INFO neutron.wsgi [None req-75412a65-9c13-4583-a081-3a1e07cacf7e 41fd2c6dc1914670a2c5782becd1f0ae 2c0f68fbc99044f194d9d8f10050318f - - default default] 10.0.0.58 "DELETE /v2.0/networks/46d2305d-45c8-4536-98df-631bf1f9db84 HTTP/1.1" status: 204 len: 168 time: 0.5069709
2026-03-01 22:19:54.469 9 INFO neutron.wsgi [None req-bc67346b-2d76-40ea-8cee-72dc1140c83c 984dcd9a3deb47649ac2e668e433560a ca62dfb977c443d79618f38ed6ad292f - - default default] 10.0.0.58 "DELETE /v2.0/ports/25aae905-d464-4346-bd06-308cb97cf32b HTTP/1.1" status: 204 len: 168 time: 0.2407656
2026-03-01 22:19:54.689 9 INFO neutron.wsgi [None req-da8d219f-92ce-4229-88ed-0db334e18b96 984dcd9a3deb47649ac2e668e433560a ca62dfb977c443d79618f38ed6ad292f - - default default] 10.0.0.58 "DELETE /v2.0/ports/891b24b4-acd6-4a0b-bfc2-33cf783befe9 HTTP/1.1" status: 204 len: 168 time: 0.2161331
2026-03-01 22:19:54.808 10 INFO neutron.db.ovn_revision_numbers_db [None req-6be3c991-307c-407b-90b8-729c089aea05 c98bc9c1d85e4983ad974cb4cf9dd46b b6357918f73b458f9e03a5667d465a0e - - default default] Successfully bumped revision number for resource 813fc30c-2ef7-4078-ac26-9de82bfd70c1 (type: security_groups) to 1
2026-03-01 22:19:54.819 10 INFO neutron.wsgi [None req-f3bcf4ce-80b2-4e88-9b3e-41bce8d23af0 c98bc9c1d85e4983ad974cb4cf9dd46b b6357918f73b458f9e03a5667d465a0e - - default default] 10.0.0.58 "GET /v2.0/security-groups?tenant_id=2c0f68fbc99044f194d9d8f10050318f&name=default HTTP/1.1" status: 200 len: 2996 time: 0.1102252
2026-03-01 22:19:54.834 10 INFO neutron.db.ovn_revision_numbers_db [None req-6be3c991-307c-407b-90b8-729c089aea05 c98bc9c1d85e4983ad974cb4cf9dd46b b6357918f73b458f9e03a5667d465a0e - - default default] Successfully bumped revision number for resource 76d0db57-09d4-4bc7-ad72-e4ccd9f0bed8 (type: security_group_rules) to 0
2026-03-01 22:19:54.852 10 INFO neutron.db.ovn_revision_numbers_db [None req-6be3c991-307c-407b-90b8-729c089aea05 c98bc9c1d85e4983ad974cb4cf9dd46b b6357918f73b458f9e03a5667d465a0e - - default default] Successfully bumped revision number for resource 7b17d65d-f7d5-4c34-88c2-ab8db8e329da (type: security_group_rules) to 0
2026-03-01 22:19:54.871 10 INFO neutron.db.ovn_revision_numbers_db [None req-6be3c991-307c-407b-90b8-729c089aea05 c98bc9c1d85e4983ad974cb4cf9dd46b b6357918f73b458f9e03a5667d465a0e - - default default] Successfully bumped revision number for resource 871567db-eea1-470e-b1f5-1be34a078a0b (type: security_group_rules) to 0
2026-03-01 22:19:54.893 10 INFO neutron.db.ovn_revision_numbers_db [None req-6be3c991-307c-407b-90b8-729c089aea05 c98bc9c1d85e4983ad974cb4cf9dd46b b6357918f73b458f9e03a5667d465a0e - - default default] Successfully bumped revision number for resource a840e522-6d24-4219-9c01-c161a75d2715 (type: security_group_rules) to 0
2026-03-01 22:19:54.923 10 INFO neutron.wsgi [None req-6be3c991-307c-407b-90b8-729c089aea05 c98bc9c1d85e4983ad974cb4cf9dd46b b6357918f73b458f9e03a5667d465a0e - - default default] 10.0.0.58 "GET /v2.0/security-groups?tenant_id=e3c7726dbd474bbd9d5ca71010ff0de8&name=default HTTP/1.1" status: 200 len: 2996 time: 0.4195573
2026-03-01 22:19:54.987 9 INFO neutron.wsgi [None req-7a3f0683-d8d1-491b-b128-29f842b0f85e 984dcd9a3deb47649ac2e668e433560a ca62dfb977c443d79618f38ed6ad292f - - default default] 10.0.0.58 "DELETE /v2.0/ports/c2ed5c83-f917-47bc-a083-e3d9f8f9a5f0 HTTP/1.1" status: 204 len: 168 time: 0.2913895
2026-03-01 22:19:55.048 10 INFO neutron.wsgi [None req-6c4302ea-0a68-4a06-ad10-a3bdc78638e2 c98bc9c1d85e4983ad974cb4cf9dd46b b6357918f73b458f9e03a5667d465a0e - - default default] 10.0.0.58 "DELETE /v2.0/security-groups/a5f400eb-023b-447c-b1fd-75181eed1cd4 HTTP/1.1" status: 204 len: 168 time: 0.2237854
2026-03-01 22:19:55.215 9 INFO neutron.wsgi [None req-72ffea68-73cc-4ecc-82c5-af1a5e8e86c0 c98bc9c1d85e4983ad974cb4cf9dd46b b6357918f73b458f9e03a5667d465a0e - - default default] 10.0.0.58 "DELETE /v2.0/security-groups/813fc30c-2ef7-4078-ac26-9de82bfd70c1 HTTP/1.1" status: 204 len: 168 time: 0.2863672
2026-03-01 22:19:55.418 9 INFO neutron.wsgi [None req-14a761e4-c53c-4a7b-af52-38b46bce4626 984dcd9a3deb47649ac2e668e433560a ca62dfb977c443d79618f38ed6ad292f - - default default] 10.0.0.58 "DELETE /v2.0/networks/25d28e50-f38b-476a-83ba-847f9ce29054 HTTP/1.1" status: 204 len: 168 time: 0.4254520
2026-03-01 22:19:55.842 9 INFO neutron.wsgi [None req-d774e560-0a74-47f0-9a96-f6eaac473a05 984dcd9a3deb47649ac2e668e433560a ca62dfb977c443d79618f38ed6ad292f - - default default] 10.0.0.58 "DELETE /v2.0/networks/b7930dc1-b859-4bd0-80f5-78928329765b HTTP/1.1" status: 204 len: 168 time: 0.4161918
2026-03-01 22:19:56.227 9 INFO neutron.services.segments.plugin [-] Segment 71ac782e-a3bf-4346-a100-32a5ee52c9bc resource provider aggregate not found
2026-03-01 22:19:56.232 10 INFO neutron.services.segments.plugin [-] Segment b4a24b80-6da9-419b-8ad3-ed052397a1aa resource provider aggregate not found
2026-03-01 22:19:56.236 9 INFO neutron.services.segments.plugin [-] Segment 71ac782e-a3bf-4346-a100-32a5ee52c9bc resource provider aggregate not found
2026-03-01 22:19:56.239 10 INFO neutron.services.segments.plugin [-] Segment b4a24b80-6da9-419b-8ad3-ed052397a1aa resource provider aggregate not found
2026-03-01 22:19:56.246 9 INFO neutron.services.segments.plugin [-] Segment 71ac782e-a3bf-4346-a100-32a5ee52c9bc resource provider not found; error: Placement Client Error (4xx): {"errors": [{"status": 404, "title": "Not Found", "detail": "The resource could not be found.\n\n No resource provider with uuid 71ac782e-a3bf-4346-a100-32a5ee52c9bc found for delete ", "request_id": "req-9fd5c5ad-d727-40a5-963c-9c4b8ad59aeb"}]}
2026-03-01 22:19:56.248 10 INFO neutron.services.segments.plugin [-] Segment b4a24b80-6da9-419b-8ad3-ed052397a1aa resource provider not found; error: Placement Client Error (4xx): {"errors": [{"status": 404, "title": "Not Found", "detail": "The resource could not be found.\n\n No resource provider with uuid b4a24b80-6da9-419b-8ad3-ed052397a1aa found for delete ", "request_id": "req-cec848a5-b73b-4047-8f4f-c507f8db783c"}]}
2026-03-01 22:19:56.257 9 INFO neutron.services.segments.plugin [-] Segment 71ac782e-a3bf-4346-a100-32a5ee52c9bc resource provider not found; error: Placement Client Error (4xx): {"errors": [{"status": 404, "title": "Not Found", "detail": "The resource could not be found.\n\n No resource provider with uuid 71ac782e-a3bf-4346-a100-32a5ee52c9bc found for delete ", "request_id": "req-2cf1da33-b6f9-4808-972c-8289fad626b2"}]}
2026-03-01 22:19:56.275 10 INFO neutron.services.segments.plugin [-] Segment b4a24b80-6da9-419b-8ad3-ed052397a1aa resource provider not found; error: Placement Client Error (4xx): {"errors": [{"status": 404, "title": "Not Found", "detail": "The resource could not be found.\n\n No resource provider with uuid b4a24b80-6da9-419b-8ad3-ed052397a1aa found for delete ", "request_id": "req-06f7412e-2438-4014-a0c3-c179a1c238b7"}]}
2026-03-01 22:19:56.277 9 INFO neutron.services.segments.plugin [-] Segment faefa2d5-460b-4131-8776-b6ad2e7053b6 resource provider aggregate not found
2026-03-01 22:19:56.282 10 INFO neutron.wsgi [None req-777a5226-15d5-453c-8101-8ef6a9069baf 984dcd9a3deb47649ac2e668e433560a ca62dfb977c443d79618f38ed6ad292f - - default default] 10.0.0.58 "DELETE /v2.0/networks/2360f482-b771-493b-8777-984aa02e2b0b HTTP/1.1" status: 204 len: 168 time: 0.4318542
2026-03-01 22:19:56.297 9 INFO neutron.services.segments.plugin [-] Segment faefa2d5-460b-4131-8776-b6ad2e7053b6 resource provider not found; error: Placement Client Error (4xx): {"errors": [{"status": 404, "title": "Not Found", "detail": "The resource could not be found.\n\n No resource provider with uuid faefa2d5-460b-4131-8776-b6ad2e7053b6 found for delete ", "request_id": "req-7aaa714c-069a-4c77-8afd-3c1d6e2d70b7"}]}
2026-03-01 22:19:56.298 9 INFO neutron.services.segments.plugin [-] Segment faefa2d5-460b-4131-8776-b6ad2e7053b6 resource provider aggregate not found
2026-03-01 22:19:56.331 9 INFO neutron.services.segments.plugin [-] Segment faefa2d5-460b-4131-8776-b6ad2e7053b6 resource provider not found; error: Placement Client Error (4xx): {"errors": [{"status": 404, "title": "Not Found", "detail": "The resource could not be found.\n\n No resource provider with uuid faefa2d5-460b-4131-8776-b6ad2e7053b6 found for delete ", "request_id": "req-659b391e-4d12-46af-9c4b-bf1a5c364eb1"}]}
2026-03-01 22:19:56.689 9 INFO neutron.wsgi [None req-59815514-1a14-4654-8313-fcfde96491d8 984dcd9a3deb47649ac2e668e433560a ca62dfb977c443d79618f38ed6ad292f - - default default] 10.0.0.58 "DELETE /v2.0/networks/40afc859-b6b2-4823-a93e-0fe908f71e15 HTTP/1.1" status: 204 len: 168 time: 0.4018903
2026-03-01 22:19:56.920 9 WARNING neutron_lib.context [None req-d61103c7-ad8a-4e2b-a787-58c56bb0784e a8c6116e336b4590be401b775db6fb31 6ffd0a97b0cc4fe698336066950216c9 - - default default] Method 'is_advsvc' is deprecated since 2023.2 release (neutron-lib 3.8.0) and will be removed once support for the old RBAC API policies will be removed from Neutron. Please use method 'is_service_role' instead.
2026-03-01 22:19:57.071 9 INFO neutron.db.ovn_revision_numbers_db [None req-d61103c7-ad8a-4e2b-a787-58c56bb0784e a8c6116e336b4590be401b775db6fb31 6ffd0a97b0cc4fe698336066950216c9 - - default default] Successfully bumped revision number for resource 2aea60f9-7273-46ed-ad61-b47d2d14817a (type: security_groups) to 1
2026-03-01 22:19:57.088 9 INFO neutron.db.ovn_revision_numbers_db [None req-d61103c7-ad8a-4e2b-a787-58c56bb0784e a8c6116e336b4590be401b775db6fb31 6ffd0a97b0cc4fe698336066950216c9 - - default default] Successfully bumped revision number for resource 25bb8a5e-6e22-4156-8efd-fd737798f575 (type: security_group_rules) to 0
2026-03-01 22:19:57.095 10 INFO neutron.wsgi [None req-1f9ab232-7faa-48f7-a553-d70e437c3782 984dcd9a3deb47649ac2e668e433560a ca62dfb977c443d79618f38ed6ad292f - - default default] 10.0.0.58 "DELETE /v2.0/networks/8f4d20f8-9183-454a-b612-2b79608f7bd9 HTTP/1.1" status: 204 len: 168 time: 0.3999164
2026-03-01 22:19:57.104 9 INFO neutron.db.ovn_revision_numbers_db [None req-d61103c7-ad8a-4e2b-a787-58c56bb0784e a8c6116e336b4590be401b775db6fb31 6ffd0a97b0cc4fe698336066950216c9 - - default default] Successfully bumped revision number for resource 79a4762b-22e8-45c3-a38b-168cf8a0343e (type: security_group_rules) to 0
2026-03-01 22:19:57.119 9 INFO neutron.db.ovn_revision_numbers_db [None req-d61103c7-ad8a-4e2b-a787-58c56bb0784e a8c6116e336b4590be401b775db6fb31 6ffd0a97b0cc4fe698336066950216c9 - - default default] Successfully bumped revision number for resource cec1af6f-c100-4600-8317-c63978f50f5f (type: security_group_rules) to 0
2026-03-01 22:19:57.133 9 INFO neutron.db.ovn_revision_numbers_db [None req-d61103c7-ad8a-4e2b-a787-58c56bb0784e a8c6116e336b4590be401b775db6fb31 6ffd0a97b0cc4fe698336066950216c9 - - default default] Successfully bumped revision number for resource d7c5457a-9235-43b8-947b-6dce8765fac9 (type: security_group_rules) to 0
2026-03-01 22:19:57.191 9 INFO neutron.db.segments_db [None req-d61103c7-ad8a-4e2b-a787-58c56bb0784e a8c6116e336b4590be401b775db6fb31 6ffd0a97b0cc4fe698336066950216c9 - - default default] Added segment 98a253cf-a9dd-42f7-8a60-e2279ad53ad4 of type geneve for network cb792728-b55c-4b89-9370-a509ff9f7621
2026-03-01 22:19:57.324 9 INFO neutron.db.ovn_revision_numbers_db [None req-d61103c7-ad8a-4e2b-a787-58c56bb0784e a8c6116e336b4590be401b775db6fb31 6ffd0a97b0cc4fe698336066950216c9 - - default default] Successfully bumped revision number for resource cb792728-b55c-4b89-9370-a509ff9f7621 (type: networks) to 1
2026-03-01 22:19:57.418 9 INFO neutron.wsgi [req-309ae7bd-aac3-4aeb-b270-d6fecc692c5a req-414f0ed0-4fa3-4675-ae95-062bc2e1863e 2b0eee7b5bc54b3b85c9d6ee7ef3baec 1feb78d0d7a440eb82b4ebfd87990c1c - - d91a2fb99e694998a3b70867b3c67f90 d91a2fb99e694998a3b70867b3c67f90] 199.204.45.156 "GET /v2.0/ports?device_id=f7f7fadd-a612-4df5-b67c-79c2690ffde0&fields=binding%3Ahost_id&fields=binding%3Avif_type HTTP/1.1" status: 200 len: 265 time: 0.0652106
2026-03-01 22:19:57.515 9 INFO neutron.wsgi [req-309ae7bd-aac3-4aeb-b270-d6fecc692c5a req-c7d1e8ac-6a17-4127-a916-ba66405ca215 2b0eee7b5bc54b3b85c9d6ee7ef3baec 1feb78d0d7a440eb82b4ebfd87990c1c - - d91a2fb99e694998a3b70867b3c67f90 d91a2fb99e694998a3b70867b3c67f90] 199.204.45.156 "GET /v2.0/ports?tenant_id=8d4699c4983940dabe799cdc2a720cc9&device_id=f7f7fadd-a612-4df5-b67c-79c2690ffde0 HTTP/1.1" status: 200 len: 1409 time: 0.0393565
2026-03-01 22:19:57.629 9 WARNING neutron.scheduler.dhcp_agent_scheduler [None req-d61103c7-ad8a-4e2b-a787-58c56bb0784e a8c6116e336b4590be401b775db6fb31 6ffd0a97b0cc4fe698336066950216c9 - - default default] No more DHCP agents
2026-03-01 22:19:57.634 9 WARNING neutron.api.rpc.agentnotifiers.dhcp_rpc_agent_api [None req-d61103c7-ad8a-4e2b-a787-58c56bb0784e a8c6116e336b4590be401b775db6fb31 6ffd0a97b0cc4fe698336066950216c9 - - default default] Unable to schedule network cb792728-b55c-4b89-9370-a509ff9f7621: no agents available; will retry on subsequent port and subnet creation events.
2026-03-01 22:19:57.646 9 INFO neutron.wsgi [req-309ae7bd-aac3-4aeb-b270-d6fecc692c5a req-b4cc7aa9-9acf-4606-81c7-35a76ab90fe3 2b0eee7b5bc54b3b85c9d6ee7ef3baec 1feb78d0d7a440eb82b4ebfd87990c1c - - d91a2fb99e694998a3b70867b3c67f90 d91a2fb99e694998a3b70867b3c67f90] 199.204.45.156 "GET /v2.0/networks?id=6ed42e15-cd6a-4bff-8402-40c0782c311f HTTP/1.1" status: 200 len: 973 time: 0.0962903
2026-03-01 22:19:57.714 9 INFO neutron.wsgi [req-309ae7bd-aac3-4aeb-b270-d6fecc692c5a req-5f836719-84db-4353-88b6-cca308a34de2 2b0eee7b5bc54b3b85c9d6ee7ef3baec 1feb78d0d7a440eb82b4ebfd87990c1c - - d91a2fb99e694998a3b70867b3c67f90 d91a2fb99e694998a3b70867b3c67f90] 199.204.45.156 "GET /v2.0/floatingips?fixed_ip_address=10.100.0.6&port_id=724409f0-ea27-4be1-be91-7aa7026c3b26 HTTP/1.1" status: 200 len: 1059 time: 0.0596921
2026-03-01 22:19:57.748 9 INFO neutron.db.ovn_revision_numbers_db [None req-d61103c7-ad8a-4e2b-a787-58c56bb0784e a8c6116e336b4590be401b775db6fb31 6ffd0a97b0cc4fe698336066950216c9 - - default default] Successfully bumped revision number for resource b766bbc6-ad07-46c4-babd-6e92bf2f1025 (type: ports) to 1
2026-03-01 22:19:57.753 9 INFO neutron.wsgi [req-309ae7bd-aac3-4aeb-b270-d6fecc692c5a req-71b98678-e05c-49dc-a8ef-03b0c7ece647 2b0eee7b5bc54b3b85c9d6ee7ef3baec 1feb78d0d7a440eb82b4ebfd87990c1c - - d91a2fb99e694998a3b70867b3c67f90 d91a2fb99e694998a3b70867b3c67f90] 199.204.45.156 "GET /v2.0/subnets?id=7b7ea3c7-c62f-4845-a656-508f91052125 HTTP/1.1" status: 200 len: 868 time: 0.0312767
