2026-06-13 23:55:56.059 10 INFO neutron.api.wsgi [req-991447b9-e67e-417a-89b1-b8d3c83a5c3a req-e7a6c4da-5977-494f-8133-4cdb5ec4e8d3 6ff19f356afa4429a6a40cef0e743bb1 ab70acb792074745bf2badb56b6a5bd3 - - default default] 10.0.0.229 "GET /v2.0/ports?device_id=3e56d59b-140e-4303-a7e9-fd7902bbf85f HTTP/1.1" status: 200 len: 1172 time: 0.0731173
2026-06-13 23:55:56.077 9 INFO neutron.db.ovn_revision_numbers_db [None req-ebd3bf50-24bc-44b0-8cb9-7672150abe2d 67f8b6d5bb824612997275562ab8625c 7cca93b666a6459b8c21f48b8b14a732 - - default default] Successfully bumped revision number for resource 15e630d5-5140-480f-a010-6620bf208f6a (type: security_group_rules) to 0
2026-06-13 23:55:56.111 9 INFO neutron.api.wsgi [None req-ebd3bf50-24bc-44b0-8cb9-7672150abe2d 67f8b6d5bb824612997275562ab8625c 7cca93b666a6459b8c21f48b8b14a732 - - default default] 10.0.0.14 "POST /v2.0/security-group-rules HTTP/1.1" status: 201 len: 796 time: 0.1986425
2026-06-13 23:55:56.122 9 WARNING neutron_lib.context [None req-3764f923-3130-4560-9fa7-bb8ee79f718a 67f8b6d5bb824612997275562ab8625c 7cca93b666a6459b8c21f48b8b14a732 - - default default] Method 'is_advsvc' is deprecated since 2023.2 release (neutron-lib 3.8.0) and will be removed once support for the old RBAC API policies will be removed from Neutron. Please use method 'is_service_role' instead.
2026-06-13 23:55:56.185 9 INFO neutron.api.wsgi [req-9abe289a-8b96-48bb-930c-e68a91effc35 req-ebdfd4f3-4aff-4f9d-a6db-39ed55475c51 a3649dd5c3c74006bbd5202e293ffc9e 44357df3051c42f9828f5d3181f30ed1 - - default default] 10.0.0.229 "GET /v2.0/ports?device_id=13e421d8-ff8c-41f7-8369-8b955e6768c1 HTTP/1.1" status: 200 len: 1168 time: 0.0422964
2026-06-13 23:55:56.235 10 INFO neutron.api.wsgi [req-991447b9-e67e-417a-89b1-b8d3c83a5c3a req-9379b18a-c7a6-4766-819f-490feb1c1219 6ff19f356afa4429a6a40cef0e743bb1 ab70acb792074745bf2badb56b6a5bd3 - - default default] 10.0.0.229 "GET /v2.0/security-groups?id=651207b8-1551-44ee-bebf-b6144d457609&fields=id&fields=name HTTP/1.1" status: 200 len: 286 time: 0.1690967
2026-06-13 23:55:56.240 9 INFO neutron.api.wsgi [req-9abe289a-8b96-48bb-930c-e68a91effc35 req-0680c88c-cc82-4c13-bdfa-7abbf742b9e4 a3649dd5c3c74006bbd5202e293ffc9e 44357df3051c42f9828f5d3181f30ed1 - - default default] 10.0.0.229 "GET /v2.0/security-groups?id=f1007e3c-db1e-466a-bf1b-0cf409f40139&fields=id&fields=name HTTP/1.1" status: 200 len: 312 time: 0.0429811
2026-06-13 23:55:56.260 10 INFO neutron.db.ovn_revision_numbers_db [None req-68723cae-7b06-47d9-a3d0-4865c131e3ea - - - - - -] Successfully bumped revision number for resource a9dc735d-f9cb-47e9-8eac-eeae430a5807 (type: ports) to 1
2026-06-13 23:55:56.286 9 INFO neutron.db.ovn_revision_numbers_db [None req-3764f923-3130-4560-9fa7-bb8ee79f718a 67f8b6d5bb824612997275562ab8625c 7cca93b666a6459b8c21f48b8b14a732 - - default default] Successfully bumped revision number for resource 4fe3644f-d099-4b9d-a0d5-4215714592e9 (type: security_group_rules) to 0
2026-06-13 23:55:56.287 9 WARNING neutron.scheduler.dhcp_agent_scheduler [None req-251e2735-f428-48be-b49f-e488f7a92894 a4575adf4cdd40c79c6b08240389dc13 3f9c90b0dcd94d44aa508c514ef3d755 - - default default] No more DHCP agents
2026-06-13 23:55:56.288 9 WARNING neutron.api.rpc.agentnotifiers.dhcp_rpc_agent_api [None req-251e2735-f428-48be-b49f-e488f7a92894 a4575adf4cdd40c79c6b08240389dc13 3f9c90b0dcd94d44aa508c514ef3d755 - - default default] Unable to schedule network 0e047033-0feb-443c-b1a7-e6845b3b28d2: no agents available; will retry on subsequent port and subnet creation events.
2026-06-13 23:55:56.316 9 INFO neutron.api.wsgi [None req-3764f923-3130-4560-9fa7-bb8ee79f718a 67f8b6d5bb824612997275562ab8625c 7cca93b666a6459b8c21f48b8b14a732 - - default default] 10.0.0.14 "POST /v2.0/security-group-rules HTTP/1.1" status: 201 len: 801 time: 0.1983712
2026-06-13 23:55:56.324 9 WARNING neutron_lib.context [None req-d0e53ab7-e0fa-4926-8fc7-2804171c9bab 67f8b6d5bb824612997275562ab8625c 7cca93b666a6459b8c21f48b8b14a732 - - default default] Method 'is_advsvc' is deprecated since 2023.2 release (neutron-lib 3.8.0) and will be removed once support for the old RBAC API policies will be removed from Neutron. Please use method 'is_service_role' instead.
2026-06-13 23:55:56.399 9 INFO neutron.db.ovn_revision_numbers_db [None req-251e2735-f428-48be-b49f-e488f7a92894 a4575adf4cdd40c79c6b08240389dc13 3f9c90b0dcd94d44aa508c514ef3d755 - - default default] Successfully bumped revision number for resource ba4c3ea8-555c-492f-b602-8647716a6839 (type: ports) to 1
2026-06-13 23:55:56.531 10 INFO neutron.db.ovn_revision_numbers_db [None req-68723cae-7b06-47d9-a3d0-4865c131e3ea - - - - - -] Successfully bumped revision number for resource a9dc735d-f9cb-47e9-8eac-eeae430a5807 (type: ports) to 4
2026-06-13 23:55:56.703 9 WARNING neutron.scheduler.dhcp_agent_scheduler [None req-d0e53ab7-e0fa-4926-8fc7-2804171c9bab 67f8b6d5bb824612997275562ab8625c 7cca93b666a6459b8c21f48b8b14a732 - - default default] No more DHCP agents
2026-06-13 23:55:56.705 9 WARNING neutron.api.rpc.agentnotifiers.dhcp_rpc_agent_api [None req-d0e53ab7-e0fa-4926-8fc7-2804171c9bab 67f8b6d5bb824612997275562ab8625c 7cca93b666a6459b8c21f48b8b14a732 - - default default] Unable to schedule network a1989ccb-af26-48f1-a0d4-7666d6cf0335: no agents available; will retry on subsequent port and subnet creation events.
2026-06-13 23:55:56.795 10 INFO neutron.db.ovn_revision_numbers_db [None req-68723cae-7b06-47d9-a3d0-4865c131e3ea - - - - - -] Successfully bumped revision number for resource a9dc735d-f9cb-47e9-8eac-eeae430a5807 (type: ports) to 5
2026-06-13 23:55:57.040 9 INFO neutron.api.wsgi [None req-d0e53ab7-e0fa-4926-8fc7-2804171c9bab 67f8b6d5bb824612997275562ab8625c 7cca93b666a6459b8c21f48b8b14a732 - - default default] 10.0.0.14 "POST /v2.0/floatingips HTTP/1.1" status: 201 len: 751 time: 0.7190673
2026-06-13 23:55:57.166 9 INFO neutron.db.ovn_revision_numbers_db [None req-251e2735-f428-48be-b49f-e488f7a92894 a4575adf4cdd40c79c6b08240389dc13 3f9c90b0dcd94d44aa508c514ef3d755 - - default default] Successfully bumped revision number for resource ba4c3ea8-555c-492f-b602-8647716a6839 (type: ports) to 1
2026-06-13 23:55:57.228 9 WARNING neutron.scheduler.dhcp_agent_scheduler [None req-251e2735-f428-48be-b49f-e488f7a92894 a4575adf4cdd40c79c6b08240389dc13 3f9c90b0dcd94d44aa508c514ef3d755 - - default default] No more DHCP agents
2026-06-13 23:55:57.229 9 WARNING neutron.api.rpc.agentnotifiers.dhcp_rpc_agent_api [None req-251e2735-f428-48be-b49f-e488f7a92894 a4575adf4cdd40c79c6b08240389dc13 3f9c90b0dcd94d44aa508c514ef3d755 - - default default] Unable to schedule network 0e047033-0feb-443c-b1a7-e6845b3b28d2: no agents available; will retry on subsequent port and subnet creation events.
2026-06-13 23:55:57.356 10 INFO neutron.api.wsgi [req-ded754c6-8e04-4f4b-b795-01579d1261b0 req-8ef79860-d8ad-481f-9ddb-4898fee6871b 6ff19f356afa4429a6a40cef0e743bb1 ab70acb792074745bf2badb56b6a5bd3 - - default default] 10.0.0.229 "GET /v2.0/ports?device_id=3e56d59b-140e-4303-a7e9-fd7902bbf85f HTTP/1.1" status: 200 len: 1172 time: 0.0434537
2026-06-13 23:55:57.392 10 INFO neutron.api.wsgi [req-ded754c6-8e04-4f4b-b795-01579d1261b0 req-f9b75f9f-1e23-4f11-a4d0-a65966fc2a18 6ff19f356afa4429a6a40cef0e743bb1 ab70acb792074745bf2badb56b6a5bd3 - - default default] 10.0.0.229 "GET /v2.0/security-groups?id=651207b8-1551-44ee-bebf-b6144d457609&fields=id&fields=name HTTP/1.1" status: 200 len: 286 time: 0.0303395
2026-06-13 23:55:57.426 9 INFO neutron.api.wsgi [req-b8134b06-9204-489c-a614-b58dd847bbd8 req-488cd59b-b2b9-424d-a0ba-42fabe13dfe8 a3649dd5c3c74006bbd5202e293ffc9e 44357df3051c42f9828f5d3181f30ed1 - - default default] 10.0.0.229 "GET /v2.0/ports?device_id=13e421d8-ff8c-41f7-8369-8b955e6768c1 HTTP/1.1" status: 200 len: 1168 time: 0.0913465
2026-06-13 23:55:57.496 9 INFO neutron.api.wsgi [req-b8134b06-9204-489c-a614-b58dd847bbd8 req-d7ffecae-51e3-4fcb-8abd-675c2969b2bf a3649dd5c3c74006bbd5202e293ffc9e 44357df3051c42f9828f5d3181f30ed1 - - default default] 10.0.0.229 "GET /v2.0/security-groups?id=f1007e3c-db1e-466a-bf1b-0cf409f40139&fields=id&fields=name HTTP/1.1" status: 200 len: 312 time: 0.0597937
2026-06-13 23:55:58.048 9 INFO neutron.db.ovn_revision_numbers_db [None req-251e2735-f428-48be-b49f-e488f7a92894 a4575adf4cdd40c79c6b08240389dc13 3f9c90b0dcd94d44aa508c514ef3d755 - - default default] Successfully bumped revision number for resource ba4c3ea8-555c-492f-b602-8647716a6839 (type: router_ports) to 1
2026-06-13 23:55:58.055 9 INFO neutron.api.wsgi [None req-251e2735-f428-48be-b49f-e488f7a92894 a4575adf4cdd40c79c6b08240389dc13 3f9c90b0dcd94d44aa508c514ef3d755 - - default default] 10.0.0.14 "PUT /v2.0/routers/a1293c1a-cfe5-4a05-9a0b-6789ce23e55c/add_router_interface HTTP/1.1" status: 200 len: 503 time: 2.2595778
2026-06-13 23:55:58.496 10 INFO neutron.api.wsgi [req-1b05a9f7-7c00-458c-b5b2-e278111cbe63 req-124fd70e-99cc-4f59-a4fe-70a0e8ca0a36 6ff19f356afa4429a6a40cef0e743bb1 ab70acb792074745bf2badb56b6a5bd3 - - default default] 10.0.0.229 "GET /v2.0/ports?device_id=3e56d59b-140e-4303-a7e9-fd7902bbf85f HTTP/1.1" status: 200 len: 1172 time: 0.0287817
2026-06-13 23:55:58.534 10 INFO neutron.api.wsgi [req-1b05a9f7-7c00-458c-b5b2-e278111cbe63 req-d7a5509a-0876-4d6c-9945-49229efc35f2 6ff19f356afa4429a6a40cef0e743bb1 ab70acb792074745bf2badb56b6a5bd3 - - default default] 10.0.0.229 "GET /v2.0/security-groups?id=651207b8-1551-44ee-bebf-b6144d457609&fields=id&fields=name HTTP/1.1" status: 200 len: 286 time: 0.0317159
2026-06-13 23:55:58.547 10 WARNING neutron_lib.context [None req-5c56abd0-f37a-4b2b-863e-ac6bbbf358f5 b579ff71df7f4d67acdb3a8f051ef697 1cf5f94744664c3d83322cd4e72f931b - - default default] Method 'is_advsvc' is deprecated since 2023.2 release (neutron-lib 3.8.0) and will be removed once support for the old RBAC API policies will be removed from Neutron. Please use method 'is_service_role' instead.
2026-06-13 23:55:58.592 9 INFO neutron.api.wsgi [req-552dee34-33d0-464b-aa14-e5b44f58ba9a req-1f0e5b4d-1377-4f66-8a7a-e748b98c9c86 a3649dd5c3c74006bbd5202e293ffc9e 44357df3051c42f9828f5d3181f30ed1 - - default default] 10.0.0.229 "GET /v2.0/ports?device_id=13e421d8-ff8c-41f7-8369-8b955e6768c1 HTTP/1.1" status: 200 len: 1168 time: 0.0330949
2026-06-13 23:55:58.636 9 INFO neutron.api.wsgi [req-552dee34-33d0-464b-aa14-e5b44f58ba9a req-ff53ba9a-b04b-443b-9bde-9de4c56748ec a3649dd5c3c74006bbd5202e293ffc9e 44357df3051c42f9828f5d3181f30ed1 - - default default] 10.0.0.229 "GET /v2.0/security-groups?id=f1007e3c-db1e-466a-bf1b-0cf409f40139&fields=id&fields=name HTTP/1.1" status: 200 len: 312 time: 0.0427830
2026-06-13 23:55:58.648 10 INFO neutron.db.ovn_revision_numbers_db [None req-5c56abd0-f37a-4b2b-863e-ac6bbbf358f5 b579ff71df7f4d67acdb3a8f051ef697 1cf5f94744664c3d83322cd4e72f931b - - default default] Successfully bumped revision number for resource c15b6da0-4bee-4b5f-bad8-33bfc89acd84 (type: security_groups) to 1
2026-06-13 23:55:58.664 10 INFO neutron.plugins.ml2.drivers.ovn.mech_driver.mech_driver [None req-1ce7eca1-d049-45bb-abc4-4335044092cb - - - - - -] OVN reports status up for port: 34133068-d031-4efd-b316-184b96670ad1
2026-06-13 23:55:58.665 10 INFO neutron.db.ovn_revision_numbers_db [None req-5c56abd0-f37a-4b2b-863e-ac6bbbf358f5 b579ff71df7f4d67acdb3a8f051ef697 1cf5f94744664c3d83322cd4e72f931b - - default default] Successfully bumped revision number for resource 48df47e6-12d0-46a8-a399-5fdbfed28dcc (type: security_group_rules) to 0
2026-06-13 23:55:58.674 10 INFO neutron.plugins.ml2.plugin [None req-1ce7eca1-d049-45bb-abc4-4335044092cb - - - - - -] Attempt 1 to provision port 34133068-d031-4efd-b316-184b96670ad1
2026-06-13 23:55:58.676 10 INFO neutron.db.ovn_revision_numbers_db [None req-5c56abd0-f37a-4b2b-863e-ac6bbbf358f5 b579ff71df7f4d67acdb3a8f051ef697 1cf5f94744664c3d83322cd4e72f931b - - default default] Successfully bumped revision number for resource d2a6b253-dbf2-4564-b410-75dd1c12cf90 (type: security_group_rules) to 0
2026-06-13 23:55:58.723 10 INFO neutron.api.wsgi [None req-5c56abd0-f37a-4b2b-863e-ac6bbbf358f5 b579ff71df7f4d67acdb3a8f051ef697 1cf5f94744664c3d83322cd4e72f931b - - default default] 10.0.0.14 "POST /v2.0/security-groups HTTP/1.1" status: 201 len: 1860 time: 0.1815693
2026-06-13 23:55:58.743 10 WARNING neutron_lib.context [None req-196f29b2-74ea-420f-87ca-8ec2af0a4fa5 b579ff71df7f4d67acdb3a8f051ef697 1cf5f94744664c3d83322cd4e72f931b - - default default] Method 'is_advsvc' is deprecated since 2023.2 release (neutron-lib 3.8.0) and will be removed once support for the old RBAC API policies will be removed from Neutron. Please use method 'is_service_role' instead.
2026-06-13 23:55:58.880 10 INFO neutron.db.ovn_revision_numbers_db [None req-196f29b2-74ea-420f-87ca-8ec2af0a4fa5 b579ff71df7f4d67acdb3a8f051ef697 1cf5f94744664c3d83322cd4e72f931b - - default default] Successfully bumped revision number for resource f7ed722c-d252-45e9-967b-21f3af2113a7 (type: security_group_rules) to 0
2026-06-13 23:55:58.905 10 INFO neutron.db.ovn_revision_numbers_db [None req-1ce7eca1-d049-45bb-abc4-4335044092cb - - - - - -] Successfully bumped revision number for resource 34133068-d031-4efd-b316-184b96670ad1 (type: ports) to 5
2026-06-13 23:55:58.921 10 INFO neutron.api.wsgi [None req-196f29b2-74ea-420f-87ca-8ec2af0a4fa5 b579ff71df7f4d67acdb3a8f051ef697 1cf5f94744664c3d83322cd4e72f931b - - default default] 10.0.0.14 "POST /v2.0/security-group-rules HTTP/1.1" status: 201 len: 796 time: 0.1936328
2026-06-13 23:55:58.928 10 WARNING neutron_lib.context [None req-ffb57f8a-4f05-4f5c-8354-332431661ae8 b579ff71df7f4d67acdb3a8f051ef697 1cf5f94744664c3d83322cd4e72f931b - - default default] Method 'is_advsvc' is deprecated since 2023.2 release (neutron-lib 3.8.0) and will be removed once support for the old RBAC API policies will be removed from Neutron. Please use method 'is_service_role' instead.
2026-06-13 23:55:58.983 10 INFO neutron.plugins.ml2.drivers.ovn.mech_driver.mech_driver [None req-35392d41-63fe-4321-a413-5968d40fa7db - - - - - -] OVN reports status up for port: a861faba-b6bb-4b64-8773-bd155861f802
2026-06-13 23:55:58.995 10 INFO neutron.plugins.ml2.plugin [None req-35392d41-63fe-4321-a413-5968d40fa7db - - - - - -] Attempt 1 to provision port a861faba-b6bb-4b64-8773-bd155861f802
2026-06-13 23:55:59.059 10 INFO neutron.db.ovn_revision_numbers_db [None req-ffb57f8a-4f05-4f5c-8354-332431661ae8 b579ff71df7f4d67acdb3a8f051ef697 1cf5f94744664c3d83322cd4e72f931b - - default default] Successfully bumped revision number for resource 7cb5926d-3f66-4a5b-8fba-f5f21d4b2946 (type: security_group_rules) to 0
2026-06-13 23:55:59.101 10 INFO neutron.api.wsgi [None req-ffb57f8a-4f05-4f5c-8354-332431661ae8 b579ff71df7f4d67acdb3a8f051ef697 1cf5f94744664c3d83322cd4e72f931b - - default default] 10.0.0.14 "POST /v2.0/security-group-rules HTTP/1.1" status: 201 len: 801 time: 0.1760893
2026-06-13 23:55:59.111 9 WARNING neutron_lib.context [None req-888713f1-66e1-47cc-a6af-a9c5e1da5001 b579ff71df7f4d67acdb3a8f051ef697 1cf5f94744664c3d83322cd4e72f931b - - default default] Method 'is_advsvc' is deprecated since 2023.2 release (neutron-lib 3.8.0) and will be removed once support for the old RBAC API policies will be removed from Neutron. Please use method 'is_service_role' instead.
2026-06-13 23:55:59.183 10 INFO neutron.notifiers.nova [-] Nova event matching ['req-a7b3c788-5cb5-488d-8359-43849982ca8c'] response: {'server_uuid': '3e56d59b-140e-4303-a7e9-fd7902bbf85f', 'name': 'network-vif-plugged', 'status': 'completed', 'tag': '34133068-d031-4efd-b316-184b96670ad1', 'code': 200}
2026-06-13 23:55:59.239 10 INFO neutron.db.ovn_revision_numbers_db [None req-35392d41-63fe-4321-a413-5968d40fa7db - - - - - -] Successfully bumped revision number for resource a861faba-b6bb-4b64-8773-bd155861f802 (type: ports) to 5
2026-06-13 23:55:59.300 10 INFO neutron.plugins.ml2.drivers.ovn.mech_driver.mech_driver [None req-dda3b9fb-cf65-4003-aae6-5cd6a783781b - - - - - -] OVN reports status up for port: ba4c3ea8-555c-492f-b602-8647716a6839
2026-06-13 23:55:59.306 10 INFO neutron.plugins.ml2.plugin [None req-dda3b9fb-cf65-4003-aae6-5cd6a783781b - - - - - -] Attempt 1 to provision port ba4c3ea8-555c-492f-b602-8647716a6839
2026-06-13 23:55:59.332 9 WARNING neutron.scheduler.dhcp_agent_scheduler [None req-888713f1-66e1-47cc-a6af-a9c5e1da5001 b579ff71df7f4d67acdb3a8f051ef697 1cf5f94744664c3d83322cd4e72f931b - - default default] No more DHCP agents
2026-06-13 23:55:59.333 9 WARNING neutron.api.rpc.agentnotifiers.dhcp_rpc_agent_api [None req-888713f1-66e1-47cc-a6af-a9c5e1da5001 b579ff71df7f4d67acdb3a8f051ef697 1cf5f94744664c3d83322cd4e72f931b - - default default] Unable to schedule network a1989ccb-af26-48f1-a0d4-7666d6cf0335: no agents available; will retry on subsequent port and subnet creation events.
2026-06-13 23:55:59.634 9 INFO neutron.api.wsgi [None req-888713f1-66e1-47cc-a6af-a9c5e1da5001 b579ff71df7f4d67acdb3a8f051ef697 1cf5f94744664c3d83322cd4e72f931b - - default default] 10.0.0.14 "POST /v2.0/floatingips HTTP/1.1" status: 201 len: 751 time: 0.5282118
2026-06-13 23:55:59.707 9 INFO neutron.api.wsgi [req-1e267a82-ce21-4c48-9b29-1fcd5fb51ea2 req-e2d56030-f04e-4c61-b0b0-7f6df942eaf2 6ff19f356afa4429a6a40cef0e743bb1 ab70acb792074745bf2badb56b6a5bd3 - - default default] 10.0.0.229 "GET /v2.0/ports?device_id=3e56d59b-140e-4303-a7e9-fd7902bbf85f HTTP/1.1" status: 200 len: 1174 time: 0.1014786 /var/lib/openstack/lib/python3.12/site-packages/pycadf/identifier.py:71: UserWarning: Invalid uuid: neutron. To ensure interoperability, identifiers should be a valid uuid. warnings.warn(('Invalid uuid: %s. To ensure interoperability, '
2026-06-13 23:55:59.754 10 INFO neutron.db.ovn_revision_numbers_db [None req-dda3b9fb-cf65-4003-aae6-5cd6a783781b - - - - - -] Successfully bumped revision number for resource ba4c3ea8-555c-492f-b602-8647716a6839 (type: ports) to 2
2026-06-13 23:55:59.771 9 INFO neutron.api.wsgi [req-1e267a82-ce21-4c48-9b29-1fcd5fb51ea2 req-467ac6a7-c5b1-42b4-b69e-c588f9c3b94a 6ff19f356afa4429a6a40cef0e743bb1 ab70acb792074745bf2badb56b6a5bd3 - - default default] 10.0.0.229 "GET /v2.0/security-groups?id=651207b8-1551-44ee-bebf-b6144d457609&fields=id&fields=name HTTP/1.1" status: 200 len: 286 time: 0.0554850
2026-06-13 23:55:59.825 10 INFO neutron.api.wsgi [req-d6ce27a2-954c-4be4-b1a8-f7011af9a201 req-fb79aa02-30e8-4a85-ad2c-011a9450ad09 a3649dd5c3c74006bbd5202e293ffc9e 44357df3051c42f9828f5d3181f30ed1 - - default default] 10.0.0.229 "GET /v2.0/ports?device_id=13e421d8-ff8c-41f7-8369-8b955e6768c1 HTTP/1.1" status: 200 len: 1170 time: 0.1015387
2026-06-13 23:55:59.857 10 INFO neutron.api.wsgi [req-d6ce27a2-954c-4be4-b1a8-f7011af9a201 req-7116be1f-83f1-45dc-86e6-a896dd92865c a3649dd5c3c74006bbd5202e293ffc9e 44357df3051c42f9828f5d3181f30ed1 - - default default] 10.0.0.229 "GET /v2.0/security-groups?id=f1007e3c-db1e-466a-bf1b-0cf409f40139&fields=id&fields=name HTTP/1.1" status: 200 len: 312 time: 0.0265574
2026-06-13 23:56:00.064 9 INFO neutron.api.wsgi [req-748254b7-f442-48c0-8631-af15f4baa3f7 req-cd4d9564-517b-4632-9089-d6f183e0638f b579ff71df7f4d67acdb3a8f051ef697 1cf5f94744664c3d83322cd4e72f931b - - default default] 10.0.0.229 "GET /v2.0/security-groups?name=tempest-securitygroup--339224997&fields=id&tenant_id=1cf5f94744664c3d83322cd4e72f931b HTTP/1.1" status: 200 len: 267 time: 0.0350564
2026-06-13 23:56:00.108 9 INFO neutron.api.wsgi [req-748254b7-f442-48c0-8631-af15f4baa3f7 req-d2586483-ae9b-465a-ab00-3155fa0cce7d b579ff71df7f4d67acdb3a8f051ef697 1cf5f94744664c3d83322cd4e72f931b - - default default] 10.0.0.229 "GET /v2.0/networks?id=0e047033-0feb-443c-b1a7-e6845b3b28d2 HTTP/1.1" status: 200 len: 882 time: 0.0383110
2026-06-13 23:56:00.122 9 INFO neutron.api.wsgi [req-748254b7-f442-48c0-8631-af15f4baa3f7 req-eb4ec931-7f2a-4a9a-a9f9-9bfcdc69f499 b579ff71df7f4d67acdb3a8f051ef697 1cf5f94744664c3d83322cd4e72f931b - - default default] 10.0.0.229 "GET /v2.0/quotas/1cf5f94744664c3d83322cd4e72f931b HTTP/1.1" status: 200 len: 491 time: 0.0084178
2026-06-13 23:56:00.198 9 INFO neutron.api.wsgi [req-748254b7-f442-48c0-8631-af15f4baa3f7 req-4a1fefe5-ef70-4f83-875e-afe1e05e707b b579ff71df7f4d67acdb3a8f051ef697 1cf5f94744664c3d83322cd4e72f931b - - default default] 10.0.0.229 "GET /v2.0/ports?tenant_id=1cf5f94744664c3d83322cd4e72f931b&fields=id HTTP/1.1" status: 200 len: 302 time: 0.0700600
2026-06-13 23:56:00.246 9 INFO neutron.api.wsgi [req-748254b7-f442-48c0-8631-af15f4baa3f7 req-9a6f5154-f073-4f36-8b03-7b3b946d2334 c7505b338671483d87e7ab08fd0ca435 3d1483b620fd4d198a33589cf7b6bbe6 - - 57931df8023144c59092a2fb0fce9280 57931df8023144c59092a2fb0fce9280] 10.0.0.229 "GET /v2.0/networks/0e047033-0feb-443c-b1a7-e6845b3b28d2?fields=segments HTTP/1.1" status: 200 len: 212 time: 0.0378337
2026-06-13 23:56:00.288 9 INFO neutron.api.wsgi [req-748254b7-f442-48c0-8631-af15f4baa3f7 req-8628afe0-2a0d-4693-8002-d7870e82c041 c7505b338671483d87e7ab08fd0ca435 3d1483b620fd4d198a33589cf7b6bbe6 - - 57931df8023144c59092a2fb0fce9280 57931df8023144c59092a2fb0fce9280] 10.0.0.229 "GET /v2.0/networks/0e047033-0feb-443c-b1a7-e6845b3b28d2?fields=provider%3Aphysical_network&fields=provider%3Anetwork_type HTTP/1.1" status: 200 len: 277 time: 0.0343099
2026-06-13 23:56:00.407 10 INFO neutron.api.wsgi [req-4b4e6cd4-81ee-4cda-822a-fd45848fbc40 req-83ad533b-8932-4e7b-938d-25497ae3e107 b579ff71df7f4d67acdb3a8f051ef697 1cf5f94744664c3d83322cd4e72f931b - - default default] 10.0.0.229 "GET /v2.0/ports?device_id=bb6bed9a-a2bf-40f2-84bd-3dc563183327 HTTP/1.1" status: 200 len: 210 time: 0.0213597
2026-06-13 23:56:00.868 9 INFO neutron.api.wsgi [req-22427feb-881d-4c6e-847c-6c4f02da4cbb req-daf83f45-1ab7-473c-9efe-144823e79d75 6ff19f356afa4429a6a40cef0e743bb1 ab70acb792074745bf2badb56b6a5bd3 - - default default] 10.0.0.229 "GET /v2.0/ports?device_id=3e56d59b-140e-4303-a7e9-fd7902bbf85f HTTP/1.1" status: 200 len: 1174 time: 0.0348041
2026-06-13 23:56:00.911 9 INFO neutron.api.wsgi [req-22427feb-881d-4c6e-847c-6c4f02da4cbb req-bd729b5a-85a0-48fb-b7d8-c8e6093f7a94 6ff19f356afa4429a6a40cef0e743bb1 ab70acb792074745bf2badb56b6a5bd3 - - default default] 10.0.0.229 "GET /v2.0/security-groups?id=651207b8-1551-44ee-bebf-b6144d457609&fields=id&fields=name HTTP/1.1" status: 200 len: 286 time: 0.0369797
2026-06-13 23:56:00.966 10 INFO neutron.api.wsgi [req-7c00a8ed-f94a-4b58-bc8c-d4b8279f8d3b req-36bb2ad4-a7f7-4932-b77a-928cf6850133 a3649dd5c3c74006bbd5202e293ffc9e 44357df3051c42f9828f5d3181f30ed1 - - default default] 10.0.0.229 "GET /v2.0/ports?device_id=13e421d8-ff8c-41f7-8369-8b955e6768c1 HTTP/1.1" status: 200 len: 1170 time: 0.0375433
2026-06-13 23:56:01.014 10 INFO neutron.api.wsgi [req-7c00a8ed-f94a-4b58-bc8c-d4b8279f8d3b req-f8969b5d-adb8-4234-9c94-ace52c0ca2ae a3649dd5c3c74006bbd5202e293ffc9e 44357df3051c42f9828f5d3181f30ed1 - - default default] 10.0.0.229 "GET /v2.0/security-groups?id=f1007e3c-db1e-466a-bf1b-0cf409f40139&fields=id&fields=name HTTP/1.1" status: 200 len: 312 time: 0.0420496
2026-06-13 23:56:01.070 9 WARNING neutron.plugins.ml2.drivers.ovn.mech_driver.ovsdb.ovn_client [None req-72c2fd6b-1904-4e50-834c-646f999a9b90 - - - - - -] No hosting information found for port eccc3e48-daae-4cd2-aaae-08494190c23e: RuntimeError: No hosting information found for port eccc3e48-daae-4cd2-aaae-08494190c23e
2026-06-13 23:56:01.143 9 INFO neutron.db.ovn_revision_numbers_db [None req-72c2fd6b-1904-4e50-834c-646f999a9b90 - - - - - -] Successfully bumped revision number for resource eccc3e48-daae-4cd2-aaae-08494190c23e (type: router_ports) to 2
2026-06-13 23:56:01.219 10 INFO neutron.notifiers.nova [-] Nova event matching ['req-f2b4626d-b703-4a04-af2f-3098b76e2955'] response: {'server_uuid': '3e56d59b-140e-4303-a7e9-fd7902bbf85f', 'name': 'network-vif-plugged', 'status': 'completed', 'tag': '34133068-d031-4efd-b316-184b96670ad1', 'code': 200}
2026-06-13 23:56:01.219 10 INFO neutron.notifiers.nova [-] Nova event matching ['req-f2b4626d-b703-4a04-af2f-3098b76e2955'] response: {'server_uuid': '13e421d8-ff8c-41f7-8369-8b955e6768c1', 'name': 'network-vif-plugged', 'status': 'completed', 'tag': 'a861faba-b6bb-4b64-8773-bd155861f802', 'code': 200}
2026-06-13 23:56:01.220 10 INFO neutron.notifiers.nova [-] Nova event matching ['req-f2b4626d-b703-4a04-af2f-3098b76e2955'] response: {'server_uuid': '13e421d8-ff8c-41f7-8369-8b955e6768c1', 'name': 'network-vif-plugged', 'status': 'completed', 'tag': 'a861faba-b6bb-4b64-8773-bd155861f802', 'code': 200}
2026-06-13 23:56:01.279 9 INFO neutron.api.wsgi [req-87332f01-b61d-4a84-859b-32a144eb6ad0 req-5eb6481f-510c-4c57-ac6e-12e36f7ec3d6 6ff19f356afa4429a6a40cef0e743bb1 ab70acb792074745bf2badb56b6a5bd3 - - default default] 10.0.0.229 "GET /v2.0/ports?device_id=3e56d59b-140e-4303-a7e9-fd7902bbf85f HTTP/1.1" status: 200 len: 1174 time: 0.0335588
2026-06-13 23:56:01.314 9 INFO neutron.api.wsgi [req-87332f01-b61d-4a84-859b-32a144eb6ad0 req-4122a64e-9138-469a-afbd-3a58341a269d 6ff19f356afa4429a6a40cef0e743bb1 ab70acb792074745bf2badb56b6a5bd3 - - default default] 10.0.0.229 "GET /v2.0/security-groups?id=651207b8-1551-44ee-bebf-b6144d457609&fields=id&fields=name HTTP/1.1" status: 200 len: 286 time: 0.0300031
2026-06-13 23:56:01.517 10 INFO neutron.api.wsgi [req-f573ddf2-5c36-4c3d-a32b-b170776949a4 req-70a834f4-fa29-4d90-9318-663285ff31bf b579ff71df7f4d67acdb3a8f051ef697 1cf5f94744664c3d83322cd4e72f931b - - default default] 10.0.0.229 "GET /v2.0/ports?device_id=bb6bed9a-a2bf-40f2-84bd-3dc563183327 HTTP/1.1" status: 200 len: 210 time: 0.0441225
2026-06-13 23:56:01.698 9 INFO neutron.api.wsgi [req-7f26ed96-4dc3-42a4-847e-95ff9603811a req-1a70f1b5-c533-4ffb-b338-60b60990917c 67f8b6d5bb824612997275562ab8625c 7cca93b666a6459b8c21f48b8b14a732 - - default default] 10.0.0.229 "GET /v2.0/security-groups?name=tempest-securitygroup--930021593&fields=id&tenant_id=7cca93b666a6459b8c21f48b8b14a732 HTTP/1.1" status: 200 len: 267 time: 0.0381246
2026-06-13 23:56:01.762 9 INFO neutron.api.wsgi [req-7f26ed96-4dc3-42a4-847e-95ff9603811a req-8752692d-4e2d-4942-9e74-342275112090 67f8b6d5bb824612997275562ab8625c 7cca93b666a6459b8c21f48b8b14a732 - - default default] 10.0.0.229 "GET /v2.0/networks?id=4d94caa8-c8f1-4ef2-9c48-4e0a97e3749b HTTP/1.1" status: 200 len: 877 time: 0.0574746
2026-06-13 23:56:01.782 9 INFO neutron.api.wsgi [req-7f26ed96-4dc3-42a4-847e-95ff9603811a req-6b1f75c8-f805-494e-8c39-3b727eb52073 67f8b6d5bb824612997275562ab8625c 7cca93b666a6459b8c21f48b8b14a732 - - default default] 10.0.0.229 "GET /v2.0/quotas/7cca93b666a6459b8c21f48b8b14a732 HTTP/1.1" status: 200 len: 491 time: 0.0165939
2026-06-13 23:56:01.863 9 INFO neutron.api.wsgi [req-7f26ed96-4dc3-42a4-847e-95ff9603811a req-e9abc0b0-6ce0-492a-985d-89664ba815ae 67f8b6d5bb824612997275562ab8625c 7cca93b666a6459b8c21f48b8b14a732 - - default default] 10.0.0.229 "GET /v2.0/ports?tenant_id=7cca93b666a6459b8c21f48b8b14a732&fields=id HTTP/1.1" status: 200 len: 302 time: 0.0754843
2026-06-13 23:56:01.922 9 INFO neutron.api.wsgi [req-7f26ed96-4dc3-42a4-847e-95ff9603811a req-1e1d1314-7b39-4f9f-8f66-0cf6bdeb2bd2 c7505b338671483d87e7ab08fd0ca435 3d1483b620fd4d198a33589cf7b6bbe6 - - 57931df8023144c59092a2fb0fce9280 57931df8023144c59092a2fb0fce9280] 10.0.0.229 "GET /v2.0/networks/4d94caa8-c8f1-4ef2-9c48-4e0a97e3749b?fields=segments HTTP/1.1" status: 200 len: 212 time: 0.0452952
2026-06-13 23:56:01.983 9 INFO neutron.api.wsgi [req-7f26ed96-4dc3-42a4-847e-95ff9603811a req-e53cc6b7-ea71-46c6-99dc-cbf9f49d8f69 c7505b338671483d87e7ab08fd0ca435 3d1483b620fd4d198a33589cf7b6bbe6 - - 57931df8023144c59092a2fb0fce9280 57931df8023144c59092a2fb0fce9280] 10.0.0.229 "GET /v2.0/networks/4d94caa8-c8f1-4ef2-9c48-4e0a97e3749b?fields=provider%3Aphysical_network&fields=provider%3Anetwork_type HTTP/1.1" status: 200 len: 277 time: 0.0556595
2026-06-13 23:56:02.136 10 INFO neutron.api.wsgi [req-e518294d-e4da-45a9-a3ca-7b0543697483 req-9e2e00e7-8645-47cd-824d-c81b34979306 a3649dd5c3c74006bbd5202e293ffc9e 44357df3051c42f9828f5d3181f30ed1 - - default default] 10.0.0.229 "GET /v2.0/ports?device_id=13e421d8-ff8c-41f7-8369-8b955e6768c1 HTTP/1.1" status: 200 len: 1170 time: 0.0512431
2026-06-13 23:56:02.189 10 INFO neutron.api.wsgi [req-e518294d-e4da-45a9-a3ca-7b0543697483 req-c162d732-8f5e-46de-9d9e-55dd81080666 a3649dd5c3c74006bbd5202e293ffc9e 44357df3051c42f9828f5d3181f30ed1 - - default default] 10.0.0.229 "GET /v2.0/security-groups?id=f1007e3c-db1e-466a-bf1b-0cf409f40139&fields=id&fields=name HTTP/1.1" status: 200 len: 312 time: 0.0472007
2026-06-13 23:56:02.316 10 INFO neutron.api.wsgi [req-b7b4c5d7-f3a5-41e2-bbaf-e700c80546a5 req-e88f13a9-10d0-4058-91c2-f4ee4719b319 67f8b6d5bb824612997275562ab8625c 7cca93b666a6459b8c21f48b8b14a732 - - default default] 10.0.0.229 "GET /v2.0/ports?device_id=5c52c706-15d8-4655-94cf-ed0bee757874 HTTP/1.1" status: 200 len: 210 time: 0.0274186
2026-06-13 23:56:02.419 9 INFO neutron.api.wsgi [req-65df6416-69a7-4fab-8955-8a56f3cc4a42 req-bd991ae0-66b1-4b8b-9a06-e1cc1eb5a8ff 6ff19f356afa4429a6a40cef0e743bb1 ab70acb792074745bf2badb56b6a5bd3 - - default default] 10.0.0.229 "GET /v2.0/ports?device_id=3e56d59b-140e-4303-a7e9-fd7902bbf85f HTTP/1.1" status: 200 len: 1174 time: 0.0391808
2026-06-13 23:56:02.458 9 INFO neutron.api.wsgi [req-65df6416-69a7-4fab-8955-8a56f3cc4a42 req-a6dc6d66-1ae2-4929-85c2-f452736ed9a3 6ff19f356afa4429a6a40cef0e743bb1 ab70acb792074745bf2badb56b6a5bd3 - - default default] 10.0.0.229 "GET /v2.0/security-groups?id=651207b8-1551-44ee-bebf-b6144d457609&fields=id&fields=name HTTP/1.1" status: 200 len: 286 time: 0.0333853
2026-06-13 23:56:02.607 10 INFO neutron.api.wsgi [req-acc3e32b-4a59-4080-9d0f-58d8942f240e req-134e6b46-9f8b-4dfc-9e75-82503e580787 b579ff71df7f4d67acdb3a8f051ef697 1cf5f94744664c3d83322cd4e72f931b - - default default] 10.0.0.229 "GET /v2.0/ports?device_id=bb6bed9a-a2bf-40f2-84bd-3dc563183327 HTTP/1.1" status: 200 len: 210 time: 0.0208113
2026-06-13 23:56:03.025 9 INFO neutron.api.wsgi [req-78a51987-427f-449a-9eda-a08f3ee39f5a req-625e7b8e-d0f1-4dcb-8207-bcd17ce33e62 6ff19f356afa4429a6a40cef0e743bb1 ab70acb792074745bf2badb56b6a5bd3 - - default default] 199.204.45.25 "GET /v2.0/ports?device_id=3e56d59b-140e-4303-a7e9-fd7902bbf85f HTTP/1.1" status: 200 len: 1174 time: 0.0382297
2026-06-13 23:56:03.322 9 INFO neutron.api.wsgi [req-89b0ae09-107e-485e-bcf5-627687a80df4 req-b1bbef53-749e-406d-bf4c-e9b8374f1515 a3649dd5c3c74006bbd5202e293ffc9e 44357df3051c42f9828f5d3181f30ed1 - - default default] 10.0.0.229 "GET /v2.0/ports?device_id=13e421d8-ff8c-41f7-8369-8b955e6768c1 HTTP/1.1" status: 200 len: 1170 time: 0.0781565
2026-06-13 23:56:03.348 9 INFO neutron.api.wsgi [req-78a51987-427f-449a-9eda-a08f3ee39f5a req-7d919dcb-46eb-4e30-b3f1-0eab3219fd03 6ff19f356afa4429a6a40cef0e743bb1 ab70acb792074745bf2badb56b6a5bd3 - - default default] 199.204.45.25 "DELETE /v2.0/ports/34133068-d031-4efd-b316-184b96670ad1 HTTP/1.1" status: 204 len: 173 time: 0.3198171
2026-06-13 23:56:03.448 9 INFO neutron.api.wsgi [req-89b0ae09-107e-485e-bcf5-627687a80df4 req-1ad8e01e-c22f-4c7b-b880-377019eba693 a3649dd5c3c74006bbd5202e293ffc9e 44357df3051c42f9828f5d3181f30ed1 - - default default] 10.0.0.229 "GET /v2.0/security-groups?id=f1007e3c-db1e-466a-bf1b-0cf409f40139&fields=id&fields=name HTTP/1.1" status: 200 len: 312 time: 0.1208341
2026-06-13 23:56:03.490 10 INFO neutron.api.wsgi [req-e77f7840-e8cc-424d-b1b7-902567acf9ba req-1a514a9c-bdfb-42d7-a0d5-01bc2b5a80aa 67f8b6d5bb824612997275562ab8625c 7cca93b666a6459b8c21f48b8b14a732 - - default default] 10.0.0.229 "GET /v2.0/ports?device_id=5c52c706-15d8-4655-94cf-ed0bee757874 HTTP/1.1" status: 200 len: 210 time: 0.0186939
2026-06-13 23:56:03.512 9 INFO neutron.notifiers.nova [-] Nova event matching ['req-fc1c4d95-34c8-47db-a9d4-889c0b5954a3'] response: {'server_uuid': '3e56d59b-140e-4303-a7e9-fd7902bbf85f', 'name': 'network-vif-deleted', 'tag': '34133068-d031-4efd-b316-184b96670ad1', 'status': 'completed', 'code': 200}
2026-06-13 23:56:03.544 10 INFO neutron.api.wsgi [req-a75cc5b5-6967-4450-99a5-7baf9473d56b req-cf088066-2085-4651-aa9f-c5192471e946 6ff19f356afa4429a6a40cef0e743bb1 ab70acb792074745bf2badb56b6a5bd3 - - default default] 10.0.0.229 "GET /v2.0/ports?device_id=3e56d59b-140e-4303-a7e9-fd7902bbf85f HTTP/1.1" status: 200 len: 210 time: 0.0223804
2026-06-13 23:56:03.573 9 INFO neutron.api.wsgi [req-5697f623-7a21-46db-9beb-7bba4e91efaa req-2ed4c166-a428-440e-8059-6799dff6a5ef a3649dd5c3c74006bbd5202e293ffc9e 44357df3051c42f9828f5d3181f30ed1 - - default default] 10.0.0.229 "GET /v2.0/ports?device_id=13e421d8-ff8c-41f7-8369-8b955e6768c1 HTTP/1.1" status: 200 len: 1170 time: 0.0300314
2026-06-13 23:56:03.685 10 INFO neutron.api.wsgi [req-c9da7c7e-65ce-4326-a806-49f6973a5238 req-7615ae60-b548-4fc2-877b-900fc234d273 b579ff71df7f4d67acdb3a8f051ef697 1cf5f94744664c3d83322cd4e72f931b - - default default] 10.0.0.229 "GET /v2.0/ports?device_id=bb6bed9a-a2bf-40f2-84bd-3dc563183327 HTTP/1.1" status: 200 len: 210 time: 0.0205188
2026-06-13 23:56:04.297 9 INFO neutron.db.ovn_revision_numbers_db [None req-feff7906-7772-4cd8-a283-dd6010405d11 a3649dd5c3c74006bbd5202e293ffc9e 44357df3051c42f9828f5d3181f30ed1 - - default default] Successfully bumped revision number for resource 6e2613a1-c315-4aef-a27c-f30ee724be6a (type: floatingips) to 1
2026-06-13 23:56:04.430 9 INFO neutron.db.ovn_revision_numbers_db [None req-feff7906-7772-4cd8-a283-dd6010405d11 a3649dd5c3c74006bbd5202e293ffc9e 44357df3051c42f9828f5d3181f30ed1 - - default default] Successfully bumped revision number for resource 6e2613a1-c315-4aef-a27c-f30ee724be6a (type: floatingips) to 2
2026-06-13 23:56:04.430 9 INFO neutron.db.l3_db [None req-feff7906-7772-4cd8-a283-dd6010405d11 a3649dd5c3c74006bbd5202e293ffc9e 44357df3051c42f9828f5d3181f30ed1 - - default default] Floating IP 6e2613a1-c315-4aef-a27c-f30ee724be6a associated. External IP: 10.96.250.207, port: a861faba-b6bb-4b64-8773-bd155861f802.
2026-06-13 23:56:04.462 9 INFO neutron.api.wsgi [None req-feff7906-7772-4cd8-a283-dd6010405d11 a3649dd5c3c74006bbd5202e293ffc9e 44357df3051c42f9828f5d3181f30ed1 - - default default] 10.0.0.14 "PUT /v2.0/floatingips/6e2613a1-c315-4aef-a27c-f30ee724be6a HTTP/1.1" status: 200 len: 1049 time: 0.8746445
2026-06-13 23:56:04.568 9 INFO neutron.api.wsgi [req-c2caf111-3b1f-4f71-b309-f1f68677116a req-f54a2ad1-358c-4333-91c8-60c08a8f7f9b a3649dd5c3c74006bbd5202e293ffc9e 44357df3051c42f9828f5d3181f30ed1 - - default default] 10.0.0.229 "GET /v2.0/ports?device_id=13e421d8-ff8c-41f7-8369-8b955e6768c1 HTTP/1.1" status: 200 len: 1170 time: 0.0544424
2026-06-13 23:56:04.583 10 INFO neutron.api.wsgi [req-ea37210a-ae42-4c8f-b422-94a749cd6b98 req-5b663d6c-12ab-4940-b5dc-60a63102c1de 67f8b6d5bb824612997275562ab8625c 7cca93b666a6459b8c21f48b8b14a732 - - default default] 10.0.0.229 "GET /v2.0/ports?device_id=5c52c706-15d8-4655-94cf-ed0bee757874 HTTP/1.1" status: 200 len: 210 time: 0.0214562
2026-06-13 23:56:04.605 9 INFO neutron.api.wsgi [req-c2caf111-3b1f-4f71-b309-f1f68677116a req-95fcdef7-80a2-4e97-97db-8bf180aebe26 a3649dd5c3c74006bbd5202e293ffc9e 44357df3051c42f9828f5d3181f30ed1 - - default default] 10.0.0.229 "GET /v2.0/security-groups?id=f1007e3c-db1e-466a-bf1b-0cf409f40139&fields=id&fields=name HTTP/1.1" status: 200 len: 312 time: 0.0323229
2026-06-13 23:56:04.669 10 INFO neutron.api.wsgi [req-0f231cf9-7c1c-42fb-8627-7916cef05d50 req-eb524ef2-cb81-492a-9bc7-c5c1b235242e 6ff19f356afa4429a6a40cef0e743bb1 ab70acb792074745bf2badb56b6a5bd3 - - default default] 10.0.0.229 "GET /v2.0/ports?device_id=3e56d59b-140e-4303-a7e9-fd7902bbf85f HTTP/1.1" status: 200 len: 210 time: 0.0253310
2026-06-13 23:56:04.764 9 INFO neutron.api.wsgi [-] 10.0.0.28 "GET / HTTP/1.1" status: 200 len: 246 time: 0.0025258
2026-06-13 23:56:04.764 10 INFO neutron.api.wsgi [-] 10.0.0.28 "GET / HTTP/1.1" status: 200 len: 246 time: 0.0012574
2026-06-13 23:56:04.768 10 INFO neutron.api.wsgi [req-196c6292-1662-40fd-b134-cadfcd052ff0 req-d9846bec-4f45-40a9-b720-9a4412e35ba4 b579ff71df7f4d67acdb3a8f051ef697 1cf5f94744664c3d83322cd4e72f931b - - default default] 10.0.0.229 "GET /v2.0/ports?device_id=bb6bed9a-a2bf-40f2-84bd-3dc563183327 HTTP/1.1" status: 200 len: 210 time: 0.0278871
2026-06-13 23:56:04.777 10 WARNING neutron.plugins.ml2.drivers.ovn.mech_driver.ovsdb.ovn_client [None req-333e5e0d-322a-413f-a1d3-1f7cb90806a4 - - - - - -] No hosting information found for port ba4c3ea8-555c-492f-b602-8647716a6839: RuntimeError: No hosting information found for port ba4c3ea8-555c-492f-b602-8647716a6839
2026-06-13 23:56:04.861 10 INFO neutron.db.ovn_revision_numbers_db [None req-333e5e0d-322a-413f-a1d3-1f7cb90806a4 - - - - - -] Successfully bumped revision number for resource ba4c3ea8-555c-492f-b602-8647716a6839 (type: router_ports) to 2
2026-06-13 23:56:04.912 10 INFO neutron.api.wsgi [req-111e65e5-6c1b-4954-907c-c0e8d1891dd7 req-e6b6cab8-ebbb-40b3-a479-4ce6e05e6a29 a3649dd5c3c74006bbd5202e293ffc9e 44357df3051c42f9828f5d3181f30ed1 - - default default] 10.0.0.229 "GET /v2.0/ports?device_id=13e421d8-ff8c-41f7-8369-8b955e6768c1 HTTP/1.1" status: 200 len: 1170 time: 0.0759046
2026-06-13 23:56:04.915 10 INFO neutron.plugins.ml2.drivers.ovn.mech_driver.mech_driver [None req-333e5e0d-322a-413f-a1d3-1f7cb90806a4 - - - - - -] OVN reports status down for port: 34133068-d031-4efd-b316-184b96670ad1
2026-06-13 23:56:04.971 10 INFO neutron.api.wsgi [req-111e65e5-6c1b-4954-907c-c0e8d1891dd7 req-8a31552c-d7b6-41b2-84a2-f09a15476f68 a3649dd5c3c74006bbd5202e293ffc9e 44357df3051c42f9828f5d3181f30ed1 - - default default] 10.0.0.229 "GET /v2.0/security-groups?id=f1007e3c-db1e-466a-bf1b-0cf409f40139&fields=id&fields=name HTTP/1.1" status: 200 len: 312 time: 0.0537410
2026-06-13 23:56:05.072 9 INFO neutron.api.wsgi [req-748254b7-f442-48c0-8631-af15f4baa3f7 req-5fe923a4-5bdb-40d0-87c5-cf45da7c9028 b579ff71df7f4d67acdb3a8f051ef697 1cf5f94744664c3d83322cd4e72f931b - - default default] 199.204.45.25 "GET /v2.0/networks?id=0e047033-0feb-443c-b1a7-e6845b3b28d2 HTTP/1.1" status: 200 len: 882 time: 0.0424860
2026-06-13 23:56:05.114 9 INFO neutron.api.wsgi [req-748254b7-f442-48c0-8631-af15f4baa3f7 req-51ce77dc-1e90-40bf-b225-b5c884a33c4d b579ff71df7f4d67acdb3a8f051ef697 1cf5f94744664c3d83322cd4e72f931b - - default default] 199.204.45.25 "GET /v2.0/security-groups?fields=id&fields=name&tenant_id=1cf5f94744664c3d83322cd4e72f931b HTTP/1.1" status: 200 len: 379 time: 0.0367277
2026-06-13 23:56:05.124 9 WARNING neutron_lib.context [req-748254b7-f442-48c0-8631-af15f4baa3f7 req-7ebbbae4-34a7-4f13-ad91-869b884c8aea b579ff71df7f4d67acdb3a8f051ef697 1cf5f94744664c3d83322cd4e72f931b - - default default] Method 'is_advsvc' is deprecated since 2023.2 release (neutron-lib 3.8.0) and will be removed once support for the old RBAC API policies will be removed from Neutron. Please use method 'is_service_role' instead.
2026-06-13 23:56:05.395 9 WARNING neutron.scheduler.dhcp_agent_scheduler [req-748254b7-f442-48c0-8631-af15f4baa3f7 req-7ebbbae4-34a7-4f13-ad91-869b884c8aea b579ff71df7f4d67acdb3a8f051ef697 1cf5f94744664c3d83322cd4e72f931b - - default default] No more DHCP agents
2026-06-13 23:56:05.396 10 INFO neutron.plugins.ml2.drivers.ovn.mech_driver.mech_driver [None req-333e5e0d-322a-413f-a1d3-1f7cb90806a4 - - - - - -] OVN reports status down for port: a861faba-b6bb-4b64-8773-bd155861f802
2026-06-13 23:56:05.396 9 WARNING neutron.api.rpc.agentnotifiers.dhcp_rpc_agent_api [req-748254b7-f442-48c0-8631-af15f4baa3f7 req-7ebbbae4-34a7-4f13-ad91-869b884c8aea b579ff71df7f4d67acdb3a8f051ef697 1cf5f94744664c3d83322cd4e72f931b - - default default] Unable to schedule network 0e047033-0feb-443c-b1a7-e6845b3b28d2: no agents available; will retry on subsequent port and subnet creation events.
2026-06-13 23:56:05.501 9 INFO neutron.db.ovn_revision_numbers_db [req-748254b7-f442-48c0-8631-af15f4baa3f7 req-7ebbbae4-34a7-4f13-ad91-869b884c8aea b579ff71df7f4d67acdb3a8f051ef697 1cf5f94744664c3d83322cd4e72f931b - - default default] Successfully bumped revision number for resource c8d736d7-5014-4a76-aea4-4553afa18e7b (type: ports) to 1
2026-06-13 23:56:05.523 10 INFO neutron.notifiers.nova [-] Nova event matching ['req-ecce9946-7af6-47be-8357-e462e4c5d380'] response: {'server_uuid': '13e421d8-ff8c-41f7-8369-8b955e6768c1', 'name': 'network-vif-unplugged', 'status': 'completed', 'tag': 'a861faba-b6bb-4b64-8773-bd155861f802', 'code': 200}
2026-06-13 23:56:05.529 9 INFO neutron.api.wsgi [req-748254b7-f442-48c0-8631-af15f4baa3f7 req-7ebbbae4-34a7-4f13-ad91-869b884c8aea b579ff71df7f4d67acdb3a8f051ef697 1cf5f94744664c3d83322cd4e72f931b - - default default] 199.204.45.25 "POST /v2.0/ports HTTP/1.1" status: 201 len: 1158 time: 0.4098136 /var/lib/openstack/lib/python3.12/site-packages/pycadf/identifier.py:71: UserWarning: Invalid uuid: neutron. To ensure interoperability, identifiers should be a valid uuid. warnings.warn(('Invalid uuid: %s. To ensure interoperability, '
2026-06-13 23:56:05.553 9 INFO neutron.notifiers.nova [-] Nova event matching ['req-d42006ba-2944-4f0c-8357-d10fddc25d64'] response: {'name': 'network-changed', 'server_uuid': '13e421d8-ff8c-41f7-8369-8b955e6768c1', 'tag': 'a861faba-b6bb-4b64-8773-bd155861f802', 'status': 'completed', 'code': 200}
2026-06-13 23:56:05.637 10 INFO neutron.db.ovn_revision_numbers_db [None req-333e5e0d-322a-413f-a1d3-1f7cb90806a4 - - - - - -] Successfully bumped revision number for resource a861faba-b6bb-4b64-8773-bd155861f802 (type: ports) to 6
2026-06-13 23:56:05.656 9 INFO neutron.api.wsgi [req-3cedc5e5-51a2-41d9-9624-75cbcb1142fe req-baa6188d-864c-4e45-ad10-c9340a48192b 67f8b6d5bb824612997275562ab8625c 7cca93b666a6459b8c21f48b8b14a732 - - default default] 10.0.0.229 "GET /v2.0/ports?device_id=5c52c706-15d8-4655-94cf-ed0bee757874 HTTP/1.1" status: 200 len: 210 time: 0.0172789 /var/lib/openstack/lib/python3.12/site-packages/pycadf/identifier.py:71: UserWarning: Invalid uuid: neutron. To ensure interoperability, identifiers should be a valid uuid. warnings.warn(('Invalid uuid: %s. To ensure interoperability, '
2026-06-13 23:56:05.752 10 INFO neutron.api.wsgi [req-cdb4158d-707c-4e1d-ac15-8fd089065782 req-edbd3865-d64c-4e7f-9d5b-17aee6b3d1f8 6ff19f356afa4429a6a40cef0e743bb1 ab70acb792074745bf2badb56b6a5bd3 - - default default] 10.0.0.229 "GET /v2.0/ports?device_id=3e56d59b-140e-4303-a7e9-fd7902bbf85f HTTP/1.1" status: 200 len: 210 time: 0.0185869 /var/lib/openstack/lib/python3.12/site-packages/pycadf/identifier.py:71: UserWarning: Invalid uuid: neutron. To ensure interoperability, identifiers should be a valid uuid. warnings.warn(('Invalid uuid: %s. To ensure interoperability, '
2026-06-13 23:56:05.884 9 INFO neutron.db.ovn_revision_numbers_db [req-748254b7-f442-48c0-8631-af15f4baa3f7 req-67858a32-c50e-47b9-895e-bdcd52c36246 c7505b338671483d87e7ab08fd0ca435 3d1483b620fd4d198a33589cf7b6bbe6 - - 57931df8023144c59092a2fb0fce9280 57931df8023144c59092a2fb0fce9280] Successfully bumped revision number for resource c8d736d7-5014-4a76-aea4-4553afa18e7b (type: ports) to 2
2026-06-13 23:56:05.899 9 INFO neutron.api.wsgi [req-ea14aa99-1098-470a-8c03-b6f68560cd88 req-49683b37-7131-4c8e-b212-71d905ed3a67 b579ff71df7f4d67acdb3a8f051ef697 1cf5f94744664c3d83322cd4e72f931b - - default default] 10.0.0.229 "GET /v2.0/ports?device_id=bb6bed9a-a2bf-40f2-84bd-3dc563183327 HTTP/1.1" status: 200 len: 1168 time: 0.0775301
2026-06-13 23:56:05.950 9 INFO neutron.api.wsgi [req-ea14aa99-1098-470a-8c03-b6f68560cd88 req-c87aa815-e53d-444d-96ad-1a8c8c0eebfa b579ff71df7f4d67acdb3a8f051ef697 1cf5f94744664c3d83322cd4e72f931b - - default default] 10.0.0.229 "GET /v2.0/security-groups?id=c15b6da0-4bee-4b5f-bad8-33bfc89acd84&fields=id&fields=name HTTP/1.1" status: 200 len: 312 time: 0.0441711 /var/lib/openstack/lib/python3.12/site-packages/pycadf/identifier.py:71: UserWarning: Invalid uuid: neutron. To ensure interoperability, identifiers should be a valid uuid. warnings.warn(('Invalid uuid: %s. To ensure interoperability, '
2026-06-13 23:56:06.080 10 INFO neutron.api.wsgi [req-e6d58392-5f96-4edc-afac-c4f828003230 req-e18089f4-98e2-4e70-a8d0-c75a63cd3678 a3649dd5c3c74006bbd5202e293ffc9e 44357df3051c42f9828f5d3181f30ed1 - - default default] 10.0.0.229 "GET /v2.0/ports?device_id=13e421d8-ff8c-41f7-8369-8b955e6768c1 HTTP/1.1" status: 200 len: 1168 time: 0.0377665
2026-06-13 23:56:06.111 9 INFO neutron.api.wsgi [req-539c3f91-c6d3-44ae-8cba-f047c7204140 req-9aad280e-a384-4039-8aeb-4e65d5de7f1f c7505b338671483d87e7ab08fd0ca435 3d1483b620fd4d198a33589cf7b6bbe6 - - 57931df8023144c59092a2fb0fce9280 57931df8023144c59092a2fb0fce9280] 199.204.45.25 "GET /v2.0/ports?tenant_id=44357df3051c42f9828f5d3181f30ed1&device_id=13e421d8-ff8c-41f7-8369-8b955e6768c1 HTTP/1.1" status: 200 len: 1407 time: 0.0386510
2026-06-13 23:56:06.119 10 INFO neutron.api.wsgi [req-e6d58392-5f96-4edc-afac-c4f828003230 req-7da31e2a-e99e-47f3-a987-2c55f5785a2d a3649dd5c3c74006bbd5202e293ffc9e 44357df3051c42f9828f5d3181f30ed1 - - default default] 10.0.0.229 "GET /v2.0/security-groups?id=f1007e3c-db1e-466a-bf1b-0cf409f40139&fields=id&fields=name HTTP/1.1" status: 200 len: 312 time: 0.0321593
2026-06-13 23:56:06.149 9 INFO neutron.db.ovn_revision_numbers_db [req-748254b7-f442-48c0-8631-af15f4baa3f7 req-67858a32-c50e-47b9-895e-bdcd52c36246 c7505b338671483d87e7ab08fd0ca435 3d1483b620fd4d198a33589cf7b6bbe6 - - 57931df8023144c59092a2fb0fce9280 57931df8023144c59092a2fb0fce9280] Successfully bumped revision number for resource c8d736d7-5014-4a76-aea4-4553afa18e7b (type: ports) to 4
2026-06-13 23:56:06.163 9 INFO neutron.api.wsgi [req-539c3f91-c6d3-44ae-8cba-f047c7204140 req-5a0a393f-7979-473d-8ed1-db4ddccc2383 c7505b338671483d87e7ab08fd0ca435 3d1483b620fd4d198a33589cf7b6bbe6 - - 57931df8023144c59092a2fb0fce9280 57931df8023144c59092a2fb0fce9280] 199.204.45.25 "GET /v2.0/networks?id=c076d3c3-2d73-4fa6-a5eb-9047b2e3f5ef HTTP/1.1" status: 200 len: 974 time: 0.0419228
2026-06-13 23:56:06.168 9 INFO neutron.api.wsgi [req-748254b7-f442-48c0-8631-af15f4baa3f7 req-67858a32-c50e-47b9-895e-bdcd52c36246 c7505b338671483d87e7ab08fd0ca435 3d1483b620fd4d198a33589cf7b6bbe6 - - 57931df8023144c59092a2fb0fce9280 57931df8023144c59092a2fb0fce9280] 199.204.45.25 "PUT /v2.0/ports/c8d736d7-5014-4a76-aea4-4553afa18e7b HTTP/1.1" status: 200 len: 1404 time: 0.6260839
2026-06-13 23:56:06.218 9 INFO neutron.api.wsgi [req-539c3f91-c6d3-44ae-8cba-f047c7204140 req-92876762-8303-43e9-b59c-8b0c50f04461 c7505b338671483d87e7ab08fd0ca435 3d1483b620fd4d198a33589cf7b6bbe6 - - 57931df8023144c59092a2fb0fce9280 57931df8023144c59092a2fb0fce9280] 199.204.45.25 "GET /v2.0/floatingips?fixed_ip_address=10.100.0.5&port_id=a861faba-b6bb-4b64-8773-bd155861f802 HTTP/1.1" status: 200 len: 1057 time: 0.0470731
2026-06-13 23:56:06.243 9 INFO neutron.api.wsgi [req-539c3f91-c6d3-44ae-8cba-f047c7204140 req-c8fd45ad-7d3e-4385-8b90-811a4759c57c c7505b338671483d87e7ab08fd0ca435 3d1483b620fd4d198a33589cf7b6bbe6 - - 57931df8023144c59092a2fb0fce9280 57931df8023144c59092a2fb0fce9280] 199.204.45.25 "GET /v2.0/subnets?id=2eb38b9d-8157-473e-9c36-f798288fc79b HTTP/1.1" status: 200 len: 893 time: 0.0189621
2026-06-13 23:56:06.264 9 INFO neutron.api.wsgi [req-539c3f91-c6d3-44ae-8cba-f047c7204140 req-445bcbfc-7d38-44ab-864a-f3ce6cf58987 c7505b338671483d87e7ab08fd0ca435 3d1483b620fd4d198a33589cf7b6bbe6 - - 57931df8023144c59092a2fb0fce9280 57931df8023144c59092a2fb0fce9280] 199.204.45.25 "GET /v2.0/ports?network_id=c076d3c3-2d73-4fa6-a5eb-9047b2e3f5ef&device_owner=network%3Adhcp HTTP/1.1" status: 200 len: 210 time: 0.0147328
2026-06-13 23:56:06.306 9 INFO neutron.api.wsgi [req-539c3f91-c6d3-44ae-8cba-f047c7204140 req-868c1dd6-9414-4f71-92bf-054d36e95db3 c7505b338671483d87e7ab08fd0ca435 3d1483b620fd4d198a33589cf7b6bbe6 - - 57931df8023144c59092a2fb0fce9280 57931df8023144c59092a2fb0fce9280] 199.204.45.25 "GET /v2.0/networks/c076d3c3-2d73-4fa6-a5eb-9047b2e3f5ef?fields=segments HTTP/1.1" status: 200 len: 212 time: 0.0359609
2026-06-13 23:56:06.348 9 INFO neutron.api.wsgi [req-539c3f91-c6d3-44ae-8cba-f047c7204140 req-431f9925-58f9-40ea-b721-4fc0b1651678 c7505b338671483d87e7ab08fd0ca435 3d1483b620fd4d198a33589cf7b6bbe6 - - 57931df8023144c59092a2fb0fce9280 57931df8023144c59092a2fb0fce9280] 199.204.45.25 "GET /v2.0/networks/c076d3c3-2d73-4fa6-a5eb-9047b2e3f5ef?fields=provider%3Aphysical_network&fields=provider%3Anetwork_type HTTP/1.1" status: 200 len: 277 time: 0.0363863
2026-06-13 23:56:06.618 9 INFO neutron.api.wsgi [req-f6f44076-f0a7-4a7e-97ae-f107274a493a req-a3f556d6-7ba2-4ec2-841d-730866a2ba2e a3649dd5c3c74006bbd5202e293ffc9e 44357df3051c42f9828f5d3181f30ed1 - - default default] 199.204.45.25 "GET /v2.0/ports?device_id=13e421d8-ff8c-41f7-8369-8b955e6768c1 HTTP/1.1" status: 200 len: 1168 time: 0.0423622
2026-06-13 23:56:06.729 9 INFO neutron.api.wsgi [req-94ddfb04-4bc2-4339-ba7d-823d0988eeb1 req-a0e627b6-f34a-4da0-90af-22d382a444e3 67f8b6d5bb824612997275562ab8625c 7cca93b666a6459b8c21f48b8b14a732 - - default default] 10.0.0.229 "GET /v2.0/ports?device_id=5c52c706-15d8-4655-94cf-ed0bee757874 HTTP/1.1" status: 200 len: 210 time: 0.0168118
2026-06-13 23:56:06.838 10 INFO neutron.api.wsgi [req-911096c9-fe5c-41ff-b488-47764f500ae7 req-053dc540-09cd-40e0-a4d4-a6f3da6eb78e 6ff19f356afa4429a6a40cef0e743bb1 ab70acb792074745bf2badb56b6a5bd3 - - default default] 10.0.0.229 "GET /v2.0/ports?device_id=3e56d59b-140e-4303-a7e9-fd7902bbf85f HTTP/1.1" status: 200 len: 210 time: 0.0188177
2026-06-13 23:56:06.960 9 INFO neutron.db.l3_db [req-f6f44076-f0a7-4a7e-97ae-f107274a493a req-37c36ab6-6dc9-4137-8940-e68a1d843b70 a3649dd5c3c74006bbd5202e293ffc9e 44357df3051c42f9828f5d3181f30ed1 - - default default] Floating IP 6e2613a1-c315-4aef-a27c-f30ee724be6a disassociated. External IP: 10.96.250.207, port: a861faba-b6bb-4b64-8773-bd155861f802.
2026-06-13 23:56:07.048 9 INFO neutron.api.wsgi [req-a7b9b9ba-7569-407a-8d50-d39b9f40c64b req-f6c5e9d7-7dee-46e8-a1de-f18ee5309abd b579ff71df7f4d67acdb3a8f051ef697 1cf5f94744664c3d83322cd4e72f931b - - default default] 10.0.0.229 "GET /v2.0/ports?device_id=bb6bed9a-a2bf-40f2-84bd-3dc563183327 HTTP/1.1" status: 200 len: 1168 time: 0.0350752
