2026-06-13 23:57:22.634 9 INFO neutron.api.wsgi [None req-c7bba365-6657-4fc3-a4c0-9f85d0605c3d a4575adf4cdd40c79c6b08240389dc13 3f9c90b0dcd94d44aa508c514ef3d755 - - default default] 10.0.0.14 "GET /v2.0/security-groups?tenant_id=0c30f56935094e4199ac875c776ac62b&name=default HTTP/1.1" status: 200 len: 3120 time: 0.1691384
2026-06-13 23:57:22.836 9 INFO neutron.api.wsgi [req-7a078088-5bfa-4346-b969-9a952106e64c req-94ab25b6-80c3-41f5-a4ed-a721c370aac6 32022061fae14ce79ea6e7892ad47ee3 85750d42ac284840b93dfe5c681707ba - - default default] 10.0.0.229 "GET /v2.0/ports?device_id=8a3f2647-00ea-4489-871e-f0a37dc5e7fd HTTP/1.1" status: 200 len: 210 time: 0.0224526
2026-06-13 23:57:22.846 9 INFO neutron.api.wsgi [None req-f16def3b-2600-48dc-870b-1302bfdcecee a4575adf4cdd40c79c6b08240389dc13 3f9c90b0dcd94d44aa508c514ef3d755 - - default default] 10.0.0.14 "DELETE /v2.0/security-groups/585588b6-4fc5-419b-80ee-d30d9a4fea4e HTTP/1.1" status: 204 len: 168 time: 0.2064934
2026-06-13 23:57:24.079 9 INFO neutron.api.wsgi [None req-f43464a0-526d-4739-a745-ed349531054b 32022061fae14ce79ea6e7892ad47ee3 85750d42ac284840b93dfe5c681707ba - - default default] 10.0.0.14 "DELETE /v2.0/security-groups/614d1cdf-ec08-4b38-8e54-df75b8590406 HTTP/1.1" status: 204 len: 168 time: 0.1404953
2026-06-13 23:57:24.091 9 INFO neutron.api.v2.resource [None req-0eb46f14-cf58-4e76-be8d-1fcd69d8fe32 32022061fae14ce79ea6e7892ad47ee3 85750d42ac284840b93dfe5c681707ba - - default default] show failed (client error): The resource could not be found.
2026-06-13 23:57:24.091 9 INFO neutron.api.wsgi [None req-0eb46f14-cf58-4e76-be8d-1fcd69d8fe32 32022061fae14ce79ea6e7892ad47ee3 85750d42ac284840b93dfe5c681707ba - - default default] 10.0.0.14 "GET /v2.0/security-groups/614d1cdf-ec08-4b38-8e54-df75b8590406 HTTP/1.1" status: 404 len: 347 time: 0.0071874
2026-06-13 23:57:24.334 10 INFO neutron.db.ovn_revision_numbers_db [None req-671ee27d-e86b-4ef4-bb52-d7b38dc53c28 a4575adf4cdd40c79c6b08240389dc13 3f9c90b0dcd94d44aa508c514ef3d755 - - default default] Successfully bumped revision number for resource 31aae7b6-ad99-4793-b543-d19dff3166e7 (type: security_groups) to 1
2026-06-13 23:57:24.350 10 INFO neutron.db.ovn_revision_numbers_db [None req-671ee27d-e86b-4ef4-bb52-d7b38dc53c28 a4575adf4cdd40c79c6b08240389dc13 3f9c90b0dcd94d44aa508c514ef3d755 - - default default] Successfully bumped revision number for resource 56c6c46d-ec42-4bf7-a817-e6443f397eee (type: security_group_rules) to 0
2026-06-13 23:57:24.364 10 INFO neutron.db.ovn_revision_numbers_db [None req-671ee27d-e86b-4ef4-bb52-d7b38dc53c28 a4575adf4cdd40c79c6b08240389dc13 3f9c90b0dcd94d44aa508c514ef3d755 - - default default] Successfully bumped revision number for resource aceed088-2ff0-4674-8ad1-bc5af2060580 (type: security_group_rules) to 0
2026-06-13 23:57:24.365 9 INFO neutron.api.wsgi [None req-4a09e083-8136-47ea-8a5b-48635a2723a9 32022061fae14ce79ea6e7892ad47ee3 85750d42ac284840b93dfe5c681707ba - - default default] 10.0.0.14 "DELETE /v2.0/floatingips/9d804ba6-2cd2-423d-9f6c-ea056cfd7a43 HTTP/1.1" status: 204 len: 168 time: 0.2691429
2026-06-13 23:57:24.378 10 INFO neutron.db.ovn_revision_numbers_db [None req-671ee27d-e86b-4ef4-bb52-d7b38dc53c28 a4575adf4cdd40c79c6b08240389dc13 3f9c90b0dcd94d44aa508c514ef3d755 - - default default] Successfully bumped revision number for resource c4de5071-5b93-42dd-9a88-eef2a39336d8 (type: security_group_rules) to 0
2026-06-13 23:57:24.390 10 INFO neutron.db.ovn_revision_numbers_db [None req-671ee27d-e86b-4ef4-bb52-d7b38dc53c28 a4575adf4cdd40c79c6b08240389dc13 3f9c90b0dcd94d44aa508c514ef3d755 - - default default] Successfully bumped revision number for resource eb8e84c5-95b4-4963-a95d-f7035f8b6450 (type: security_group_rules) to 0
2026-06-13 23:57:24.428 10 INFO neutron.api.wsgi [None req-671ee27d-e86b-4ef4-bb52-d7b38dc53c28 a4575adf4cdd40c79c6b08240389dc13 3f9c90b0dcd94d44aa508c514ef3d755 - - default default] 10.0.0.14 "GET /v2.0/security-groups?tenant_id=3e6556a71d384af09130fe5452ee9193&name=default HTTP/1.1" status: 200 len: 3120 time: 0.3705537
2026-06-13 23:57:24.632 10 INFO neutron.api.wsgi [None req-501d92a3-e112-41ba-8332-cd5e1b825827 a4575adf4cdd40c79c6b08240389dc13 3f9c90b0dcd94d44aa508c514ef3d755 - - default default] 10.0.0.14 "DELETE /v2.0/security-groups/31aae7b6-ad99-4793-b543-d19dff3166e7 HTTP/1.1" status: 204 len: 168 time: 0.1981752
2026-06-13 23:57:24.709 9 INFO neutron.api.wsgi [-] 10.0.0.14 "GET / HTTP/1.1" status: 200 len: 279 time: 0.0019932
2026-06-13 23:57:24.819 9 INFO neutron.api.wsgi [None req-549d4de8-471d-4f3a-bf2c-a499967dc735 3bbfe18bed264ccc856b38cb0878de44 be6731d551194a3c9b6169fdb9ff6e46 - - default default] 10.0.0.14 "GET /v2.0/ HTTP/1.1" status: 200 len: 826 time: 0.1041985
2026-06-13 23:57:24.885 10 INFO neutron.db.ovn_revision_numbers_db [None req-eccfc3c5-2813-4b3b-a4ac-76a5b0ecd2f8 a4575adf4cdd40c79c6b08240389dc13 3f9c90b0dcd94d44aa508c514ef3d755 - - default default] Successfully bumped revision number for resource aa6ac357-ac77-447e-b780-8b6d06a27c23 (type: security_groups) to 1
2026-06-13 23:57:24.903 10 INFO neutron.db.ovn_revision_numbers_db [None req-eccfc3c5-2813-4b3b-a4ac-76a5b0ecd2f8 a4575adf4cdd40c79c6b08240389dc13 3f9c90b0dcd94d44aa508c514ef3d755 - - default default] Successfully bumped revision number for resource 4cf318bb-94e4-466d-99df-287764069459 (type: security_group_rules) to 0
2026-06-13 23:57:24.916 10 INFO neutron.db.ovn_revision_numbers_db [None req-eccfc3c5-2813-4b3b-a4ac-76a5b0ecd2f8 a4575adf4cdd40c79c6b08240389dc13 3f9c90b0dcd94d44aa508c514ef3d755 - - default default] Successfully bumped revision number for resource 9bfd7487-729b-4047-ab75-d30a6ad987d8 (type: security_group_rules) to 0
2026-06-13 23:57:24.928 10 INFO neutron.db.ovn_revision_numbers_db [None req-eccfc3c5-2813-4b3b-a4ac-76a5b0ecd2f8 a4575adf4cdd40c79c6b08240389dc13 3f9c90b0dcd94d44aa508c514ef3d755 - - default default] Successfully bumped revision number for resource e570072d-68fc-4968-8ffe-211537cdfded (type: security_group_rules) to 0
2026-06-13 23:57:24.943 10 INFO neutron.db.ovn_revision_numbers_db [None req-eccfc3c5-2813-4b3b-a4ac-76a5b0ecd2f8 a4575adf4cdd40c79c6b08240389dc13 3f9c90b0dcd94d44aa508c514ef3d755 - - default default] Successfully bumped revision number for resource f65d232b-ae82-48f0-8126-b6a726e824e2 (type: security_group_rules) to 0
2026-06-13 23:57:24.996 10 INFO neutron.api.wsgi [None req-eccfc3c5-2813-4b3b-a4ac-76a5b0ecd2f8 a4575adf4cdd40c79c6b08240389dc13 3f9c90b0dcd94d44aa508c514ef3d755 - - default default] 10.0.0.14 "GET /v2.0/security-groups?tenant_id=65f0398220814015b01ec3506fc49e33&name=default HTTP/1.1" status: 200 len: 3120 time: 0.2165442
2026-06-13 23:57:25.203 10 INFO neutron.api.wsgi [None req-11374e9c-fd3b-47f5-9ca5-895b1814856b a4575adf4cdd40c79c6b08240389dc13 3f9c90b0dcd94d44aa508c514ef3d755 - - default default] 10.0.0.14 "DELETE /v2.0/security-groups/aa6ac357-ac77-447e-b780-8b6d06a27c23 HTTP/1.1" status: 204 len: 168 time: 0.2010117
2026-06-13 23:57:25.269 9 INFO neutron.api.wsgi [None req-c93df3f9-79f4-431c-8631-38c3c75c2fe7 a4575adf4cdd40c79c6b08240389dc13 3f9c90b0dcd94d44aa508c514ef3d755 - - default default] 10.0.0.14 "PUT /v2.0/routers/5b4554cb-8e68-485f-a2d3-9dd41119929b/remove_router_interface HTTP/1.1" status: 200 len: 503 time: 0.8999064 /var/lib/openstack/lib/python3.12/site-packages/pycadf/identifier.py:71: UserWarning: Invalid uuid: neutron. To ensure interoperability, identifiers should be a valid uuid. warnings.warn(('Invalid uuid: %s. To ensure interoperability, '
2026-06-13 23:57:25.536 10 INFO neutron.db.ovn_revision_numbers_db [None req-5c0ef67c-b2da-430d-9e47-b1c3868d9cf5 a4575adf4cdd40c79c6b08240389dc13 3f9c90b0dcd94d44aa508c514ef3d755 - - default default] Successfully bumped revision number for resource 10d62af8-7da9-496b-95c3-f5880259aff4 (type: security_groups) to 1
2026-06-13 23:57:25.548 10 INFO neutron.db.ovn_revision_numbers_db [None req-5c0ef67c-b2da-430d-9e47-b1c3868d9cf5 a4575adf4cdd40c79c6b08240389dc13 3f9c90b0dcd94d44aa508c514ef3d755 - - default default] Successfully bumped revision number for resource 0ac9dfca-2f70-490d-935f-bda9a66e706a (type: security_group_rules) to 0
2026-06-13 23:57:25.559 10 INFO neutron.db.ovn_revision_numbers_db [None req-5c0ef67c-b2da-430d-9e47-b1c3868d9cf5 a4575adf4cdd40c79c6b08240389dc13 3f9c90b0dcd94d44aa508c514ef3d755 - - default default] Successfully bumped revision number for resource 18e918b1-1da1-400d-8b8f-27a40179f8c4 (type: security_group_rules) to 0
2026-06-13 23:57:25.572 10 INFO neutron.db.ovn_revision_numbers_db [None req-5c0ef67c-b2da-430d-9e47-b1c3868d9cf5 a4575adf4cdd40c79c6b08240389dc13 3f9c90b0dcd94d44aa508c514ef3d755 - - default default] Successfully bumped revision number for resource 1c309eba-2972-41a7-aacd-5eb97d4c1829 (type: security_group_rules) to 0
2026-06-13 23:57:25.583 10 INFO neutron.db.ovn_revision_numbers_db [None req-5c0ef67c-b2da-430d-9e47-b1c3868d9cf5 a4575adf4cdd40c79c6b08240389dc13 3f9c90b0dcd94d44aa508c514ef3d755 - - default default] Successfully bumped revision number for resource bb9db174-6ce2-4fdb-921e-30b8f0f98b5b (type: security_group_rules) to 0
2026-06-13 23:57:25.618 10 INFO neutron.api.wsgi [None req-5c0ef67c-b2da-430d-9e47-b1c3868d9cf5 a4575adf4cdd40c79c6b08240389dc13 3f9c90b0dcd94d44aa508c514ef3d755 - - default default] 10.0.0.14 "GET /v2.0/security-groups?tenant_id=be6731d551194a3c9b6169fdb9ff6e46&name=default HTTP/1.1" status: 200 len: 3120 time: 0.3272293
2026-06-13 23:57:25.802 10 INFO neutron.api.wsgi [None req-a7e6188a-631e-4b40-ac88-bc1658b05af1 a4575adf4cdd40c79c6b08240389dc13 3f9c90b0dcd94d44aa508c514ef3d755 - - default default] 10.0.0.14 "DELETE /v2.0/security-groups/10d62af8-7da9-496b-95c3-f5880259aff4 HTTP/1.1" status: 204 len: 168 time: 0.1781056
2026-06-13 23:57:25.906 9 INFO neutron.api.wsgi [None req-b929bcf5-fa34-433c-8e73-47dfb0d315ba a4575adf4cdd40c79c6b08240389dc13 3f9c90b0dcd94d44aa508c514ef3d755 - - default default] 10.0.0.14 "DELETE /v2.0/routers/5b4554cb-8e68-485f-a2d3-9dd41119929b HTTP/1.1" status: 204 len: 168 time: 0.6312413
2026-06-13 23:57:26.096 10 INFO neutron.api.wsgi [None req-a4d5208f-6da1-4070-bbb8-e2f63139e878 a4575adf4cdd40c79c6b08240389dc13 3f9c90b0dcd94d44aa508c514ef3d755 - - default default] 10.0.0.14 "DELETE /v2.0/subnets/67306fc6-2701-4530-94b1-b4f8002a68c0 HTTP/1.1" status: 204 len: 168 time: 0.1819329
2026-06-13 23:57:26.380 10 INFO neutron.services.segments.plugin [-] Segment bec1d4c4-50b7-4c49-8228-edc4a3a93321 resource provider aggregate not found
2026-06-13 23:57:26.394 10 INFO neutron.services.segments.plugin [-] Segment bec1d4c4-50b7-4c49-8228-edc4a3a93321 resource provider aggregate not found
2026-06-13 23:57:26.402 10 INFO neutron.services.segments.plugin [-] Segment bec1d4c4-50b7-4c49-8228-edc4a3a93321 resource provider not found; error: Placement Client Error (4xx): {"errors": [{"status": 404, "title": "Not Found", "detail": "The resource could not be found.\n\n No resource provider with uuid bec1d4c4-50b7-4c49-8228-edc4a3a93321 found for delete ", "request_id": "req-625a115b-a979-4588-bad0-48237afdaaaa"}]}
2026-06-13 23:57:26.405 10 INFO neutron.services.segments.plugin [-] Segment bec1d4c4-50b7-4c49-8228-edc4a3a93321 resource provider not found; error: Placement Client Error (4xx): {"errors": [{"status": 404, "title": "Not Found", "detail": "The resource could not be found.\n\n No resource provider with uuid bec1d4c4-50b7-4c49-8228-edc4a3a93321 found for delete ", "request_id": "req-25737850-1700-4001-b247-8eef2ec87a48"}]}
2026-06-13 23:57:26.420 10 INFO neutron.api.wsgi [None req-bb44de75-e3e6-4ab9-9605-54e264291de7 a4575adf4cdd40c79c6b08240389dc13 3f9c90b0dcd94d44aa508c514ef3d755 - - default default] 10.0.0.14 "DELETE /v2.0/networks/21ee9226-4516-42ab-9960-4a2e6cd64c70 HTTP/1.1" status: 204 len: 168 time: 0.3206286
2026-06-13 23:57:26.549 9 INFO neutron.api.wsgi [None req-eedefb62-04e7-4b4b-b380-fd75ca63cbd5 a4575adf4cdd40c79c6b08240389dc13 3f9c90b0dcd94d44aa508c514ef3d755 - - default default] 10.0.0.14 "GET /v2.0/security-groups?tenant_id=85750d42ac284840b93dfe5c681707ba&name=default HTTP/1.1" status: 200 len: 3120 time: 0.0270371
2026-06-13 23:57:26.749 9 INFO neutron.api.wsgi [None req-6d6082e8-0d88-40b9-8997-e2cac23dad6d a4575adf4cdd40c79c6b08240389dc13 3f9c90b0dcd94d44aa508c514ef3d755 - - default default] 10.0.0.14 "DELETE /v2.0/security-groups/485f0d4d-e345-486e-8b88-0be7b99aed49 HTTP/1.1" status: 204 len: 168 time: 0.1957731
2026-06-13 23:57:28.736 9 WARNING neutron_lib.context [None req-f921c7e6-05cf-44ad-b916-c63529e91cb2 574085d68e7f409fb00fb60c94e2efdd cc4fb17b03f14956ba719bd5656879bb - - default default] Method 'is_advsvc' is deprecated since 2023.2 release (neutron-lib 3.8.0) and will be removed once support for the old RBAC API policies will be removed from Neutron. Please use method 'is_service_role' instead.
2026-06-13 23:57:28.863 9 INFO neutron.db.ovn_revision_numbers_db [None req-f921c7e6-05cf-44ad-b916-c63529e91cb2 574085d68e7f409fb00fb60c94e2efdd cc4fb17b03f14956ba719bd5656879bb - - default default] Successfully bumped revision number for resource 6ac0554e-f3e0-46cc-aae4-dc36ee32c45b (type: security_groups) to 1
2026-06-13 23:57:28.875 9 INFO neutron.db.ovn_revision_numbers_db [None req-f921c7e6-05cf-44ad-b916-c63529e91cb2 574085d68e7f409fb00fb60c94e2efdd cc4fb17b03f14956ba719bd5656879bb - - default default] Successfully bumped revision number for resource 2853ac1f-70e8-4c74-97d5-bf0c91a63658 (type: security_group_rules) to 0
2026-06-13 23:57:28.889 9 INFO neutron.db.ovn_revision_numbers_db [None req-f921c7e6-05cf-44ad-b916-c63529e91cb2 574085d68e7f409fb00fb60c94e2efdd cc4fb17b03f14956ba719bd5656879bb - - default default] Successfully bumped revision number for resource a4c10070-5814-41f0-a47b-be2ea8aa9f8d (type: security_group_rules) to 0
2026-06-13 23:57:28.901 9 INFO neutron.db.ovn_revision_numbers_db [None req-f921c7e6-05cf-44ad-b916-c63529e91cb2 574085d68e7f409fb00fb60c94e2efdd cc4fb17b03f14956ba719bd5656879bb - - default default] Successfully bumped revision number for resource bcc3b205-2ac9-447e-b3d0-9f2c26649dcf (type: security_group_rules) to 0
2026-06-13 23:57:28.914 9 INFO neutron.db.ovn_revision_numbers_db [None req-f921c7e6-05cf-44ad-b916-c63529e91cb2 574085d68e7f409fb00fb60c94e2efdd cc4fb17b03f14956ba719bd5656879bb - - default default] Successfully bumped revision number for resource f27127ee-b51f-4230-880b-79a946217659 (type: security_group_rules) to 0
2026-06-13 23:57:28.996 9 INFO neutron.db.segments_db [None req-f921c7e6-05cf-44ad-b916-c63529e91cb2 574085d68e7f409fb00fb60c94e2efdd cc4fb17b03f14956ba719bd5656879bb - - default default] Added segment ba76fd28-94b1-4415-abb9-db715fbb9a76 of type geneve for network a15de6fe-8fea-4c16-b5e1-48a29006b8ab
2026-06-13 23:57:29.122 9 INFO neutron.db.ovn_revision_numbers_db [None req-f921c7e6-05cf-44ad-b916-c63529e91cb2 574085d68e7f409fb00fb60c94e2efdd cc4fb17b03f14956ba719bd5656879bb - - default default] Successfully bumped revision number for resource a15de6fe-8fea-4c16-b5e1-48a29006b8ab (type: networks) to 1
2026-06-13 23:57:29.270 9 WARNING neutron.scheduler.dhcp_agent_scheduler [None req-f921c7e6-05cf-44ad-b916-c63529e91cb2 574085d68e7f409fb00fb60c94e2efdd cc4fb17b03f14956ba719bd5656879bb - - default default] No more DHCP agents
2026-06-13 23:57:29.271 9 WARNING neutron.api.rpc.agentnotifiers.dhcp_rpc_agent_api [None req-f921c7e6-05cf-44ad-b916-c63529e91cb2 574085d68e7f409fb00fb60c94e2efdd cc4fb17b03f14956ba719bd5656879bb - - default default] Unable to schedule network a15de6fe-8fea-4c16-b5e1-48a29006b8ab: no agents available; will retry on subsequent port and subnet creation events.
2026-06-13 23:57:29.347 9 INFO neutron.db.ovn_revision_numbers_db [None req-f921c7e6-05cf-44ad-b916-c63529e91cb2 574085d68e7f409fb00fb60c94e2efdd cc4fb17b03f14956ba719bd5656879bb - - default default] Successfully bumped revision number for resource 1a374cb7-ddbf-4343-829f-839d4eb15832 (type: ports) to 1
2026-06-13 23:57:29.371 9 INFO neutron.api.wsgi [None req-f921c7e6-05cf-44ad-b916-c63529e91cb2 574085d68e7f409fb00fb60c94e2efdd cc4fb17b03f14956ba719bd5656879bb - - default default] 10.0.0.14 "POST /v2.0/networks HTTP/1.1" status: 201 len: 849 time: 0.7680979
2026-06-13 23:57:29.381 9 WARNING neutron_lib.context [None req-2427c972-d3ef-4309-93b6-db2a9d3dbeae 574085d68e7f409fb00fb60c94e2efdd cc4fb17b03f14956ba719bd5656879bb - - default default] Method 'is_advsvc' is deprecated since 2023.2 release (neutron-lib 3.8.0) and will be removed once support for the old RBAC API policies will be removed from Neutron. Please use method 'is_service_role' instead.
2026-06-13 23:57:29.565 9 WARNING neutron.scheduler.dhcp_agent_scheduler [None req-2427c972-d3ef-4309-93b6-db2a9d3dbeae 574085d68e7f409fb00fb60c94e2efdd cc4fb17b03f14956ba719bd5656879bb - - default default] No more DHCP agents
2026-06-13 23:57:29.566 9 WARNING neutron.api.rpc.agentnotifiers.dhcp_rpc_agent_api [None req-2427c972-d3ef-4309-93b6-db2a9d3dbeae 574085d68e7f409fb00fb60c94e2efdd cc4fb17b03f14956ba719bd5656879bb - - default default] Unable to schedule network a15de6fe-8fea-4c16-b5e1-48a29006b8ab: no agents available; will retry on subsequent port and subnet creation events.
2026-06-13 23:57:29.594 9 INFO neutron.db.ovn_revision_numbers_db [None req-2427c972-d3ef-4309-93b6-db2a9d3dbeae 574085d68e7f409fb00fb60c94e2efdd cc4fb17b03f14956ba719bd5656879bb - - default default] Successfully bumped revision number for resource 76a6bae9-4a21-40ec-b1f9-3e5b9bc9386b (type: subnets) to 0
2026-06-13 23:57:29.608 9 INFO neutron.api.wsgi [None req-2427c972-d3ef-4309-93b6-db2a9d3dbeae 574085d68e7f409fb00fb60c94e2efdd cc4fb17b03f14956ba719bd5656879bb - - default default] 10.0.0.14 "POST /v2.0/subnets HTTP/1.1" status: 201 len: 826 time: 0.2328823
2026-06-13 23:57:29.620 10 WARNING neutron_lib.context [None req-9dadee30-5219-40c5-8342-dba72b1a4106 574085d68e7f409fb00fb60c94e2efdd cc4fb17b03f14956ba719bd5656879bb - - default default] Method 'is_advsvc' is deprecated since 2023.2 release (neutron-lib 3.8.0) and will be removed once support for the old RBAC API policies will be removed from Neutron. Please use method 'is_service_role' instead.
2026-06-13 23:57:30.025 10 WARNING neutron.scheduler.dhcp_agent_scheduler [None req-9dadee30-5219-40c5-8342-dba72b1a4106 574085d68e7f409fb00fb60c94e2efdd cc4fb17b03f14956ba719bd5656879bb - - default default] No more DHCP agents
2026-06-13 23:57:30.026 10 WARNING neutron.api.rpc.agentnotifiers.dhcp_rpc_agent_api [None req-9dadee30-5219-40c5-8342-dba72b1a4106 574085d68e7f409fb00fb60c94e2efdd cc4fb17b03f14956ba719bd5656879bb - - default default] Unable to schedule network a1989ccb-af26-48f1-a0d4-7666d6cf0335: no agents available; will retry on subsequent port and subnet creation events.
2026-06-13 23:57:30.135 10 INFO neutron.db.ovn_revision_numbers_db [None req-9dadee30-5219-40c5-8342-dba72b1a4106 574085d68e7f409fb00fb60c94e2efdd cc4fb17b03f14956ba719bd5656879bb - - default default] Successfully bumped revision number for resource 65a1bc9a-1693-4d54-9cf1-db308402a535 (type: ports) to 1
2026-06-13 23:57:30.692 10 INFO neutron.plugins.ml2.drivers.ovn.mech_driver.ovsdb.commands [None req-78391689-6f3b-4b4b-ab0a-302fa7b4c8ee - - - - - -] Schedule LRP lrp-65a1bc9a-1693-4d54-9cf1-db308402a535 on gateway f341bea3-bf95-416f-9879-4cc728d1a6ef with priority 1
2026-06-13 23:57:30.700 9 INFO neutron.plugins.ml2.drivers.ovn.mech_driver.mech_driver [None req-87dc585d-e457-475c-8954-81554fe40871 - - - - - -] OVN reports status up for port: 65a1bc9a-1693-4d54-9cf1-db308402a535
2026-06-13 23:57:30.706 9 INFO neutron.plugins.ml2.plugin [None req-87dc585d-e457-475c-8954-81554fe40871 - - - - - -] Attempt 1 to provision port 65a1bc9a-1693-4d54-9cf1-db308402a535
2026-06-13 23:57:30.736 10 INFO neutron.db.ovn_revision_numbers_db [None req-9dadee30-5219-40c5-8342-dba72b1a4106 574085d68e7f409fb00fb60c94e2efdd cc4fb17b03f14956ba719bd5656879bb - - default default] Successfully bumped revision number for resource 65a1bc9a-1693-4d54-9cf1-db308402a535 (type: router_ports) to 1
2026-06-13 23:57:30.803 10 INFO neutron.db.ovn_revision_numbers_db [None req-9dadee30-5219-40c5-8342-dba72b1a4106 574085d68e7f409fb00fb60c94e2efdd cc4fb17b03f14956ba719bd5656879bb - - default default] Successfully bumped revision number for resource c5e08f51-9a00-47ad-b24e-50d74691d2fe (type: routers) to 2
2026-06-13 23:57:30.833 10 INFO neutron.api.wsgi [None req-9dadee30-5219-40c5-8342-dba72b1a4106 574085d68e7f409fb00fb60c94e2efdd cc4fb17b03f14956ba719bd5656879bb - - default default] 10.0.0.14 "POST /v2.0/routers HTTP/1.1" status: 201 len: 1154 time: 1.2184806
2026-06-13 23:57:30.967 9 INFO neutron.db.ovn_revision_numbers_db [None req-0f737fa0-7b16-4563-bb9e-e16994c27a71 a4575adf4cdd40c79c6b08240389dc13 3f9c90b0dcd94d44aa508c514ef3d755 - - default default] Successfully bumped revision number for resource fdc9320e-1e34-49c7-861e-b6e0d20202be (type: security_groups) to 1
2026-06-13 23:57:30.989 9 INFO neutron.db.ovn_revision_numbers_db [None req-0f737fa0-7b16-4563-bb9e-e16994c27a71 a4575adf4cdd40c79c6b08240389dc13 3f9c90b0dcd94d44aa508c514ef3d755 - - default default] Successfully bumped revision number for resource 07472ee3-061b-4676-aa1f-073cc61be394 (type: security_group_rules) to 0
2026-06-13 23:57:31.000 9 INFO neutron.db.ovn_revision_numbers_db [None req-0f737fa0-7b16-4563-bb9e-e16994c27a71 a4575adf4cdd40c79c6b08240389dc13 3f9c90b0dcd94d44aa508c514ef3d755 - - default default] Successfully bumped revision number for resource 0987c783-f4f2-4b92-b048-fcc725b948f9 (type: security_group_rules) to 0
2026-06-13 23:57:31.008 10 INFO neutron.db.ovn_revision_numbers_db [None req-d0e755fc-5cec-41ea-b4b0-9fa6015eeff3 a4575adf4cdd40c79c6b08240389dc13 3f9c90b0dcd94d44aa508c514ef3d755 - - default default] Successfully bumped revision number for resource 24e37b90-6156-4610-8627-c69302dc0922 (type: security_groups) to 1
2026-06-13 23:57:31.011 9 INFO neutron.db.ovn_revision_numbers_db [None req-0f737fa0-7b16-4563-bb9e-e16994c27a71 a4575adf4cdd40c79c6b08240389dc13 3f9c90b0dcd94d44aa508c514ef3d755 - - default default] Successfully bumped revision number for resource b3ad69af-fe2f-44c5-b1c3-4fbda65f8da1 (type: security_group_rules) to 0
2026-06-13 23:57:31.031 9 INFO neutron.db.ovn_revision_numbers_db [None req-0f737fa0-7b16-4563-bb9e-e16994c27a71 a4575adf4cdd40c79c6b08240389dc13 3f9c90b0dcd94d44aa508c514ef3d755 - - default default] Successfully bumped revision number for resource c6c07640-b941-40ff-b26b-b43641f0188d (type: security_group_rules) to 0
2026-06-13 23:57:31.034 10 INFO neutron.db.ovn_revision_numbers_db [None req-d0e755fc-5cec-41ea-b4b0-9fa6015eeff3 a4575adf4cdd40c79c6b08240389dc13 3f9c90b0dcd94d44aa508c514ef3d755 - - default default] Successfully bumped revision number for resource 148471bf-3ee9-4b78-af85-edce95fa254d (type: security_group_rules) to 0
2026-06-13 23:57:31.049 10 INFO neutron.db.ovn_revision_numbers_db [None req-d0e755fc-5cec-41ea-b4b0-9fa6015eeff3 a4575adf4cdd40c79c6b08240389dc13 3f9c90b0dcd94d44aa508c514ef3d755 - - default default] Successfully bumped revision number for resource 493ae57f-54e2-41e9-981e-1928467cef9d (type: security_group_rules) to 0
2026-06-13 23:57:31.065 10 INFO neutron.db.ovn_revision_numbers_db [None req-d0e755fc-5cec-41ea-b4b0-9fa6015eeff3 a4575adf4cdd40c79c6b08240389dc13 3f9c90b0dcd94d44aa508c514ef3d755 - - default default] Successfully bumped revision number for resource bdae686b-83c8-41bf-9bf8-cf0267e8a2eb (type: security_group_rules) to 0
2026-06-13 23:57:31.067 9 INFO neutron.api.wsgi [None req-0f737fa0-7b16-4563-bb9e-e16994c27a71 a4575adf4cdd40c79c6b08240389dc13 3f9c90b0dcd94d44aa508c514ef3d755 - - default default] 10.0.0.14 "GET /v2.0/security-groups?tenant_id=20c0637b0cda40f9b0837da52693acc8&name=default HTTP/1.1" status: 200 len: 3120 time: 0.3492572
2026-06-13 23:57:31.081 10 INFO neutron.db.ovn_revision_numbers_db [None req-d0e755fc-5cec-41ea-b4b0-9fa6015eeff3 a4575adf4cdd40c79c6b08240389dc13 3f9c90b0dcd94d44aa508c514ef3d755 - - default default] Successfully bumped revision number for resource d671785f-a86f-44e5-9840-7aff8f5295c2 (type: security_group_rules) to 0
2026-06-13 23:57:31.123 10 INFO neutron.api.wsgi [None req-d0e755fc-5cec-41ea-b4b0-9fa6015eeff3 a4575adf4cdd40c79c6b08240389dc13 3f9c90b0dcd94d44aa508c514ef3d755 - - default default] 10.0.0.14 "GET /v2.0/security-groups?tenant_id=c95e78601325445e90363c3f6733cfab&name=default HTTP/1.1" status: 200 len: 3120 time: 0.4069998
2026-06-13 23:57:31.273 9 INFO neutron.api.wsgi [None req-3c5660fc-ed51-40b2-b536-f26784775886 a4575adf4cdd40c79c6b08240389dc13 3f9c90b0dcd94d44aa508c514ef3d755 - - default default] 10.0.0.14 "DELETE /v2.0/security-groups/fdc9320e-1e34-49c7-861e-b6e0d20202be HTTP/1.1" status: 204 len: 168 time: 0.2014546
2026-06-13 23:57:31.362 10 INFO neutron.api.wsgi [None req-c5b2eed4-1662-4778-a1af-0315820c83a0 a4575adf4cdd40c79c6b08240389dc13 3f9c90b0dcd94d44aa508c514ef3d755 - - default default] 10.0.0.14 "DELETE /v2.0/security-groups/24e37b90-6156-4610-8627-c69302dc0922 HTTP/1.1" status: 204 len: 168 time: 0.2334542
2026-06-13 23:57:31.403 10 WARNING neutron.scheduler.dhcp_agent_scheduler [None req-04d5eafd-3012-4a4c-b040-4cdc18a6e6ec 574085d68e7f409fb00fb60c94e2efdd cc4fb17b03f14956ba719bd5656879bb - - default default] No more DHCP agents
2026-06-13 23:57:31.405 10 WARNING neutron.api.rpc.agentnotifiers.dhcp_rpc_agent_api [None req-04d5eafd-3012-4a4c-b040-4cdc18a6e6ec 574085d68e7f409fb00fb60c94e2efdd cc4fb17b03f14956ba719bd5656879bb - - default default] Unable to schedule network a15de6fe-8fea-4c16-b5e1-48a29006b8ab: no agents available; will retry on subsequent port and subnet creation events.
2026-06-13 23:57:31.479 10 INFO neutron.db.ovn_revision_numbers_db [None req-2e94bffe-93fc-4530-a6ef-0a619d63a86e a4575adf4cdd40c79c6b08240389dc13 3f9c90b0dcd94d44aa508c514ef3d755 - - default default] Successfully bumped revision number for resource 9f68fd58-3668-4edd-a705-35a7c558c65a (type: security_groups) to 1
2026-06-13 23:57:31.496 10 INFO neutron.db.ovn_revision_numbers_db [None req-2e94bffe-93fc-4530-a6ef-0a619d63a86e a4575adf4cdd40c79c6b08240389dc13 3f9c90b0dcd94d44aa508c514ef3d755 - - default default] Successfully bumped revision number for resource 2c9882c2-f4e0-4b22-a233-13b3a3c3d789 (type: security_group_rules) to 0
2026-06-13 23:57:31.518 10 INFO neutron.db.ovn_revision_numbers_db [None req-2e94bffe-93fc-4530-a6ef-0a619d63a86e a4575adf4cdd40c79c6b08240389dc13 3f9c90b0dcd94d44aa508c514ef3d755 - - default default] Successfully bumped revision number for resource 7b6fe5a5-b5df-48b9-809b-68cfd3ed8bd4 (type: security_group_rules) to 0
2026-06-13 23:57:31.534 10 INFO neutron.db.ovn_revision_numbers_db [None req-04d5eafd-3012-4a4c-b040-4cdc18a6e6ec 574085d68e7f409fb00fb60c94e2efdd cc4fb17b03f14956ba719bd5656879bb - - default default] Successfully bumped revision number for resource e664804e-d9f8-4572-9572-839c36cf9cee (type: ports) to 1
2026-06-13 23:57:31.536 10 INFO neutron.db.ovn_revision_numbers_db [None req-2e94bffe-93fc-4530-a6ef-0a619d63a86e a4575adf4cdd40c79c6b08240389dc13 3f9c90b0dcd94d44aa508c514ef3d755 - - default default] Successfully bumped revision number for resource 892744be-21eb-44e4-90e0-c026bff75133 (type: security_group_rules) to 0
2026-06-13 23:57:31.554 10 INFO neutron.db.ovn_revision_numbers_db [None req-2e94bffe-93fc-4530-a6ef-0a619d63a86e a4575adf4cdd40c79c6b08240389dc13 3f9c90b0dcd94d44aa508c514ef3d755 - - default default] Successfully bumped revision number for resource 9d7c2abf-c7ac-4b8c-be1f-5c373b60f842 (type: security_group_rules) to 0
2026-06-13 23:57:31.592 10 INFO neutron.api.wsgi [None req-2e94bffe-93fc-4530-a6ef-0a619d63a86e a4575adf4cdd40c79c6b08240389dc13 3f9c90b0dcd94d44aa508c514ef3d755 - - default default] 10.0.0.14 "GET /v2.0/security-groups?tenant_id=447b8d7579c946f9b5b5b36178f95e55&name=default HTTP/1.1" status: 200 len: 3120 time: 0.2467961
2026-06-13 23:57:31.602 9 INFO neutron.db.ovn_revision_numbers_db [None req-f0c0c7a0-e9d0-459c-8879-3e89b05ae8a6 a4575adf4cdd40c79c6b08240389dc13 3f9c90b0dcd94d44aa508c514ef3d755 - - default default] Successfully bumped revision number for resource e86ec780-5ed7-41e9-b11f-1a7bd022595b (type: security_groups) to 1
2026-06-13 23:57:31.621 9 INFO neutron.db.ovn_revision_numbers_db [None req-f0c0c7a0-e9d0-459c-8879-3e89b05ae8a6 a4575adf4cdd40c79c6b08240389dc13 3f9c90b0dcd94d44aa508c514ef3d755 - - default default] Successfully bumped revision number for resource 65accb3e-98ef-4781-a657-6f4945ddafc8 (type: security_group_rules) to 0
2026-06-13 23:57:31.635 9 INFO neutron.db.ovn_revision_numbers_db [None req-f0c0c7a0-e9d0-459c-8879-3e89b05ae8a6 a4575adf4cdd40c79c6b08240389dc13 3f9c90b0dcd94d44aa508c514ef3d755 - - default default] Successfully bumped revision number for resource 6d53eaca-a903-49fd-97b7-d2189bdf355e (type: security_group_rules) to 0
2026-06-13 23:57:31.650 9 INFO neutron.db.ovn_revision_numbers_db [None req-f0c0c7a0-e9d0-459c-8879-3e89b05ae8a6 a4575adf4cdd40c79c6b08240389dc13 3f9c90b0dcd94d44aa508c514ef3d755 - - default default] Successfully bumped revision number for resource 98276465-9dc4-4105-a682-c7464bca06d5 (type: security_group_rules) to 0
2026-06-13 23:57:31.664 9 INFO neutron.db.ovn_revision_numbers_db [None req-f0c0c7a0-e9d0-459c-8879-3e89b05ae8a6 a4575adf4cdd40c79c6b08240389dc13 3f9c90b0dcd94d44aa508c514ef3d755 - - default default] Successfully bumped revision number for resource a9864631-321b-4049-b7cf-efe978250fb2 (type: security_group_rules) to 0
2026-06-13 23:57:31.697 9 INFO neutron.api.wsgi [None req-f0c0c7a0-e9d0-459c-8879-3e89b05ae8a6 a4575adf4cdd40c79c6b08240389dc13 3f9c90b0dcd94d44aa508c514ef3d755 - - default default] 10.0.0.14 "GET /v2.0/security-groups?tenant_id=57a7281d98bb48a0984d312f616ed7d3&name=default HTTP/1.1" status: 200 len: 3120 time: 0.2077293
2026-06-13 23:57:31.806 9 INFO neutron.api.wsgi [None req-22fdc393-adee-4362-84a1-2d5f8a90b3d1 a4575adf4cdd40c79c6b08240389dc13 3f9c90b0dcd94d44aa508c514ef3d755 - - default default] 10.0.0.14 "DELETE /v2.0/security-groups/9f68fd58-3668-4edd-a705-35a7c558c65a HTTP/1.1" status: 204 len: 168 time: 0.2074780
2026-06-13 23:57:31.889 9 INFO neutron.api.wsgi [None req-bf47af0b-2ac0-40a7-8627-eb5ee18ae35e a4575adf4cdd40c79c6b08240389dc13 3f9c90b0dcd94d44aa508c514ef3d755 - - default default] 10.0.0.14 "DELETE /v2.0/security-groups/e86ec780-5ed7-41e9-b11f-1a7bd022595b HTTP/1.1" status: 204 len: 168 time: 0.1872027
2026-06-13 23:57:32.141 10 INFO neutron.plugins.ml2.drivers.ovn.mech_driver.mech_driver [None req-6658f57d-7844-4aad-b7cf-8a45f6ed71fd - - - - - -] OVN reports status up for port: e664804e-d9f8-4572-9572-839c36cf9cee
2026-06-13 23:57:32.149 10 INFO neutron.plugins.ml2.plugin [None req-6658f57d-7844-4aad-b7cf-8a45f6ed71fd - - - - - -] Attempt 1 to provision port e664804e-d9f8-4572-9572-839c36cf9cee
2026-06-13 23:57:32.169 10 INFO neutron.db.ovn_revision_numbers_db [None req-04d5eafd-3012-4a4c-b040-4cdc18a6e6ec 574085d68e7f409fb00fb60c94e2efdd cc4fb17b03f14956ba719bd5656879bb - - default default] Successfully bumped revision number for resource e664804e-d9f8-4572-9572-839c36cf9cee (type: ports) to 1
2026-06-13 23:57:32.233 10 WARNING neutron.scheduler.dhcp_agent_scheduler [None req-04d5eafd-3012-4a4c-b040-4cdc18a6e6ec 574085d68e7f409fb00fb60c94e2efdd cc4fb17b03f14956ba719bd5656879bb - - default default] No more DHCP agents
2026-06-13 23:57:32.235 10 WARNING neutron.api.rpc.agentnotifiers.dhcp_rpc_agent_api [None req-04d5eafd-3012-4a4c-b040-4cdc18a6e6ec 574085d68e7f409fb00fb60c94e2efdd cc4fb17b03f14956ba719bd5656879bb - - default default] Unable to schedule network a15de6fe-8fea-4c16-b5e1-48a29006b8ab: no agents available; will retry on subsequent port and subnet creation events.
2026-06-13 23:57:32.421 9 INFO neutron.db.ovn_revision_numbers_db [None req-fa793bf5-5592-4935-93a8-9c1757cb8d2a a4575adf4cdd40c79c6b08240389dc13 3f9c90b0dcd94d44aa508c514ef3d755 - - default default] Successfully bumped revision number for resource ad1037dc-6e9d-4087-b386-144eda3d6d55 (type: security_groups) to 1
2026-06-13 23:57:32.433 9 INFO neutron.db.ovn_revision_numbers_db [None req-fa793bf5-5592-4935-93a8-9c1757cb8d2a a4575adf4cdd40c79c6b08240389dc13 3f9c90b0dcd94d44aa508c514ef3d755 - - default default] Successfully bumped revision number for resource 2775583f-baed-4bed-bfb3-80189bbc01d2 (type: security_group_rules) to 0
2026-06-13 23:57:32.445 9 INFO neutron.db.ovn_revision_numbers_db [None req-fa793bf5-5592-4935-93a8-9c1757cb8d2a a4575adf4cdd40c79c6b08240389dc13 3f9c90b0dcd94d44aa508c514ef3d755 - - default default] Successfully bumped revision number for resource 2b679c93-9c8e-45e7-b8b2-875e38275d37 (type: security_group_rules) to 0
2026-06-13 23:57:32.456 9 INFO neutron.db.ovn_revision_numbers_db [None req-fa793bf5-5592-4935-93a8-9c1757cb8d2a a4575adf4cdd40c79c6b08240389dc13 3f9c90b0dcd94d44aa508c514ef3d755 - - default default] Successfully bumped revision number for resource 3a42d2cd-140d-4793-b5d4-7e48d76e3e80 (type: security_group_rules) to 0
2026-06-13 23:57:32.471 9 INFO neutron.db.ovn_revision_numbers_db [None req-fa793bf5-5592-4935-93a8-9c1757cb8d2a a4575adf4cdd40c79c6b08240389dc13 3f9c90b0dcd94d44aa508c514ef3d755 - - default default] Successfully bumped revision number for resource c3818d37-827b-4c44-ba0a-4c3a101907ef (type: security_group_rules) to 0
2026-06-13 23:57:32.510 9 INFO neutron.api.wsgi [None req-fa793bf5-5592-4935-93a8-9c1757cb8d2a a4575adf4cdd40c79c6b08240389dc13 3f9c90b0dcd94d44aa508c514ef3d755 - - default default] 10.0.0.14 "GET /v2.0/security-groups?tenant_id=d708f6f9746b4438a00138e7a9648eeb&name=default HTTP/1.1" status: 200 len: 3120 time: 0.3074412
2026-06-13 23:57:32.579 10 INFO neutron.db.ovn_revision_numbers_db [None req-6658f57d-7844-4aad-b7cf-8a45f6ed71fd - - - - - -] Successfully bumped revision number for resource e664804e-d9f8-4572-9572-839c36cf9cee (type: ports) to 2
2026-06-13 23:57:32.678 10 INFO neutron.db.ovn_revision_numbers_db [None req-04d5eafd-3012-4a4c-b040-4cdc18a6e6ec 574085d68e7f409fb00fb60c94e2efdd cc4fb17b03f14956ba719bd5656879bb - - default default] Successfully bumped revision number for resource e664804e-d9f8-4572-9572-839c36cf9cee (type: router_ports) to 1
2026-06-13 23:57:32.683 10 INFO neutron.api.wsgi [None req-04d5eafd-3012-4a4c-b040-4cdc18a6e6ec 574085d68e7f409fb00fb60c94e2efdd cc4fb17b03f14956ba719bd5656879bb - - default default] 10.0.0.14 "PUT /v2.0/routers/c5e08f51-9a00-47ad-b24e-50d74691d2fe/add_router_interface HTTP/1.1" status: 200 len: 503 time: 1.8448582
2026-06-13 23:57:32.695 10 WARNING neutron_lib.context [None req-9e276f83-8555-46aa-a334-7e310e32991b 574085d68e7f409fb00fb60c94e2efdd cc4fb17b03f14956ba719bd5656879bb - - default default] Method 'is_advsvc' is deprecated since 2023.2 release (neutron-lib 3.8.0) and will be removed once support for the old RBAC API policies will be removed from Neutron. Please use method 'is_service_role' instead.
2026-06-13 23:57:32.719 9 INFO neutron.api.wsgi [None req-b3eb3818-d551-4d62-a909-9d431435fcc0 a4575adf4cdd40c79c6b08240389dc13 3f9c90b0dcd94d44aa508c514ef3d755 - - default default] 10.0.0.14 "DELETE /v2.0/security-groups/ad1037dc-6e9d-4087-b386-144eda3d6d55 HTTP/1.1" status: 204 len: 168 time: 0.2019958
2026-06-13 23:57:32.998 10 WARNING neutron.scheduler.dhcp_agent_scheduler [None req-9e276f83-8555-46aa-a334-7e310e32991b 574085d68e7f409fb00fb60c94e2efdd cc4fb17b03f14956ba719bd5656879bb - - default default] No more DHCP agents
2026-06-13 23:57:32.999 10 WARNING neutron.api.rpc.agentnotifiers.dhcp_rpc_agent_api [None req-9e276f83-8555-46aa-a334-7e310e32991b 574085d68e7f409fb00fb60c94e2efdd cc4fb17b03f14956ba719bd5656879bb - - default default] Unable to schedule network a15de6fe-8fea-4c16-b5e1-48a29006b8ab: no agents available; will retry on subsequent port and subnet creation events.
2026-06-13 23:57:33.149 10 INFO neutron.db.ovn_revision_numbers_db [None req-9e276f83-8555-46aa-a334-7e310e32991b 574085d68e7f409fb00fb60c94e2efdd cc4fb17b03f14956ba719bd5656879bb - - default default] Successfully bumped revision number for resource e4e2f349-888f-427f-953d-d0c9a7eabe56 (type: ports) to 1
2026-06-13 23:57:33.169 10 INFO neutron.api.wsgi [None req-9e276f83-8555-46aa-a334-7e310e32991b 574085d68e7f409fb00fb60c94e2efdd cc4fb17b03f14956ba719bd5656879bb - - default default] 10.0.0.14 "POST /v2.0/ports HTTP/1.1" status: 201 len: 1158 time: 0.4778256 /var/lib/openstack/lib/python3.12/site-packages/pycadf/identifier.py:71: UserWarning: Invalid uuid: neutron. To ensure interoperability, identifiers should be a valid uuid. warnings.warn(('Invalid uuid: %s. To ensure interoperability, '
2026-06-13 23:57:33.177 10 WARNING neutron_lib.context [None req-6dea5228-34b0-4898-8012-17abcb12bcc5 574085d68e7f409fb00fb60c94e2efdd cc4fb17b03f14956ba719bd5656879bb - - default default] Method 'is_advsvc' is deprecated since 2023.2 release (neutron-lib 3.8.0) and will be removed once support for the old RBAC API policies will be removed from Neutron. Please use method 'is_service_role' instead.
2026-06-13 23:57:33.445 10 WARNING neutron.scheduler.dhcp_agent_scheduler [None req-6dea5228-34b0-4898-8012-17abcb12bcc5 574085d68e7f409fb00fb60c94e2efdd cc4fb17b03f14956ba719bd5656879bb - - default default] No more DHCP agents
2026-06-13 23:57:33.446 10 WARNING neutron.api.rpc.agentnotifiers.dhcp_rpc_agent_api [None req-6dea5228-34b0-4898-8012-17abcb12bcc5 574085d68e7f409fb00fb60c94e2efdd cc4fb17b03f14956ba719bd5656879bb - - default default] Unable to schedule network a15de6fe-8fea-4c16-b5e1-48a29006b8ab: no agents available; will retry on subsequent port and subnet creation events.
2026-06-13 23:57:33.570 10 INFO neutron.db.ovn_revision_numbers_db [None req-6dea5228-34b0-4898-8012-17abcb12bcc5 574085d68e7f409fb00fb60c94e2efdd cc4fb17b03f14956ba719bd5656879bb - - default default] Successfully bumped revision number for resource b8acbe9d-5625-4115-a2a4-9d1d6f44137b (type: ports) to 1
2026-06-13 23:57:33.592 10 INFO neutron.api.wsgi [None req-6dea5228-34b0-4898-8012-17abcb12bcc5 574085d68e7f409fb00fb60c94e2efdd cc4fb17b03f14956ba719bd5656879bb - - default default] 10.0.0.14 "POST /v2.0/ports HTTP/1.1" status: 201 len: 1158 time: 0.4181945 /var/lib/openstack/lib/python3.12/site-packages/pycadf/identifier.py:71: UserWarning: Invalid uuid: neutron. To ensure interoperability, identifiers should be a valid uuid. warnings.warn(('Invalid uuid: %s. To ensure interoperability, '
2026-06-13 23:57:33.602 10 WARNING neutron_lib.context [None req-1e94365f-9b05-4a8f-93ea-7ff80ec0ac7e 574085d68e7f409fb00fb60c94e2efdd cc4fb17b03f14956ba719bd5656879bb - - default default] Method 'is_advsvc' is deprecated since 2023.2 release (neutron-lib 3.8.0) and will be removed once support for the old RBAC API policies will be removed from Neutron. Please use method 'is_service_role' instead.
2026-06-13 23:57:33.772 10 INFO neutron.api.wsgi [None req-72a29595-b4c4-42eb-ac33-069c790b40d9 d7d8aacf24f540b3aaa9958941cad89b 957e0bd4c6694ba8ad2374d439f67e26 - - default default] 10.0.0.14 "GET /v2.0/extensions HTTP/1.1" status: 200 len: 19293 time: 0.1421766
2026-06-13 23:57:33.786 9 INFO neutron.api.wsgi [None req-135fb2ea-1d4e-4069-b3bd-f78275c4bc21 d7d8aacf24f540b3aaa9958941cad89b 957e0bd4c6694ba8ad2374d439f67e26 - - default default] 10.0.0.14 "GET /v2.0/extensions/address-group HTTP/1.1" status: 200 len: 353 time: 0.0066512
2026-06-13 23:57:33.792 9 INFO neutron.api.wsgi [None req-38db6a5d-b6fc-44ec-8c9a-821f29aeff39 d7d8aacf24f540b3aaa9958941cad89b 957e0bd4c6694ba8ad2374d439f67e26 - - default default] 10.0.0.14 "GET /v2.0/extensions/address-scope HTTP/1.1" status: 200 len: 357 time: 0.0027421
2026-06-13 23:57:33.800 9 INFO neutron.api.wsgi [None req-ede16645-5477-42f5-8667-0d6cda2bbce2 d7d8aacf24f540b3aaa9958941cad89b 957e0bd4c6694ba8ad2374d439f67e26 - - default default] 10.0.0.14 "GET /v2.0/extensions/agent HTTP/1.1" status: 200 len: 347 time: 0.0047150
2026-06-13 23:57:33.809 9 INFO neutron.api.wsgi [None req-e9ac5ef4-e973-419b-abf5-744551202b09 d7d8aacf24f540b3aaa9958941cad89b 957e0bd4c6694ba8ad2374d439f67e26 - - default default] 10.0.0.14 "GET /v2.0/extensions/allowed-address-pairs HTTP/1.1" status: 200 len: 378 time: 0.0035121
2026-06-13 23:57:33.819 10 INFO neutron.api.wsgi [None req-6d282760-6ecd-44f7-9e78-fd4aadad06e4 d7d8aacf24f540b3aaa9958941cad89b 957e0bd4c6694ba8ad2374d439f67e26 - - default default] 10.0.0.14 "GET /v2.0/extensions/auto-allocated-topology HTTP/1.1" status: 200 len: 394 time: 0.0053020
2026-06-13 23:57:33.825 10 INFO neutron.api.wsgi [None req-74a97e8c-3ec0-4832-acd3-0bf76236a055 d7d8aacf24f540b3aaa9958941cad89b 957e0bd4c6694ba8ad2374d439f67e26 - - default default] 10.0.0.14 "GET /v2.0/extensions/availability_zone HTTP/1.1" status: 200 len: 372 time: 0.0024731
2026-06-13 23:57:33.832 10 INFO neutron.api.wsgi [None req-f256ca93-98a6-46db-90c9-22e564dedb88 d7d8aacf24f540b3aaa9958941cad89b 957e0bd4c6694ba8ad2374d439f67e26 - - default default] 10.0.0.14 "GET /v2.0/extensions/default-subnetpools HTTP/1.1" status: 200 len: 405 time: 0.0033343
2026-06-13 23:57:33.838 10 INFO neutron.api.wsgi [None req-3940714f-4f76-4079-b34a-82348372cee3 d7d8aacf24f540b3aaa9958941cad89b 957e0bd4c6694ba8ad2374d439f67e26 - - default default] 10.0.0.14 "GET /v2.0/extensions/dhcp_agent_scheduler HTTP/1.1" status: 200 len: 381 time: 0.0023453
2026-06-13 23:57:33.845 10 INFO neutron.api.wsgi [None req-d3bdf2e2-1e2c-4607-9b39-468fb0e2a98c d7d8aacf24f540b3aaa9958941cad89b 957e0bd4c6694ba8ad2374d439f67e26 - - default default] 10.0.0.14 "GET /v2.0/extensions/dns-integration HTTP/1.1" status: 200 len: 366 time: 0.0030196
2026-06-13 23:57:33.845 10 WARNING neutron.scheduler.dhcp_agent_scheduler [None req-1e94365f-9b05-4a8f-93ea-7ff80ec0ac7e 574085d68e7f409fb00fb60c94e2efdd cc4fb17b03f14956ba719bd5656879bb - - default default] No more DHCP agents
2026-06-13 23:57:33.847 10 WARNING neutron.api.rpc.agentnotifiers.dhcp_rpc_agent_api [None req-1e94365f-9b05-4a8f-93ea-7ff80ec0ac7e 574085d68e7f409fb00fb60c94e2efdd cc4fb17b03f14956ba719bd5656879bb - - default default] Unable to schedule network a1989ccb-af26-48f1-a0d4-7666d6cf0335: no agents available; will retry on subsequent port and subnet creation events.
2026-06-13 23:57:33.851 10 INFO neutron.api.wsgi [None req-740d735f-9da8-476a-825c-6edc2008b0f5 d7d8aacf24f540b3aaa9958941cad89b 957e0bd4c6694ba8ad2374d439f67e26 - - default default] 10.0.0.14 "GET /v2.0/extensions/dns-domain-ports HTTP/1.1" status: 200 len: 399 time: 0.0028601
2026-06-13 23:57:33.860 9 INFO neutron.api.wsgi [None req-8b250a1b-7d10-4405-9cb4-6e700efe7a38 d7d8aacf24f540b3aaa9958941cad89b 957e0bd4c6694ba8ad2374d439f67e26 - - default default] 10.0.0.14 "GET /v2.0/extensions/dns-integration-domain-keywords HTTP/1.1" status: 200 len: 477 time: 0.0062652
2026-06-13 23:57:33.868 9 INFO neutron.api.wsgi [None req-901aef10-380f-443f-bab3-7bac36f261e2 d7d8aacf24f540b3aaa9958941cad89b 957e0bd4c6694ba8ad2374d439f67e26 - - default default] 10.0.0.14 "GET /v2.0/extensions/empty-string-filtering HTTP/1.1" status: 200 len: 413 time: 0.0045850
2026-06-13 23:57:33.875 9 INFO neutron.api.wsgi [None req-eba895bd-97aa-47af-90c3-13eccc8c3616 d7d8aacf24f540b3aaa9958941cad89b 957e0bd4c6694ba8ad2374d439f67e26 - - default default] 10.0.0.14 "GET /v2.0/extensions/external-net HTTP/1.1" status: 200 len: 394 time: 0.0038304
2026-06-13 23:57:33.883 9 INFO neutron.api.wsgi [None req-5db57c9e-af39-4787-8db7-c13e95e3150f d7d8aacf24f540b3aaa9958941cad89b 957e0bd4c6694ba8ad2374d439f67e26 - - default default] 10.0.0.14 "GET /v2.0/extensions/extra_dhcp_opt HTTP/1.1" status: 200 len: 498 time: 0.0055044
2026-06-13 23:57:33.893 9 INFO neutron.api.wsgi [None req-e2b80055-b241-4749-bb87-011de5dfbaeb d7d8aacf24f540b3aaa9958941cad89b 957e0bd4c6694ba8ad2374d439f67e26 - - default default] 10.0.0.14 "GET /v2.0/extensions/extraroute HTTP/1.1" status: 200 len: 375 time: 0.0039070
2026-06-13 23:57:33.903 10 INFO neutron.api.wsgi [None req-8b5787c7-7d54-4153-8a1a-ef88d7bd7462 d7d8aacf24f540b3aaa9958941cad89b 957e0bd4c6694ba8ad2374d439f67e26 - - default default] 10.0.0.14 "GET /v2.0/extensions/floating-ip-port-forwarding-detail HTTP/1.1" status: 200 len: 465 time: 0.0057144
2026-06-13 23:57:33.914 9 INFO neutron.api.wsgi [None req-a720296d-101e-46ff-8cf5-920bc8102315 d7d8aacf24f540b3aaa9958941cad89b 957e0bd4c6694ba8ad2374d439f67e26 - - default default] 10.0.0.14 "GET /v2.0/extensions/fip-port-details HTTP/1.1" status: 200 len: 406 time: 0.0060585
2026-06-13 23:57:33.920 9 INFO neutron.api.wsgi [None req-0eecea59-b6e0-44d2-95bf-52ca283f9698 d7d8aacf24f540b3aaa9958941cad89b 957e0bd4c6694ba8ad2374d439f67e26 - - default default] 10.0.0.14 "GET /v2.0/extensions/flavors HTTP/1.1" status: 200 len: 387 time: 0.0030198
2026-06-13 23:57:33.929 9 INFO neutron.api.wsgi [None req-c53590b1-ec19-4b28-9ace-f4efb8f88566 d7d8aacf24f540b3aaa9958941cad89b 957e0bd4c6694ba8ad2374d439f67e26 - - default default] 10.0.0.14 "GET /v2.0/extensions/floatingip-pools HTTP/1.1" status: 200 len: 382 time: 0.0037863
2026-06-13 23:57:33.937 9 INFO neutron.api.wsgi [None req-d5af787c-5b16-47cd-8e16-c97ad2d6cba4 d7d8aacf24f540b3aaa9958941cad89b 957e0bd4c6694ba8ad2374d439f67e26 - - default default] 10.0.0.14 "GET /v2.0/extensions/ip_allocation HTTP/1.1" status: 200 len: 356 time: 0.0027435
2026-06-13 23:57:33.946 9 INFO neutron.api.wsgi [None req-3bdfb444-ea6d-4366-9599-0e3c7be57ee0 d7d8aacf24f540b3aaa9958941cad89b 957e0bd4c6694ba8ad2374d439f67e26 - - default default] 10.0.0.14 "GET /v2.0/extensions/l2_adjacency HTTP/1.1" status: 200 len: 372 time: 0.0046258
2026-06-13 23:57:33.954 9 INFO neutron.api.wsgi [None req-b1ff6404-d1c3-463b-af63-1f6fd28feae6 d7d8aacf24f540b3aaa9958941cad89b 957e0bd4c6694ba8ad2374d439f67e26 - - default default] 10.0.0.14 "GET /v2.0/extensions/router HTTP/1.1" status: 200 len: 450 time: 0.0042074
2026-06-13 23:57:33.963 9 INFO neutron.api.wsgi [None req-a6ae0522-8c76-4712-971b-35cf5f7e5eaa d7d8aacf24f540b3aaa9958941cad89b 957e0bd4c6694ba8ad2374d439f67e26 - - default default] 10.0.0.14 "GET /v2.0/extensions/enable-default-route-bfd HTTP/1.1" status: 200 len: 406 time: 0.0042834
2026-06-13 23:57:33.980 9 INFO neutron.api.wsgi [None req-c6b482a2-9883-4cec-aa91-9af5d45d8798 d7d8aacf24f540b3aaa9958941cad89b 957e0bd4c6694ba8ad2374d439f67e26 - - default default] 10.0.0.14 "GET /v2.0/extensions/enable-default-route-ecmp HTTP/1.1" status: 200 len: 409 time: 0.0120909
2026-06-13 23:57:33.988 9 INFO neutron.api.wsgi [None req-ce0d186d-1288-4fae-ac4f-53705bcb270b d7d8aacf24f540b3aaa9958941cad89b 957e0bd4c6694ba8ad2374d439f67e26 - - default default] 10.0.0.14 "GET /v2.0/extensions/ext-gw-mode HTTP/1.1" status: 200 len: 462 time: 0.0036721
2026-06-13 23:57:33.997 9 INFO neutron.api.wsgi [None req-46e40ea4-b407-4a6f-b120-e6ef95c284b1 d7d8aacf24f540b3aaa9958941cad89b 957e0bd4c6694ba8ad2374d439f67e26 - - default default] 10.0.0.14 "GET /v2.0/extensions/l3-ha HTTP/1.1" status: 200 len: 360 time: 0.0044775
2026-06-13 23:57:34.005 10 INFO neutron.api.wsgi [None req-b487e697-ed41-45c3-82f2-9286e9179ac4 d7d8aacf24f540b3aaa9958941cad89b 957e0bd4c6694ba8ad2374d439f67e26 - - default default] 10.0.0.14 "GET /v2.0/extensions/external-gateway-multihoming HTTP/1.1" status: 200 len: 421 time: 0.0042257
2026-06-13 23:57:34.014 10 INFO neutron.api.wsgi [None req-10a349b5-f39e-4d17-83e0-3d63feab8ba9 d7d8aacf24f540b3aaa9958941cad89b 957e0bd4c6694ba8ad2374d439f67e26 - - default default] 10.0.0.14 "GET /v2.0/extensions/l3-flavors HTTP/1.1" status: 200 len: 366 time: 0.0054197
2026-06-13 23:57:34.021 10 INFO neutron.api.wsgi [None req-1e7feb9c-9c30-45dc-a466-a8ae9de1c8c1 d7d8aacf24f540b3aaa9958941cad89b 957e0bd4c6694ba8ad2374d439f67e26 - - default default] 10.0.0.14 "GET /v2.0/extensions/logging HTTP/1.1" status: 200 len: 407 time: 0.0035269
2026-06-13 23:57:34.034 9 INFO neutron.api.wsgi [None req-e74cd79d-4343-4f14-8593-a80354893daf d7d8aacf24f540b3aaa9958941cad89b 957e0bd4c6694ba8ad2374d439f67e26 - - default default] 10.0.0.14 "GET /v2.0/extensions/multi-provider HTTP/1.1" status: 200 len: 406 time: 0.0070770
2026-06-13 23:57:34.048 9 INFO neutron.api.wsgi [None req-4d315aea-0380-4356-bd48-ccdbc897bddd d7d8aacf24f540b3aaa9958941cad89b 957e0bd4c6694ba8ad2374d439f67e26 - - default default] 10.0.0.14 "GET /v2.0/extensions/net-mtu HTTP/1.1" status: 200 len: 370 time: 0.0064712
2026-06-13 23:57:34.055 9 INFO neutron.api.wsgi [None req-773d5f33-9f93-47cc-a64d-04e709dc983c d7d8aacf24f540b3aaa9958941cad89b 957e0bd4c6694ba8ad2374d439f67e26 - - default default] 10.0.0.14 "GET /v2.0/extensions/net-mtu-writable HTTP/1.1" status: 200 len: 401 time: 0.0041776
2026-06-13 23:57:34.072 9 INFO neutron.api.wsgi [None req-fef01c97-a900-44e4-9a10-ff44ee89b1a8 d7d8aacf24f540b3aaa9958941cad89b 957e0bd4c6694ba8ad2374d439f67e26 - - default default] 10.0.0.14 "GET /v2.0/extensions/network_availability_zone HTTP/1.1" status: 200 len: 394 time: 0.0090723
2026-06-13 23:57:34.084 9 INFO neutron.api.wsgi [None req-43f61e57-6ed8-4057-b34f-a9ea9e15c743 d7d8aacf24f540b3aaa9958941cad89b 957e0bd4c6694ba8ad2374d439f67e26 - - default default] 10.0.0.14 "GET /v2.0/extensions/network-ip-availability HTTP/1.1" status: 200 len: 410 time: 0.0049806
2026-06-13 23:57:34.095 9 INFO neutron.api.wsgi [None req-404dbb10-2dfa-445a-ab83-830656ecfc96 d7d8aacf24f540b3aaa9958941cad89b 957e0bd4c6694ba8ad2374d439f67e26 - - default default] 10.0.0.14 "GET /v2.0/extensions/pagination HTTP/1.1" status: 200 len: 386 time: 0.0050752
2026-06-13 23:57:34.106 9 INFO neutron.api.wsgi [None req-fdf8553f-76cd-4ad0-919a-83dc271c103e d7d8aacf24f540b3aaa9958941cad89b 957e0bd4c6694ba8ad2374d439f67e26 - - default default] 10.0.0.14 "GET /v2.0/extensions/port-device-profile HTTP/1.1" status: 200 len: 383 time: 0.0056651
2026-06-13 23:57:34.118 9 INFO neutron.api.wsgi [None req-50b94a61-01cc-4361-9fab-fc8dd3237410 d7d8aacf24f540b3aaa9958941cad89b 957e0bd4c6694ba8ad2374d439f67e26 - - default default] 10.0.0.14 "GET /v2.0/extensions/port-mac-address-regenerate HTTP/1.1" status: 200 len: 403 time: 0.0063515
