2026-06-13 23:59:20.889 10 INFO neutron.api.wsgi [None req-1a613ff1-afe4-45b9-b66b-83979a0b790a a4575adf4cdd40c79c6b08240389dc13 3f9c90b0dcd94d44aa508c514ef3d755 - - default default] 10.0.0.14 "GET /v2.0/security-groups?tenant_id=7898cf5cc7954bf09418ec98a2a2c886&name=default HTTP/1.1" status: 200 len: 3120 time: 0.2102988
2026-06-13 23:59:21.104 10 INFO neutron.api.wsgi [None req-5b141351-d734-47b3-8701-997639f0ce97 a4575adf4cdd40c79c6b08240389dc13 3f9c90b0dcd94d44aa508c514ef3d755 - - default default] 10.0.0.14 "DELETE /v2.0/security-groups/faa14221-033f-46ab-aee3-a2271f24020e HTTP/1.1" status: 204 len: 168 time: 0.2105193
2026-06-13 23:59:21.242 9 INFO neutron.plugins.ml2.drivers.ovn.mech_driver.mech_driver [None req-b8030b93-ca94-455e-a5a2-20abb51f3289 - - - - - -] OVN reports status up for port: 94cadefc-28e3-4d21-9536-2580c93776ae
2026-06-13 23:59:21.253 9 INFO neutron.plugins.ml2.plugin [None req-b8030b93-ca94-455e-a5a2-20abb51f3289 - - - - - -] Attempt 1 to provision port 94cadefc-28e3-4d21-9536-2580c93776ae
2026-06-13 23:59:21.360 9 INFO neutron.notifiers.nova [-] Nova event matching ['req-d30a4d82-9bf2-4843-9f58-4703c897acf8'] response: {'server_uuid': 'fd413a32-41b3-495d-9db3-8bd7bc581545', 'name': 'network-vif-plugged', 'status': 'completed', 'tag': '94cadefc-28e3-4d21-9536-2580c93776ae', 'code': 200}
2026-06-13 23:59:21.480 9 INFO neutron.db.ovn_revision_numbers_db [None req-b8030b93-ca94-455e-a5a2-20abb51f3289 - - - - - -] Successfully bumped revision number for resource 94cadefc-28e3-4d21-9536-2580c93776ae (type: ports) to 5
2026-06-13 23:59:21.880 10 INFO neutron.api.wsgi [req-7965864b-ec27-4043-817c-51331cf03eb7 req-a7e20dda-3031-4c15-bdde-357a9287385f d1d271a5173f45aab72c7714b6eaced7 be60219adfea43798cde18bd0cab5c03 - - default default] 10.0.0.229 "GET /v2.0/ports?device_id=fd413a32-41b3-495d-9db3-8bd7bc581545 HTTP/1.1" status: 200 len: 1400 time: 0.0632436
2026-06-13 23:59:21.935 10 INFO neutron.api.wsgi [req-7965864b-ec27-4043-817c-51331cf03eb7 req-e999f667-78c6-4456-a125-1ae9507379ec d1d271a5173f45aab72c7714b6eaced7 be60219adfea43798cde18bd0cab5c03 - - default default] 10.0.0.229 "GET /v2.0/security-groups?id=04089e84-3491-4291-adc3-9975b290c4c7&fields=id&fields=name HTTP/1.1" status: 200 len: 311 time: 0.0506737
2026-06-13 23:59:23.288 10 INFO neutron.db.ovn_revision_numbers_db [None req-0de4bec7-54ba-47c7-8736-faee549f8b8d a4575adf4cdd40c79c6b08240389dc13 3f9c90b0dcd94d44aa508c514ef3d755 - - default default] Successfully bumped revision number for resource c1910196-27b1-4d61-b571-be6b58a653b3 (type: security_groups) to 1
2026-06-13 23:59:23.310 10 INFO neutron.db.ovn_revision_numbers_db [None req-0de4bec7-54ba-47c7-8736-faee549f8b8d a4575adf4cdd40c79c6b08240389dc13 3f9c90b0dcd94d44aa508c514ef3d755 - - default default] Successfully bumped revision number for resource 38f0bc90-5fd8-4144-ad56-518889ae7f73 (type: security_group_rules) to 0
2026-06-13 23:59:23.330 10 INFO neutron.db.ovn_revision_numbers_db [None req-0de4bec7-54ba-47c7-8736-faee549f8b8d a4575adf4cdd40c79c6b08240389dc13 3f9c90b0dcd94d44aa508c514ef3d755 - - default default] Successfully bumped revision number for resource 6b261d0f-615c-4c01-85b7-38d6eb83067f (type: security_group_rules) to 0
2026-06-13 23:59:23.340 10 INFO neutron.db.ovn_revision_numbers_db [None req-0de4bec7-54ba-47c7-8736-faee549f8b8d a4575adf4cdd40c79c6b08240389dc13 3f9c90b0dcd94d44aa508c514ef3d755 - - default default] Successfully bumped revision number for resource 9cd99360-af07-4c61-be72-fd34f326166a (type: security_group_rules) to 0
2026-06-13 23:59:23.370 10 INFO neutron.db.ovn_revision_numbers_db [None req-0de4bec7-54ba-47c7-8736-faee549f8b8d a4575adf4cdd40c79c6b08240389dc13 3f9c90b0dcd94d44aa508c514ef3d755 - - default default] Successfully bumped revision number for resource be3f74dd-2508-4e67-a4d5-f7c2d4525398 (type: security_group_rules) to 0
2026-06-13 23:59:23.393 9 INFO neutron.notifiers.nova [-] Nova event matching ['req-7885322f-4e30-4e86-bff7-ef7f3b43d2fc'] response: {'server_uuid': 'fd413a32-41b3-495d-9db3-8bd7bc581545', 'name': 'network-vif-plugged', 'status': 'completed', 'tag': '94cadefc-28e3-4d21-9536-2580c93776ae', 'code': 200}
2026-06-13 23:59:23.406 10 INFO neutron.api.wsgi [None req-0de4bec7-54ba-47c7-8736-faee549f8b8d a4575adf4cdd40c79c6b08240389dc13 3f9c90b0dcd94d44aa508c514ef3d755 - - default default] 10.0.0.14 "GET /v2.0/security-groups?tenant_id=4cb25f8b8cc74298811969a81b806867&name=default HTTP/1.1" status: 200 len: 3120 time: 0.3792808
2026-06-13 23:59:23.567 10 INFO neutron.api.wsgi [None req-dcd4de65-11fd-4323-88fe-10f25fc766a4 a4575adf4cdd40c79c6b08240389dc13 3f9c90b0dcd94d44aa508c514ef3d755 - - default default] 10.0.0.14 "DELETE /v2.0/security-groups/c1910196-27b1-4d61-b571-be6b58a653b3 HTTP/1.1" status: 204 len: 168 time: 0.1547630
2026-06-13 23:59:25.244 10 WARNING neutron_lib.context [None req-35e614e3-9172-40b3-bd67-56d589a03b0c 0974c541c7b44c348f6fa175623baf0e ad2091984b904ecc870e6527931ceed2 - - default default] Method 'is_advsvc' is deprecated since 2023.2 release (neutron-lib 3.8.0) and will be removed once support for the old RBAC API policies will be removed from Neutron. Please use method 'is_service_role' instead.
2026-06-13 23:59:25.444 10 WARNING neutron.scheduler.dhcp_agent_scheduler [None req-35e614e3-9172-40b3-bd67-56d589a03b0c 0974c541c7b44c348f6fa175623baf0e ad2091984b904ecc870e6527931ceed2 - - default default] No more DHCP agents
2026-06-13 23:59:25.446 10 WARNING neutron.api.rpc.agentnotifiers.dhcp_rpc_agent_api [None req-35e614e3-9172-40b3-bd67-56d589a03b0c 0974c541c7b44c348f6fa175623baf0e ad2091984b904ecc870e6527931ceed2 - - default default] Unable to schedule network a1989ccb-af26-48f1-a0d4-7666d6cf0335: no agents available; will retry on subsequent port and subnet creation events.
2026-06-13 23:59:25.723 10 INFO neutron.api.wsgi [None req-35e614e3-9172-40b3-bd67-56d589a03b0c 0974c541c7b44c348f6fa175623baf0e ad2091984b904ecc870e6527931ceed2 - - default default] 10.0.0.14 "POST /v2.0/floatingips HTTP/1.1" status: 201 len: 751 time: 0.6348681 /var/lib/openstack/lib/python3.12/site-packages/pycadf/identifier.py:71: UserWarning: Invalid uuid: neutron. To ensure interoperability, identifiers should be a valid uuid. warnings.warn(('Invalid uuid: %s. To ensure interoperability, '
2026-06-13 23:59:25.733 9 WARNING neutron_lib.context [None req-90f1a369-a408-4a71-b215-5ed68f422784 0974c541c7b44c348f6fa175623baf0e ad2091984b904ecc870e6527931ceed2 - - default default] Method 'is_advsvc' is deprecated since 2023.2 release (neutron-lib 3.8.0) and will be removed once support for the old RBAC API policies will be removed from Neutron. Please use method 'is_service_role' instead.
2026-06-13 23:59:25.958 9 WARNING neutron.scheduler.dhcp_agent_scheduler [None req-90f1a369-a408-4a71-b215-5ed68f422784 0974c541c7b44c348f6fa175623baf0e ad2091984b904ecc870e6527931ceed2 - - default default] No more DHCP agents
2026-06-13 23:59:25.960 9 WARNING neutron.api.rpc.agentnotifiers.dhcp_rpc_agent_api [None req-90f1a369-a408-4a71-b215-5ed68f422784 0974c541c7b44c348f6fa175623baf0e ad2091984b904ecc870e6527931ceed2 - - default default] Unable to schedule network a1989ccb-af26-48f1-a0d4-7666d6cf0335: no agents available; will retry on subsequent port and subnet creation events.
2026-06-13 23:59:26.274 9 INFO neutron.api.wsgi [None req-90f1a369-a408-4a71-b215-5ed68f422784 0974c541c7b44c348f6fa175623baf0e ad2091984b904ecc870e6527931ceed2 - - default default] 10.0.0.14 "POST /v2.0/floatingips HTTP/1.1" status: 201 len: 751 time: 0.5460410
2026-06-13 23:59:26.286 9 WARNING neutron_lib.context [None req-39e595be-1bf6-4e65-be0c-524a83520e21 0974c541c7b44c348f6fa175623baf0e ad2091984b904ecc870e6527931ceed2 - - default default] Method 'is_advsvc' is deprecated since 2023.2 release (neutron-lib 3.8.0) and will be removed once support for the old RBAC API policies will be removed from Neutron. Please use method 'is_service_role' instead.
2026-06-13 23:59:26.501 10 INFO neutron.api.wsgi [None req-d693c0a0-9383-4c80-aaa5-15099c7362a2 9544b8f49d334a2b9792d84aaaee8ffd 27ee46e1d3cc4f79afad813575328d8a - - default default] 10.0.0.239 "GET /v2.0/extensions HTTP/1.1" status: 200 len: 19298 time: 0.0303860
2026-06-13 23:59:26.532 9 WARNING neutron.scheduler.dhcp_agent_scheduler [None req-39e595be-1bf6-4e65-be0c-524a83520e21 0974c541c7b44c348f6fa175623baf0e ad2091984b904ecc870e6527931ceed2 - - default default] No more DHCP agents
2026-06-13 23:59:26.535 9 WARNING neutron.api.rpc.agentnotifiers.dhcp_rpc_agent_api [None req-39e595be-1bf6-4e65-be0c-524a83520e21 0974c541c7b44c348f6fa175623baf0e ad2091984b904ecc870e6527931ceed2 - - default default] Unable to schedule network a1989ccb-af26-48f1-a0d4-7666d6cf0335: no agents available; will retry on subsequent port and subnet creation events.
2026-06-13 23:59:26.618 10 INFO neutron.api.wsgi [None req-7613dcd8-9876-4553-a1b0-e3a55b6a1e8a 9544b8f49d334a2b9792d84aaaee8ffd 27ee46e1d3cc4f79afad813575328d8a - - default default] 10.0.0.239 "GET /v2.0/quotas/27ee46e1d3cc4f79afad813575328d8a/details HTTP/1.1" status: 200 len: 1046 time: 0.0995944
2026-06-13 23:59:26.817 9 INFO neutron.api.wsgi [None req-39e595be-1bf6-4e65-be0c-524a83520e21 0974c541c7b44c348f6fa175623baf0e ad2091984b904ecc870e6527931ceed2 - - default default] 10.0.0.14 "POST /v2.0/floatingips HTTP/1.1" status: 201 len: 751 time: 0.5349936
2026-06-13 23:59:26.827 9 WARNING neutron_lib.context [None req-327ffb48-72e2-48a7-b21f-910e73b05bb1 0974c541c7b44c348f6fa175623baf0e ad2091984b904ecc870e6527931ceed2 - - default default] Method 'is_advsvc' is deprecated since 2023.2 release (neutron-lib 3.8.0) and will be removed once support for the old RBAC API policies will be removed from Neutron. Please use method 'is_service_role' instead.
2026-06-13 23:59:27.084 10 INFO neutron.api.wsgi [req-f931a28b-dc68-4fc5-b330-d8ab5dad7b9a req-258fa2c5-e6d4-457e-a1c0-10afa2e8dbe5 d1d271a5173f45aab72c7714b6eaced7 be60219adfea43798cde18bd0cab5c03 - - default default] 10.0.0.229 "GET /v2.0/ports?device_id=fd413a32-41b3-495d-9db3-8bd7bc581545 HTTP/1.1" status: 200 len: 1400 time: 0.0750277
2026-06-13 23:59:27.093 9 WARNING neutron.scheduler.dhcp_agent_scheduler [None req-327ffb48-72e2-48a7-b21f-910e73b05bb1 0974c541c7b44c348f6fa175623baf0e ad2091984b904ecc870e6527931ceed2 - - default default] No more DHCP agents
2026-06-13 23:59:27.094 9 WARNING neutron.api.rpc.agentnotifiers.dhcp_rpc_agent_api [None req-327ffb48-72e2-48a7-b21f-910e73b05bb1 0974c541c7b44c348f6fa175623baf0e ad2091984b904ecc870e6527931ceed2 - - default default] Unable to schedule network a1989ccb-af26-48f1-a0d4-7666d6cf0335: no agents available; will retry on subsequent port and subnet creation events.
2026-06-13 23:59:27.128 10 INFO neutron.api.wsgi [req-f931a28b-dc68-4fc5-b330-d8ab5dad7b9a req-1a9f17a3-f9e6-46cc-b7e4-bb8026b41752 d1d271a5173f45aab72c7714b6eaced7 be60219adfea43798cde18bd0cab5c03 - - default default] 10.0.0.229 "GET /v2.0/security-groups?id=04089e84-3491-4291-adc3-9975b290c4c7&fields=id&fields=name HTTP/1.1" status: 200 len: 311 time: 0.0357082
2026-06-13 23:59:27.190 10 INFO neutron.api.wsgi [None req-e4cc4bd9-af3e-4415-8be6-99523af4ba18 d1d271a5173f45aab72c7714b6eaced7 be60219adfea43798cde18bd0cab5c03 - - default default] 10.0.0.14 "GET /v2.0/ports?network_id=b74d0417-e3b8-467b-aa64-acae13f07257&mac_address=fa%3A16%3A3e%3A55%3Adf%3A06 HTTP/1.1" status: 200 len: 1395 time: 0.0345769
2026-06-13 23:59:27.197 10 WARNING neutron_lib.context [None req-d2f49fdb-1f40-4c46-ac1e-8d2975bba413 d1d271a5173f45aab72c7714b6eaced7 be60219adfea43798cde18bd0cab5c03 - - default default] Method 'is_advsvc' is deprecated since 2023.2 release (neutron-lib 3.8.0) and will be removed once support for the old RBAC API policies will be removed from Neutron. Please use method 'is_service_role' instead.
2026-06-13 23:59:27.365 9 INFO neutron.api.wsgi [None req-327ffb48-72e2-48a7-b21f-910e73b05bb1 0974c541c7b44c348f6fa175623baf0e ad2091984b904ecc870e6527931ceed2 - - default default] 10.0.0.14 "POST /v2.0/floatingips HTTP/1.1" status: 201 len: 751 time: 0.5422697
2026-06-13 23:59:27.374 9 WARNING neutron_lib.context [None req-75f00a53-65e8-4b87-96b9-319a4b00af01 0974c541c7b44c348f6fa175623baf0e ad2091984b904ecc870e6527931ceed2 - - default default] Method 'is_advsvc' is deprecated since 2023.2 release (neutron-lib 3.8.0) and will be removed once support for the old RBAC API policies will be removed from Neutron. Please use method 'is_service_role' instead.
2026-06-13 23:59:27.439 10 WARNING neutron.scheduler.dhcp_agent_scheduler [None req-d2f49fdb-1f40-4c46-ac1e-8d2975bba413 d1d271a5173f45aab72c7714b6eaced7 be60219adfea43798cde18bd0cab5c03 - - default default] No more DHCP agents
2026-06-13 23:59:27.441 10 WARNING neutron.api.rpc.agentnotifiers.dhcp_rpc_agent_api [None req-d2f49fdb-1f40-4c46-ac1e-8d2975bba413 d1d271a5173f45aab72c7714b6eaced7 be60219adfea43798cde18bd0cab5c03 - - default default] Unable to schedule network a1989ccb-af26-48f1-a0d4-7666d6cf0335: no agents available; will retry on subsequent port and subnet creation events.
2026-06-13 23:59:27.553 9 WARNING neutron.scheduler.dhcp_agent_scheduler [None req-75f00a53-65e8-4b87-96b9-319a4b00af01 0974c541c7b44c348f6fa175623baf0e ad2091984b904ecc870e6527931ceed2 - - default default] No more DHCP agents
2026-06-13 23:59:27.554 9 WARNING neutron.api.rpc.agentnotifiers.dhcp_rpc_agent_api [None req-75f00a53-65e8-4b87-96b9-319a4b00af01 0974c541c7b44c348f6fa175623baf0e ad2091984b904ecc870e6527931ceed2 - - default default] Unable to schedule network a1989ccb-af26-48f1-a0d4-7666d6cf0335: no agents available; will retry on subsequent port and subnet creation events.
2026-06-13 23:59:27.833 9 INFO neutron.api.wsgi [None req-75f00a53-65e8-4b87-96b9-319a4b00af01 0974c541c7b44c348f6fa175623baf0e ad2091984b904ecc870e6527931ceed2 - - default default] 10.0.0.14 "POST /v2.0/floatingips HTTP/1.1" status: 201 len: 751 time: 0.4629526
2026-06-13 23:59:27.883 9 INFO neutron.api.wsgi [None req-e5045703-2e0a-472f-8b81-909d76d1bb92 0974c541c7b44c348f6fa175623baf0e ad2091984b904ecc870e6527931ceed2 - - default default] 10.0.0.14 "PUT /v2.0/floatingips/26b2ef5c-6c9f-4d6c-918b-3d824192eda5/tags HTTP/1.1" status: 200 len: 210 time: 0.0420747
2026-06-13 23:59:27.938 9 INFO neutron.api.wsgi [None req-3127e946-87e9-461c-a8db-16b42ab199cf 0974c541c7b44c348f6fa175623baf0e ad2091984b904ecc870e6527931ceed2 - - default default] 10.0.0.14 "PUT /v2.0/floatingips/06467381-84e1-4de4-8878-1428fde9a1a6/tags HTTP/1.1" status: 200 len: 218 time: 0.0456758
2026-06-13 23:59:27.983 9 INFO neutron.api.wsgi [None req-48a3728c-ee23-493b-9d7d-a7c1657ac932 0974c541c7b44c348f6fa175623baf0e ad2091984b904ecc870e6527931ceed2 - - default default] 10.0.0.14 "PUT /v2.0/floatingips/34222f05-62d5-44c9-a4a0-a78174a44342/tags HTTP/1.1" status: 200 len: 227 time: 0.0374641
2026-06-13 23:59:28.042 9 INFO neutron.api.wsgi [None req-02170e18-eef9-4c38-bca9-bcd2fdcc2003 0974c541c7b44c348f6fa175623baf0e ad2091984b904ecc870e6527931ceed2 - - default default] 10.0.0.14 "PUT /v2.0/floatingips/9f56c710-5c98-4847-8066-ebe192d3366d/tags HTTP/1.1" status: 200 len: 212 time: 0.0539441
2026-06-13 23:59:28.091 9 INFO neutron.api.wsgi [None req-4c5dbc75-8b88-46a0-a1e2-88f602278fa1 0974c541c7b44c348f6fa175623baf0e ad2091984b904ecc870e6527931ceed2 - - default default] 10.0.0.14 "GET /v2.0/floatingips?tags=red HTTP/1.1" status: 200 len: 1866 time: 0.0429459
2026-06-13 23:59:28.165 10 INFO neutron.db.ovn_revision_numbers_db [None req-d2f49fdb-1f40-4c46-ac1e-8d2975bba413 d1d271a5173f45aab72c7714b6eaced7 be60219adfea43798cde18bd0cab5c03 - - default default] Successfully bumped revision number for resource fa58e90c-7bc5-44d0-b4d8-619dd151f98f (type: floatingips) to -1
2026-06-13 23:59:28.174 9 INFO neutron.api.wsgi [None req-95d5d28f-9f29-4704-b980-643cab8d2da0 0974c541c7b44c348f6fa175623baf0e ad2091984b904ecc870e6527931ceed2 - - default default] 10.0.0.14 "GET /v2.0/floatingips?tags=red%2Cblue HTTP/1.1" status: 200 len: 1323 time: 0.0777276 /var/lib/openstack/lib/python3.12/site-packages/pycadf/identifier.py:71: UserWarning: Invalid uuid: neutron. To ensure interoperability, identifiers should be a valid uuid. warnings.warn(('Invalid uuid: %s. To ensure interoperability, '
2026-06-13 23:59:28.279 10 INFO neutron.db.ovn_revision_numbers_db [None req-d2f49fdb-1f40-4c46-ac1e-8d2975bba413 d1d271a5173f45aab72c7714b6eaced7 be60219adfea43798cde18bd0cab5c03 - - default default] Successfully bumped revision number for resource fa58e90c-7bc5-44d0-b4d8-619dd151f98f (type: floatingips) to 1
2026-06-13 23:59:28.280 10 INFO neutron.db.l3_db [None req-d2f49fdb-1f40-4c46-ac1e-8d2975bba413 d1d271a5173f45aab72c7714b6eaced7 be60219adfea43798cde18bd0cab5c03 - - default default] Floating IP fa58e90c-7bc5-44d0-b4d8-619dd151f98f associated. External IP: 10.96.250.215, port: 94cadefc-28e3-4d21-9536-2580c93776ae.
2026-06-13 23:59:28.333 10 INFO neutron.api.wsgi [None req-d2f49fdb-1f40-4c46-ac1e-8d2975bba413 d1d271a5173f45aab72c7714b6eaced7 be60219adfea43798cde18bd0cab5c03 - - default default] 10.0.0.14 "POST /v2.0/floatingips HTTP/1.1" status: 201 len: 1053 time: 1.1391869
2026-06-13 23:59:28.373 10 INFO neutron.notifiers.nova [-] Nova event matching ['req-c7490c6a-58e4-4141-826c-47d4ad406090'] response: {'name': 'network-changed', 'server_uuid': 'fd413a32-41b3-495d-9db3-8bd7bc581545', 'tag': '94cadefc-28e3-4d21-9536-2580c93776ae', 'status': 'completed', 'code': 200}
2026-06-13 23:59:28.514 9 INFO neutron.api.wsgi [None req-302bed48-30f6-4742-87ab-d304bb9e999f 0974c541c7b44c348f6fa175623baf0e ad2091984b904ecc870e6527931ceed2 - - default default] 10.0.0.14 "GET /v2.0/floatingips?tags-any=blue HTTP/1.1" status: 200 len: 1323 time: 0.3337376
2026-06-13 23:59:28.535 10 INFO neutron.api.wsgi [None req-fd4f9e33-82a7-4f26-8f02-084ff5473a19 9544b8f49d334a2b9792d84aaaee8ffd 27ee46e1d3cc4f79afad813575328d8a - - default default] 10.0.0.239 "GET /v2.0/extensions HTTP/1.1" status: 200 len: 19298 time: 0.0087140
2026-06-13 23:59:28.547 9 INFO neutron.api.wsgi [None req-d314b05e-f03d-468d-809b-88bff0097abc 0974c541c7b44c348f6fa175623baf0e ad2091984b904ecc870e6527931ceed2 - - default default] 10.0.0.14 "GET /v2.0/floatingips?tags-any=red%2Cblue HTTP/1.1" status: 200 len: 1866 time: 0.0271988
2026-06-13 23:59:28.606 9 INFO neutron.api.wsgi [None req-cc916f42-76ac-4055-af79-d75f6a657e84 0974c541c7b44c348f6fa175623baf0e ad2091984b904ecc870e6527931ceed2 - - default default] 10.0.0.14 "GET /v2.0/floatingips?not-tags=red HTTP/1.1" status: 200 len: 1295 time: 0.0542052
2026-06-13 23:59:28.634 10 INFO neutron.api.wsgi [None req-ad262684-ebc8-4128-a485-6671a503d99f 9544b8f49d334a2b9792d84aaaee8ffd 27ee46e1d3cc4f79afad813575328d8a - - default default] 10.0.0.239 "GET /v2.0/quotas/27ee46e1d3cc4f79afad813575328d8a/details HTTP/1.1" status: 200 len: 1046 time: 0.0834174
2026-06-13 23:59:28.656 9 INFO neutron.api.wsgi [None req-9920a231-0d42-4d82-8520-e163c8f59106 0974c541c7b44c348f6fa175623baf0e ad2091984b904ecc870e6527931ceed2 - - default default] 10.0.0.14 "GET /v2.0/floatingips?not-tags=red%2Cblue HTTP/1.1" status: 200 len: 1838 time: 0.0432320
2026-06-13 23:59:28.701 9 INFO neutron.api.wsgi [None req-27f39044-c326-4bb4-bd47-aad3d08d584c 0974c541c7b44c348f6fa175623baf0e ad2091984b904ecc870e6527931ceed2 - - default default] 10.0.0.14 "GET /v2.0/floatingips?not-tags-any=blue HTTP/1.1" status: 200 len: 1838 time: 0.0404203
2026-06-13 23:59:28.727 9 INFO neutron.api.wsgi [None req-7389e83b-0bcd-43a7-8851-93aff0a1b529 0974c541c7b44c348f6fa175623baf0e ad2091984b904ecc870e6527931ceed2 - - default default] 10.0.0.14 "GET /v2.0/floatingips?not-tags-any=red%2Cblue HTTP/1.1" status: 200 len: 1295 time: 0.0213649
2026-06-13 23:59:28.918 9 INFO neutron.api.wsgi [req-80d58f4f-edd4-4c9b-9c54-a43eda78ce9c req-73222bd5-7aac-49ad-b4ea-f4375dd75347 c7505b338671483d87e7ab08fd0ca435 3d1483b620fd4d198a33589cf7b6bbe6 - - 57931df8023144c59092a2fb0fce9280 57931df8023144c59092a2fb0fce9280] 199.204.45.25 "GET /v2.0/ports?tenant_id=be60219adfea43798cde18bd0cab5c03&device_id=fd413a32-41b3-495d-9db3-8bd7bc581545 HTTP/1.1" status: 200 len: 1638 time: 0.0345526
2026-06-13 23:59:28.978 9 INFO neutron.api.wsgi [req-80d58f4f-edd4-4c9b-9c54-a43eda78ce9c req-1ef2d243-6b9c-4798-af18-361db6850509 c7505b338671483d87e7ab08fd0ca435 3d1483b620fd4d198a33589cf7b6bbe6 - - 57931df8023144c59092a2fb0fce9280 57931df8023144c59092a2fb0fce9280] 199.204.45.25 "GET /v2.0/networks?id=b74d0417-e3b8-467b-aa64-acae13f07257 HTTP/1.1" status: 200 len: 1003 time: 0.0525203
2026-06-13 23:59:29.025 9 INFO neutron.api.wsgi [req-80d58f4f-edd4-4c9b-9c54-a43eda78ce9c req-abfc14bd-b25f-4291-9adb-04cc58556ef8 c7505b338671483d87e7ab08fd0ca435 3d1483b620fd4d198a33589cf7b6bbe6 - - 57931df8023144c59092a2fb0fce9280 57931df8023144c59092a2fb0fce9280] 199.204.45.25 "GET /v2.0/floatingips?fixed_ip_address=10.2.2.20&port_id=94cadefc-28e3-4d21-9536-2580c93776ae HTTP/1.1" status: 200 len: 1058 time: 0.0407515
2026-06-13 23:59:29.053 9 INFO neutron.api.wsgi [req-80d58f4f-edd4-4c9b-9c54-a43eda78ce9c req-6fe73204-2c2c-44b7-aef4-088b7594a71a c7505b338671483d87e7ab08fd0ca435 3d1483b620fd4d198a33589cf7b6bbe6 - - 57931df8023144c59092a2fb0fce9280 57931df8023144c59092a2fb0fce9280] 199.204.45.25 "GET /v2.0/floatingips?fixed_ip_address=fd77%3A1457%3A4cf0%3A26a8%3A%3A17f&port_id=94cadefc-28e3-4d21-9536-2580c93776ae HTTP/1.1" status: 200 len: 217 time: 0.0234942
2026-06-13 23:59:29.082 9 INFO neutron.api.wsgi [None req-179331c9-0f0e-4133-a2d8-828f951cc743 0974c541c7b44c348f6fa175623baf0e ad2091984b904ecc870e6527931ceed2 - - default default] 10.0.0.14 "DELETE /v2.0/floatingips/26b2ef5c-6c9f-4d6c-918b-3d824192eda5 HTTP/1.1" status: 204 len: 168 time: 0.3461905
2026-06-13 23:59:29.087 9 INFO neutron.api.wsgi [req-80d58f4f-edd4-4c9b-9c54-a43eda78ce9c req-93059f5e-561b-4676-aae8-5bc09cc3e792 c7505b338671483d87e7ab08fd0ca435 3d1483b620fd4d198a33589cf7b6bbe6 - - 57931df8023144c59092a2fb0fce9280 57931df8023144c59092a2fb0fce9280] 199.204.45.25 "GET /v2.0/subnets?id=0625b245-66ba-4cd1-ad05-60ce3e6c96cc&id=508ae3a2-66c2-4da9-bbfa-88ec0bb8ba72 HTTP/1.1" status: 200 len: 1612 time: 0.0293334
2026-06-13 23:59:29.110 9 INFO neutron.api.wsgi [req-80d58f4f-edd4-4c9b-9c54-a43eda78ce9c req-d2d181bf-9b07-460b-96c7-29d7b5fce5ce c7505b338671483d87e7ab08fd0ca435 3d1483b620fd4d198a33589cf7b6bbe6 - - 57931df8023144c59092a2fb0fce9280 57931df8023144c59092a2fb0fce9280] 199.204.45.25 "GET /v2.0/ports?network_id=b74d0417-e3b8-467b-aa64-acae13f07257&device_owner=network%3Adhcp HTTP/1.1" status: 200 len: 210 time: 0.0160928
2026-06-13 23:59:29.136 9 INFO neutron.api.wsgi [req-80d58f4f-edd4-4c9b-9c54-a43eda78ce9c req-c278ca73-a01f-47e8-b21b-4ebbf7cf314d c7505b338671483d87e7ab08fd0ca435 3d1483b620fd4d198a33589cf7b6bbe6 - - 57931df8023144c59092a2fb0fce9280 57931df8023144c59092a2fb0fce9280] 199.204.45.25 "GET /v2.0/ports?network_id=b74d0417-e3b8-467b-aa64-acae13f07257&device_owner=network%3Adhcp HTTP/1.1" status: 200 len: 210 time: 0.0185072
2026-06-13 23:59:29.177 9 INFO neutron.api.wsgi [req-80d58f4f-edd4-4c9b-9c54-a43eda78ce9c req-f5bc62d9-6e54-4695-846b-8812cf20b54b c7505b338671483d87e7ab08fd0ca435 3d1483b620fd4d198a33589cf7b6bbe6 - - 57931df8023144c59092a2fb0fce9280 57931df8023144c59092a2fb0fce9280] 199.204.45.25 "GET /v2.0/networks/b74d0417-e3b8-467b-aa64-acae13f07257?fields=segments HTTP/1.1" status: 200 len: 212 time: 0.0361793
2026-06-13 23:59:29.212 9 INFO neutron.api.wsgi [req-80d58f4f-edd4-4c9b-9c54-a43eda78ce9c req-445b19c7-5d12-4cec-9932-d4abab2c744a c7505b338671483d87e7ab08fd0ca435 3d1483b620fd4d198a33589cf7b6bbe6 - - 57931df8023144c59092a2fb0fce9280 57931df8023144c59092a2fb0fce9280] 199.204.45.25 "GET /v2.0/networks/b74d0417-e3b8-467b-aa64-acae13f07257?fields=provider%3Aphysical_network&fields=provider%3Anetwork_type HTTP/1.1" status: 200 len: 277 time: 0.0308332
2026-06-13 23:59:29.368 10 INFO neutron.api.wsgi [None req-7a2a8460-9aa1-4a7e-b34f-330002886f50 0974c541c7b44c348f6fa175623baf0e ad2091984b904ecc870e6527931ceed2 - - default default] 10.0.0.14 "DELETE /v2.0/floatingips/06467381-84e1-4de4-8878-1428fde9a1a6 HTTP/1.1" status: 204 len: 168 time: 0.2820947
2026-06-13 23:59:29.652 10 INFO neutron.api.wsgi [None req-01d3a34c-fd6a-4152-889d-7597527287a9 0974c541c7b44c348f6fa175623baf0e ad2091984b904ecc870e6527931ceed2 - - default default] 10.0.0.14 "DELETE /v2.0/floatingips/34222f05-62d5-44c9-a4a0-a78174a44342 HTTP/1.1" status: 204 len: 168 time: 0.2791028
2026-06-13 23:59:29.965 10 INFO neutron.api.wsgi [None req-5bb84236-da86-42d3-9b69-8737c114aa47 0974c541c7b44c348f6fa175623baf0e ad2091984b904ecc870e6527931ceed2 - - default default] 10.0.0.14 "DELETE /v2.0/floatingips/9f56c710-5c98-4847-8066-ebe192d3366d HTTP/1.1" status: 204 len: 168 time: 0.3060448
2026-06-13 23:59:30.235 10 INFO neutron.api.wsgi [None req-26184028-03cc-49d8-b6de-5b55e80ad194 0974c541c7b44c348f6fa175623baf0e ad2091984b904ecc870e6527931ceed2 - - default default] 10.0.0.14 "DELETE /v2.0/floatingips/7853f1a0-31a6-4dd3-8ae6-88f62b911c4a HTTP/1.1" status: 204 len: 168 time: 0.2613122
2026-06-13 23:59:30.977 9 INFO neutron.db.ovn_revision_numbers_db [None req-74789612-cad9-4362-b731-d0e5a48d4dbc a4575adf4cdd40c79c6b08240389dc13 3f9c90b0dcd94d44aa508c514ef3d755 - - default default] Successfully bumped revision number for resource f5f4baad-72e1-4847-8c3c-9320d7646728 (type: security_groups) to 1
2026-06-13 23:59:30.997 9 INFO neutron.db.ovn_revision_numbers_db [None req-74789612-cad9-4362-b731-d0e5a48d4dbc a4575adf4cdd40c79c6b08240389dc13 3f9c90b0dcd94d44aa508c514ef3d755 - - default default] Successfully bumped revision number for resource 10c834b8-669e-4a35-8b2f-af55cc6fddd7 (type: security_group_rules) to 0
2026-06-13 23:59:31.014 9 INFO neutron.db.ovn_revision_numbers_db [None req-74789612-cad9-4362-b731-d0e5a48d4dbc a4575adf4cdd40c79c6b08240389dc13 3f9c90b0dcd94d44aa508c514ef3d755 - - default default] Successfully bumped revision number for resource 876c122b-e8e6-4b45-a332-196f0ed84a6f (type: security_group_rules) to 0
2026-06-13 23:59:31.028 9 INFO neutron.db.ovn_revision_numbers_db [None req-74789612-cad9-4362-b731-d0e5a48d4dbc a4575adf4cdd40c79c6b08240389dc13 3f9c90b0dcd94d44aa508c514ef3d755 - - default default] Successfully bumped revision number for resource 8b0117eb-cc97-4993-826d-402af54f85d0 (type: security_group_rules) to 0
2026-06-13 23:59:31.044 9 INFO neutron.db.ovn_revision_numbers_db [None req-74789612-cad9-4362-b731-d0e5a48d4dbc a4575adf4cdd40c79c6b08240389dc13 3f9c90b0dcd94d44aa508c514ef3d755 - - default default] Successfully bumped revision number for resource 9e493322-8fe1-46a8-b3f0-9af79fa0c19a (type: security_group_rules) to 0
2026-06-13 23:59:31.095 9 INFO neutron.api.wsgi [None req-74789612-cad9-4362-b731-d0e5a48d4dbc a4575adf4cdd40c79c6b08240389dc13 3f9c90b0dcd94d44aa508c514ef3d755 - - default default] 10.0.0.14 "GET /v2.0/security-groups?tenant_id=27ee46e1d3cc4f79afad813575328d8a&name=default HTTP/1.1" status: 200 len: 3124 time: 0.4682350
2026-06-13 23:59:31.240 10 INFO neutron.db.ovn_revision_numbers_db [None req-5b30bdf3-d23b-426b-b72a-548eb47bd85d a4575adf4cdd40c79c6b08240389dc13 3f9c90b0dcd94d44aa508c514ef3d755 - - default default] Successfully bumped revision number for resource 6c306891-e272-4c91-9823-1d543dedb5d8 (type: security_groups) to 1
2026-06-13 23:59:31.255 10 INFO neutron.db.ovn_revision_numbers_db [None req-5b30bdf3-d23b-426b-b72a-548eb47bd85d a4575adf4cdd40c79c6b08240389dc13 3f9c90b0dcd94d44aa508c514ef3d755 - - default default] Successfully bumped revision number for resource 11524ff9-103b-4511-9241-1aee85d00ee0 (type: security_group_rules) to 0
2026-06-13 23:59:31.272 10 INFO neutron.db.ovn_revision_numbers_db [None req-5b30bdf3-d23b-426b-b72a-548eb47bd85d a4575adf4cdd40c79c6b08240389dc13 3f9c90b0dcd94d44aa508c514ef3d755 - - default default] Successfully bumped revision number for resource 1b4c2065-abf9-4cdb-8466-8c63c598e464 (type: security_group_rules) to 0
2026-06-13 23:59:31.284 9 INFO neutron.api.wsgi [None req-9b8aa6e1-aa65-4f45-9921-2491fcc67df3 a4575adf4cdd40c79c6b08240389dc13 3f9c90b0dcd94d44aa508c514ef3d755 - - default default] 10.0.0.14 "DELETE /v2.0/security-groups/f5f4baad-72e1-4847-8c3c-9320d7646728 HTTP/1.1" status: 204 len: 168 time: 0.1817105
2026-06-13 23:59:31.287 10 INFO neutron.db.ovn_revision_numbers_db [None req-5b30bdf3-d23b-426b-b72a-548eb47bd85d a4575adf4cdd40c79c6b08240389dc13 3f9c90b0dcd94d44aa508c514ef3d755 - - default default] Successfully bumped revision number for resource 44132c05-65a0-4b53-8c9b-576473c6c792 (type: security_group_rules) to 0
2026-06-13 23:59:31.304 10 INFO neutron.db.ovn_revision_numbers_db [None req-5b30bdf3-d23b-426b-b72a-548eb47bd85d a4575adf4cdd40c79c6b08240389dc13 3f9c90b0dcd94d44aa508c514ef3d755 - - default default] Successfully bumped revision number for resource 5d1c63dd-a741-4629-86f0-1559a5df8304 (type: security_group_rules) to 0
2026-06-13 23:59:31.356 10 INFO neutron.api.wsgi [None req-5b30bdf3-d23b-426b-b72a-548eb47bd85d a4575adf4cdd40c79c6b08240389dc13 3f9c90b0dcd94d44aa508c514ef3d755 - - default default] 10.0.0.14 "GET /v2.0/security-groups?tenant_id=ad2091984b904ecc870e6527931ceed2&name=default HTTP/1.1" status: 200 len: 3124 time: 0.3684480
2026-06-13 23:59:31.553 10 INFO neutron.api.wsgi [None req-29c3365f-291a-491e-a168-d2908bcbb952 a4575adf4cdd40c79c6b08240389dc13 3f9c90b0dcd94d44aa508c514ef3d755 - - default default] 10.0.0.14 "DELETE /v2.0/security-groups/6c306891-e272-4c91-9823-1d543dedb5d8 HTTP/1.1" status: 204 len: 168 time: 0.1894982
2026-06-13 23:59:31.796 10 INFO neutron.db.ovn_revision_numbers_db [None req-91bcd352-34c1-440e-9b51-89b736e93d67 a4575adf4cdd40c79c6b08240389dc13 3f9c90b0dcd94d44aa508c514ef3d755 - - default default] Successfully bumped revision number for resource 62d9119b-f962-45d0-9fd5-bf50e3e043cf (type: security_groups) to 1
2026-06-13 23:59:31.810 10 INFO neutron.db.ovn_revision_numbers_db [None req-91bcd352-34c1-440e-9b51-89b736e93d67 a4575adf4cdd40c79c6b08240389dc13 3f9c90b0dcd94d44aa508c514ef3d755 - - default default] Successfully bumped revision number for resource 6d3cb55b-d40b-4885-ac0e-10c728adc2d0 (type: security_group_rules) to 0
2026-06-13 23:59:31.823 10 INFO neutron.db.ovn_revision_numbers_db [None req-91bcd352-34c1-440e-9b51-89b736e93d67 a4575adf4cdd40c79c6b08240389dc13 3f9c90b0dcd94d44aa508c514ef3d755 - - default default] Successfully bumped revision number for resource 73ef4449-bdb3-43e9-b861-468d8805896b (type: security_group_rules) to 0
2026-06-13 23:59:31.837 10 INFO neutron.db.ovn_revision_numbers_db [None req-91bcd352-34c1-440e-9b51-89b736e93d67 a4575adf4cdd40c79c6b08240389dc13 3f9c90b0dcd94d44aa508c514ef3d755 - - default default] Successfully bumped revision number for resource b934a553-9f94-4539-afd2-e05ccc919846 (type: security_group_rules) to 0
2026-06-13 23:59:31.850 10 INFO neutron.db.ovn_revision_numbers_db [None req-91bcd352-34c1-440e-9b51-89b736e93d67 a4575adf4cdd40c79c6b08240389dc13 3f9c90b0dcd94d44aa508c514ef3d755 - - default default] Successfully bumped revision number for resource fca823ec-b8a8-4b46-bd69-62b8bd1de0c7 (type: security_group_rules) to 0
2026-06-13 23:59:31.897 10 INFO neutron.api.wsgi [None req-91bcd352-34c1-440e-9b51-89b736e93d67 a4575adf4cdd40c79c6b08240389dc13 3f9c90b0dcd94d44aa508c514ef3d755 - - default default] 10.0.0.14 "GET /v2.0/security-groups?tenant_id=689ad30d8abc47bab7c2194e85b2eb3c&name=default HTTP/1.1" status: 200 len: 3124 time: 0.2015874
2026-06-13 23:59:32.146 10 INFO neutron.api.wsgi [None req-e4570df3-f795-4b56-b0a5-62141803118a a4575adf4cdd40c79c6b08240389dc13 3f9c90b0dcd94d44aa508c514ef3d755 - - default default] 10.0.0.14 "DELETE /v2.0/security-groups/62d9119b-f962-45d0-9fd5-bf50e3e043cf HTTP/1.1" status: 204 len: 168 time: 0.2416983
2026-06-13 23:59:32.356 9 INFO neutron.db.ovn_revision_numbers_db [None req-a4a709f3-6f05-425d-b109-e4b63c756c03 a4575adf4cdd40c79c6b08240389dc13 3f9c90b0dcd94d44aa508c514ef3d755 - - default default] Successfully bumped revision number for resource c527b9ff-4b13-49e6-8052-8cce30a5f41e (type: security_groups) to 1
2026-06-13 23:59:32.378 9 INFO neutron.db.ovn_revision_numbers_db [None req-a4a709f3-6f05-425d-b109-e4b63c756c03 a4575adf4cdd40c79c6b08240389dc13 3f9c90b0dcd94d44aa508c514ef3d755 - - default default] Successfully bumped revision number for resource 333ec0e5-f0f8-45b5-8f80-76e142a7603f (type: security_group_rules) to 0
2026-06-13 23:59:32.389 9 INFO neutron.db.ovn_revision_numbers_db [None req-a4a709f3-6f05-425d-b109-e4b63c756c03 a4575adf4cdd40c79c6b08240389dc13 3f9c90b0dcd94d44aa508c514ef3d755 - - default default] Successfully bumped revision number for resource b4a953a4-40d1-4a20-9477-cbce7f3250f3 (type: security_group_rules) to 0
2026-06-13 23:59:32.401 9 INFO neutron.db.ovn_revision_numbers_db [None req-a4a709f3-6f05-425d-b109-e4b63c756c03 a4575adf4cdd40c79c6b08240389dc13 3f9c90b0dcd94d44aa508c514ef3d755 - - default default] Successfully bumped revision number for resource da076d9a-aea6-48b5-bd34-a00c229a20f1 (type: security_group_rules) to 0
2026-06-13 23:59:32.413 9 INFO neutron.db.ovn_revision_numbers_db [None req-a4a709f3-6f05-425d-b109-e4b63c756c03 a4575adf4cdd40c79c6b08240389dc13 3f9c90b0dcd94d44aa508c514ef3d755 - - default default] Successfully bumped revision number for resource fb559ea4-f398-4eee-85eb-5f13e8d363a3 (type: security_group_rules) to 0
2026-06-13 23:59:32.444 9 INFO neutron.api.wsgi [None req-a4a709f3-6f05-425d-b109-e4b63c756c03 a4575adf4cdd40c79c6b08240389dc13 3f9c90b0dcd94d44aa508c514ef3d755 - - default default] 10.0.0.14 "GET /v2.0/security-groups?tenant_id=942351b212fc4ec8912914d6af05106a&name=default HTTP/1.1" status: 200 len: 3124 time: 0.2059188
2026-06-13 23:59:32.647 9 INFO neutron.api.wsgi [None req-1ba346e9-2834-494a-9a7c-1040a750f4a6 a4575adf4cdd40c79c6b08240389dc13 3f9c90b0dcd94d44aa508c514ef3d755 - - default default] 10.0.0.14 "DELETE /v2.0/security-groups/c527b9ff-4b13-49e6-8052-8cce30a5f41e HTTP/1.1" status: 204 len: 168 time: 0.1964355
2026-06-13 23:59:33.955 10 INFO neutron.api.wsgi [req-5b2b3f0e-d1f1-459c-a8be-308cedb478de req-daef6f5c-1df9-41cb-99bb-931bda88b342 c7505b338671483d87e7ab08fd0ca435 3d1483b620fd4d198a33589cf7b6bbe6 - - 57931df8023144c59092a2fb0fce9280 57931df8023144c59092a2fb0fce9280] 10.0.0.58 "GET /v2.0/ports?device_id=fd413a32-41b3-495d-9db3-8bd7bc581545 HTTP/1.1" status: 200 len: 1638 time: 0.0389543
2026-06-13 23:59:34.001 10 INFO neutron.api.wsgi [req-5b2b3f0e-d1f1-459c-a8be-308cedb478de req-d536cabd-8196-4325-8826-2dd68d795787 c7505b338671483d87e7ab08fd0ca435 3d1483b620fd4d198a33589cf7b6bbe6 - - 57931df8023144c59092a2fb0fce9280 57931df8023144c59092a2fb0fce9280] 10.0.0.58 "GET /v2.0/security-groups?id=04089e84-3491-4291-adc3-9975b290c4c7&fields=id&fields=name HTTP/1.1" status: 200 len: 311 time: 0.0395122
2026-06-13 23:59:34.431 9 WARNING neutron_lib.context [None req-51087333-eece-492e-9d41-0f8dcad7b79e ed80e99e298c4fb5bf75ddc906e6cd27 f881e0ae05254555b79787cb9a379741 - - default default] Method 'is_advsvc' is deprecated since 2023.2 release (neutron-lib 3.8.0) and will be removed once support for the old RBAC API policies will be removed from Neutron. Please use method 'is_service_role' instead.
2026-06-13 23:59:34.563 9 INFO neutron.db.ovn_revision_numbers_db [None req-51087333-eece-492e-9d41-0f8dcad7b79e ed80e99e298c4fb5bf75ddc906e6cd27 f881e0ae05254555b79787cb9a379741 - - default default] Successfully bumped revision number for resource ed9645fa-7670-4fdc-8558-f6a78674adf1 (type: security_groups) to 1
2026-06-13 23:59:34.588 9 INFO neutron.db.ovn_revision_numbers_db [None req-51087333-eece-492e-9d41-0f8dcad7b79e ed80e99e298c4fb5bf75ddc906e6cd27 f881e0ae05254555b79787cb9a379741 - - default default] Successfully bumped revision number for resource 466d6269-141b-47e3-b8dc-06c79ae35386 (type: security_group_rules) to 0
2026-06-13 23:59:34.605 9 INFO neutron.db.ovn_revision_numbers_db [None req-51087333-eece-492e-9d41-0f8dcad7b79e ed80e99e298c4fb5bf75ddc906e6cd27 f881e0ae05254555b79787cb9a379741 - - default default] Successfully bumped revision number for resource 9a18757e-69ba-4f90-867b-a278a5b9391a (type: security_group_rules) to 0
2026-06-13 23:59:34.620 9 INFO neutron.db.ovn_revision_numbers_db [None req-51087333-eece-492e-9d41-0f8dcad7b79e ed80e99e298c4fb5bf75ddc906e6cd27 f881e0ae05254555b79787cb9a379741 - - default default] Successfully bumped revision number for resource 9d600381-871e-4c57-a30a-176fffdafe23 (type: security_group_rules) to 0
2026-06-13 23:59:34.631 9 INFO neutron.db.ovn_revision_numbers_db [None req-51087333-eece-492e-9d41-0f8dcad7b79e ed80e99e298c4fb5bf75ddc906e6cd27 f881e0ae05254555b79787cb9a379741 - - default default] Successfully bumped revision number for resource f24b61af-4f1b-4141-9afd-74e115ae9968 (type: security_group_rules) to 0
2026-06-13 23:59:34.697 9 INFO neutron.db.segments_db [None req-51087333-eece-492e-9d41-0f8dcad7b79e ed80e99e298c4fb5bf75ddc906e6cd27 f881e0ae05254555b79787cb9a379741 - - default default] Added segment 9ed6603c-acab-4026-b32c-523da47d0a66 of type geneve for network 8105d4a3-6aa7-4f03-9bae-131381b8f07b
2026-06-13 23:59:34.763 10 INFO neutron.api.wsgi [-] 10.0.0.28 "GET / HTTP/1.1" status: 200 len: 246 time: 0.0025666
2026-06-13 23:59:34.766 10 INFO neutron.api.wsgi [-] 10.0.0.28 "GET / HTTP/1.1" status: 200 len: 246 time: 0.0019505
2026-06-13 23:59:34.806 9 INFO neutron.db.ovn_revision_numbers_db [None req-51087333-eece-492e-9d41-0f8dcad7b79e ed80e99e298c4fb5bf75ddc906e6cd27 f881e0ae05254555b79787cb9a379741 - - default default] Successfully bumped revision number for resource 8105d4a3-6aa7-4f03-9bae-131381b8f07b (type: networks) to 1
2026-06-13 23:59:34.988 9 WARNING neutron.scheduler.dhcp_agent_scheduler [None req-51087333-eece-492e-9d41-0f8dcad7b79e ed80e99e298c4fb5bf75ddc906e6cd27 f881e0ae05254555b79787cb9a379741 - - default default] No more DHCP agents
2026-06-13 23:59:34.990 9 WARNING neutron.api.rpc.agentnotifiers.dhcp_rpc_agent_api [None req-51087333-eece-492e-9d41-0f8dcad7b79e ed80e99e298c4fb5bf75ddc906e6cd27 f881e0ae05254555b79787cb9a379741 - - default default] Unable to schedule network 8105d4a3-6aa7-4f03-9bae-131381b8f07b: no agents available; will retry on subsequent port and subnet creation events.
2026-06-13 23:59:35.053 9 INFO neutron.db.ovn_revision_numbers_db [None req-51087333-eece-492e-9d41-0f8dcad7b79e ed80e99e298c4fb5bf75ddc906e6cd27 f881e0ae05254555b79787cb9a379741 - - default default] Successfully bumped revision number for resource e2868b75-ee67-40dd-a7d4-87d847116d90 (type: ports) to 1
2026-06-13 23:59:35.071 9 INFO neutron.api.wsgi [None req-51087333-eece-492e-9d41-0f8dcad7b79e ed80e99e298c4fb5bf75ddc906e6cd27 f881e0ae05254555b79787cb9a379741 - - default default] 10.0.0.14 "POST /v2.0/networks HTTP/1.1" status: 201 len: 832 time: 0.9558170
2026-06-13 23:59:35.079 9 WARNING neutron_lib.context [None req-f0c430a0-8eb0-4861-8dc7-b7a945bf2e75 ed80e99e298c4fb5bf75ddc906e6cd27 f881e0ae05254555b79787cb9a379741 - - default default] Method 'is_advsvc' is deprecated since 2023.2 release (neutron-lib 3.8.0) and will be removed once support for the old RBAC API policies will be removed from Neutron. Please use method 'is_service_role' instead.
2026-06-13 23:59:35.461 9 WARNING neutron.scheduler.dhcp_agent_scheduler [None req-f0c430a0-8eb0-4861-8dc7-b7a945bf2e75 ed80e99e298c4fb5bf75ddc906e6cd27 f881e0ae05254555b79787cb9a379741 - - default default] No more DHCP agents
2026-06-13 23:59:35.463 9 WARNING neutron.api.rpc.agentnotifiers.dhcp_rpc_agent_api [None req-f0c430a0-8eb0-4861-8dc7-b7a945bf2e75 ed80e99e298c4fb5bf75ddc906e6cd27 f881e0ae05254555b79787cb9a379741 - - default default] Unable to schedule network a1989ccb-af26-48f1-a0d4-7666d6cf0335: no agents available; will retry on subsequent port and subnet creation events.
2026-06-13 23:59:35.577 9 INFO neutron.db.ovn_revision_numbers_db [None req-f0c430a0-8eb0-4861-8dc7-b7a945bf2e75 ed80e99e298c4fb5bf75ddc906e6cd27 f881e0ae05254555b79787cb9a379741 - - default default] Successfully bumped revision number for resource ab7315fd-48c5-41a4-b3f0-cc3018e2d31a (type: ports) to 1
2026-06-13 23:59:36.141 9 INFO neutron.plugins.ml2.drivers.ovn.mech_driver.ovsdb.commands [None req-21612f3a-66aa-4773-b39a-39f3b5fbdfbd - - - - - -] Schedule LRP lrp-ab7315fd-48c5-41a4-b3f0-cc3018e2d31a on gateway f341bea3-bf95-416f-9879-4cc728d1a6ef with priority 1
2026-06-13 23:59:36.151 10 INFO neutron.plugins.ml2.drivers.ovn.mech_driver.mech_driver [None req-e1c02f8b-aeff-4881-9d0e-3dae28f08166 - - - - - -] OVN reports status up for port: ab7315fd-48c5-41a4-b3f0-cc3018e2d31a
2026-06-13 23:59:36.161 10 INFO neutron.plugins.ml2.plugin [None req-e1c02f8b-aeff-4881-9d0e-3dae28f08166 - - - - - -] Attempt 1 to provision port ab7315fd-48c5-41a4-b3f0-cc3018e2d31a
2026-06-13 23:59:36.182 9 INFO neutron.plugins.ml2.drivers.ovn.mech_driver.ovsdb.ovsdb_monitor [None req-27daa375-b1af-4ece-a914-eb00b51e525d - - - - - -] Router 7f7f32f4-29f8-4fc3-9fd8-8eee22f8e4c4 is bound to host instance
2026-06-13 23:59:36.196 9 INFO neutron.db.ovn_revision_numbers_db [None req-f0c430a0-8eb0-4861-8dc7-b7a945bf2e75 ed80e99e298c4fb5bf75ddc906e6cd27 f881e0ae05254555b79787cb9a379741 - - default default] Successfully bumped revision number for resource ab7315fd-48c5-41a4-b3f0-cc3018e2d31a (type: router_ports) to 1
2026-06-13 23:59:36.277 9 INFO neutron.db.ovn_revision_numbers_db [None req-f0c430a0-8eb0-4861-8dc7-b7a945bf2e75 ed80e99e298c4fb5bf75ddc906e6cd27 f881e0ae05254555b79787cb9a379741 - - default default] Successfully bumped revision number for resource 7f7f32f4-29f8-4fc3-9fd8-8eee22f8e4c4 (type: routers) to 2
2026-06-13 23:59:36.291 9 INFO neutron.api.wsgi [None req-f0c430a0-8eb0-4861-8dc7-b7a945bf2e75 ed80e99e298c4fb5bf75ddc906e6cd27 f881e0ae05254555b79787cb9a379741 - - default default] 10.0.0.14 "POST /v2.0/routers HTTP/1.1" status: 201 len: 1154 time: 1.2161219
2026-06-13 23:59:36.495 9 INFO neutron.api.wsgi [None req-ee479c83-5825-45a3-b0b2-617c83bbb331 6553c342db914b2cbe76b91bfa4d16b1 32b391d6f7a6470e90963c46d99f7a6b - - default default] 10.0.0.14 "GET /v2.0/subnets?project_id=f881e0ae05254555b79787cb9a379741&cidr=10.100.0.0%2F28 HTTP/1.1" status: 200 len: 207 time: 0.1986475
2026-06-13 23:59:36.567 9 INFO neutron.api.wsgi [None req-b62074c8-3ba1-403a-946e-b9cf567033ab 6553c342db914b2cbe76b91bfa4d16b1 32b391d6f7a6470e90963c46d99f7a6b - - default default] 10.0.0.14 "GET /v2.0/networks?router%3Aexternal=True HTTP/1.1" status: 200 len: 947 time: 0.0665267
2026-06-13 23:59:36.597 10 INFO neutron.api.wsgi [None req-4c224b13-6a35-48f0-ba70-6d2ffea71f31 6553c342db914b2cbe76b91bfa4d16b1 32b391d6f7a6470e90963c46d99f7a6b - - default default] 10.0.0.14 "GET /v2.0/subnets?network_id=a1989ccb-af26-48f1-a0d4-7666d6cf0335&cidr=10.100.0.0%2F28 HTTP/1.1" status: 200 len: 207 time: 0.0237617
2026-06-13 23:59:36.608 9 WARNING neutron_lib.context [None req-cea2ba24-55f4-47dd-a6a9-3ac997485002 ed80e99e298c4fb5bf75ddc906e6cd27 f881e0ae05254555b79787cb9a379741 - - default default] Method 'is_advsvc' is deprecated since 2023.2 release (neutron-lib 3.8.0) and will be removed once support for the old RBAC API policies will be removed from Neutron. Please use method 'is_service_role' instead.
2026-06-13 23:59:36.629 9 INFO neutron.db.ovn_revision_numbers_db [None req-a477dd84-44ed-4347-a69a-36d83ae62309 - - - - - -] Successfully bumped revision number for resource ab7315fd-48c5-41a4-b3f0-cc3018e2d31a (type: ports) to 1
2026-06-13 23:59:36.680 10 INFO neutron.api.wsgi [None req-03b333ef-0b2f-48bb-b036-1cdc3a548d4d 76a02b7da32d43faa35820401d283c96 a950d9664c7e458aa1d1c83fb02b03fb - - default default] 10.0.0.14 "POST /v2.0/qos/policies HTTP/1.1" status: 201 len: 558 time: 0.0753858
2026-06-13 23:59:36.722 10 INFO neutron.api.wsgi [None req-0bbff0c1-2dd2-457b-921c-0f3980f8b440 76a02b7da32d43faa35820401d283c96 a950d9664c7e458aa1d1c83fb02b03fb - - default default] 10.0.0.14 "POST /v2.0/qos/policies HTTP/1.1" status: 201 len: 558 time: 0.0353391
2026-06-13 23:59:36.774 10 INFO neutron.api.wsgi [None req-964faaa4-e004-4c91-9cd6-8e7115b84cdc 76a02b7da32d43faa35820401d283c96 a950d9664c7e458aa1d1c83fb02b03fb - - default default] 10.0.0.14 "POST /v2.0/qos/policies HTTP/1.1" status: 201 len: 558 time: 0.0442474
2026-06-13 23:59:36.809 10 INFO neutron.api.wsgi [None req-7fc5fc71-bc0b-4779-bf28-5e4370c577a8 76a02b7da32d43faa35820401d283c96 a950d9664c7e458aa1d1c83fb02b03fb - - default default] 10.0.0.14 "POST /v2.0/qos/policies HTTP/1.1" status: 201 len: 558 time: 0.0293336
2026-06-13 23:59:36.818 9 WARNING neutron.scheduler.dhcp_agent_scheduler [None req-cea2ba24-55f4-47dd-a6a9-3ac997485002 ed80e99e298c4fb5bf75ddc906e6cd27 f881e0ae05254555b79787cb9a379741 - - default default] No more DHCP agents
2026-06-13 23:59:36.821 9 WARNING neutron.api.rpc.agentnotifiers.dhcp_rpc_agent_api [None req-cea2ba24-55f4-47dd-a6a9-3ac997485002 ed80e99e298c4fb5bf75ddc906e6cd27 f881e0ae05254555b79787cb9a379741 - - default default] Unable to schedule network 8105d4a3-6aa7-4f03-9bae-131381b8f07b: no agents available; will retry on subsequent port and subnet creation events.
2026-06-13 23:59:36.847 10 INFO neutron.api.wsgi [None req-c0a5697d-5324-41fa-a4c6-4039243c13a9 76a02b7da32d43faa35820401d283c96 a950d9664c7e458aa1d1c83fb02b03fb - - default default] 10.0.0.14 "POST /v2.0/qos/policies HTTP/1.1" status: 201 len: 558 time: 0.0329356
2026-06-13 23:59:36.873 10 INFO neutron.api.wsgi [None req-d29032c9-3954-47cf-8c1f-4c86c6d2f0ef 76a02b7da32d43faa35820401d283c96 a950d9664c7e458aa1d1c83fb02b03fb - - default default] 10.0.0.14 "PUT /v2.0/policies/eddc0a39-e003-4f09-bb42-55bd3b8babfb/tags HTTP/1.1" status: 200 len: 210 time: 0.0217316
2026-06-13 23:59:36.900 10 INFO neutron.api.wsgi [None req-fe968181-70d8-44d3-ae4d-89512569e168 76a02b7da32d43faa35820401d283c96 a950d9664c7e458aa1d1c83fb02b03fb - - default default] 10.0.0.14 "PUT /v2.0/policies/85d26bf2-6932-4b68-9860-58a844c96ea2/tags HTTP/1.1" status: 200 len: 218 time: 0.0225368
2026-06-13 23:59:36.928 10 INFO neutron.api.wsgi [None req-950f087d-fb93-4b16-bcef-bf576a548d20 76a02b7da32d43faa35820401d283c96 a950d9664c7e458aa1d1c83fb02b03fb - - default default] 10.0.0.14 "PUT /v2.0/policies/933877dc-6656-40e0-a661-9f0d08d9c8a8/tags HTTP/1.1" status: 200 len: 227 time: 0.0232894
2026-06-13 23:59:36.960 10 INFO neutron.api.wsgi [None req-bcfd37b8-32a8-478c-a825-884543888d7b 76a02b7da32d43faa35820401d283c96 a950d9664c7e458aa1d1c83fb02b03fb - - default default] 10.0.0.14 "PUT /v2.0/policies/bebf0617-001f-469a-afa7-db32eae65d5e/tags HTTP/1.1" status: 200 len: 212 time: 0.0282607
2026-06-13 23:59:37.010 9 INFO neutron.db.ovn_revision_numbers_db [None req-a477dd84-44ed-4347-a69a-36d83ae62309 - - - - - -] Successfully bumped revision number for resource ab7315fd-48c5-41a4-b3f0-cc3018e2d31a (type: ports) to 4
2026-06-13 23:59:37.257 9 INFO neutron.db.ovn_revision_numbers_db [None req-0abcf4b1-4cb4-4e2b-b96d-48d72e28bd01 - - - - - -] Successfully bumped revision number for resource e2868b75-ee67-40dd-a7d4-87d847116d90 (type: ports) to 2
2026-06-13 23:59:37.294 9 INFO neutron.db.ovn_revision_numbers_db [None req-0abcf4b1-4cb4-4e2b-b96d-48d72e28bd01 - - - - - -] Successfully bumped revision number for resource 4bb09402-afd2-40bf-b6f4-46802be6b2f0 (type: subnets) to 0
2026-06-13 23:59:37.308 9 INFO neutron.api.wsgi [None req-cea2ba24-55f4-47dd-a6a9-3ac997485002 ed80e99e298c4fb5bf75ddc906e6cd27 f881e0ae05254555b79787cb9a379741 - - default default] 10.0.0.14 "POST /v2.0/subnets HTTP/1.1" status: 201 len: 855 time: 0.7039564
2026-06-13 23:59:37.310 10 INFO neutron.api.wsgi [None req-5d77e57e-5686-4288-9a9f-4fbc0da9a75d 48a4de50139b4af6ac5d0384133f7833 a63f9e8181564edaa4e79b2004d477ca - - default default] 10.0.0.14 "GET /v2.0/subnets/892340d7-745f-43b1-8735-43015d5641f6 HTTP/1.1" status: 200 len: 870 time: 0.0217721
2026-06-13 23:59:37.320 9 INFO neutron.db.ovn_revision_numbers_db [None req-a477dd84-44ed-4347-a69a-36d83ae62309 - - - - - -] Successfully bumped revision number for resource ab7315fd-48c5-41a4-b3f0-cc3018e2d31a (type: ports) to 5
2026-06-13 23:59:37.389 10 INFO neutron.api.wsgi [None req-66b07e34-aac7-4ec2-bed2-586162998fab eb5782f2e1a140bdaa960f7faaf84c94 f33ee695d018470db71a0f78b34c9469 - - default default] 10.0.0.14 "GET /v2.0/qos/policies?tags=red HTTP/1.1" status: 200 len: 1296 time: 0.0753896
2026-06-13 23:59:37.433 10 INFO neutron.api.wsgi [None req-bdc9942e-685a-4dce-92d4-784022c5eb84 eb5782f2e1a140bdaa960f7faaf84c94 f33ee695d018470db71a0f78b34c9469 - - default default] 10.0.0.14 "GET /v2.0/qos/policies?tags=red%2Cblue HTTP/1.1" status: 200 len: 941 time: 0.0381846
2026-06-13 23:59:37.486 10 INFO neutron.api.wsgi [None req-60784c8b-15cc-498d-944c-e576b03c42d3 eb5782f2e1a140bdaa960f7faaf84c94 f33ee695d018470db71a0f78b34c9469 - - default default] 10.0.0.14 "GET /v2.0/qos/policies?tags-any=blue HTTP/1.1" status: 200 len: 941 time: 0.0482781
2026-06-13 23:59:37.593 9 INFO neutron.api.wsgi [None req-442c3727-1171-4395-bbce-17bb0a229bbb eb5782f2e1a140bdaa960f7faaf84c94 f33ee695d018470db71a0f78b34c9469 - - default default] 10.0.0.14 "GET /v2.0/qos/policies?tags-any=red%2Cblue HTTP/1.1" status: 200 len: 1296 time: 0.1033630
2026-06-13 23:59:37.642 10 INFO neutron.api.wsgi [None req-733868b7-eaf1-4a89-ae75-9c62a8dadab0 eb5782f2e1a140bdaa960f7faaf84c94 f33ee695d018470db71a0f78b34c9469 - - default default] 10.0.0.14 "GET /v2.0/qos/policies?not-tags=red HTTP/1.1" status: 200 len: 913 time: 0.0447781
2026-06-13 23:59:37.701 10 INFO neutron.api.wsgi [None req-0a93c6ee-dc56-4665-9b58-e4a5da4d1565 eb5782f2e1a140bdaa960f7faaf84c94 f33ee695d018470db71a0f78b34c9469 - - default default] 10.0.0.14 "GET /v2.0/qos/policies?not-tags=red%2Cblue HTTP/1.1" status: 200 len: 1268 time: 0.0538383
2026-06-13 23:59:37.783 10 INFO neutron.api.wsgi [None req-2f973cc0-7ab4-4a64-9ae6-91e93768bd41 eb5782f2e1a140bdaa960f7faaf84c94 f33ee695d018470db71a0f78b34c9469 - - default default] 10.0.0.14 "GET /v2.0/qos/policies?not-tags-any=blue HTTP/1.1" status: 200 len: 1268 time: 0.0770607
