2026-06-13 23:57:02.739 9 INFO neutron.plugins.ml2.drivers.ovn.mech_driver.mech_driver [None req-d872b56a-b761-44a9-a815-921a454e762d - - - - - -] OVN reports status up for port: db2fa7ad-d619-4f83-95e0-bbb85891a64c
2026-06-13 23:57:02.746 9 INFO neutron.plugins.ml2.plugin [None req-d872b56a-b761-44a9-a815-921a454e762d - - - - - -] Attempt 1 to provision port db2fa7ad-d619-4f83-95e0-bbb85891a64c
2026-06-13 23:57:03.127 9 INFO neutron.db.ovn_revision_numbers_db [None req-d872b56a-b761-44a9-a815-921a454e762d - - - - - -] Successfully bumped revision number for resource db2fa7ad-d619-4f83-95e0-bbb85891a64c (type: ports) to 2 /var/lib/openstack/lib/python3.12/site-packages/pycadf/identifier.py:71: UserWarning: Invalid uuid: neutron. To ensure interoperability, identifiers should be a valid uuid. warnings.warn(('Invalid uuid: %s. To ensure interoperability, '
2026-06-13 23:57:03.757 9 INFO neutron.api.wsgi [None req-14c7838a-9e58-491d-a86f-1ab1a029d9e5 afcc1e350fac4db2b7b6fa5064b56c1b be39092155f74aca8220a6d531b6ae8c - - default default] 10.0.0.14 "GET /v2.0/ports/db2fa7ad-d619-4f83-95e0-bbb85891a64c HTTP/1.1" status: 200 len: 1141 time: 0.0389442
2026-06-13 23:57:04.261 9 INFO neutron.api.wsgi [None req-13c1223b-39ed-4fa9-b004-58439ef2bde5 afcc1e350fac4db2b7b6fa5064b56c1b be39092155f74aca8220a6d531b6ae8c - - default default] 10.0.0.14 "PUT /v2.0/routers/de943621-fb3c-44d6-92cc-e85e8627f288/remove_router_interface HTTP/1.1" status: 200 len: 503 time: 0.4982927 /var/lib/openstack/lib/python3.12/site-packages/pycadf/identifier.py:71: UserWarning: Invalid uuid: neutron. To ensure interoperability, identifiers should be a valid uuid. warnings.warn(('Invalid uuid: %s. To ensure interoperability, '
2026-06-13 23:57:04.282 9 INFO neutron.api.wsgi [None req-888b2ea3-5002-44ed-a8da-0065f313bc7d afcc1e350fac4db2b7b6fa5064b56c1b be39092155f74aca8220a6d531b6ae8c - - default default] 10.0.0.14 "GET /v2.0/ports?device_id=de943621-fb3c-44d6-92cc-e85e8627f288 HTTP/1.1" status: 200 len: 205 time: 0.0178447
2026-06-13 23:57:04.481 9 INFO neutron.api.wsgi [None req-dd9b6bbb-0a7c-4382-bfc9-978eaa6c72c7 afcc1e350fac4db2b7b6fa5064b56c1b be39092155f74aca8220a6d531b6ae8c - - default default] 10.0.0.14 "DELETE /v2.0/routers/de943621-fb3c-44d6-92cc-e85e8627f288 HTTP/1.1" status: 204 len: 168 time: 0.1940992
2026-06-13 23:57:04.614 9 INFO neutron.api.wsgi [None req-e5c425b9-0a11-4bbc-803e-1bd5b39a759b afcc1e350fac4db2b7b6fa5064b56c1b be39092155f74aca8220a6d531b6ae8c - - default default] 10.0.0.14 "DELETE /v2.0/subnets/912cda0e-1c55-428c-8c7a-67a59700c8e4 HTTP/1.1" status: 204 len: 168 time: 0.1279383
2026-06-13 23:57:04.665 9 INFO neutron.notifiers.nova [-] Nova event matching ['req-a9958298-4c8d-4353-92ae-f3c825fbea24'] response: {'server_uuid': '8a3f2647-00ea-4489-871e-f0a37dc5e7fd', 'name': 'network-vif-plugged', 'status': 'completed', 'tag': '34592690-a40f-46f1-a2df-1b9efb440fde', 'code': 200}
2026-06-13 23:57:04.763 9 INFO neutron.api.wsgi [-] 10.0.0.28 "GET / HTTP/1.1" status: 200 len: 246 time: 0.0018339
2026-06-13 23:57:04.765 9 INFO neutron.api.wsgi [-] 10.0.0.28 "GET / HTTP/1.1" status: 200 len: 246 time: 0.0016065
2026-06-13 23:57:04.849 10 INFO neutron.db.ovn_revision_numbers_db [None req-c6938a91-1eb7-4717-ae40-9708eedf1184 a4575adf4cdd40c79c6b08240389dc13 3f9c90b0dcd94d44aa508c514ef3d755 - - default default] Successfully bumped revision number for resource a5eb7a7d-fece-4d0e-acf2-9e02d8ad18f7 (type: security_groups) to 1
2026-06-13 23:57:04.861 10 INFO neutron.db.ovn_revision_numbers_db [None req-c6938a91-1eb7-4717-ae40-9708eedf1184 a4575adf4cdd40c79c6b08240389dc13 3f9c90b0dcd94d44aa508c514ef3d755 - - default default] Successfully bumped revision number for resource 00c50d0b-6bf6-45bc-a1ae-9059a7a26697 (type: security_group_rules) to 0
2026-06-13 23:57:04.874 10 INFO neutron.db.ovn_revision_numbers_db [None req-c6938a91-1eb7-4717-ae40-9708eedf1184 a4575adf4cdd40c79c6b08240389dc13 3f9c90b0dcd94d44aa508c514ef3d755 - - default default] Successfully bumped revision number for resource 06116e24-59aa-40f3-8c36-ab92779f55d9 (type: security_group_rules) to 0
2026-06-13 23:57:04.890 10 INFO neutron.db.ovn_revision_numbers_db [None req-c6938a91-1eb7-4717-ae40-9708eedf1184 a4575adf4cdd40c79c6b08240389dc13 3f9c90b0dcd94d44aa508c514ef3d755 - - default default] Successfully bumped revision number for resource 5ee41f71-a22b-48c5-9bf3-5c809a0300be (type: security_group_rules) to 0
2026-06-13 23:57:04.910 10 INFO neutron.db.ovn_revision_numbers_db [None req-c6938a91-1eb7-4717-ae40-9708eedf1184 a4575adf4cdd40c79c6b08240389dc13 3f9c90b0dcd94d44aa508c514ef3d755 - - default default] Successfully bumped revision number for resource d8037931-551c-4200-9ab0-1b092ace96fe (type: security_group_rules) to 0
2026-06-13 23:57:04.972 10 INFO neutron.services.segments.plugin [-] Segment 01ad5506-2cda-4c59-a359-30f99a055a76 resource provider aggregate not found
2026-06-13 23:57:04.979 10 INFO neutron.api.wsgi [None req-c6938a91-1eb7-4717-ae40-9708eedf1184 a4575adf4cdd40c79c6b08240389dc13 3f9c90b0dcd94d44aa508c514ef3d755 - - default default] 10.0.0.14 "GET /v2.0/security-groups?tenant_id=5de391caf2b4435a9392cde6292ae582&name=default HTTP/1.1" status: 200 len: 3120 time: 0.4180908
2026-06-13 23:57:04.980 10 INFO neutron.services.segments.plugin [-] Segment 01ad5506-2cda-4c59-a359-30f99a055a76 resource provider aggregate not found
2026-06-13 23:57:04.988 10 INFO neutron.services.segments.plugin [-] Segment 01ad5506-2cda-4c59-a359-30f99a055a76 resource provider not found; error: Placement Client Error (4xx): {"errors": [{"status": 404, "title": "Not Found", "detail": "The resource could not be found.\n\n No resource provider with uuid 01ad5506-2cda-4c59-a359-30f99a055a76 found for delete ", "request_id": "req-1dcc715e-9ff3-463a-95fc-613e2cf18a46"}]}
2026-06-13 23:57:04.993 10 INFO neutron.services.segments.plugin [-] Segment 01ad5506-2cda-4c59-a359-30f99a055a76 resource provider not found; error: Placement Client Error (4xx): {"errors": [{"status": 404, "title": "Not Found", "detail": "The resource could not be found.\n\n No resource provider with uuid 01ad5506-2cda-4c59-a359-30f99a055a76 found for delete ", "request_id": "req-16cba76f-96f4-4567-885a-fcf0df4765bc"}]}
2026-06-13 23:57:05.030 10 INFO neutron.api.wsgi [None req-618f8cd9-9fe2-4385-a166-374fee46c65f afcc1e350fac4db2b7b6fa5064b56c1b be39092155f74aca8220a6d531b6ae8c - - default default] 10.0.0.14 "DELETE /v2.0/networks/edcb2836-91a1-41b1-aeef-b1f6ae000553 HTTP/1.1" status: 204 len: 168 time: 0.4101150
2026-06-13 23:57:05.040 10 WARNING neutron_lib.context [None req-b03b1321-075d-406e-a456-dab52b83686d afcc1e350fac4db2b7b6fa5064b56c1b be39092155f74aca8220a6d531b6ae8c - - default default] Method 'is_advsvc' is deprecated since 2023.2 release (neutron-lib 3.8.0) and will be removed once support for the old RBAC API policies will be removed from Neutron. Please use method 'is_service_role' instead.
2026-06-13 23:57:05.196 9 INFO neutron.api.wsgi [None req-058955f0-e2b1-4f46-bd33-ba2170ebcff9 a4575adf4cdd40c79c6b08240389dc13 3f9c90b0dcd94d44aa508c514ef3d755 - - default default] 10.0.0.14 "DELETE /v2.0/security-groups/a5eb7a7d-fece-4d0e-acf2-9e02d8ad18f7 HTTP/1.1" status: 204 len: 168 time: 0.2060695
2026-06-13 23:57:05.439 10 WARNING neutron.scheduler.dhcp_agent_scheduler [None req-b03b1321-075d-406e-a456-dab52b83686d afcc1e350fac4db2b7b6fa5064b56c1b be39092155f74aca8220a6d531b6ae8c - - default default] No more DHCP agents
2026-06-13 23:57:05.441 10 WARNING neutron.api.rpc.agentnotifiers.dhcp_rpc_agent_api [None req-b03b1321-075d-406e-a456-dab52b83686d afcc1e350fac4db2b7b6fa5064b56c1b be39092155f74aca8220a6d531b6ae8c - - default default] Unable to schedule network a1989ccb-af26-48f1-a0d4-7666d6cf0335: no agents available; will retry on subsequent port and subnet creation events.
2026-06-13 23:57:05.567 10 INFO neutron.db.ovn_revision_numbers_db [None req-b03b1321-075d-406e-a456-dab52b83686d afcc1e350fac4db2b7b6fa5064b56c1b be39092155f74aca8220a6d531b6ae8c - - default default] Successfully bumped revision number for resource c4f64f32-ff65-4098-932a-e1bb77d1d918 (type: ports) to 1
2026-06-13 23:57:06.118 10 INFO neutron.plugins.ml2.drivers.ovn.mech_driver.ovsdb.commands [None req-78391689-6f3b-4b4b-ab0a-302fa7b4c8ee - - - - - -] Schedule LRP lrp-c4f64f32-ff65-4098-932a-e1bb77d1d918 on gateway f341bea3-bf95-416f-9879-4cc728d1a6ef with priority 1
2026-06-13 23:57:06.136 10 INFO neutron.plugins.ml2.drivers.ovn.mech_driver.mech_driver [None req-6658f57d-7844-4aad-b7cf-8a45f6ed71fd - - - - - -] OVN reports status up for port: c4f64f32-ff65-4098-932a-e1bb77d1d918
2026-06-13 23:57:06.163 10 INFO neutron.plugins.ml2.plugin [None req-6658f57d-7844-4aad-b7cf-8a45f6ed71fd - - - - - -] Attempt 1 to provision port c4f64f32-ff65-4098-932a-e1bb77d1d918
2026-06-13 23:57:06.188 10 INFO neutron.db.ovn_revision_numbers_db [None req-b03b1321-075d-406e-a456-dab52b83686d afcc1e350fac4db2b7b6fa5064b56c1b be39092155f74aca8220a6d531b6ae8c - - default default] Successfully bumped revision number for resource c4f64f32-ff65-4098-932a-e1bb77d1d918 (type: router_ports) to 1
2026-06-13 23:57:06.249 10 INFO neutron.db.ovn_revision_numbers_db [None req-b03b1321-075d-406e-a456-dab52b83686d afcc1e350fac4db2b7b6fa5064b56c1b be39092155f74aca8220a6d531b6ae8c - - default default] Successfully bumped revision number for resource 4093c109-624c-4104-bb3b-3e4e69c36f2a (type: routers) to 2
2026-06-13 23:57:06.267 10 INFO neutron.api.wsgi [None req-b03b1321-075d-406e-a456-dab52b83686d afcc1e350fac4db2b7b6fa5064b56c1b be39092155f74aca8220a6d531b6ae8c - - default default] 10.0.0.14 "POST /v2.0/routers HTTP/1.1" status: 201 len: 1151 time: 1.2302063
2026-06-13 23:57:06.326 10 INFO neutron.api.wsgi [None req-901d3fac-29c5-4668-b67e-d7d48e243867 afcc1e350fac4db2b7b6fa5064b56c1b be39092155f74aca8220a6d531b6ae8c - - default default] 10.0.0.14 "GET /v2.0/routers/4093c109-624c-4104-bb3b-3e4e69c36f2a HTTP/1.1" status: 200 len: 1152 time: 0.0547509
2026-06-13 23:57:06.401 10 INFO neutron.api.wsgi [None req-e97d18a1-1520-4be4-abdc-69c8819abbe4 afcc1e350fac4db2b7b6fa5064b56c1b be39092155f74aca8220a6d531b6ae8c - - default default] 10.0.0.14 "GET /v2.0/routers HTTP/1.1" status: 200 len: 1155 time: 0.0701985
2026-06-13 23:57:06.809 10 INFO neutron.db.ovn_revision_numbers_db [None req-4d12c5c7-371a-4297-9555-ee4f88045c6c afcc1e350fac4db2b7b6fa5064b56c1b be39092155f74aca8220a6d531b6ae8c - - default default] Successfully bumped revision number for resource 4093c109-624c-4104-bb3b-3e4e69c36f2a (type: routers) to 3
2026-06-13 23:57:06.814 10 INFO neutron.api.wsgi [None req-4d12c5c7-371a-4297-9555-ee4f88045c6c afcc1e350fac4db2b7b6fa5064b56c1b be39092155f74aca8220a6d531b6ae8c - - default default] 10.0.0.14 "PUT /v2.0/routers/4093c109-624c-4104-bb3b-3e4e69c36f2a HTTP/1.1" status: 200 len: 1159 time: 0.4072268
2026-06-13 23:57:06.877 10 INFO neutron.api.wsgi [None req-c27a7b21-e354-4287-bd91-a9c0c128a266 afcc1e350fac4db2b7b6fa5064b56c1b be39092155f74aca8220a6d531b6ae8c - - default default] 10.0.0.14 "GET /v2.0/routers/4093c109-624c-4104-bb3b-3e4e69c36f2a HTTP/1.1" status: 200 len: 1159 time: 0.0562916
2026-06-13 23:57:06.900 10 INFO neutron.api.wsgi [None req-f54687b6-4791-410e-9f6b-f310e52a3f43 afcc1e350fac4db2b7b6fa5064b56c1b be39092155f74aca8220a6d531b6ae8c - - default default] 10.0.0.14 "GET /v2.0/ports?device_id=4093c109-624c-4104-bb3b-3e4e69c36f2a HTTP/1.1" status: 200 len: 205 time: 0.0175014
2026-06-13 23:57:07.236 10 WARNING neutron_lib.context [None req-44f322d4-a1ea-46b0-a61b-de45bf0aab77 4b96b176be0344b4b3f477649393d6f3 2968bc3a139641e684defbdd3553c8c0 - - default default] Method 'is_advsvc' is deprecated since 2023.2 release (neutron-lib 3.8.0) and will be removed once support for the old RBAC API policies will be removed from Neutron. Please use method 'is_service_role' instead.
2026-06-13 23:57:07.307 10 INFO neutron.db.ovn_revision_numbers_db [None req-faf54600-b132-4f74-827e-5748cb636b96 a4575adf4cdd40c79c6b08240389dc13 3f9c90b0dcd94d44aa508c514ef3d755 - - default default] Successfully bumped revision number for resource c2a10246-e342-4d16-af94-7af725d251d1 (type: security_groups) to 1
2026-06-13 23:57:07.330 10 INFO neutron.db.ovn_revision_numbers_db [None req-faf54600-b132-4f74-827e-5748cb636b96 a4575adf4cdd40c79c6b08240389dc13 3f9c90b0dcd94d44aa508c514ef3d755 - - default default] Successfully bumped revision number for resource 1b5b6e34-e0f1-429a-9303-629f8ff44665 (type: security_group_rules) to 0
2026-06-13 23:57:07.356 10 INFO neutron.db.ovn_revision_numbers_db [None req-faf54600-b132-4f74-827e-5748cb636b96 a4575adf4cdd40c79c6b08240389dc13 3f9c90b0dcd94d44aa508c514ef3d755 - - default default] Successfully bumped revision number for resource 6be837d3-4058-4536-a6b7-e818fd248297 (type: security_group_rules) to 0
2026-06-13 23:57:07.380 10 INFO neutron.db.ovn_revision_numbers_db [None req-faf54600-b132-4f74-827e-5748cb636b96 a4575adf4cdd40c79c6b08240389dc13 3f9c90b0dcd94d44aa508c514ef3d755 - - default default] Successfully bumped revision number for resource b478ce04-d863-46cb-b030-956e11cf4c24 (type: security_group_rules) to 0
2026-06-13 23:57:07.402 10 INFO neutron.db.ovn_revision_numbers_db [None req-faf54600-b132-4f74-827e-5748cb636b96 a4575adf4cdd40c79c6b08240389dc13 3f9c90b0dcd94d44aa508c514ef3d755 - - default default] Successfully bumped revision number for resource d3552c57-d1d3-4389-928a-3f3620f18543 (type: security_group_rules) to 0
2026-06-13 23:57:07.432 10 INFO neutron.db.ovn_revision_numbers_db [None req-44f322d4-a1ea-46b0-a61b-de45bf0aab77 4b96b176be0344b4b3f477649393d6f3 2968bc3a139641e684defbdd3553c8c0 - - default default] Successfully bumped revision number for resource 87ae1a1b-d1d8-4846-bc02-eded0ec7edcd (type: security_groups) to 1
2026-06-13 23:57:07.463 10 INFO neutron.api.wsgi [None req-faf54600-b132-4f74-827e-5748cb636b96 a4575adf4cdd40c79c6b08240389dc13 3f9c90b0dcd94d44aa508c514ef3d755 - - default default] 10.0.0.14 "GET /v2.0/security-groups?tenant_id=0af7caab9de94c339b255190b62860fd&name=default HTTP/1.1" status: 200 len: 3120 time: 0.4343705
2026-06-13 23:57:07.470 10 INFO neutron.db.ovn_revision_numbers_db [None req-44f322d4-a1ea-46b0-a61b-de45bf0aab77 4b96b176be0344b4b3f477649393d6f3 2968bc3a139641e684defbdd3553c8c0 - - default default] Successfully bumped revision number for resource 4d2a3a23-db13-443c-b6b6-6eeb082e3440 (type: security_group_rules) to 0
2026-06-13 23:57:07.492 10 INFO neutron.db.ovn_revision_numbers_db [None req-44f322d4-a1ea-46b0-a61b-de45bf0aab77 4b96b176be0344b4b3f477649393d6f3 2968bc3a139641e684defbdd3553c8c0 - - default default] Successfully bumped revision number for resource 5be00526-b5de-4134-81ca-f2f96c312e6e (type: security_group_rules) to 0
2026-06-13 23:57:07.511 10 INFO neutron.db.ovn_revision_numbers_db [None req-44f322d4-a1ea-46b0-a61b-de45bf0aab77 4b96b176be0344b4b3f477649393d6f3 2968bc3a139641e684defbdd3553c8c0 - - default default] Successfully bumped revision number for resource 81d12c7d-a604-49af-aca6-72243b3f2a78 (type: security_group_rules) to 0
2026-06-13 23:57:07.535 10 INFO neutron.db.ovn_revision_numbers_db [None req-44f322d4-a1ea-46b0-a61b-de45bf0aab77 4b96b176be0344b4b3f477649393d6f3 2968bc3a139641e684defbdd3553c8c0 - - default default] Successfully bumped revision number for resource 894ad659-cbc8-4906-ae13-6385cbe31b11 (type: security_group_rules) to 0
2026-06-13 23:57:07.574 10 INFO neutron.api.wsgi [None req-894c3c26-2b53-4f71-8479-ac1de830cd8e afcc1e350fac4db2b7b6fa5064b56c1b be39092155f74aca8220a6d531b6ae8c - - default default] 10.0.0.14 "DELETE /v2.0/routers/4093c109-624c-4104-bb3b-3e4e69c36f2a HTTP/1.1" status: 204 len: 168 time: 0.6694021
2026-06-13 23:57:07.595 10 INFO neutron.api.wsgi [None req-6cadb949-e6d6-4b76-96d7-7a96893229a7 afcc1e350fac4db2b7b6fa5064b56c1b be39092155f74aca8220a6d531b6ae8c - - default default] 10.0.0.14 "GET /v2.0/ports?device_id=4093c109-624c-4104-bb3b-3e4e69c36f2a HTTP/1.1" status: 200 len: 205 time: 0.0143423
2026-06-13 23:57:07.603 10 INFO neutron.db.segments_db [None req-44f322d4-a1ea-46b0-a61b-de45bf0aab77 4b96b176be0344b4b3f477649393d6f3 2968bc3a139641e684defbdd3553c8c0 - - default default] Added segment 60863072-1004-41db-b9ee-af1b8087c447 of type geneve for network 64e0be67-6e99-4bb1-ba7f-56b68bb85c38
2026-06-13 23:57:07.617 9 INFO neutron.api.v2.resource [None req-2d38323a-68b7-44b5-a034-02d8ac730880 afcc1e350fac4db2b7b6fa5064b56c1b be39092155f74aca8220a6d531b6ae8c - - default default] delete failed (client error): The resource could not be found.
2026-06-13 23:57:07.618 9 INFO neutron.api.wsgi [None req-2d38323a-68b7-44b5-a034-02d8ac730880 afcc1e350fac4db2b7b6fa5064b56c1b be39092155f74aca8220a6d531b6ae8c - - default default] 10.0.0.14 "DELETE /v2.0/routers/4093c109-624c-4104-bb3b-3e4e69c36f2a HTTP/1.1" status: 404 len: 336 time: 0.0181441
2026-06-13 23:57:07.641 10 INFO neutron.api.wsgi [None req-7aa98047-6010-4ab6-b162-0f1ca3067ba3 afcc1e350fac4db2b7b6fa5064b56c1b be39092155f74aca8220a6d531b6ae8c - - default default] 10.0.0.14 "GET /v2.0/ports?device_id=de943621-fb3c-44d6-92cc-e85e8627f288 HTTP/1.1" status: 200 len: 205 time: 0.0191534
2026-06-13 23:57:07.668 9 INFO neutron.api.v2.resource [None req-af3c2d1f-6d67-44e5-aa7a-43626a656f61 afcc1e350fac4db2b7b6fa5064b56c1b be39092155f74aca8220a6d531b6ae8c - - default default] delete failed (client error): The resource could not be found.
2026-06-13 23:57:07.669 9 INFO neutron.api.wsgi [None req-af3c2d1f-6d67-44e5-aa7a-43626a656f61 afcc1e350fac4db2b7b6fa5064b56c1b be39092155f74aca8220a6d531b6ae8c - - default default] 10.0.0.14 "DELETE /v2.0/routers/de943621-fb3c-44d6-92cc-e85e8627f288 HTTP/1.1" status: 404 len: 336 time: 0.0220306
2026-06-13 23:57:07.687 9 INFO neutron.pecan_wsgi.hooks.translation [None req-bd6b9ca5-986d-481a-a933-2c09d144a609 afcc1e350fac4db2b7b6fa5064b56c1b be39092155f74aca8220a6d531b6ae8c - - default default] DELETE failed (client error): The resource could not be found.
2026-06-13 23:57:07.690 9 INFO neutron.api.wsgi [None req-bd6b9ca5-986d-481a-a933-2c09d144a609 afcc1e350fac4db2b7b6fa5064b56c1b be39092155f74aca8220a6d531b6ae8c - - default default] 10.0.0.14 "DELETE /v2.0/subnets/912cda0e-1c55-428c-8c7a-67a59700c8e4 HTTP/1.1" status: 404 len: 337 time: 0.0145285
2026-06-13 23:57:07.709 9 INFO neutron.api.wsgi [None req-b69e2dd6-4d26-4044-b0db-fc03a88d1067 afcc1e350fac4db2b7b6fa5064b56c1b be39092155f74aca8220a6d531b6ae8c - - default default] 10.0.0.14 "GET /v2.0/ports?device_id=263c7d17-4411-4cf9-bddd-3360c1882ab3 HTTP/1.1" status: 200 len: 205 time: 0.0148449
2026-06-13 23:57:07.723 10 INFO neutron.db.ovn_revision_numbers_db [None req-44f322d4-a1ea-46b0-a61b-de45bf0aab77 4b96b176be0344b4b3f477649393d6f3 2968bc3a139641e684defbdd3553c8c0 - - default default] Successfully bumped revision number for resource 64e0be67-6e99-4bb1-ba7f-56b68bb85c38 (type: networks) to 1
2026-06-13 23:57:07.732 9 INFO neutron.api.v2.resource [None req-86127abc-6442-4a64-9ff5-73021d82ad99 afcc1e350fac4db2b7b6fa5064b56c1b be39092155f74aca8220a6d531b6ae8c - - default default] delete failed (client error): The resource could not be found.
2026-06-13 23:57:07.733 9 INFO neutron.api.wsgi [None req-86127abc-6442-4a64-9ff5-73021d82ad99 afcc1e350fac4db2b7b6fa5064b56c1b be39092155f74aca8220a6d531b6ae8c - - default default] 10.0.0.14 "DELETE /v2.0/routers/263c7d17-4411-4cf9-bddd-3360c1882ab3 HTTP/1.1" status: 404 len: 336 time: 0.0173128
2026-06-13 23:57:07.749 9 INFO neutron.pecan_wsgi.hooks.translation [None req-709cf2b6-9fef-4fd3-b86e-e519d75ae650 afcc1e350fac4db2b7b6fa5064b56c1b be39092155f74aca8220a6d531b6ae8c - - default default] DELETE failed (client error): The resource could not be found.
2026-06-13 23:57:07.751 9 INFO neutron.api.wsgi [None req-709cf2b6-9fef-4fd3-b86e-e519d75ae650 afcc1e350fac4db2b7b6fa5064b56c1b be39092155f74aca8220a6d531b6ae8c - - default default] 10.0.0.14 "DELETE /v2.0/subnets/3a387013-3528-470f-a45b-4b253bd6b326 HTTP/1.1" status: 404 len: 337 time: 0.0137427
2026-06-13 23:57:07.754 9 INFO neutron.api.wsgi [None req-60338b8f-08aa-4101-9d21-471e0b3c42a8 a4575adf4cdd40c79c6b08240389dc13 3f9c90b0dcd94d44aa508c514ef3d755 - - default default] 10.0.0.14 "DELETE /v2.0/security-groups/c2a10246-e342-4d16-af94-7af725d251d1 HTTP/1.1" status: 204 len: 168 time: 0.2820964
2026-06-13 23:57:07.777 10 INFO neutron.api.wsgi [None req-3c7ec9d2-d22a-42d4-a4c0-9edf433635cf afcc1e350fac4db2b7b6fa5064b56c1b be39092155f74aca8220a6d531b6ae8c - - default default] 10.0.0.14 "GET /v2.0/ports?device_id=c0554c2e-9095-4925-8021-dbf8ca688157 HTTP/1.1" status: 200 len: 205 time: 0.0232768
2026-06-13 23:57:07.797 9 INFO neutron.api.v2.resource [None req-5d1f0218-acba-4914-9881-6626a75e5bbc afcc1e350fac4db2b7b6fa5064b56c1b be39092155f74aca8220a6d531b6ae8c - - default default] delete failed (client error): The resource could not be found.
2026-06-13 23:57:07.798 9 INFO neutron.api.wsgi [None req-5d1f0218-acba-4914-9881-6626a75e5bbc afcc1e350fac4db2b7b6fa5064b56c1b be39092155f74aca8220a6d531b6ae8c - - default default] 10.0.0.14 "DELETE /v2.0/routers/c0554c2e-9095-4925-8021-dbf8ca688157 HTTP/1.1" status: 404 len: 336 time: 0.0178356
2026-06-13 23:57:07.814 9 INFO neutron.pecan_wsgi.hooks.translation [None req-fdd5210e-ddab-42c7-b0bd-e286cce18d1f afcc1e350fac4db2b7b6fa5064b56c1b be39092155f74aca8220a6d531b6ae8c - - default default] DELETE failed (client error): The resource could not be found.
2026-06-13 23:57:07.817 9 INFO neutron.api.wsgi [None req-fdd5210e-ddab-42c7-b0bd-e286cce18d1f afcc1e350fac4db2b7b6fa5064b56c1b be39092155f74aca8220a6d531b6ae8c - - default default] 10.0.0.14 "DELETE /v2.0/subnets/5c5fd5ec-d143-4982-a4c3-1954913fd576 HTTP/1.1" status: 404 len: 337 time: 0.0133276
2026-06-13 23:57:07.820 10 INFO neutron.api.wsgi [None req-4797e3bf-c523-45a2-90ce-9a58ddb4ae5a a4575adf4cdd40c79c6b08240389dc13 3f9c90b0dcd94d44aa508c514ef3d755 - - default default] 10.0.0.224 "GET /v2.0/ports HTTP/1.1" status: 200 len: 10769 time: 0.0805817
2026-06-13 23:57:07.848 9 INFO neutron.pecan_wsgi.hooks.translation [None req-41c380e9-5299-4978-ba46-b74d0867a766 afcc1e350fac4db2b7b6fa5064b56c1b be39092155f74aca8220a6d531b6ae8c - - default default] DELETE failed (client error): The resource could not be found.
2026-06-13 23:57:07.851 9 INFO neutron.api.wsgi [None req-41c380e9-5299-4978-ba46-b74d0867a766 afcc1e350fac4db2b7b6fa5064b56c1b be39092155f74aca8220a6d531b6ae8c - - default default] 10.0.0.14 "DELETE /v2.0/subnets/66ea9d16-7109-425e-b79e-c20ff5723a38 HTTP/1.1" status: 404 len: 337 time: 0.0295172
2026-06-13 23:57:07.867 10 INFO neutron.api.wsgi [None req-d219c5ab-4eda-4e19-be02-9591123783d3 a4575adf4cdd40c79c6b08240389dc13 3f9c90b0dcd94d44aa508c514ef3d755 - - default default] 10.0.0.224 "GET /v2.0/subnets HTTP/1.1" status: 200 len: 2164 time: 0.0392067
2026-06-13 23:57:07.921 10 INFO neutron.api.wsgi [None req-963deeff-8942-4cb5-bcf7-98ded328d1ae a4575adf4cdd40c79c6b08240389dc13 3f9c90b0dcd94d44aa508c514ef3d755 - - default default] 10.0.0.224 "GET /v2.0/networks HTTP/1.1" status: 200 len: 3829 time: 0.0520186
2026-06-13 23:57:07.974 10 INFO neutron.api.wsgi [None req-1f3e08f7-0334-4931-983b-a4951ab563d8 a4575adf4cdd40c79c6b08240389dc13 3f9c90b0dcd94d44aa508c514ef3d755 - - default default] 10.0.0.224 "GET /v2.0/security-groups HTTP/1.1" status: 200 len: 32055 time: 0.0507617
2026-06-13 23:57:07.974 9 INFO neutron.db.ovn_revision_numbers_db [None req-8a675fb7-964e-4394-b8f8-0e3976853ea3 a4575adf4cdd40c79c6b08240389dc13 3f9c90b0dcd94d44aa508c514ef3d755 - - default default] Successfully bumped revision number for resource ae57a1e9-3595-491e-afad-a5814ffb923b (type: security_groups) to 1
2026-06-13 23:57:07.976 10 WARNING neutron.scheduler.dhcp_agent_scheduler [None req-44f322d4-a1ea-46b0-a61b-de45bf0aab77 4b96b176be0344b4b3f477649393d6f3 2968bc3a139641e684defbdd3553c8c0 - - default default] No more DHCP agents
2026-06-13 23:57:07.977 10 WARNING neutron.api.rpc.agentnotifiers.dhcp_rpc_agent_api [None req-44f322d4-a1ea-46b0-a61b-de45bf0aab77 4b96b176be0344b4b3f477649393d6f3 2968bc3a139641e684defbdd3553c8c0 - - default default] Unable to schedule network 64e0be67-6e99-4bb1-ba7f-56b68bb85c38: no agents available; will retry on subsequent port and subnet creation events.
2026-06-13 23:57:07.992 9 INFO neutron.db.ovn_revision_numbers_db [None req-8a675fb7-964e-4394-b8f8-0e3976853ea3 a4575adf4cdd40c79c6b08240389dc13 3f9c90b0dcd94d44aa508c514ef3d755 - - default default] Successfully bumped revision number for resource 1137492b-c406-4eea-8402-ad54122a958b (type: security_group_rules) to 0
2026-06-13 23:57:07.996 10 INFO neutron.api.wsgi [None req-08e5e334-6afe-4a45-b3e0-8ad957aae871 a4575adf4cdd40c79c6b08240389dc13 3f9c90b0dcd94d44aa508c514ef3d755 - - default default] 10.0.0.224 "GET /v2.0/network-ip-availabilities HTTP/1.1" status: 200 len: 2036 time: 0.0130444
2026-06-13 23:57:08.009 9 INFO neutron.db.ovn_revision_numbers_db [None req-8a675fb7-964e-4394-b8f8-0e3976853ea3 a4575adf4cdd40c79c6b08240389dc13 3f9c90b0dcd94d44aa508c514ef3d755 - - default default] Successfully bumped revision number for resource 400b3d18-b1fe-4edb-b3c2-640d1a1e4804 (type: security_group_rules) to 0
2026-06-13 23:57:08.023 9 INFO neutron.db.ovn_revision_numbers_db [None req-8a675fb7-964e-4394-b8f8-0e3976853ea3 a4575adf4cdd40c79c6b08240389dc13 3f9c90b0dcd94d44aa508c514ef3d755 - - default default] Successfully bumped revision number for resource 47601edc-a7ff-4526-b1db-332f3e6b49d3 (type: security_group_rules) to 0
2026-06-13 23:57:08.037 9 WARNING neutron.plugins.ml2.drivers.ovn.mech_driver.ovsdb.ovn_client [None req-fc9ea6ac-2a47-410a-afc8-3177333e3c77 - - - - - -] No port found with ID db2fa7ad-d619-4f83-95e0-bbb85891a64c: RuntimeError: No port found with ID db2fa7ad-d619-4f83-95e0-bbb85891a64c
2026-06-13 23:57:08.045 10 INFO neutron.api.wsgi [None req-9851e7e8-408c-49d4-9fae-bafec13ad2f5 a4575adf4cdd40c79c6b08240389dc13 3f9c90b0dcd94d44aa508c514ef3d755 - - default default] 10.0.0.224 "GET /v2.0/floatingips HTTP/1.1" status: 200 len: 1036 time: 0.0483906
2026-06-13 23:57:08.046 9 INFO neutron.db.ovn_revision_numbers_db [None req-8a675fb7-964e-4394-b8f8-0e3976853ea3 a4575adf4cdd40c79c6b08240389dc13 3f9c90b0dcd94d44aa508c514ef3d755 - - default default] Successfully bumped revision number for resource abba84dd-034f-44d8-9e22-d5e93cc947d0 (type: security_group_rules) to 0
2026-06-13 23:57:08.057 10 INFO neutron.db.ovn_revision_numbers_db [None req-44f322d4-a1ea-46b0-a61b-de45bf0aab77 4b96b176be0344b4b3f477649393d6f3 2968bc3a139641e684defbdd3553c8c0 - - default default] Successfully bumped revision number for resource 01868c56-fccb-4e84-b89d-e233d613c2f5 (type: ports) to 1
2026-06-13 23:57:08.077 10 INFO neutron.api.wsgi [None req-22a0d2bb-4b00-45bf-be39-8f85a7278c92 a4575adf4cdd40c79c6b08240389dc13 3f9c90b0dcd94d44aa508c514ef3d755 - - default default] 10.0.0.224 "GET /v2.0/subnets HTTP/1.1" status: 200 len: 2164 time: 0.0299985
2026-06-13 23:57:08.083 10 INFO neutron.api.wsgi [None req-dedd230a-ec32-4843-8af3-873083984632 a4575adf4cdd40c79c6b08240389dc13 3f9c90b0dcd94d44aa508c514ef3d755 - - default default] 10.0.0.224 "GET /v2.0/subnetpools HTTP/1.1" status: 200 len: 193 time: 0.0054383
2026-06-13 23:57:08.084 9 INFO neutron.api.wsgi [None req-8a675fb7-964e-4394-b8f8-0e3976853ea3 a4575adf4cdd40c79c6b08240389dc13 3f9c90b0dcd94d44aa508c514ef3d755 - - default default] 10.0.0.14 "GET /v2.0/security-groups?tenant_id=40906c677f6c490dad6a83c9deeb992a&name=default HTTP/1.1" status: 200 len: 3120 time: 0.2475526
2026-06-13 23:57:08.089 10 INFO neutron.api.wsgi [None req-44f322d4-a1ea-46b0-a61b-de45bf0aab77 4b96b176be0344b4b3f477649393d6f3 2968bc3a139641e684defbdd3553c8c0 - - default default] 10.0.0.14 "POST /v2.0/networks HTTP/1.1" status: 201 len: 843 time: 0.8854730
2026-06-13 23:57:08.128 9 WARNING neutron_lib.context [None req-875308bd-66af-4ee8-ae10-2acfd250e8a7 4b96b176be0344b4b3f477649393d6f3 2968bc3a139641e684defbdd3553c8c0 - - default default] Method 'is_advsvc' is deprecated since 2023.2 release (neutron-lib 3.8.0) and will be removed once support for the old RBAC API policies will be removed from Neutron. Please use method 'is_service_role' instead.
2026-06-13 23:57:08.149 10 INFO neutron.api.wsgi [None req-ee314d16-8628-4f6a-9946-dad3fa295d50 a4575adf4cdd40c79c6b08240389dc13 3f9c90b0dcd94d44aa508c514ef3d755 - - default default] 10.0.0.224 "GET /v2.0/routers HTTP/1.1" status: 200 len: 1152 time: 0.0645809
2026-06-13 23:57:08.164 10 INFO neutron.api.wsgi [None req-2b0efafc-4a24-49aa-a653-6a0188e7273d a4575adf4cdd40c79c6b08240389dc13 3f9c90b0dcd94d44aa508c514ef3d755 - - default default] 10.0.0.224 "GET /v2.0/agents?binary=ovn-controller HTTP/1.1" status: 200 len: 591 time: 0.0143156
2026-06-13 23:57:08.180 10 INFO neutron.api.wsgi [None req-afecefac-029b-41f7-ab65-bbd8bc7c5b2f a4575adf4cdd40c79c6b08240389dc13 3f9c90b0dcd94d44aa508c514ef3d755 - - default default] 10.0.0.224 "GET /v2.0/agents HTTP/1.1" status: 200 len: 1390 time: 0.0129449
2026-06-13 23:57:08.328 10 INFO neutron.api.wsgi [None req-887515e1-2c5d-4638-bb54-61f2d6e47d58 a4575adf4cdd40c79c6b08240389dc13 3f9c90b0dcd94d44aa508c514ef3d755 - - default default] 10.0.0.14 "DELETE /v2.0/security-groups/ae57a1e9-3595-491e-afad-a5814ffb923b HTTP/1.1" status: 204 len: 168 time: 0.2373469
2026-06-13 23:57:08.328 9 WARNING neutron.scheduler.dhcp_agent_scheduler [None req-875308bd-66af-4ee8-ae10-2acfd250e8a7 4b96b176be0344b4b3f477649393d6f3 2968bc3a139641e684defbdd3553c8c0 - - default default] No more DHCP agents
2026-06-13 23:57:08.329 9 WARNING neutron.api.rpc.agentnotifiers.dhcp_rpc_agent_api [None req-875308bd-66af-4ee8-ae10-2acfd250e8a7 4b96b176be0344b4b3f477649393d6f3 2968bc3a139641e684defbdd3553c8c0 - - default default] Unable to schedule network 64e0be67-6e99-4bb1-ba7f-56b68bb85c38: no agents available; will retry on subsequent port and subnet creation events.
2026-06-13 23:57:08.602 10 INFO neutron.api.wsgi [None req-8109041b-1b0a-4c22-8f07-e792d8e80b5a a4575adf4cdd40c79c6b08240389dc13 3f9c90b0dcd94d44aa508c514ef3d755 - - default default] 10.0.0.14 "GET /v2.0/security-groups?tenant_id=be39092155f74aca8220a6d531b6ae8c&name=default HTTP/1.1" status: 200 len: 3120 time: 0.2187605
2026-06-13 23:57:08.779 9 INFO neutron.db.ovn_revision_numbers_db [None req-594d9847-df1d-4ba7-ad05-a9950c83ebbe - - - - - -] Successfully bumped revision number for resource 01868c56-fccb-4e84-b89d-e233d613c2f5 (type: ports) to 2
2026-06-13 23:57:08.812 9 INFO neutron.db.ovn_revision_numbers_db [None req-594d9847-df1d-4ba7-ad05-a9950c83ebbe - - - - - -] Successfully bumped revision number for resource f347b449-3fcb-403d-8217-82e97fc8d5f3 (type: subnets) to 0
2026-06-13 23:57:08.827 9 INFO neutron.api.wsgi [None req-875308bd-66af-4ee8-ae10-2acfd250e8a7 4b96b176be0344b4b3f477649393d6f3 2968bc3a139641e684defbdd3553c8c0 - - default default] 10.0.0.14 "POST /v2.0/subnets HTTP/1.1" status: 201 len: 840 time: 0.7062607
2026-06-13 23:57:08.832 10 INFO neutron.api.wsgi [None req-536fd7bc-0e93-4226-bd7a-f123ac81ae2e a4575adf4cdd40c79c6b08240389dc13 3f9c90b0dcd94d44aa508c514ef3d755 - - default default] 10.0.0.14 "DELETE /v2.0/security-groups/387b490d-9573-4292-87fa-24bd238072ae HTTP/1.1" status: 204 len: 168 time: 0.2225263
2026-06-13 23:57:08.837 10 WARNING neutron_lib.context [None req-2d48eb4f-ba79-44a7-8b0d-379c3b76c8cb 4b96b176be0344b4b3f477649393d6f3 2968bc3a139641e684defbdd3553c8c0 - - default default] Method 'is_advsvc' is deprecated since 2023.2 release (neutron-lib 3.8.0) and will be removed once support for the old RBAC API policies will be removed from Neutron. Please use method 'is_service_role' instead.
2026-06-13 23:57:08.922 10 INFO neutron.db.segments_db [None req-2d48eb4f-ba79-44a7-8b0d-379c3b76c8cb 4b96b176be0344b4b3f477649393d6f3 2968bc3a139641e684defbdd3553c8c0 - - default default] Added segment 61649bb2-b7d6-4023-ba8f-d1a5e2674147 of type geneve for network 60e39211-ac25-4aeb-9928-59700e8d00f3
2026-06-13 23:57:09.029 10 INFO neutron.db.ovn_revision_numbers_db [None req-2d48eb4f-ba79-44a7-8b0d-379c3b76c8cb 4b96b176be0344b4b3f477649393d6f3 2968bc3a139641e684defbdd3553c8c0 - - default default] Successfully bumped revision number for resource 60e39211-ac25-4aeb-9928-59700e8d00f3 (type: networks) to 1
2026-06-13 23:57:09.150 10 WARNING neutron.scheduler.dhcp_agent_scheduler [None req-2d48eb4f-ba79-44a7-8b0d-379c3b76c8cb 4b96b176be0344b4b3f477649393d6f3 2968bc3a139641e684defbdd3553c8c0 - - default default] No more DHCP agents
2026-06-13 23:57:09.151 10 WARNING neutron.api.rpc.agentnotifiers.dhcp_rpc_agent_api [None req-2d48eb4f-ba79-44a7-8b0d-379c3b76c8cb 4b96b176be0344b4b3f477649393d6f3 2968bc3a139641e684defbdd3553c8c0 - - default default] Unable to schedule network 60e39211-ac25-4aeb-9928-59700e8d00f3: no agents available; will retry on subsequent port and subnet creation events.
2026-06-13 23:57:09.203 10 INFO neutron.db.ovn_revision_numbers_db [None req-2d48eb4f-ba79-44a7-8b0d-379c3b76c8cb 4b96b176be0344b4b3f477649393d6f3 2968bc3a139641e684defbdd3553c8c0 - - default default] Successfully bumped revision number for resource cfc3c41c-19f2-4276-9124-c74fb3699785 (type: ports) to 1
2026-06-13 23:57:09.224 10 INFO neutron.api.wsgi [None req-2d48eb4f-ba79-44a7-8b0d-379c3b76c8cb 4b96b176be0344b4b3f477649393d6f3 2968bc3a139641e684defbdd3553c8c0 - - default default] 10.0.0.14 "POST /v2.0/networks HTTP/1.1" status: 201 len: 843 time: 0.3904238
2026-06-13 23:57:09.358 10 INFO neutron.db.ovn_revision_numbers_db [None req-7f357dc0-d60a-4d14-9d9d-88a8f45c6225 4b96b176be0344b4b3f477649393d6f3 2968bc3a139641e684defbdd3553c8c0 - - default default] Successfully bumped revision number for resource 60e39211-ac25-4aeb-9928-59700e8d00f3 (type: networks) to 2
2026-06-13 23:57:09.362 10 INFO neutron.api.wsgi [None req-7f357dc0-d60a-4d14-9d9d-88a8f45c6225 4b96b176be0344b4b3f477649393d6f3 2968bc3a139641e684defbdd3553c8c0 - - default default] 10.0.0.14 "PUT /v2.0/networks/60e39211-ac25-4aeb-9928-59700e8d00f3 HTTP/1.1" status: 200 len: 792 time: 0.1321735
2026-06-13 23:57:09.370 10 WARNING neutron_lib.context [None req-1bf846a5-ede7-4322-b1d1-0e28fa501367 4b96b176be0344b4b3f477649393d6f3 2968bc3a139641e684defbdd3553c8c0 - - default default] Method 'is_advsvc' is deprecated since 2023.2 release (neutron-lib 3.8.0) and will be removed once support for the old RBAC API policies will be removed from Neutron. Please use method 'is_service_role' instead.
2026-06-13 23:57:09.499 10 WARNING neutron.scheduler.dhcp_agent_scheduler [None req-1bf846a5-ede7-4322-b1d1-0e28fa501367 4b96b176be0344b4b3f477649393d6f3 2968bc3a139641e684defbdd3553c8c0 - - default default] No more DHCP agents
2026-06-13 23:57:09.500 10 WARNING neutron.api.rpc.agentnotifiers.dhcp_rpc_agent_api [None req-1bf846a5-ede7-4322-b1d1-0e28fa501367 4b96b176be0344b4b3f477649393d6f3 2968bc3a139641e684defbdd3553c8c0 - - default default] Unable to schedule network 60e39211-ac25-4aeb-9928-59700e8d00f3: no agents available; will retry on subsequent port and subnet creation events.
2026-06-13 23:57:09.819 10 INFO neutron.db.ovn_revision_numbers_db [None req-edf2524b-b80d-4828-9d2a-2ee1315a4fdb - - - - - -] Successfully bumped revision number for resource cfc3c41c-19f2-4276-9124-c74fb3699785 (type: ports) to 2
2026-06-13 23:57:09.844 10 INFO neutron.db.ovn_revision_numbers_db [None req-edf2524b-b80d-4828-9d2a-2ee1315a4fdb - - - - - -] Successfully bumped revision number for resource 184d6ed2-47da-4be9-a12a-5815e54d5b3d (type: subnets) to 0
2026-06-13 23:57:09.856 10 INFO neutron.api.wsgi [None req-1bf846a5-ede7-4322-b1d1-0e28fa501367 4b96b176be0344b4b3f477649393d6f3 2968bc3a139641e684defbdd3553c8c0 - - default default] 10.0.0.14 "POST /v2.0/subnets HTTP/1.1" status: 201 len: 825 time: 0.4890501
2026-06-13 23:57:10.107 10 INFO neutron.db.ovn_revision_numbers_db [None req-e994db9c-9ac7-44eb-8f97-2910b8058884 4b96b176be0344b4b3f477649393d6f3 2968bc3a139641e684defbdd3553c8c0 - - default default] Successfully bumped revision number for resource 184d6ed2-47da-4be9-a12a-5815e54d5b3d (type: subnets) to 1
2026-06-13 23:57:10.110 10 INFO neutron.api.wsgi [None req-e994db9c-9ac7-44eb-8f97-2910b8058884 4b96b176be0344b4b3f477649393d6f3 2968bc3a139641e684defbdd3553c8c0 - - default default] 10.0.0.14 "PUT /v2.0/subnets/184d6ed2-47da-4be9-a12a-5815e54d5b3d HTTP/1.1" status: 200 len: 830 time: 0.2487929
2026-06-13 23:57:10.507 10 INFO neutron.services.segments.plugin [-] Segment 61649bb2-b7d6-4023-ba8f-d1a5e2674147 resource provider aggregate not found
2026-06-13 23:57:10.510 10 INFO neutron.services.segments.plugin [-] Segment 61649bb2-b7d6-4023-ba8f-d1a5e2674147 resource provider aggregate not found
2026-06-13 23:57:10.522 10 INFO neutron.services.segments.plugin [-] Segment 61649bb2-b7d6-4023-ba8f-d1a5e2674147 resource provider not found; error: Placement Client Error (4xx): {"errors": [{"status": 404, "title": "Not Found", "detail": "The resource could not be found.\n\n No resource provider with uuid 61649bb2-b7d6-4023-ba8f-d1a5e2674147 found for delete ", "request_id": "req-212236ea-2b71-4935-8060-4461227edbc0"}]}
2026-06-13 23:57:10.524 10 INFO neutron.services.segments.plugin [-] Segment 61649bb2-b7d6-4023-ba8f-d1a5e2674147 resource provider not found; error: Placement Client Error (4xx): {"errors": [{"status": 404, "title": "Not Found", "detail": "The resource could not be found.\n\n No resource provider with uuid 61649bb2-b7d6-4023-ba8f-d1a5e2674147 found for delete ", "request_id": "req-44be39ff-f680-469d-b457-1a2c3e475f1a"}]}
2026-06-13 23:57:10.537 10 INFO neutron.api.wsgi [None req-e2a86e7a-fda7-45f4-9e27-e8c7f034fafb 4b96b176be0344b4b3f477649393d6f3 2968bc3a139641e684defbdd3553c8c0 - - default default] 10.0.0.14 "DELETE /v2.0/networks/60e39211-ac25-4aeb-9928-59700e8d00f3 HTTP/1.1" status: 204 len: 168 time: 0.4220040
2026-06-13 23:57:10.555 10 INFO neutron.pecan_wsgi.hooks.translation [None req-8ed0be24-17be-4953-9e2c-2c923227792b 4b96b176be0344b4b3f477649393d6f3 2968bc3a139641e684defbdd3553c8c0 - - default default] DELETE failed (client error): The resource could not be found.
2026-06-13 23:57:10.557 10 INFO neutron.api.wsgi [None req-8ed0be24-17be-4953-9e2c-2c923227792b 4b96b176be0344b4b3f477649393d6f3 2968bc3a139641e684defbdd3553c8c0 - - default default] 10.0.0.14 "DELETE /v2.0/networks/60e39211-ac25-4aeb-9928-59700e8d00f3 HTTP/1.1" status: 404 len: 339 time: 0.0129213
2026-06-13 23:57:10.610 9 INFO neutron.api.wsgi [None req-1883c5a6-351f-466c-bb45-3a9372cd02aa 4b96b176be0344b4b3f477649393d6f3 2968bc3a139641e684defbdd3553c8c0 - - default default] 10.0.0.14 "GET /v2.0/networks?router%3Aexternal=True HTTP/1.1" status: 200 len: 845 time: 0.0478697
2026-06-13 23:57:10.636 9 INFO neutron.api.wsgi [None req-5fc82d82-36e9-47b5-82dd-55b141842c70 4b96b176be0344b4b3f477649393d6f3 2968bc3a139641e684defbdd3553c8c0 - - default default] 10.0.0.14 "GET /v2.0/subnets?network_id=a1989ccb-af26-48f1-a0d4-7666d6cf0335 HTTP/1.1" status: 200 len: 843 time: 0.0219626
2026-06-13 23:57:10.646 9 INFO neutron.api.wsgi [None req-6d010f49-2404-4c69-a807-83269180e31b 4b96b176be0344b4b3f477649393d6f3 2968bc3a139641e684defbdd3553c8c0 - - default default] 10.0.0.14 "GET /v2.0/extensions HTTP/1.1" status: 200 len: 19293 time: 0.0061374
2026-06-13 23:57:10.695 10 WARNING neutron_lib.context [None req-3e230099-2185-4d4f-a2db-29180c075cdd c2b7e64e2e6a4be6bf2c9442927be614 459cf464dc74470bbacc3261e6bef2c7 - - default default] Method 'is_advsvc' is deprecated since 2023.2 release (neutron-lib 3.8.0) and will be removed once support for the old RBAC API policies will be removed from Neutron. Please use method 'is_service_role' instead.
2026-06-13 23:57:10.712 10 INFO neutron.api.wsgi [None req-492a7773-7512-4916-a760-24491494caa1 4b96b176be0344b4b3f477649393d6f3 2968bc3a139641e684defbdd3553c8c0 - - default default] 10.0.0.14 "GET /v2.0/networks HTTP/1.1" status: 200 len: 1504 time: 0.0605562
2026-06-13 23:57:10.753 10 INFO neutron.api.wsgi [None req-3a50bf98-d5f1-4d17-bb0f-58a7fcd63c7c 4b96b176be0344b4b3f477649393d6f3 2968bc3a139641e684defbdd3553c8c0 - - default default] 10.0.0.14 "GET /v2.0/subnets HTTP/1.1" status: 200 len: 1475 time: 0.0348418
2026-06-13 23:57:10.771 10 INFO neutron.api.wsgi [None req-3e230099-2185-4d4f-a2db-29180c075cdd c2b7e64e2e6a4be6bf2c9442927be614 459cf464dc74470bbacc3261e6bef2c7 - - default default] 10.0.0.14 "POST /v2.0/subnetpools HTTP/1.1" status: 201 len: 748 time: 0.2106802
2026-06-13 23:57:10.795 10 INFO neutron.api.wsgi [None req-6f0e80e9-f2e5-4fbe-9459-a6b72d46d07e c2b7e64e2e6a4be6bf2c9442927be614 459cf464dc74470bbacc3261e6bef2c7 - - default default] 10.0.0.14 "GET /v2.0/subnetpools/ec8d240e-978a-4f0a-996a-39766e0b9b1b HTTP/1.1" status: 200 len: 743 time: 0.0203850
2026-06-13 23:57:10.818 9 INFO neutron.api.wsgi [None req-ebb08158-c19b-42b8-b190-6882f97a7445 4b96b176be0344b4b3f477649393d6f3 2968bc3a139641e684defbdd3553c8c0 - - default default] 10.0.0.14 "GET /v2.0/networks/64e0be67-6e99-4bb1-ba7f-56b68bb85c38 HTTP/1.1" status: 200 len: 863 time: 0.0597100
2026-06-13 23:57:10.849 9 INFO neutron.api.wsgi [None req-edbdf871-f889-4701-8b6e-ac4a1e1a7656 4b96b176be0344b4b3f477649393d6f3 2968bc3a139641e684defbdd3553c8c0 - - default default] 10.0.0.14 "GET /v2.0/subnets/f347b449-3fcb-403d-8217-82e97fc8d5f3 HTTP/1.1" status: 200 len: 835 time: 0.0233462
2026-06-13 23:57:10.860 10 INFO neutron.api.wsgi [None req-ef02b29e-5ee1-4b8a-a627-8060442da538 c2b7e64e2e6a4be6bf2c9442927be614 459cf464dc74470bbacc3261e6bef2c7 - - default default] 10.0.0.14 "PUT /v2.0/subnetpools/ec8d240e-978a-4f0a-996a-39766e0b9b1b HTTP/1.1" status: 200 len: 694 time: 0.0589192
2026-06-13 23:57:10.868 9 INFO neutron.pecan_wsgi.hooks.translation [None req-d9bf7ee1-e41e-43e9-8571-d85d177dfe68 4b96b176be0344b4b3f477649393d6f3 2968bc3a139641e684defbdd3553c8c0 - - default default] DELETE failed (client error): The resource could not be found.
2026-06-13 23:57:10.870 9 INFO neutron.api.wsgi [None req-d9bf7ee1-e41e-43e9-8571-d85d177dfe68 4b96b176be0344b4b3f477649393d6f3 2968bc3a139641e684defbdd3553c8c0 - - default default] 10.0.0.14 "DELETE /v2.0/subnets/184d6ed2-47da-4be9-a12a-5815e54d5b3d HTTP/1.1" status: 404 len: 337 time: 0.0131330
2026-06-13 23:57:10.883 9 INFO neutron.pecan_wsgi.hooks.translation [None req-a6e455b7-cef4-4b85-87f3-acb5cd6a5a71 4b96b176be0344b4b3f477649393d6f3 2968bc3a139641e684defbdd3553c8c0 - - default default] DELETE failed (client error): The resource could not be found.
2026-06-13 23:57:10.888 9 INFO neutron.api.wsgi [None req-a6e455b7-cef4-4b85-87f3-acb5cd6a5a71 4b96b176be0344b4b3f477649393d6f3 2968bc3a139641e684defbdd3553c8c0 - - default default] 10.0.0.14 "DELETE /v2.0/networks/60e39211-ac25-4aeb-9928-59700e8d00f3 HTTP/1.1" status: 404 len: 339 time: 0.0127902
2026-06-13 23:57:11.069 9 INFO neutron.api.wsgi [None req-485fbd7e-c078-4c9f-aa6c-96ff450a81db 4b96b176be0344b4b3f477649393d6f3 2968bc3a139641e684defbdd3553c8c0 - - default default] 10.0.0.14 "DELETE /v2.0/subnets/f347b449-3fcb-403d-8217-82e97fc8d5f3 HTTP/1.1" status: 204 len: 168 time: 0.1772847
2026-06-13 23:57:11.228 10 WARNING neutron.plugins.ml2.drivers.ovn.mech_driver.ovsdb.ovn_client [None req-6658f57d-7844-4aad-b7cf-8a45f6ed71fd - - - - - -] No port found with ID c4f64f32-ff65-4098-932a-e1bb77d1d918: RuntimeError: No port found with ID c4f64f32-ff65-4098-932a-e1bb77d1d918
2026-06-13 23:57:11.238 10 INFO neutron.api.wsgi [None req-293afdec-4a90-4452-918e-45691de85606 c2b7e64e2e6a4be6bf2c9442927be614 459cf464dc74470bbacc3261e6bef2c7 - - default default] 10.0.0.14 "DELETE /v2.0/subnetpools/ec8d240e-978a-4f0a-996a-39766e0b9b1b HTTP/1.1" status: 204 len: 168 time: 0.3742669
2026-06-13 23:57:11.254 9 INFO neutron.api.v2.resource [None req-b4ed010d-04ed-403c-b995-d4fdd01472a6 c2b7e64e2e6a4be6bf2c9442927be614 459cf464dc74470bbacc3261e6bef2c7 - - default default] show failed (client error): The resource could not be found.
2026-06-13 23:57:11.255 9 INFO neutron.api.wsgi [None req-b4ed010d-04ed-403c-b995-d4fdd01472a6 c2b7e64e2e6a4be6bf2c9442927be614 459cf464dc74470bbacc3261e6bef2c7 - - default default] 10.0.0.14 "GET /v2.0/subnetpools/ec8d240e-978a-4f0a-996a-39766e0b9b1b HTTP/1.1" status: 404 len: 346 time: 0.0122890
2026-06-13 23:57:11.272 9 INFO neutron.api.v2.resource [None req-0b8465d4-8a23-4133-8f2d-76f602eb3aef c2b7e64e2e6a4be6bf2c9442927be614 459cf464dc74470bbacc3261e6bef2c7 - - default default] delete failed (client error): The resource could not be found.
2026-06-13 23:57:11.273 9 INFO neutron.api.wsgi [None req-0b8465d4-8a23-4133-8f2d-76f602eb3aef c2b7e64e2e6a4be6bf2c9442927be614 459cf464dc74470bbacc3261e6bef2c7 - - default default] 10.0.0.14 "DELETE /v2.0/subnetpools/ec8d240e-978a-4f0a-996a-39766e0b9b1b HTTP/1.1" status: 404 len: 346 time: 0.0131543
2026-06-13 23:57:11.341 9 INFO neutron.services.segments.plugin [-] Segment 60863072-1004-41db-b9ee-af1b8087c447 resource provider aggregate not found
2026-06-13 23:57:11.349 9 INFO neutron.services.segments.plugin [-] Segment 60863072-1004-41db-b9ee-af1b8087c447 resource provider aggregate not found
2026-06-13 23:57:11.352 9 INFO neutron.services.segments.plugin [-] Segment 60863072-1004-41db-b9ee-af1b8087c447 resource provider not found; error: Placement Client Error (4xx): {"errors": [{"status": 404, "title": "Not Found", "detail": "The resource could not be found.\n\n No resource provider with uuid 60863072-1004-41db-b9ee-af1b8087c447 found for delete ", "request_id": "req-f994f97e-773e-400a-b178-2965acc5ae15"}]}
2026-06-13 23:57:11.366 9 INFO neutron.services.segments.plugin [-] Segment 60863072-1004-41db-b9ee-af1b8087c447 resource provider not found; error: Placement Client Error (4xx): {"errors": [{"status": 404, "title": "Not Found", "detail": "The resource could not be found.\n\n No resource provider with uuid 60863072-1004-41db-b9ee-af1b8087c447 found for delete ", "request_id": "req-0df6b587-f62c-43c7-847e-80f264969c7e"}]}
2026-06-13 23:57:11.377 9 INFO neutron.api.wsgi [None req-3ca11dde-68ca-405b-8a6d-e69151a22d75 4b96b176be0344b4b3f477649393d6f3 2968bc3a139641e684defbdd3553c8c0 - - default default] 10.0.0.14 "DELETE /v2.0/networks/64e0be67-6e99-4bb1-ba7f-56b68bb85c38 HTTP/1.1" status: 204 len: 168 time: 0.3013222
2026-06-13 23:57:12.033 9 INFO neutron.db.ovn_revision_numbers_db [None req-2e7c8179-78c9-4cd4-ad60-f2184bb1521e a4575adf4cdd40c79c6b08240389dc13 3f9c90b0dcd94d44aa508c514ef3d755 - - default default] Successfully bumped revision number for resource e97db8d1-1446-4216-a700-3ae7ca234aca (type: security_groups) to 1
2026-06-13 23:57:12.043 9 INFO neutron.db.ovn_revision_numbers_db [None req-2e7c8179-78c9-4cd4-ad60-f2184bb1521e a4575adf4cdd40c79c6b08240389dc13 3f9c90b0dcd94d44aa508c514ef3d755 - - default default] Successfully bumped revision number for resource 0ffbe27d-b07e-4f1f-8853-5b4e220f4547 (type: security_group_rules) to 0
2026-06-13 23:57:12.053 9 INFO neutron.db.ovn_revision_numbers_db [None req-2e7c8179-78c9-4cd4-ad60-f2184bb1521e a4575adf4cdd40c79c6b08240389dc13 3f9c90b0dcd94d44aa508c514ef3d755 - - default default] Successfully bumped revision number for resource 2e5abc9d-e93d-47bc-98db-94d7893e321b (type: security_group_rules) to 0
2026-06-13 23:57:12.068 9 INFO neutron.db.ovn_revision_numbers_db [None req-2e7c8179-78c9-4cd4-ad60-f2184bb1521e a4575adf4cdd40c79c6b08240389dc13 3f9c90b0dcd94d44aa508c514ef3d755 - - default default] Successfully bumped revision number for resource d3b0060f-2018-4d8a-9688-c021be678fc0 (type: security_group_rules) to 0
2026-06-13 23:57:12.082 9 INFO neutron.db.ovn_revision_numbers_db [None req-2e7c8179-78c9-4cd4-ad60-f2184bb1521e a4575adf4cdd40c79c6b08240389dc13 3f9c90b0dcd94d44aa508c514ef3d755 - - default default] Successfully bumped revision number for resource d7ce1ac1-efa1-4686-8f1a-9e7b102b7cee (type: security_group_rules) to 0
2026-06-13 23:57:12.121 9 INFO neutron.api.wsgi [None req-2e7c8179-78c9-4cd4-ad60-f2184bb1521e a4575adf4cdd40c79c6b08240389dc13 3f9c90b0dcd94d44aa508c514ef3d755 - - default default] 10.0.0.14 "GET /v2.0/security-groups?tenant_id=459cf464dc74470bbacc3261e6bef2c7&name=default HTTP/1.1" status: 200 len: 3120 time: 0.3901851
2026-06-13 23:57:12.136 9 INFO neutron.api.wsgi [None req-143d29ef-cb47-4d81-b680-52d9465f288e a4575adf4cdd40c79c6b08240389dc13 3f9c90b0dcd94d44aa508c514ef3d755 - - default default] 10.0.0.14 "GET /v2.0/security-groups?tenant_id=2968bc3a139641e684defbdd3553c8c0&name=default HTTP/1.1" status: 200 len: 3120 time: 0.1882279
2026-06-13 23:57:12.347 9 INFO neutron.api.wsgi [None req-93a17785-2b34-419b-b84b-18a3d2001fde a4575adf4cdd40c79c6b08240389dc13 3f9c90b0dcd94d44aa508c514ef3d755 - - default default] 10.0.0.14 "DELETE /v2.0/security-groups/e97db8d1-1446-4216-a700-3ae7ca234aca HTTP/1.1" status: 204 len: 168 time: 0.2202334
2026-06-13 23:57:12.355 9 INFO neutron.api.wsgi [None req-b1f1591d-08e1-4a54-8ec4-4f1c75ea6de5 a4575adf4cdd40c79c6b08240389dc13 3f9c90b0dcd94d44aa508c514ef3d755 - - default default] 10.0.0.14 "DELETE /v2.0/security-groups/87ae1a1b-d1d8-4846-bc02-eded0ec7edcd HTTP/1.1" status: 204 len: 168 time: 0.2145152
2026-06-13 23:57:12.537 9 INFO neutron.db.ovn_revision_numbers_db [None req-d32c9c92-f17e-4e1f-b4ee-d2f8ef200878 a4575adf4cdd40c79c6b08240389dc13 3f9c90b0dcd94d44aa508c514ef3d755 - - default default] Successfully bumped revision number for resource fbbcae2b-a08c-4ec8-bccc-732de45d292b (type: security_groups) to 1
2026-06-13 23:57:12.546 9 INFO neutron.db.ovn_revision_numbers_db [None req-d32c9c92-f17e-4e1f-b4ee-d2f8ef200878 a4575adf4cdd40c79c6b08240389dc13 3f9c90b0dcd94d44aa508c514ef3d755 - - default default] Successfully bumped revision number for resource 0c62fb61-02e1-46e9-86c4-d7f335a46e70 (type: security_group_rules) to 0
2026-06-13 23:57:12.564 9 INFO neutron.db.ovn_revision_numbers_db [None req-d32c9c92-f17e-4e1f-b4ee-d2f8ef200878 a4575adf4cdd40c79c6b08240389dc13 3f9c90b0dcd94d44aa508c514ef3d755 - - default default] Successfully bumped revision number for resource 9f417363-be3a-4972-a696-209307bc7c3a (type: security_group_rules) to 0
