2026-06-13 23:56:54.167 9 INFO neutron.api.wsgi [req-e9a39476-2edb-47fe-ba04-4d12460a4819 req-bb6e5471-bd69-408e-94be-385870875312 32022061fae14ce79ea6e7892ad47ee3 85750d42ac284840b93dfe5c681707ba - - default default] 10.0.0.229 "GET /v2.0/ports?device_id=8a3f2647-00ea-4489-871e-f0a37dc5e7fd HTTP/1.1" status: 200 len: 1174 time: 0.0348189
2026-06-13 23:56:54.203 9 INFO neutron.api.wsgi [req-e9a39476-2edb-47fe-ba04-4d12460a4819 req-899393d8-a692-4575-a494-b9a8978684f5 32022061fae14ce79ea6e7892ad47ee3 85750d42ac284840b93dfe5c681707ba - - default default] 10.0.0.229 "GET /v2.0/security-groups?id=614d1cdf-ec08-4b38-8e54-df75b8590406&fields=id&fields=name HTTP/1.1" status: 200 len: 312 time: 0.0305998
2026-06-13 23:56:54.483 9 INFO neutron.api.wsgi [req-9f807978-11a0-4def-a01e-d0321116c356 req-3f63c8a4-f08d-4d63-85fc-2027c9072c1e c7505b338671483d87e7ab08fd0ca435 3d1483b620fd4d198a33589cf7b6bbe6 - - 57931df8023144c59092a2fb0fce9280 57931df8023144c59092a2fb0fce9280] 199.204.45.25 "GET /v2.0/ports?tenant_id=85750d42ac284840b93dfe5c681707ba&device_id=8a3f2647-00ea-4489-871e-f0a37dc5e7fd HTTP/1.1" status: 200 len: 1413 time: 0.0291882
2026-06-13 23:56:54.510 10 INFO neutron.api.wsgi [None req-5a115ce8-4b87-4b5d-88db-7454c8852de4 afcc1e350fac4db2b7b6fa5064b56c1b be39092155f74aca8220a6d531b6ae8c - - default default] 10.0.0.14 "PUT /v2.0/routers/c0554c2e-9095-4925-8021-dbf8ca688157/remove_router_interface HTTP/1.1" status: 200 len: 503 time: 0.4930372
2026-06-13 23:56:54.536 9 INFO neutron.api.wsgi [None req-550c9dc4-a05c-4ae7-86e7-3741eda075f3 afcc1e350fac4db2b7b6fa5064b56c1b be39092155f74aca8220a6d531b6ae8c - - default default] 10.0.0.14 "GET /v2.0/ports?device_id=c0554c2e-9095-4925-8021-dbf8ca688157 HTTP/1.1" status: 200 len: 205 time: 0.0225255 /var/lib/openstack/lib/python3.12/site-packages/pycadf/identifier.py:71: UserWarning: Invalid uuid: neutron. To ensure interoperability, identifiers should be a valid uuid. warnings.warn(('Invalid uuid: %s. To ensure interoperability, '
2026-06-13 23:56:54.548 9 INFO neutron.api.wsgi [req-9f807978-11a0-4def-a01e-d0321116c356 req-88cd71bf-57de-406a-8d14-aec309fc459d c7505b338671483d87e7ab08fd0ca435 3d1483b620fd4d198a33589cf7b6bbe6 - - 57931df8023144c59092a2fb0fce9280 57931df8023144c59092a2fb0fce9280] 199.204.45.25 "GET /v2.0/networks?id=21ee9226-4516-42ab-9960-4a2e6cd64c70 HTTP/1.1" status: 200 len: 973 time: 0.0613587
2026-06-13 23:56:54.590 9 INFO neutron.api.wsgi [req-de7ff123-b0fe-46f9-9a53-9de5fb1a6154 req-1075f4f6-459c-418f-9253-4415f0ecc64f 85962d54eb1146afb8707a8ccade1bdd 242eaab21e7e4dc6b3f171f1804609ca - - default default] 199.204.45.25 "GET /v2.0/ports?device_id=38f6104e-4478-4dd6-8c27-8d85fb6160d9 HTTP/1.1" status: 200 len: 1174 time: 0.0463874
2026-06-13 23:56:54.601 9 INFO neutron.api.wsgi [req-9f807978-11a0-4def-a01e-d0321116c356 req-da3890cd-5ba7-40bc-b396-0d5488dafe82 c7505b338671483d87e7ab08fd0ca435 3d1483b620fd4d198a33589cf7b6bbe6 - - 57931df8023144c59092a2fb0fce9280 57931df8023144c59092a2fb0fce9280] 199.204.45.25 "GET /v2.0/floatingips?fixed_ip_address=10.100.0.10&port_id=34592690-a40f-46f1-a2df-1b9efb440fde HTTP/1.1" status: 200 len: 1060 time: 0.0484455
2026-06-13 23:56:54.630 9 INFO neutron.api.wsgi [req-9f807978-11a0-4def-a01e-d0321116c356 req-3ad113c9-e14e-4a21-8fd5-bcb7955d9026 c7505b338671483d87e7ab08fd0ca435 3d1483b620fd4d198a33589cf7b6bbe6 - - 57931df8023144c59092a2fb0fce9280 57931df8023144c59092a2fb0fce9280] 199.204.45.25 "GET /v2.0/subnets?id=67306fc6-2701-4530-94b1-b4f8002a68c0 HTTP/1.1" status: 200 len: 892 time: 0.0257182
2026-06-13 23:56:54.661 9 INFO neutron.api.wsgi [req-9f807978-11a0-4def-a01e-d0321116c356 req-b34ab3b0-1232-4a9c-8054-362bdf94d008 c7505b338671483d87e7ab08fd0ca435 3d1483b620fd4d198a33589cf7b6bbe6 - - 57931df8023144c59092a2fb0fce9280 57931df8023144c59092a2fb0fce9280] 199.204.45.25 "GET /v2.0/ports?network_id=21ee9226-4516-42ab-9960-4a2e6cd64c70&device_owner=network%3Adhcp HTTP/1.1" status: 200 len: 210 time: 0.0253434
2026-06-13 23:56:54.713 9 INFO neutron.api.wsgi [req-9f807978-11a0-4def-a01e-d0321116c356 req-274278af-9665-4126-8bf1-bf922e1af196 c7505b338671483d87e7ab08fd0ca435 3d1483b620fd4d198a33589cf7b6bbe6 - - 57931df8023144c59092a2fb0fce9280 57931df8023144c59092a2fb0fce9280] 199.204.45.25 "GET /v2.0/networks/21ee9226-4516-42ab-9960-4a2e6cd64c70?fields=segments HTTP/1.1" status: 200 len: 212 time: 0.0455430
2026-06-13 23:56:54.715 10 INFO neutron.api.wsgi [None req-3695687d-e80f-42e0-afff-c0102aa79b02 afcc1e350fac4db2b7b6fa5064b56c1b be39092155f74aca8220a6d531b6ae8c - - default default] 10.0.0.14 "DELETE /v2.0/routers/c0554c2e-9095-4925-8021-dbf8ca688157 HTTP/1.1" status: 204 len: 168 time: 0.1727803
2026-06-13 23:56:54.776 9 INFO neutron.api.wsgi [req-9f807978-11a0-4def-a01e-d0321116c356 req-4bc207c0-a959-4480-9930-680bb1101e9d c7505b338671483d87e7ab08fd0ca435 3d1483b620fd4d198a33589cf7b6bbe6 - - 57931df8023144c59092a2fb0fce9280 57931df8023144c59092a2fb0fce9280] 199.204.45.25 "GET /v2.0/networks/21ee9226-4516-42ab-9960-4a2e6cd64c70?fields=provider%3Aphysical_network&fields=provider%3Anetwork_type HTTP/1.1" status: 200 len: 277 time: 0.0581977
2026-06-13 23:56:54.854 10 INFO neutron.api.wsgi [None req-494bc5c2-e686-4572-8a9e-097fb5304cbb afcc1e350fac4db2b7b6fa5064b56c1b be39092155f74aca8220a6d531b6ae8c - - default default] 10.0.0.14 "DELETE /v2.0/subnets/5c5fd5ec-d143-4982-a4c3-1954913fd576 HTTP/1.1" status: 204 len: 168 time: 0.1333234
2026-06-13 23:56:54.932 9 INFO neutron.db.l3_db [req-de7ff123-b0fe-46f9-9a53-9de5fb1a6154 req-363c41a0-89ba-41b3-b4af-1dff4358531a 85962d54eb1146afb8707a8ccade1bdd 242eaab21e7e4dc6b3f171f1804609ca - - default default] Floating IP 994f71b6-be3a-4f32-81e2-7097922f9386 disassociated. External IP: 10.96.250.204, port: 4e88d9e1-f09f-4650-81da-2eca88b251aa.
2026-06-13 23:56:54.991 10 INFO neutron.api.wsgi [None req-e13325f2-e9e8-4934-983e-c96cbe76183c afcc1e350fac4db2b7b6fa5064b56c1b be39092155f74aca8220a6d531b6ae8c - - default default] 10.0.0.14 "DELETE /v2.0/subnets/66ea9d16-7109-425e-b79e-c20ff5723a38 HTTP/1.1" status: 204 len: 168 time: 0.1315899
2026-06-13 23:56:55.049 9 INFO neutron.api.wsgi [req-de7ff123-b0fe-46f9-9a53-9de5fb1a6154 req-363c41a0-89ba-41b3-b4af-1dff4358531a 85962d54eb1146afb8707a8ccade1bdd 242eaab21e7e4dc6b3f171f1804609ca - - default default] 199.204.45.25 "DELETE /v2.0/ports/4e88d9e1-f09f-4650-81da-2eca88b251aa HTTP/1.1" status: 204 len: 173 time: 0.4564648
2026-06-13 23:56:55.076 9 INFO neutron.notifiers.nova [-] Nova event matching ['req-8167ca65-f36e-403a-bb22-55e489ea1245'] response: {'server_uuid': '38f6104e-4478-4dd6-8c27-8d85fb6160d9', 'name': 'network-vif-deleted', 'tag': '4e88d9e1-f09f-4650-81da-2eca88b251aa', 'status': 'completed', 'code': 200}
2026-06-13 23:56:55.150 9 INFO neutron.api.wsgi [req-2dbf21e0-e1c7-44f4-a86d-ef03ce30f74b req-aebcf730-c78c-4e5d-b641-2e6759a01532 85962d54eb1146afb8707a8ccade1bdd 242eaab21e7e4dc6b3f171f1804609ca - - default default] 10.0.0.229 "GET /v2.0/ports?device_id=38f6104e-4478-4dd6-8c27-8d85fb6160d9 HTTP/1.1" status: 200 len: 210 time: 0.0194178
2026-06-13 23:56:55.273 10 INFO neutron.services.segments.plugin [-] Segment da18bf3c-76a4-43a7-b3bd-0b952ff8ef04 resource provider aggregate not found
2026-06-13 23:56:55.277 10 INFO neutron.services.segments.plugin [-] Segment da18bf3c-76a4-43a7-b3bd-0b952ff8ef04 resource provider aggregate not found
2026-06-13 23:56:55.296 10 INFO neutron.services.segments.plugin [-] Segment da18bf3c-76a4-43a7-b3bd-0b952ff8ef04 resource provider not found; error: Placement Client Error (4xx): {"errors": [{"status": 404, "title": "Not Found", "detail": "The resource could not be found.\n\n No resource provider with uuid da18bf3c-76a4-43a7-b3bd-0b952ff8ef04 found for delete ", "request_id": "req-4cb42525-b39b-4fb3-a6d2-c451366f9b7b"}]}
2026-06-13 23:56:55.302 10 INFO neutron.api.wsgi [req-3db35b5e-919a-4145-bcca-237f7b86b91e req-7f301401-0a2e-4f43-ad57-2d78efac70aa 32022061fae14ce79ea6e7892ad47ee3 85750d42ac284840b93dfe5c681707ba - - default default] 10.0.0.229 "GET /v2.0/ports?device_id=8a3f2647-00ea-4489-871e-f0a37dc5e7fd HTTP/1.1" status: 200 len: 1174 time: 0.0433967
2026-06-13 23:56:55.303 10 INFO neutron.services.segments.plugin [-] Segment da18bf3c-76a4-43a7-b3bd-0b952ff8ef04 resource provider not found; error: Placement Client Error (4xx): {"errors": [{"status": 404, "title": "Not Found", "detail": "The resource could not be found.\n\n No resource provider with uuid da18bf3c-76a4-43a7-b3bd-0b952ff8ef04 found for delete ", "request_id": "req-ed23cbf2-a2ba-483a-98f3-738d51e9e340"}]}
2026-06-13 23:56:55.329 10 INFO neutron.api.wsgi [None req-31e58019-9872-4cc0-87f5-38b19b4b677f afcc1e350fac4db2b7b6fa5064b56c1b be39092155f74aca8220a6d531b6ae8c - - default default] 10.0.0.14 "DELETE /v2.0/networks/52e9aaab-2cc9-4460-8e5f-43330da23726 HTTP/1.1" status: 204 len: 168 time: 0.3311930
2026-06-13 23:56:55.349 10 INFO neutron.api.wsgi [req-3db35b5e-919a-4145-bcca-237f7b86b91e req-0083852b-88bb-407f-be3e-fb7dde023ddb 32022061fae14ce79ea6e7892ad47ee3 85750d42ac284840b93dfe5c681707ba - - default default] 10.0.0.229 "GET /v2.0/security-groups?id=614d1cdf-ec08-4b38-8e54-df75b8590406&fields=id&fields=name HTTP/1.1" status: 200 len: 312 time: 0.0390856
2026-06-13 23:56:55.609 9 INFO neutron.services.segments.plugin [-] Segment a9613af0-c294-4ba5-b58e-cb66b1323e45 resource provider aggregate not found
2026-06-13 23:56:55.613 9 INFO neutron.services.segments.plugin [-] Segment a9613af0-c294-4ba5-b58e-cb66b1323e45 resource provider aggregate not found
2026-06-13 23:56:55.619 9 INFO neutron.services.segments.plugin [-] Segment a9613af0-c294-4ba5-b58e-cb66b1323e45 resource provider not found; error: Placement Client Error (4xx): {"errors": [{"status": 404, "title": "Not Found", "detail": "The resource could not be found.\n\n No resource provider with uuid a9613af0-c294-4ba5-b58e-cb66b1323e45 found for delete ", "request_id": "req-0ede9750-efe5-4fbd-81a3-f379486c3020"}]}
2026-06-13 23:56:55.626 9 INFO neutron.services.segments.plugin [-] Segment a9613af0-c294-4ba5-b58e-cb66b1323e45 resource provider not found; error: Placement Client Error (4xx): {"errors": [{"status": 404, "title": "Not Found", "detail": "The resource could not be found.\n\n No resource provider with uuid a9613af0-c294-4ba5-b58e-cb66b1323e45 found for delete ", "request_id": "req-84774666-f375-4ed0-80e3-a6275beaef06"}]}
2026-06-13 23:56:55.636 9 INFO neutron.api.wsgi [None req-e70d1cdf-886d-403a-981d-796e64f67f9b afcc1e350fac4db2b7b6fa5064b56c1b be39092155f74aca8220a6d531b6ae8c - - default default] 10.0.0.14 "DELETE /v2.0/networks/7aea103b-523a-45c2-ab40-662c9a3da0e3 HTTP/1.1" status: 204 len: 168 time: 0.3028762
2026-06-13 23:56:55.650 10 WARNING neutron_lib.context [None req-d17f6787-de40-43c8-ab15-69afec76d500 afcc1e350fac4db2b7b6fa5064b56c1b be39092155f74aca8220a6d531b6ae8c - - default default] Method 'is_advsvc' is deprecated since 2023.2 release (neutron-lib 3.8.0) and will be removed once support for the old RBAC API policies will be removed from Neutron. Please use method 'is_service_role' instead.
2026-06-13 23:56:55.734 10 INFO neutron.db.segments_db [None req-d17f6787-de40-43c8-ab15-69afec76d500 afcc1e350fac4db2b7b6fa5064b56c1b be39092155f74aca8220a6d531b6ae8c - - default default] Added segment d7376536-55ec-4b03-a4b2-b4b2c06e7a36 of type geneve for network 5f200002-3a2a-4eb8-9ebe-304aabc18897
2026-06-13 23:56:55.742 9 INFO neutron.db.ovn_revision_numbers_db [None req-8755a503-df9e-439c-9bf9-030dc6b073cc a4575adf4cdd40c79c6b08240389dc13 3f9c90b0dcd94d44aa508c514ef3d755 - - default default] Successfully bumped revision number for resource 0ee1d8b3-a162-4e3d-b7b5-919356a64064 (type: security_groups) to 1
2026-06-13 23:56:55.755 9 INFO neutron.db.ovn_revision_numbers_db [None req-8755a503-df9e-439c-9bf9-030dc6b073cc a4575adf4cdd40c79c6b08240389dc13 3f9c90b0dcd94d44aa508c514ef3d755 - - default default] Successfully bumped revision number for resource 5ad608b0-896f-42d5-a13b-8eddb4ae3fc5 (type: security_group_rules) to 0
2026-06-13 23:56:55.767 9 INFO neutron.db.ovn_revision_numbers_db [None req-8755a503-df9e-439c-9bf9-030dc6b073cc a4575adf4cdd40c79c6b08240389dc13 3f9c90b0dcd94d44aa508c514ef3d755 - - default default] Successfully bumped revision number for resource 6ce154c0-aabc-4bee-986a-f829c921f643 (type: security_group_rules) to 0
2026-06-13 23:56:55.778 9 INFO neutron.db.ovn_revision_numbers_db [None req-8755a503-df9e-439c-9bf9-030dc6b073cc a4575adf4cdd40c79c6b08240389dc13 3f9c90b0dcd94d44aa508c514ef3d755 - - default default] Successfully bumped revision number for resource 8a994031-33a4-45b9-a6be-65bc6729a5e9 (type: security_group_rules) to 0
2026-06-13 23:56:55.792 9 INFO neutron.db.ovn_revision_numbers_db [None req-8755a503-df9e-439c-9bf9-030dc6b073cc a4575adf4cdd40c79c6b08240389dc13 3f9c90b0dcd94d44aa508c514ef3d755 - - default default] Successfully bumped revision number for resource 91021845-4a30-4897-856f-e45d954eb302 (type: security_group_rules) to 0
2026-06-13 23:56:55.829 9 INFO neutron.api.wsgi [None req-8755a503-df9e-439c-9bf9-030dc6b073cc a4575adf4cdd40c79c6b08240389dc13 3f9c90b0dcd94d44aa508c514ef3d755 - - default default] 10.0.0.14 "GET /v2.0/security-groups?tenant_id=b06618d9d6b043a0b357c7d511274322&name=default HTTP/1.1" status: 200 len: 3120 time: 0.3250141
2026-06-13 23:56:55.847 10 INFO neutron.db.ovn_revision_numbers_db [None req-d17f6787-de40-43c8-ab15-69afec76d500 afcc1e350fac4db2b7b6fa5064b56c1b be39092155f74aca8220a6d531b6ae8c - - default default] Successfully bumped revision number for resource 5f200002-3a2a-4eb8-9ebe-304aabc18897 (type: networks) to 1
2026-06-13 23:56:56.025 10 WARNING neutron.scheduler.dhcp_agent_scheduler [None req-d17f6787-de40-43c8-ab15-69afec76d500 afcc1e350fac4db2b7b6fa5064b56c1b be39092155f74aca8220a6d531b6ae8c - - default default] No more DHCP agents
2026-06-13 23:56:56.026 10 WARNING neutron.api.rpc.agentnotifiers.dhcp_rpc_agent_api [None req-d17f6787-de40-43c8-ab15-69afec76d500 afcc1e350fac4db2b7b6fa5064b56c1b be39092155f74aca8220a6d531b6ae8c - - default default] Unable to schedule network 5f200002-3a2a-4eb8-9ebe-304aabc18897: no agents available; will retry on subsequent port and subnet creation events.
2026-06-13 23:56:56.052 9 INFO neutron.api.wsgi [None req-29af2534-f7af-4ba9-b234-633b800a3777 a4575adf4cdd40c79c6b08240389dc13 3f9c90b0dcd94d44aa508c514ef3d755 - - default default] 10.0.0.14 "DELETE /v2.0/security-groups/0ee1d8b3-a162-4e3d-b7b5-919356a64064 HTTP/1.1" status: 204 len: 168 time: 0.2190511
2026-06-13 23:56:56.089 10 INFO neutron.db.ovn_revision_numbers_db [None req-d17f6787-de40-43c8-ab15-69afec76d500 afcc1e350fac4db2b7b6fa5064b56c1b be39092155f74aca8220a6d531b6ae8c - - default default] Successfully bumped revision number for resource de5df9f6-40e6-44df-8f23-b7684793f872 (type: ports) to 1
2026-06-13 23:56:56.107 10 INFO neutron.api.wsgi [None req-d17f6787-de40-43c8-ab15-69afec76d500 afcc1e350fac4db2b7b6fa5064b56c1b be39092155f74aca8220a6d531b6ae8c - - default default] 10.0.0.14 "POST /v2.0/networks HTTP/1.1" status: 201 len: 833 time: 0.4619095
2026-06-13 23:56:56.118 10 WARNING neutron_lib.context [None req-659288b5-268f-4507-b048-4c3a6a9d9dd9 afcc1e350fac4db2b7b6fa5064b56c1b be39092155f74aca8220a6d531b6ae8c - - default default] Method 'is_advsvc' is deprecated since 2023.2 release (neutron-lib 3.8.0) and will be removed once support for the old RBAC API policies will be removed from Neutron. Please use method 'is_service_role' instead.
2026-06-13 23:56:56.229 9 INFO neutron.api.wsgi [req-bc6f056a-70c9-44cd-b93f-4566dd180e74 req-efc0b0ee-1564-49f1-91e6-b066f392f785 85962d54eb1146afb8707a8ccade1bdd 242eaab21e7e4dc6b3f171f1804609ca - - default default] 10.0.0.229 "GET /v2.0/ports?device_id=38f6104e-4478-4dd6-8c27-8d85fb6160d9 HTTP/1.1" status: 200 len: 210 time: 0.0167055
2026-06-13 23:56:56.267 9 INFO neutron.db.ovn_revision_numbers_db [None req-f8072653-9cf7-433e-a7f6-846fd38e6464 a4575adf4cdd40c79c6b08240389dc13 3f9c90b0dcd94d44aa508c514ef3d755 - - default default] Successfully bumped revision number for resource 5f2f63db-44bc-4e52-8b33-865803cbf49a (type: security_groups) to 1
2026-06-13 23:56:56.286 9 INFO neutron.db.ovn_revision_numbers_db [None req-f8072653-9cf7-433e-a7f6-846fd38e6464 a4575adf4cdd40c79c6b08240389dc13 3f9c90b0dcd94d44aa508c514ef3d755 - - default default] Successfully bumped revision number for resource 2a652a79-abf0-4352-8fc5-f4591799df42 (type: security_group_rules) to 0
2026-06-13 23:56:56.298 9 INFO neutron.db.ovn_revision_numbers_db [None req-f8072653-9cf7-433e-a7f6-846fd38e6464 a4575adf4cdd40c79c6b08240389dc13 3f9c90b0dcd94d44aa508c514ef3d755 - - default default] Successfully bumped revision number for resource 7616f130-7871-4929-9703-fc1d6f352602 (type: security_group_rules) to 0
2026-06-13 23:56:56.302 10 WARNING neutron.scheduler.dhcp_agent_scheduler [None req-659288b5-268f-4507-b048-4c3a6a9d9dd9 afcc1e350fac4db2b7b6fa5064b56c1b be39092155f74aca8220a6d531b6ae8c - - default default] No more DHCP agents
2026-06-13 23:56:56.303 10 WARNING neutron.api.rpc.agentnotifiers.dhcp_rpc_agent_api [None req-659288b5-268f-4507-b048-4c3a6a9d9dd9 afcc1e350fac4db2b7b6fa5064b56c1b be39092155f74aca8220a6d531b6ae8c - - default default] Unable to schedule network 5f200002-3a2a-4eb8-9ebe-304aabc18897: no agents available; will retry on subsequent port and subnet creation events.
2026-06-13 23:56:56.312 9 INFO neutron.db.ovn_revision_numbers_db [None req-f8072653-9cf7-433e-a7f6-846fd38e6464 a4575adf4cdd40c79c6b08240389dc13 3f9c90b0dcd94d44aa508c514ef3d755 - - default default] Successfully bumped revision number for resource 9b02f365-69c4-4d7d-b644-3017f8161eb1 (type: security_group_rules) to 0
2026-06-13 23:56:56.323 9 INFO neutron.db.ovn_revision_numbers_db [None req-f8072653-9cf7-433e-a7f6-846fd38e6464 a4575adf4cdd40c79c6b08240389dc13 3f9c90b0dcd94d44aa508c514ef3d755 - - default default] Successfully bumped revision number for resource cce568ba-cdfc-46d4-8e91-00f36d597664 (type: security_group_rules) to 0
2026-06-13 23:56:56.330 10 INFO neutron.db.ovn_revision_numbers_db [None req-659288b5-268f-4507-b048-4c3a6a9d9dd9 afcc1e350fac4db2b7b6fa5064b56c1b be39092155f74aca8220a6d531b6ae8c - - default default] Successfully bumped revision number for resource 3a387013-3528-470f-a45b-4b253bd6b326 (type: subnets) to 0
2026-06-13 23:56:56.345 10 INFO neutron.api.wsgi [None req-659288b5-268f-4507-b048-4c3a6a9d9dd9 afcc1e350fac4db2b7b6fa5064b56c1b be39092155f74aca8220a6d531b6ae8c - - default default] 10.0.0.14 "POST /v2.0/subnets HTTP/1.1" status: 201 len: 845 time: 0.2307255
2026-06-13 23:56:56.357 9 WARNING neutron_lib.context [None req-cc158026-06a8-42eb-8eca-06d19cda4d5c afcc1e350fac4db2b7b6fa5064b56c1b be39092155f74aca8220a6d531b6ae8c - - default default] Method 'is_advsvc' is deprecated since 2023.2 release (neutron-lib 3.8.0) and will be removed once support for the old RBAC API policies will be removed from Neutron. Please use method 'is_service_role' instead.
2026-06-13 23:56:56.365 9 INFO neutron.api.wsgi [None req-f8072653-9cf7-433e-a7f6-846fd38e6464 a4575adf4cdd40c79c6b08240389dc13 3f9c90b0dcd94d44aa508c514ef3d755 - - default default] 10.0.0.14 "GET /v2.0/security-groups?tenant_id=512fc2c5c5124584be5dc66f89c75798&name=default HTTP/1.1" status: 200 len: 3120 time: 0.2189860
2026-06-13 23:56:56.441 10 INFO neutron.api.wsgi [req-65e200ac-546c-42d1-9aa0-0984fc59360a req-d894cc10-1a53-4eaa-8f13-1c3d187fcd37 32022061fae14ce79ea6e7892ad47ee3 85750d42ac284840b93dfe5c681707ba - - default default] 10.0.0.229 "GET /v2.0/ports?device_id=8a3f2647-00ea-4489-871e-f0a37dc5e7fd HTTP/1.1" status: 200 len: 1174 time: 0.0369155
2026-06-13 23:56:56.481 10 INFO neutron.api.wsgi [req-65e200ac-546c-42d1-9aa0-0984fc59360a req-e2464126-63ed-47fa-9175-3d0d24fb9abd 32022061fae14ce79ea6e7892ad47ee3 85750d42ac284840b93dfe5c681707ba - - default default] 10.0.0.229 "GET /v2.0/security-groups?id=614d1cdf-ec08-4b38-8e54-df75b8590406&fields=id&fields=name HTTP/1.1" status: 200 len: 312 time: 0.0343788
2026-06-13 23:56:56.484 9 INFO neutron.db.ovn_revision_numbers_db [None req-cc158026-06a8-42eb-8eca-06d19cda4d5c afcc1e350fac4db2b7b6fa5064b56c1b be39092155f74aca8220a6d531b6ae8c - - default default] Successfully bumped revision number for resource 263c7d17-4411-4cf9-bddd-3360c1882ab3 (type: routers) to 1
2026-06-13 23:56:56.500 9 INFO neutron.api.wsgi [None req-cc158026-06a8-42eb-8eca-06d19cda4d5c afcc1e350fac4db2b7b6fa5064b56c1b be39092155f74aca8220a6d531b6ae8c - - default default] 10.0.0.14 "POST /v2.0/routers HTTP/1.1" status: 201 len: 805 time: 0.1483278
2026-06-13 23:56:56.510 9 WARNING neutron_lib.context [None req-cb459ed0-da71-4cf8-a185-b0794ad6d525 afcc1e350fac4db2b7b6fa5064b56c1b be39092155f74aca8220a6d531b6ae8c - - default default] Method 'is_advsvc' is deprecated since 2023.2 release (neutron-lib 3.8.0) and will be removed once support for the old RBAC API policies will be removed from Neutron. Please use method 'is_service_role' instead.
2026-06-13 23:56:56.630 9 INFO neutron.api.wsgi [None req-f5cf23a8-6c54-4826-870f-26f6fc4ef3c7 a4575adf4cdd40c79c6b08240389dc13 3f9c90b0dcd94d44aa508c514ef3d755 - - default default] 10.0.0.14 "DELETE /v2.0/security-groups/5f2f63db-44bc-4e52-8b33-865803cbf49a HTTP/1.1" status: 204 len: 168 time: 0.2594573
2026-06-13 23:56:56.779 9 WARNING neutron.scheduler.dhcp_agent_scheduler [None req-cb459ed0-da71-4cf8-a185-b0794ad6d525 afcc1e350fac4db2b7b6fa5064b56c1b be39092155f74aca8220a6d531b6ae8c - - default default] No more DHCP agents
2026-06-13 23:56:56.781 9 WARNING neutron.api.rpc.agentnotifiers.dhcp_rpc_agent_api [None req-cb459ed0-da71-4cf8-a185-b0794ad6d525 afcc1e350fac4db2b7b6fa5064b56c1b be39092155f74aca8220a6d531b6ae8c - - default default] Unable to schedule network 5f200002-3a2a-4eb8-9ebe-304aabc18897: no agents available; will retry on subsequent port and subnet creation events.
2026-06-13 23:56:56.848 9 INFO neutron.db.ovn_revision_numbers_db [None req-cb459ed0-da71-4cf8-a185-b0794ad6d525 afcc1e350fac4db2b7b6fa5064b56c1b be39092155f74aca8220a6d531b6ae8c - - default default] Successfully bumped revision number for resource 670df581-371a-4534-88ed-4d4b946d7cd1 (type: ports) to 1
2026-06-13 23:56:56.867 9 INFO neutron.api.wsgi [None req-cb459ed0-da71-4cf8-a185-b0794ad6d525 afcc1e350fac4db2b7b6fa5064b56c1b be39092155f74aca8220a6d531b6ae8c - - default default] 10.0.0.14 "POST /v2.0/ports HTTP/1.1" status: 201 len: 1158 time: 0.3622372 /var/lib/openstack/lib/python3.12/site-packages/pycadf/identifier.py:71: UserWarning: Invalid uuid: neutron. To ensure interoperability, identifiers should be a valid uuid. warnings.warn(('Invalid uuid: %s. To ensure interoperability, '
2026-06-13 23:56:57.035 9 WARNING neutron.plugins.ml2.drivers.ovn.mech_driver.ovsdb.ovn_client [None req-98fadde6-3e2b-4307-8c1a-d158e79018d6 - - - - - -] No port found with ID 51574f69-c685-4a44-8240-56230b0eaeca: RuntimeError: No port found with ID 51574f69-c685-4a44-8240-56230b0eaeca
2026-06-13 23:56:57.100 9 INFO neutron.plugins.ml2.drivers.ovn.mech_driver.mech_driver [None req-98fadde6-3e2b-4307-8c1a-d158e79018d6 - - - - - -] OVN reports status down for port: 34592690-a40f-46f1-a2df-1b9efb440fde
2026-06-13 23:56:57.237 9 INFO neutron.notifiers.nova [-] Nova event matching ['req-c6c18877-b693-4c05-b65e-2116e7788e5e'] response: {'server_uuid': '8a3f2647-00ea-4489-871e-f0a37dc5e7fd', 'name': 'network-vif-unplugged', 'status': 'completed', 'tag': '34592690-a40f-46f1-a2df-1b9efb440fde', 'code': 200}
2026-06-13 23:56:57.328 10 INFO neutron.api.wsgi [req-ed389ae5-829d-48e1-b03f-71ff720adbb0 req-925cc1cb-c343-42c7-b2da-115e8e32c2d6 85962d54eb1146afb8707a8ccade1bdd 242eaab21e7e4dc6b3f171f1804609ca - - default default] 10.0.0.229 "GET /v2.0/ports?device_id=38f6104e-4478-4dd6-8c27-8d85fb6160d9 HTTP/1.1" status: 200 len: 210 time: 0.0216887
2026-06-13 23:56:57.343 9 INFO neutron.db.ovn_revision_numbers_db [None req-457846ec-5bb2-4b08-b67b-05fd655aa731 afcc1e350fac4db2b7b6fa5064b56c1b be39092155f74aca8220a6d531b6ae8c - - default default] Successfully bumped revision number for resource 670df581-371a-4534-88ed-4d4b946d7cd1 (type: ports) to 2
2026-06-13 23:56:57.364 9 INFO neutron.db.ovn_revision_numbers_db [None req-98fadde6-3e2b-4307-8c1a-d158e79018d6 - - - - - -] Successfully bumped revision number for resource 34592690-a40f-46f1-a2df-1b9efb440fde (type: ports) to 6
2026-06-13 23:56:57.421 9 INFO neutron.plugins.ml2.drivers.ovn.mech_driver.mech_driver [None req-13742d77-0739-47a5-baf9-d78743b27108 - - - - - -] OVN reports status up for port: 670df581-371a-4534-88ed-4d4b946d7cd1
2026-06-13 23:56:57.428 9 INFO neutron.plugins.ml2.plugin [None req-13742d77-0739-47a5-baf9-d78743b27108 - - - - - -] Attempt 1 to provision port 670df581-371a-4534-88ed-4d4b946d7cd1 /var/lib/openstack/lib/python3.12/site-packages/pycadf/identifier.py:71: UserWarning: Invalid uuid: neutron. To ensure interoperability, identifiers should be a valid uuid. warnings.warn(('Invalid uuid: %s. To ensure interoperability, '
2026-06-13 23:56:57.580 10 WARNING neutron.plugins.ml2.drivers.ovn.mech_driver.ovsdb.ovn_client [None req-6658f57d-7844-4aad-b7cf-8a45f6ed71fd - - - - - -] No port found with ID 4c2203cd-7637-4560-8ab0-a9453c698b22: RuntimeError: No port found with ID 4c2203cd-7637-4560-8ab0-a9453c698b22
2026-06-13 23:56:57.589 10 INFO neutron.plugins.ml2.drivers.ovn.mech_driver.mech_driver [None req-6658f57d-7844-4aad-b7cf-8a45f6ed71fd - - - - - -] OVN reports status down for port: 4e88d9e1-f09f-4650-81da-2eca88b251aa
2026-06-13 23:56:57.633 9 INFO neutron.api.wsgi [req-604d1945-eff6-4351-8bd6-e692366b547e req-7fe9dd3f-d1a2-440e-90b2-212578536846 32022061fae14ce79ea6e7892ad47ee3 85750d42ac284840b93dfe5c681707ba - - default default] 10.0.0.229 "GET /v2.0/ports?device_id=8a3f2647-00ea-4489-871e-f0a37dc5e7fd HTTP/1.1" status: 200 len: 1172 time: 0.0879409
2026-06-13 23:56:57.701 9 INFO neutron.api.wsgi [req-604d1945-eff6-4351-8bd6-e692366b547e req-2c1296e1-b0ea-403d-813d-31f3fd211888 32022061fae14ce79ea6e7892ad47ee3 85750d42ac284840b93dfe5c681707ba - - default default] 10.0.0.229 "GET /v2.0/security-groups?id=614d1cdf-ec08-4b38-8e54-df75b8590406&fields=id&fields=name HTTP/1.1" status: 200 len: 312 time: 0.0611591
2026-06-13 23:56:57.786 9 INFO neutron.db.ovn_revision_numbers_db [None req-13742d77-0739-47a5-baf9-d78743b27108 - - - - - -] Successfully bumped revision number for resource 670df581-371a-4534-88ed-4d4b946d7cd1 (type: ports) to 3
2026-06-13 23:56:58.463 9 INFO neutron.db.ovn_revision_numbers_db [None req-457846ec-5bb2-4b08-b67b-05fd655aa731 afcc1e350fac4db2b7b6fa5064b56c1b be39092155f74aca8220a6d531b6ae8c - - default default] Successfully bumped revision number for resource 670df581-371a-4534-88ed-4d4b946d7cd1 (type: ports) to 3
2026-06-13 23:56:58.518 9 WARNING neutron.scheduler.dhcp_agent_scheduler [None req-457846ec-5bb2-4b08-b67b-05fd655aa731 afcc1e350fac4db2b7b6fa5064b56c1b be39092155f74aca8220a6d531b6ae8c - - default default] No more DHCP agents
2026-06-13 23:56:58.519 9 WARNING neutron.api.rpc.agentnotifiers.dhcp_rpc_agent_api [None req-457846ec-5bb2-4b08-b67b-05fd655aa731 afcc1e350fac4db2b7b6fa5064b56c1b be39092155f74aca8220a6d531b6ae8c - - default default] Unable to schedule network 5f200002-3a2a-4eb8-9ebe-304aabc18897: no agents available; will retry on subsequent port and subnet creation events.
2026-06-13 23:56:58.526 10 INFO neutron.api.wsgi [None req-62899926-3c5d-4e03-8ae2-909e1073ab0a 85962d54eb1146afb8707a8ccade1bdd 242eaab21e7e4dc6b3f171f1804609ca - - default default] 10.0.0.14 "DELETE /v2.0/security-groups/43d0fd4e-4e13-4f25-9a6d-2f02bf6b51f8 HTTP/1.1" status: 204 len: 168 time: 0.1036870
2026-06-13 23:56:58.539 10 INFO neutron.api.v2.resource [None req-2882f09f-99f3-4283-b269-6ec88251c9de 85962d54eb1146afb8707a8ccade1bdd 242eaab21e7e4dc6b3f171f1804609ca - - default default] show failed (client error): The resource could not be found.
2026-06-13 23:56:58.540 10 INFO neutron.api.wsgi [None req-2882f09f-99f3-4283-b269-6ec88251c9de 85962d54eb1146afb8707a8ccade1bdd 242eaab21e7e4dc6b3f171f1804609ca - - default default] 10.0.0.14 "GET /v2.0/security-groups/43d0fd4e-4e13-4f25-9a6d-2f02bf6b51f8 HTTP/1.1" status: 404 len: 347 time: 0.0085695
2026-06-13 23:56:58.722 9 INFO neutron.db.ovn_revision_numbers_db [None req-457846ec-5bb2-4b08-b67b-05fd655aa731 afcc1e350fac4db2b7b6fa5064b56c1b be39092155f74aca8220a6d531b6ae8c - - default default] Successfully bumped revision number for resource 670df581-371a-4534-88ed-4d4b946d7cd1 (type: router_ports) to 3
2026-06-13 23:56:58.727 9 INFO neutron.api.wsgi [None req-457846ec-5bb2-4b08-b67b-05fd655aa731 afcc1e350fac4db2b7b6fa5064b56c1b be39092155f74aca8220a6d531b6ae8c - - default default] 10.0.0.14 "PUT /v2.0/routers/263c7d17-4411-4cf9-bddd-3360c1882ab3/add_router_interface HTTP/1.1" status: 200 len: 503 time: 1.8551075
2026-06-13 23:56:58.782 10 INFO neutron.api.wsgi [None req-f921a57e-7356-4f9c-bb34-52fd62be7878 afcc1e350fac4db2b7b6fa5064b56c1b be39092155f74aca8220a6d531b6ae8c - - default default] 10.0.0.14 "GET /v2.0/ports/670df581-371a-4534-88ed-4d4b946d7cd1 HTTP/1.1" status: 200 len: 1216 time: 0.0465698 /var/lib/openstack/lib/python3.12/site-packages/pycadf/identifier.py:71: UserWarning: Invalid uuid: neutron. To ensure interoperability, identifiers should be a valid uuid. warnings.warn(('Invalid uuid: %s. To ensure interoperability, '
2026-06-13 23:56:58.821 10 INFO neutron.api.wsgi [None req-e00f5f15-4892-49fd-811c-35a6fff79aaf 85962d54eb1146afb8707a8ccade1bdd 242eaab21e7e4dc6b3f171f1804609ca - - default default] 10.0.0.14 "DELETE /v2.0/floatingips/994f71b6-be3a-4f32-81e2-7097922f9386 HTTP/1.1" status: 204 len: 168 time: 0.2763379
2026-06-13 23:56:58.830 10 INFO neutron.api.wsgi [req-50077494-b082-4b3c-aa7b-52a8e3fef9d6 req-e2aec04c-d581-4d56-9705-d3dca58ce8fc 32022061fae14ce79ea6e7892ad47ee3 85750d42ac284840b93dfe5c681707ba - - default default] 10.0.0.229 "GET /v2.0/ports?device_id=8a3f2647-00ea-4489-871e-f0a37dc5e7fd HTTP/1.1" status: 200 len: 1172 time: 0.0663049
2026-06-13 23:56:58.879 10 INFO neutron.api.wsgi [req-50077494-b082-4b3c-aa7b-52a8e3fef9d6 req-c3c6a35e-704b-4eb9-80e7-3cdb8152942f 32022061fae14ce79ea6e7892ad47ee3 85750d42ac284840b93dfe5c681707ba - - default default] 10.0.0.229 "GET /v2.0/security-groups?id=614d1cdf-ec08-4b38-8e54-df75b8590406&fields=id&fields=name HTTP/1.1" status: 200 len: 312 time: 0.0425308
2026-06-13 23:56:59.168 10 INFO neutron.db.ovn_revision_numbers_db [None req-f7a6dfd7-58c1-4bdb-9f8b-42c14227733f a4575adf4cdd40c79c6b08240389dc13 3f9c90b0dcd94d44aa508c514ef3d755 - - default default] Successfully bumped revision number for resource b0624aa3-1272-4df0-91ea-c0e51b99dde1 (type: security_groups) to 1
2026-06-13 23:56:59.184 10 INFO neutron.db.ovn_revision_numbers_db [None req-f7a6dfd7-58c1-4bdb-9f8b-42c14227733f a4575adf4cdd40c79c6b08240389dc13 3f9c90b0dcd94d44aa508c514ef3d755 - - default default] Successfully bumped revision number for resource 1e97895a-fa06-40f3-8b14-a40c5f2f7df2 (type: security_group_rules) to 0
2026-06-13 23:56:59.194 10 INFO neutron.db.ovn_revision_numbers_db [None req-f7a6dfd7-58c1-4bdb-9f8b-42c14227733f a4575adf4cdd40c79c6b08240389dc13 3f9c90b0dcd94d44aa508c514ef3d755 - - default default] Successfully bumped revision number for resource 32ff5822-3944-47d0-bf09-fb19a17d5288 (type: security_group_rules) to 0
2026-06-13 23:56:59.212 10 INFO neutron.db.ovn_revision_numbers_db [None req-f7a6dfd7-58c1-4bdb-9f8b-42c14227733f a4575adf4cdd40c79c6b08240389dc13 3f9c90b0dcd94d44aa508c514ef3d755 - - default default] Successfully bumped revision number for resource e50b0dcb-5193-4916-ab5d-7c16b046d50f (type: security_group_rules) to 0
2026-06-13 23:56:59.232 10 INFO neutron.db.ovn_revision_numbers_db [None req-f7a6dfd7-58c1-4bdb-9f8b-42c14227733f a4575adf4cdd40c79c6b08240389dc13 3f9c90b0dcd94d44aa508c514ef3d755 - - default default] Successfully bumped revision number for resource e89d5747-dc30-4be8-9488-8f893c9d23dd (type: security_group_rules) to 0
2026-06-13 23:56:59.267 9 INFO neutron.notifiers.nova [-] Nova event matching ['req-0ded2459-0c9a-40b2-acef-9f7ae34ff7b8'] response: {'server_uuid': '8a3f2647-00ea-4489-871e-f0a37dc5e7fd', 'name': 'network-vif-unplugged', 'status': 'completed', 'tag': '34592690-a40f-46f1-a2df-1b9efb440fde', 'code': 200}
2026-06-13 23:56:59.279 10 INFO neutron.api.wsgi [None req-f7a6dfd7-58c1-4bdb-9f8b-42c14227733f a4575adf4cdd40c79c6b08240389dc13 3f9c90b0dcd94d44aa508c514ef3d755 - - default default] 10.0.0.14 "GET /v2.0/security-groups?tenant_id=f8124ddf4fad453290b91b090d683b5a&name=default HTTP/1.1" status: 200 len: 3120 time: 0.3985610
2026-06-13 23:56:59.564 10 INFO neutron.api.wsgi [None req-72be6a20-a91e-4894-bb6c-83a45d6528f5 a4575adf4cdd40c79c6b08240389dc13 3f9c90b0dcd94d44aa508c514ef3d755 - - default default] 10.0.0.14 "DELETE /v2.0/security-groups/b0624aa3-1272-4df0-91ea-c0e51b99dde1 HTTP/1.1" status: 204 len: 168 time: 0.2796736
2026-06-13 23:56:59.572 9 INFO neutron.api.wsgi [None req-6bf95f02-74c3-4cfb-bc52-f5d3fc59b0a3 afcc1e350fac4db2b7b6fa5064b56c1b be39092155f74aca8220a6d531b6ae8c - - default default] 10.0.0.14 "PUT /v2.0/routers/263c7d17-4411-4cf9-bddd-3360c1882ab3/remove_router_interface HTTP/1.1" status: 200 len: 503 time: 0.7807031
2026-06-13 23:56:59.646 10 INFO neutron.api.v2.resource [None req-18e4ae37-d88c-4377-8be5-21a5e2c770ec afcc1e350fac4db2b7b6fa5064b56c1b be39092155f74aca8220a6d531b6ae8c - - default default] remove_router_interface failed (client error): The resource could not be found.
2026-06-13 23:56:59.647 10 INFO neutron.api.wsgi [None req-18e4ae37-d88c-4377-8be5-21a5e2c770ec afcc1e350fac4db2b7b6fa5064b56c1b be39092155f74aca8220a6d531b6ae8c - - default default] 10.0.0.14 "PUT /v2.0/routers/263c7d17-4411-4cf9-bddd-3360c1882ab3/remove_router_interface HTTP/1.1" status: 404 len: 398 time: 0.0712640 /var/lib/openstack/lib/python3.12/site-packages/pycadf/identifier.py:71: UserWarning: Invalid uuid: neutron. To ensure interoperability, identifiers should be a valid uuid. warnings.warn(('Invalid uuid: %s. To ensure interoperability, '
2026-06-13 23:56:59.671 9 INFO neutron.api.wsgi [None req-2bec75dc-4926-467c-885b-a0d6aea9f0c3 afcc1e350fac4db2b7b6fa5064b56c1b be39092155f74aca8220a6d531b6ae8c - - default default] 10.0.0.14 "GET /v2.0/ports?device_id=263c7d17-4411-4cf9-bddd-3360c1882ab3 HTTP/1.1" status: 200 len: 205 time: 0.0177252
2026-06-13 23:57:00.018 10 INFO neutron.api.wsgi [req-fc95a3ed-f0f9-4456-ad87-74336ef11b52 req-ba47f7de-5667-460e-9d6b-009f324adb96 32022061fae14ce79ea6e7892ad47ee3 85750d42ac284840b93dfe5c681707ba - - default default] 10.0.0.229 "GET /v2.0/ports?device_id=8a3f2647-00ea-4489-871e-f0a37dc5e7fd HTTP/1.1" status: 200 len: 1172 time: 0.0565155
2026-06-13 23:57:00.085 10 INFO neutron.api.wsgi [req-fc95a3ed-f0f9-4456-ad87-74336ef11b52 req-db6040f8-e9ae-4842-add3-799523ecafaf 32022061fae14ce79ea6e7892ad47ee3 85750d42ac284840b93dfe5c681707ba - - default default] 10.0.0.229 "GET /v2.0/security-groups?id=614d1cdf-ec08-4b38-8e54-df75b8590406&fields=id&fields=name HTTP/1.1" status: 200 len: 312 time: 0.0559752
2026-06-13 23:57:00.134 10 INFO neutron.api.wsgi [None req-9d552281-4947-48ad-92b7-88ff5cc3f75c afcc1e350fac4db2b7b6fa5064b56c1b be39092155f74aca8220a6d531b6ae8c - - default default] 10.0.0.14 "DELETE /v2.0/routers/263c7d17-4411-4cf9-bddd-3360c1882ab3 HTTP/1.1" status: 204 len: 168 time: 0.4563978
2026-06-13 23:57:00.210 10 INFO neutron.api.wsgi [None req-22c91c7d-c0dc-48ab-ab62-ac8cfbee14b5 a4575adf4cdd40c79c6b08240389dc13 3f9c90b0dcd94d44aa508c514ef3d755 - - default default] 10.0.0.14 "PUT /v2.0/routers/fccaf9b8-4a53-40c1-aba6-bb1c8797c753/remove_router_interface HTTP/1.1" status: 200 len: 503 time: 1.3755138
2026-06-13 23:57:00.316 9 INFO neutron.api.wsgi [None req-ea3bbd8c-68f0-40dd-8b17-3021673aca75 afcc1e350fac4db2b7b6fa5064b56c1b be39092155f74aca8220a6d531b6ae8c - - default default] 10.0.0.14 "DELETE /v2.0/subnets/3a387013-3528-470f-a45b-4b253bd6b326 HTTP/1.1" status: 204 len: 168 time: 0.1765919 /var/lib/openstack/lib/python3.12/site-packages/pycadf/identifier.py:71: UserWarning: Invalid uuid: neutron. To ensure interoperability, identifiers should be a valid uuid. warnings.warn(('Invalid uuid: %s. To ensure interoperability, '
2026-06-13 23:57:00.605 10 INFO neutron.services.segments.plugin [-] Segment d7376536-55ec-4b03-a4b2-b4b2c06e7a36 resource provider aggregate not found
2026-06-13 23:57:00.609 10 INFO neutron.services.segments.plugin [-] Segment d7376536-55ec-4b03-a4b2-b4b2c06e7a36 resource provider aggregate not found
2026-06-13 23:57:00.620 10 INFO neutron.services.segments.plugin [-] Segment d7376536-55ec-4b03-a4b2-b4b2c06e7a36 resource provider not found; error: Placement Client Error (4xx): {"errors": [{"status": 404, "title": "Not Found", "detail": "The resource could not be found.\n\n No resource provider with uuid d7376536-55ec-4b03-a4b2-b4b2c06e7a36 found for delete ", "request_id": "req-df74f0f5-9774-4da9-8b08-41a9f5de514a"}]}
2026-06-13 23:57:00.621 10 INFO neutron.services.segments.plugin [-] Segment d7376536-55ec-4b03-a4b2-b4b2c06e7a36 resource provider not found; error: Placement Client Error (4xx): {"errors": [{"status": 404, "title": "Not Found", "detail": "The resource could not be found.\n\n No resource provider with uuid d7376536-55ec-4b03-a4b2-b4b2c06e7a36 found for delete ", "request_id": "req-ad8be144-6288-4e3b-8f41-bd3d9bcf91a4"}]}
2026-06-13 23:57:00.636 10 INFO neutron.api.wsgi [None req-8af7a2d5-1f60-4e86-903a-6c72b25376c2 afcc1e350fac4db2b7b6fa5064b56c1b be39092155f74aca8220a6d531b6ae8c - - default default] 10.0.0.14 "DELETE /v2.0/networks/5f200002-3a2a-4eb8-9ebe-304aabc18897 HTTP/1.1" status: 204 len: 168 time: 0.3139665
2026-06-13 23:57:00.646 10 WARNING neutron_lib.context [None req-8a994e3a-8cc4-4e38-a005-53539caa4b93 afcc1e350fac4db2b7b6fa5064b56c1b be39092155f74aca8220a6d531b6ae8c - - default default] Method 'is_advsvc' is deprecated since 2023.2 release (neutron-lib 3.8.0) and will be removed once support for the old RBAC API policies will be removed from Neutron. Please use method 'is_service_role' instead.
2026-06-13 23:57:00.737 10 INFO neutron.db.segments_db [None req-8a994e3a-8cc4-4e38-a005-53539caa4b93 afcc1e350fac4db2b7b6fa5064b56c1b be39092155f74aca8220a6d531b6ae8c - - default default] Added segment 01ad5506-2cda-4c59-a359-30f99a055a76 of type geneve for network edcb2836-91a1-41b1-aeef-b1f6ae000553
2026-06-13 23:57:00.840 9 INFO neutron.api.wsgi [None req-26f1f567-fba3-49a4-84cb-45dc366aa11a a4575adf4cdd40c79c6b08240389dc13 3f9c90b0dcd94d44aa508c514ef3d755 - - default default] 10.0.0.14 "DELETE /v2.0/routers/fccaf9b8-4a53-40c1-aba6-bb1c8797c753 HTTP/1.1" status: 204 len: 168 time: 0.6236434
2026-06-13 23:57:00.867 10 INFO neutron.db.ovn_revision_numbers_db [None req-8a994e3a-8cc4-4e38-a005-53539caa4b93 afcc1e350fac4db2b7b6fa5064b56c1b be39092155f74aca8220a6d531b6ae8c - - default default] Successfully bumped revision number for resource edcb2836-91a1-41b1-aeef-b1f6ae000553 (type: networks) to 1
2026-06-13 23:57:01.016 9 INFO neutron.api.wsgi [None req-b91e2b26-e156-428d-9809-4fdc873585f2 a4575adf4cdd40c79c6b08240389dc13 3f9c90b0dcd94d44aa508c514ef3d755 - - default default] 10.0.0.14 "DELETE /v2.0/subnets/10ebc3ad-093d-4095-8b4d-fe367d620e34 HTTP/1.1" status: 204 len: 168 time: 0.1683896
2026-06-13 23:57:01.033 10 WARNING neutron.scheduler.dhcp_agent_scheduler [None req-8a994e3a-8cc4-4e38-a005-53539caa4b93 afcc1e350fac4db2b7b6fa5064b56c1b be39092155f74aca8220a6d531b6ae8c - - default default] No more DHCP agents
2026-06-13 23:57:01.034 10 WARNING neutron.api.rpc.agentnotifiers.dhcp_rpc_agent_api [None req-8a994e3a-8cc4-4e38-a005-53539caa4b93 afcc1e350fac4db2b7b6fa5064b56c1b be39092155f74aca8220a6d531b6ae8c - - default default] Unable to schedule network edcb2836-91a1-41b1-aeef-b1f6ae000553: no agents available; will retry on subsequent port and subnet creation events.
2026-06-13 23:57:01.102 10 INFO neutron.db.ovn_revision_numbers_db [None req-8a994e3a-8cc4-4e38-a005-53539caa4b93 afcc1e350fac4db2b7b6fa5064b56c1b be39092155f74aca8220a6d531b6ae8c - - default default] Successfully bumped revision number for resource aed0574c-e1aa-4fd1-8068-f25aa0e3169e (type: ports) to 1
2026-06-13 23:57:01.120 10 INFO neutron.api.wsgi [None req-8a994e3a-8cc4-4e38-a005-53539caa4b93 afcc1e350fac4db2b7b6fa5064b56c1b be39092155f74aca8220a6d531b6ae8c - - default default] 10.0.0.14 "POST /v2.0/networks HTTP/1.1" status: 201 len: 833 time: 0.4776211
2026-06-13 23:57:01.135 9 WARNING neutron_lib.context [None req-e641eeeb-59e2-4816-8e7b-df6fa7671e99 afcc1e350fac4db2b7b6fa5064b56c1b be39092155f74aca8220a6d531b6ae8c - - default default] Method 'is_advsvc' is deprecated since 2023.2 release (neutron-lib 3.8.0) and will be removed once support for the old RBAC API policies will be removed from Neutron. Please use method 'is_service_role' instead.
2026-06-13 23:57:01.206 9 INFO neutron.api.wsgi [req-91695525-89dc-42b9-9a9a-c6498d37ab9c req-8448bba5-a8e3-4ecc-b0fd-a8a32cf20d5e 32022061fae14ce79ea6e7892ad47ee3 85750d42ac284840b93dfe5c681707ba - - default default] 10.0.0.229 "GET /v2.0/ports?device_id=8a3f2647-00ea-4489-871e-f0a37dc5e7fd HTTP/1.1" status: 200 len: 1172 time: 0.0437677
2026-06-13 23:57:01.256 9 INFO neutron.api.wsgi [req-91695525-89dc-42b9-9a9a-c6498d37ab9c req-d9e13276-a690-44d5-9da0-c7404a0c1b9c 32022061fae14ce79ea6e7892ad47ee3 85750d42ac284840b93dfe5c681707ba - - default default] 10.0.0.229 "GET /v2.0/security-groups?id=614d1cdf-ec08-4b38-8e54-df75b8590406&fields=id&fields=name HTTP/1.1" status: 200 len: 312 time: 0.0408511
2026-06-13 23:57:01.393 9 INFO neutron.services.segments.plugin [-] Segment c021bf32-8439-4025-a972-72de674c72c3 resource provider aggregate not found
2026-06-13 23:57:01.397 9 INFO neutron.services.segments.plugin [-] Segment c021bf32-8439-4025-a972-72de674c72c3 resource provider aggregate not found
2026-06-13 23:57:01.403 9 INFO neutron.services.segments.plugin [-] Segment c021bf32-8439-4025-a972-72de674c72c3 resource provider not found; error: Placement Client Error (4xx): {"errors": [{"status": 404, "title": "Not Found", "detail": "The resource could not be found.\n\n No resource provider with uuid c021bf32-8439-4025-a972-72de674c72c3 found for delete ", "request_id": "req-ac99098c-bfba-4c40-b1eb-aa2f3240db84"}]}
2026-06-13 23:57:01.408 9 INFO neutron.services.segments.plugin [-] Segment c021bf32-8439-4025-a972-72de674c72c3 resource provider not found; error: Placement Client Error (4xx): {"errors": [{"status": 404, "title": "Not Found", "detail": "The resource could not be found.\n\n No resource provider with uuid c021bf32-8439-4025-a972-72de674c72c3 found for delete ", "request_id": "req-45eb2829-509c-4374-9b61-aa027e1642e2"}]}
2026-06-13 23:57:01.409 9 WARNING neutron.scheduler.dhcp_agent_scheduler [None req-e641eeeb-59e2-4816-8e7b-df6fa7671e99 afcc1e350fac4db2b7b6fa5064b56c1b be39092155f74aca8220a6d531b6ae8c - - default default] No more DHCP agents
2026-06-13 23:57:01.411 9 WARNING neutron.api.rpc.agentnotifiers.dhcp_rpc_agent_api [None req-e641eeeb-59e2-4816-8e7b-df6fa7671e99 afcc1e350fac4db2b7b6fa5064b56c1b be39092155f74aca8220a6d531b6ae8c - - default default] Unable to schedule network edcb2836-91a1-41b1-aeef-b1f6ae000553: no agents available; will retry on subsequent port and subnet creation events.
2026-06-13 23:57:01.429 9 INFO neutron.api.wsgi [None req-896ed8c2-dc1a-46d5-bdff-b7d1c04833ce a4575adf4cdd40c79c6b08240389dc13 3f9c90b0dcd94d44aa508c514ef3d755 - - default default] 10.0.0.14 "DELETE /v2.0/networks/270f659f-b76f-4a0c-990e-49fbc99f9d3a HTTP/1.1" status: 204 len: 168 time: 0.4063678
2026-06-13 23:57:01.441 9 INFO neutron.db.ovn_revision_numbers_db [None req-e641eeeb-59e2-4816-8e7b-df6fa7671e99 afcc1e350fac4db2b7b6fa5064b56c1b be39092155f74aca8220a6d531b6ae8c - - default default] Successfully bumped revision number for resource 912cda0e-1c55-428c-8c7a-67a59700c8e4 (type: subnets) to 0
2026-06-13 23:57:01.454 9 INFO neutron.api.wsgi [None req-e641eeeb-59e2-4816-8e7b-df6fa7671e99 afcc1e350fac4db2b7b6fa5064b56c1b be39092155f74aca8220a6d531b6ae8c - - default default] 10.0.0.14 "POST /v2.0/subnets HTTP/1.1" status: 201 len: 845 time: 0.3256364
2026-06-13 23:57:01.463 9 WARNING neutron_lib.context [None req-4dc6e5ba-5846-4c19-84c7-d14603e46026 afcc1e350fac4db2b7b6fa5064b56c1b be39092155f74aca8220a6d531b6ae8c - - default default] Method 'is_advsvc' is deprecated since 2023.2 release (neutron-lib 3.8.0) and will be removed once support for the old RBAC API policies will be removed from Neutron. Please use method 'is_service_role' instead.
2026-06-13 23:57:01.553 9 INFO neutron.db.ovn_revision_numbers_db [None req-4dc6e5ba-5846-4c19-84c7-d14603e46026 afcc1e350fac4db2b7b6fa5064b56c1b be39092155f74aca8220a6d531b6ae8c - - default default] Successfully bumped revision number for resource de943621-fb3c-44d6-92cc-e85e8627f288 (type: routers) to 1
2026-06-13 23:57:01.565 9 INFO neutron.api.wsgi [None req-4dc6e5ba-5846-4c19-84c7-d14603e46026 afcc1e350fac4db2b7b6fa5064b56c1b be39092155f74aca8220a6d531b6ae8c - - default default] 10.0.0.14 "POST /v2.0/routers HTTP/1.1" status: 201 len: 806 time: 0.1055493
2026-06-13 23:57:01.672 9 INFO neutron.api.wsgi [None req-022914a4-80dd-42c8-9086-1d1ad7b0471e a4575adf4cdd40c79c6b08240389dc13 3f9c90b0dcd94d44aa508c514ef3d755 - - default default] 10.0.0.14 "GET /v2.0/security-groups?tenant_id=242eaab21e7e4dc6b3f171f1804609ca&name=default HTTP/1.1" status: 200 len: 3120 time: 0.0394049
2026-06-13 23:57:01.845 9 WARNING neutron.scheduler.dhcp_agent_scheduler [None req-74f1d77e-64fe-43c7-b354-c3c6b5b14bc7 afcc1e350fac4db2b7b6fa5064b56c1b be39092155f74aca8220a6d531b6ae8c - - default default] No more DHCP agents
2026-06-13 23:57:01.846 9 WARNING neutron.api.rpc.agentnotifiers.dhcp_rpc_agent_api [None req-74f1d77e-64fe-43c7-b354-c3c6b5b14bc7 afcc1e350fac4db2b7b6fa5064b56c1b be39092155f74aca8220a6d531b6ae8c - - default default] Unable to schedule network edcb2836-91a1-41b1-aeef-b1f6ae000553: no agents available; will retry on subsequent port and subnet creation events.
2026-06-13 23:57:01.858 10 INFO neutron.api.wsgi [None req-84cefd6e-e0a2-46b0-966c-e72c2f06b0f4 a4575adf4cdd40c79c6b08240389dc13 3f9c90b0dcd94d44aa508c514ef3d755 - - default default] 10.0.0.14 "DELETE /v2.0/security-groups/7f3b6b3d-0d69-4224-9f80-1b2191786174 HTTP/1.1" status: 204 len: 168 time: 0.1815422
2026-06-13 23:57:01.924 9 INFO neutron.db.ovn_revision_numbers_db [None req-74f1d77e-64fe-43c7-b354-c3c6b5b14bc7 afcc1e350fac4db2b7b6fa5064b56c1b be39092155f74aca8220a6d531b6ae8c - - default default] Successfully bumped revision number for resource db2fa7ad-d619-4f83-95e0-bbb85891a64c (type: ports) to 1
2026-06-13 23:57:02.341 9 WARNING neutron.plugins.ml2.drivers.ovn.mech_driver.ovsdb.ovn_client [None req-dda56596-3836-47c1-9513-6c102cb8ce95 - - - - - -] No port found with ID 670df581-371a-4534-88ed-4d4b946d7cd1: RuntimeError: No port found with ID 670df581-371a-4534-88ed-4d4b946d7cd1
2026-06-13 23:57:02.347 9 INFO neutron.plugins.ml2.drivers.ovn.mech_driver.mech_driver [None req-dda56596-3836-47c1-9513-6c102cb8ce95 - - - - - -] OVN reports status up for port: 34592690-a40f-46f1-a2df-1b9efb440fde
2026-06-13 23:57:02.358 9 INFO neutron.plugins.ml2.plugin [None req-dda56596-3836-47c1-9513-6c102cb8ce95 - - - - - -] Attempt 1 to provision port 34592690-a40f-46f1-a2df-1b9efb440fde
2026-06-13 23:57:02.359 9 INFO neutron.db.ovn_revision_numbers_db [None req-74f1d77e-64fe-43c7-b354-c3c6b5b14bc7 afcc1e350fac4db2b7b6fa5064b56c1b be39092155f74aca8220a6d531b6ae8c - - default default] Successfully bumped revision number for resource db2fa7ad-d619-4f83-95e0-bbb85891a64c (type: ports) to 1
2026-06-13 23:57:02.427 9 WARNING neutron.scheduler.dhcp_agent_scheduler [None req-74f1d77e-64fe-43c7-b354-c3c6b5b14bc7 afcc1e350fac4db2b7b6fa5064b56c1b be39092155f74aca8220a6d531b6ae8c - - default default] No more DHCP agents
2026-06-13 23:57:02.428 9 WARNING neutron.api.rpc.agentnotifiers.dhcp_rpc_agent_api [None req-74f1d77e-64fe-43c7-b354-c3c6b5b14bc7 afcc1e350fac4db2b7b6fa5064b56c1b be39092155f74aca8220a6d531b6ae8c - - default default] Unable to schedule network edcb2836-91a1-41b1-aeef-b1f6ae000553: no agents available; will retry on subsequent port and subnet creation events.
2026-06-13 23:57:02.628 9 INFO neutron.db.ovn_revision_numbers_db [None req-74f1d77e-64fe-43c7-b354-c3c6b5b14bc7 afcc1e350fac4db2b7b6fa5064b56c1b be39092155f74aca8220a6d531b6ae8c - - default default] Successfully bumped revision number for resource db2fa7ad-d619-4f83-95e0-bbb85891a64c (type: router_ports) to 1
2026-06-13 23:57:02.629 9 INFO neutron.notifiers.nova [-] Nova event matching ['req-9c70743c-300c-4933-8446-34c7a878e667'] response: {'server_uuid': '8a3f2647-00ea-4489-871e-f0a37dc5e7fd', 'name': 'network-vif-plugged', 'status': 'completed', 'tag': '34592690-a40f-46f1-a2df-1b9efb440fde', 'code': 200}
2026-06-13 23:57:02.635 9 INFO neutron.api.wsgi [None req-74f1d77e-64fe-43c7-b354-c3c6b5b14bc7 afcc1e350fac4db2b7b6fa5064b56c1b be39092155f74aca8220a6d531b6ae8c - - default default] 10.0.0.14 "PUT /v2.0/routers/de943621-fb3c-44d6-92cc-e85e8627f288/add_router_interface HTTP/1.1" status: 200 len: 503 time: 1.0638957
2026-06-13 23:57:02.639 9 INFO neutron.db.ovn_revision_numbers_db [None req-dda56596-3836-47c1-9513-6c102cb8ce95 - - - - - -] Successfully bumped revision number for resource 34592690-a40f-46f1-a2df-1b9efb440fde (type: ports) to 7
2026-06-13 23:57:02.673 9 INFO neutron.api.wsgi [None req-6910aeca-a81d-45b8-9b94-76390109800e afcc1e350fac4db2b7b6fa5064b56c1b be39092155f74aca8220a6d531b6ae8c - - default default] 10.0.0.14 "GET /v2.0/ports/db2fa7ad-d619-4f83-95e0-bbb85891a64c HTTP/1.1" status: 200 len: 1139 time: 0.0326707
2026-06-13 23:57:02.713 9 INFO neutron.api.wsgi [None req-00b4bc57-63e9-4c6f-9511-96ce6ae4aa24 afcc1e350fac4db2b7b6fa5064b56c1b be39092155f74aca8220a6d531b6ae8c - - default default] 10.0.0.14 "GET /v2.0/ports/db2fa7ad-d619-4f83-95e0-bbb85891a64c HTTP/1.1" status: 200 len: 1139 time: 0.0345814
