2026-06-13 23:58:12.147 10 INFO neutron.db.ovn_revision_numbers_db [None req-1b8e7f4b-f860-4d44-8693-9635b0bf218c a4575adf4cdd40c79c6b08240389dc13 3f9c90b0dcd94d44aa508c514ef3d755 - - default default] Successfully bumped revision number for resource 2695b20c-ad56-488e-b8e1-d196393d8631 (type: security_group_rules) to 0
2026-06-13 23:58:12.159 9 INFO neutron.api.wsgi [None req-f31834a7-3cec-46bf-939c-38eb7b59287a b914e7067fba4362889d599ccd2d4414 3ef16e0cd3f446afb3603dcdb5f72eea - - default default] 10.0.0.14 "GET /v2.0/routers/c2fcedb9-9866-48cc-b7b0-8dc440636734/tags HTTP/1.1" status: 200 len: 205 time: 0.0514627
2026-06-13 23:58:12.168 9 WARNING neutron_lib.context [None req-97a5dc0c-72b4-47f9-ac5a-a6a68dd14655 760aa1a706b74463ae213886e852d587 5ebc497886484ef4823f20296b1be214 - - default default] Method 'is_advsvc' is deprecated since 2023.2 release (neutron-lib 3.8.0) and will be removed once support for the old RBAC API policies will be removed from Neutron. Please use method 'is_service_role' instead.
2026-06-13 23:58:12.176 10 INFO neutron.db.ovn_revision_numbers_db [None req-1b8e7f4b-f860-4d44-8693-9635b0bf218c a4575adf4cdd40c79c6b08240389dc13 3f9c90b0dcd94d44aa508c514ef3d755 - - default default] Successfully bumped revision number for resource 530ab8c5-536a-40c1-b166-057f4275ff43 (type: security_group_rules) to 0
2026-06-13 23:58:12.189 9 INFO neutron.api.wsgi [None req-03f443b1-fbb8-4ec8-9c9c-9f1e1feda619 d1ccc382a481430f91cab55a1dc9c13f 0799729887224031882fd6820a4cd8c0 - - default default] 10.0.0.14 "GET /v2.0/ports/d1c4baaa-6ead-4693-8105-cb01696c7875 HTTP/1.1" status: 200 len: 1137 time: 0.1206427
2026-06-13 23:58:12.204 10 INFO neutron.db.ovn_revision_numbers_db [None req-1b8e7f4b-f860-4d44-8693-9635b0bf218c a4575adf4cdd40c79c6b08240389dc13 3f9c90b0dcd94d44aa508c514ef3d755 - - default default] Successfully bumped revision number for resource be49346c-66c1-4837-8dd7-6f2d20812445 (type: security_group_rules) to 0
2026-06-13 23:58:12.208 9 INFO neutron.db.ovn_revision_numbers_db [None req-76b936f9-77e5-47b7-b788-25b12dc95951 - - - - - -] Successfully bumped revision number for resource d1c4baaa-6ead-4693-8105-cb01696c7875 (type: ports) to 2
2026-06-13 23:58:12.212 10 INFO neutron.api.wsgi [None req-b6ee868d-4fc6-4443-9930-21c19e4de102 b914e7067fba4362889d599ccd2d4414 3ef16e0cd3f446afb3603dcdb5f72eea - - default default] 10.0.0.14 "GET /v2.0/routers/c2fcedb9-9866-48cc-b7b0-8dc440636734 HTTP/1.1" status: 200 len: 770 time: 0.0415854
2026-06-13 23:58:12.222 10 INFO neutron.db.ovn_revision_numbers_db [None req-1b8e7f4b-f860-4d44-8693-9635b0bf218c a4575adf4cdd40c79c6b08240389dc13 3f9c90b0dcd94d44aa508c514ef3d755 - - default default] Successfully bumped revision number for resource f1d65580-2faa-4411-9532-d1cba408393a (type: security_group_rules) to 0
2026-06-13 23:58:12.232 9 INFO neutron.api.wsgi [None req-41e1c13b-e99e-45b1-998d-3787ad63d9a0 d1ccc382a481430f91cab55a1dc9c13f 0799729887224031882fd6820a4cd8c0 - - default default] 10.0.0.14 "GET /v2.0/ports/d1c4baaa-6ead-4693-8105-cb01696c7875 HTTP/1.1" status: 200 len: 1137 time: 0.0369735
2026-06-13 23:58:12.246 10 INFO neutron.db.ovn_revision_numbers_db [None req-840cd22f-797d-4cf7-a139-74ea52a85e18 - - - - - -] Successfully bumped revision number for resource a6b34043-5aa4-4e0b-ab68-d8224eba3cca (type: ports) to 2
2026-06-13 23:58:12.284 10 INFO neutron.api.wsgi [None req-1b8e7f4b-f860-4d44-8693-9635b0bf218c a4575adf4cdd40c79c6b08240389dc13 3f9c90b0dcd94d44aa508c514ef3d755 - - default default] 10.0.0.14 "GET /v2.0/security-groups?tenant_id=8401027c27024cc7a47a154593482df3&name=default HTTP/1.1" status: 200 len: 3120 time: 0.4575047
2026-06-13 23:58:12.379 9 INFO neutron.db.ovn_revision_numbers_db [None req-97a5dc0c-72b4-47f9-ac5a-a6a68dd14655 760aa1a706b74463ae213886e852d587 5ebc497886484ef4823f20296b1be214 - - default default] Successfully bumped revision number for resource 5e429dcb-30a0-4f49-a781-4e8561773b56 (type: security_groups) to 1
2026-06-13 23:58:12.403 9 INFO neutron.db.ovn_revision_numbers_db [None req-97a5dc0c-72b4-47f9-ac5a-a6a68dd14655 760aa1a706b74463ae213886e852d587 5ebc497886484ef4823f20296b1be214 - - default default] Successfully bumped revision number for resource 358ab84f-3fb2-42d3-9d5b-0efa43594124 (type: security_group_rules) to 0
2026-06-13 23:58:12.424 9 INFO neutron.db.ovn_revision_numbers_db [None req-97a5dc0c-72b4-47f9-ac5a-a6a68dd14655 760aa1a706b74463ae213886e852d587 5ebc497886484ef4823f20296b1be214 - - default default] Successfully bumped revision number for resource c9c0557e-3bfa-4533-84e4-c39edc7ada3e (type: security_group_rules) to 0
2026-06-13 23:58:12.484 9 INFO neutron.api.wsgi [None req-97a5dc0c-72b4-47f9-ac5a-a6a68dd14655 760aa1a706b74463ae213886e852d587 5ebc497886484ef4823f20296b1be214 - - default default] 10.0.0.14 "POST /v2.0/security-groups HTTP/1.1" status: 201 len: 1875 time: 0.3183100
2026-06-13 23:58:12.492 9 WARNING neutron_lib.context [None req-b9272576-fbde-43d5-b8f8-86fac1fad507 760aa1a706b74463ae213886e852d587 5ebc497886484ef4823f20296b1be214 - - default default] Method 'is_advsvc' is deprecated since 2023.2 release (neutron-lib 3.8.0) and will be removed once support for the old RBAC API policies will be removed from Neutron. Please use method 'is_service_role' instead.
2026-06-13 23:58:12.498 9 INFO neutron.db.ovn_revision_numbers_db [None req-e3301845-4a2d-4da3-b413-80558ae56755 b914e7067fba4362889d599ccd2d4414 3ef16e0cd3f446afb3603dcdb5f72eea - - default default] Successfully bumped revision number for resource c2fcedb9-9866-48cc-b7b0-8dc440636734 (type: routers) to 7
2026-06-13 23:58:12.502 9 INFO neutron.api.wsgi [None req-e3301845-4a2d-4da3-b413-80558ae56755 b914e7067fba4362889d599ccd2d4414 3ef16e0cd3f446afb3603dcdb5f72eea - - default default] 10.0.0.14 "PUT /v2.0/routers/c2fcedb9-9866-48cc-b7b0-8dc440636734 HTTP/1.1" status: 200 len: 770 time: 0.2840192
2026-06-13 23:58:12.524 10 INFO neutron.api.wsgi [None req-0b7002f1-89e1-4f28-85d3-bd8a4fd8e0f9 b914e7067fba4362889d599ccd2d4414 3ef16e0cd3f446afb3603dcdb5f72eea - - default default] 10.0.0.14 "GET /v2.0/ports?device_id=c2fcedb9-9866-48cc-b7b0-8dc440636734 HTTP/1.1" status: 200 len: 205 time: 0.0164518
2026-06-13 23:58:12.596 10 INFO neutron.api.wsgi [None req-8b2dc1a7-a43f-4336-9c70-6f7282088438 a4575adf4cdd40c79c6b08240389dc13 3f9c90b0dcd94d44aa508c514ef3d755 - - default default] 10.0.0.14 "DELETE /v2.0/security-groups/92feaf5d-72d3-4ae3-8d02-4eb8483b637c HTTP/1.1" status: 204 len: 168 time: 0.3071518
2026-06-13 23:58:12.624 9 INFO neutron.db.ovn_revision_numbers_db [None req-b9272576-fbde-43d5-b8f8-86fac1fad507 760aa1a706b74463ae213886e852d587 5ebc497886484ef4823f20296b1be214 - - default default] Successfully bumped revision number for resource aaa43020-76ee-4f18-ba60-935092fd0d82 (type: security_group_rules) to 0
2026-06-13 23:58:12.654 9 INFO neutron.api.wsgi [None req-b9272576-fbde-43d5-b8f8-86fac1fad507 760aa1a706b74463ae213886e852d587 5ebc497886484ef4823f20296b1be214 - - default default] 10.0.0.14 "POST /v2.0/security-group-rules HTTP/1.1" status: 201 len: 796 time: 0.1646893
2026-06-13 23:58:12.663 9 WARNING neutron_lib.context [None req-fe5c3204-1b51-4327-aedf-a2a34326a08e 760aa1a706b74463ae213886e852d587 5ebc497886484ef4823f20296b1be214 - - default default] Method 'is_advsvc' is deprecated since 2023.2 release (neutron-lib 3.8.0) and will be removed once support for the old RBAC API policies will be removed from Neutron. Please use method 'is_service_role' instead.
2026-06-13 23:58:12.717 10 INFO neutron.api.wsgi [None req-678f6339-f684-4f89-9986-f39daa3aea20 b914e7067fba4362889d599ccd2d4414 3ef16e0cd3f446afb3603dcdb5f72eea - - default default] 10.0.0.14 "DELETE /v2.0/routers/c2fcedb9-9866-48cc-b7b0-8dc440636734 HTTP/1.1" status: 204 len: 168 time: 0.1874654
2026-06-13 23:58:12.793 9 INFO neutron.db.ovn_revision_numbers_db [None req-fe5c3204-1b51-4327-aedf-a2a34326a08e 760aa1a706b74463ae213886e852d587 5ebc497886484ef4823f20296b1be214 - - default default] Successfully bumped revision number for resource a2a3e549-7bd5-4b8d-8eea-8e213dd19bc9 (type: security_group_rules) to 0
2026-06-13 23:58:12.837 9 INFO neutron.db.ovn_revision_numbers_db [None req-0de4e9ff-b600-4ad8-8a7c-967dd4ff901a a4575adf4cdd40c79c6b08240389dc13 3f9c90b0dcd94d44aa508c514ef3d755 - - default default] Successfully bumped revision number for resource 16b6597a-a52d-4d0f-b400-45579110240c (type: security_groups) to 1
2026-06-13 23:58:12.843 9 INFO neutron.api.wsgi [None req-fe5c3204-1b51-4327-aedf-a2a34326a08e 760aa1a706b74463ae213886e852d587 5ebc497886484ef4823f20296b1be214 - - default default] 10.0.0.14 "POST /v2.0/security-group-rules HTTP/1.1" status: 201 len: 795 time: 0.1847444
2026-06-13 23:58:12.853 10 WARNING neutron_lib.context [None req-a64f4479-3b60-43a6-8104-752689790d40 760aa1a706b74463ae213886e852d587 5ebc497886484ef4823f20296b1be214 - - default default] Method 'is_advsvc' is deprecated since 2023.2 release (neutron-lib 3.8.0) and will be removed once support for the old RBAC API policies will be removed from Neutron. Please use method 'is_service_role' instead.
2026-06-13 23:58:12.854 9 INFO neutron.db.ovn_revision_numbers_db [None req-0de4e9ff-b600-4ad8-8a7c-967dd4ff901a a4575adf4cdd40c79c6b08240389dc13 3f9c90b0dcd94d44aa508c514ef3d755 - - default default] Successfully bumped revision number for resource 3a649ad6-065b-4f00-b64a-980d8d0f4d1b (type: security_group_rules) to 0
2026-06-13 23:58:12.866 9 INFO neutron.db.ovn_revision_numbers_db [None req-0de4e9ff-b600-4ad8-8a7c-967dd4ff901a a4575adf4cdd40c79c6b08240389dc13 3f9c90b0dcd94d44aa508c514ef3d755 - - default default] Successfully bumped revision number for resource 5f968495-ef76-4f0b-ac54-a60c3d6da8b2 (type: security_group_rules) to 0
2026-06-13 23:58:12.880 9 INFO neutron.db.ovn_revision_numbers_db [None req-0de4e9ff-b600-4ad8-8a7c-967dd4ff901a a4575adf4cdd40c79c6b08240389dc13 3f9c90b0dcd94d44aa508c514ef3d755 - - default default] Successfully bumped revision number for resource f149e823-fda0-4a19-bbfb-dd2bb61b6f5d (type: security_group_rules) to 0
2026-06-13 23:58:12.897 9 INFO neutron.db.ovn_revision_numbers_db [None req-0de4e9ff-b600-4ad8-8a7c-967dd4ff901a a4575adf4cdd40c79c6b08240389dc13 3f9c90b0dcd94d44aa508c514ef3d755 - - default default] Successfully bumped revision number for resource fa02cc73-c27f-4ae0-a783-a4790528025a (type: security_group_rules) to 0
2026-06-13 23:58:12.943 9 INFO neutron.api.wsgi [None req-0de4e9ff-b600-4ad8-8a7c-967dd4ff901a a4575adf4cdd40c79c6b08240389dc13 3f9c90b0dcd94d44aa508c514ef3d755 - - default default] 10.0.0.14 "GET /v2.0/security-groups?tenant_id=a0dd58a00b984015bf80735b84de2cd0&name=default HTTP/1.1" status: 200 len: 3120 time: 0.2395771
2026-06-13 23:58:13.010 10 INFO neutron.api.wsgi [None req-f842484f-ea4b-4764-8738-e022d81ea597 d1ccc382a481430f91cab55a1dc9c13f 0799729887224031882fd6820a4cd8c0 - - default default] 10.0.0.14 "PUT /v2.0/routers/08fc47b8-6a79-4a5e-bf7d-e26835f2261d/remove_router_interface HTTP/1.1" status: 200 len: 503 time: 0.7717531 /var/lib/openstack/lib/python3.12/site-packages/pycadf/identifier.py:71: UserWarning: Invalid uuid: neutron. To ensure interoperability, identifiers should be a valid uuid. warnings.warn(('Invalid uuid: %s. To ensure interoperability, '
2026-06-13 23:58:13.059 10 INFO neutron.api.wsgi [None req-79af0144-c6df-49fc-a7bb-5938d877e1fb d1ccc382a481430f91cab55a1dc9c13f 0799729887224031882fd6820a4cd8c0 - - default default] 10.0.0.14 "GET /v2.0/ports/a6b34043-5aa4-4e0b-ab68-d8224eba3cca HTTP/1.1" status: 200 len: 1137 time: 0.0428474
2026-06-13 23:58:13.091 10 INFO neutron.db.ovn_revision_numbers_db [None req-a64f4479-3b60-43a6-8104-752689790d40 760aa1a706b74463ae213886e852d587 5ebc497886484ef4823f20296b1be214 - - default default] Successfully bumped revision number for resource bc72bb99-29a6-4cf7-803e-bbf5c3edc752 (type: security_group_rules) to 0
2026-06-13 23:58:13.121 10 INFO neutron.api.wsgi [None req-a64f4479-3b60-43a6-8104-752689790d40 760aa1a706b74463ae213886e852d587 5ebc497886484ef4823f20296b1be214 - - default default] 10.0.0.14 "POST /v2.0/security-group-rules HTTP/1.1" status: 201 len: 801 time: 0.2736156
2026-06-13 23:58:13.130 10 WARNING neutron_lib.context [None req-d05cd1b2-f0b5-452d-8ae4-80822e1e858e 760aa1a706b74463ae213886e852d587 5ebc497886484ef4823f20296b1be214 - - default default] Method 'is_advsvc' is deprecated since 2023.2 release (neutron-lib 3.8.0) and will be removed once support for the old RBAC API policies will be removed from Neutron. Please use method 'is_service_role' instead.
2026-06-13 23:58:13.186 9 INFO neutron.api.wsgi [None req-939a1efc-fbcf-4a7b-872c-f30d41ae216b a4575adf4cdd40c79c6b08240389dc13 3f9c90b0dcd94d44aa508c514ef3d755 - - default default] 10.0.0.14 "DELETE /v2.0/security-groups/16b6597a-a52d-4d0f-b400-45579110240c HTTP/1.1" status: 204 len: 168 time: 0.2401996
2026-06-13 23:58:13.257 10 INFO neutron.db.ovn_revision_numbers_db [None req-d05cd1b2-f0b5-452d-8ae4-80822e1e858e 760aa1a706b74463ae213886e852d587 5ebc497886484ef4823f20296b1be214 - - default default] Successfully bumped revision number for resource 8ea1f5b1-1f18-4dae-9135-9018873773a6 (type: security_group_rules) to 0
2026-06-13 23:58:13.286 10 INFO neutron.api.wsgi [None req-d05cd1b2-f0b5-452d-8ae4-80822e1e858e 760aa1a706b74463ae213886e852d587 5ebc497886484ef4823f20296b1be214 - - default default] 10.0.0.14 "POST /v2.0/security-group-rules HTTP/1.1" status: 201 len: 800 time: 0.1599085
2026-06-13 23:58:13.295 10 WARNING neutron_lib.context [None req-1fdfc14a-966f-4fba-bcd3-77d5f639c4e5 760aa1a706b74463ae213886e852d587 5ebc497886484ef4823f20296b1be214 - - default default] Method 'is_advsvc' is deprecated since 2023.2 release (neutron-lib 3.8.0) and will be removed once support for the old RBAC API policies will be removed from Neutron. Please use method 'is_service_role' instead.
2026-06-13 23:58:13.327 10 INFO neutron.db.securitygroups_db [None req-1fdfc14a-966f-4fba-bcd3-77d5f639c4e5 760aa1a706b74463ae213886e852d587 5ebc497886484ef4823f20296b1be214 - - default default] Project 5ebc497886484ef4823f20296b1be214 added a security group rule with legacy IPv6 ICMP protocol name icmp, ipv6-icmp should be used instead. It was automatically converted.
2026-06-13 23:58:13.411 10 INFO neutron.db.ovn_revision_numbers_db [None req-1fdfc14a-966f-4fba-bcd3-77d5f639c4e5 760aa1a706b74463ae213886e852d587 5ebc497886484ef4823f20296b1be214 - - default default] Successfully bumped revision number for resource 2eee4921-0b6e-4d35-ad80-551c08cb868c (type: security_group_rules) to 0
2026-06-13 23:58:13.437 10 INFO neutron.api.wsgi [None req-1fdfc14a-966f-4fba-bcd3-77d5f639c4e5 760aa1a706b74463ae213886e852d587 5ebc497886484ef4823f20296b1be214 - - default default] 10.0.0.14 "POST /v2.0/security-group-rules HTTP/1.1" status: 201 len: 806 time: 0.1459563
2026-06-13 23:58:13.446 9 WARNING neutron_lib.context [None req-97e53e88-54e8-47dc-8082-14651fb45d28 760aa1a706b74463ae213886e852d587 5ebc497886484ef4823f20296b1be214 - - default default] Method 'is_advsvc' is deprecated since 2023.2 release (neutron-lib 3.8.0) and will be removed once support for the old RBAC API policies will be removed from Neutron. Please use method 'is_service_role' instead.
2026-06-13 23:58:13.491 9 INFO neutron.db.ovn_revision_numbers_db [None req-444996fd-e34f-49fb-858a-fbcfa0f526ee a4575adf4cdd40c79c6b08240389dc13 3f9c90b0dcd94d44aa508c514ef3d755 - - default default] Successfully bumped revision number for resource 366fc18d-5d00-47e1-b8a1-3efb6e64ef1b (type: security_groups) to 1
2026-06-13 23:58:13.495 9 INFO neutron.db.securitygroups_db [None req-97e53e88-54e8-47dc-8082-14651fb45d28 760aa1a706b74463ae213886e852d587 5ebc497886484ef4823f20296b1be214 - - default default] Project 5ebc497886484ef4823f20296b1be214 added a security group rule with legacy IPv6 ICMP protocol name icmp, ipv6-icmp should be used instead. It was automatically converted.
2026-06-13 23:58:13.511 9 INFO neutron.db.ovn_revision_numbers_db [None req-444996fd-e34f-49fb-858a-fbcfa0f526ee a4575adf4cdd40c79c6b08240389dc13 3f9c90b0dcd94d44aa508c514ef3d755 - - default default] Successfully bumped revision number for resource 64cd7aed-86e2-4607-a118-b302c16c6da8 (type: security_group_rules) to 0
2026-06-13 23:58:13.536 9 INFO neutron.db.ovn_revision_numbers_db [None req-444996fd-e34f-49fb-858a-fbcfa0f526ee a4575adf4cdd40c79c6b08240389dc13 3f9c90b0dcd94d44aa508c514ef3d755 - - default default] Successfully bumped revision number for resource 9fd9b882-b0d6-41d3-9282-f26e1e5888c5 (type: security_group_rules) to 0
2026-06-13 23:58:13.556 9 INFO neutron.db.ovn_revision_numbers_db [None req-444996fd-e34f-49fb-858a-fbcfa0f526ee a4575adf4cdd40c79c6b08240389dc13 3f9c90b0dcd94d44aa508c514ef3d755 - - default default] Successfully bumped revision number for resource c63ce416-1a55-494c-9c99-49787dd7e3bb (type: security_group_rules) to 0
2026-06-13 23:58:13.580 9 INFO neutron.db.ovn_revision_numbers_db [None req-444996fd-e34f-49fb-858a-fbcfa0f526ee a4575adf4cdd40c79c6b08240389dc13 3f9c90b0dcd94d44aa508c514ef3d755 - - default default] Successfully bumped revision number for resource db70ddad-b738-47d9-8f55-ac7e420c490c (type: security_group_rules) to 0
2026-06-13 23:58:13.635 9 INFO neutron.db.ovn_revision_numbers_db [None req-97e53e88-54e8-47dc-8082-14651fb45d28 760aa1a706b74463ae213886e852d587 5ebc497886484ef4823f20296b1be214 - - default default] Successfully bumped revision number for resource 8b4d8754-a45c-468f-b5d7-f1e24b09faf9 (type: security_group_rules) to 0
2026-06-13 23:58:13.649 9 INFO neutron.api.wsgi [None req-444996fd-e34f-49fb-858a-fbcfa0f526ee a4575adf4cdd40c79c6b08240389dc13 3f9c90b0dcd94d44aa508c514ef3d755 - - default default] 10.0.0.14 "GET /v2.0/security-groups?tenant_id=434e7da1b9984e55b01933ab633e18e4&name=default HTTP/1.1" status: 200 len: 3120 time: 0.3040648
2026-06-13 23:58:13.652 10 INFO neutron.db.ovn_revision_numbers_db [None req-eaf02f47-1d29-433e-8dd6-cf8e3b836857 a4575adf4cdd40c79c6b08240389dc13 3f9c90b0dcd94d44aa508c514ef3d755 - - default default] Successfully bumped revision number for resource 7d0f8dc6-0482-4053-8364-500f1154fd22 (type: security_groups) to 1
2026-06-13 23:58:13.671 10 INFO neutron.db.ovn_revision_numbers_db [None req-eaf02f47-1d29-433e-8dd6-cf8e3b836857 a4575adf4cdd40c79c6b08240389dc13 3f9c90b0dcd94d44aa508c514ef3d755 - - default default] Successfully bumped revision number for resource 8de098c3-fb2e-4d00-967a-1d4f7599e987 (type: security_group_rules) to 0
2026-06-13 23:58:13.692 10 INFO neutron.db.ovn_revision_numbers_db [None req-eaf02f47-1d29-433e-8dd6-cf8e3b836857 a4575adf4cdd40c79c6b08240389dc13 3f9c90b0dcd94d44aa508c514ef3d755 - - default default] Successfully bumped revision number for resource d8e47698-e2c8-474e-9b94-2933b6a2b19f (type: security_group_rules) to 0
2026-06-13 23:58:13.694 9 INFO neutron.api.wsgi [None req-e8d963a1-e481-4584-8d1d-b221511b5946 d1ccc382a481430f91cab55a1dc9c13f 0799729887224031882fd6820a4cd8c0 - - default default] 10.0.0.14 "PUT /v2.0/routers/08fc47b8-6a79-4a5e-bf7d-e26835f2261d/remove_router_interface HTTP/1.1" status: 200 len: 503 time: 0.6301601 /var/lib/openstack/lib/python3.12/site-packages/pycadf/identifier.py:71: UserWarning: Invalid uuid: neutron. To ensure interoperability, identifiers should be a valid uuid. warnings.warn(('Invalid uuid: %s. To ensure interoperability, '
2026-06-13 23:58:13.707 9 INFO neutron.api.wsgi [None req-97e53e88-54e8-47dc-8082-14651fb45d28 760aa1a706b74463ae213886e852d587 5ebc497886484ef4823f20296b1be214 - - default default] 10.0.0.14 "POST /v2.0/security-group-rules HTTP/1.1" status: 201 len: 805 time: 0.2638943
2026-06-13 23:58:13.710 10 INFO neutron.db.ovn_revision_numbers_db [None req-eaf02f47-1d29-433e-8dd6-cf8e3b836857 a4575adf4cdd40c79c6b08240389dc13 3f9c90b0dcd94d44aa508c514ef3d755 - - default default] Successfully bumped revision number for resource e7b3344d-7092-4648-b598-5eef97caac31 (type: security_group_rules) to 0
2026-06-13 23:58:13.712 9 INFO neutron.api.wsgi [None req-4a754f39-a954-484d-8e19-b7c6a07ce1e5 d1ccc382a481430f91cab55a1dc9c13f 0799729887224031882fd6820a4cd8c0 - - default default] 10.0.0.14 "GET /v2.0/ports?device_id=08fc47b8-6a79-4a5e-bf7d-e26835f2261d HTTP/1.1" status: 200 len: 205 time: 0.0140121
2026-06-13 23:58:13.725 10 INFO neutron.db.ovn_revision_numbers_db [None req-eaf02f47-1d29-433e-8dd6-cf8e3b836857 a4575adf4cdd40c79c6b08240389dc13 3f9c90b0dcd94d44aa508c514ef3d755 - - default default] Successfully bumped revision number for resource f5d77123-d30c-42ab-9474-a81ad3f9a10e (type: security_group_rules) to 0
2026-06-13 23:58:13.762 10 INFO neutron.api.wsgi [None req-eaf02f47-1d29-433e-8dd6-cf8e3b836857 a4575adf4cdd40c79c6b08240389dc13 3f9c90b0dcd94d44aa508c514ef3d755 - - default default] 10.0.0.14 "GET /v2.0/security-groups?tenant_id=db5ea4bc9bdf414cb7dcd57aa459b21c&name=default HTTP/1.1" status: 200 len: 3120 time: 0.3621407
2026-06-13 23:58:13.881 10 INFO neutron.api.wsgi [None req-394a691d-9fb5-4aaf-a8dc-3b69c01acccb a4575adf4cdd40c79c6b08240389dc13 3f9c90b0dcd94d44aa508c514ef3d755 - - default default] 10.0.0.14 "DELETE /v2.0/security-groups/366fc18d-5d00-47e1-b8a1-3efb6e64ef1b HTTP/1.1" status: 204 len: 168 time: 0.2277060
2026-06-13 23:58:13.883 9 INFO neutron.api.wsgi [None req-fd9a95b5-d478-4b83-9ff6-a00b9c002ba3 d1ccc382a481430f91cab55a1dc9c13f 0799729887224031882fd6820a4cd8c0 - - default default] 10.0.0.14 "DELETE /v2.0/routers/08fc47b8-6a79-4a5e-bf7d-e26835f2261d HTTP/1.1" status: 204 len: 168 time: 0.1665978
2026-06-13 23:58:13.998 10 INFO neutron.api.wsgi [None req-a3061e21-daf6-4840-a7d7-287a7745cacf a4575adf4cdd40c79c6b08240389dc13 3f9c90b0dcd94d44aa508c514ef3d755 - - default default] 10.0.0.14 "DELETE /v2.0/security-groups/7d0f8dc6-0482-4053-8364-500f1154fd22 HTTP/1.1" status: 204 len: 168 time: 0.2307668
2026-06-13 23:58:14.074 9 INFO neutron.api.wsgi [None req-f43966ce-de44-4c75-a137-398547b8676f d1ccc382a481430f91cab55a1dc9c13f 0799729887224031882fd6820a4cd8c0 - - default default] 10.0.0.14 "DELETE /v2.0/subnets/78aaa307-1543-4c1b-acaf-975341287552 HTTP/1.1" status: 204 len: 168 time: 0.1871452
2026-06-13 23:58:14.114 10 WARNING neutron_lib.context [None req-14261a44-c9ac-4668-914b-d36d76e4242b 760aa1a706b74463ae213886e852d587 5ebc497886484ef4823f20296b1be214 - - default default] Method 'is_advsvc' is deprecated since 2023.2 release (neutron-lib 3.8.0) and will be removed once support for the old RBAC API policies will be removed from Neutron. Please use method 'is_service_role' instead.
2026-06-13 23:58:14.240 10 INFO neutron.db.ovn_revision_numbers_db [None req-14261a44-c9ac-4668-914b-d36d76e4242b 760aa1a706b74463ae213886e852d587 5ebc497886484ef4823f20296b1be214 - - default default] Successfully bumped revision number for resource 93869fad-1986-4b97-9801-1dc81ce3ac32 (type: security_groups) to 1
2026-06-13 23:58:14.246 9 INFO neutron.api.wsgi [None req-f50fe6c4-c028-458a-a354-5f356f3c6faf d1ccc382a481430f91cab55a1dc9c13f 0799729887224031882fd6820a4cd8c0 - - default default] 10.0.0.14 "DELETE /v2.0/subnets/0425b303-5c3d-4752-8683-87896b8ad45b HTTP/1.1" status: 204 len: 168 time: 0.1666071
2026-06-13 23:58:14.258 10 INFO neutron.db.ovn_revision_numbers_db [None req-14261a44-c9ac-4668-914b-d36d76e4242b 760aa1a706b74463ae213886e852d587 5ebc497886484ef4823f20296b1be214 - - default default] Successfully bumped revision number for resource 91109628-df33-4074-b5ee-2e8003de7e03 (type: security_group_rules) to 0
2026-06-13 23:58:14.261 10 INFO neutron.db.ovn_revision_numbers_db [None req-4e35ba48-03e6-4292-8bfa-d331b3f408d9 a4575adf4cdd40c79c6b08240389dc13 3f9c90b0dcd94d44aa508c514ef3d755 - - default default] Successfully bumped revision number for resource 1ecfb374-06ad-42a8-99bb-584d5d74e6ba (type: security_groups) to 1
2026-06-13 23:58:14.269 10 INFO neutron.db.ovn_revision_numbers_db [None req-14261a44-c9ac-4668-914b-d36d76e4242b 760aa1a706b74463ae213886e852d587 5ebc497886484ef4823f20296b1be214 - - default default] Successfully bumped revision number for resource 9a77eb72-d24a-4494-b84e-281a15bd78c8 (type: security_group_rules) to 0
2026-06-13 23:58:14.278 10 INFO neutron.db.ovn_revision_numbers_db [None req-4e35ba48-03e6-4292-8bfa-d331b3f408d9 a4575adf4cdd40c79c6b08240389dc13 3f9c90b0dcd94d44aa508c514ef3d755 - - default default] Successfully bumped revision number for resource 0d43aeba-2040-4873-bbb6-f9a3f620d9ac (type: security_group_rules) to 0
2026-06-13 23:58:14.292 10 INFO neutron.db.ovn_revision_numbers_db [None req-4e35ba48-03e6-4292-8bfa-d331b3f408d9 a4575adf4cdd40c79c6b08240389dc13 3f9c90b0dcd94d44aa508c514ef3d755 - - default default] Successfully bumped revision number for resource 0d9413ae-d3bd-46c3-9206-614ce12272ac (type: security_group_rules) to 0
2026-06-13 23:58:14.300 10 INFO neutron.api.wsgi [None req-14261a44-c9ac-4668-914b-d36d76e4242b 760aa1a706b74463ae213886e852d587 5ebc497886484ef4823f20296b1be214 - - default default] 10.0.0.14 "POST /v2.0/security-groups HTTP/1.1" status: 201 len: 1860 time: 0.1929240
2026-06-13 23:58:14.310 10 WARNING neutron_lib.context [None req-6b3fe978-d2a8-4dca-bd9e-8ce938b4ef0b 760aa1a706b74463ae213886e852d587 5ebc497886484ef4823f20296b1be214 - - default default] Method 'is_advsvc' is deprecated since 2023.2 release (neutron-lib 3.8.0) and will be removed once support for the old RBAC API policies will be removed from Neutron. Please use method 'is_service_role' instead.
2026-06-13 23:58:14.311 10 INFO neutron.db.ovn_revision_numbers_db [None req-4e35ba48-03e6-4292-8bfa-d331b3f408d9 a4575adf4cdd40c79c6b08240389dc13 3f9c90b0dcd94d44aa508c514ef3d755 - - default default] Successfully bumped revision number for resource eb50ad91-bcb1-4403-83df-9d32469d0996 (type: security_group_rules) to 0
2026-06-13 23:58:14.325 10 INFO neutron.db.ovn_revision_numbers_db [None req-4e35ba48-03e6-4292-8bfa-d331b3f408d9 a4575adf4cdd40c79c6b08240389dc13 3f9c90b0dcd94d44aa508c514ef3d755 - - default default] Successfully bumped revision number for resource ff9eb302-c505-4f1d-8569-46b1d17a3c96 (type: security_group_rules) to 0
2026-06-13 23:58:14.362 10 INFO neutron.api.wsgi [None req-4e35ba48-03e6-4292-8bfa-d331b3f408d9 a4575adf4cdd40c79c6b08240389dc13 3f9c90b0dcd94d44aa508c514ef3d755 - - default default] 10.0.0.14 "GET /v2.0/security-groups?tenant_id=3ef16e0cd3f446afb3603dcdb5f72eea&name=default HTTP/1.1" status: 200 len: 3120 time: 0.2275119
2026-06-13 23:58:14.445 10 INFO neutron.db.ovn_revision_numbers_db [None req-6b3fe978-d2a8-4dca-bd9e-8ce938b4ef0b 760aa1a706b74463ae213886e852d587 5ebc497886484ef4823f20296b1be214 - - default default] Successfully bumped revision number for resource c4f6c116-612b-43b5-8b73-7e3f0dc3c847 (type: security_group_rules) to 0
2026-06-13 23:58:14.477 10 INFO neutron.api.wsgi [None req-6b3fe978-d2a8-4dca-bd9e-8ce938b4ef0b 760aa1a706b74463ae213886e852d587 5ebc497886484ef4823f20296b1be214 - - default default] 10.0.0.14 "POST /v2.0/security-group-rules HTTP/1.1" status: 201 len: 796 time: 0.1711242
2026-06-13 23:58:14.486 10 WARNING neutron_lib.context [None req-fcfdc507-1fac-477d-8fd6-07fb01456d55 760aa1a706b74463ae213886e852d587 5ebc497886484ef4823f20296b1be214 - - default default] Method 'is_advsvc' is deprecated since 2023.2 release (neutron-lib 3.8.0) and will be removed once support for the old RBAC API policies will be removed from Neutron. Please use method 'is_service_role' instead.
2026-06-13 23:58:14.510 9 INFO neutron.services.segments.plugin [-] Segment 9602b71d-7101-48e8-944d-5a37ec1723f1 resource provider aggregate not found
2026-06-13 23:58:14.513 9 INFO neutron.services.segments.plugin [-] Segment 9602b71d-7101-48e8-944d-5a37ec1723f1 resource provider aggregate not found
2026-06-13 23:58:14.519 9 INFO neutron.services.segments.plugin [-] Segment 9602b71d-7101-48e8-944d-5a37ec1723f1 resource provider not found; error: Placement Client Error (4xx): {"errors": [{"status": 404, "title": "Not Found", "detail": "The resource could not be found.\n\n No resource provider with uuid 9602b71d-7101-48e8-944d-5a37ec1723f1 found for delete ", "request_id": "req-98ae5df6-2b2b-4bb7-830f-544388f7fe56"}]}
2026-06-13 23:58:14.527 9 INFO neutron.services.segments.plugin [-] Segment 9602b71d-7101-48e8-944d-5a37ec1723f1 resource provider not found; error: Placement Client Error (4xx): {"errors": [{"status": 404, "title": "Not Found", "detail": "The resource could not be found.\n\n No resource provider with uuid 9602b71d-7101-48e8-944d-5a37ec1723f1 found for delete ", "request_id": "req-e0cee3c2-ca5d-4fec-96ff-0c47b68f711b"}]}
2026-06-13 23:58:14.542 9 INFO neutron.api.wsgi [None req-8e3d095a-138f-4327-b6fb-f566d7fac249 d1ccc382a481430f91cab55a1dc9c13f 0799729887224031882fd6820a4cd8c0 - - default default] 10.0.0.14 "DELETE /v2.0/networks/cd44a552-b9c2-4175-ad1f-644583d2f792 HTTP/1.1" status: 204 len: 168 time: 0.2924788
2026-06-13 23:58:14.590 10 INFO neutron.api.wsgi [None req-c5bfe470-6208-4e3a-b011-da6b9a0c3ef7 a4575adf4cdd40c79c6b08240389dc13 3f9c90b0dcd94d44aa508c514ef3d755 - - default default] 10.0.0.14 "DELETE /v2.0/security-groups/1ecfb374-06ad-42a8-99bb-584d5d74e6ba HTTP/1.1" status: 204 len: 168 time: 0.2239015
2026-06-13 23:58:14.598 10 INFO neutron.db.ovn_revision_numbers_db [None req-fcfdc507-1fac-477d-8fd6-07fb01456d55 760aa1a706b74463ae213886e852d587 5ebc497886484ef4823f20296b1be214 - - default default] Successfully bumped revision number for resource f9ad9bfa-eb46-4e64-a398-f43d57f5d9ad (type: security_group_rules) to 0
2026-06-13 23:58:14.625 10 INFO neutron.api.wsgi [None req-fcfdc507-1fac-477d-8fd6-07fb01456d55 760aa1a706b74463ae213886e852d587 5ebc497886484ef4823f20296b1be214 - - default default] 10.0.0.14 "POST /v2.0/security-group-rules HTTP/1.1" status: 201 len: 801 time: 0.1429520
2026-06-13 23:58:14.634 10 WARNING neutron_lib.context [None req-ad38292a-355e-4282-bb15-f5579c968b52 760aa1a706b74463ae213886e852d587 5ebc497886484ef4823f20296b1be214 - - default default] Method 'is_advsvc' is deprecated since 2023.2 release (neutron-lib 3.8.0) and will be removed once support for the old RBAC API policies will be removed from Neutron. Please use method 'is_service_role' instead.
2026-06-13 23:58:14.820 9 INFO neutron.api.wsgi [None req-d468f18a-7cb9-4c39-af13-e88ea0fe12fa d1ccc382a481430f91cab55a1dc9c13f 0799729887224031882fd6820a4cd8c0 - - default default] 10.0.0.14 "DELETE /v2.0/networks/5a1ec974-e356-4122-8bc0-3a2aa17f9861 HTTP/1.1" status: 204 len: 168 time: 0.2733014
2026-06-13 23:58:14.831 9 WARNING neutron_lib.context [None req-b7be2776-ee11-44f9-a31a-0809a8d17a7e d1ccc382a481430f91cab55a1dc9c13f 0799729887224031882fd6820a4cd8c0 - - default default] Method 'is_advsvc' is deprecated since 2023.2 release (neutron-lib 3.8.0) and will be removed once support for the old RBAC API policies will be removed from Neutron. Please use method 'is_service_role' instead.
2026-06-13 23:58:14.851 10 WARNING neutron.scheduler.dhcp_agent_scheduler [None req-ad38292a-355e-4282-bb15-f5579c968b52 760aa1a706b74463ae213886e852d587 5ebc497886484ef4823f20296b1be214 - - default default] No more DHCP agents
2026-06-13 23:58:14.852 10 WARNING neutron.api.rpc.agentnotifiers.dhcp_rpc_agent_api [None req-ad38292a-355e-4282-bb15-f5579c968b52 760aa1a706b74463ae213886e852d587 5ebc497886484ef4823f20296b1be214 - - default default] Unable to schedule network a1989ccb-af26-48f1-a0d4-7666d6cf0335: no agents available; will retry on subsequent port and subnet creation events.
2026-06-13 23:58:14.921 9 INFO neutron.db.segments_db [None req-b7be2776-ee11-44f9-a31a-0809a8d17a7e d1ccc382a481430f91cab55a1dc9c13f 0799729887224031882fd6820a4cd8c0 - - default default] Added segment ed541f5e-3bdd-4381-983a-a4bb6a108ab5 of type geneve for network dedcdd59-3aed-4a8d-9768-bd696ec1615c
2026-06-13 23:58:15.120 10 INFO neutron.api.wsgi [None req-ad38292a-355e-4282-bb15-f5579c968b52 760aa1a706b74463ae213886e852d587 5ebc497886484ef4823f20296b1be214 - - default default] 10.0.0.14 "POST /v2.0/floatingips HTTP/1.1" status: 201 len: 751 time: 0.4909399
2026-06-13 23:58:15.319 9 INFO neutron.db.ovn_revision_numbers_db [None req-b7be2776-ee11-44f9-a31a-0809a8d17a7e d1ccc382a481430f91cab55a1dc9c13f 0799729887224031882fd6820a4cd8c0 - - default default] Successfully bumped revision number for resource dedcdd59-3aed-4a8d-9768-bd696ec1615c (type: networks) to 1
2026-06-13 23:58:15.336 9 INFO neutron.api.wsgi [req-17a4e158-aac1-4980-bb1a-184832151447 req-9c43c15f-71de-4820-a7a4-7a214a6fc0aa 760aa1a706b74463ae213886e852d587 5ebc497886484ef4823f20296b1be214 - - default default] 10.0.0.229 "GET /v2.0/security-groups?name=tempest-securitygroup--443044480&fields=id&tenant_id=5ebc497886484ef4823f20296b1be214 HTTP/1.1" status: 200 len: 267 time: 0.0399115
2026-06-13 23:58:15.391 9 INFO neutron.api.wsgi [req-17a4e158-aac1-4980-bb1a-184832151447 req-e1f08839-7fe0-4bb0-a93f-6de475496656 760aa1a706b74463ae213886e852d587 5ebc497886484ef4823f20296b1be214 - - default default] 10.0.0.229 "GET /v2.0/security-groups?name=tempest-secgroup-smoke-1862742137&fields=id&tenant_id=5ebc497886484ef4823f20296b1be214 HTTP/1.1" status: 200 len: 267 time: 0.0474365
2026-06-13 23:58:15.452 9 INFO neutron.api.wsgi [req-17a4e158-aac1-4980-bb1a-184832151447 req-099d6099-3943-4821-bef2-f60eccae5a73 760aa1a706b74463ae213886e852d587 5ebc497886484ef4823f20296b1be214 - - default default] 10.0.0.229 "GET /v2.0/networks?id=075e3fca-f80e-4ee3-812e-4077d878e47f HTTP/1.1" status: 200 len: 871 time: 0.0516953
2026-06-13 23:58:15.464 9 INFO neutron.api.wsgi [req-17a4e158-aac1-4980-bb1a-184832151447 req-45302bbd-5d7f-4f71-9de3-17a3811bc335 760aa1a706b74463ae213886e852d587 5ebc497886484ef4823f20296b1be214 - - default default] 10.0.0.229 "GET /v2.0/quotas/5ebc497886484ef4823f20296b1be214 HTTP/1.1" status: 200 len: 491 time: 0.0080924
2026-06-13 23:58:15.509 9 WARNING neutron.scheduler.dhcp_agent_scheduler [None req-b7be2776-ee11-44f9-a31a-0809a8d17a7e d1ccc382a481430f91cab55a1dc9c13f 0799729887224031882fd6820a4cd8c0 - - default default] No more DHCP agents
2026-06-13 23:58:15.510 9 WARNING neutron.api.rpc.agentnotifiers.dhcp_rpc_agent_api [None req-b7be2776-ee11-44f9-a31a-0809a8d17a7e d1ccc382a481430f91cab55a1dc9c13f 0799729887224031882fd6820a4cd8c0 - - default default] Unable to schedule network dedcdd59-3aed-4a8d-9768-bd696ec1615c: no agents available; will retry on subsequent port and subnet creation events.
2026-06-13 23:58:15.538 9 INFO neutron.api.wsgi [req-17a4e158-aac1-4980-bb1a-184832151447 req-b3c97e4e-e638-48cd-a313-056ea3d033a0 760aa1a706b74463ae213886e852d587 5ebc497886484ef4823f20296b1be214 - - default default] 10.0.0.229 "GET /v2.0/ports?tenant_id=5ebc497886484ef4823f20296b1be214&fields=id HTTP/1.1" status: 200 len: 302 time: 0.0700140
2026-06-13 23:58:15.583 9 INFO neutron.db.ovn_revision_numbers_db [None req-b7be2776-ee11-44f9-a31a-0809a8d17a7e d1ccc382a481430f91cab55a1dc9c13f 0799729887224031882fd6820a4cd8c0 - - default default] Successfully bumped revision number for resource c42f58b6-6d31-4d26-873f-c4e6205917ec (type: ports) to 1
2026-06-13 23:58:15.602 9 INFO neutron.api.wsgi [req-17a4e158-aac1-4980-bb1a-184832151447 req-da36d605-0894-4475-8462-6b58725f291a c7505b338671483d87e7ab08fd0ca435 3d1483b620fd4d198a33589cf7b6bbe6 - - 57931df8023144c59092a2fb0fce9280 57931df8023144c59092a2fb0fce9280] 10.0.0.229 "GET /v2.0/networks/075e3fca-f80e-4ee3-812e-4077d878e47f?fields=segments HTTP/1.1" status: 200 len: 212 time: 0.0446546
2026-06-13 23:58:15.605 9 INFO neutron.api.wsgi [None req-b7be2776-ee11-44f9-a31a-0809a8d17a7e d1ccc382a481430f91cab55a1dc9c13f 0799729887224031882fd6820a4cd8c0 - - default default] 10.0.0.14 "POST /v2.0/networks HTTP/1.1" status: 201 len: 828 time: 0.7779431
2026-06-13 23:58:15.621 10 WARNING neutron_lib.context [None req-52aef9e5-5abd-4077-933a-d4e313b81daf d1ccc382a481430f91cab55a1dc9c13f 0799729887224031882fd6820a4cd8c0 - - default default] Method 'is_advsvc' is deprecated since 2023.2 release (neutron-lib 3.8.0) and will be removed once support for the old RBAC API policies will be removed from Neutron. Please use method 'is_service_role' instead.
2026-06-13 23:58:15.653 9 INFO neutron.api.wsgi [req-17a4e158-aac1-4980-bb1a-184832151447 req-6caa6f6e-18ce-4b77-966f-5a8611626606 c7505b338671483d87e7ab08fd0ca435 3d1483b620fd4d198a33589cf7b6bbe6 - - 57931df8023144c59092a2fb0fce9280 57931df8023144c59092a2fb0fce9280] 10.0.0.229 "GET /v2.0/networks/075e3fca-f80e-4ee3-812e-4077d878e47f?fields=provider%3Aphysical_network&fields=provider%3Anetwork_type HTTP/1.1" status: 200 len: 277 time: 0.0408487
2026-06-13 23:58:15.805 10 INFO neutron.api.wsgi [req-4af8037d-afc3-4f94-89b7-101f993032d4 req-e1cee627-1a5b-472b-b7cc-e48f04eb9b1a 760aa1a706b74463ae213886e852d587 5ebc497886484ef4823f20296b1be214 - - default default] 10.0.0.229 "GET /v2.0/ports?device_id=9e94df5b-deb5-4e03-a2c9-e9b5ad9c1ec5 HTTP/1.1" status: 200 len: 210 time: 0.0163329
2026-06-13 23:58:15.806 10 WARNING neutron.scheduler.dhcp_agent_scheduler [None req-52aef9e5-5abd-4077-933a-d4e313b81daf d1ccc382a481430f91cab55a1dc9c13f 0799729887224031882fd6820a4cd8c0 - - default default] No more DHCP agents
2026-06-13 23:58:15.807 10 WARNING neutron.api.rpc.agentnotifiers.dhcp_rpc_agent_api [None req-52aef9e5-5abd-4077-933a-d4e313b81daf d1ccc382a481430f91cab55a1dc9c13f 0799729887224031882fd6820a4cd8c0 - - default default] Unable to schedule network dedcdd59-3aed-4a8d-9768-bd696ec1615c: no agents available; will retry on subsequent port and subnet creation events.
2026-06-13 23:58:16.221 10 INFO neutron.db.ovn_revision_numbers_db [None req-c6ab0ed2-31ae-454f-9fe5-be3e242d1f84 - - - - - -] Successfully bumped revision number for resource c42f58b6-6d31-4d26-873f-c4e6205917ec (type: ports) to 2
2026-06-13 23:58:16.250 10 INFO neutron.db.ovn_revision_numbers_db [None req-c6ab0ed2-31ae-454f-9fe5-be3e242d1f84 - - - - - -] Successfully bumped revision number for resource a71552fc-a7e8-4129-af74-efed5f8f5282 (type: subnets) to 0
2026-06-13 23:58:16.263 10 INFO neutron.api.wsgi [None req-52aef9e5-5abd-4077-933a-d4e313b81daf d1ccc382a481430f91cab55a1dc9c13f 0799729887224031882fd6820a4cd8c0 - - default default] 10.0.0.14 "POST /v2.0/subnets HTTP/1.1" status: 201 len: 825 time: 0.6477919
2026-06-13 23:58:16.272 10 WARNING neutron_lib.context [None req-47ec1f16-2aec-4e21-9ddf-c45e2cda2909 d1ccc382a481430f91cab55a1dc9c13f 0799729887224031882fd6820a4cd8c0 - - default default] Method 'is_advsvc' is deprecated since 2023.2 release (neutron-lib 3.8.0) and will be removed once support for the old RBAC API policies will be removed from Neutron. Please use method 'is_service_role' instead.
2026-06-13 23:58:16.369 10 INFO neutron.db.ovn_revision_numbers_db [None req-47ec1f16-2aec-4e21-9ddf-c45e2cda2909 d1ccc382a481430f91cab55a1dc9c13f 0799729887224031882fd6820a4cd8c0 - - default default] Successfully bumped revision number for resource cf4e1005-1971-4e55-a350-b0d017f55800 (type: routers) to 1
2026-06-13 23:58:16.385 10 INFO neutron.api.wsgi [None req-47ec1f16-2aec-4e21-9ddf-c45e2cda2909 d1ccc382a481430f91cab55a1dc9c13f 0799729887224031882fd6820a4cd8c0 - - default default] 10.0.0.14 "POST /v2.0/routers HTTP/1.1" status: 201 len: 802 time: 0.1178319
2026-06-13 23:58:16.392 10 WARNING neutron_lib.context [None req-c4fea08f-84e6-4a90-aee9-6c2a8c8b211f d1ccc382a481430f91cab55a1dc9c13f 0799729887224031882fd6820a4cd8c0 - - default default] Method 'is_advsvc' is deprecated since 2023.2 release (neutron-lib 3.8.0) and will be removed once support for the old RBAC API policies will be removed from Neutron. Please use method 'is_service_role' instead.
2026-06-13 23:58:16.542 9 INFO neutron.services.segments.plugin [-] Segment 47610d40-b48e-4754-a741-49fb6a260257 resource provider aggregate not found
2026-06-13 23:58:16.545 9 INFO neutron.services.segments.plugin [-] Segment 47610d40-b48e-4754-a741-49fb6a260257 resource provider aggregate not found
2026-06-13 23:58:16.552 9 INFO neutron.services.segments.plugin [-] Segment 47610d40-b48e-4754-a741-49fb6a260257 resource provider not found; error: Placement Client Error (4xx): {"errors": [{"status": 404, "title": "Not Found", "detail": "The resource could not be found.\n\n No resource provider with uuid 47610d40-b48e-4754-a741-49fb6a260257 found for delete ", "request_id": "req-64c34ad9-cfc7-4178-a8df-3915f2fbe55d"}]}
2026-06-13 23:58:16.561 9 INFO neutron.services.segments.plugin [-] Segment 47610d40-b48e-4754-a741-49fb6a260257 resource provider not found; error: Placement Client Error (4xx): {"errors": [{"status": 404, "title": "Not Found", "detail": "The resource could not be found.\n\n No resource provider with uuid 47610d40-b48e-4754-a741-49fb6a260257 found for delete ", "request_id": "req-ee360e9a-372f-40de-8a25-20c7cab0eb96"}]}
2026-06-13 23:58:16.662 10 WARNING neutron.scheduler.dhcp_agent_scheduler [None req-c4fea08f-84e6-4a90-aee9-6c2a8c8b211f d1ccc382a481430f91cab55a1dc9c13f 0799729887224031882fd6820a4cd8c0 - - default default] No more DHCP agents
2026-06-13 23:58:16.663 10 WARNING neutron.api.rpc.agentnotifiers.dhcp_rpc_agent_api [None req-c4fea08f-84e6-4a90-aee9-6c2a8c8b211f d1ccc382a481430f91cab55a1dc9c13f 0799729887224031882fd6820a4cd8c0 - - default default] Unable to schedule network dedcdd59-3aed-4a8d-9768-bd696ec1615c: no agents available; will retry on subsequent port and subnet creation events.
2026-06-13 23:58:16.784 10 INFO neutron.db.ovn_revision_numbers_db [None req-c4fea08f-84e6-4a90-aee9-6c2a8c8b211f d1ccc382a481430f91cab55a1dc9c13f 0799729887224031882fd6820a4cd8c0 - - default default] Successfully bumped revision number for resource eda91f5b-2b58-4643-bc2f-c9dacd992194 (type: ports) to 1
2026-06-13 23:58:16.807 10 INFO neutron.api.wsgi [None req-c4fea08f-84e6-4a90-aee9-6c2a8c8b211f d1ccc382a481430f91cab55a1dc9c13f 0799729887224031882fd6820a4cd8c0 - - default default] 10.0.0.14 "POST /v2.0/ports HTTP/1.1" status: 201 len: 1146 time: 0.4186850 /var/lib/openstack/lib/python3.12/site-packages/pycadf/identifier.py:71: UserWarning: Invalid uuid: neutron. To ensure interoperability, identifiers should be a valid uuid. warnings.warn(('Invalid uuid: %s. To ensure interoperability, '
2026-06-13 23:58:16.897 9 INFO neutron.api.wsgi [req-b8333adf-9e4c-4c3a-b817-29be1b9095ea req-c417d28c-6499-493f-b25e-e3eb2525708b 760aa1a706b74463ae213886e852d587 5ebc497886484ef4823f20296b1be214 - - default default] 10.0.0.229 "GET /v2.0/ports?device_id=9e94df5b-deb5-4e03-a2c9-e9b5ad9c1ec5 HTTP/1.1" status: 200 len: 210 time: 0.0244145
2026-06-13 23:58:17.161 9 WARNING neutron_lib.context [None req-49385d81-29fe-46eb-a420-8bc5df24fce5 f8ffc2ca333248079a9729aa298028e2 7ce25d24736441c4bfd459c0264659d3 - - default default] Method 'is_advsvc' is deprecated since 2023.2 release (neutron-lib 3.8.0) and will be removed once support for the old RBAC API policies will be removed from Neutron. Please use method 'is_service_role' instead.
2026-06-13 23:58:17.243 10 WARNING neutron.plugins.ml2.drivers.ovn.mech_driver.ovsdb.ovn_client [None req-40ee6643-abca-4b76-b33a-05245bed8fa2 - - - - - -] No port found with ID a6b34043-5aa4-4e0b-ab68-d8224eba3cca: RuntimeError: No port found with ID a6b34043-5aa4-4e0b-ab68-d8224eba3cca
2026-06-13 23:58:17.251 10 INFO neutron.plugins.ml2.drivers.ovn.mech_driver.mech_driver [None req-40ee6643-abca-4b76-b33a-05245bed8fa2 - - - - - -] OVN reports status up for port: 07227d65-e254-4afd-8b90-593e8b0ef4ec
2026-06-13 23:58:17.260 10 INFO neutron.plugins.ml2.plugin [None req-40ee6643-abca-4b76-b33a-05245bed8fa2 - - - - - -] Attempt 1 to provision port 07227d65-e254-4afd-8b90-593e8b0ef4ec
2026-06-13 23:58:17.294 9 INFO neutron.db.ovn_revision_numbers_db [None req-49385d81-29fe-46eb-a420-8bc5df24fce5 f8ffc2ca333248079a9729aa298028e2 7ce25d24736441c4bfd459c0264659d3 - - default default] Successfully bumped revision number for resource 2bcc4e72-e33f-4baf-877c-67ec65903d90 (type: security_groups) to 1
2026-06-13 23:58:17.321 9 INFO neutron.db.ovn_revision_numbers_db [None req-49385d81-29fe-46eb-a420-8bc5df24fce5 f8ffc2ca333248079a9729aa298028e2 7ce25d24736441c4bfd459c0264659d3 - - default default] Successfully bumped revision number for resource 2e087787-aa8b-446d-848e-6443a4b6af8b (type: security_group_rules) to 0
2026-06-13 23:58:17.337 9 INFO neutron.db.ovn_revision_numbers_db [None req-49385d81-29fe-46eb-a420-8bc5df24fce5 f8ffc2ca333248079a9729aa298028e2 7ce25d24736441c4bfd459c0264659d3 - - default default] Successfully bumped revision number for resource 3c030a25-0f10-4d67-a1a5-43f6ceb38098 (type: security_group_rules) to 0
2026-06-13 23:58:17.353 9 INFO neutron.db.ovn_revision_numbers_db [None req-49385d81-29fe-46eb-a420-8bc5df24fce5 f8ffc2ca333248079a9729aa298028e2 7ce25d24736441c4bfd459c0264659d3 - - default default] Successfully bumped revision number for resource d6866ab8-0ff2-4ae1-8f34-9404cc6e4dc1 (type: security_group_rules) to 0
2026-06-13 23:58:17.355 10 INFO neutron.db.ovn_revision_numbers_db [None req-cafec293-1162-4ca3-9c1f-504c6ba8294d d1ccc382a481430f91cab55a1dc9c13f 0799729887224031882fd6820a4cd8c0 - - default default] Successfully bumped revision number for resource eda91f5b-2b58-4643-bc2f-c9dacd992194 (type: ports) to 2
2026-06-13 23:58:17.365 9 INFO neutron.db.ovn_revision_numbers_db [None req-49385d81-29fe-46eb-a420-8bc5df24fce5 f8ffc2ca333248079a9729aa298028e2 7ce25d24736441c4bfd459c0264659d3 - - default default] Successfully bumped revision number for resource e2f6dfd8-1909-4bba-b7e8-d5d89f05f7cf (type: security_group_rules) to 0
2026-06-13 23:58:17.469 9 INFO neutron.db.ovn_revision_numbers_db [None req-49385d81-29fe-46eb-a420-8bc5df24fce5 f8ffc2ca333248079a9729aa298028e2 7ce25d24736441c4bfd459c0264659d3 - - default default] Successfully bumped revision number for resource ad10f203-b50b-47b5-a45d-4d7dbbccbca4 (type: security_groups) to 1
2026-06-13 23:58:17.505 9 INFO neutron.db.ovn_revision_numbers_db [None req-49385d81-29fe-46eb-a420-8bc5df24fce5 f8ffc2ca333248079a9729aa298028e2 7ce25d24736441c4bfd459c0264659d3 - - default default] Successfully bumped revision number for resource 1465e967-ec87-4290-bed9-daaf04a7d396 (type: security_group_rules) to 0
2026-06-13 23:58:17.526 9 INFO neutron.db.ovn_revision_numbers_db [None req-49385d81-29fe-46eb-a420-8bc5df24fce5 f8ffc2ca333248079a9729aa298028e2 7ce25d24736441c4bfd459c0264659d3 - - default default] Successfully bumped revision number for resource 81dc11e6-98f1-49f1-bdbb-8645fa4d2220 (type: security_group_rules) to 0
2026-06-13 23:58:17.551 9 INFO neutron.api.wsgi [None req-49385d81-29fe-46eb-a420-8bc5df24fce5 f8ffc2ca333248079a9729aa298028e2 7ce25d24736441c4bfd459c0264659d3 - - default default] 10.0.0.14 "POST /v2.0/security-groups HTTP/1.1" status: 201 len: 1801 time: 0.5819092
2026-06-13 23:58:17.600 9 WARNING neutron_lib.context [None req-b5fab3cd-b6f6-487c-a5c4-b4c40eae8988 a0ab3bf44ec64d338b26b4dc580a2d52 178d530f97cd4965b8e021ddda662cb5 - - default default] Method 'is_advsvc' is deprecated since 2023.2 release (neutron-lib 3.8.0) and will be removed once support for the old RBAC API policies will be removed from Neutron. Please use method 'is_service_role' instead.
2026-06-13 23:58:17.615 9 INFO neutron.api.wsgi [None req-9c5a136c-3eb8-4db6-998a-d32e7f9e4322 f8ffc2ca333248079a9729aa298028e2 7ce25d24736441c4bfd459c0264659d3 - - default default] 10.0.0.14 "PUT /v2.0/security-groups/ad10f203-b50b-47b5-a45d-4d7dbbccbca4/tags HTTP/1.1" status: 200 len: 218 time: 0.0596673
2026-06-13 23:58:17.642 9 INFO neutron.api.wsgi [None req-003c74b0-26b2-4ab9-958b-720938a217d8 f8ffc2ca333248079a9729aa298028e2 7ce25d24736441c4bfd459c0264659d3 - - default default] 10.0.0.14 "GET /v2.0/security-groups/ad10f203-b50b-47b5-a45d-4d7dbbccbca4/tags HTTP/1.1" status: 200 len: 218 time: 0.0216947
2026-06-13 23:58:17.699 9 INFO neutron.api.wsgi [None req-9a98aa0e-4d49-4cea-a72a-7688945c1ba2 f8ffc2ca333248079a9729aa298028e2 7ce25d24736441c4bfd459c0264659d3 - - default default] 10.0.0.14 "PUT /v2.0/security-groups/ad10f203-b50b-47b5-a45d-4d7dbbccbca4/tags/green HTTP/1.1" status: 201 len: 201 time: 0.0520744
2026-06-13 23:58:17.725 9 INFO neutron.api.wsgi [None req-2d6923c2-e8fe-43cb-ae3d-e3982dd65551 f8ffc2ca333248079a9729aa298028e2 7ce25d24736441c4bfd459c0264659d3 - - default default] 10.0.0.14 "GET /v2.0/security-groups/ad10f203-b50b-47b5-a45d-4d7dbbccbca4/tags HTTP/1.1" status: 200 len: 227 time: 0.0199244
2026-06-13 23:58:17.749 9 INFO neutron.db.ovn_revision_numbers_db [None req-b5fab3cd-b6f6-487c-a5c4-b4c40eae8988 a0ab3bf44ec64d338b26b4dc580a2d52 178d530f97cd4965b8e021ddda662cb5 - - default default] Successfully bumped revision number for resource d241d379-2775-4872-9159-73fb48da8e86 (type: security_groups) to 1
2026-06-13 23:58:17.761 9 INFO neutron.api.wsgi [None req-ba5ea6a8-f191-4902-9ec2-0691cb77988b f8ffc2ca333248079a9729aa298028e2 7ce25d24736441c4bfd459c0264659d3 - - default default] 10.0.0.14 "PUT /v2.0/security-groups/ad10f203-b50b-47b5-a45d-4d7dbbccbca4/tags/red HTTP/1.1" status: 201 len: 201 time: 0.0307236
2026-06-13 23:58:17.769 9 INFO neutron.db.ovn_revision_numbers_db [None req-b5fab3cd-b6f6-487c-a5c4-b4c40eae8988 a0ab3bf44ec64d338b26b4dc580a2d52 178d530f97cd4965b8e021ddda662cb5 - - default default] Successfully bumped revision number for resource b455547d-fc00-4048-a0d6-7c15e24cc691 (type: security_group_rules) to 0
2026-06-13 23:58:17.782 9 INFO neutron.api.wsgi [None req-f0c5a286-7b86-4146-9fee-3f7ccada972e f8ffc2ca333248079a9729aa298028e2 7ce25d24736441c4bfd459c0264659d3 - - default default] 10.0.0.14 "GET /v2.0/security-groups/ad10f203-b50b-47b5-a45d-4d7dbbccbca4/tags HTTP/1.1" status: 200 len: 227 time: 0.0164304
2026-06-13 23:58:17.783 9 INFO neutron.db.ovn_revision_numbers_db [None req-b5fab3cd-b6f6-487c-a5c4-b4c40eae8988 a0ab3bf44ec64d338b26b4dc580a2d52 178d530f97cd4965b8e021ddda662cb5 - - default default] Successfully bumped revision number for resource cda16ba5-745f-419b-acf8-940e900e1693 (type: security_group_rules) to 0
