2026-06-13 23:55:41.865 10 INFO neutron.api.wsgi [None req-54752dc8-d506-42ce-a8a7-2c61b3c7ae0e a4575adf4cdd40c79c6b08240389dc13 3f9c90b0dcd94d44aa508c514ef3d755 - - default default] 10.0.0.14 "PUT /v2.0/routers/438e1fa3-9d89-4b7e-91e2-b0de6d7aa9f6/add_router_interface HTTP/1.1" status: 200 len: 503 time: 3.4721408
2026-06-13 23:55:41.933 10 INFO neutron.db.ovn_revision_numbers_db [None req-c0f189fb-0dce-4f19-81bd-2d44f627a86c a4575adf4cdd40c79c6b08240389dc13 3f9c90b0dcd94d44aa508c514ef3d755 - - default default] Successfully bumped revision number for resource 5be7e59c-410c-4bc6-a363-e4c92676ed57 (type: ports) to 1
2026-06-13 23:55:42.458 9 WARNING neutron_lib.context [req-04968aa5-a4c4-4afc-b685-2069e9ed18f6 req-1014a03f-2a53-45c3-98bc-cc069ca0991a b0e347e8b46043fc986c5f6f0c26d434 8d752182e71d478780423eeade36c5ab - - default default] Method 'is_advsvc' is deprecated since 2023.2 release (neutron-lib 3.8.0) and will be removed once support for the old RBAC API policies will be removed from Neutron. Please use method 'is_service_role' instead.
2026-06-13 23:55:42.522 10 INFO neutron.api.wsgi [req-921c2e29-48d4-4b5d-ad19-46323a86ba47 req-c4351067-fd6f-479f-ad8a-4cfaee9fa9ff 6ff19f356afa4429a6a40cef0e743bb1 ab70acb792074745bf2badb56b6a5bd3 - - default default] 10.0.0.229 "GET /v2.0/networks?id=68460457-d074-400f-b646-d9960bfe4921 HTTP/1.1" status: 200 len: 876 time: 0.1536036
2026-06-13 23:55:42.539 10 INFO neutron.plugins.ml2.drivers.ovn.mech_driver.ovsdb.commands [None req-78391689-6f3b-4b4b-ab0a-302fa7b4c8ee - - - - - -] Schedule LRP lrp-5be7e59c-410c-4bc6-a363-e4c92676ed57 on gateway f341bea3-bf95-416f-9879-4cc728d1a6ef with priority 1
2026-06-13 23:55:42.542 10 INFO neutron.api.wsgi [req-921c2e29-48d4-4b5d-ad19-46323a86ba47 req-147808eb-e78a-45df-9719-b042fe8f8706 6ff19f356afa4429a6a40cef0e743bb1 ab70acb792074745bf2badb56b6a5bd3 - - default default] 10.0.0.229 "GET /v2.0/quotas/ab70acb792074745bf2badb56b6a5bd3 HTTP/1.1" status: 200 len: 491 time: 0.0150089
2026-06-13 23:55:42.578 10 INFO neutron.plugins.ml2.drivers.ovn.mech_driver.ovsdb.ovsdb_monitor [None req-8c47f2d2-584d-40a9-aec0-5cfbbed8494a - - - - - -] Router 1aadb5d8-fc9b-4483-b5fb-a9f3e559428e is bound to host instance
2026-06-13 23:55:42.592 9 INFO neutron.db.ovn_revision_numbers_db [req-04968aa5-a4c4-4afc-b685-2069e9ed18f6 req-1014a03f-2a53-45c3-98bc-cc069ca0991a b0e347e8b46043fc986c5f6f0c26d434 8d752182e71d478780423eeade36c5ab - - default default] Successfully bumped revision number for resource e0ee5419-e255-4f18-8279-7096d9fc8ae3 (type: security_groups) to 1
2026-06-13 23:55:42.607 9 INFO neutron.db.ovn_revision_numbers_db [req-04968aa5-a4c4-4afc-b685-2069e9ed18f6 req-1014a03f-2a53-45c3-98bc-cc069ca0991a b0e347e8b46043fc986c5f6f0c26d434 8d752182e71d478780423eeade36c5ab - - default default] Successfully bumped revision number for resource f720c028-7dc4-4cba-afe9-dcbbf1fa86dc (type: security_group_rules) to 0
2026-06-13 23:55:42.607 10 INFO neutron.db.ovn_revision_numbers_db [None req-c0f189fb-0dce-4f19-81bd-2d44f627a86c a4575adf4cdd40c79c6b08240389dc13 3f9c90b0dcd94d44aa508c514ef3d755 - - default default] Successfully bumped revision number for resource 5be7e59c-410c-4bc6-a363-e4c92676ed57 (type: router_ports) to 1
2026-06-13 23:55:42.618 9 INFO neutron.db.ovn_revision_numbers_db [req-04968aa5-a4c4-4afc-b685-2069e9ed18f6 req-1014a03f-2a53-45c3-98bc-cc069ca0991a b0e347e8b46043fc986c5f6f0c26d434 8d752182e71d478780423eeade36c5ab - - default default] Successfully bumped revision number for resource f850f2ae-4e6e-4cc8-99ea-0db7510ba940 (type: security_group_rules) to 0
2026-06-13 23:55:42.670 9 INFO neutron.api.wsgi [req-04968aa5-a4c4-4afc-b685-2069e9ed18f6 req-1014a03f-2a53-45c3-98bc-cc069ca0991a b0e347e8b46043fc986c5f6f0c26d434 8d752182e71d478780423eeade36c5ab - - default default] 10.0.0.229 "POST /v2.0/security-groups HTTP/1.1" status: 201 len: 1890 time: 0.2516673
2026-06-13 23:55:42.692 10 INFO neutron.api.wsgi [req-921c2e29-48d4-4b5d-ad19-46323a86ba47 req-57a0c385-6ad2-4380-a8d1-e272b07415b3 6ff19f356afa4429a6a40cef0e743bb1 ab70acb792074745bf2badb56b6a5bd3 - - default default] 10.0.0.229 "GET /v2.0/ports?tenant_id=ab70acb792074745bf2badb56b6a5bd3&fields=id HTTP/1.1" status: 200 len: 302 time: 0.1362419
2026-06-13 23:55:42.705 10 INFO neutron.db.ovn_revision_numbers_db [None req-c0f189fb-0dce-4f19-81bd-2d44f627a86c a4575adf4cdd40c79c6b08240389dc13 3f9c90b0dcd94d44aa508c514ef3d755 - - default default] Successfully bumped revision number for resource 1aadb5d8-fc9b-4483-b5fb-a9f3e559428e (type: routers) to 2
2026-06-13 23:55:42.720 10 INFO neutron.api.wsgi [None req-c0f189fb-0dce-4f19-81bd-2d44f627a86c a4575adf4cdd40c79c6b08240389dc13 3f9c90b0dcd94d44aa508c514ef3d755 - - default default] 10.0.0.14 "POST /v2.0/routers HTTP/1.1" status: 201 len: 1169 time: 1.5728633
2026-06-13 23:55:42.774 9 WARNING neutron_lib.context [None req-c760861f-27b4-44bd-8dfd-b322711e90b6 a3649dd5c3c74006bbd5202e293ffc9e 44357df3051c42f9828f5d3181f30ed1 - - default default] Method 'is_advsvc' is deprecated since 2023.2 release (neutron-lib 3.8.0) and will be removed once support for the old RBAC API policies will be removed from Neutron. Please use method 'is_service_role' instead.
2026-06-13 23:55:42.801 9 INFO neutron.api.wsgi [req-aebbf918-db25-4afc-8ad2-896ac6e9c8b1 req-dfbafb37-0869-4aa7-9773-541dfe73fcbd b0e347e8b46043fc986c5f6f0c26d434 8d752182e71d478780423eeade36c5ab - - default default] 10.0.0.229 "GET /v2.0/security-groups/e0ee5419-e255-4f18-8279-7096d9fc8ae3 HTTP/1.1" status: 200 len: 1885 time: 0.0212648
2026-06-13 23:55:42.814 9 WARNING neutron_lib.context [req-aebbf918-db25-4afc-8ad2-896ac6e9c8b1 req-1ea87a14-2021-4913-a6b8-6f451acd39a6 b0e347e8b46043fc986c5f6f0c26d434 8d752182e71d478780423eeade36c5ab - - default default] Method 'is_advsvc' is deprecated since 2023.2 release (neutron-lib 3.8.0) and will be removed once support for the old RBAC API policies will be removed from Neutron. Please use method 'is_service_role' instead.
2026-06-13 23:55:42.939 9 INFO neutron.db.ovn_revision_numbers_db [None req-c760861f-27b4-44bd-8dfd-b322711e90b6 a3649dd5c3c74006bbd5202e293ffc9e 44357df3051c42f9828f5d3181f30ed1 - - default default] Successfully bumped revision number for resource f1007e3c-db1e-466a-bf1b-0cf409f40139 (type: security_groups) to 1
2026-06-13 23:55:42.953 9 INFO neutron.db.ovn_revision_numbers_db [None req-c760861f-27b4-44bd-8dfd-b322711e90b6 a3649dd5c3c74006bbd5202e293ffc9e 44357df3051c42f9828f5d3181f30ed1 - - default default] Successfully bumped revision number for resource 25c5ecd5-1567-4097-90c4-7e560c01ed53 (type: security_group_rules) to 0
2026-06-13 23:55:42.971 9 INFO neutron.db.ovn_revision_numbers_db [None req-c760861f-27b4-44bd-8dfd-b322711e90b6 a3649dd5c3c74006bbd5202e293ffc9e 44357df3051c42f9828f5d3181f30ed1 - - default default] Successfully bumped revision number for resource b53b3433-9d71-419c-a12e-0d164742148e (type: security_group_rules) to 0
2026-06-13 23:55:42.994 9 INFO neutron.db.ovn_revision_numbers_db [req-aebbf918-db25-4afc-8ad2-896ac6e9c8b1 req-1ea87a14-2021-4913-a6b8-6f451acd39a6 b0e347e8b46043fc986c5f6f0c26d434 8d752182e71d478780423eeade36c5ab - - default default] Successfully bumped revision number for resource 0169a786-0fcd-495d-acb7-baabfd9b0394 (type: security_group_rules) to 0
2026-06-13 23:55:43.011 9 INFO neutron.api.wsgi [None req-c760861f-27b4-44bd-8dfd-b322711e90b6 a3649dd5c3c74006bbd5202e293ffc9e 44357df3051c42f9828f5d3181f30ed1 - - default default] 10.0.0.14 "POST /v2.0/security-groups HTTP/1.1" status: 201 len: 1860 time: 0.2417397
2026-06-13 23:55:43.020 9 WARNING neutron_lib.context [None req-3c342d9f-5e18-4470-b89a-177d871bb3a5 a3649dd5c3c74006bbd5202e293ffc9e 44357df3051c42f9828f5d3181f30ed1 - - default default] Method 'is_advsvc' is deprecated since 2023.2 release (neutron-lib 3.8.0) and will be removed once support for the old RBAC API policies will be removed from Neutron. Please use method 'is_service_role' instead.
2026-06-13 23:55:43.036 9 INFO neutron.api.wsgi [req-aebbf918-db25-4afc-8ad2-896ac6e9c8b1 req-1ea87a14-2021-4913-a6b8-6f451acd39a6 b0e347e8b46043fc986c5f6f0c26d434 8d752182e71d478780423eeade36c5ab - - default default] 10.0.0.229 "POST /v2.0/security-group-rules HTTP/1.1" status: 201 len: 818 time: 0.2292361
2026-06-13 23:55:43.069 9 WARNING neutron_lib.context [req-de5c9542-91aa-4f67-8538-de5c06977fa2 req-2e7dbfc3-425f-455e-8dca-97e4802da603 b0e347e8b46043fc986c5f6f0c26d434 8d752182e71d478780423eeade36c5ab - - default default] Method 'is_advsvc' is deprecated since 2023.2 release (neutron-lib 3.8.0) and will be removed once support for the old RBAC API policies will be removed from Neutron. Please use method 'is_service_role' instead.
2026-06-13 23:55:43.074 10 INFO neutron.api.wsgi [req-921c2e29-48d4-4b5d-ad19-46323a86ba47 req-15d9ab88-8164-4576-a1bc-8cb561165bb6 c7505b338671483d87e7ab08fd0ca435 3d1483b620fd4d198a33589cf7b6bbe6 - - 57931df8023144c59092a2fb0fce9280 57931df8023144c59092a2fb0fce9280] 10.0.0.229 "GET /v2.0/extensions HTTP/1.1" status: 200 len: 19298 time: 0.0356288
2026-06-13 23:55:43.112 10 INFO neutron.db.ovn_revision_numbers_db [None req-53b41175-0d44-4ecf-8206-fd3d99d7d8c8 - - - - - -] Successfully bumped revision number for resource 5be7e59c-410c-4bc6-a363-e4c92676ed57 (type: ports) to 1
2026-06-13 23:55:43.146 10 INFO neutron.api.wsgi [req-921c2e29-48d4-4b5d-ad19-46323a86ba47 req-878c4710-4b14-41e2-ab91-1f9a63d1ef9d c7505b338671483d87e7ab08fd0ca435 3d1483b620fd4d198a33589cf7b6bbe6 - - 57931df8023144c59092a2fb0fce9280 57931df8023144c59092a2fb0fce9280] 10.0.0.229 "GET /v2.0/networks/68460457-d074-400f-b646-d9960bfe4921?fields=segments HTTP/1.1" status: 200 len: 212 time: 0.0653288
2026-06-13 23:55:43.149 9 INFO neutron.db.ovn_revision_numbers_db [None req-3c342d9f-5e18-4470-b89a-177d871bb3a5 a3649dd5c3c74006bbd5202e293ffc9e 44357df3051c42f9828f5d3181f30ed1 - - default default] Successfully bumped revision number for resource 35bf0237-3d32-4e10-8121-e9948b047369 (type: security_group_rules) to 0
2026-06-13 23:55:43.182 9 INFO neutron.db.ovn_revision_numbers_db [req-de5c9542-91aa-4f67-8538-de5c06977fa2 req-2e7dbfc3-425f-455e-8dca-97e4802da603 b0e347e8b46043fc986c5f6f0c26d434 8d752182e71d478780423eeade36c5ab - - default default] Successfully bumped revision number for resource 4a0856fa-b1d8-4fb1-a1a9-60460b7ecfa3 (type: security_groups) to 1
2026-06-13 23:55:43.186 9 INFO neutron.api.wsgi [None req-3c342d9f-5e18-4470-b89a-177d871bb3a5 a3649dd5c3c74006bbd5202e293ffc9e 44357df3051c42f9828f5d3181f30ed1 - - default default] 10.0.0.14 "POST /v2.0/security-group-rules HTTP/1.1" status: 201 len: 796 time: 0.1708333
2026-06-13 23:55:43.196 9 WARNING neutron_lib.context [None req-af53c3c1-4cd6-4f36-b6b9-d3cc6f047bda a3649dd5c3c74006bbd5202e293ffc9e 44357df3051c42f9828f5d3181f30ed1 - - default default] Method 'is_advsvc' is deprecated since 2023.2 release (neutron-lib 3.8.0) and will be removed once support for the old RBAC API policies will be removed from Neutron. Please use method 'is_service_role' instead.
2026-06-13 23:55:43.204 9 INFO neutron.db.ovn_revision_numbers_db [req-de5c9542-91aa-4f67-8538-de5c06977fa2 req-2e7dbfc3-425f-455e-8dca-97e4802da603 b0e347e8b46043fc986c5f6f0c26d434 8d752182e71d478780423eeade36c5ab - - default default] Successfully bumped revision number for resource 5d5ac11b-bf62-44a4-8abb-06ef731e2af1 (type: security_group_rules) to 0
2026-06-13 23:55:43.222 9 INFO neutron.db.ovn_revision_numbers_db [req-de5c9542-91aa-4f67-8538-de5c06977fa2 req-2e7dbfc3-425f-455e-8dca-97e4802da603 b0e347e8b46043fc986c5f6f0c26d434 8d752182e71d478780423eeade36c5ab - - default default] Successfully bumped revision number for resource 6af9f89d-6543-42c7-a154-f6273cf227ff (type: security_group_rules) to 0
2026-06-13 23:55:43.230 10 INFO neutron.api.wsgi [req-921c2e29-48d4-4b5d-ad19-46323a86ba47 req-08124b99-d46e-44d4-8126-6621fffffdcd c7505b338671483d87e7ab08fd0ca435 3d1483b620fd4d198a33589cf7b6bbe6 - - 57931df8023144c59092a2fb0fce9280 57931df8023144c59092a2fb0fce9280] 10.0.0.229 "GET /v2.0/networks/68460457-d074-400f-b646-d9960bfe4921?fields=provider%3Aphysical_network&fields=provider%3Anetwork_type HTTP/1.1" status: 200 len: 277 time: 0.0754635
2026-06-13 23:55:43.251 10 WARNING neutron.scheduler.dhcp_agent_scheduler [None req-a7877e86-aad7-47bd-9513-aa036c7ba618 a4575adf4cdd40c79c6b08240389dc13 3f9c90b0dcd94d44aa508c514ef3d755 - - default default] No more DHCP agents
2026-06-13 23:55:43.252 9 INFO neutron.api.wsgi [req-de5c9542-91aa-4f67-8538-de5c06977fa2 req-2e7dbfc3-425f-455e-8dca-97e4802da603 b0e347e8b46043fc986c5f6f0c26d434 8d752182e71d478780423eeade36c5ab - - default default] 10.0.0.229 "POST /v2.0/security-groups HTTP/1.1" status: 201 len: 1889 time: 0.1877172
2026-06-13 23:55:43.253 10 WARNING neutron.api.rpc.agentnotifiers.dhcp_rpc_agent_api [None req-a7877e86-aad7-47bd-9513-aa036c7ba618 a4575adf4cdd40c79c6b08240389dc13 3f9c90b0dcd94d44aa508c514ef3d755 - - default default] Unable to schedule network 55e469c1-2231-4616-b3fe-1ab74ffe14fe: no agents available; will retry on subsequent port and subnet creation events.
2026-06-13 23:55:43.304 9 INFO neutron.api.wsgi [req-d34fff1b-55b5-48dd-9eab-faeb59aa3a6d req-b6585ae5-d17c-49f1-baf7-dd8cef275898 b0e347e8b46043fc986c5f6f0c26d434 8d752182e71d478780423eeade36c5ab - - default default] 10.0.0.229 "GET /v2.0/security-groups/4a0856fa-b1d8-4fb1-a1a9-60460b7ecfa3 HTTP/1.1" status: 200 len: 1884 time: 0.0250239
2026-06-13 23:55:43.316 9 WARNING neutron_lib.context [req-d34fff1b-55b5-48dd-9eab-faeb59aa3a6d req-168ba316-2c9a-4bf8-bb62-2dc12d31e8b5 b0e347e8b46043fc986c5f6f0c26d434 8d752182e71d478780423eeade36c5ab - - default default] Method 'is_advsvc' is deprecated since 2023.2 release (neutron-lib 3.8.0) and will be removed once support for the old RBAC API policies will be removed from Neutron. Please use method 'is_service_role' instead.
2026-06-13 23:55:43.321 9 INFO neutron.db.ovn_revision_numbers_db [None req-af53c3c1-4cd6-4f36-b6b9-d3cc6f047bda a3649dd5c3c74006bbd5202e293ffc9e 44357df3051c42f9828f5d3181f30ed1 - - default default] Successfully bumped revision number for resource 5af0e969-e534-4353-bcf1-5cfe5fffe4a6 (type: security_group_rules) to 0
2026-06-13 23:55:43.355 9 INFO neutron.api.wsgi [None req-af53c3c1-4cd6-4f36-b6b9-d3cc6f047bda a3649dd5c3c74006bbd5202e293ffc9e 44357df3051c42f9828f5d3181f30ed1 - - default default] 10.0.0.14 "POST /v2.0/security-group-rules HTTP/1.1" status: 201 len: 801 time: 0.1632078
2026-06-13 23:55:43.356 10 INFO neutron.db.ovn_revision_numbers_db [None req-a7877e86-aad7-47bd-9513-aa036c7ba618 a4575adf4cdd40c79c6b08240389dc13 3f9c90b0dcd94d44aa508c514ef3d755 - - default default] Successfully bumped revision number for resource 8e75330a-27ba-4aec-b878-4e32accda069 (type: ports) to 1
2026-06-13 23:55:43.366 10 WARNING neutron_lib.context [None req-b6e1ce92-c94a-4c1d-9c4b-570a86c9207a a3649dd5c3c74006bbd5202e293ffc9e 44357df3051c42f9828f5d3181f30ed1 - - default default] Method 'is_advsvc' is deprecated since 2023.2 release (neutron-lib 3.8.0) and will be removed once support for the old RBAC API policies will be removed from Neutron. Please use method 'is_service_role' instead.
2026-06-13 23:55:43.416 10 INFO neutron.api.wsgi [req-d5ee08a3-9aa9-41e9-8be8-2cf339ecefce req-29133efb-0b3a-4931-be09-53c8dc36470c 6ff19f356afa4429a6a40cef0e743bb1 ab70acb792074745bf2badb56b6a5bd3 - - default default] 10.0.0.229 "GET /v2.0/ports?device_id=3e56d59b-140e-4303-a7e9-fd7902bbf85f HTTP/1.1" status: 200 len: 210 time: 0.0304809
2026-06-13 23:55:43.432 9 INFO neutron.db.ovn_revision_numbers_db [req-d34fff1b-55b5-48dd-9eab-faeb59aa3a6d req-168ba316-2c9a-4bf8-bb62-2dc12d31e8b5 b0e347e8b46043fc986c5f6f0c26d434 8d752182e71d478780423eeade36c5ab - - default default] Successfully bumped revision number for resource 327a1fc7-ea48-4adf-8536-d79b6e4184f9 (type: security_group_rules) to 0
2026-06-13 23:55:43.459 9 INFO neutron.api.wsgi [req-d34fff1b-55b5-48dd-9eab-faeb59aa3a6d req-168ba316-2c9a-4bf8-bb62-2dc12d31e8b5 b0e347e8b46043fc986c5f6f0c26d434 8d752182e71d478780423eeade36c5ab - - default default] 10.0.0.229 "POST /v2.0/security-group-rules HTTP/1.1" status: 201 len: 818 time: 0.1493320
2026-06-13 23:55:43.526 10 INFO neutron.api.wsgi [req-99832616-10f3-48e6-9ca9-b600d1aaf9f5 req-b502e098-befd-4aac-a170-4072d82fb40d b0e347e8b46043fc986c5f6f0c26d434 8d752182e71d478780423eeade36c5ab - - default default] 10.0.0.229 "GET /v2.0/security-groups/4a0856fa-b1d8-4fb1-a1a9-60460b7ecfa3 HTTP/1.1" status: 200 len: 2509 time: 0.0413082
2026-06-13 23:55:43.540 10 WARNING neutron_lib.context [req-99832616-10f3-48e6-9ca9-b600d1aaf9f5 req-e6cd5e19-7b5c-4b2b-8ebd-bf0158882817 b0e347e8b46043fc986c5f6f0c26d434 8d752182e71d478780423eeade36c5ab - - default default] Method 'is_advsvc' is deprecated since 2023.2 release (neutron-lib 3.8.0) and will be removed once support for the old RBAC API policies will be removed from Neutron. Please use method 'is_service_role' instead.
2026-06-13 23:55:43.542 10 INFO neutron.db.ovn_revision_numbers_db [None req-53b41175-0d44-4ecf-8206-fd3d99d7d8c8 - - - - - -] Successfully bumped revision number for resource 5be7e59c-410c-4bc6-a363-e4c92676ed57 (type: ports) to 4
2026-06-13 23:55:43.886 10 INFO neutron.db.ovn_revision_numbers_db [req-99832616-10f3-48e6-9ca9-b600d1aaf9f5 req-e6cd5e19-7b5c-4b2b-8ebd-bf0158882817 b0e347e8b46043fc986c5f6f0c26d434 8d752182e71d478780423eeade36c5ab - - default default] Successfully bumped revision number for resource b75049b9-f164-44cb-adb2-a463012a13ea (type: security_group_rules) to 0
2026-06-13 23:55:43.906 10 WARNING neutron.scheduler.dhcp_agent_scheduler [None req-b6e1ce92-c94a-4c1d-9c4b-570a86c9207a a3649dd5c3c74006bbd5202e293ffc9e 44357df3051c42f9828f5d3181f30ed1 - - default default] No more DHCP agents
2026-06-13 23:55:43.910 10 WARNING neutron.api.rpc.agentnotifiers.dhcp_rpc_agent_api [None req-b6e1ce92-c94a-4c1d-9c4b-570a86c9207a a3649dd5c3c74006bbd5202e293ffc9e 44357df3051c42f9828f5d3181f30ed1 - - default default] Unable to schedule network a1989ccb-af26-48f1-a0d4-7666d6cf0335: no agents available; will retry on subsequent port and subnet creation events.
2026-06-13 23:55:43.950 10 INFO neutron.api.wsgi [req-99832616-10f3-48e6-9ca9-b600d1aaf9f5 req-e6cd5e19-7b5c-4b2b-8ebd-bf0158882817 b0e347e8b46043fc986c5f6f0c26d434 8d752182e71d478780423eeade36c5ab - - default default] 10.0.0.229 "POST /v2.0/security-group-rules HTTP/1.1" status: 201 len: 823 time: 0.4168735
2026-06-13 23:55:44.001 9 INFO neutron.api.wsgi [req-2116ac41-5726-4911-8f53-4bb42f236dbd req-d10d525e-3379-40d4-8817-b76b38388828 b0e347e8b46043fc986c5f6f0c26d434 8d752182e71d478780423eeade36c5ab - - default default] 10.0.0.229 "GET /v2.0/security-groups/4a0856fa-b1d8-4fb1-a1a9-60460b7ecfa3 HTTP/1.1" status: 200 len: 3139 time: 0.0294154
2026-06-13 23:55:44.059 10 INFO neutron.api.wsgi [req-5665b048-d29a-4ece-b50f-1191f80512d1 req-aae21237-28ff-424d-be52-8dddd3b1db9b b0e347e8b46043fc986c5f6f0c26d434 8d752182e71d478780423eeade36c5ab - - default default] 10.0.0.229 "GET /v2.0/security-group-rules/b75049b9-f164-44cb-adb2-a463012a13ea HTTP/1.1" status: 200 len: 815 time: 0.0326133
2026-06-13 23:55:44.123 10 INFO neutron.api.wsgi [req-5665b048-d29a-4ece-b50f-1191f80512d1 req-36ae132a-9a70-4ef5-8a24-2aa4787d73d7 b0e347e8b46043fc986c5f6f0c26d434 8d752182e71d478780423eeade36c5ab - - default default] 10.0.0.229 "GET /v2.0/security-groups/4a0856fa-b1d8-4fb1-a1a9-60460b7ecfa3 HTTP/1.1" status: 200 len: 3139 time: 0.0560782
2026-06-13 23:55:44.244 10 INFO neutron.db.ovn_revision_numbers_db [None req-53b41175-0d44-4ecf-8206-fd3d99d7d8c8 - - - - - -] Successfully bumped revision number for resource 5be7e59c-410c-4bc6-a363-e4c92676ed57 (type: ports) to 5
2026-06-13 23:55:44.412 10 INFO neutron.api.wsgi [None req-b6e1ce92-c94a-4c1d-9c4b-570a86c9207a a3649dd5c3c74006bbd5202e293ffc9e 44357df3051c42f9828f5d3181f30ed1 - - default default] 10.0.0.14 "POST /v2.0/floatingips HTTP/1.1" status: 201 len: 751 time: 1.0482755
2026-06-13 23:55:44.417 10 INFO neutron.api.wsgi [req-5665b048-d29a-4ece-b50f-1191f80512d1 req-da22fd1a-489c-47e8-be7b-10f0b1c06654 b0e347e8b46043fc986c5f6f0c26d434 8d752182e71d478780423eeade36c5ab - - default default] 10.0.0.229 "DELETE /v2.0/security-group-rules/b75049b9-f164-44cb-adb2-a463012a13ea HTTP/1.1" status: 204 len: 173 time: 0.2878513
2026-06-13 23:55:44.423 10 INFO neutron.db.ovn_revision_numbers_db [None req-a7877e86-aad7-47bd-9513-aa036c7ba618 a4575adf4cdd40c79c6b08240389dc13 3f9c90b0dcd94d44aa508c514ef3d755 - - default default] Successfully bumped revision number for resource 8e75330a-27ba-4aec-b878-4e32accda069 (type: ports) to 1
2026-06-13 23:55:44.469 9 INFO neutron.api.wsgi [req-8687bcd2-534e-474d-b056-3406e0adcb3c req-452b5775-96ab-466a-be8b-93ae5282d05c b0e347e8b46043fc986c5f6f0c26d434 8d752182e71d478780423eeade36c5ab - - default default] 10.0.0.229 "GET /v2.0/security-groups/4a0856fa-b1d8-4fb1-a1a9-60460b7ecfa3 HTTP/1.1" status: 200 len: 2509 time: 0.0297949
2026-06-13 23:55:44.474 10 WARNING neutron.scheduler.dhcp_agent_scheduler [None req-a7877e86-aad7-47bd-9513-aa036c7ba618 a4575adf4cdd40c79c6b08240389dc13 3f9c90b0dcd94d44aa508c514ef3d755 - - default default] No more DHCP agents
2026-06-13 23:55:44.475 10 WARNING neutron.api.rpc.agentnotifiers.dhcp_rpc_agent_api [None req-a7877e86-aad7-47bd-9513-aa036c7ba618 a4575adf4cdd40c79c6b08240389dc13 3f9c90b0dcd94d44aa508c514ef3d755 - - default default] Unable to schedule network 55e469c1-2231-4616-b3fe-1ab74ffe14fe: no agents available; will retry on subsequent port and subnet creation events.
2026-06-13 23:55:44.532 10 INFO neutron.api.wsgi [req-b05c3eca-1cab-4c84-92dc-8991782d2135 req-8c29468d-0d33-4b25-a28c-330f1e93dea6 6ff19f356afa4429a6a40cef0e743bb1 ab70acb792074745bf2badb56b6a5bd3 - - default default] 10.0.0.229 "GET /v2.0/ports?device_id=3e56d59b-140e-4303-a7e9-fd7902bbf85f HTTP/1.1" status: 200 len: 210 time: 0.0156896
2026-06-13 23:55:44.590 9 INFO neutron.api.wsgi [req-8687bcd2-534e-474d-b056-3406e0adcb3c req-51c4c846-4be0-4dec-8d11-76661a3b1cf6 b0e347e8b46043fc986c5f6f0c26d434 8d752182e71d478780423eeade36c5ab - - default default] 10.0.0.229 "DELETE /v2.0/security-groups/4a0856fa-b1d8-4fb1-a1a9-60460b7ecfa3 HTTP/1.1" status: 204 len: 173 time: 0.1150458
2026-06-13 23:55:44.633 10 INFO neutron.api.wsgi [req-4293e0dd-01ac-41bd-a308-3cb87c45ba09 req-c2d08eab-0c6f-429c-9351-e4eaeab489ee b0e347e8b46043fc986c5f6f0c26d434 8d752182e71d478780423eeade36c5ab - - default default] 10.0.0.229 "GET /v2.0/security-groups/e0ee5419-e255-4f18-8279-7096d9fc8ae3 HTTP/1.1" status: 200 len: 2510 time: 0.0288663
2026-06-13 23:55:44.777 10 INFO neutron.api.wsgi [req-4293e0dd-01ac-41bd-a308-3cb87c45ba09 req-bfb54592-a5bd-48e5-b6d0-5d95fe33e083 b0e347e8b46043fc986c5f6f0c26d434 8d752182e71d478780423eeade36c5ab - - default default] 10.0.0.229 "DELETE /v2.0/security-groups/e0ee5419-e255-4f18-8279-7096d9fc8ae3 HTTP/1.1" status: 204 len: 173 time: 0.1396298
2026-06-13 23:55:44.818 9 INFO neutron.api.wsgi [req-8e6c8de3-7250-4814-905e-c32f88f5a167 req-ce929bf9-d814-4f09-be9d-fc3c192f7ef8 a3649dd5c3c74006bbd5202e293ffc9e 44357df3051c42f9828f5d3181f30ed1 - - default default] 10.0.0.229 "GET /v2.0/security-groups?name=tempest-securitygroup--786696807&fields=id&tenant_id=44357df3051c42f9828f5d3181f30ed1 HTTP/1.1" status: 200 len: 267 time: 0.0373695
2026-06-13 23:55:44.870 9 INFO neutron.api.wsgi [req-8e6c8de3-7250-4814-905e-c32f88f5a167 req-597cab3e-6503-4b30-afa8-d5aee3be4259 a3649dd5c3c74006bbd5202e293ffc9e 44357df3051c42f9828f5d3181f30ed1 - - default default] 10.0.0.229 "GET /v2.0/networks?id=c076d3c3-2d73-4fa6-a5eb-9047b2e3f5ef HTTP/1.1" status: 200 len: 875 time: 0.0478494
2026-06-13 23:55:44.885 9 INFO neutron.api.wsgi [req-8e6c8de3-7250-4814-905e-c32f88f5a167 req-17fa1629-fabf-488e-8a29-8a60bf31ca86 a3649dd5c3c74006bbd5202e293ffc9e 44357df3051c42f9828f5d3181f30ed1 - - default default] 10.0.0.229 "GET /v2.0/quotas/44357df3051c42f9828f5d3181f30ed1 HTTP/1.1" status: 200 len: 491 time: 0.0084500
2026-06-13 23:55:44.989 9 INFO neutron.api.wsgi [req-8e6c8de3-7250-4814-905e-c32f88f5a167 req-0dba761a-6f56-4fab-963b-7025ff8edcee a3649dd5c3c74006bbd5202e293ffc9e 44357df3051c42f9828f5d3181f30ed1 - - default default] 10.0.0.229 "GET /v2.0/ports?tenant_id=44357df3051c42f9828f5d3181f30ed1&fields=id HTTP/1.1" status: 200 len: 302 time: 0.0970249
2026-06-13 23:55:45.333 9 INFO neutron.api.wsgi [req-8e6c8de3-7250-4814-905e-c32f88f5a167 req-3c9b740e-c84d-4f96-9b63-2e52fb46eb58 c7505b338671483d87e7ab08fd0ca435 3d1483b620fd4d198a33589cf7b6bbe6 - - 57931df8023144c59092a2fb0fce9280 57931df8023144c59092a2fb0fce9280] 10.0.0.229 "GET /v2.0/extensions HTTP/1.1" status: 200 len: 19298 time: 0.0291059
2026-06-13 23:55:45.502 9 INFO neutron.api.wsgi [req-8e6c8de3-7250-4814-905e-c32f88f5a167 req-75764b59-8ae7-4963-be98-64b911c6fc18 c7505b338671483d87e7ab08fd0ca435 3d1483b620fd4d198a33589cf7b6bbe6 - - 57931df8023144c59092a2fb0fce9280 57931df8023144c59092a2fb0fce9280] 10.0.0.229 "GET /v2.0/networks/c076d3c3-2d73-4fa6-a5eb-9047b2e3f5ef?fields=segments HTTP/1.1" status: 200 len: 212 time: 0.1623526
2026-06-13 23:55:45.541 10 INFO neutron.db.ovn_revision_numbers_db [None req-a7877e86-aad7-47bd-9513-aa036c7ba618 a4575adf4cdd40c79c6b08240389dc13 3f9c90b0dcd94d44aa508c514ef3d755 - - default default] Successfully bumped revision number for resource 8e75330a-27ba-4aec-b878-4e32accda069 (type: router_ports) to 1
2026-06-13 23:55:45.546 9 INFO neutron.api.wsgi [req-8e6c8de3-7250-4814-905e-c32f88f5a167 req-a6746105-087e-41db-82a5-4d0e87cf98d4 c7505b338671483d87e7ab08fd0ca435 3d1483b620fd4d198a33589cf7b6bbe6 - - 57931df8023144c59092a2fb0fce9280 57931df8023144c59092a2fb0fce9280] 10.0.0.229 "GET /v2.0/networks/c076d3c3-2d73-4fa6-a5eb-9047b2e3f5ef?fields=provider%3Aphysical_network&fields=provider%3Anetwork_type HTTP/1.1" status: 200 len: 277 time: 0.0372710
2026-06-13 23:55:45.547 10 INFO neutron.api.wsgi [None req-a7877e86-aad7-47bd-9513-aa036c7ba618 a4575adf4cdd40c79c6b08240389dc13 3f9c90b0dcd94d44aa508c514ef3d755 - - default default] 10.0.0.14 "PUT /v2.0/routers/1aadb5d8-fc9b-4483-b5fb-a9f3e559428e/add_router_interface HTTP/1.1" status: 200 len: 503 time: 2.8211563
2026-06-13 23:55:45.626 10 INFO neutron.api.wsgi [req-253cf050-e8be-4d3e-b089-217adc28a17d req-961f08a4-0aed-4484-abf4-7676a8c47c56 6ff19f356afa4429a6a40cef0e743bb1 ab70acb792074745bf2badb56b6a5bd3 - - default default] 10.0.0.229 "GET /v2.0/ports?device_id=3e56d59b-140e-4303-a7e9-fd7902bbf85f HTTP/1.1" status: 200 len: 210 time: 0.0246804
2026-06-13 23:55:45.745 10 INFO neutron.api.wsgi [req-f22b9773-49b8-410d-b612-9e7be24c02ba req-d42d9b7b-645c-4ca7-bad4-38b3a7d26136 a3649dd5c3c74006bbd5202e293ffc9e 44357df3051c42f9828f5d3181f30ed1 - - default default] 10.0.0.229 "GET /v2.0/ports?device_id=13e421d8-ff8c-41f7-8369-8b955e6768c1 HTTP/1.1" status: 200 len: 210 time: 0.0176198
2026-06-13 23:55:45.904 9 WARNING neutron.plugins.ml2.drivers.ovn.mech_driver.ovsdb.ovn_client [None req-d25822c1-3d40-49d1-8e54-a26430dfbf82 - - - - - -] No hosting information found for port ffd1c33c-6562-4425-b398-f87d06d3fbc8: RuntimeError: No hosting information found for port ffd1c33c-6562-4425-b398-f87d06d3fbc8
2026-06-13 23:55:45.904 9 INFO neutron.plugins.ml2.drivers.ovn.mech_driver.mech_driver [None req-d25822c1-3d40-49d1-8e54-a26430dfbf82 - - - - - -] OVN reports status up for port: 0dcf0e31-13b0-4b73-8f9b-3f41a0e77027
2026-06-13 23:55:45.909 9 INFO neutron.plugins.ml2.plugin [None req-d25822c1-3d40-49d1-8e54-a26430dfbf82 - - - - - -] Attempt 1 to provision port 0dcf0e31-13b0-4b73-8f9b-3f41a0e77027
2026-06-13 23:55:45.982 9 WARNING neutron_lib.context [req-33b70ad2-ae71-48ab-9478-ae150481c66d req-791d2eee-9857-45ca-ac3f-8e3602c7efeb 53ce10d7c90a494daa16f32dc8f26b66 2438afa41a954917a3b6d0f526efb578 - - default default] Method 'is_advsvc' is deprecated since 2023.2 release (neutron-lib 3.8.0) and will be removed once support for the old RBAC API policies will be removed from Neutron. Please use method 'is_service_role' instead.
2026-06-13 23:55:46.100 9 INFO neutron.db.ovn_revision_numbers_db [req-33b70ad2-ae71-48ab-9478-ae150481c66d req-791d2eee-9857-45ca-ac3f-8e3602c7efeb 53ce10d7c90a494daa16f32dc8f26b66 2438afa41a954917a3b6d0f526efb578 - - default default] Successfully bumped revision number for resource 8bf59d6f-1c3c-4e00-b120-707e26275727 (type: security_groups) to 1
2026-06-13 23:55:46.113 9 INFO neutron.db.ovn_revision_numbers_db [req-33b70ad2-ae71-48ab-9478-ae150481c66d req-791d2eee-9857-45ca-ac3f-8e3602c7efeb 53ce10d7c90a494daa16f32dc8f26b66 2438afa41a954917a3b6d0f526efb578 - - default default] Successfully bumped revision number for resource a69f804a-0eef-49e3-89d7-2d6e06fae59a (type: security_group_rules) to 0
2026-06-13 23:55:46.124 9 INFO neutron.db.ovn_revision_numbers_db [req-33b70ad2-ae71-48ab-9478-ae150481c66d req-791d2eee-9857-45ca-ac3f-8e3602c7efeb 53ce10d7c90a494daa16f32dc8f26b66 2438afa41a954917a3b6d0f526efb578 - - default default] Successfully bumped revision number for resource b5cf96f5-cf33-415f-8791-17cb695c86af (type: security_group_rules) to 0
2026-06-13 23:55:46.154 9 INFO neutron.api.wsgi [req-33b70ad2-ae71-48ab-9478-ae150481c66d req-791d2eee-9857-45ca-ac3f-8e3602c7efeb 53ce10d7c90a494daa16f32dc8f26b66 2438afa41a954917a3b6d0f526efb578 - - default default] 10.0.0.229 "POST /v2.0/security-groups HTTP/1.1" status: 201 len: 1886 time: 0.1800127
2026-06-13 23:55:46.182 10 WARNING neutron_lib.context [req-bc552436-9adc-471d-9dab-79debd2d3280 req-abd1c5cc-697c-4d2c-82d1-d971df18c6aa 53ce10d7c90a494daa16f32dc8f26b66 2438afa41a954917a3b6d0f526efb578 - - default default] Method 'is_advsvc' is deprecated since 2023.2 release (neutron-lib 3.8.0) and will be removed once support for the old RBAC API policies will be removed from Neutron. Please use method 'is_service_role' instead.
2026-06-13 23:55:46.290 9 INFO neutron.db.ovn_revision_numbers_db [None req-d25822c1-3d40-49d1-8e54-a26430dfbf82 - - - - - -] Successfully bumped revision number for resource 0dcf0e31-13b0-4b73-8f9b-3f41a0e77027 (type: ports) to 2
2026-06-13 23:55:46.292 10 INFO neutron.api.wsgi [None req-ba2e2046-c1a2-4494-aa79-e13d439b8a9f a4575adf4cdd40c79c6b08240389dc13 3f9c90b0dcd94d44aa508c514ef3d755 - - default default] 10.0.0.14 "PUT /v2.0/routers/d6597ea7-c8f3-4051-9fd8-ff937b4ad461/remove_router_interface HTTP/1.1" status: 200 len: 503 time: 1.5061681 /var/lib/openstack/lib/python3.12/site-packages/pycadf/identifier.py:71: UserWarning: Invalid uuid: neutron. To ensure interoperability, identifiers should be a valid uuid. warnings.warn(('Invalid uuid: %s. To ensure interoperability, '
2026-06-13 23:55:46.377 10 INFO neutron.db.ovn_revision_numbers_db [req-bc552436-9adc-471d-9dab-79debd2d3280 req-abd1c5cc-697c-4d2c-82d1-d971df18c6aa 53ce10d7c90a494daa16f32dc8f26b66 2438afa41a954917a3b6d0f526efb578 - - default default] Successfully bumped revision number for resource 5691ab94-9de7-495b-ab16-ec72ebb394a2 (type: security_groups) to 1
2026-06-13 23:55:46.393 10 INFO neutron.db.ovn_revision_numbers_db [req-bc552436-9adc-471d-9dab-79debd2d3280 req-abd1c5cc-697c-4d2c-82d1-d971df18c6aa 53ce10d7c90a494daa16f32dc8f26b66 2438afa41a954917a3b6d0f526efb578 - - default default] Successfully bumped revision number for resource 73b0f6b7-64b2-40be-9e2d-d5ae4d2a234a (type: security_group_rules) to 0
2026-06-13 23:55:46.421 10 INFO neutron.db.ovn_revision_numbers_db [req-bc552436-9adc-471d-9dab-79debd2d3280 req-abd1c5cc-697c-4d2c-82d1-d971df18c6aa 53ce10d7c90a494daa16f32dc8f26b66 2438afa41a954917a3b6d0f526efb578 - - default default] Successfully bumped revision number for resource e99d9393-df1f-4674-9f3a-77433c2f5fc6 (type: security_group_rules) to 0
2026-06-13 23:55:46.460 10 INFO neutron.api.wsgi [req-bc552436-9adc-471d-9dab-79debd2d3280 req-abd1c5cc-697c-4d2c-82d1-d971df18c6aa 53ce10d7c90a494daa16f32dc8f26b66 2438afa41a954917a3b6d0f526efb578 - - default default] 10.0.0.229 "POST /v2.0/security-groups HTTP/1.1" status: 201 len: 1886 time: 0.2821591
2026-06-13 23:55:46.484 9 WARNING neutron_lib.context [req-9932e042-1ecd-4cbf-8155-c6a1addd00f2 req-f42fb33d-13ec-4f27-b096-8c9250660bec 53ce10d7c90a494daa16f32dc8f26b66 2438afa41a954917a3b6d0f526efb578 - - default default] Method 'is_advsvc' is deprecated since 2023.2 release (neutron-lib 3.8.0) and will be removed once support for the old RBAC API policies will be removed from Neutron. Please use method 'is_service_role' instead.
2026-06-13 23:55:46.489 10 WARNING neutron.plugins.ml2.drivers.ovn.mech_driver.ovsdb.ovn_client [None req-06595342-1cd8-42a8-95f2-6262d387973f - - - - - -] No port found with ID 13b7c1a3-c23d-4f74-8e27-b77a739cd4db: RuntimeError: No port found with ID 13b7c1a3-c23d-4f74-8e27-b77a739cd4db
2026-06-13 23:55:46.505 10 INFO neutron.plugins.ml2.drivers.ovn.mech_driver.mech_driver [None req-06595342-1cd8-42a8-95f2-6262d387973f - - - - - -] OVN reports status up for port: 5be7e59c-410c-4bc6-a363-e4c92676ed57
2026-06-13 23:55:46.515 10 INFO neutron.plugins.ml2.plugin [None req-06595342-1cd8-42a8-95f2-6262d387973f - - - - - -] Attempt 1 to provision port 5be7e59c-410c-4bc6-a363-e4c92676ed57
2026-06-13 23:55:46.568 9 INFO neutron.db.ovn_revision_numbers_db [req-9932e042-1ecd-4cbf-8155-c6a1addd00f2 req-f42fb33d-13ec-4f27-b096-8c9250660bec 53ce10d7c90a494daa16f32dc8f26b66 2438afa41a954917a3b6d0f526efb578 - - default default] Successfully bumped revision number for resource feec3fe8-ccc9-4f6c-9018-ccb0a0c60331 (type: security_groups) to 1
2026-06-13 23:55:46.582 9 INFO neutron.db.ovn_revision_numbers_db [req-9932e042-1ecd-4cbf-8155-c6a1addd00f2 req-f42fb33d-13ec-4f27-b096-8c9250660bec 53ce10d7c90a494daa16f32dc8f26b66 2438afa41a954917a3b6d0f526efb578 - - default default] Successfully bumped revision number for resource 456bec9a-9711-47a2-8704-71d7c3d63cb2 (type: security_group_rules) to 0
2026-06-13 23:55:46.588 10 INFO neutron.plugins.ml2.drivers.ovn.mech_driver.mech_driver [None req-06595342-1cd8-42a8-95f2-6262d387973f - - - - - -] OVN reports status up for port: 8e75330a-27ba-4aec-b878-4e32accda069
2026-06-13 23:55:46.596 10 INFO neutron.plugins.ml2.plugin [None req-06595342-1cd8-42a8-95f2-6262d387973f - - - - - -] Attempt 1 to provision port 8e75330a-27ba-4aec-b878-4e32accda069
2026-06-13 23:55:46.597 9 INFO neutron.db.ovn_revision_numbers_db [req-9932e042-1ecd-4cbf-8155-c6a1addd00f2 req-f42fb33d-13ec-4f27-b096-8c9250660bec 53ce10d7c90a494daa16f32dc8f26b66 2438afa41a954917a3b6d0f526efb578 - - default default] Successfully bumped revision number for resource a28726b1-77ca-4c0e-8f68-819cf1d2fef6 (type: security_group_rules) to 0
2026-06-13 23:55:46.622 9 INFO neutron.api.wsgi [req-9932e042-1ecd-4cbf-8155-c6a1addd00f2 req-f42fb33d-13ec-4f27-b096-8c9250660bec 53ce10d7c90a494daa16f32dc8f26b66 2438afa41a954917a3b6d0f526efb578 - - default default] 10.0.0.229 "POST /v2.0/security-groups HTTP/1.1" status: 201 len: 1886 time: 0.1421626
2026-06-13 23:55:46.700 10 INFO neutron.api.wsgi [req-486ce83c-88f1-4fbe-8f2c-5c26910006f4 req-b252a1e0-2c42-48f8-8a4c-7bda94565d53 53ce10d7c90a494daa16f32dc8f26b66 2438afa41a954917a3b6d0f526efb578 - - default default] 10.0.0.229 "GET /v2.0/security-groups?tenant_id=2438afa41a954917a3b6d0f526efb578 HTTP/1.1" status: 200 len: 8104 time: 0.0553889
2026-06-13 23:55:46.749 10 INFO neutron.api.wsgi [req-486ce83c-88f1-4fbe-8f2c-5c26910006f4 req-4bfe41d7-c4da-4872-8c63-78821472c72e 53ce10d7c90a494daa16f32dc8f26b66 2438afa41a954917a3b6d0f526efb578 - - default default] 10.0.0.229 "GET /v2.0/security-groups/1053cf77-157d-4124-b298-d578e0f7bc20 HTTP/1.1" status: 200 len: 3118 time: 0.0419376
2026-06-13 23:55:46.770 9 INFO neutron.api.wsgi [req-2478a4ec-8bad-4b8c-949e-5c1aad5dcf6c req-933b88bf-d045-4583-aafd-9860b53cf21b 6ff19f356afa4429a6a40cef0e743bb1 ab70acb792074745bf2badb56b6a5bd3 - - default default] 10.0.0.229 "GET /v2.0/ports?device_id=3e56d59b-140e-4303-a7e9-fd7902bbf85f HTTP/1.1" status: 200 len: 210 time: 0.0305586
2026-06-13 23:55:46.788 10 INFO neutron.api.wsgi [req-486ce83c-88f1-4fbe-8f2c-5c26910006f4 req-a3230879-4bc7-4882-a8a5-6bb8c2c18ff4 53ce10d7c90a494daa16f32dc8f26b66 2438afa41a954917a3b6d0f526efb578 - - default default] 10.0.0.229 "GET /v2.0/security-groups/1053cf77-157d-4124-b298-d578e0f7bc20 HTTP/1.1" status: 200 len: 3118 time: 0.0320144
2026-06-13 23:55:46.837 10 INFO neutron.api.wsgi [req-d77ee080-4a6e-4348-be1c-af02e5250007 req-7607fb0d-6190-45d5-81b8-04ab6e9701ee 53ce10d7c90a494daa16f32dc8f26b66 2438afa41a954917a3b6d0f526efb578 - - default default] 10.0.0.229 "GET /v2.0/security-groups/8bf59d6f-1c3c-4e00-b120-707e26275727 HTTP/1.1" status: 200 len: 1881 time: 0.0248578
2026-06-13 23:55:46.848 9 INFO neutron.api.wsgi [req-4786d1eb-ed1b-483d-a0a3-1c4ca22dc9bc req-6342d67a-bae8-47ee-a338-7b45b1a7f91c a3649dd5c3c74006bbd5202e293ffc9e 44357df3051c42f9828f5d3181f30ed1 - - default default] 10.0.0.229 "GET /v2.0/ports?device_id=13e421d8-ff8c-41f7-8369-8b955e6768c1 HTTP/1.1" status: 200 len: 210 time: 0.0166466
2026-06-13 23:55:47.045 10 INFO neutron.api.wsgi [req-d77ee080-4a6e-4348-be1c-af02e5250007 req-3a6a5f8b-009c-45ff-9ac0-314979af2ffd 53ce10d7c90a494daa16f32dc8f26b66 2438afa41a954917a3b6d0f526efb578 - - default default] 10.0.0.229 "DELETE /v2.0/security-groups/8bf59d6f-1c3c-4e00-b120-707e26275727 HTTP/1.1" status: 204 len: 173 time: 0.2019558
2026-06-13 23:55:47.060 10 INFO neutron.api.wsgi [None req-0a831d46-fddd-4f6a-8bc6-3020aaa91780 a4575adf4cdd40c79c6b08240389dc13 3f9c90b0dcd94d44aa508c514ef3d755 - - default default] 10.0.0.14 "DELETE /v2.0/routers/d6597ea7-c8f3-4051-9fd8-ff937b4ad461 HTTP/1.1" status: 204 len: 168 time: 0.7600088
2026-06-13 23:55:47.078 9 INFO neutron.api.v2.resource [req-e39527e5-a8f1-4078-be78-22d41f1e9329 req-fbd396db-3e03-475b-8784-cd1b350b75e2 53ce10d7c90a494daa16f32dc8f26b66 2438afa41a954917a3b6d0f526efb578 - - default default] show failed (client error): The resource could not be found.
2026-06-13 23:55:47.079 9 INFO neutron.api.wsgi [req-e39527e5-a8f1-4078-be78-22d41f1e9329 req-fbd396db-3e03-475b-8784-cd1b350b75e2 53ce10d7c90a494daa16f32dc8f26b66 2438afa41a954917a3b6d0f526efb578 - - default default] 10.0.0.229 "GET /v2.0/security-groups/8bf59d6f-1c3c-4e00-b120-707e26275727 HTTP/1.1" status: 404 len: 352 time: 0.0126796
2026-06-13 23:55:47.244 10 INFO neutron.api.wsgi [req-76549149-4a08-4489-a85b-00c3de8014b6 req-b08e8630-f59d-4d05-9731-eedcdef58af2 53ce10d7c90a494daa16f32dc8f26b66 2438afa41a954917a3b6d0f526efb578 - - default default] 10.0.0.229 "GET /v2.0/security-groups/5691ab94-9de7-495b-ab16-ec72ebb394a2 HTTP/1.1" status: 200 len: 1881 time: 0.0336671
2026-06-13 23:55:47.314 10 INFO neutron.db.ovn_revision_numbers_db [None req-06595342-1cd8-42a8-95f2-6262d387973f - - - - - -] Successfully bumped revision number for resource 8e75330a-27ba-4aec-b878-4e32accda069 (type: ports) to 2
2026-06-13 23:55:47.388 10 INFO neutron.api.wsgi [None req-cd85f655-dd6a-4ff7-a6d5-1f76c86b1119 a4575adf4cdd40c79c6b08240389dc13 3f9c90b0dcd94d44aa508c514ef3d755 - - default default] 10.0.0.14 "DELETE /v2.0/subnets/3460e768-91f7-4dcc-9890-d03f7fc8633d HTTP/1.1" status: 204 len: 168 time: 0.3224065
2026-06-13 23:55:47.427 10 INFO neutron.api.wsgi [req-76549149-4a08-4489-a85b-00c3de8014b6 req-8a93daf8-04d3-4e9b-8e9d-fab9d40bc3d8 53ce10d7c90a494daa16f32dc8f26b66 2438afa41a954917a3b6d0f526efb578 - - default default] 10.0.0.229 "DELETE /v2.0/security-groups/5691ab94-9de7-495b-ab16-ec72ebb394a2 HTTP/1.1" status: 204 len: 173 time: 0.1741250
2026-06-13 23:55:47.458 9 INFO neutron.api.v2.resource [req-c839cc2c-c5a2-4001-9b18-ac83b5348671 req-86727844-bfad-40bf-99b5-e9756c77ae2b 53ce10d7c90a494daa16f32dc8f26b66 2438afa41a954917a3b6d0f526efb578 - - default default] show failed (client error): The resource could not be found.
2026-06-13 23:55:47.459 9 INFO neutron.api.wsgi [req-c839cc2c-c5a2-4001-9b18-ac83b5348671 req-86727844-bfad-40bf-99b5-e9756c77ae2b 53ce10d7c90a494daa16f32dc8f26b66 2438afa41a954917a3b6d0f526efb578 - - default default] 10.0.0.229 "GET /v2.0/security-groups/5691ab94-9de7-495b-ab16-ec72ebb394a2 HTTP/1.1" status: 404 len: 352 time: 0.0109665
2026-06-13 23:55:47.501 10 INFO neutron.api.wsgi [req-ad48352e-9297-46ea-b1e1-93e19f4014c5 req-56da6b47-17fc-438f-8421-13eb2e563523 53ce10d7c90a494daa16f32dc8f26b66 2438afa41a954917a3b6d0f526efb578 - - default default] 10.0.0.229 "GET /v2.0/security-groups/feec3fe8-ccc9-4f6c-9018-ccb0a0c60331 HTTP/1.1" status: 200 len: 1881 time: 0.0257916
2026-06-13 23:55:47.600 10 INFO neutron.api.wsgi [req-ad48352e-9297-46ea-b1e1-93e19f4014c5 req-ece062e6-7663-4e5e-9a05-85dacdfd3ac9 53ce10d7c90a494daa16f32dc8f26b66 2438afa41a954917a3b6d0f526efb578 - - default default] 10.0.0.229 "DELETE /v2.0/security-groups/feec3fe8-ccc9-4f6c-9018-ccb0a0c60331 HTTP/1.1" status: 204 len: 173 time: 0.0943291
2026-06-13 23:55:47.634 9 INFO neutron.api.v2.resource [req-9975e85c-3a41-4f79-b9d4-a63c9eba6b5b req-f4167d3f-071e-4126-a4b7-4058bb53744a 53ce10d7c90a494daa16f32dc8f26b66 2438afa41a954917a3b6d0f526efb578 - - default default] show failed (client error): The resource could not be found.
2026-06-13 23:55:47.635 9 INFO neutron.api.wsgi [req-9975e85c-3a41-4f79-b9d4-a63c9eba6b5b req-f4167d3f-071e-4126-a4b7-4058bb53744a 53ce10d7c90a494daa16f32dc8f26b66 2438afa41a954917a3b6d0f526efb578 - - default default] 10.0.0.229 "GET /v2.0/security-groups/feec3fe8-ccc9-4f6c-9018-ccb0a0c60331 HTTP/1.1" status: 404 len: 352 time: 0.0128818
2026-06-13 23:55:47.705 10 INFO neutron.api.wsgi [req-80fa96bd-a10f-44e2-92b5-dfd01577309c req-95377979-3024-4556-a5f8-d3b997ec0d3d 53ce10d7c90a494daa16f32dc8f26b66 2438afa41a954917a3b6d0f526efb578 - - default default] 10.0.0.229 "GET /v2.0/security-groups?tenant_id=2438afa41a954917a3b6d0f526efb578 HTTP/1.1" status: 200 len: 3121 time: 0.0486414
2026-06-13 23:55:47.740 10 INFO neutron.api.wsgi [None req-b6cfec8e-b464-4685-9dab-08fdc083c54c a4575adf4cdd40c79c6b08240389dc13 3f9c90b0dcd94d44aa508c514ef3d755 - - default default] 10.0.0.14 "DELETE /v2.0/networks/d1f47a34-ba5c-4266-aed3-3b5a168f0520 HTTP/1.1" status: 204 len: 168 time: 0.3471620
2026-06-13 23:55:47.747 10 INFO neutron.api.wsgi [req-80fa96bd-a10f-44e2-92b5-dfd01577309c req-670f78c1-d21f-447e-b06f-b521c7b41a5f 53ce10d7c90a494daa16f32dc8f26b66 2438afa41a954917a3b6d0f526efb578 - - default default] 10.0.0.229 "GET /v2.0/security-groups/1053cf77-157d-4124-b298-d578e0f7bc20 HTTP/1.1" status: 200 len: 3118 time: 0.0330596
2026-06-13 23:55:47.780 10 INFO neutron.api.wsgi [req-80fa96bd-a10f-44e2-92b5-dfd01577309c req-1f9020c9-9a1a-4466-8f1b-549bef272c74 53ce10d7c90a494daa16f32dc8f26b66 2438afa41a954917a3b6d0f526efb578 - - default default] 10.0.0.229 "GET /v2.0/security-groups/1053cf77-157d-4124-b298-d578e0f7bc20 HTTP/1.1" status: 200 len: 3118 time: 0.0281239
2026-06-13 23:55:47.820 9 INFO neutron.api.v2.resource [req-9f8afe76-e27c-4890-a5f4-1b6b556a3cb1 req-06649dae-dd7d-4840-b06a-bda822d3c4c5 53ce10d7c90a494daa16f32dc8f26b66 2438afa41a954917a3b6d0f526efb578 - - default default] show failed (client error): The resource could not be found.
2026-06-13 23:55:47.821 9 INFO neutron.api.wsgi [req-9f8afe76-e27c-4890-a5f4-1b6b556a3cb1 req-06649dae-dd7d-4840-b06a-bda822d3c4c5 53ce10d7c90a494daa16f32dc8f26b66 2438afa41a954917a3b6d0f526efb578 - - default default] 10.0.0.229 "GET /v2.0/security-groups/feec3fe8-ccc9-4f6c-9018-ccb0a0c60331 HTTP/1.1" status: 404 len: 352 time: 0.0172837
2026-06-13 23:55:47.853 9 INFO neutron.api.v2.resource [req-82315091-c757-4311-b23a-c4bdbdc0b109 req-2759e3e1-0b1b-404a-8264-0c54ed69e812 53ce10d7c90a494daa16f32dc8f26b66 2438afa41a954917a3b6d0f526efb578 - - default default] show failed (client error): The resource could not be found.
2026-06-13 23:55:47.854 9 INFO neutron.api.wsgi [req-82315091-c757-4311-b23a-c4bdbdc0b109 req-2759e3e1-0b1b-404a-8264-0c54ed69e812 53ce10d7c90a494daa16f32dc8f26b66 2438afa41a954917a3b6d0f526efb578 - - default default] 10.0.0.229 "GET /v2.0/security-groups/5691ab94-9de7-495b-ab16-ec72ebb394a2 HTTP/1.1" status: 404 len: 352 time: 0.0172014
2026-06-13 23:55:47.864 10 INFO neutron.api.wsgi [req-ddfb2528-328b-41fd-bbf3-bf230700d8dd req-f4fa839f-9f49-450f-8b21-88736df195f2 6ff19f356afa4429a6a40cef0e743bb1 ab70acb792074745bf2badb56b6a5bd3 - - default default] 10.0.0.229 "GET /v2.0/ports?device_id=3e56d59b-140e-4303-a7e9-fd7902bbf85f HTTP/1.1" status: 200 len: 210 time: 0.0206118
2026-06-13 23:55:47.923 10 INFO neutron.api.v2.resource [req-9a39090b-8fd9-44e6-b7cd-5c830e0d3a3d req-7eed398c-0663-4c8b-9f89-b714d7cb0da7 53ce10d7c90a494daa16f32dc8f26b66 2438afa41a954917a3b6d0f526efb578 - - default default] show failed (client error): The resource could not be found.
2026-06-13 23:55:47.925 10 INFO neutron.api.wsgi [req-9a39090b-8fd9-44e6-b7cd-5c830e0d3a3d req-7eed398c-0663-4c8b-9f89-b714d7cb0da7 53ce10d7c90a494daa16f32dc8f26b66 2438afa41a954917a3b6d0f526efb578 - - default default] 10.0.0.229 "GET /v2.0/security-groups/8bf59d6f-1c3c-4e00-b120-707e26275727 HTTP/1.1" status: 404 len: 352 time: 0.0254424
2026-06-13 23:55:47.934 9 INFO neutron.api.wsgi [req-476fde45-597b-439f-b4be-7a36fb1c3e0f req-2b96d878-6e50-4632-b971-57a351a9c6e8 a3649dd5c3c74006bbd5202e293ffc9e 44357df3051c42f9828f5d3181f30ed1 - - default default] 10.0.0.229 "GET /v2.0/ports?device_id=13e421d8-ff8c-41f7-8369-8b955e6768c1 HTTP/1.1" status: 200 len: 210 time: 0.0175033
2026-06-13 23:55:47.969 10 INFO neutron.api.wsgi [None req-a56fc60a-e274-481d-9a6f-f23254662fc3 a4575adf4cdd40c79c6b08240389dc13 3f9c90b0dcd94d44aa508c514ef3d755 - - default default] 10.0.0.14 "GET /v2.0/security-groups?tenant_id=8d752182e71d478780423eeade36c5ab&name=default HTTP/1.1" status: 200 len: 3116 time: 0.0351806
2026-06-13 23:55:48.157 10 INFO neutron.services.segments.plugin [-] Segment 0cf2f7f1-04fa-4a75-a6e7-c61b21858645 resource provider aggregate not found
2026-06-13 23:55:48.168 10 INFO neutron.services.segments.plugin [-] Segment 0cf2f7f1-04fa-4a75-a6e7-c61b21858645 resource provider not found; error: Placement Client Error (4xx): {"errors": [{"status": 404, "title": "Not Found", "detail": "The resource could not be found.\n\n No resource provider with uuid 0cf2f7f1-04fa-4a75-a6e7-c61b21858645 found for delete ", "request_id": "req-2ee2f431-ed50-4ffb-9e80-3679f173a1c5"}]}
2026-06-13 23:55:48.182 10 INFO neutron.services.segments.plugin [-] Segment 0cf2f7f1-04fa-4a75-a6e7-c61b21858645 resource provider aggregate not found
2026-06-13 23:55:48.195 10 INFO neutron.services.segments.plugin [-] Segment 0cf2f7f1-04fa-4a75-a6e7-c61b21858645 resource provider not found; error: Placement Client Error (4xx): {"errors": [{"status": 404, "title": "Not Found", "detail": "The resource could not be found.\n\n No resource provider with uuid 0cf2f7f1-04fa-4a75-a6e7-c61b21858645 found for delete ", "request_id": "req-8923340e-db53-4fbb-8146-a86e4b79820c"}]}
2026-06-13 23:55:48.272 9 INFO neutron.api.wsgi [None req-92feacf2-a616-4e67-b681-f65a5a0ffd70 a4575adf4cdd40c79c6b08240389dc13 3f9c90b0dcd94d44aa508c514ef3d755 - - default default] 10.0.0.14 "DELETE /v2.0/security-groups/32bc3c83-c6a7-458b-b478-5e8d7697c03e HTTP/1.1" status: 204 len: 168 time: 0.2968328
2026-06-13 23:55:48.392 9 INFO neutron.api.wsgi [req-921c2e29-48d4-4b5d-ad19-46323a86ba47 req-6b0f1b21-aa68-49d8-9405-d83f47d5d0f3 6ff19f356afa4429a6a40cef0e743bb1 ab70acb792074745bf2badb56b6a5bd3 - - default default] 199.204.45.25 "GET /v2.0/networks?id=68460457-d074-400f-b646-d9960bfe4921 HTTP/1.1" status: 200 len: 876 time: 0.1053514
2026-06-13 23:55:48.422 9 WARNING neutron_lib.context [req-921c2e29-48d4-4b5d-ad19-46323a86ba47 req-daa52954-1419-47da-9057-ce5cea274489 6ff19f356afa4429a6a40cef0e743bb1 ab70acb792074745bf2badb56b6a5bd3 - - default default] Method 'is_advsvc' is deprecated since 2023.2 release (neutron-lib 3.8.0) and will be removed once support for the old RBAC API policies will be removed from Neutron. Please use method 'is_service_role' instead.
2026-06-13 23:55:48.964 9 WARNING neutron.scheduler.dhcp_agent_scheduler [req-921c2e29-48d4-4b5d-ad19-46323a86ba47 req-daa52954-1419-47da-9057-ce5cea274489 6ff19f356afa4429a6a40cef0e743bb1 ab70acb792074745bf2badb56b6a5bd3 - - default default] No more DHCP agents
2026-06-13 23:55:48.972 9 WARNING neutron.api.rpc.agentnotifiers.dhcp_rpc_agent_api [req-921c2e29-48d4-4b5d-ad19-46323a86ba47 req-daa52954-1419-47da-9057-ce5cea274489 6ff19f356afa4429a6a40cef0e743bb1 ab70acb792074745bf2badb56b6a5bd3 - - default default] Unable to schedule network 68460457-d074-400f-b646-d9960bfe4921: no agents available; will retry on subsequent port and subnet creation events. /var/lib/openstack/lib/python3.12/site-packages/pycadf/identifier.py:71: UserWarning: Invalid uuid: neutron. To ensure interoperability, identifiers should be a valid uuid. warnings.warn(('Invalid uuid: %s. To ensure interoperability, '
2026-06-13 23:55:49.016 10 INFO neutron.api.wsgi [req-77317858-bf06-4433-aca0-85b2b4cdd70a req-29e2bbc8-20d6-4c01-b370-8bd53baceccd 6ff19f356afa4429a6a40cef0e743bb1 ab70acb792074745bf2badb56b6a5bd3 - - default default] 10.0.0.229 "GET /v2.0/ports?device_id=3e56d59b-140e-4303-a7e9-fd7902bbf85f HTTP/1.1" status: 200 len: 1160 time: 0.0829439
2026-06-13 23:55:49.023 9 INFO neutron.api.wsgi [req-1c83b5dd-f191-432c-a61b-f0cf64bf56f7 req-ba1e7c19-12fd-4f34-aac6-1482af2813d1 a3649dd5c3c74006bbd5202e293ffc9e 44357df3051c42f9828f5d3181f30ed1 - - default default] 10.0.0.229 "GET /v2.0/ports?device_id=13e421d8-ff8c-41f7-8369-8b955e6768c1 HTTP/1.1" status: 200 len: 210 time: 0.0226955
2026-06-13 23:55:49.062 10 INFO neutron.api.wsgi [req-77317858-bf06-4433-aca0-85b2b4cdd70a req-5780faa7-329f-4192-9eaf-94c2aea4c3cf 6ff19f356afa4429a6a40cef0e743bb1 ab70acb792074745bf2badb56b6a5bd3 - - default default] 10.0.0.229 "GET /v2.0/security-groups?id=651207b8-1551-44ee-bebf-b6144d457609&fields=id&fields=name HTTP/1.1" status: 200 len: 286 time: 0.0416782
