2026-04-07 01:24:29.508 7 INFO placement.requestlog [None req-634e10b2-8d7c-4e7b-8d69-01b5c932f200 eec0dedbf083418a8ca8aa996104b284 031ed15c37f14a1faa7e2baff48d970f - - ab83638ada464ed7b71a70ee097010a2 ab83638ada464ed7b71a70ee097010a2] 10.0.0.146 "DELETE /resource_providers/79eefc45-76aa-48e0-a730-43f78beebc14" status: 404 len: 246 microversion: 1.1 [pid: 7|app: 0|req: 432/857] 10.0.0.146 () {34 vars in 816 bytes} [Tue Apr 7 01:24:29 2026] DELETE /resource_providers/79eefc45-76aa-48e0-a730-43f78beebc14 => generated 246 bytes in 17 msecs (HTTP/1.1 404) 6 headers in 231 bytes (1 switches on core 0)
2026-04-07 01:24:29.511 8 INFO placement.requestlog [None req-0b7bf800-98ba-49b3-becd-c392a39e2e85 eec0dedbf083418a8ca8aa996104b284 031ed15c37f14a1faa7e2baff48d970f - - ab83638ada464ed7b71a70ee097010a2 ab83638ada464ed7b71a70ee097010a2] 10.0.0.146 "DELETE /resource_providers/79eefc45-76aa-48e0-a730-43f78beebc14" status: 404 len: 246 microversion: 1.1 [pid: 8|app: 0|req: 426/858] 10.0.0.146 () {34 vars in 816 bytes} [Tue Apr 7 01:24:29 2026] DELETE /resource_providers/79eefc45-76aa-48e0-a730-43f78beebc14 => generated 246 bytes in 10 msecs (HTTP/1.1 404) 6 headers in 231 bytes (1 switches on core 0)
2026-04-07 01:24:30.254 8 INFO placement.requestlog [None req-236c1ff0-8426-4b68-9c56-375d8ac6dfb7 - - - - - -] 10.0.0.111 "GET /" status: 200 len: 136 microversion: 1.0
2026-04-07 01:24:30.255 7 INFO placement.requestlog [None req-0a8b7b26-e2e0-496b-b2ef-e9a176b697f9 - - - - - -] 10.0.0.111 "GET /" status: 200 len: 136 microversion: 1.0
2026-04-07 01:24:31.003 8 INFO placement.requestlog [None req-96e1aff5-57e1-4ea2-a4e6-d4fe1889a5cb eec0dedbf083418a8ca8aa996104b284 031ed15c37f14a1faa7e2baff48d970f - - ab83638ada464ed7b71a70ee097010a2 ab83638ada464ed7b71a70ee097010a2] 10.0.0.146 "GET /resource_providers/84f6da1d-4f48-4be7-ad2c-ce9aade4fa67/aggregates" status: 404 len: 235 microversion: 1.1 [pid: 8|app: 0|req: 428/861] 10.0.0.146 () {32 vars in 816 bytes} [Tue Apr 7 01:24:30 2026] GET /resource_providers/84f6da1d-4f48-4be7-ad2c-ce9aade4fa67/aggregates => generated 235 bytes in 8 msecs (HTTP/1.1 404) 5 headers in 202 bytes (1 switches on core 0)
2026-04-07 01:24:31.006 7 INFO placement.requestlog [None req-fbf47b0c-4ba6-4281-bfcb-8c6a7f356f4e eec0dedbf083418a8ca8aa996104b284 031ed15c37f14a1faa7e2baff48d970f - - ab83638ada464ed7b71a70ee097010a2 ab83638ada464ed7b71a70ee097010a2] 10.0.0.146 "GET /resource_providers/84f6da1d-4f48-4be7-ad2c-ce9aade4fa67/aggregates" status: 404 len: 235 microversion: 1.1 [pid: 7|app: 0|req: 434/862] 10.0.0.146 () {32 vars in 816 bytes} [Tue Apr 7 01:24:30 2026] GET /resource_providers/84f6da1d-4f48-4be7-ad2c-ce9aade4fa67/aggregates => generated 235 bytes in 11 msecs (HTTP/1.1 404) 5 headers in 202 bytes (1 switches on core 0)
2026-04-07 01:24:31.026 8 INFO placement.requestlog [None req-db82a5ef-7ea3-4dcb-9848-d7c62218abf8 eec0dedbf083418a8ca8aa996104b284 031ed15c37f14a1faa7e2baff48d970f - - ab83638ada464ed7b71a70ee097010a2 ab83638ada464ed7b71a70ee097010a2] 10.0.0.146 "DELETE /resource_providers/84f6da1d-4f48-4be7-ad2c-ce9aade4fa67" status: 404 len: 246 microversion: 1.1 [pid: 8|app: 0|req: 429/863] 10.0.0.146 () {34 vars in 816 bytes} [Tue Apr 7 01:24:31 2026] DELETE /resource_providers/84f6da1d-4f48-4be7-ad2c-ce9aade4fa67 => generated 246 bytes in 10 msecs (HTTP/1.1 404) 6 headers in 231 bytes (1 switches on core 0)
2026-04-07 01:24:31.034 7 INFO placement.requestlog [None req-30220e46-46e9-46c1-a155-402c0615f146 eec0dedbf083418a8ca8aa996104b284 031ed15c37f14a1faa7e2baff48d970f - - ab83638ada464ed7b71a70ee097010a2 ab83638ada464ed7b71a70ee097010a2] 10.0.0.146 "DELETE /resource_providers/84f6da1d-4f48-4be7-ad2c-ce9aade4fa67" status: 404 len: 246 microversion: 1.1 [pid: 7|app: 0|req: 435/864] 10.0.0.146 () {34 vars in 816 bytes} [Tue Apr 7 01:24:31 2026] DELETE /resource_providers/84f6da1d-4f48-4be7-ad2c-ce9aade4fa67 => generated 246 bytes in 14 msecs (HTTP/1.1 404) 6 headers in 231 bytes (1 switches on core 0)
2026-04-07 01:24:31.387 8 INFO placement.requestlog [req-233e20cb-0ddd-4ad6-8b8a-7afdc75e96f5 req-e9f511b2-4048-4b06-940e-bc4ce89c4369 9b44a2690db3438e8008d4008a50862e 031ed15c37f14a1faa7e2baff48d970f - - ab83638ada464ed7b71a70ee097010a2 ab83638ada464ed7b71a70ee097010a2] 10.0.0.231 "GET /allocation_candidates?limit=1000&resources=DISK_GB%3A1%2CMEMORY_MB%3A512%2CVCPU%3A1&root_required=%21COMPUTE_STATUS_DISABLED" status: 200 len: 2640 microversion: 1.36 [pid: 8|app: 0|req: 430/865] 10.0.0.231 () {34 vars in 1012 bytes} [Tue Apr 7 01:24:31 2026] GET /allocation_candidates?limit=1000&resources=DISK_GB%3A1%2CMEMORY_MB%3A512%2CVCPU%3A1&root_required=%21COMPUTE_STATUS_DISABLED => generated 2640 bytes in 66 msecs (HTTP/1.1 200) 8 headers in 297 bytes (1 switches on core 0)
2026-04-07 01:24:31.437 7 INFO placement.requestlog [req-233e20cb-0ddd-4ad6-8b8a-7afdc75e96f5 req-7ca1816a-931b-4d8c-98c1-fff1b27ac19a 9b44a2690db3438e8008d4008a50862e 031ed15c37f14a1faa7e2baff48d970f - - ab83638ada464ed7b71a70ee097010a2 ab83638ada464ed7b71a70ee097010a2] 10.0.0.231 "GET /allocations/b857d2c1-3c9c-449d-acd3-1d7c6072afa3" status: 200 len: 19 microversion: 1.28 [pid: 7|app: 0|req: 436/866] 10.0.0.231 () {34 vars in 861 bytes} [Tue Apr 7 01:24:31 2026] GET /allocations/b857d2c1-3c9c-449d-acd3-1d7c6072afa3 => generated 19 bytes in 28 msecs (HTTP/1.1 200) 8 headers in 295 bytes (1 switches on core 0)
2026-04-07 01:24:31.529 8 INFO placement.requestlog [req-233e20cb-0ddd-4ad6-8b8a-7afdc75e96f5 req-692598b0-d6cd-44a9-8906-cfa40a74035c 9b44a2690db3438e8008d4008a50862e 031ed15c37f14a1faa7e2baff48d970f - - ab83638ada464ed7b71a70ee097010a2 ab83638ada464ed7b71a70ee097010a2] 10.0.0.231 "PUT /allocations/b857d2c1-3c9c-449d-acd3-1d7c6072afa3" status: 204 len: 0 microversion: 1.36 [pid: 8|app: 0|req: 431/867] 10.0.0.231 () {38 vars in 914 bytes} [Tue Apr 7 01:24:31 2026] PUT /allocations/b857d2c1-3c9c-449d-acd3-1d7c6072afa3 => generated 0 bytes in 84 msecs (HTTP/1.1 204) 5 headers in 199 bytes (1 switches on core 0)
2026-04-07 01:24:32.996 7 INFO placement.requestlog [req-233e20cb-0ddd-4ad6-8b8a-7afdc75e96f5 req-663bf8a9-8ae0-4b75-b9ad-5fccb23c6e8f 9b44a2690db3438e8008d4008a50862e 031ed15c37f14a1faa7e2baff48d970f - - ab83638ada464ed7b71a70ee097010a2 ab83638ada464ed7b71a70ee097010a2] 199.204.45.229 "GET /allocations/b857d2c1-3c9c-449d-acd3-1d7c6072afa3" status: 200 len: 257 microversion: 1.28 [pid: 7|app: 0|req: 437/868] 199.204.45.229 () {34 vars in 863 bytes} [Tue Apr 7 01:24:32 2026] GET /allocations/b857d2c1-3c9c-449d-acd3-1d7c6072afa3 => generated 257 bytes in 16 msecs (HTTP/1.1 200) 8 headers in 296 bytes (1 switches on core 0)
2026-04-07 01:24:34.032 8 INFO placement.requestlog [req-233e20cb-0ddd-4ad6-8b8a-7afdc75e96f5 req-b2cf3445-ab3a-43e8-b4d9-37b8023a8fab 9b44a2690db3438e8008d4008a50862e 031ed15c37f14a1faa7e2baff48d970f - - ab83638ada464ed7b71a70ee097010a2 ab83638ada464ed7b71a70ee097010a2] 199.204.45.229 "GET /resource_providers/45ed4240-783e-43a2-b7b9-23c26813cf4c/allocations" status: 200 len: 152 microversion: 1.0 [pid: 8|app: 0|req: 432/869] 199.204.45.229 () {32 vars in 857 bytes} [Tue Apr 7 01:24:34 2026] GET /resource_providers/45ed4240-783e-43a2-b7b9-23c26813cf4c/allocations => generated 152 bytes in 17 msecs (HTTP/1.1 200) 6 headers in 224 bytes (1 switches on core 0)
2026-04-07 01:24:34.053 7 INFO placement.requestlog [req-233e20cb-0ddd-4ad6-8b8a-7afdc75e96f5 req-98d80164-ccca-4e9b-9d14-6d92b79a9ce0 9b44a2690db3438e8008d4008a50862e 031ed15c37f14a1faa7e2baff48d970f - - ab83638ada464ed7b71a70ee097010a2 ab83638ada464ed7b71a70ee097010a2] 199.204.45.229 "GET /allocations/b857d2c1-3c9c-449d-acd3-1d7c6072afa3" status: 200 len: 257 microversion: 1.28 [pid: 7|app: 0|req: 438/870] 199.204.45.229 () {34 vars in 863 bytes} [Tue Apr 7 01:24:34 2026] GET /allocations/b857d2c1-3c9c-449d-acd3-1d7c6072afa3 => generated 257 bytes in 14 msecs (HTTP/1.1 200) 8 headers in 296 bytes (1 switches on core 0)
2026-04-07 01:24:39.924 8 INFO placement.requestlog [req-5b47dbc3-267f-4245-b598-d4130500691f req-8ce86ba8-7aa5-430a-8204-5eae9e069278 9b44a2690db3438e8008d4008a50862e 031ed15c37f14a1faa7e2baff48d970f - - ab83638ada464ed7b71a70ee097010a2 ab83638ada464ed7b71a70ee097010a2] 10.0.0.231 "GET /allocation_candidates?limit=1000&resources=DISK_GB%3A1%2CMEMORY_MB%3A512%2CVCPU%3A1&root_required=%21COMPUTE_STATUS_DISABLED" status: 200 len: 2642 microversion: 1.36 [pid: 8|app: 0|req: 433/871] 10.0.0.231 () {34 vars in 1012 bytes} [Tue Apr 7 01:24:39 2026] GET /allocation_candidates?limit=1000&resources=DISK_GB%3A1%2CMEMORY_MB%3A512%2CVCPU%3A1&root_required=%21COMPUTE_STATUS_DISABLED => generated 2642 bytes in 76 msecs (HTTP/1.1 200) 8 headers in 297 bytes (1 switches on core 0)
2026-04-07 01:24:39.962 7 INFO placement.requestlog [req-5b47dbc3-267f-4245-b598-d4130500691f req-61869602-ad18-4593-b6e8-8fdaeb4fa48d 9b44a2690db3438e8008d4008a50862e 031ed15c37f14a1faa7e2baff48d970f - - ab83638ada464ed7b71a70ee097010a2 ab83638ada464ed7b71a70ee097010a2] 10.0.0.231 "GET /allocations/2fa2b71d-b031-4a27-b919-10facec25341" status: 200 len: 19 microversion: 1.28 [pid: 7|app: 0|req: 439/872] 10.0.0.231 () {34 vars in 861 bytes} [Tue Apr 7 01:24:39 2026] GET /allocations/2fa2b71d-b031-4a27-b919-10facec25341 => generated 19 bytes in 12 msecs (HTTP/1.1 200) 8 headers in 295 bytes (1 switches on core 0)
2026-04-07 01:24:40.042 8 INFO placement.requestlog [req-5b47dbc3-267f-4245-b598-d4130500691f req-ee6e44f5-6082-4aae-af45-dfb6c0ef36f5 9b44a2690db3438e8008d4008a50862e 031ed15c37f14a1faa7e2baff48d970f - - ab83638ada464ed7b71a70ee097010a2 ab83638ada464ed7b71a70ee097010a2] 10.0.0.231 "PUT /allocations/2fa2b71d-b031-4a27-b919-10facec25341" status: 204 len: 0 microversion: 1.36 [pid: 8|app: 0|req: 434/873] 10.0.0.231 () {38 vars in 914 bytes} [Tue Apr 7 01:24:39 2026] PUT /allocations/2fa2b71d-b031-4a27-b919-10facec25341 => generated 0 bytes in 73 msecs (HTTP/1.1 204) 5 headers in 199 bytes (1 switches on core 0)
2026-04-07 01:24:40.254 7 INFO placement.requestlog [None req-8ddcb2fa-6a35-4b59-8741-03621fa41d3f - - - - - -] 10.0.0.111 "GET /" status: 200 len: 136 microversion: 1.0
2026-04-07 01:24:40.254 8 INFO placement.requestlog [None req-e4fdd7c3-5e3e-4fd0-8cce-011b3489c5f4 - - - - - -] 10.0.0.111 "GET /" status: 200 len: 136 microversion: 1.0
2026-04-07 01:24:41.636 7 INFO placement.requestlog [req-5b47dbc3-267f-4245-b598-d4130500691f req-1295a52c-7adf-47df-9dea-ea241f9480c2 9b44a2690db3438e8008d4008a50862e 031ed15c37f14a1faa7e2baff48d970f - - ab83638ada464ed7b71a70ee097010a2 ab83638ada464ed7b71a70ee097010a2] 199.204.45.229 "GET /allocations/2fa2b71d-b031-4a27-b919-10facec25341" status: 200 len: 257 microversion: 1.28 [pid: 7|app: 0|req: 441/876] 199.204.45.229 () {34 vars in 863 bytes} [Tue Apr 7 01:24:41 2026] GET /allocations/2fa2b71d-b031-4a27-b919-10facec25341 => generated 257 bytes in 13 msecs (HTTP/1.1 200) 8 headers in 296 bytes (1 switches on core 0)
2026-04-07 01:24:42.700 8 INFO placement.requestlog [req-5b47dbc3-267f-4245-b598-d4130500691f req-726a258f-b7ce-47da-8dda-690f7cf4bdc9 9b44a2690db3438e8008d4008a50862e 031ed15c37f14a1faa7e2baff48d970f - - ab83638ada464ed7b71a70ee097010a2 ab83638ada464ed7b71a70ee097010a2] 199.204.45.229 "GET /resource_providers/45ed4240-783e-43a2-b7b9-23c26813cf4c/allocations" status: 200 len: 252 microversion: 1.0 [pid: 8|app: 0|req: 436/877] 199.204.45.229 () {32 vars in 857 bytes} [Tue Apr 7 01:24:42 2026] GET /resource_providers/45ed4240-783e-43a2-b7b9-23c26813cf4c/allocations => generated 252 bytes in 38 msecs (HTTP/1.1 200) 6 headers in 224 bytes (1 switches on core 0)
2026-04-07 01:24:42.732 7 INFO placement.requestlog [req-5b47dbc3-267f-4245-b598-d4130500691f req-2e412107-dd5b-412c-80f9-a1061feb9d85 9b44a2690db3438e8008d4008a50862e 031ed15c37f14a1faa7e2baff48d970f - - ab83638ada464ed7b71a70ee097010a2 ab83638ada464ed7b71a70ee097010a2] 199.204.45.229 "GET /allocations/2fa2b71d-b031-4a27-b919-10facec25341" status: 200 len: 257 microversion: 1.28 [pid: 7|app: 0|req: 442/878] 199.204.45.229 () {34 vars in 863 bytes} [Tue Apr 7 01:24:42 2026] GET /allocations/2fa2b71d-b031-4a27-b919-10facec25341 => generated 257 bytes in 24 msecs (HTTP/1.1 200) 8 headers in 296 bytes (1 switches on core 0)
2026-04-07 01:24:42.755 8 INFO placement.requestlog [req-5b47dbc3-267f-4245-b598-d4130500691f req-52348fce-f735-468d-a7a6-9434f3382600 9b44a2690db3438e8008d4008a50862e 031ed15c37f14a1faa7e2baff48d970f - - ab83638ada464ed7b71a70ee097010a2 ab83638ada464ed7b71a70ee097010a2] 199.204.45.229 "GET /allocations/b857d2c1-3c9c-449d-acd3-1d7c6072afa3" status: 200 len: 257 microversion: 1.28 [pid: 8|app: 0|req: 437/879] 199.204.45.229 () {34 vars in 863 bytes} [Tue Apr 7 01:24:42 2026] GET /allocations/b857d2c1-3c9c-449d-acd3-1d7c6072afa3 => generated 257 bytes in 17 msecs (HTTP/1.1 200) 8 headers in 296 bytes (1 switches on core 0)
2026-04-07 01:24:47.926 7 INFO placement.requestlog [req-80f5789f-e336-4e33-a396-444e484d606a req-d4da8d18-6a4a-4cf0-86c8-093498ac1e1d 9b44a2690db3438e8008d4008a50862e 031ed15c37f14a1faa7e2baff48d970f - - ab83638ada464ed7b71a70ee097010a2 ab83638ada464ed7b71a70ee097010a2] 10.0.0.231 "GET /allocation_candidates?limit=1000&resources=DISK_GB%3A1%2CMEMORY_MB%3A512%2CVCPU%3A1&root_required=%21COMPUTE_STATUS_DISABLED" status: 200 len: 2643 microversion: 1.36 [pid: 7|app: 0|req: 443/880] 10.0.0.231 () {34 vars in 1012 bytes} [Tue Apr 7 01:24:47 2026] GET /allocation_candidates?limit=1000&resources=DISK_GB%3A1%2CMEMORY_MB%3A512%2CVCPU%3A1&root_required=%21COMPUTE_STATUS_DISABLED => generated 2643 bytes in 59 msecs (HTTP/1.1 200) 8 headers in 297 bytes (1 switches on core 0)
2026-04-07 01:24:47.958 8 INFO placement.requestlog [req-80f5789f-e336-4e33-a396-444e484d606a req-380c3df6-c900-4d2f-bc65-fc1c56f999e2 9b44a2690db3438e8008d4008a50862e 031ed15c37f14a1faa7e2baff48d970f - - ab83638ada464ed7b71a70ee097010a2 ab83638ada464ed7b71a70ee097010a2] 10.0.0.231 "GET /allocations/bc7d9d51-50d8-453f-944a-64fba507dbb5" status: 200 len: 19 microversion: 1.28 [pid: 8|app: 0|req: 438/881] 10.0.0.231 () {34 vars in 861 bytes} [Tue Apr 7 01:24:47 2026] GET /allocations/bc7d9d51-50d8-453f-944a-64fba507dbb5 => generated 19 bytes in 12 msecs (HTTP/1.1 200) 8 headers in 295 bytes (1 switches on core 0)
2026-04-07 01:24:48.037 7 INFO placement.requestlog [req-80f5789f-e336-4e33-a396-444e484d606a req-0ecd2434-b744-4cb4-9408-48f56ec20618 9b44a2690db3438e8008d4008a50862e 031ed15c37f14a1faa7e2baff48d970f - - ab83638ada464ed7b71a70ee097010a2 ab83638ada464ed7b71a70ee097010a2] 10.0.0.231 "PUT /allocations/bc7d9d51-50d8-453f-944a-64fba507dbb5" status: 204 len: 0 microversion: 1.36 [pid: 7|app: 0|req: 444/882] 10.0.0.231 () {38 vars in 914 bytes} [Tue Apr 7 01:24:47 2026] PUT /allocations/bc7d9d51-50d8-453f-944a-64fba507dbb5 => generated 0 bytes in 76 msecs (HTTP/1.1 204) 5 headers in 199 bytes (1 switches on core 0)
2026-04-07 01:24:49.535 8 INFO placement.requestlog [req-80f5789f-e336-4e33-a396-444e484d606a req-384370d0-4922-474c-960b-f37692ebd570 9b44a2690db3438e8008d4008a50862e 031ed15c37f14a1faa7e2baff48d970f - - ab83638ada464ed7b71a70ee097010a2 ab83638ada464ed7b71a70ee097010a2] 199.204.45.229 "GET /allocations/bc7d9d51-50d8-453f-944a-64fba507dbb5" status: 200 len: 257 microversion: 1.28 [pid: 8|app: 0|req: 439/883] 199.204.45.229 () {34 vars in 863 bytes} [Tue Apr 7 01:24:49 2026] GET /allocations/bc7d9d51-50d8-453f-944a-64fba507dbb5 => generated 257 bytes in 14 msecs (HTTP/1.1 200) 8 headers in 296 bytes (1 switches on core 0)
2026-04-07 01:24:50.254 8 INFO placement.requestlog [None req-f48c26e3-2d5a-4ce8-a538-dda1178f1262 - - - - - -] 10.0.0.111 "GET /" status: 200 len: 136 microversion: 1.0
2026-04-07 01:24:50.255 7 INFO placement.requestlog [None req-a4a2b49f-60d1-46ea-b3ab-4d2ed6ee0cb2 - - - - - -] 10.0.0.111 "GET /" status: 200 len: 136 microversion: 1.0
2026-04-07 01:24:50.573 8 INFO placement.requestlog [req-80f5789f-e336-4e33-a396-444e484d606a req-ac78ff42-f690-46ba-bc7e-35b5148f125e 9b44a2690db3438e8008d4008a50862e 031ed15c37f14a1faa7e2baff48d970f - - ab83638ada464ed7b71a70ee097010a2 ab83638ada464ed7b71a70ee097010a2] 199.204.45.229 "GET /resource_providers/45ed4240-783e-43a2-b7b9-23c26813cf4c/allocations" status: 200 len: 352 microversion: 1.0 [pid: 8|app: 0|req: 441/886] 199.204.45.229 () {32 vars in 857 bytes} [Tue Apr 7 01:24:50 2026] GET /resource_providers/45ed4240-783e-43a2-b7b9-23c26813cf4c/allocations => generated 352 bytes in 17 msecs (HTTP/1.1 200) 6 headers in 224 bytes (1 switches on core 0)
2026-04-07 01:24:50.600 7 INFO placement.requestlog [req-80f5789f-e336-4e33-a396-444e484d606a req-2ba29c14-41be-4957-bb20-ccdcecb567dc 9b44a2690db3438e8008d4008a50862e 031ed15c37f14a1faa7e2baff48d970f - - ab83638ada464ed7b71a70ee097010a2 ab83638ada464ed7b71a70ee097010a2] 199.204.45.229 "GET /allocations/2fa2b71d-b031-4a27-b919-10facec25341" status: 200 len: 257 microversion: 1.28 [pid: 7|app: 0|req: 446/887] 199.204.45.229 () {34 vars in 863 bytes} [Tue Apr 7 01:24:50 2026] GET /allocations/2fa2b71d-b031-4a27-b919-10facec25341 => generated 257 bytes in 20 msecs (HTTP/1.1 200) 8 headers in 296 bytes (1 switches on core 0)
2026-04-07 01:24:50.618 8 INFO placement.requestlog [req-80f5789f-e336-4e33-a396-444e484d606a req-fc6011a7-3d3b-443d-b12e-85c6417fcbd9 9b44a2690db3438e8008d4008a50862e 031ed15c37f14a1faa7e2baff48d970f - - ab83638ada464ed7b71a70ee097010a2 ab83638ada464ed7b71a70ee097010a2] 199.204.45.229 "GET /allocations/bc7d9d51-50d8-453f-944a-64fba507dbb5" status: 200 len: 257 microversion: 1.28 [pid: 8|app: 0|req: 442/888] 199.204.45.229 () {34 vars in 863 bytes} [Tue Apr 7 01:24:50 2026] GET /allocations/bc7d9d51-50d8-453f-944a-64fba507dbb5 => generated 257 bytes in 13 msecs (HTTP/1.1 200) 8 headers in 296 bytes (1 switches on core 0)
2026-04-07 01:24:50.641 7 INFO placement.requestlog [req-80f5789f-e336-4e33-a396-444e484d606a req-3c8323c1-5061-46fd-aee9-0d2ce5cbc6c8 9b44a2690db3438e8008d4008a50862e 031ed15c37f14a1faa7e2baff48d970f - - ab83638ada464ed7b71a70ee097010a2 ab83638ada464ed7b71a70ee097010a2] 199.204.45.229 "GET /allocations/b857d2c1-3c9c-449d-acd3-1d7c6072afa3" status: 200 len: 257 microversion: 1.28 [pid: 7|app: 0|req: 447/889] 199.204.45.229 () {34 vars in 863 bytes} [Tue Apr 7 01:24:50 2026] GET /allocations/b857d2c1-3c9c-449d-acd3-1d7c6072afa3 => generated 257 bytes in 16 msecs (HTTP/1.1 200) 8 headers in 296 bytes (1 switches on core 0)
2026-04-07 01:24:51.691 8 INFO placement.requestlog [req-04309ced-eb9f-459a-9dee-f924ce0fad22 req-86b4138b-3cb7-4fef-b847-22fb976b58a0 9b44a2690db3438e8008d4008a50862e 031ed15c37f14a1faa7e2baff48d970f - - ab83638ada464ed7b71a70ee097010a2 ab83638ada464ed7b71a70ee097010a2] 199.204.45.229 "GET /resource_providers/45ed4240-783e-43a2-b7b9-23c26813cf4c/allocations" status: 200 len: 352 microversion: 1.0 [pid: 8|app: 0|req: 443/890] 199.204.45.229 () {32 vars in 857 bytes} [Tue Apr 7 01:24:51 2026] GET /resource_providers/45ed4240-783e-43a2-b7b9-23c26813cf4c/allocations => generated 352 bytes in 18 msecs (HTTP/1.1 200) 6 headers in 224 bytes (1 switches on core 0)
2026-04-07 01:24:51.719 7 INFO placement.requestlog [req-04309ced-eb9f-459a-9dee-f924ce0fad22 req-9efd3fce-ada7-44c9-809a-516fbaa9917e 9b44a2690db3438e8008d4008a50862e 031ed15c37f14a1faa7e2baff48d970f - - ab83638ada464ed7b71a70ee097010a2 ab83638ada464ed7b71a70ee097010a2] 199.204.45.229 "GET /allocations/2fa2b71d-b031-4a27-b919-10facec25341" status: 200 len: 257 microversion: 1.28 [pid: 7|app: 0|req: 448/891] 199.204.45.229 () {34 vars in 863 bytes} [Tue Apr 7 01:24:51 2026] GET /allocations/2fa2b71d-b031-4a27-b919-10facec25341 => generated 257 bytes in 22 msecs (HTTP/1.1 200) 8 headers in 296 bytes (1 switches on core 0)
2026-04-07 01:24:51.734 8 INFO placement.requestlog [req-04309ced-eb9f-459a-9dee-f924ce0fad22 req-bca254f4-c6a1-4097-8dc2-6dbb0e1930a9 9b44a2690db3438e8008d4008a50862e 031ed15c37f14a1faa7e2baff48d970f - - ab83638ada464ed7b71a70ee097010a2 ab83638ada464ed7b71a70ee097010a2] 199.204.45.229 "GET /allocations/bc7d9d51-50d8-453f-944a-64fba507dbb5" status: 200 len: 257 microversion: 1.28 [pid: 8|app: 0|req: 444/892] 199.204.45.229 () {34 vars in 863 bytes} [Tue Apr 7 01:24:51 2026] GET /allocations/bc7d9d51-50d8-453f-944a-64fba507dbb5 => generated 257 bytes in 11 msecs (HTTP/1.1 200) 8 headers in 296 bytes (1 switches on core 0)
2026-04-07 01:24:51.751 7 INFO placement.requestlog [req-04309ced-eb9f-459a-9dee-f924ce0fad22 req-cf177f92-9e82-49fe-8781-5ae5976e8b28 9b44a2690db3438e8008d4008a50862e 031ed15c37f14a1faa7e2baff48d970f - - ab83638ada464ed7b71a70ee097010a2 ab83638ada464ed7b71a70ee097010a2] 199.204.45.229 "GET /allocations/b857d2c1-3c9c-449d-acd3-1d7c6072afa3" status: 200 len: 257 microversion: 1.28 [pid: 7|app: 0|req: 449/893] 199.204.45.229 () {34 vars in 863 bytes} [Tue Apr 7 01:24:51 2026] GET /allocations/b857d2c1-3c9c-449d-acd3-1d7c6072afa3 => generated 257 bytes in 12 msecs (HTTP/1.1 200) 8 headers in 296 bytes (1 switches on core 0)
2026-04-07 01:24:52.817 8 INFO placement.requestlog [req-04309ced-eb9f-459a-9dee-f924ce0fad22 req-1ccec6ea-96a9-4c5e-a612-ab84b8121f16 9b44a2690db3438e8008d4008a50862e 031ed15c37f14a1faa7e2baff48d970f - - ab83638ada464ed7b71a70ee097010a2 ab83638ada464ed7b71a70ee097010a2] 199.204.45.229 "DELETE /allocations/b857d2c1-3c9c-449d-acd3-1d7c6072afa3" status: 204 len: 0 microversion: 1.0 [pid: 8|app: 0|req: 445/894] 199.204.45.229 () {34 vars in 841 bytes} [Tue Apr 7 01:24:52 2026] DELETE /allocations/b857d2c1-3c9c-449d-acd3-1d7c6072afa3 => generated 0 bytes in 42 msecs (HTTP/1.1 204) 5 headers in 198 bytes (1 switches on core 0)
2026-04-07 01:24:56.350 7 INFO placement.requestlog [None req-c807e430-d295-44d0-b245-06206fefbe90 eec0dedbf083418a8ca8aa996104b284 031ed15c37f14a1faa7e2baff48d970f - - ab83638ada464ed7b71a70ee097010a2 ab83638ada464ed7b71a70ee097010a2] 10.0.0.146 "GET /resource_providers/38109315-e9e1-46fc-8aae-88f6c51d1847/aggregates" status: 404 len: 235 microversion: 1.1 [pid: 7|app: 0|req: 450/895] 10.0.0.146 () {32 vars in 816 bytes} [Tue Apr 7 01:24:56 2026] GET /resource_providers/38109315-e9e1-46fc-8aae-88f6c51d1847/aggregates => generated 235 bytes in 14 msecs (HTTP/1.1 404) 5 headers in 202 bytes (1 switches on core 0)
2026-04-07 01:24:56.373 7 INFO placement.requestlog [None req-c8fc8c2d-73b2-436e-8473-ab66b95965c1 eec0dedbf083418a8ca8aa996104b284 031ed15c37f14a1faa7e2baff48d970f - - ab83638ada464ed7b71a70ee097010a2 ab83638ada464ed7b71a70ee097010a2] 10.0.0.146 "DELETE /resource_providers/38109315-e9e1-46fc-8aae-88f6c51d1847" status: 404 len: 246 microversion: 1.1 [pid: 7|app: 0|req: 451/896] 10.0.0.146 () {34 vars in 816 bytes} [Tue Apr 7 01:24:56 2026] DELETE /resource_providers/38109315-e9e1-46fc-8aae-88f6c51d1847 => generated 246 bytes in 12 msecs (HTTP/1.1 404) 6 headers in 231 bytes (1 switches on core 0)
2026-04-07 01:24:56.378 8 INFO placement.requestlog [None req-2a29ae99-516f-4889-9484-fbe6fa4ff4d5 eec0dedbf083418a8ca8aa996104b284 031ed15c37f14a1faa7e2baff48d970f - - ab83638ada464ed7b71a70ee097010a2 ab83638ada464ed7b71a70ee097010a2] 10.0.0.146 "GET /resource_providers/38109315-e9e1-46fc-8aae-88f6c51d1847/aggregates" status: 404 len: 235 microversion: 1.1 [pid: 8|app: 0|req: 446/897] 10.0.0.146 () {32 vars in 816 bytes} [Tue Apr 7 01:24:56 2026] GET /resource_providers/38109315-e9e1-46fc-8aae-88f6c51d1847/aggregates => generated 235 bytes in 18 msecs (HTTP/1.1 404) 5 headers in 202 bytes (1 switches on core 0)
2026-04-07 01:24:56.395 7 INFO placement.requestlog [None req-ef05685e-753f-424b-b143-82c2615bbc46 eec0dedbf083418a8ca8aa996104b284 031ed15c37f14a1faa7e2baff48d970f - - ab83638ada464ed7b71a70ee097010a2 ab83638ada464ed7b71a70ee097010a2] 10.0.0.146 "DELETE /resource_providers/38109315-e9e1-46fc-8aae-88f6c51d1847" status: 404 len: 246 microversion: 1.1 [pid: 7|app: 0|req: 452/898] 10.0.0.146 () {34 vars in 816 bytes} [Tue Apr 7 01:24:56 2026] DELETE /resource_providers/38109315-e9e1-46fc-8aae-88f6c51d1847 => generated 246 bytes in 9 msecs (HTTP/1.1 404) 6 headers in 231 bytes (1 switches on core 0)
2026-04-07 01:24:58.395 8 INFO placement.requestlog [None req-e041843a-7a18-4296-8221-ebaa7ce80c2d eec0dedbf083418a8ca8aa996104b284 031ed15c37f14a1faa7e2baff48d970f - - ab83638ada464ed7b71a70ee097010a2 ab83638ada464ed7b71a70ee097010a2] 10.0.0.146 "GET /resource_providers/b328daad-ca1f-4267-8985-47eb96562a72/aggregates" status: 404 len: 235 microversion: 1.1 [pid: 8|app: 0|req: 447/899] 10.0.0.146 () {32 vars in 816 bytes} [Tue Apr 7 01:24:58 2026] GET /resource_providers/b328daad-ca1f-4267-8985-47eb96562a72/aggregates => generated 235 bytes in 9 msecs (HTTP/1.1 404) 5 headers in 202 bytes (1 switches on core 0)
2026-04-07 01:24:58.415 8 INFO placement.requestlog [None req-3dffac7c-fd21-49dc-92c9-61114d87f944 eec0dedbf083418a8ca8aa996104b284 031ed15c37f14a1faa7e2baff48d970f - - ab83638ada464ed7b71a70ee097010a2 ab83638ada464ed7b71a70ee097010a2] 10.0.0.146 "DELETE /resource_providers/b328daad-ca1f-4267-8985-47eb96562a72" status: 404 len: 246 microversion: 1.1 [pid: 8|app: 0|req: 448/900] 10.0.0.146 () {34 vars in 816 bytes} [Tue Apr 7 01:24:58 2026] DELETE /resource_providers/b328daad-ca1f-4267-8985-47eb96562a72 => generated 246 bytes in 11 msecs (HTTP/1.1 404) 6 headers in 231 bytes (1 switches on core 0)
2026-04-07 01:24:58.419 7 INFO placement.requestlog [None req-36b81620-dd22-4d7f-8719-d2dfc581a4ef eec0dedbf083418a8ca8aa996104b284 031ed15c37f14a1faa7e2baff48d970f - - ab83638ada464ed7b71a70ee097010a2 ab83638ada464ed7b71a70ee097010a2] 10.0.0.146 "GET /resource_providers/b328daad-ca1f-4267-8985-47eb96562a72/aggregates" status: 404 len: 235 microversion: 1.1 [pid: 7|app: 0|req: 453/901] 10.0.0.146 () {32 vars in 816 bytes} [Tue Apr 7 01:24:58 2026] GET /resource_providers/b328daad-ca1f-4267-8985-47eb96562a72/aggregates => generated 235 bytes in 16 msecs (HTTP/1.1 404) 5 headers in 202 bytes (1 switches on core 0)
2026-04-07 01:24:58.433 8 INFO placement.requestlog [None req-b58b9bc7-c524-4851-afdb-9fc49ace1381 eec0dedbf083418a8ca8aa996104b284 031ed15c37f14a1faa7e2baff48d970f - - ab83638ada464ed7b71a70ee097010a2 ab83638ada464ed7b71a70ee097010a2] 10.0.0.146 "DELETE /resource_providers/b328daad-ca1f-4267-8985-47eb96562a72" status: 404 len: 246 microversion: 1.1 [pid: 8|app: 0|req: 449/902] 10.0.0.146 () {34 vars in 816 bytes} [Tue Apr 7 01:24:58 2026] DELETE /resource_providers/b328daad-ca1f-4267-8985-47eb96562a72 => generated 246 bytes in 8 msecs (HTTP/1.1 404) 6 headers in 231 bytes (1 switches on core 0)
2026-04-07 01:25:00.254 8 INFO placement.requestlog [None req-a4a03069-973d-4568-87c1-0feecc6d9406 - - - - - -] 10.0.0.111 "GET /" status: 200 len: 136 microversion: 1.0
2026-04-07 01:25:00.254 7 INFO placement.requestlog [None req-1b04c90f-3bbb-455a-9d80-f751b74c003d - - - - - -] 10.0.0.111 "GET /" status: 200 len: 136 microversion: 1.0
2026-04-07 01:25:04.420 8 INFO placement.requestlog [req-0d8db0af-9a15-4aad-a15c-e70e9f51e61a req-88cf1552-e7b7-4d58-97ff-c04d95abadd1 9b44a2690db3438e8008d4008a50862e 031ed15c37f14a1faa7e2baff48d970f - - ab83638ada464ed7b71a70ee097010a2 ab83638ada464ed7b71a70ee097010a2] 10.0.0.231 "GET /allocation_candidates?limit=1000&resources=DISK_GB%3A1%2CMEMORY_MB%3A512%2CVCPU%3A1&root_required=%21COMPUTE_STATUS_DISABLED" status: 200 len: 2643 microversion: 1.36 [pid: 8|app: 0|req: 451/905] 10.0.0.231 () {34 vars in 1012 bytes} [Tue Apr 7 01:25:04 2026] GET /allocation_candidates?limit=1000&resources=DISK_GB%3A1%2CMEMORY_MB%3A512%2CVCPU%3A1&root_required=%21COMPUTE_STATUS_DISABLED => generated 2643 bytes in 64 msecs (HTTP/1.1 200) 8 headers in 297 bytes (1 switches on core 0)
2026-04-07 01:25:04.454 7 INFO placement.requestlog [req-0d8db0af-9a15-4aad-a15c-e70e9f51e61a req-f3b84c7a-2fe3-4b4a-8e6b-2c8133b9199c 9b44a2690db3438e8008d4008a50862e 031ed15c37f14a1faa7e2baff48d970f - - ab83638ada464ed7b71a70ee097010a2 ab83638ada464ed7b71a70ee097010a2] 10.0.0.231 "GET /allocations/eaa58e85-7fe2-4d85-8a50-52bfb4ef1110" status: 200 len: 19 microversion: 1.28 [pid: 7|app: 0|req: 455/906] 10.0.0.231 () {34 vars in 861 bytes} [Tue Apr 7 01:25:04 2026] GET /allocations/eaa58e85-7fe2-4d85-8a50-52bfb4ef1110 => generated 19 bytes in 10 msecs (HTTP/1.1 200) 8 headers in 295 bytes (1 switches on core 0)
2026-04-07 01:25:04.618 8 INFO placement.requestlog [req-0d8db0af-9a15-4aad-a15c-e70e9f51e61a req-8bc7b8ae-4be5-46d0-a7af-130b698964fe 9b44a2690db3438e8008d4008a50862e 031ed15c37f14a1faa7e2baff48d970f - - ab83638ada464ed7b71a70ee097010a2 ab83638ada464ed7b71a70ee097010a2] 10.0.0.231 "PUT /allocations/eaa58e85-7fe2-4d85-8a50-52bfb4ef1110" status: 204 len: 0 microversion: 1.36 [pid: 8|app: 0|req: 452/907] 10.0.0.231 () {38 vars in 914 bytes} [Tue Apr 7 01:25:04 2026] PUT /allocations/eaa58e85-7fe2-4d85-8a50-52bfb4ef1110 => generated 0 bytes in 158 msecs (HTTP/1.1 204) 5 headers in 199 bytes (1 switches on core 0)
2026-04-07 01:25:06.013 7 INFO placement.requestlog [req-0d8db0af-9a15-4aad-a15c-e70e9f51e61a req-1e35eed8-1ea4-4e02-9b50-c28b32c46c06 9b44a2690db3438e8008d4008a50862e 031ed15c37f14a1faa7e2baff48d970f - - ab83638ada464ed7b71a70ee097010a2 ab83638ada464ed7b71a70ee097010a2] 199.204.45.229 "GET /allocations/eaa58e85-7fe2-4d85-8a50-52bfb4ef1110" status: 200 len: 258 microversion: 1.28 [pid: 7|app: 0|req: 456/908] 199.204.45.229 () {34 vars in 863 bytes} [Tue Apr 7 01:25:05 2026] GET /allocations/eaa58e85-7fe2-4d85-8a50-52bfb4ef1110 => generated 258 bytes in 14 msecs (HTTP/1.1 200) 8 headers in 296 bytes (1 switches on core 0)
2026-04-07 01:25:07.070 8 INFO placement.requestlog [req-0d8db0af-9a15-4aad-a15c-e70e9f51e61a req-9fff45ac-0d41-4a1d-ac11-01c9de4324a0 9b44a2690db3438e8008d4008a50862e 031ed15c37f14a1faa7e2baff48d970f - - ab83638ada464ed7b71a70ee097010a2 ab83638ada464ed7b71a70ee097010a2] 199.204.45.229 "GET /resource_providers/45ed4240-783e-43a2-b7b9-23c26813cf4c/allocations" status: 200 len: 353 microversion: 1.0 [pid: 8|app: 0|req: 453/909] 199.204.45.229 () {32 vars in 857 bytes} [Tue Apr 7 01:25:07 2026] GET /resource_providers/45ed4240-783e-43a2-b7b9-23c26813cf4c/allocations => generated 353 bytes in 31 msecs (HTTP/1.1 200) 6 headers in 224 bytes (1 switches on core 0)
2026-04-07 01:25:07.090 7 INFO placement.requestlog [req-0d8db0af-9a15-4aad-a15c-e70e9f51e61a req-42810095-c889-433c-b011-a17134610f2f 9b44a2690db3438e8008d4008a50862e 031ed15c37f14a1faa7e2baff48d970f - - ab83638ada464ed7b71a70ee097010a2 ab83638ada464ed7b71a70ee097010a2] 199.204.45.229 "GET /allocations/eaa58e85-7fe2-4d85-8a50-52bfb4ef1110" status: 200 len: 258 microversion: 1.28 [pid: 7|app: 0|req: 457/910] 199.204.45.229 () {34 vars in 863 bytes} [Tue Apr 7 01:25:07 2026] GET /allocations/eaa58e85-7fe2-4d85-8a50-52bfb4ef1110 => generated 258 bytes in 13 msecs (HTTP/1.1 200) 8 headers in 296 bytes (1 switches on core 0)
2026-04-07 01:25:07.112 8 INFO placement.requestlog [req-0d8db0af-9a15-4aad-a15c-e70e9f51e61a req-b365a470-3970-4ddb-9a22-f519bec91ea4 9b44a2690db3438e8008d4008a50862e 031ed15c37f14a1faa7e2baff48d970f - - ab83638ada464ed7b71a70ee097010a2 ab83638ada464ed7b71a70ee097010a2] 199.204.45.229 "GET /allocations/bc7d9d51-50d8-453f-944a-64fba507dbb5" status: 200 len: 258 microversion: 1.28 [pid: 8|app: 0|req: 454/911] 199.204.45.229 () {34 vars in 863 bytes} [Tue Apr 7 01:25:07 2026] GET /allocations/bc7d9d51-50d8-453f-944a-64fba507dbb5 => generated 258 bytes in 12 msecs (HTTP/1.1 200) 8 headers in 296 bytes (1 switches on core 0)
2026-04-07 01:25:07.132 7 INFO placement.requestlog [req-0d8db0af-9a15-4aad-a15c-e70e9f51e61a req-82eaf595-f2ee-440a-afbf-b8ebca98ff40 9b44a2690db3438e8008d4008a50862e 031ed15c37f14a1faa7e2baff48d970f - - ab83638ada464ed7b71a70ee097010a2 ab83638ada464ed7b71a70ee097010a2] 199.204.45.229 "GET /allocations/2fa2b71d-b031-4a27-b919-10facec25341" status: 200 len: 258 microversion: 1.28 [pid: 7|app: 0|req: 458/912] 199.204.45.229 () {34 vars in 863 bytes} [Tue Apr 7 01:25:07 2026] GET /allocations/2fa2b71d-b031-4a27-b919-10facec25341 => generated 258 bytes in 11 msecs (HTTP/1.1 200) 8 headers in 296 bytes (1 switches on core 0)
2026-04-07 01:25:10.255 7 INFO placement.requestlog [None req-13f52032-0cb5-4dd4-b22b-c7bc08b0001d - - - - - -] 10.0.0.111 "GET /" status: 200 len: 136 microversion: 1.0
2026-04-07 01:25:10.256 8 INFO placement.requestlog [None req-b621c00c-748f-4516-a6ee-0c89f5fec186 - - - - - -] 10.0.0.111 "GET /" status: 200 len: 136 microversion: 1.0
2026-04-07 01:25:20.253 8 INFO placement.requestlog [None req-07367ccd-db4a-4080-a385-e1219c0cefb3 - - - - - -] 10.0.0.111 "GET /" status: 200 len: 136 microversion: 1.0
2026-04-07 01:25:20.254 7 INFO placement.requestlog [None req-71d4ff84-07a8-4d80-a01f-7ac4e012b3a4 - - - - - -] 10.0.0.111 "GET /" status: 200 len: 136 microversion: 1.0
2026-04-07 01:25:20.819 8 INFO placement.requestlog [req-686f3dba-abee-4209-80e3-e36a1dafdc2b req-8119d73d-0be7-4067-89d1-5e0b8caae03a 9b44a2690db3438e8008d4008a50862e 031ed15c37f14a1faa7e2baff48d970f - - ab83638ada464ed7b71a70ee097010a2 ab83638ada464ed7b71a70ee097010a2] 199.204.45.229 "GET /resource_providers/45ed4240-783e-43a2-b7b9-23c26813cf4c/allocations" status: 200 len: 353 microversion: 1.0 [pid: 8|app: 0|req: 457/917] 199.204.45.229 () {32 vars in 857 bytes} [Tue Apr 7 01:25:20 2026] GET /resource_providers/45ed4240-783e-43a2-b7b9-23c26813cf4c/allocations => generated 353 bytes in 17 msecs (HTTP/1.1 200) 6 headers in 224 bytes (1 switches on core 0)
2026-04-07 01:25:20.850 7 INFO placement.requestlog [req-686f3dba-abee-4209-80e3-e36a1dafdc2b req-7549dfa4-9a95-4198-afd9-332727d3858f 9b44a2690db3438e8008d4008a50862e 031ed15c37f14a1faa7e2baff48d970f - - ab83638ada464ed7b71a70ee097010a2 ab83638ada464ed7b71a70ee097010a2] 199.204.45.229 "GET /allocations/eaa58e85-7fe2-4d85-8a50-52bfb4ef1110" status: 200 len: 258 microversion: 1.28 [pid: 7|app: 0|req: 461/918] 199.204.45.229 () {34 vars in 863 bytes} [Tue Apr 7 01:25:20 2026] GET /allocations/eaa58e85-7fe2-4d85-8a50-52bfb4ef1110 => generated 258 bytes in 25 msecs (HTTP/1.1 200) 8 headers in 296 bytes (1 switches on core 0)
2026-04-07 01:25:20.867 8 INFO placement.requestlog [req-686f3dba-abee-4209-80e3-e36a1dafdc2b req-3a5e3b83-3494-4f7d-882c-265c2cacf501 9b44a2690db3438e8008d4008a50862e 031ed15c37f14a1faa7e2baff48d970f - - ab83638ada464ed7b71a70ee097010a2 ab83638ada464ed7b71a70ee097010a2] 199.204.45.229 "GET /allocations/bc7d9d51-50d8-453f-944a-64fba507dbb5" status: 200 len: 258 microversion: 1.28 [pid: 8|app: 0|req: 458/919] 199.204.45.229 () {34 vars in 863 bytes} [Tue Apr 7 01:25:20 2026] GET /allocations/bc7d9d51-50d8-453f-944a-64fba507dbb5 => generated 258 bytes in 13 msecs (HTTP/1.1 200) 8 headers in 296 bytes (1 switches on core 0)
2026-04-07 01:25:20.886 7 INFO placement.requestlog [req-686f3dba-abee-4209-80e3-e36a1dafdc2b req-5c22c357-85f7-419c-aa22-2829dba4da9f 9b44a2690db3438e8008d4008a50862e 031ed15c37f14a1faa7e2baff48d970f - - ab83638ada464ed7b71a70ee097010a2 ab83638ada464ed7b71a70ee097010a2] 199.204.45.229 "GET /allocations/2fa2b71d-b031-4a27-b919-10facec25341" status: 200 len: 258 microversion: 1.28 [pid: 7|app: 0|req: 462/920] 199.204.45.229 () {34 vars in 863 bytes} [Tue Apr 7 01:25:20 2026] GET /allocations/2fa2b71d-b031-4a27-b919-10facec25341 => generated 258 bytes in 11 msecs (HTTP/1.1 200) 8 headers in 296 bytes (1 switches on core 0)
2026-04-07 01:25:21.934 8 INFO placement.requestlog [req-686f3dba-abee-4209-80e3-e36a1dafdc2b req-27ccf239-fe6c-4c15-8676-bf48e96e4bf3 9b44a2690db3438e8008d4008a50862e 031ed15c37f14a1faa7e2baff48d970f - - ab83638ada464ed7b71a70ee097010a2 ab83638ada464ed7b71a70ee097010a2] 199.204.45.229 "DELETE /allocations/bc7d9d51-50d8-453f-944a-64fba507dbb5" status: 204 len: 0 microversion: 1.0 [pid: 8|app: 0|req: 459/921] 199.204.45.229 () {34 vars in 841 bytes} [Tue Apr 7 01:25:21 2026] DELETE /allocations/bc7d9d51-50d8-453f-944a-64fba507dbb5 => generated 0 bytes in 22 msecs (HTTP/1.1 204) 5 headers in 198 bytes (1 switches on core 0)
2026-04-07 01:25:23.679 7 INFO placement.requestlog [req-dd818363-8933-4936-81c9-fe55fb65afc9 req-3c96e93b-543b-4404-b370-afe03cc266e3 9b44a2690db3438e8008d4008a50862e 031ed15c37f14a1faa7e2baff48d970f - - ab83638ada464ed7b71a70ee097010a2 ab83638ada464ed7b71a70ee097010a2] 199.204.45.229 "GET /resource_providers/45ed4240-783e-43a2-b7b9-23c26813cf4c/allocations" status: 200 len: 253 microversion: 1.0 [pid: 7|app: 0|req: 463/922] 199.204.45.229 () {32 vars in 857 bytes} [Tue Apr 7 01:25:23 2026] GET /resource_providers/45ed4240-783e-43a2-b7b9-23c26813cf4c/allocations => generated 253 bytes in 12 msecs (HTTP/1.1 200) 6 headers in 224 bytes (1 switches on core 0)
2026-04-07 01:25:23.702 8 INFO placement.requestlog [req-dd818363-8933-4936-81c9-fe55fb65afc9 req-31088cb1-aafe-444a-98c7-6c8b01e243dc 9b44a2690db3438e8008d4008a50862e 031ed15c37f14a1faa7e2baff48d970f - - ab83638ada464ed7b71a70ee097010a2 ab83638ada464ed7b71a70ee097010a2] 199.204.45.229 "GET /resource_providers/45ed4240-783e-43a2-b7b9-23c26813cf4c/allocations" status: 200 len: 253 microversion: 1.0 [pid: 8|app: 0|req: 460/923] 199.204.45.229 () {32 vars in 857 bytes} [Tue Apr 7 01:25:23 2026] GET /resource_providers/45ed4240-783e-43a2-b7b9-23c26813cf4c/allocations => generated 253 bytes in 16 msecs (HTTP/1.1 200) 6 headers in 224 bytes (1 switches on core 0)
2026-04-07 01:25:23.721 7 INFO placement.requestlog [req-dd818363-8933-4936-81c9-fe55fb65afc9 req-6d3bd829-7fd6-4e21-b7ef-97c048b3f380 9b44a2690db3438e8008d4008a50862e 031ed15c37f14a1faa7e2baff48d970f - - ab83638ada464ed7b71a70ee097010a2 ab83638ada464ed7b71a70ee097010a2] 199.204.45.229 "GET /allocations/eaa58e85-7fe2-4d85-8a50-52bfb4ef1110" status: 200 len: 258 microversion: 1.28 [pid: 7|app: 0|req: 464/924] 199.204.45.229 () {34 vars in 863 bytes} [Tue Apr 7 01:25:23 2026] GET /allocations/eaa58e85-7fe2-4d85-8a50-52bfb4ef1110 => generated 258 bytes in 10 msecs (HTTP/1.1 200) 8 headers in 296 bytes (1 switches on core 0)
2026-04-07 01:25:23.739 8 INFO placement.requestlog [req-dd818363-8933-4936-81c9-fe55fb65afc9 req-70a98576-3056-474b-8e38-ae65ec97c01a 9b44a2690db3438e8008d4008a50862e 031ed15c37f14a1faa7e2baff48d970f - - ab83638ada464ed7b71a70ee097010a2 ab83638ada464ed7b71a70ee097010a2] 199.204.45.229 "GET /allocations/2fa2b71d-b031-4a27-b919-10facec25341" status: 200 len: 258 microversion: 1.28 [pid: 8|app: 0|req: 461/925] 199.204.45.229 () {34 vars in 863 bytes} [Tue Apr 7 01:25:23 2026] GET /allocations/2fa2b71d-b031-4a27-b919-10facec25341 => generated 258 bytes in 13 msecs (HTTP/1.1 200) 8 headers in 296 bytes (1 switches on core 0)
2026-04-07 01:25:24.725 8 INFO placement.requestlog [None req-00d25fe2-d478-411a-8386-129fe0b53be4 eec0dedbf083418a8ca8aa996104b284 031ed15c37f14a1faa7e2baff48d970f - - ab83638ada464ed7b71a70ee097010a2 ab83638ada464ed7b71a70ee097010a2] 10.0.0.146 "GET /resource_providers/025db7b6-1fc7-48d6-90ef-96fb7c7f3e92/aggregates" status: 404 len: 235 microversion: 1.1 [pid: 8|app: 0|req: 462/926] 10.0.0.146 () {32 vars in 816 bytes} [Tue Apr 7 01:25:24 2026] GET /resource_providers/025db7b6-1fc7-48d6-90ef-96fb7c7f3e92/aggregates => generated 235 bytes in 9 msecs (HTTP/1.1 404) 5 headers in 202 bytes (1 switches on core 0)
2026-04-07 01:25:24.726 7 INFO placement.requestlog [None req-5d2d1759-1526-4c7c-afc7-ad88bd871dcf eec0dedbf083418a8ca8aa996104b284 031ed15c37f14a1faa7e2baff48d970f - - ab83638ada464ed7b71a70ee097010a2 ab83638ada464ed7b71a70ee097010a2] 10.0.0.146 "GET /resource_providers/025db7b6-1fc7-48d6-90ef-96fb7c7f3e92/aggregates" status: 404 len: 235 microversion: 1.1 [pid: 7|app: 0|req: 465/927] 10.0.0.146 () {32 vars in 816 bytes} [Tue Apr 7 01:25:24 2026] GET /resource_providers/025db7b6-1fc7-48d6-90ef-96fb7c7f3e92/aggregates => generated 235 bytes in 10 msecs (HTTP/1.1 404) 5 headers in 202 bytes (1 switches on core 0)
2026-04-07 01:25:24.746 7 INFO placement.requestlog [None req-9aa57f3e-9b74-463d-8929-b743a6098d40 eec0dedbf083418a8ca8aa996104b284 031ed15c37f14a1faa7e2baff48d970f - - ab83638ada464ed7b71a70ee097010a2 ab83638ada464ed7b71a70ee097010a2] 10.0.0.146 "DELETE /resource_providers/025db7b6-1fc7-48d6-90ef-96fb7c7f3e92" status: 404 len: 246 microversion: 1.1
2026-04-07 01:25:24.746 8 INFO placement.requestlog [None req-3686c99f-8de3-4cd8-9eb6-258de6950016 eec0dedbf083418a8ca8aa996104b284 031ed15c37f14a1faa7e2baff48d970f - - ab83638ada464ed7b71a70ee097010a2 ab83638ada464ed7b71a70ee097010a2] 10.0.0.146 "DELETE /resource_providers/025db7b6-1fc7-48d6-90ef-96fb7c7f3e92" status: 404 len: 246 microversion: 1.1 [pid: 7|app: 0|req: 466/928] 10.0.0.146 () {34 vars in 816 bytes} [Tue Apr 7 01:25:24 2026] DELETE /resource_providers/025db7b6-1fc7-48d6-90ef-96fb7c7f3e92 => generated 246 bytes in 7 msecs (HTTP/1.1 404) 6 headers in 231 bytes (1 switches on core 0) [pid: 8|app: 0|req: 463/929] 10.0.0.146 () {34 vars in 816 bytes} [Tue Apr 7 01:25:24 2026] DELETE /resource_providers/025db7b6-1fc7-48d6-90ef-96fb7c7f3e92 => generated 246 bytes in 8 msecs (HTTP/1.1 404) 6 headers in 231 bytes (1 switches on core 0)
2026-04-07 01:25:26.771 8 INFO placement.requestlog [None req-0bb3bf3c-09b0-4969-bb5f-bc2123f8a18a eec0dedbf083418a8ca8aa996104b284 031ed15c37f14a1faa7e2baff48d970f - - ab83638ada464ed7b71a70ee097010a2 ab83638ada464ed7b71a70ee097010a2] 10.0.0.146 "GET /resource_providers/da570d33-940a-4b39-a559-8eca1912572f/aggregates" status: 404 len: 235 microversion: 1.1 [pid: 8|app: 0|req: 464/930] 10.0.0.146 () {32 vars in 816 bytes} [Tue Apr 7 01:25:26 2026] GET /resource_providers/da570d33-940a-4b39-a559-8eca1912572f/aggregates => generated 235 bytes in 11 msecs (HTTP/1.1 404) 5 headers in 202 bytes (1 switches on core 0)
2026-04-07 01:25:26.771 7 INFO placement.requestlog [None req-0a797649-1279-4a84-bbe8-4e971b3542ce eec0dedbf083418a8ca8aa996104b284 031ed15c37f14a1faa7e2baff48d970f - - ab83638ada464ed7b71a70ee097010a2 ab83638ada464ed7b71a70ee097010a2] 10.0.0.146 "GET /resource_providers/da570d33-940a-4b39-a559-8eca1912572f/aggregates" status: 404 len: 235 microversion: 1.1 [pid: 7|app: 0|req: 467/931] 10.0.0.146 () {32 vars in 816 bytes} [Tue Apr 7 01:25:26 2026] GET /resource_providers/da570d33-940a-4b39-a559-8eca1912572f/aggregates => generated 235 bytes in 12 msecs (HTTP/1.1 404) 5 headers in 202 bytes (1 switches on core 0)
2026-04-07 01:25:26.794 8 INFO placement.requestlog [None req-b4bbccf0-cb14-407f-9113-461afb73bb3d eec0dedbf083418a8ca8aa996104b284 031ed15c37f14a1faa7e2baff48d970f - - ab83638ada464ed7b71a70ee097010a2 ab83638ada464ed7b71a70ee097010a2] 10.0.0.146 "DELETE /resource_providers/da570d33-940a-4b39-a559-8eca1912572f" status: 404 len: 246 microversion: 1.1 [pid: 8|app: 0|req: 465/932] 10.0.0.146 () {34 vars in 816 bytes} [Tue Apr 7 01:25:26 2026] DELETE /resource_providers/da570d33-940a-4b39-a559-8eca1912572f => generated 246 bytes in 12 msecs (HTTP/1.1 404) 6 headers in 231 bytes (1 switches on core 0)
2026-04-07 01:25:26.796 7 INFO placement.requestlog [None req-72bd721d-2a01-4a9e-aceb-be69b76d6369 eec0dedbf083418a8ca8aa996104b284 031ed15c37f14a1faa7e2baff48d970f - - ab83638ada464ed7b71a70ee097010a2 ab83638ada464ed7b71a70ee097010a2] 10.0.0.146 "DELETE /resource_providers/da570d33-940a-4b39-a559-8eca1912572f" status: 404 len: 246 microversion: 1.1 [pid: 7|app: 0|req: 468/933] 10.0.0.146 () {34 vars in 816 bytes} [Tue Apr 7 01:25:26 2026] DELETE /resource_providers/da570d33-940a-4b39-a559-8eca1912572f => generated 246 bytes in 13 msecs (HTTP/1.1 404) 6 headers in 231 bytes (1 switches on core 0)
2026-04-07 01:25:26.820 8 INFO placement.requestlog [None req-ce209f02-06c5-4a64-b131-a48d675f4258 eec0dedbf083418a8ca8aa996104b284 031ed15c37f14a1faa7e2baff48d970f - - ab83638ada464ed7b71a70ee097010a2 ab83638ada464ed7b71a70ee097010a2] 10.0.0.146 "GET /resource_providers/0dfbe7f0-3c74-4b60-b562-79254694932b/aggregates" status: 404 len: 235 microversion: 1.1 [pid: 8|app: 0|req: 466/934] 10.0.0.146 () {32 vars in 816 bytes} [Tue Apr 7 01:25:26 2026] GET /resource_providers/0dfbe7f0-3c74-4b60-b562-79254694932b/aggregates => generated 235 bytes in 9 msecs (HTTP/1.1 404) 5 headers in 202 bytes (1 switches on core 0)
2026-04-07 01:25:26.834 7 INFO placement.requestlog [None req-fcb91aff-7255-401c-8379-c09cf7ab6594 eec0dedbf083418a8ca8aa996104b284 031ed15c37f14a1faa7e2baff48d970f - - ab83638ada464ed7b71a70ee097010a2 ab83638ada464ed7b71a70ee097010a2] 10.0.0.146 "GET /resource_providers/0dfbe7f0-3c74-4b60-b562-79254694932b/aggregates" status: 404 len: 235 microversion: 1.1 [pid: 7|app: 0|req: 469/935] 10.0.0.146 () {32 vars in 816 bytes} [Tue Apr 7 01:25:26 2026] GET /resource_providers/0dfbe7f0-3c74-4b60-b562-79254694932b/aggregates => generated 235 bytes in 11 msecs (HTTP/1.1 404) 5 headers in 202 bytes (1 switches on core 0)
2026-04-07 01:25:26.849 8 INFO placement.requestlog [None req-b6070f5e-e0aa-43bc-afd6-999f76817192 eec0dedbf083418a8ca8aa996104b284 031ed15c37f14a1faa7e2baff48d970f - - ab83638ada464ed7b71a70ee097010a2 ab83638ada464ed7b71a70ee097010a2] 10.0.0.146 "DELETE /resource_providers/0dfbe7f0-3c74-4b60-b562-79254694932b" status: 404 len: 246 microversion: 1.1 [pid: 8|app: 0|req: 467/936] 10.0.0.146 () {34 vars in 816 bytes} [Tue Apr 7 01:25:26 2026] DELETE /resource_providers/0dfbe7f0-3c74-4b60-b562-79254694932b => generated 246 bytes in 12 msecs (HTTP/1.1 404) 6 headers in 231 bytes (1 switches on core 0)
2026-04-07 01:25:26.862 7 INFO placement.requestlog [None req-642ee585-822f-4733-88d0-4597fff597a8 eec0dedbf083418a8ca8aa996104b284 031ed15c37f14a1faa7e2baff48d970f - - ab83638ada464ed7b71a70ee097010a2 ab83638ada464ed7b71a70ee097010a2] 10.0.0.146 "DELETE /resource_providers/0dfbe7f0-3c74-4b60-b562-79254694932b" status: 404 len: 246 microversion: 1.1 [pid: 7|app: 0|req: 470/937] 10.0.0.146 () {34 vars in 816 bytes} [Tue Apr 7 01:25:26 2026] DELETE /resource_providers/0dfbe7f0-3c74-4b60-b562-79254694932b => generated 246 bytes in 13 msecs (HTTP/1.1 404) 6 headers in 231 bytes (1 switches on core 0)
2026-04-07 01:25:26.875 8 INFO placement.requestlog [None req-04637985-9501-4526-83c6-6593ed3fdfc7 eec0dedbf083418a8ca8aa996104b284 031ed15c37f14a1faa7e2baff48d970f - - ab83638ada464ed7b71a70ee097010a2 ab83638ada464ed7b71a70ee097010a2] 10.0.0.146 "GET /resource_providers/18044351-a779-43ee-a731-d8bedb854702/aggregates" status: 404 len: 235 microversion: 1.1 [pid: 8|app: 0|req: 468/938] 10.0.0.146 () {32 vars in 816 bytes} [Tue Apr 7 01:25:26 2026] GET /resource_providers/18044351-a779-43ee-a731-d8bedb854702/aggregates => generated 235 bytes in 13 msecs (HTTP/1.1 404) 5 headers in 202 bytes (1 switches on core 0)
2026-04-07 01:25:26.885 7 INFO placement.requestlog [None req-576f7628-a965-44b9-b32c-1dfb7d8d6ecc eec0dedbf083418a8ca8aa996104b284 031ed15c37f14a1faa7e2baff48d970f - - ab83638ada464ed7b71a70ee097010a2 ab83638ada464ed7b71a70ee097010a2] 10.0.0.146 "GET /resource_providers/18044351-a779-43ee-a731-d8bedb854702/aggregates" status: 404 len: 235 microversion: 1.1 [pid: 7|app: 0|req: 471/939] 10.0.0.146 () {32 vars in 816 bytes} [Tue Apr 7 01:25:26 2026] GET /resource_providers/18044351-a779-43ee-a731-d8bedb854702/aggregates => generated 235 bytes in 13 msecs (HTTP/1.1 404) 5 headers in 202 bytes (1 switches on core 0)
2026-04-07 01:25:26.904 7 INFO placement.requestlog [None req-c9d4dfd4-de04-49f1-9ece-9239b65b7fbc eec0dedbf083418a8ca8aa996104b284 031ed15c37f14a1faa7e2baff48d970f - - ab83638ada464ed7b71a70ee097010a2 ab83638ada464ed7b71a70ee097010a2] 10.0.0.146 "DELETE /resource_providers/18044351-a779-43ee-a731-d8bedb854702" status: 404 len: 246 microversion: 1.1 [pid: 7|app: 0|req: 472/940] 10.0.0.146 () {34 vars in 816 bytes} [Tue Apr 7 01:25:26 2026] DELETE /resource_providers/18044351-a779-43ee-a731-d8bedb854702 => generated 246 bytes in 9 msecs (HTTP/1.1 404) 6 headers in 231 bytes (1 switches on core 0)
2026-04-07 01:25:26.905 8 INFO placement.requestlog [None req-62ccba30-50a5-4558-bad4-51ac5e16bef1 eec0dedbf083418a8ca8aa996104b284 031ed15c37f14a1faa7e2baff48d970f - - ab83638ada464ed7b71a70ee097010a2 ab83638ada464ed7b71a70ee097010a2] 10.0.0.146 "DELETE /resource_providers/18044351-a779-43ee-a731-d8bedb854702" status: 404 len: 246 microversion: 1.1 [pid: 8|app: 0|req: 469/941] 10.0.0.146 () {34 vars in 816 bytes} [Tue Apr 7 01:25:26 2026] DELETE /resource_providers/18044351-a779-43ee-a731-d8bedb854702 => generated 246 bytes in 11 msecs (HTTP/1.1 404) 6 headers in 231 bytes (1 switches on core 0)
2026-04-07 01:25:28.110 7 INFO placement.requestlog [None req-f7c62aa6-bde1-4e71-bd75-33030ab40ff9 eec0dedbf083418a8ca8aa996104b284 031ed15c37f14a1faa7e2baff48d970f - - ab83638ada464ed7b71a70ee097010a2 ab83638ada464ed7b71a70ee097010a2] 10.0.0.146 "GET /resource_providers/e703181d-8087-4efc-8a4e-cf508d4ac025/aggregates" status: 404 len: 235 microversion: 1.1 [pid: 7|app: 0|req: 473/942] 10.0.0.146 () {32 vars in 816 bytes} [Tue Apr 7 01:25:28 2026] GET /resource_providers/e703181d-8087-4efc-8a4e-cf508d4ac025/aggregates => generated 235 bytes in 13 msecs (HTTP/1.1 404) 5 headers in 202 bytes (1 switches on core 0)
2026-04-07 01:25:28.123 8 INFO placement.requestlog [None req-bc6d8e59-153d-4358-aedd-7bd6a8e7e92e eec0dedbf083418a8ca8aa996104b284 031ed15c37f14a1faa7e2baff48d970f - - ab83638ada464ed7b71a70ee097010a2 ab83638ada464ed7b71a70ee097010a2] 10.0.0.146 "GET /resource_providers/e703181d-8087-4efc-8a4e-cf508d4ac025/aggregates" status: 404 len: 235 microversion: 1.1 [pid: 8|app: 0|req: 470/943] 10.0.0.146 () {32 vars in 816 bytes} [Tue Apr 7 01:25:28 2026] GET /resource_providers/e703181d-8087-4efc-8a4e-cf508d4ac025/aggregates => generated 235 bytes in 16 msecs (HTTP/1.1 404) 5 headers in 202 bytes (1 switches on core 0)
