2026-07-02 06:18:24.843 9 INFO neutron.wsgi [req-6f931b84-d3fb-45f1-9e80-7982c33c7f73 req-b621a6b6-3927-45c0-bfa4-69f16606f48c 36cb207628f24e0bb91735a54da13e4f 9bbd05abb27045078316e40e7d0fef1e - - d806d7c638f94797abab49074542b48d d806d7c638f94797abab49074542b48d] 199.204.45.116 "GET /v2.0/ports?network_id=45329ed6-0db4-45f3-b33f-53a36f949788&device_owner=network%3Adhcp HTTP/1.1" status: 200 len: 210 time: 0.0230989
2026-07-02 06:18:24.920 9 INFO neutron.wsgi [req-6f931b84-d3fb-45f1-9e80-7982c33c7f73 req-0302c511-0f3e-46d1-bbfd-ada65dffeb4e 36cb207628f24e0bb91735a54da13e4f 9bbd05abb27045078316e40e7d0fef1e - - d806d7c638f94797abab49074542b48d d806d7c638f94797abab49074542b48d] 199.204.45.116 "GET /v2.0/networks/45329ed6-0db4-45f3-b33f-53a36f949788?fields=segments HTTP/1.1" status: 200 len: 212 time: 0.0694823
2026-07-02 06:18:25.005 9 INFO neutron.wsgi [req-6f931b84-d3fb-45f1-9e80-7982c33c7f73 req-c11e5120-4e73-4750-9618-57d95c354fea 36cb207628f24e0bb91735a54da13e4f 9bbd05abb27045078316e40e7d0fef1e - - d806d7c638f94797abab49074542b48d d806d7c638f94797abab49074542b48d] 199.204.45.116 "GET /v2.0/networks/45329ed6-0db4-45f3-b33f-53a36f949788?fields=provider%3Aphysical_network&fields=provider%3Anetwork_type HTTP/1.1" status: 200 len: 277 time: 0.0795505
2026-07-02 06:18:25.151 10 INFO neutron.wsgi [None req-b8954f5d-c672-4c23-894d-8195bed2b9b9 44f9fc947be441caab831b744dde8ad6 431f6c9a3dcd4add9521adb805be1cd6 - - default default] 10.0.0.113 "PUT /v2.0/routers/2a988d6a-0880-41f7-b8c3-0bdd9f68127d/remove_router_interface HTTP/1.1" status: 200 len: 503 time: 1.4387982 /var/lib/openstack/lib/python3.10/site-packages/pycadf/identifier.py:71: UserWarning: Invalid uuid: neutron. To ensure interoperability, identifiers should be a valid uuid. warnings.warn(('Invalid uuid: %s. To ensure interoperability, '
2026-07-02 06:18:25.356 9 INFO neutron.wsgi [None req-cbedec90-3100-4b1e-b179-3e27135aaadb 03387d4563784a5b8503cb14f6bec95f 00ef10b6a21849e693ecb5d39ca009e8 - - default default] 10.0.0.113 "DELETE /v2.0/security-groups/4e0005ed-dc24-4795-aae4-142504ca5c1b HTTP/1.1" status: 204 len: 168 time: 0.1564517
2026-07-02 06:18:25.380 9 INFO neutron.api.v2.resource [None req-6af24b8a-54cb-4bc6-8d9e-da05a2b31c0c 03387d4563784a5b8503cb14f6bec95f 00ef10b6a21849e693ecb5d39ca009e8 - - default default] show failed (client error): The resource could not be found.
2026-07-02 06:18:25.383 9 INFO neutron.wsgi [None req-6af24b8a-54cb-4bc6-8d9e-da05a2b31c0c 03387d4563784a5b8503cb14f6bec95f 00ef10b6a21849e693ecb5d39ca009e8 - - default default] 10.0.0.113 "GET /v2.0/security-groups/4e0005ed-dc24-4795-aae4-142504ca5c1b HTTP/1.1" status: 404 len: 347 time: 0.0192685
2026-07-02 06:18:25.763 9 INFO neutron.wsgi [None req-3b053473-9791-4502-9483-82d84644108c 03387d4563784a5b8503cb14f6bec95f 00ef10b6a21849e693ecb5d39ca009e8 - - default default] 10.0.0.113 "DELETE /v2.0/floatingips/9d1906b1-5b91-47ff-8c12-57de6e49f777 HTTP/1.1" status: 204 len: 168 time: 0.3740611
2026-07-02 06:18:25.946 9 INFO neutron.wsgi [req-077038ce-864b-48ff-a6a7-f643171cd649 req-0bcc3855-4e87-44d5-9995-df2ad39c31db ae0535d96b8d4fe7bf99aea402b0ec7f 8aa8630ebf094196bc9e6d38f6e9ad2f - - default default] 10.0.0.239 "GET /v2.0/ports?device_id=533ced9e-e86e-4e96-9157-8ceba633e97a HTTP/1.1" status: 200 len: 1170 time: 0.0480645
2026-07-02 06:18:25.966 10 INFO neutron.plugins.ml2.drivers.ovn.mech_driver.mech_driver [None req-f958670b-66e1-475f-b8d2-1c6e6d4a10aa - - - - - -] OVN reports status down for port: 91698729-f9ce-4d30-8983-7822f4b3afe4
2026-07-02 06:18:26.008 9 INFO neutron.wsgi [req-077038ce-864b-48ff-a6a7-f643171cd649 req-9000ab32-17d1-42b9-bb9c-f534b5756113 ae0535d96b8d4fe7bf99aea402b0ec7f 8aa8630ebf094196bc9e6d38f6e9ad2f - - default default] 10.0.0.239 "GET /v2.0/security-groups?id=40d546e4-13bd-4abf-ae19-c40eb108821c&fields=id&fields=name HTTP/1.1" status: 200 len: 311 time: 0.0556962
2026-07-02 06:18:26.329 9 INFO neutron.notifiers.nova [-] Nova event matching ['req-c4070b70-2df8-4a68-88a1-c71c6a60be28'] response: {'name': 'network-changed', 'server_uuid': '533ced9e-e86e-4e96-9157-8ceba633e97a', 'tag': '91698729-f9ce-4d30-8983-7822f4b3afe4', 'status': 'completed', 'code': 200}
2026-07-02 06:18:26.382 9 INFO neutron.wsgi [req-9b75140d-d96a-44d2-b7b3-736dbac01bdd req-de177b1b-f0c5-4b13-84ce-11cc369f5dbc ae0535d96b8d4fe7bf99aea402b0ec7f 8aa8630ebf094196bc9e6d38f6e9ad2f - - default default] 199.204.45.116 "GET /v2.0/ports?device_id=533ced9e-e86e-4e96-9157-8ceba633e97a HTTP/1.1" status: 200 len: 1170 time: 0.1549819
2026-07-02 06:18:26.438 10 INFO neutron.notifiers.nova [-] Nova event matching ['req-36d93373-884f-4ae8-8cff-c068272721b4'] response: {'server_uuid': '533ced9e-e86e-4e96-9157-8ceba633e97a', 'name': 'network-vif-unplugged', 'status': 'completed', 'tag': '91698729-f9ce-4d30-8983-7822f4b3afe4', 'code': 200}
2026-07-02 06:18:26.444 10 INFO neutron.wsgi [req-2f7df8fd-8a0c-453c-89d1-47ddfed8f4f9 req-4d8b902f-fcc2-4d0b-8096-1b06fd518559 36cb207628f24e0bb91735a54da13e4f 9bbd05abb27045078316e40e7d0fef1e - - d806d7c638f94797abab49074542b48d d806d7c638f94797abab49074542b48d] 199.204.45.116 "GET /v2.0/ports?tenant_id=8aa8630ebf094196bc9e6d38f6e9ad2f&device_id=533ced9e-e86e-4e96-9157-8ceba633e97a HTTP/1.1" status: 200 len: 1409 time: 0.0865223
2026-07-02 06:18:26.522 10 INFO neutron.wsgi [None req-1c645b1a-8237-402d-ba00-5fe1a19b7db2 44f9fc947be441caab831b744dde8ad6 431f6c9a3dcd4add9521adb805be1cd6 - - default default] 10.0.0.113 "DELETE /v2.0/routers/2a988d6a-0880-41f7-b8c3-0bdd9f68127d HTTP/1.1" status: 204 len: 168 time: 1.3645079
2026-07-02 06:18:26.556 10 INFO neutron.wsgi [req-2f7df8fd-8a0c-453c-89d1-47ddfed8f4f9 req-3c95db9d-d579-4fa2-8c6d-4d12d98274c9 36cb207628f24e0bb91735a54da13e4f 9bbd05abb27045078316e40e7d0fef1e - - d806d7c638f94797abab49074542b48d d806d7c638f94797abab49074542b48d] 199.204.45.116 "GET /v2.0/networks?id=45329ed6-0db4-45f3-b33f-53a36f949788 HTTP/1.1" status: 200 len: 981 time: 0.1026883
2026-07-02 06:18:26.628 10 INFO neutron.wsgi [req-2f7df8fd-8a0c-453c-89d1-47ddfed8f4f9 req-0a409f28-c732-4507-b05d-c1ea9e6e73e9 36cb207628f24e0bb91735a54da13e4f 9bbd05abb27045078316e40e7d0fef1e - - d806d7c638f94797abab49074542b48d d806d7c638f94797abab49074542b48d] 199.204.45.116 "GET /v2.0/floatingips?fixed_ip_address=10.100.0.4&port_id=91698729-f9ce-4d30-8983-7822f4b3afe4 HTTP/1.1" status: 200 len: 1057 time: 0.0639987
2026-07-02 06:18:26.678 10 INFO neutron.wsgi [req-2f7df8fd-8a0c-453c-89d1-47ddfed8f4f9 req-93d87af5-ec52-4ed3-999c-2134d17db305 36cb207628f24e0bb91735a54da13e4f 9bbd05abb27045078316e40e7d0fef1e - - d806d7c638f94797abab49074542b48d d806d7c638f94797abab49074542b48d] 199.204.45.116 "GET /v2.0/subnets?id=4e03bded-77e8-4d6d-a3e7-506beecc691f HTTP/1.1" status: 200 len: 876 time: 0.0434580
2026-07-02 06:18:26.707 10 INFO neutron.wsgi [req-2f7df8fd-8a0c-453c-89d1-47ddfed8f4f9 req-1828e7f5-0533-4845-be37-14da2e14680e 36cb207628f24e0bb91735a54da13e4f 9bbd05abb27045078316e40e7d0fef1e - - d806d7c638f94797abab49074542b48d d806d7c638f94797abab49074542b48d] 199.204.45.116 "GET /v2.0/ports?network_id=45329ed6-0db4-45f3-b33f-53a36f949788&device_owner=network%3Adhcp HTTP/1.1" status: 200 len: 210 time: 0.0199511
2026-07-02 06:18:26.725 10 INFO neutron.db.ovn_revision_numbers_db [None req-f958670b-66e1-475f-b8d2-1c6e6d4a10aa - - - - - -] Successfully bumped revision number for resource 91698729-f9ce-4d30-8983-7822f4b3afe4 (type: ports) to 7
2026-07-02 06:18:26.790 10 INFO neutron.wsgi [req-2f7df8fd-8a0c-453c-89d1-47ddfed8f4f9 req-6aa003d4-5473-4b5c-8dc6-ffd77e0449bb 36cb207628f24e0bb91735a54da13e4f 9bbd05abb27045078316e40e7d0fef1e - - d806d7c638f94797abab49074542b48d d806d7c638f94797abab49074542b48d] 199.204.45.116 "GET /v2.0/networks/45329ed6-0db4-45f3-b33f-53a36f949788?fields=segments HTTP/1.1" status: 200 len: 212 time: 0.0789058
2026-07-02 06:18:26.876 10 INFO neutron.wsgi [req-2f7df8fd-8a0c-453c-89d1-47ddfed8f4f9 req-003f405c-ef7a-49f6-827e-4edef2e8da2e 36cb207628f24e0bb91735a54da13e4f 9bbd05abb27045078316e40e7d0fef1e - - d806d7c638f94797abab49074542b48d d806d7c638f94797abab49074542b48d] 199.204.45.116 "GET /v2.0/networks/45329ed6-0db4-45f3-b33f-53a36f949788?fields=provider%3Aphysical_network&fields=provider%3Anetwork_type HTTP/1.1" status: 200 len: 277 time: 0.0808344
2026-07-02 06:18:26.953 9 INFO neutron.wsgi [None req-8e9155d5-32e7-487e-8f76-026d7bd76990 44f9fc947be441caab831b744dde8ad6 431f6c9a3dcd4add9521adb805be1cd6 - - default default] 10.0.0.113 "DELETE /v2.0/subnets/6c0b5816-c861-4d42-bf4c-9f42ddf9fb49 HTTP/1.1" status: 204 len: 168 time: 0.4245353 /var/lib/openstack/lib/python3.10/site-packages/pycadf/identifier.py:71: UserWarning: Invalid uuid: neutron. To ensure interoperability, identifiers should be a valid uuid. warnings.warn(('Invalid uuid: %s. To ensure interoperability, '
2026-07-02 06:18:26.985 9 INFO neutron.db.l3_db [req-9b75140d-d96a-44d2-b7b3-736dbac01bdd req-5f19ba9c-ff14-4ace-bea1-22ea102da47e ae0535d96b8d4fe7bf99aea402b0ec7f 8aa8630ebf094196bc9e6d38f6e9ad2f - - default default] Floating IP 33c568e1-674b-4797-ad2e-4a86ff8e3da0 disassociated. External IP: 10.96.250.214, port: 91698729-f9ce-4d30-8983-7822f4b3afe4.
2026-07-02 06:18:27.125 9 INFO neutron.wsgi [req-87fa792a-f455-4975-98a0-ce4a2993e5c1 req-d3fee32b-6a9d-4354-9e45-860e0dfb0867 ae0535d96b8d4fe7bf99aea402b0ec7f 8aa8630ebf094196bc9e6d38f6e9ad2f - - default default] 10.0.0.239 "GET /v2.0/ports?device_id=533ced9e-e86e-4e96-9157-8ceba633e97a HTTP/1.1" status: 200 len: 1168 time: 0.0470974
2026-07-02 06:18:27.390 10 INFO neutron.services.segments.plugin [-] Segment 181b27bc-f09d-48d8-97ce-6a39045ce4c3 resource provider aggregate not found
2026-07-02 06:18:27.397 10 INFO neutron.services.segments.plugin [-] Segment 181b27bc-f09d-48d8-97ce-6a39045ce4c3 resource provider aggregate not found
2026-07-02 06:18:27.414 10 INFO neutron.services.segments.plugin [-] Segment 181b27bc-f09d-48d8-97ce-6a39045ce4c3 resource provider not found; error: Placement Client Error (4xx): {"errors": [{"status": 404, "title": "Not Found", "detail": "The resource could not be found.\n\n No resource provider with uuid 181b27bc-f09d-48d8-97ce-6a39045ce4c3 found for delete ", "request_id": "req-189a9957-d833-4ba9-ae8b-47c7c75dec16"}]}
2026-07-02 06:18:27.426 10 INFO neutron.services.segments.plugin [-] Segment 181b27bc-f09d-48d8-97ce-6a39045ce4c3 resource provider not found; error: Placement Client Error (4xx): {"errors": [{"status": 404, "title": "Not Found", "detail": "The resource could not be found.\n\n No resource provider with uuid 181b27bc-f09d-48d8-97ce-6a39045ce4c3 found for delete ", "request_id": "req-965334ca-e86a-434f-b268-955822947d06"}]}
2026-07-02 06:18:27.444 10 INFO neutron.wsgi [None req-34408360-5ef0-41d2-96be-7b670fabb8d4 44f9fc947be441caab831b744dde8ad6 431f6c9a3dcd4add9521adb805be1cd6 - - default default] 10.0.0.113 "DELETE /v2.0/networks/78b1a37b-350d-4abd-9dce-4ef05913e5bf HTTP/1.1" status: 204 len: 168 time: 0.4842260
2026-07-02 06:18:27.523 9 INFO neutron.wsgi [req-87fa792a-f455-4975-98a0-ce4a2993e5c1 req-0f8b63d3-8048-4ff7-a615-38e5d13b4bee ae0535d96b8d4fe7bf99aea402b0ec7f 8aa8630ebf094196bc9e6d38f6e9ad2f - - default default] 10.0.0.239 "GET /v2.0/security-groups?id=40d546e4-13bd-4abf-ae19-c40eb108821c&fields=id&fields=name HTTP/1.1" status: 200 len: 311 time: 0.3913333
2026-07-02 06:18:27.601 9 INFO neutron.wsgi [req-9b75140d-d96a-44d2-b7b3-736dbac01bdd req-5f19ba9c-ff14-4ace-bea1-22ea102da47e ae0535d96b8d4fe7bf99aea402b0ec7f 8aa8630ebf094196bc9e6d38f6e9ad2f - - default default] 199.204.45.116 "DELETE /v2.0/ports/91698729-f9ce-4d30-8983-7822f4b3afe4 HTTP/1.1" status: 204 len: 173 time: 1.2139039
2026-07-02 06:18:27.712 9 INFO neutron.wsgi [None req-bac719c8-3b2c-46b4-991f-bed013670cc0 44f9fc947be441caab831b744dde8ad6 431f6c9a3dcd4add9521adb805be1cd6 - - default default] 10.0.0.113 "GET /v2.0/security-groups?tenant_id=d9b7657ae60d46439be2c6d51b63eda8&name=default HTTP/1.1" status: 200 len: 2996 time: 0.0840907
2026-07-02 06:18:27.717 9 INFO neutron.wsgi [None req-8ac72df3-39df-4a84-9822-caf335e60c62 44f9fc947be441caab831b744dde8ad6 431f6c9a3dcd4add9521adb805be1cd6 - - default default] 10.0.0.113 "PUT /v2.0/routers/4af307d3-9ec2-4204-9a23-935b935dc501/remove_router_interface HTTP/1.1" status: 200 len: 503 time: 1.9444706 /var/lib/openstack/lib/python3.10/site-packages/pycadf/identifier.py:71: UserWarning: Invalid uuid: neutron. To ensure interoperability, identifiers should be a valid uuid. warnings.warn(('Invalid uuid: %s. To ensure interoperability, ' /var/lib/openstack/lib/python3.10/site-packages/pycadf/identifier.py:71: UserWarning: Invalid uuid: neutron. To ensure interoperability, identifiers should be a valid uuid. warnings.warn(('Invalid uuid: %s. To ensure interoperability, '
2026-07-02 06:18:27.926 9 INFO neutron.wsgi [None req-a9bd19e0-913b-4744-b4a1-67a37636fab2 44f9fc947be441caab831b744dde8ad6 431f6c9a3dcd4add9521adb805be1cd6 - - default default] 10.0.0.113 "DELETE /v2.0/security-groups/e173ebff-1b0a-4dfb-80ed-8d6f111046ff HTTP/1.1" status: 204 len: 168 time: 0.2084827
2026-07-02 06:18:28.384 9 INFO neutron.notifiers.nova [-] Nova event matching ['req-f9215ac8-0903-4abc-9fe6-b14e86376ab1'] response: {'server_uuid': '533ced9e-e86e-4e96-9157-8ceba633e97a', 'name': 'network-vif-deleted', 'tag': '91698729-f9ce-4d30-8983-7822f4b3afe4', 'status': 'completed', 'code': 200}
2026-07-02 06:18:28.508 10 INFO neutron.notifiers.nova [-] Nova event matching ['req-c4c3e736-6d39-4220-8036-efb16fa3ecd9'] response: {'server_uuid': '533ced9e-e86e-4e96-9157-8ceba633e97a', 'name': 'network-vif-plugged', 'status': 'completed', 'tag': '91698729-f9ce-4d30-8983-7822f4b3afe4', 'code': 200}
2026-07-02 06:18:28.691 10 INFO neutron.wsgi [None req-b7277183-51c2-45f0-9136-d1931e129761 44f9fc947be441caab831b744dde8ad6 431f6c9a3dcd4add9521adb805be1cd6 - - default default] 10.0.0.113 "DELETE /v2.0/routers/4af307d3-9ec2-4204-9a23-935b935dc501 HTTP/1.1" status: 204 len: 168 time: 0.9685924
2026-07-02 06:18:28.795 10 INFO neutron.wsgi [None req-55a3449a-f2b2-4b47-aa40-5493048ab8bc ae0535d96b8d4fe7bf99aea402b0ec7f 8aa8630ebf094196bc9e6d38f6e9ad2f - - default default] 10.0.0.113 "DELETE /v2.0/security-groups/40d546e4-13bd-4abf-ae19-c40eb108821c HTTP/1.1" status: 204 len: 168 time: 0.1837080
2026-07-02 06:18:28.820 9 INFO neutron.api.v2.resource [None req-f864f1ee-b3d9-4721-9a82-3201b46aedda ae0535d96b8d4fe7bf99aea402b0ec7f 8aa8630ebf094196bc9e6d38f6e9ad2f - - default default] show failed (client error): The resource could not be found.
2026-07-02 06:18:28.822 9 INFO neutron.wsgi [None req-f864f1ee-b3d9-4721-9a82-3201b46aedda ae0535d96b8d4fe7bf99aea402b0ec7f 8aa8630ebf094196bc9e6d38f6e9ad2f - - default default] 10.0.0.113 "GET /v2.0/security-groups/40d546e4-13bd-4abf-ae19-c40eb108821c HTTP/1.1" status: 404 len: 347 time: 0.0196369
2026-07-02 06:18:28.913 10 INFO neutron.wsgi [None req-9ca558a0-a96a-4aa7-bdb6-b50839f1c05a 44f9fc947be441caab831b744dde8ad6 431f6c9a3dcd4add9521adb805be1cd6 - - default default] 10.0.0.113 "DELETE /v2.0/subnets/dbf31aba-c61c-40b9-a24c-7cb747796515 HTTP/1.1" status: 204 len: 168 time: 0.2160482
2026-07-02 06:18:29.254 9 INFO neutron.wsgi [None req-115e015f-df54-4879-a39d-e07375b421ff ae0535d96b8d4fe7bf99aea402b0ec7f 8aa8630ebf094196bc9e6d38f6e9ad2f - - default default] 10.0.0.113 "DELETE /v2.0/floatingips/33c568e1-674b-4797-ad2e-4a86ff8e3da0 HTTP/1.1" status: 204 len: 168 time: 0.4269998
2026-07-02 06:18:29.377 9 INFO neutron.services.segments.plugin [-] Segment e9a0ca3b-0417-4205-951e-46000cd4eb2f resource provider aggregate not found
2026-07-02 06:18:29.392 9 INFO neutron.services.segments.plugin [-] Segment e9a0ca3b-0417-4205-951e-46000cd4eb2f resource provider aggregate not found
2026-07-02 06:18:29.406 9 INFO neutron.services.segments.plugin [-] Segment e9a0ca3b-0417-4205-951e-46000cd4eb2f resource provider not found; error: Placement Client Error (4xx): {"errors": [{"status": 404, "title": "Not Found", "detail": "The resource could not be found.\n\n No resource provider with uuid e9a0ca3b-0417-4205-951e-46000cd4eb2f found for delete ", "request_id": "req-0ed13bbd-54a1-426f-843b-78e9ee66ab5a"}]}
2026-07-02 06:18:29.414 9 INFO neutron.services.segments.plugin [-] Segment e9a0ca3b-0417-4205-951e-46000cd4eb2f resource provider not found; error: Placement Client Error (4xx): {"errors": [{"status": 404, "title": "Not Found", "detail": "The resource could not be found.\n\n No resource provider with uuid e9a0ca3b-0417-4205-951e-46000cd4eb2f found for delete ", "request_id": "req-f42f7826-8790-46ae-affb-41a02e91baab"}]}
2026-07-02 06:18:29.436 9 INFO neutron.wsgi [None req-9c3c313a-5040-4690-aab0-659e0bc7eb64 44f9fc947be441caab831b744dde8ad6 431f6c9a3dcd4add9521adb805be1cd6 - - default default] 10.0.0.113 "DELETE /v2.0/networks/77091bc5-a0af-4305-ae1d-d08308ad9994 HTTP/1.1" status: 204 len: 168 time: 0.5175385
2026-07-02 06:18:29.611 9 INFO neutron.wsgi [None req-5879f6b7-5f16-4a79-bf18-267b08436eb4 44f9fc947be441caab831b744dde8ad6 431f6c9a3dcd4add9521adb805be1cd6 - - default default] 10.0.0.113 "GET /v2.0/security-groups?tenant_id=00ef10b6a21849e693ecb5d39ca009e8&name=default HTTP/1.1" status: 200 len: 2996 time: 0.0378983
2026-07-02 06:18:29.809 9 INFO neutron.wsgi [None req-58fe3878-a0c0-4a4b-a256-f20091e09b6e 44f9fc947be441caab831b744dde8ad6 431f6c9a3dcd4add9521adb805be1cd6 - - default default] 10.0.0.113 "DELETE /v2.0/security-groups/6a5db7d2-7540-4d3f-965d-c199e38255f0 HTTP/1.1" status: 204 len: 168 time: 0.1936259
2026-07-02 06:18:30.695 10 INFO neutron.wsgi [None req-ac9c660f-83c8-4cad-b094-5b758b5ed655 44f9fc947be441caab831b744dde8ad6 431f6c9a3dcd4add9521adb805be1cd6 - - default default] 10.0.0.113 "PUT /v2.0/routers/b629222e-c03a-45e5-b3f8-2741650d1e39/remove_router_interface HTTP/1.1" status: 200 len: 503 time: 1.3321311 /var/lib/openstack/lib/python3.10/site-packages/pycadf/identifier.py:71: UserWarning: Invalid uuid: neutron. To ensure interoperability, identifiers should be a valid uuid. warnings.warn(('Invalid uuid: %s. To ensure interoperability, '
2026-07-02 06:18:31.576 10 INFO neutron.wsgi [None req-e6dd25bb-53df-43d2-a091-145b36900435 44f9fc947be441caab831b744dde8ad6 431f6c9a3dcd4add9521adb805be1cd6 - - default default] 10.0.0.113 "DELETE /v2.0/routers/b629222e-c03a-45e5-b3f8-2741650d1e39 HTTP/1.1" status: 204 len: 168 time: 0.8740804
2026-07-02 06:18:31.836 9 INFO neutron.wsgi [None req-566dd43a-ad63-484e-8d5a-74cf357a6ac5 44f9fc947be441caab831b744dde8ad6 431f6c9a3dcd4add9521adb805be1cd6 - - default default] 10.0.0.113 "DELETE /v2.0/subnets/4e03bded-77e8-4d6d-a3e7-506beecc691f HTTP/1.1" status: 204 len: 168 time: 0.2560422
2026-07-02 06:18:32.234 9 INFO neutron.services.segments.plugin [-] Segment ffd03a82-3199-459d-9fa6-a03f981d1226 resource provider aggregate not found
2026-07-02 06:18:32.247 9 INFO neutron.services.segments.plugin [-] Segment ffd03a82-3199-459d-9fa6-a03f981d1226 resource provider aggregate not found
2026-07-02 06:18:32.271 9 INFO neutron.services.segments.plugin [-] Segment ffd03a82-3199-459d-9fa6-a03f981d1226 resource provider not found; error: Placement Client Error (4xx): {"errors": [{"status": 404, "title": "Not Found", "detail": "The resource could not be found.\n\n No resource provider with uuid ffd03a82-3199-459d-9fa6-a03f981d1226 found for delete ", "request_id": "req-e62f70ae-0213-4784-9dc2-123439df736d"}]}
2026-07-02 06:18:32.276 9 INFO neutron.services.segments.plugin [-] Segment ffd03a82-3199-459d-9fa6-a03f981d1226 resource provider not found; error: Placement Client Error (4xx): {"errors": [{"status": 404, "title": "Not Found", "detail": "The resource could not be found.\n\n No resource provider with uuid ffd03a82-3199-459d-9fa6-a03f981d1226 found for delete ", "request_id": "req-6cab0c33-ce8b-4e8d-a798-b1bae3340b4d"}]}
2026-07-02 06:18:32.298 9 INFO neutron.wsgi [None req-e9120ed3-9df8-4fa6-9517-b422e10718b4 44f9fc947be441caab831b744dde8ad6 431f6c9a3dcd4add9521adb805be1cd6 - - default default] 10.0.0.113 "DELETE /v2.0/networks/45329ed6-0db4-45f3-b33f-53a36f949788 HTTP/1.1" status: 204 len: 168 time: 0.4573045
2026-07-02 06:18:32.299 9 INFO neutron.db.ovn_revision_numbers_db [None req-bb50d5ca-a92c-4e71-ac7f-114506ec0775 44f9fc947be441caab831b744dde8ad6 431f6c9a3dcd4add9521adb805be1cd6 - - default default] Successfully bumped revision number for resource 3fd58480-36b1-4f1e-8e2c-14e7fdb15f4b (type: security_groups) to 1
2026-07-02 06:18:32.322 9 INFO neutron.db.ovn_revision_numbers_db [None req-bb50d5ca-a92c-4e71-ac7f-114506ec0775 44f9fc947be441caab831b744dde8ad6 431f6c9a3dcd4add9521adb805be1cd6 - - default default] Successfully bumped revision number for resource 11363321-e776-4d3d-b8cc-a244fea73f13 (type: security_group_rules) to 0
2026-07-02 06:18:32.338 9 INFO neutron.db.ovn_revision_numbers_db [None req-bb50d5ca-a92c-4e71-ac7f-114506ec0775 44f9fc947be441caab831b744dde8ad6 431f6c9a3dcd4add9521adb805be1cd6 - - default default] Successfully bumped revision number for resource 84a36929-33f4-421d-b376-a8c8d876c701 (type: security_group_rules) to 0
2026-07-02 06:18:32.362 9 INFO neutron.db.ovn_revision_numbers_db [None req-bb50d5ca-a92c-4e71-ac7f-114506ec0775 44f9fc947be441caab831b744dde8ad6 431f6c9a3dcd4add9521adb805be1cd6 - - default default] Successfully bumped revision number for resource a5435021-0d77-4215-99b5-8af06cea7ca4 (type: security_group_rules) to 0
2026-07-02 06:18:32.379 9 INFO neutron.db.ovn_revision_numbers_db [None req-bb50d5ca-a92c-4e71-ac7f-114506ec0775 44f9fc947be441caab831b744dde8ad6 431f6c9a3dcd4add9521adb805be1cd6 - - default default] Successfully bumped revision number for resource fe56c08f-b7e1-4e0f-a521-a93263627f17 (type: security_group_rules) to 0
2026-07-02 06:18:32.403 9 INFO neutron.wsgi [None req-bb50d5ca-a92c-4e71-ac7f-114506ec0775 44f9fc947be441caab831b744dde8ad6 431f6c9a3dcd4add9521adb805be1cd6 - - default default] 10.0.0.113 "GET /v2.0/security-groups?tenant_id=c3cc68026db94643be898d937fd791b5&name=default HTTP/1.1" status: 200 len: 2996 time: 0.4270530
2026-07-02 06:18:32.534 9 INFO neutron.wsgi [None req-50f45d7a-4c64-42da-9f25-b7527ef18530 44f9fc947be441caab831b744dde8ad6 431f6c9a3dcd4add9521adb805be1cd6 - - default default] 10.0.0.113 "GET /v2.0/security-groups?tenant_id=8aa8630ebf094196bc9e6d38f6e9ad2f&name=default HTTP/1.1" status: 200 len: 2992 time: 0.0431504
2026-07-02 06:18:32.660 10 INFO neutron.wsgi [None req-3e84d1eb-182e-449d-b762-548699f3fd77 44f9fc947be441caab831b744dde8ad6 431f6c9a3dcd4add9521adb805be1cd6 - - default default] 10.0.0.113 "DELETE /v2.0/security-groups/3fd58480-36b1-4f1e-8e2c-14e7fdb15f4b HTTP/1.1" status: 204 len: 168 time: 0.2358406
2026-07-02 06:18:32.828 9 INFO neutron.wsgi [None req-3c94f1a9-c17a-40ba-97ba-f7f83b066d27 44f9fc947be441caab831b744dde8ad6 431f6c9a3dcd4add9521adb805be1cd6 - - default default] 10.0.0.113 "DELETE /v2.0/security-groups/b6d892a2-ac2a-41a5-a601-223b0dd72183 HTTP/1.1" status: 204 len: 168 time: 0.2892303
2026-07-02 06:18:32.987 10 INFO neutron.db.ovn_revision_numbers_db [None req-f5a4d5f6-38ea-4508-b565-8a8756dacbc4 44f9fc947be441caab831b744dde8ad6 431f6c9a3dcd4add9521adb805be1cd6 - - default default] Successfully bumped revision number for resource 8ac304ea-4a4a-41ce-a4cf-2de07c71d815 (type: security_groups) to 1
2026-07-02 06:18:33.001 10 INFO neutron.db.ovn_revision_numbers_db [None req-f5a4d5f6-38ea-4508-b565-8a8756dacbc4 44f9fc947be441caab831b744dde8ad6 431f6c9a3dcd4add9521adb805be1cd6 - - default default] Successfully bumped revision number for resource 2e58aea5-a416-434f-badf-d4d63197a83e (type: security_group_rules) to 0
2026-07-02 06:18:33.017 10 INFO neutron.db.ovn_revision_numbers_db [None req-f5a4d5f6-38ea-4508-b565-8a8756dacbc4 44f9fc947be441caab831b744dde8ad6 431f6c9a3dcd4add9521adb805be1cd6 - - default default] Successfully bumped revision number for resource 373f66f7-db0d-4509-beb4-99db3dec0739 (type: security_group_rules) to 0
2026-07-02 06:18:33.033 10 INFO neutron.db.ovn_revision_numbers_db [None req-f5a4d5f6-38ea-4508-b565-8a8756dacbc4 44f9fc947be441caab831b744dde8ad6 431f6c9a3dcd4add9521adb805be1cd6 - - default default] Successfully bumped revision number for resource 6e24c4d7-2dbd-4a52-a356-13e35bc49c3f (type: security_group_rules) to 0
2026-07-02 06:18:33.047 10 INFO neutron.db.ovn_revision_numbers_db [None req-f5a4d5f6-38ea-4508-b565-8a8756dacbc4 44f9fc947be441caab831b744dde8ad6 431f6c9a3dcd4add9521adb805be1cd6 - - default default] Successfully bumped revision number for resource d6f00c55-c063-41c7-a4da-4745cab7ca71 (type: security_group_rules) to 0
2026-07-02 06:18:33.070 10 INFO neutron.wsgi [None req-f5a4d5f6-38ea-4508-b565-8a8756dacbc4 44f9fc947be441caab831b744dde8ad6 431f6c9a3dcd4add9521adb805be1cd6 - - default default] 10.0.0.113 "GET /v2.0/security-groups?tenant_id=c4ede0fdf1e5479a8885360d5ec9d684&name=default HTTP/1.1" status: 200 len: 2996 time: 0.2043798
2026-07-02 06:18:33.300 10 INFO neutron.wsgi [None req-dc14bb0e-822b-4496-9a4a-12329ef6ba86 44f9fc947be441caab831b744dde8ad6 431f6c9a3dcd4add9521adb805be1cd6 - - default default] 10.0.0.113 "DELETE /v2.0/security-groups/8ac304ea-4a4a-41ce-a4cf-2de07c71d815 HTTP/1.1" status: 204 len: 168 time: 0.2254820
2026-07-02 06:18:34.648 10 INFO neutron.wsgi [None req-845c4141-406e-41dc-952c-5456e16639ab 44f9fc947be441caab831b744dde8ad6 431f6c9a3dcd4add9521adb805be1cd6 - - default default] 10.0.0.226 "GET /v2.0/security-groups HTTP/1.1" status: 200 len: 16799 time: 0.3152065
2026-07-02 06:18:34.695 10 INFO neutron.wsgi [None req-48468ed6-ea68-4733-ac91-a27d48927d3b 44f9fc947be441caab831b744dde8ad6 431f6c9a3dcd4add9521adb805be1cd6 - - default default] 10.0.0.226 "GET /v2.0/subnets HTTP/1.1" status: 200 len: 1437 time: 0.0428607
2026-07-02 06:18:34.720 10 INFO neutron.wsgi [None req-2ec0739b-f8ea-420f-9dbf-933d1ff097f7 44f9fc947be441caab831b744dde8ad6 431f6c9a3dcd4add9521adb805be1cd6 - - default default] 10.0.0.226 "GET /v2.0/routers HTTP/1.1" status: 200 len: 189 time: 0.0233579
2026-07-02 06:18:34.754 10 INFO neutron.wsgi [None req-0da8db97-8fcc-4e9f-9f63-88403c06327b 44f9fc947be441caab831b744dde8ad6 431f6c9a3dcd4add9521adb805be1cd6 - - default default] 10.0.0.226 "GET /v2.0/agents?binary=ovn-controller HTTP/1.1" status: 200 len: 591 time: 0.0337262
2026-07-02 06:18:34.770 10 INFO neutron.wsgi [None req-8c985cac-5e70-4bd2-858a-b26383e78892 44f9fc947be441caab831b744dde8ad6 431f6c9a3dcd4add9521adb805be1cd6 - - default default] 10.0.0.226 "GET /v2.0/agents HTTP/1.1" status: 200 len: 997 time: 0.0124218
2026-07-02 06:18:34.789 10 INFO neutron.wsgi [None req-08e58546-775e-4c52-992a-111eb2fb5b8a 44f9fc947be441caab831b744dde8ad6 431f6c9a3dcd4add9521adb805be1cd6 - - default default] 10.0.0.226 "GET /v2.0/network-ip-availabilities HTTP/1.1" status: 200 len: 1280 time: 0.0161490
2026-07-02 06:18:34.828 10 INFO neutron.wsgi [None req-ea67b85f-f15e-422e-99a3-85aaf24e8569 44f9fc947be441caab831b744dde8ad6 431f6c9a3dcd4add9521adb805be1cd6 - - default default] 10.0.0.226 "GET /v2.0/subnets HTTP/1.1" status: 200 len: 1437 time: 0.0384440
2026-07-02 06:18:34.842 10 INFO neutron.wsgi [None req-680605e8-e724-4134-97d8-d53bc805698e 44f9fc947be441caab831b744dde8ad6 431f6c9a3dcd4add9521adb805be1cd6 - - default default] 10.0.0.226 "GET /v2.0/subnetpools HTTP/1.1" status: 200 len: 193 time: 0.0129716
2026-07-02 06:18:34.860 10 INFO neutron.wsgi [None req-e7ab38b3-1741-46d8-9267-4f8721c36a82 44f9fc947be441caab831b744dde8ad6 431f6c9a3dcd4add9521adb805be1cd6 - - default default] 10.0.0.226 "GET /v2.0/floatingips HTTP/1.1" status: 200 len: 193 time: 0.0169585
2026-07-02 06:18:34.924 10 INFO neutron.wsgi [None req-84217b75-8831-479b-8d6d-d2f2b2bfe860 44f9fc947be441caab831b744dde8ad6 431f6c9a3dcd4add9521adb805be1cd6 - - default default] 10.0.0.226 "GET /v2.0/networks HTTP/1.1" status: 200 len: 2350 time: 0.0633836
2026-07-02 06:18:34.976 10 INFO neutron.wsgi [None req-8f4b3d5a-7b67-434f-9930-cfe66e93698b 44f9fc947be441caab831b744dde8ad6 431f6c9a3dcd4add9521adb805be1cd6 - - default default] 10.0.0.226 "GET /v2.0/ports HTTP/1.1" status: 200 len: 5347 time: 0.0472713
2026-07-02 06:18:35.063 10 INFO neutron.wsgi [-] 10.0.0.111 "GET / HTTP/1.1" status: 200 len: 246 time: 0.0031812
2026-07-02 06:18:35.066 9 INFO neutron.wsgi [-] 10.0.0.111 "GET / HTTP/1.1" status: 200 len: 246 time: 0.0044827
2026-07-02 06:18:35.257 9 INFO neutron.db.ovn_revision_numbers_db [None req-6e4f20aa-b4b8-418b-8e12-73771b14a43d 44f9fc947be441caab831b744dde8ad6 431f6c9a3dcd4add9521adb805be1cd6 - - default default] Successfully bumped revision number for resource 840520db-58fa-4cab-8728-46c5c9594ca4 (type: security_groups) to 1
2026-07-02 06:18:35.305 9 INFO neutron.db.ovn_revision_numbers_db [None req-6e4f20aa-b4b8-418b-8e12-73771b14a43d 44f9fc947be441caab831b744dde8ad6 431f6c9a3dcd4add9521adb805be1cd6 - - default default] Successfully bumped revision number for resource 068e74c8-ef6d-43a5-b9b9-e7edbf0c3aaa (type: security_group_rules) to 0
2026-07-02 06:18:35.320 10 INFO neutron.db.ovn_revision_numbers_db [None req-6162d127-b6b8-42d1-9795-a59a5bb6f344 44f9fc947be441caab831b744dde8ad6 431f6c9a3dcd4add9521adb805be1cd6 - - default default] Successfully bumped revision number for resource 2e5a3966-b55f-4f89-8c1e-03c2a50aa41c (type: security_groups) to 1
2026-07-02 06:18:35.327 9 INFO neutron.db.ovn_revision_numbers_db [None req-6e4f20aa-b4b8-418b-8e12-73771b14a43d 44f9fc947be441caab831b744dde8ad6 431f6c9a3dcd4add9521adb805be1cd6 - - default default] Successfully bumped revision number for resource 1f3ab5b4-495f-4d2b-8916-e5adfbd49065 (type: security_group_rules) to 0
2026-07-02 06:18:35.336 10 INFO neutron.db.ovn_revision_numbers_db [None req-6162d127-b6b8-42d1-9795-a59a5bb6f344 44f9fc947be441caab831b744dde8ad6 431f6c9a3dcd4add9521adb805be1cd6 - - default default] Successfully bumped revision number for resource 42d76488-52cb-425f-840b-bf6b34546b78 (type: security_group_rules) to 0
2026-07-02 06:18:35.347 9 INFO neutron.db.ovn_revision_numbers_db [None req-6e4f20aa-b4b8-418b-8e12-73771b14a43d 44f9fc947be441caab831b744dde8ad6 431f6c9a3dcd4add9521adb805be1cd6 - - default default] Successfully bumped revision number for resource 6f7ba0f9-a9e3-41a5-bf80-226f59ed4e00 (type: security_group_rules) to 0
2026-07-02 06:18:35.354 10 INFO neutron.db.ovn_revision_numbers_db [None req-6162d127-b6b8-42d1-9795-a59a5bb6f344 44f9fc947be441caab831b744dde8ad6 431f6c9a3dcd4add9521adb805be1cd6 - - default default] Successfully bumped revision number for resource 7078b743-d923-4937-b143-072c05ce4b8a (type: security_group_rules) to 0
2026-07-02 06:18:35.371 9 INFO neutron.db.ovn_revision_numbers_db [None req-6e4f20aa-b4b8-418b-8e12-73771b14a43d 44f9fc947be441caab831b744dde8ad6 431f6c9a3dcd4add9521adb805be1cd6 - - default default] Successfully bumped revision number for resource cce224db-2046-471f-8e77-09251d5d228c (type: security_group_rules) to 0
2026-07-02 06:18:35.376 10 INFO neutron.db.ovn_revision_numbers_db [None req-6162d127-b6b8-42d1-9795-a59a5bb6f344 44f9fc947be441caab831b744dde8ad6 431f6c9a3dcd4add9521adb805be1cd6 - - default default] Successfully bumped revision number for resource 71d452e9-f0ea-4baa-9f3c-f1cbf89bde8f (type: security_group_rules) to 0
2026-07-02 06:18:35.391 10 INFO neutron.db.ovn_revision_numbers_db [None req-6162d127-b6b8-42d1-9795-a59a5bb6f344 44f9fc947be441caab831b744dde8ad6 431f6c9a3dcd4add9521adb805be1cd6 - - default default] Successfully bumped revision number for resource ad3c9713-05ac-4113-b134-86eb484498db (type: security_group_rules) to 0
2026-07-02 06:18:35.406 9 INFO neutron.wsgi [None req-6e4f20aa-b4b8-418b-8e12-73771b14a43d 44f9fc947be441caab831b744dde8ad6 431f6c9a3dcd4add9521adb805be1cd6 - - default default] 10.0.0.113 "GET /v2.0/security-groups?tenant_id=7b151b98037f4cd496a04eb52eec48e4&name=default HTTP/1.1" status: 200 len: 2996 time: 0.5700819
2026-07-02 06:18:35.445 10 INFO neutron.db.segments_db [None req-6162d127-b6b8-42d1-9795-a59a5bb6f344 44f9fc947be441caab831b744dde8ad6 431f6c9a3dcd4add9521adb805be1cd6 - - default default] Added segment 6d39e282-bea7-4bdf-a282-d5e72c2f2354 of type geneve for network 469738b1-1ed7-4a8a-afe7-dbf6264ebaa3
2026-07-02 06:18:35.595 9 INFO neutron.db.ovn_revision_numbers_db [None req-8b9340aa-f389-449e-88c8-61a368a95115 44f9fc947be441caab831b744dde8ad6 431f6c9a3dcd4add9521adb805be1cd6 - - default default] Successfully bumped revision number for resource b858eeeb-10ae-410a-8961-0952b2a23bc5 (type: security_groups) to 1
2026-07-02 06:18:35.612 9 INFO neutron.db.ovn_revision_numbers_db [None req-8b9340aa-f389-449e-88c8-61a368a95115 44f9fc947be441caab831b744dde8ad6 431f6c9a3dcd4add9521adb805be1cd6 - - default default] Successfully bumped revision number for resource 3daae168-361f-4214-be68-e20d23acb1ce (type: security_group_rules) to 0
2026-07-02 06:18:35.627 10 INFO neutron.db.ovn_revision_numbers_db [None req-6162d127-b6b8-42d1-9795-a59a5bb6f344 44f9fc947be441caab831b744dde8ad6 431f6c9a3dcd4add9521adb805be1cd6 - - default default] Successfully bumped revision number for resource 469738b1-1ed7-4a8a-afe7-dbf6264ebaa3 (type: networks) to 1
2026-07-02 06:18:35.634 9 INFO neutron.db.ovn_revision_numbers_db [None req-8b9340aa-f389-449e-88c8-61a368a95115 44f9fc947be441caab831b744dde8ad6 431f6c9a3dcd4add9521adb805be1cd6 - - default default] Successfully bumped revision number for resource 417bd425-7f7f-4c80-92b1-eec30dee1ce7 (type: security_group_rules) to 0
2026-07-02 06:18:35.650 9 INFO neutron.db.ovn_revision_numbers_db [None req-8b9340aa-f389-449e-88c8-61a368a95115 44f9fc947be441caab831b744dde8ad6 431f6c9a3dcd4add9521adb805be1cd6 - - default default] Successfully bumped revision number for resource 9936832e-c008-43ed-af48-1b8e1012afd8 (type: security_group_rules) to 0
2026-07-02 06:18:35.665 9 INFO neutron.db.ovn_revision_numbers_db [None req-8b9340aa-f389-449e-88c8-61a368a95115 44f9fc947be441caab831b744dde8ad6 431f6c9a3dcd4add9521adb805be1cd6 - - default default] Successfully bumped revision number for resource ed17bde7-7e13-433c-8387-51dbaae7214f (type: security_group_rules) to 0
2026-07-02 06:18:35.691 9 INFO neutron.wsgi [None req-8b9340aa-f389-449e-88c8-61a368a95115 44f9fc947be441caab831b744dde8ad6 431f6c9a3dcd4add9521adb805be1cd6 - - default default] 10.0.0.113 "GET /v2.0/security-groups?tenant_id=b1436ccb782f4e2faddd0a9c97e8a5c3&name=default HTTP/1.1" status: 200 len: 2996 time: 0.3261166
2026-07-02 06:18:35.747 10 INFO neutron.wsgi [None req-b3827e0e-3ef8-4141-8d82-bc2d8452427d 44f9fc947be441caab831b744dde8ad6 431f6c9a3dcd4add9521adb805be1cd6 - - default default] 10.0.0.113 "DELETE /v2.0/security-groups/840520db-58fa-4cab-8728-46c5c9594ca4 HTTP/1.1" status: 204 len: 168 time: 0.3317447
2026-07-02 06:18:35.818 10 WARNING neutron.scheduler.dhcp_agent_scheduler [None req-6162d127-b6b8-42d1-9795-a59a5bb6f344 44f9fc947be441caab831b744dde8ad6 431f6c9a3dcd4add9521adb805be1cd6 - - default default] No more DHCP agents
2026-07-02 06:18:35.822 10 WARNING neutron.api.rpc.agentnotifiers.dhcp_rpc_agent_api [None req-6162d127-b6b8-42d1-9795-a59a5bb6f344 44f9fc947be441caab831b744dde8ad6 431f6c9a3dcd4add9521adb805be1cd6 - - default default] Unable to schedule network 469738b1-1ed7-4a8a-afe7-dbf6264ebaa3: no agents available; will retry on subsequent port and subnet creation events.
2026-07-02 06:18:35.932 10 INFO neutron.db.ovn_revision_numbers_db [None req-6162d127-b6b8-42d1-9795-a59a5bb6f344 44f9fc947be441caab831b744dde8ad6 431f6c9a3dcd4add9521adb805be1cd6 - - default default] Successfully bumped revision number for resource e7be174f-e6e2-4705-a68a-66ad060c1ed1 (type: ports) to 1
2026-07-02 06:18:35.940 9 INFO neutron.wsgi [None req-55368a54-c01c-40b4-bf28-3548e0623e22 44f9fc947be441caab831b744dde8ad6 431f6c9a3dcd4add9521adb805be1cd6 - - default default] 10.0.0.113 "DELETE /v2.0/security-groups/b858eeeb-10ae-410a-8961-0952b2a23bc5 HTTP/1.1" status: 204 len: 168 time: 0.2426236
2026-07-02 06:18:35.962 10 INFO neutron.wsgi [None req-6162d127-b6b8-42d1-9795-a59a5bb6f344 44f9fc947be441caab831b744dde8ad6 431f6c9a3dcd4add9521adb805be1cd6 - - default default] 10.0.0.113 "POST /v2.0/networks HTTP/1.1" status: 201 len: 945 time: 0.8883424
2026-07-02 06:18:36.040 9 INFO neutron.db.ovn_revision_numbers_db [None req-933cded9-648b-4905-8b67-fbac4f0529b6 44f9fc947be441caab831b744dde8ad6 431f6c9a3dcd4add9521adb805be1cd6 - - default default] Successfully bumped revision number for resource 7f8e0372-1ff2-48e5-bbc3-d298b10a5b59 (type: security_groups) to 1
2026-07-02 06:18:36.055 9 INFO neutron.db.ovn_revision_numbers_db [None req-933cded9-648b-4905-8b67-fbac4f0529b6 44f9fc947be441caab831b744dde8ad6 431f6c9a3dcd4add9521adb805be1cd6 - - default default] Successfully bumped revision number for resource 43af8ca1-2bc4-4e39-9ecb-f12e3913b35e (type: security_group_rules) to 0
2026-07-02 06:18:36.076 9 INFO neutron.db.ovn_revision_numbers_db [None req-933cded9-648b-4905-8b67-fbac4f0529b6 44f9fc947be441caab831b744dde8ad6 431f6c9a3dcd4add9521adb805be1cd6 - - default default] Successfully bumped revision number for resource 606c9b0e-e315-4a96-86c7-fffb6b4b1f99 (type: security_group_rules) to 0
2026-07-02 06:18:36.091 9 INFO neutron.db.ovn_revision_numbers_db [None req-933cded9-648b-4905-8b67-fbac4f0529b6 44f9fc947be441caab831b744dde8ad6 431f6c9a3dcd4add9521adb805be1cd6 - - default default] Successfully bumped revision number for resource 7ebadeef-022b-4814-90b6-4ed606094e99 (type: security_group_rules) to 0
2026-07-02 06:18:36.105 9 INFO neutron.db.ovn_revision_numbers_db [None req-933cded9-648b-4905-8b67-fbac4f0529b6 44f9fc947be441caab831b744dde8ad6 431f6c9a3dcd4add9521adb805be1cd6 - - default default] Successfully bumped revision number for resource d6d314d3-03e3-472f-bdfd-80bb65954cbf (type: security_group_rules) to 0
2026-07-02 06:18:36.123 10 WARNING neutron.scheduler.dhcp_agent_scheduler [None req-b6917eb5-ee8a-42c9-853a-e3dd3c4453db 44f9fc947be441caab831b744dde8ad6 431f6c9a3dcd4add9521adb805be1cd6 - - default default] No more DHCP agents
2026-07-02 06:18:36.125 10 WARNING neutron.api.rpc.agentnotifiers.dhcp_rpc_agent_api [None req-b6917eb5-ee8a-42c9-853a-e3dd3c4453db 44f9fc947be441caab831b744dde8ad6 431f6c9a3dcd4add9521adb805be1cd6 - - default default] Unable to schedule network 469738b1-1ed7-4a8a-afe7-dbf6264ebaa3: no agents available; will retry on subsequent port and subnet creation events.
2026-07-02 06:18:36.136 9 INFO neutron.wsgi [None req-933cded9-648b-4905-8b67-fbac4f0529b6 44f9fc947be441caab831b744dde8ad6 431f6c9a3dcd4add9521adb805be1cd6 - - default default] 10.0.0.113 "GET /v2.0/security-groups?tenant_id=1ac3286a7b354f58a9b902cb2bb056c8&name=default HTTP/1.1" status: 200 len: 2996 time: 0.2184694
2026-07-02 06:18:36.250 9 INFO neutron.db.ovn_revision_numbers_db [None req-535d689e-3195-4dd3-8d89-7f8468cb35f1 44f9fc947be441caab831b744dde8ad6 431f6c9a3dcd4add9521adb805be1cd6 - - default default] Successfully bumped revision number for resource 9045e6f9-8613-4df6-9fb0-d18de28b6d75 (type: security_groups) to 1
2026-07-02 06:18:36.265 9 INFO neutron.db.ovn_revision_numbers_db [None req-535d689e-3195-4dd3-8d89-7f8468cb35f1 44f9fc947be441caab831b744dde8ad6 431f6c9a3dcd4add9521adb805be1cd6 - - default default] Successfully bumped revision number for resource 165c49a9-9b68-4676-9053-72f9aeb256a1 (type: security_group_rules) to 0
2026-07-02 06:18:36.280 9 INFO neutron.db.ovn_revision_numbers_db [None req-535d689e-3195-4dd3-8d89-7f8468cb35f1 44f9fc947be441caab831b744dde8ad6 431f6c9a3dcd4add9521adb805be1cd6 - - default default] Successfully bumped revision number for resource 639c52f9-d022-404c-aab2-aa086959e405 (type: security_group_rules) to 0
2026-07-02 06:18:36.297 9 INFO neutron.db.ovn_revision_numbers_db [None req-535d689e-3195-4dd3-8d89-7f8468cb35f1 44f9fc947be441caab831b744dde8ad6 431f6c9a3dcd4add9521adb805be1cd6 - - default default] Successfully bumped revision number for resource 7787bad6-67c0-4af1-838f-75424c9829d4 (type: security_group_rules) to 0
2026-07-02 06:18:36.312 9 INFO neutron.db.ovn_revision_numbers_db [None req-535d689e-3195-4dd3-8d89-7f8468cb35f1 44f9fc947be441caab831b744dde8ad6 431f6c9a3dcd4add9521adb805be1cd6 - - default default] Successfully bumped revision number for resource e05e1aec-e6bf-4eb0-a01b-6684a0a23699 (type: security_group_rules) to 0
2026-07-02 06:18:36.344 9 INFO neutron.wsgi [None req-535d689e-3195-4dd3-8d89-7f8468cb35f1 44f9fc947be441caab831b744dde8ad6 431f6c9a3dcd4add9521adb805be1cd6 - - default default] 10.0.0.113 "GET /v2.0/security-groups?tenant_id=8ddf780f2dea48e39869f6515bde47ca&name=default HTTP/1.1" status: 200 len: 2996 time: 0.2301986
2026-07-02 06:18:36.448 9 INFO neutron.db.ovn_revision_numbers_db [None req-b861cf06-a92a-4d19-8ef0-2bbfd39c98f4 44f9fc947be441caab831b744dde8ad6 431f6c9a3dcd4add9521adb805be1cd6 - - default default] Successfully bumped revision number for resource 3db6f900-eeda-4ba6-80f7-63c8d9fb19d5 (type: security_groups) to 1
2026-07-02 06:18:36.463 9 INFO neutron.db.ovn_revision_numbers_db [None req-b861cf06-a92a-4d19-8ef0-2bbfd39c98f4 44f9fc947be441caab831b744dde8ad6 431f6c9a3dcd4add9521adb805be1cd6 - - default default] Successfully bumped revision number for resource 41bf425d-8313-41a2-bb23-143edbb7bf66 (type: security_group_rules) to 0
2026-07-02 06:18:36.475 10 INFO neutron.wsgi [None req-98eedc8e-8a36-4ccf-9cda-a60de0f8df48 44f9fc947be441caab831b744dde8ad6 431f6c9a3dcd4add9521adb805be1cd6 - - default default] 10.0.0.113 "DELETE /v2.0/security-groups/7f8e0372-1ff2-48e5-bbc3-d298b10a5b59 HTTP/1.1" status: 204 len: 168 time: 0.3326206
2026-07-02 06:18:36.475 9 INFO neutron.db.ovn_revision_numbers_db [None req-b861cf06-a92a-4d19-8ef0-2bbfd39c98f4 44f9fc947be441caab831b744dde8ad6 431f6c9a3dcd4add9521adb805be1cd6 - - default default] Successfully bumped revision number for resource 43a5b679-3255-4301-a865-89beb2bc882b (type: security_group_rules) to 0
2026-07-02 06:18:36.496 9 INFO neutron.db.ovn_revision_numbers_db [None req-b861cf06-a92a-4d19-8ef0-2bbfd39c98f4 44f9fc947be441caab831b744dde8ad6 431f6c9a3dcd4add9521adb805be1cd6 - - default default] Successfully bumped revision number for resource 4f65368f-cd99-4880-a2cd-ecdc98bdc438 (type: security_group_rules) to 0
2026-07-02 06:18:36.513 9 INFO neutron.db.ovn_revision_numbers_db [None req-b861cf06-a92a-4d19-8ef0-2bbfd39c98f4 44f9fc947be441caab831b744dde8ad6 431f6c9a3dcd4add9521adb805be1cd6 - - default default] Successfully bumped revision number for resource 56688688-bbad-4919-b0f4-e2b7d686396a (type: security_group_rules) to 0
2026-07-02 06:18:36.536 9 INFO neutron.wsgi [None req-b861cf06-a92a-4d19-8ef0-2bbfd39c98f4 44f9fc947be441caab831b744dde8ad6 431f6c9a3dcd4add9521adb805be1cd6 - - default default] 10.0.0.113 "GET /v2.0/security-groups?tenant_id=05c0ab7c2bb047a598cf74af1e157c3e&name=default HTTP/1.1" status: 200 len: 2996 time: 0.4721591
2026-07-02 06:18:36.680 10 INFO neutron.wsgi [None req-5545ffc1-fe0f-4d4f-819f-e6f4852f9272 44f9fc947be441caab831b744dde8ad6 431f6c9a3dcd4add9521adb805be1cd6 - - default default] 10.0.0.113 "DELETE /v2.0/security-groups/9045e6f9-8613-4df6-9fb0-d18de28b6d75 HTTP/1.1" status: 204 len: 168 time: 0.3294752
2026-07-02 06:18:36.734 10 INFO neutron.db.ovn_revision_numbers_db [None req-b6917eb5-ee8a-42c9-853a-e3dd3c4453db 44f9fc947be441caab831b744dde8ad6 431f6c9a3dcd4add9521adb805be1cd6 - - default default] Successfully bumped revision number for resource e7be174f-e6e2-4705-a68a-66ad060c1ed1 (type: ports) to 2
2026-07-02 06:18:36.777 9 INFO neutron.wsgi [None req-a646a943-0b3f-4dbe-a146-d0b177ec3eab 44f9fc947be441caab831b744dde8ad6 431f6c9a3dcd4add9521adb805be1cd6 - - default default] 10.0.0.113 "DELETE /v2.0/security-groups/3db6f900-eeda-4ba6-80f7-63c8d9fb19d5 HTTP/1.1" status: 204 len: 168 time: 0.2346566
2026-07-02 06:18:36.788 10 INFO neutron.db.ovn_revision_numbers_db [None req-b6917eb5-ee8a-42c9-853a-e3dd3c4453db 44f9fc947be441caab831b744dde8ad6 431f6c9a3dcd4add9521adb805be1cd6 - - default default] Successfully bumped revision number for resource 540c27dd-8f07-4732-b20f-8d5006244840 (type: subnets) to 0
2026-07-02 06:18:36.811 10 INFO neutron.wsgi [None req-b6917eb5-ee8a-42c9-853a-e3dd3c4453db 44f9fc947be441caab831b744dde8ad6 431f6c9a3dcd4add9521adb805be1cd6 - - default default] 10.0.0.113 "POST /v2.0/subnets HTTP/1.1" status: 201 len: 865 time: 0.8422873
2026-07-02 06:18:37.358 9 WARNING neutron.scheduler.dhcp_agent_scheduler [None req-3ff060dc-7df0-4e1e-ab34-3356c8e3817b 44f9fc947be441caab831b744dde8ad6 431f6c9a3dcd4add9521adb805be1cd6 - - default default] No more DHCP agents
2026-07-02 06:18:37.362 9 WARNING neutron.api.rpc.agentnotifiers.dhcp_rpc_agent_api [None req-3ff060dc-7df0-4e1e-ab34-3356c8e3817b 44f9fc947be441caab831b744dde8ad6 431f6c9a3dcd4add9521adb805be1cd6 - - default default] Unable to schedule network 434026b2-6e27-4ded-bc50-5dd99f22e9f7: no agents available; will retry on subsequent port and subnet creation events.
2026-07-02 06:18:37.567 9 INFO neutron.db.ovn_revision_numbers_db [None req-3ff060dc-7df0-4e1e-ab34-3356c8e3817b 44f9fc947be441caab831b744dde8ad6 431f6c9a3dcd4add9521adb805be1cd6 - - default default] Successfully bumped revision number for resource 1f8a6490-cc7f-4d00-a344-4aacddacd3de (type: ports) to 1
2026-07-02 06:18:38.222 10 INFO neutron.plugins.ml2.drivers.ovn.mech_driver.mech_driver [None req-f958670b-66e1-475f-b8d2-1c6e6d4a10aa - - - - - -] OVN reports status up for port: 1f8a6490-cc7f-4d00-a344-4aacddacd3de
2026-07-02 06:18:38.248 10 INFO neutron.plugins.ml2.plugin [None req-f958670b-66e1-475f-b8d2-1c6e6d4a10aa - - - - - -] Attempt 1 to provision port 1f8a6490-cc7f-4d00-a344-4aacddacd3de
2026-07-02 06:18:38.253 9 INFO neutron.plugins.ml2.drivers.ovn.mech_driver.ovsdb.ovsdb_monitor [None req-d3e58004-f11d-43a1-9798-4df2b9b02531 - - - - - -] Router db787f97-ecc5-4ad2-9e43-54050c383833 is bound to host instance
2026-07-02 06:18:38.279 9 INFO neutron.db.ovn_revision_numbers_db [None req-3ff060dc-7df0-4e1e-ab34-3356c8e3817b 44f9fc947be441caab831b744dde8ad6 431f6c9a3dcd4add9521adb805be1cd6 - - default default] Successfully bumped revision number for resource 1f8a6490-cc7f-4d00-a344-4aacddacd3de (type: router_ports) to 1
2026-07-02 06:18:38.374 9 INFO neutron.db.ovn_revision_numbers_db [None req-3ff060dc-7df0-4e1e-ab34-3356c8e3817b 44f9fc947be441caab831b744dde8ad6 431f6c9a3dcd4add9521adb805be1cd6 - - default default] Successfully bumped revision number for resource db787f97-ecc5-4ad2-9e43-54050c383833 (type: routers) to 2
2026-07-02 06:18:38.408 9 INFO neutron.wsgi [None req-3ff060dc-7df0-4e1e-ab34-3356c8e3817b 44f9fc947be441caab831b744dde8ad6 431f6c9a3dcd4add9521adb805be1cd6 - - default default] 10.0.0.113 "POST /v2.0/routers HTTP/1.1" status: 201 len: 876 time: 1.5907164
2026-07-02 06:18:38.685 10 WARNING neutron_lib.context [None req-2c136bc2-bc8f-4b0a-863f-7e0f9c17f743 f91674bf2a5849f08a05bf700720e8db 5558e55c3ee44c8882fabdd08a43f1ee - - default default] Method 'is_advsvc' is deprecated since 2023.2 release (neutron-lib 3.8.0) and will be removed once support for the old RBAC API policies will be removed from Neutron. Please use method 'is_service_role' instead.
2026-07-02 06:18:38.821 10 INFO neutron.db.ovn_revision_numbers_db [None req-2c136bc2-bc8f-4b0a-863f-7e0f9c17f743 f91674bf2a5849f08a05bf700720e8db 5558e55c3ee44c8882fabdd08a43f1ee - - default default] Successfully bumped revision number for resource 171ccb37-9290-4c19-b00a-7cbff62897d1 (type: security_groups) to 1
2026-07-02 06:18:38.836 10 INFO neutron.db.ovn_revision_numbers_db [None req-2c136bc2-bc8f-4b0a-863f-7e0f9c17f743 f91674bf2a5849f08a05bf700720e8db 5558e55c3ee44c8882fabdd08a43f1ee - - default default] Successfully bumped revision number for resource 1aa1cd5d-41f1-4d6d-84ed-a8631c0c60a3 (type: security_group_rules) to 0
2026-07-02 06:18:38.849 10 INFO neutron.db.ovn_revision_numbers_db [None req-2c136bc2-bc8f-4b0a-863f-7e0f9c17f743 f91674bf2a5849f08a05bf700720e8db 5558e55c3ee44c8882fabdd08a43f1ee - - default default] Successfully bumped revision number for resource 24e5dd06-51b8-4d0f-8b72-43c199e99e58 (type: security_group_rules) to 0
2026-07-02 06:18:38.864 10 INFO neutron.db.ovn_revision_numbers_db [None req-2c136bc2-bc8f-4b0a-863f-7e0f9c17f743 f91674bf2a5849f08a05bf700720e8db 5558e55c3ee44c8882fabdd08a43f1ee - - default default] Successfully bumped revision number for resource 37c95401-511d-4c64-993b-a14a99d60f01 (type: security_group_rules) to 0
2026-07-02 06:18:38.878 10 INFO neutron.db.ovn_revision_numbers_db [None req-2c136bc2-bc8f-4b0a-863f-7e0f9c17f743 f91674bf2a5849f08a05bf700720e8db 5558e55c3ee44c8882fabdd08a43f1ee - - default default] Successfully bumped revision number for resource 539d0735-f3fa-4dd5-9f6d-b4a0249d5a44 (type: security_group_rules) to 0
2026-07-02 06:18:38.934 10 INFO neutron.db.segments_db [None req-2c136bc2-bc8f-4b0a-863f-7e0f9c17f743 f91674bf2a5849f08a05bf700720e8db 5558e55c3ee44c8882fabdd08a43f1ee - - default default] Added segment 9b8095e9-a71e-4cb5-8a12-78f5e344fbde of type geneve for network 5e98c3d3-b9cc-4f6d-ae06-aae9c1231e7c
2026-07-02 06:18:39.110 10 INFO neutron.db.ovn_revision_numbers_db [None req-2c136bc2-bc8f-4b0a-863f-7e0f9c17f743 f91674bf2a5849f08a05bf700720e8db 5558e55c3ee44c8882fabdd08a43f1ee - - default default] Successfully bumped revision number for resource 5e98c3d3-b9cc-4f6d-ae06-aae9c1231e7c (type: networks) to 1
2026-07-02 06:18:39.174 9 INFO neutron.db.ovn_revision_numbers_db [None req-d3e58004-f11d-43a1-9798-4df2b9b02531 - - - - - -] Successfully bumped revision number for resource 1f8a6490-cc7f-4d00-a344-4aacddacd3de (type: ports) to 1
2026-07-02 06:18:39.291 9 WARNING neutron.scheduler.dhcp_agent_scheduler [None req-413e4bfc-5888-49b6-8da9-e8a49533fb4c 44f9fc947be441caab831b744dde8ad6 431f6c9a3dcd4add9521adb805be1cd6 - - default default] No more DHCP agents
2026-07-02 06:18:39.298 9 WARNING neutron.api.rpc.agentnotifiers.dhcp_rpc_agent_api [None req-413e4bfc-5888-49b6-8da9-e8a49533fb4c 44f9fc947be441caab831b744dde8ad6 431f6c9a3dcd4add9521adb805be1cd6 - - default default] Unable to schedule network 469738b1-1ed7-4a8a-afe7-dbf6264ebaa3: no agents available; will retry on subsequent port and subnet creation events.
