2026-07-02 06:18:39.517 9 INFO neutron.db.ovn_revision_numbers_db [None req-d3e58004-f11d-43a1-9798-4df2b9b02531 - - - - - -] Successfully bumped revision number for resource 1f8a6490-cc7f-4d00-a344-4aacddacd3de (type: router_ports) to 3
2026-07-02 06:18:39.529 9 INFO neutron.db.ovn_revision_numbers_db [None req-413e4bfc-5888-49b6-8da9-e8a49533fb4c 44f9fc947be441caab831b744dde8ad6 431f6c9a3dcd4add9521adb805be1cd6 - - default default] Successfully bumped revision number for resource ed750b5d-b8d0-4bd2-ae74-2ecc65e5acef (type: ports) to 1
2026-07-02 06:18:39.652 10 WARNING neutron.scheduler.dhcp_agent_scheduler [None req-2c136bc2-bc8f-4b0a-863f-7e0f9c17f743 f91674bf2a5849f08a05bf700720e8db 5558e55c3ee44c8882fabdd08a43f1ee - - default default] No more DHCP agents
2026-07-02 06:18:39.657 10 WARNING neutron.api.rpc.agentnotifiers.dhcp_rpc_agent_api [None req-2c136bc2-bc8f-4b0a-863f-7e0f9c17f743 f91674bf2a5849f08a05bf700720e8db 5558e55c3ee44c8882fabdd08a43f1ee - - default default] Unable to schedule network 5e98c3d3-b9cc-4f6d-ae06-aae9c1231e7c: no agents available; will retry on subsequent port and subnet creation events.
2026-07-02 06:18:39.746 9 INFO neutron.db.ovn_revision_numbers_db [None req-d3e58004-f11d-43a1-9798-4df2b9b02531 - - - - - -] Successfully bumped revision number for resource 1f8a6490-cc7f-4d00-a344-4aacddacd3de (type: ports) to 2
2026-07-02 06:18:39.755 10 INFO neutron.db.ovn_revision_numbers_db [None req-2c136bc2-bc8f-4b0a-863f-7e0f9c17f743 f91674bf2a5849f08a05bf700720e8db 5558e55c3ee44c8882fabdd08a43f1ee - - default default] Successfully bumped revision number for resource 43ee6490-6f07-40ca-b6b6-2bd5fb566359 (type: ports) to 1
2026-07-02 06:18:39.778 10 INFO neutron.wsgi [None req-2c136bc2-bc8f-4b0a-863f-7e0f9c17f743 f91674bf2a5849f08a05bf700720e8db 5558e55c3ee44c8882fabdd08a43f1ee - - default default] 10.0.0.113 "POST /v2.0/networks HTTP/1.1" status: 201 len: 849 time: 1.2226360
2026-07-02 06:18:39.795 9 WARNING neutron_lib.context [None req-4812fafb-eacf-4532-8e66-6c37ac8eb708 f91674bf2a5849f08a05bf700720e8db 5558e55c3ee44c8882fabdd08a43f1ee - - default default] Method 'is_advsvc' is deprecated since 2023.2 release (neutron-lib 3.8.0) and will be removed once support for the old RBAC API policies will be removed from Neutron. Please use method 'is_service_role' instead.
2026-07-02 06:18:40.169 9 INFO neutron.db.ovn_revision_numbers_db [None req-413e4bfc-5888-49b6-8da9-e8a49533fb4c 44f9fc947be441caab831b744dde8ad6 431f6c9a3dcd4add9521adb805be1cd6 - - default default] Successfully bumped revision number for resource ed750b5d-b8d0-4bd2-ae74-2ecc65e5acef (type: router_ports) to 1
2026-07-02 06:18:40.222 9 WARNING neutron.scheduler.dhcp_agent_scheduler [None req-4812fafb-eacf-4532-8e66-6c37ac8eb708 f91674bf2a5849f08a05bf700720e8db 5558e55c3ee44c8882fabdd08a43f1ee - - default default] No more DHCP agents
2026-07-02 06:18:40.226 9 WARNING neutron.api.rpc.agentnotifiers.dhcp_rpc_agent_api [None req-4812fafb-eacf-4532-8e66-6c37ac8eb708 f91674bf2a5849f08a05bf700720e8db 5558e55c3ee44c8882fabdd08a43f1ee - - default default] Unable to schedule network 5e98c3d3-b9cc-4f6d-ae06-aae9c1231e7c: no agents available; will retry on subsequent port and subnet creation events.
2026-07-02 06:18:40.235 9 INFO neutron.db.ovn_revision_numbers_db [None req-d3e58004-f11d-43a1-9798-4df2b9b02531 - - - - - -] Successfully bumped revision number for resource 1f8a6490-cc7f-4d00-a344-4aacddacd3de (type: ports) to 4
2026-07-02 06:18:40.300 9 INFO neutron.db.ovn_revision_numbers_db [None req-4812fafb-eacf-4532-8e66-6c37ac8eb708 f91674bf2a5849f08a05bf700720e8db 5558e55c3ee44c8882fabdd08a43f1ee - - default default] Successfully bumped revision number for resource 1869a28f-5a48-4116-92f2-8908bfd0f039 (type: subnets) to 0
2026-07-02 06:18:40.333 9 INFO neutron.wsgi [None req-4812fafb-eacf-4532-8e66-6c37ac8eb708 f91674bf2a5849f08a05bf700720e8db 5558e55c3ee44c8882fabdd08a43f1ee - - default default] 10.0.0.113 "POST /v2.0/subnets HTTP/1.1" status: 201 len: 802 time: 0.5456066
2026-07-02 06:18:40.345 10 WARNING neutron_lib.context [None req-f57dda3c-a8fe-406c-bea4-5162681087a7 f91674bf2a5849f08a05bf700720e8db 5558e55c3ee44c8882fabdd08a43f1ee - - default default] Method 'is_advsvc' is deprecated since 2023.2 release (neutron-lib 3.8.0) and will be removed once support for the old RBAC API policies will be removed from Neutron. Please use method 'is_service_role' instead.
2026-07-02 06:18:40.438 9 INFO neutron.db.ovn_revision_numbers_db [None req-413e4bfc-5888-49b6-8da9-e8a49533fb4c 44f9fc947be441caab831b744dde8ad6 431f6c9a3dcd4add9521adb805be1cd6 - - default default] Successfully bumped revision number for resource ed750b5d-b8d0-4bd2-ae74-2ecc65e5acef (type: ports) to 1
2026-07-02 06:18:40.770 10 INFO neutron.plugins.ml2.drivers.ovn.mech_driver.mech_driver [None req-f958670b-66e1-475f-b8d2-1c6e6d4a10aa - - - - - -] OVN reports status up for port: ed750b5d-b8d0-4bd2-ae74-2ecc65e5acef
2026-07-02 06:18:40.786 10 INFO neutron.plugins.ml2.plugin [None req-f958670b-66e1-475f-b8d2-1c6e6d4a10aa - - - - - -] Attempt 1 to provision port ed750b5d-b8d0-4bd2-ae74-2ecc65e5acef
2026-07-02 06:18:40.804 9 WARNING neutron.scheduler.dhcp_agent_scheduler [None req-413e4bfc-5888-49b6-8da9-e8a49533fb4c 44f9fc947be441caab831b744dde8ad6 431f6c9a3dcd4add9521adb805be1cd6 - - default default] No more DHCP agents
2026-07-02 06:18:40.805 9 WARNING neutron.api.rpc.agentnotifiers.dhcp_rpc_agent_api [None req-413e4bfc-5888-49b6-8da9-e8a49533fb4c 44f9fc947be441caab831b744dde8ad6 431f6c9a3dcd4add9521adb805be1cd6 - - default default] Unable to schedule network 469738b1-1ed7-4a8a-afe7-dbf6264ebaa3: no agents available; will retry on subsequent port and subnet creation events.
2026-07-02 06:18:40.808 9 INFO neutron.db.ovn_revision_numbers_db [None req-d3e58004-f11d-43a1-9798-4df2b9b02531 - - - - - -] Successfully bumped revision number for resource 1f8a6490-cc7f-4d00-a344-4aacddacd3de (type: router_ports) to 4
2026-07-02 06:18:40.994 10 WARNING neutron.scheduler.dhcp_agent_scheduler [None req-f57dda3c-a8fe-406c-bea4-5162681087a7 f91674bf2a5849f08a05bf700720e8db 5558e55c3ee44c8882fabdd08a43f1ee - - default default] No more DHCP agents
2026-07-02 06:18:41.001 10 WARNING neutron.api.rpc.agentnotifiers.dhcp_rpc_agent_api [None req-f57dda3c-a8fe-406c-bea4-5162681087a7 f91674bf2a5849f08a05bf700720e8db 5558e55c3ee44c8882fabdd08a43f1ee - - default default] Unable to schedule network 434026b2-6e27-4ded-bc50-5dd99f22e9f7: no agents available; will retry on subsequent port and subnet creation events.
2026-07-02 06:18:41.176 10 INFO neutron.db.ovn_revision_numbers_db [None req-72b7c224-8e91-448b-8418-58b92b59dd73 44f9fc947be441caab831b744dde8ad6 431f6c9a3dcd4add9521adb805be1cd6 - - default default] Successfully bumped revision number for resource 4fcab51d-f3f7-4623-8eb3-e7f3cc1c4323 (type: security_groups) to 1
2026-07-02 06:18:41.212 10 INFO neutron.db.ovn_revision_numbers_db [None req-72b7c224-8e91-448b-8418-58b92b59dd73 44f9fc947be441caab831b744dde8ad6 431f6c9a3dcd4add9521adb805be1cd6 - - default default] Successfully bumped revision number for resource 449588db-1366-492c-abf4-dcde03ced7ec (type: security_group_rules) to 0
2026-07-02 06:18:41.238 10 INFO neutron.db.ovn_revision_numbers_db [None req-72b7c224-8e91-448b-8418-58b92b59dd73 44f9fc947be441caab831b744dde8ad6 431f6c9a3dcd4add9521adb805be1cd6 - - default default] Successfully bumped revision number for resource 49d9ef8a-7e41-404c-9d01-41085b1275f8 (type: security_group_rules) to 0
2026-07-02 06:18:41.242 9 INFO neutron.db.ovn_revision_numbers_db [None req-616016e0-9a57-4da2-86ae-3bd116f1d16c 44f9fc947be441caab831b744dde8ad6 431f6c9a3dcd4add9521adb805be1cd6 - - default default] Successfully bumped revision number for resource 372b8f0c-f47d-4a68-88a8-ca0f0711dfee (type: security_groups) to 1
2026-07-02 06:18:41.252 10 INFO neutron.db.ovn_revision_numbers_db [None req-f958670b-66e1-475f-b8d2-1c6e6d4a10aa - - - - - -] Successfully bumped revision number for resource ed750b5d-b8d0-4bd2-ae74-2ecc65e5acef (type: ports) to 2
2026-07-02 06:18:41.261 10 INFO neutron.db.ovn_revision_numbers_db [None req-72b7c224-8e91-448b-8418-58b92b59dd73 44f9fc947be441caab831b744dde8ad6 431f6c9a3dcd4add9521adb805be1cd6 - - default default] Successfully bumped revision number for resource 95145043-17c8-49d3-b1f6-b5119dc7cc9d (type: security_group_rules) to 0
2026-07-02 06:18:41.263 10 INFO neutron.db.ovn_revision_numbers_db [None req-f57dda3c-a8fe-406c-bea4-5162681087a7 f91674bf2a5849f08a05bf700720e8db 5558e55c3ee44c8882fabdd08a43f1ee - - default default] Successfully bumped revision number for resource 33c877d0-5cda-4747-883c-945133ac5904 (type: ports) to 1
2026-07-02 06:18:41.263 9 INFO neutron.db.ovn_revision_numbers_db [None req-616016e0-9a57-4da2-86ae-3bd116f1d16c 44f9fc947be441caab831b744dde8ad6 431f6c9a3dcd4add9521adb805be1cd6 - - default default] Successfully bumped revision number for resource 1e012a08-3446-4229-8ef0-1a70475696fe (type: security_group_rules) to 0
2026-07-02 06:18:41.286 9 INFO neutron.db.ovn_revision_numbers_db [None req-616016e0-9a57-4da2-86ae-3bd116f1d16c 44f9fc947be441caab831b744dde8ad6 431f6c9a3dcd4add9521adb805be1cd6 - - default default] Successfully bumped revision number for resource 45d8fd37-2dd8-4a31-8e91-180308ae0e1c (type: security_group_rules) to 0
2026-07-02 06:18:41.304 9 INFO neutron.db.ovn_revision_numbers_db [None req-413e4bfc-5888-49b6-8da9-e8a49533fb4c 44f9fc947be441caab831b744dde8ad6 431f6c9a3dcd4add9521adb805be1cd6 - - default default] Successfully bumped revision number for resource ed750b5d-b8d0-4bd2-ae74-2ecc65e5acef (type: router_ports) to 1
2026-07-02 06:18:41.306 9 INFO neutron.wsgi [None req-413e4bfc-5888-49b6-8da9-e8a49533fb4c 44f9fc947be441caab831b744dde8ad6 431f6c9a3dcd4add9521adb805be1cd6 - - default default] 10.0.0.113 "PUT /v2.0/routers/db787f97-ecc5-4ad2-9e43-54050c383833/add_router_interface HTTP/1.1" status: 200 len: 503 time: 2.8927805
2026-07-02 06:18:41.308 9 INFO neutron.db.ovn_revision_numbers_db [None req-616016e0-9a57-4da2-86ae-3bd116f1d16c 44f9fc947be441caab831b744dde8ad6 431f6c9a3dcd4add9521adb805be1cd6 - - default default] Successfully bumped revision number for resource 505e7460-4a90-48d9-8ef3-fe90dfdf4ce0 (type: security_group_rules) to 0
2026-07-02 06:18:41.321 10 INFO neutron.db.ovn_revision_numbers_db [None req-72b7c224-8e91-448b-8418-58b92b59dd73 44f9fc947be441caab831b744dde8ad6 431f6c9a3dcd4add9521adb805be1cd6 - - default default] Successfully bumped revision number for resource c4d0add9-25d8-44fc-a747-e8505f9b622c (type: security_group_rules) to 0
2026-07-02 06:18:41.331 9 INFO neutron.db.ovn_revision_numbers_db [None req-616016e0-9a57-4da2-86ae-3bd116f1d16c 44f9fc947be441caab831b744dde8ad6 431f6c9a3dcd4add9521adb805be1cd6 - - default default] Successfully bumped revision number for resource ef777552-522f-4720-aa3e-dc9a5e2ea10f (type: security_group_rules) to 0
2026-07-02 06:18:41.359 9 INFO neutron.wsgi [None req-616016e0-9a57-4da2-86ae-3bd116f1d16c 44f9fc947be441caab831b744dde8ad6 431f6c9a3dcd4add9521adb805be1cd6 - - default default] 10.0.0.113 "GET /v2.0/security-groups?tenant_id=9d3781eb941f4058bd215d7942a014f3&name=default HTTP/1.1" status: 200 len: 2996 time: 0.4116697
2026-07-02 06:18:41.382 10 INFO neutron.wsgi [None req-72b7c224-8e91-448b-8418-58b92b59dd73 44f9fc947be441caab831b744dde8ad6 431f6c9a3dcd4add9521adb805be1cd6 - - default default] 10.0.0.113 "GET /v2.0/security-groups?tenant_id=bb676606605149cc96f0f6fb30166b80&name=default HTTP/1.1" status: 200 len: 2996 time: 0.8396461
2026-07-02 06:18:41.410 10 INFO neutron.db.ovn_revision_numbers_db [None req-f958670b-66e1-475f-b8d2-1c6e6d4a10aa - - - - - -] Successfully bumped revision number for resource ed750b5d-b8d0-4bd2-ae74-2ecc65e5acef (type: router_ports) to 2
2026-07-02 06:18:41.605 9 INFO neutron.wsgi [None req-a0b55349-3751-459e-9f44-b3381f754455 44f9fc947be441caab831b744dde8ad6 431f6c9a3dcd4add9521adb805be1cd6 - - default default] 10.0.0.113 "DELETE /v2.0/security-groups/372b8f0c-f47d-4a68-88a8-ca0f0711dfee HTTP/1.1" status: 204 len: 168 time: 0.2375114
2026-07-02 06:18:41.621 9 INFO neutron.wsgi [None req-06028958-c79b-48d6-8372-d82088911391 44f9fc947be441caab831b744dde8ad6 431f6c9a3dcd4add9521adb805be1cd6 - - default default] 10.0.0.113 "DELETE /v2.0/security-groups/4fcab51d-f3f7-4623-8eb3-e7f3cc1c4323 HTTP/1.1" status: 204 len: 168 time: 0.2331603
2026-07-02 06:18:41.912 9 INFO neutron.db.ovn_revision_numbers_db [None req-5a4204ff-0c4e-4f00-8b04-6865c0f47b4c 44f9fc947be441caab831b744dde8ad6 431f6c9a3dcd4add9521adb805be1cd6 - - default default] Successfully bumped revision number for resource 7437a263-af84-4f4b-aace-87234cac2fc7 (type: security_groups) to 1
2026-07-02 06:18:41.935 9 INFO neutron.db.ovn_revision_numbers_db [None req-5a4204ff-0c4e-4f00-8b04-6865c0f47b4c 44f9fc947be441caab831b744dde8ad6 431f6c9a3dcd4add9521adb805be1cd6 - - default default] Successfully bumped revision number for resource 3f3fd6c4-662f-4435-bdb5-0c5a32acd54d (type: security_group_rules) to 0
2026-07-02 06:18:41.946 9 INFO neutron.db.ovn_revision_numbers_db [None req-161efda6-843f-46f2-a2b2-ab918bf19d80 44f9fc947be441caab831b744dde8ad6 431f6c9a3dcd4add9521adb805be1cd6 - - default default] Successfully bumped revision number for resource ed4a3f62-a938-4c55-8564-b5941dbd512f (type: security_groups) to 1
2026-07-02 06:18:41.954 9 INFO neutron.db.ovn_revision_numbers_db [None req-5a4204ff-0c4e-4f00-8b04-6865c0f47b4c 44f9fc947be441caab831b744dde8ad6 431f6c9a3dcd4add9521adb805be1cd6 - - default default] Successfully bumped revision number for resource 6aa725c9-8a41-43a7-9cae-30e87be153a6 (type: security_group_rules) to 0
2026-07-02 06:18:41.962 9 INFO neutron.db.ovn_revision_numbers_db [None req-161efda6-843f-46f2-a2b2-ab918bf19d80 44f9fc947be441caab831b744dde8ad6 431f6c9a3dcd4add9521adb805be1cd6 - - default default] Successfully bumped revision number for resource 364c8ea4-6540-4ee6-9503-e1e4905fff7f (type: security_group_rules) to 0
2026-07-02 06:18:41.973 9 INFO neutron.db.ovn_revision_numbers_db [None req-5a4204ff-0c4e-4f00-8b04-6865c0f47b4c 44f9fc947be441caab831b744dde8ad6 431f6c9a3dcd4add9521adb805be1cd6 - - default default] Successfully bumped revision number for resource 8a7bf1e9-11f7-4686-8114-8bf53715b102 (type: security_group_rules) to 0
2026-07-02 06:18:41.980 9 INFO neutron.db.ovn_revision_numbers_db [None req-161efda6-843f-46f2-a2b2-ab918bf19d80 44f9fc947be441caab831b744dde8ad6 431f6c9a3dcd4add9521adb805be1cd6 - - default default] Successfully bumped revision number for resource 47b77a98-0fcc-4ab7-af7c-af24e03b8172 (type: security_group_rules) to 0
2026-07-02 06:18:41.991 9 INFO neutron.db.ovn_revision_numbers_db [None req-5a4204ff-0c4e-4f00-8b04-6865c0f47b4c 44f9fc947be441caab831b744dde8ad6 431f6c9a3dcd4add9521adb805be1cd6 - - default default] Successfully bumped revision number for resource e6c07c6e-1753-4669-b409-204be83f3492 (type: security_group_rules) to 0
2026-07-02 06:18:41.997 9 INFO neutron.db.ovn_revision_numbers_db [None req-161efda6-843f-46f2-a2b2-ab918bf19d80 44f9fc947be441caab831b744dde8ad6 431f6c9a3dcd4add9521adb805be1cd6 - - default default] Successfully bumped revision number for resource d1871b65-cbd4-46a1-857b-595f6b62fd34 (type: security_group_rules) to 0
2026-07-02 06:18:42.024 9 INFO neutron.wsgi [None req-5a4204ff-0c4e-4f00-8b04-6865c0f47b4c 44f9fc947be441caab831b744dde8ad6 431f6c9a3dcd4add9521adb805be1cd6 - - default default] 10.0.0.113 "GET /v2.0/security-groups?tenant_id=3fb69e4e259144bfb36360dc5a9d1d83&name=default HTTP/1.1" status: 200 len: 2996 time: 0.2603011
2026-07-02 06:18:42.032 9 INFO neutron.plugins.ml2.drivers.ovn.mech_driver.mech_driver [None req-474cecf2-bd82-41f3-916e-ad8bc4a73b8f - - - - - -] OVN reports status up for port: 33c877d0-5cda-4747-883c-945133ac5904
2026-07-02 06:18:42.035 9 INFO neutron.db.ovn_revision_numbers_db [None req-161efda6-843f-46f2-a2b2-ab918bf19d80 44f9fc947be441caab831b744dde8ad6 431f6c9a3dcd4add9521adb805be1cd6 - - default default] Successfully bumped revision number for resource eac3d595-5d68-49d0-becd-cb578fede611 (type: security_group_rules) to 0
2026-07-02 06:18:42.049 9 INFO neutron.plugins.ml2.plugin [None req-474cecf2-bd82-41f3-916e-ad8bc4a73b8f - - - - - -] Attempt 1 to provision port 33c877d0-5cda-4747-883c-945133ac5904
2026-07-02 06:18:42.068 9 INFO neutron.wsgi [None req-161efda6-843f-46f2-a2b2-ab918bf19d80 44f9fc947be441caab831b744dde8ad6 431f6c9a3dcd4add9521adb805be1cd6 - - default default] 10.0.0.113 "GET /v2.0/security-groups?tenant_id=622c168d742a461692a7268ad17243d3&name=default HTTP/1.1" status: 200 len: 2996 time: 0.2645018
2026-07-02 06:18:42.079 10 INFO neutron.db.ovn_revision_numbers_db [None req-f57dda3c-a8fe-406c-bea4-5162681087a7 f91674bf2a5849f08a05bf700720e8db 5558e55c3ee44c8882fabdd08a43f1ee - - default default] Successfully bumped revision number for resource 33c877d0-5cda-4747-883c-945133ac5904 (type: router_ports) to 1
2026-07-02 06:18:42.118 9 WARNING neutron_lib.context [None req-fb6184aa-5d9a-43db-a0c5-3f51c7b40c8a c441e17fc2a1465c8e20525034e89267 615a132b47d540f49154d5637a7a5711 - - default default] Method 'is_advsvc' is deprecated since 2023.2 release (neutron-lib 3.8.0) and will be removed once support for the old RBAC API policies will be removed from Neutron. Please use method 'is_service_role' instead.
2026-07-02 06:18:42.170 10 INFO neutron.db.ovn_revision_numbers_db [None req-f57dda3c-a8fe-406c-bea4-5162681087a7 f91674bf2a5849f08a05bf700720e8db 5558e55c3ee44c8882fabdd08a43f1ee - - default default] Successfully bumped revision number for resource e1744cdd-83e6-493a-ac77-e26fd15b64a1 (type: routers) to 2
2026-07-02 06:18:42.188 10 INFO neutron.wsgi [None req-f57dda3c-a8fe-406c-bea4-5162681087a7 f91674bf2a5849f08a05bf700720e8db 5558e55c3ee44c8882fabdd08a43f1ee - - default default] 10.0.0.113 "POST /v2.0/routers HTTP/1.1" status: 201 len: 874 time: 1.8486850
2026-07-02 06:18:42.305 9 INFO neutron.db.ovn_revision_numbers_db [None req-fb6184aa-5d9a-43db-a0c5-3f51c7b40c8a c441e17fc2a1465c8e20525034e89267 615a132b47d540f49154d5637a7a5711 - - default default] Successfully bumped revision number for resource 914879a9-cf62-418e-bdeb-7d80beebd637 (type: security_groups) to 1
2026-07-02 06:18:42.332 9 INFO neutron.db.ovn_revision_numbers_db [None req-fb6184aa-5d9a-43db-a0c5-3f51c7b40c8a c441e17fc2a1465c8e20525034e89267 615a132b47d540f49154d5637a7a5711 - - default default] Successfully bumped revision number for resource 38664741-1af9-400e-9d0e-2de3b5a1cb4f (type: security_group_rules) to 0
2026-07-02 06:18:42.349 9 INFO neutron.db.ovn_revision_numbers_db [None req-fb6184aa-5d9a-43db-a0c5-3f51c7b40c8a c441e17fc2a1465c8e20525034e89267 615a132b47d540f49154d5637a7a5711 - - default default] Successfully bumped revision number for resource c0c5511c-44f8-4af4-8b59-dd4174490e71 (type: security_group_rules) to 0
2026-07-02 06:18:42.375 9 INFO neutron.wsgi [None req-fb6184aa-5d9a-43db-a0c5-3f51c7b40c8a c441e17fc2a1465c8e20525034e89267 615a132b47d540f49154d5637a7a5711 - - default default] 10.0.0.113 "POST /v2.0/security-groups HTTP/1.1" status: 201 len: 1795 time: 0.2653630
2026-07-02 06:18:42.391 9 WARNING neutron_lib.context [None req-d50990b3-f8f0-4f99-8cf3-67834f8811f6 c441e17fc2a1465c8e20525034e89267 615a132b47d540f49154d5637a7a5711 - - default default] Method 'is_advsvc' is deprecated since 2023.2 release (neutron-lib 3.8.0) and will be removed once support for the old RBAC API policies will be removed from Neutron. Please use method 'is_service_role' instead.
2026-07-02 06:18:42.417 9 INFO neutron.wsgi [None req-a05e2c01-2b20-4e7d-872f-27943807fbb4 44f9fc947be441caab831b744dde8ad6 431f6c9a3dcd4add9521adb805be1cd6 - - default default] 10.0.0.113 "DELETE /v2.0/security-groups/ed4a3f62-a938-4c55-8564-b5941dbd512f HTTP/1.1" status: 204 len: 168 time: 0.3395202
2026-07-02 06:18:42.537 9 INFO neutron.db.ovn_revision_numbers_db [None req-d50990b3-f8f0-4f99-8cf3-67834f8811f6 c441e17fc2a1465c8e20525034e89267 615a132b47d540f49154d5637a7a5711 - - default default] Successfully bumped revision number for resource 7baaa35c-4dbd-4233-bbe4-31a89dcacf47 (type: security_group_rules) to 0
2026-07-02 06:18:42.570 9 INFO neutron.wsgi [None req-d50990b3-f8f0-4f99-8cf3-67834f8811f6 c441e17fc2a1465c8e20525034e89267 615a132b47d540f49154d5637a7a5711 - - default default] 10.0.0.113 "POST /v2.0/security-group-rules HTTP/1.1" status: 201 len: 764 time: 0.1868858
2026-07-02 06:18:42.579 9 WARNING neutron_lib.context [None req-572c19ae-8106-4590-82c5-2fd82d50dd28 c441e17fc2a1465c8e20525034e89267 615a132b47d540f49154d5637a7a5711 - - default default] Method 'is_advsvc' is deprecated since 2023.2 release (neutron-lib 3.8.0) and will be removed once support for the old RBAC API policies will be removed from Neutron. Please use method 'is_service_role' instead.
2026-07-02 06:18:42.599 10 INFO neutron.wsgi [None req-fbfefeb8-6f94-453f-be83-e991fedf8390 44f9fc947be441caab831b744dde8ad6 431f6c9a3dcd4add9521adb805be1cd6 - - default default] 10.0.0.113 "DELETE /v2.0/security-groups/7437a263-af84-4f4b-aace-87234cac2fc7 HTTP/1.1" status: 204 len: 168 time: 0.5649152
2026-07-02 06:18:42.703 9 INFO neutron.db.ovn_revision_numbers_db [None req-572c19ae-8106-4590-82c5-2fd82d50dd28 c441e17fc2a1465c8e20525034e89267 615a132b47d540f49154d5637a7a5711 - - default default] Successfully bumped revision number for resource 56a12407-6f7d-4bce-b8ff-8a856a1a602f (type: security_group_rules) to 0
2026-07-02 06:18:42.737 9 INFO neutron.wsgi [None req-572c19ae-8106-4590-82c5-2fd82d50dd28 c441e17fc2a1465c8e20525034e89267 615a132b47d540f49154d5637a7a5711 - - default default] 10.0.0.113 "POST /v2.0/security-group-rules HTTP/1.1" status: 201 len: 769 time: 0.1622758
2026-07-02 06:18:42.760 9 WARNING neutron_lib.context [None req-0a2ebcc0-cab4-47d5-88b8-64ad0697ed33 c441e17fc2a1465c8e20525034e89267 615a132b47d540f49154d5637a7a5711 - - default default] Method 'is_advsvc' is deprecated since 2023.2 release (neutron-lib 3.8.0) and will be removed once support for the old RBAC API policies will be removed from Neutron. Please use method 'is_service_role' instead.
2026-07-02 06:18:43.041 10 WARNING neutron.scheduler.dhcp_agent_scheduler [None req-2896c5dd-cd4f-4f51-8758-7822435b4c27 f91674bf2a5849f08a05bf700720e8db 5558e55c3ee44c8882fabdd08a43f1ee - - default default] No more DHCP agents
2026-07-02 06:18:43.052 10 WARNING neutron.api.rpc.agentnotifiers.dhcp_rpc_agent_api [None req-2896c5dd-cd4f-4f51-8758-7822435b4c27 f91674bf2a5849f08a05bf700720e8db 5558e55c3ee44c8882fabdd08a43f1ee - - default default] Unable to schedule network 5e98c3d3-b9cc-4f6d-ae06-aae9c1231e7c: no agents available; will retry on subsequent port and subnet creation events.
2026-07-02 06:18:43.162 9 WARNING neutron.scheduler.dhcp_agent_scheduler [None req-0a2ebcc0-cab4-47d5-88b8-64ad0697ed33 c441e17fc2a1465c8e20525034e89267 615a132b47d540f49154d5637a7a5711 - - default default] No more DHCP agents
2026-07-02 06:18:43.172 9 WARNING neutron.api.rpc.agentnotifiers.dhcp_rpc_agent_api [None req-0a2ebcc0-cab4-47d5-88b8-64ad0697ed33 c441e17fc2a1465c8e20525034e89267 615a132b47d540f49154d5637a7a5711 - - default default] Unable to schedule network 434026b2-6e27-4ded-bc50-5dd99f22e9f7: no agents available; will retry on subsequent port and subnet creation events.
2026-07-02 06:18:43.191 10 INFO neutron.db.ovn_revision_numbers_db [None req-2896c5dd-cd4f-4f51-8758-7822435b4c27 f91674bf2a5849f08a05bf700720e8db 5558e55c3ee44c8882fabdd08a43f1ee - - default default] Successfully bumped revision number for resource e12ac340-096e-4af5-91e2-5e25ec2d88a6 (type: ports) to 1
2026-07-02 06:18:43.577 9 INFO neutron.db.ovn_revision_numbers_db [None req-0a2ebcc0-cab4-47d5-88b8-64ad0697ed33 c441e17fc2a1465c8e20525034e89267 615a132b47d540f49154d5637a7a5711 - - default default] Successfully bumped revision number for resource fa943d42-ce4e-4c73-a7c1-70fb8d85ea27 (type: floatingips) to 0
2026-07-02 06:18:43.597 9 INFO neutron.wsgi [None req-0a2ebcc0-cab4-47d5-88b8-64ad0697ed33 c441e17fc2a1465c8e20525034e89267 615a132b47d540f49154d5637a7a5711 - - default default] 10.0.0.113 "POST /v2.0/floatingips HTTP/1.1" status: 201 len: 751 time: 0.8460169
2026-07-02 06:18:43.730 10 INFO neutron.db.ovn_revision_numbers_db [None req-2896c5dd-cd4f-4f51-8758-7822435b4c27 f91674bf2a5849f08a05bf700720e8db 5558e55c3ee44c8882fabdd08a43f1ee - - default default] Successfully bumped revision number for resource e12ac340-096e-4af5-91e2-5e25ec2d88a6 (type: router_ports) to 1
2026-07-02 06:18:43.936 10 INFO neutron.db.ovn_revision_numbers_db [None req-2896c5dd-cd4f-4f51-8758-7822435b4c27 f91674bf2a5849f08a05bf700720e8db 5558e55c3ee44c8882fabdd08a43f1ee - - default default] Successfully bumped revision number for resource e12ac340-096e-4af5-91e2-5e25ec2d88a6 (type: ports) to 1
2026-07-02 06:18:44.031 10 WARNING neutron.scheduler.dhcp_agent_scheduler [None req-2896c5dd-cd4f-4f51-8758-7822435b4c27 f91674bf2a5849f08a05bf700720e8db 5558e55c3ee44c8882fabdd08a43f1ee - - default default] No more DHCP agents
2026-07-02 06:18:44.032 10 WARNING neutron.api.rpc.agentnotifiers.dhcp_rpc_agent_api [None req-2896c5dd-cd4f-4f51-8758-7822435b4c27 f91674bf2a5849f08a05bf700720e8db 5558e55c3ee44c8882fabdd08a43f1ee - - default default] Unable to schedule network 5e98c3d3-b9cc-4f6d-ae06-aae9c1231e7c: no agents available; will retry on subsequent port and subnet creation events.
2026-07-02 06:18:44.120 9 INFO neutron.wsgi [req-6523f7a6-c651-4160-90b1-9c17e36b3dcd req-eaa00c78-2eff-4e62-87b2-13a6888b6688 c441e17fc2a1465c8e20525034e89267 615a132b47d540f49154d5637a7a5711 - - default default] 10.0.0.239 "GET /v2.0/security-groups?name=tempest-securitygroup--141994765&fields=id&tenant_id=615a132b47d540f49154d5637a7a5711 HTTP/1.1" status: 200 len: 267 time: 0.0463614
2026-07-02 06:18:44.213 9 INFO neutron.wsgi [req-6523f7a6-c651-4160-90b1-9c17e36b3dcd req-838ff081-d2ef-44d6-b0ca-0ec0e6430abd c441e17fc2a1465c8e20525034e89267 615a132b47d540f49154d5637a7a5711 - - default default] 10.0.0.239 "GET /v2.0/networks?id=469738b1-1ed7-4a8a-afe7-dbf6264ebaa3 HTTP/1.1" status: 200 len: 874 time: 0.0862911
2026-07-02 06:18:44.234 9 INFO neutron.wsgi [req-6523f7a6-c651-4160-90b1-9c17e36b3dcd req-079118c8-4e5c-4b03-8356-11d9af6e636c c441e17fc2a1465c8e20525034e89267 615a132b47d540f49154d5637a7a5711 - - default default] 10.0.0.239 "GET /v2.0/quotas/615a132b47d540f49154d5637a7a5711 HTTP/1.1" status: 200 len: 386 time: 0.0157733
2026-07-02 06:18:44.377 9 INFO neutron.wsgi [req-6523f7a6-c651-4160-90b1-9c17e36b3dcd req-7c28b863-e66a-4402-9b09-0c3219e47535 c441e17fc2a1465c8e20525034e89267 615a132b47d540f49154d5637a7a5711 - - default default] 10.0.0.239 "GET /v2.0/ports?tenant_id=615a132b47d540f49154d5637a7a5711&fields=id HTTP/1.1" status: 200 len: 302 time: 0.1357479
2026-07-02 06:18:44.386 10 INFO neutron.db.ovn_revision_numbers_db [None req-2896c5dd-cd4f-4f51-8758-7822435b4c27 f91674bf2a5849f08a05bf700720e8db 5558e55c3ee44c8882fabdd08a43f1ee - - default default] Successfully bumped revision number for resource e12ac340-096e-4af5-91e2-5e25ec2d88a6 (type: router_ports) to 1
2026-07-02 06:18:44.389 10 INFO neutron.wsgi [None req-2896c5dd-cd4f-4f51-8758-7822435b4c27 f91674bf2a5849f08a05bf700720e8db 5558e55c3ee44c8882fabdd08a43f1ee - - default default] 10.0.0.113 "PUT /v2.0/routers/e1744cdd-83e6-493a-ac77-e26fd15b64a1/add_router_interface HTTP/1.1" status: 200 len: 503 time: 2.1952841
2026-07-02 06:18:44.398 10 WARNING neutron_lib.context [None req-13edf563-a982-4767-9d6c-2a9d858b6766 f91674bf2a5849f08a05bf700720e8db 5558e55c3ee44c8882fabdd08a43f1ee - - default default] Method 'is_advsvc' is deprecated since 2023.2 release (neutron-lib 3.8.0) and will be removed once support for the old RBAC API policies will be removed from Neutron. Please use method 'is_service_role' instead.
2026-07-02 06:18:44.457 9 INFO neutron.wsgi [req-6523f7a6-c651-4160-90b1-9c17e36b3dcd req-c3251cc5-08c8-4891-b0aa-4b9f371671aa 36cb207628f24e0bb91735a54da13e4f 9bbd05abb27045078316e40e7d0fef1e - - d806d7c638f94797abab49074542b48d d806d7c638f94797abab49074542b48d] 10.0.0.239 "GET /v2.0/networks/469738b1-1ed7-4a8a-afe7-dbf6264ebaa3?fields=segments HTTP/1.1" status: 200 len: 212 time: 0.0692658
2026-07-02 06:18:44.545 9 INFO neutron.wsgi [req-6523f7a6-c651-4160-90b1-9c17e36b3dcd req-9069a71b-2be5-4018-8f4d-050665512dd1 36cb207628f24e0bb91735a54da13e4f 9bbd05abb27045078316e40e7d0fef1e - - d806d7c638f94797abab49074542b48d d806d7c638f94797abab49074542b48d] 10.0.0.239 "GET /v2.0/networks/469738b1-1ed7-4a8a-afe7-dbf6264ebaa3?fields=provider%3Aphysical_network&fields=provider%3Anetwork_type HTTP/1.1" status: 200 len: 277 time: 0.0819964
2026-07-02 06:18:44.710 9 INFO neutron.wsgi [req-72719a63-22ad-4062-895d-2875266c62f6 req-f783adcf-dbb4-4af8-ac07-c787a8cc66e6 c441e17fc2a1465c8e20525034e89267 615a132b47d540f49154d5637a7a5711 - - default default] 10.0.0.239 "GET /v2.0/ports?device_id=7f0ad828-5fa4-4f45-99d5-596fb6b7cfc9 HTTP/1.1" status: 200 len: 210 time: 0.0283260
2026-07-02 06:18:44.793 10 WARNING neutron.scheduler.dhcp_agent_scheduler [None req-13edf563-a982-4767-9d6c-2a9d858b6766 f91674bf2a5849f08a05bf700720e8db 5558e55c3ee44c8882fabdd08a43f1ee - - default default] No more DHCP agents
2026-07-02 06:18:44.797 10 WARNING neutron.api.rpc.agentnotifiers.dhcp_rpc_agent_api [None req-13edf563-a982-4767-9d6c-2a9d858b6766 f91674bf2a5849f08a05bf700720e8db 5558e55c3ee44c8882fabdd08a43f1ee - - default default] Unable to schedule network 5e98c3d3-b9cc-4f6d-ae06-aae9c1231e7c: no agents available; will retry on subsequent port and subnet creation events.
2026-07-02 06:18:44.980 10 INFO neutron.db.ovn_revision_numbers_db [None req-13edf563-a982-4767-9d6c-2a9d858b6766 f91674bf2a5849f08a05bf700720e8db 5558e55c3ee44c8882fabdd08a43f1ee - - default default] Successfully bumped revision number for resource 940c344c-60e5-4709-af83-8ccab584665d (type: ports) to 1
2026-07-02 06:18:45.009 10 INFO neutron.wsgi [None req-13edf563-a982-4767-9d6c-2a9d858b6766 f91674bf2a5849f08a05bf700720e8db 5558e55c3ee44c8882fabdd08a43f1ee - - default default] 10.0.0.113 "POST /v2.0/ports HTTP/1.1" status: 201 len: 1153 time: 0.6158857 /var/lib/openstack/lib/python3.10/site-packages/pycadf/identifier.py:71: UserWarning: Invalid uuid: neutron. To ensure interoperability, identifiers should be a valid uuid. warnings.warn(('Invalid uuid: %s. To ensure interoperability, '
2026-07-02 06:18:45.019 10 WARNING neutron_lib.context [None req-9f032c57-bfa7-4906-a357-853b17727454 f91674bf2a5849f08a05bf700720e8db 5558e55c3ee44c8882fabdd08a43f1ee - - default default] Method 'is_advsvc' is deprecated since 2023.2 release (neutron-lib 3.8.0) and will be removed once support for the old RBAC API policies will be removed from Neutron. Please use method 'is_service_role' instead.
2026-07-02 06:18:45.433 10 WARNING neutron.scheduler.dhcp_agent_scheduler [None req-9f032c57-bfa7-4906-a357-853b17727454 f91674bf2a5849f08a05bf700720e8db 5558e55c3ee44c8882fabdd08a43f1ee - - default default] No more DHCP agents
2026-07-02 06:18:45.435 10 WARNING neutron.api.rpc.agentnotifiers.dhcp_rpc_agent_api [None req-9f032c57-bfa7-4906-a357-853b17727454 f91674bf2a5849f08a05bf700720e8db 5558e55c3ee44c8882fabdd08a43f1ee - - default default] Unable to schedule network 5e98c3d3-b9cc-4f6d-ae06-aae9c1231e7c: no agents available; will retry on subsequent port and subnet creation events. /var/lib/openstack/lib/python3.10/site-packages/pycadf/identifier.py:71: UserWarning: Invalid uuid: neutron. To ensure interoperability, identifiers should be a valid uuid. warnings.warn(('Invalid uuid: %s. To ensure interoperability, '
2026-07-02 06:18:45.556 9 INFO neutron.wsgi [req-6523f7a6-c651-4160-90b1-9c17e36b3dcd req-75ab243d-4eb9-43de-be93-3cb4f873204f c441e17fc2a1465c8e20525034e89267 615a132b47d540f49154d5637a7a5711 - - default default] 199.204.45.116 "GET /v2.0/networks?id=469738b1-1ed7-4a8a-afe7-dbf6264ebaa3 HTTP/1.1" status: 200 len: 874 time: 0.1029553
2026-07-02 06:18:45.622 9 INFO neutron.wsgi [req-6523f7a6-c651-4160-90b1-9c17e36b3dcd req-81729f4f-4fc2-423d-883f-452622b8d672 c441e17fc2a1465c8e20525034e89267 615a132b47d540f49154d5637a7a5711 - - default default] 199.204.45.116 "GET /v2.0/security-groups?fields=id&fields=name&tenant_id=615a132b47d540f49154d5637a7a5711 HTTP/1.1" status: 200 len: 379 time: 0.0596943
2026-07-02 06:18:45.653 10 INFO neutron.db.ovn_revision_numbers_db [None req-9f032c57-bfa7-4906-a357-853b17727454 f91674bf2a5849f08a05bf700720e8db 5558e55c3ee44c8882fabdd08a43f1ee - - default default] Successfully bumped revision number for resource 60a8bf91-1086-4d4b-9261-4f481ca253b4 (type: ports) to 1
2026-07-02 06:18:45.658 9 WARNING neutron_lib.context [req-6523f7a6-c651-4160-90b1-9c17e36b3dcd req-7a371ab5-2a89-40fd-9e7d-643ac08b9fd4 c441e17fc2a1465c8e20525034e89267 615a132b47d540f49154d5637a7a5711 - - default default] Method 'is_advsvc' is deprecated since 2023.2 release (neutron-lib 3.8.0) and will be removed once support for the old RBAC API policies will be removed from Neutron. Please use method 'is_service_role' instead.
2026-07-02 06:18:45.682 10 INFO neutron.wsgi [None req-9f032c57-bfa7-4906-a357-853b17727454 f91674bf2a5849f08a05bf700720e8db 5558e55c3ee44c8882fabdd08a43f1ee - - default default] 10.0.0.113 "POST /v2.0/ports HTTP/1.1" status: 201 len: 1158 time: 0.6675370
2026-07-02 06:18:45.684 10 INFO neutron.db.ovn_revision_numbers_db [None req-fdd1a136-e797-47d4-983e-7f4f8e6d4a23 44f9fc947be441caab831b744dde8ad6 431f6c9a3dcd4add9521adb805be1cd6 - - default default] Successfully bumped revision number for resource 7577f979-85da-400c-9b23-8ad7d78f003b (type: security_groups) to 1
2026-07-02 06:18:45.697 10 WARNING neutron_lib.context [None req-37cecf96-fd6a-4f80-8d83-fef6605fc355 f91674bf2a5849f08a05bf700720e8db 5558e55c3ee44c8882fabdd08a43f1ee - - default default] Method 'is_advsvc' is deprecated since 2023.2 release (neutron-lib 3.8.0) and will be removed once support for the old RBAC API policies will be removed from Neutron. Please use method 'is_service_role' instead.
2026-07-02 06:18:45.709 10 INFO neutron.db.ovn_revision_numbers_db [None req-fdd1a136-e797-47d4-983e-7f4f8e6d4a23 44f9fc947be441caab831b744dde8ad6 431f6c9a3dcd4add9521adb805be1cd6 - - default default] Successfully bumped revision number for resource 2280a952-c62d-4a6b-9993-84ed53077b9d (type: security_group_rules) to 0
2026-07-02 06:18:45.756 10 INFO neutron.db.ovn_revision_numbers_db [None req-fdd1a136-e797-47d4-983e-7f4f8e6d4a23 44f9fc947be441caab831b744dde8ad6 431f6c9a3dcd4add9521adb805be1cd6 - - default default] Successfully bumped revision number for resource 4119981e-d1c5-4e7f-a8d3-d395d5c6884b (type: security_group_rules) to 0
2026-07-02 06:18:45.773 10 INFO neutron.db.ovn_revision_numbers_db [None req-fdd1a136-e797-47d4-983e-7f4f8e6d4a23 44f9fc947be441caab831b744dde8ad6 431f6c9a3dcd4add9521adb805be1cd6 - - default default] Successfully bumped revision number for resource 48b6ad98-941e-47d9-8a16-8867ef371eaf (type: security_group_rules) to 0
2026-07-02 06:18:45.788 10 INFO neutron.db.ovn_revision_numbers_db [None req-fdd1a136-e797-47d4-983e-7f4f8e6d4a23 44f9fc947be441caab831b744dde8ad6 431f6c9a3dcd4add9521adb805be1cd6 - - default default] Successfully bumped revision number for resource a9ef40b5-49e7-44fe-8a5e-ea7b2278a9dd (type: security_group_rules) to 0
2026-07-02 06:18:45.818 9 INFO neutron.wsgi [req-30d1db2c-fe24-4265-8318-48eb961e3337 req-125373d4-307d-47a5-807f-c2edb00f3240 c441e17fc2a1465c8e20525034e89267 615a132b47d540f49154d5637a7a5711 - - default default] 10.0.0.239 "GET /v2.0/ports?device_id=7f0ad828-5fa4-4f45-99d5-596fb6b7cfc9 HTTP/1.1" status: 200 len: 210 time: 0.0398993
2026-07-02 06:18:45.821 10 INFO neutron.wsgi [None req-fdd1a136-e797-47d4-983e-7f4f8e6d4a23 44f9fc947be441caab831b744dde8ad6 431f6c9a3dcd4add9521adb805be1cd6 - - default default] 10.0.0.113 "GET /v2.0/security-groups?tenant_id=833b6898a19347789f66c0f5f5496de0&name=default HTTP/1.1" status: 200 len: 2996 time: 0.6541560
2026-07-02 06:18:45.986 10 WARNING neutron.scheduler.dhcp_agent_scheduler [None req-37cecf96-fd6a-4f80-8d83-fef6605fc355 f91674bf2a5849f08a05bf700720e8db 5558e55c3ee44c8882fabdd08a43f1ee - - default default] No more DHCP agents
2026-07-02 06:18:45.991 10 WARNING neutron.api.rpc.agentnotifiers.dhcp_rpc_agent_api [None req-37cecf96-fd6a-4f80-8d83-fef6605fc355 f91674bf2a5849f08a05bf700720e8db 5558e55c3ee44c8882fabdd08a43f1ee - - default default] Unable to schedule network 434026b2-6e27-4ded-bc50-5dd99f22e9f7: no agents available; will retry on subsequent port and subnet creation events.
2026-07-02 06:18:46.081 9 WARNING neutron.scheduler.dhcp_agent_scheduler [req-6523f7a6-c651-4160-90b1-9c17e36b3dcd req-7a371ab5-2a89-40fd-9e7d-643ac08b9fd4 c441e17fc2a1465c8e20525034e89267 615a132b47d540f49154d5637a7a5711 - - default default] No more DHCP agents
2026-07-02 06:18:46.085 9 WARNING neutron.api.rpc.agentnotifiers.dhcp_rpc_agent_api [req-6523f7a6-c651-4160-90b1-9c17e36b3dcd req-7a371ab5-2a89-40fd-9e7d-643ac08b9fd4 c441e17fc2a1465c8e20525034e89267 615a132b47d540f49154d5637a7a5711 - - default default] Unable to schedule network 469738b1-1ed7-4a8a-afe7-dbf6264ebaa3: no agents available; will retry on subsequent port and subnet creation events.
2026-07-02 06:18:46.143 9 INFO neutron.wsgi [None req-63d72b8a-4324-44ab-97c6-9712727948dd 44f9fc947be441caab831b744dde8ad6 431f6c9a3dcd4add9521adb805be1cd6 - - default default] 10.0.0.113 "DELETE /v2.0/security-groups/7577f979-85da-400c-9b23-8ad7d78f003b HTTP/1.1" status: 204 len: 168 time: 0.3148446
2026-07-02 06:18:46.263 9 INFO neutron.db.ovn_revision_numbers_db [req-6523f7a6-c651-4160-90b1-9c17e36b3dcd req-7a371ab5-2a89-40fd-9e7d-643ac08b9fd4 c441e17fc2a1465c8e20525034e89267 615a132b47d540f49154d5637a7a5711 - - default default] Successfully bumped revision number for resource 2d73755d-3359-4d7a-896f-f278018e2e7d (type: ports) to 1
2026-07-02 06:18:46.293 9 INFO neutron.wsgi [req-6523f7a6-c651-4160-90b1-9c17e36b3dcd req-7a371ab5-2a89-40fd-9e7d-643ac08b9fd4 c441e17fc2a1465c8e20525034e89267 615a132b47d540f49154d5637a7a5711 - - default default] 199.204.45.116 "POST /v2.0/ports HTTP/1.1" status: 201 len: 1158 time: 0.6428857 /var/lib/openstack/lib/python3.10/site-packages/pycadf/identifier.py:71: UserWarning: Invalid uuid: neutron. To ensure interoperability, identifiers should be a valid uuid. warnings.warn(('Invalid uuid: %s. To ensure interoperability, '
2026-07-02 06:18:46.431 10 INFO neutron.db.l3_db [None req-37cecf96-fd6a-4f80-8d83-fef6605fc355 f91674bf2a5849f08a05bf700720e8db 5558e55c3ee44c8882fabdd08a43f1ee - - default default] Floating IP a43de222-aaea-466d-9465-1d80e79c458b associated. External IP: 10.96.250.212, port: 60a8bf91-1086-4d4b-9261-4f481ca253b4.
2026-07-02 06:18:46.621 10 INFO neutron.db.ovn_revision_numbers_db [None req-37cecf96-fd6a-4f80-8d83-fef6605fc355 f91674bf2a5849f08a05bf700720e8db 5558e55c3ee44c8882fabdd08a43f1ee - - default default] Successfully bumped revision number for resource a43de222-aaea-466d-9465-1d80e79c458b (type: floatingips) to 0
2026-07-02 06:18:46.763 10 INFO neutron.db.ovn_revision_numbers_db [None req-37cecf96-fd6a-4f80-8d83-fef6605fc355 f91674bf2a5849f08a05bf700720e8db 5558e55c3ee44c8882fabdd08a43f1ee - - default default] Successfully bumped revision number for resource a43de222-aaea-466d-9465-1d80e79c458b (type: floatingips) to 1
2026-07-02 06:18:46.788 9 INFO neutron.db.ovn_revision_numbers_db [req-6523f7a6-c651-4160-90b1-9c17e36b3dcd req-768ee632-32be-4274-9b99-3b8d2bc2ae8d 36cb207628f24e0bb91735a54da13e4f 9bbd05abb27045078316e40e7d0fef1e - - d806d7c638f94797abab49074542b48d d806d7c638f94797abab49074542b48d] Successfully bumped revision number for resource 2d73755d-3359-4d7a-896f-f278018e2e7d (type: ports) to 2
2026-07-02 06:18:46.805 10 INFO neutron.wsgi [None req-37cecf96-fd6a-4f80-8d83-fef6605fc355 f91674bf2a5849f08a05bf700720e8db 5558e55c3ee44c8882fabdd08a43f1ee - - default default] 10.0.0.113 "POST /v2.0/floatingips HTTP/1.1" status: 201 len: 1042 time: 1.1156774 /var/lib/openstack/lib/python3.10/site-packages/pycadf/identifier.py:71: UserWarning: Invalid uuid: neutron. To ensure interoperability, identifiers should be a valid uuid. warnings.warn(('Invalid uuid: %s. To ensure interoperability, '
2026-07-02 06:18:46.975 10 INFO neutron.db.l3_db [None req-79b5e130-1c60-44ed-90f9-1d731d2ff70b f91674bf2a5849f08a05bf700720e8db 5558e55c3ee44c8882fabdd08a43f1ee - - default default] Floating IP a43de222-aaea-466d-9465-1d80e79c458b disassociated. External IP: 10.96.250.212, port: 60a8bf91-1086-4d4b-9261-4f481ca253b4.
2026-07-02 06:18:46.993 9 INFO neutron.wsgi [req-6062905a-2317-4486-9f98-4ae0dba9253e req-c73cdd93-85f2-4944-bd16-3c848ea42002 c441e17fc2a1465c8e20525034e89267 615a132b47d540f49154d5637a7a5711 - - default default] 10.0.0.239 "GET /v2.0/ports?device_id=7f0ad828-5fa4-4f45-99d5-596fb6b7cfc9 HTTP/1.1" status: 200 len: 1168 time: 0.0586834 /var/lib/openstack/lib/python3.10/site-packages/pycadf/identifier.py:71: UserWarning: Invalid uuid: neutron. To ensure interoperability, identifiers should be a valid uuid. warnings.warn(('Invalid uuid: %s. To ensure interoperability, '
2026-07-02 06:18:47.035 10 INFO neutron.db.ovn_revision_numbers_db [None req-79b5e130-1c60-44ed-90f9-1d731d2ff70b f91674bf2a5849f08a05bf700720e8db 5558e55c3ee44c8882fabdd08a43f1ee - - default default] Successfully bumped revision number for resource a43de222-aaea-466d-9465-1d80e79c458b (type: floatingips) to 2
2026-07-02 06:18:47.046 9 INFO neutron.wsgi [req-6062905a-2317-4486-9f98-4ae0dba9253e req-eb86cabe-c379-4370-bac6-506c3f40d79b c441e17fc2a1465c8e20525034e89267 615a132b47d540f49154d5637a7a5711 - - default default] 10.0.0.239 "GET /v2.0/security-groups?id=914879a9-cf62-418e-bdeb-7d80beebd637&fields=id&fields=name HTTP/1.1" status: 200 len: 312 time: 0.0464020
2026-07-02 06:18:47.067 10 WARNING neutron.plugins.ml2.drivers.ovn.mech_driver.ovsdb.ovn_client [None req-f958670b-66e1-475f-b8d2-1c6e6d4a10aa - - - - - -] No hosting information found for port ed750b5d-b8d0-4bd2-ae74-2ecc65e5acef: RuntimeError: No hosting information found for port ed750b5d-b8d0-4bd2-ae74-2ecc65e5acef
2026-07-02 06:18:47.098 9 INFO neutron.db.ovn_revision_numbers_db [req-6523f7a6-c651-4160-90b1-9c17e36b3dcd req-768ee632-32be-4274-9b99-3b8d2bc2ae8d 36cb207628f24e0bb91735a54da13e4f 9bbd05abb27045078316e40e7d0fef1e - - d806d7c638f94797abab49074542b48d d806d7c638f94797abab49074542b48d] Successfully bumped revision number for resource 2d73755d-3359-4d7a-896f-f278018e2e7d (type: ports) to 2
2026-07-02 06:18:47.122 10 INFO neutron.wsgi [None req-79b5e130-1c60-44ed-90f9-1d731d2ff70b f91674bf2a5849f08a05bf700720e8db 5558e55c3ee44c8882fabdd08a43f1ee - - default default] 10.0.0.113 "PUT /v2.0/floatingips/a43de222-aaea-466d-9465-1d80e79c458b HTTP/1.1" status: 200 len: 748 time: 0.3099511
2026-07-02 06:18:47.122 9 INFO neutron.wsgi [req-6523f7a6-c651-4160-90b1-9c17e36b3dcd req-768ee632-32be-4274-9b99-3b8d2bc2ae8d 36cb207628f24e0bb91735a54da13e4f 9bbd05abb27045078316e40e7d0fef1e - - d806d7c638f94797abab49074542b48d d806d7c638f94797abab49074542b48d] 199.204.45.116 "PUT /v2.0/ports/2d73755d-3359-4d7a-896f-f278018e2e7d HTTP/1.1" status: 200 len: 1376 time: 0.8192744
2026-07-02 06:18:47.162 9 INFO neutron.notifiers.nova [-] Nova event matching ['req-c3f8c994-2460-4f65-98af-1536fed4cd74'] response: {'name': 'network-changed', 'server_uuid': '7f0ad828-5fa4-4f45-99d5-596fb6b7cfc9', 'tag': '2d73755d-3359-4d7a-896f-f278018e2e7d', 'status': 'completed', 'code': 200}
2026-07-02 06:18:47.209 9 INFO neutron.wsgi [req-6523f7a6-c651-4160-90b1-9c17e36b3dcd req-e3b3df4d-4b11-4914-a73d-0d0293099c84 36cb207628f24e0bb91735a54da13e4f 9bbd05abb27045078316e40e7d0fef1e - - d806d7c638f94797abab49074542b48d d806d7c638f94797abab49074542b48d] 199.204.45.116 "GET /v2.0/ports?tenant_id=615a132b47d540f49154d5637a7a5711&device_id=7f0ad828-5fa4-4f45-99d5-596fb6b7cfc9 HTTP/1.1" status: 200 len: 1407 time: 0.0454800
2026-07-02 06:18:47.244 9 INFO neutron.wsgi [req-6523f7a6-c651-4160-90b1-9c17e36b3dcd req-9e921108-50d4-49e2-883d-3d55e7e3d82f 36cb207628f24e0bb91735a54da13e4f 9bbd05abb27045078316e40e7d0fef1e - - d806d7c638f94797abab49074542b48d d806d7c638f94797abab49074542b48d] 199.204.45.116 "GET /v2.0/floatingips?fixed_ip_address=10.100.0.5&port_id=2d73755d-3359-4d7a-896f-f278018e2e7d HTTP/1.1" status: 200 len: 217 time: 0.0273111
2026-07-02 06:18:47.295 9 INFO neutron.wsgi [req-6523f7a6-c651-4160-90b1-9c17e36b3dcd req-5cdcff17-6dc7-414d-a3bb-55bf60e497dc 36cb207628f24e0bb91735a54da13e4f 9bbd05abb27045078316e40e7d0fef1e - - d806d7c638f94797abab49074542b48d d806d7c638f94797abab49074542b48d] 199.204.45.116 "GET /v2.0/subnets?id=540c27dd-8f07-4732-b20f-8d5006244840 HTTP/1.1" status: 200 len: 868 time: 0.0418019
2026-07-02 06:18:47.326 9 INFO neutron.wsgi [req-6523f7a6-c651-4160-90b1-9c17e36b3dcd req-a8a57a3f-eaef-4a80-9c33-ade181ab5777 36cb207628f24e0bb91735a54da13e4f 9bbd05abb27045078316e40e7d0fef1e - - d806d7c638f94797abab49074542b48d d806d7c638f94797abab49074542b48d] 199.204.45.116 "GET /v2.0/ports?network_id=469738b1-1ed7-4a8a-afe7-dbf6264ebaa3&device_owner=network%3Adhcp HTTP/1.1" status: 200 len: 210 time: 0.0216618
2026-07-02 06:18:47.397 9 INFO neutron.wsgi [req-6523f7a6-c651-4160-90b1-9c17e36b3dcd req-bf04dcab-cdfd-4e3c-b4c2-5323fd6c53ef 36cb207628f24e0bb91735a54da13e4f 9bbd05abb27045078316e40e7d0fef1e - - d806d7c638f94797abab49074542b48d d806d7c638f94797abab49074542b48d] 199.204.45.116 "GET /v2.0/networks/469738b1-1ed7-4a8a-afe7-dbf6264ebaa3?fields=segments HTTP/1.1" status: 200 len: 212 time: 0.0622647
2026-07-02 06:18:47.461 9 INFO neutron.wsgi [req-6523f7a6-c651-4160-90b1-9c17e36b3dcd req-5468965a-87fd-451e-ac24-119b3af38e8e 36cb207628f24e0bb91735a54da13e4f 9bbd05abb27045078316e40e7d0fef1e - - d806d7c638f94797abab49074542b48d d806d7c638f94797abab49074542b48d] 199.204.45.116 "GET /v2.0/networks/469738b1-1ed7-4a8a-afe7-dbf6264ebaa3?fields=provider%3Aphysical_network&fields=provider%3Anetwork_type HTTP/1.1" status: 200 len: 277 time: 0.0563211
2026-07-02 06:18:47.548 9 INFO neutron.wsgi [req-46ea90b7-c547-451b-9c8d-c58ea17e48f9 req-4873090d-2ac4-4199-839b-c433ce4ef380 36cb207628f24e0bb91735a54da13e4f 9bbd05abb27045078316e40e7d0fef1e - - d806d7c638f94797abab49074542b48d d806d7c638f94797abab49074542b48d] 199.204.45.116 "GET /v2.0/ports?tenant_id=615a132b47d540f49154d5637a7a5711&device_id=7f0ad828-5fa4-4f45-99d5-596fb6b7cfc9 HTTP/1.1" status: 200 len: 1407 time: 0.0359256
2026-07-02 06:18:47.617 9 INFO neutron.wsgi [req-46ea90b7-c547-451b-9c8d-c58ea17e48f9 req-467ecc24-8512-4c5a-8017-7521b37a5dcd 36cb207628f24e0bb91735a54da13e4f 9bbd05abb27045078316e40e7d0fef1e - - d806d7c638f94797abab49074542b48d d806d7c638f94797abab49074542b48d] 199.204.45.116 "GET /v2.0/networks?id=469738b1-1ed7-4a8a-afe7-dbf6264ebaa3 HTTP/1.1" status: 200 len: 973 time: 0.0648162
2026-07-02 06:18:47.664 9 INFO neutron.wsgi [req-46ea90b7-c547-451b-9c8d-c58ea17e48f9 req-5c21bc71-766c-494e-a628-95c46f5b5b72 36cb207628f24e0bb91735a54da13e4f 9bbd05abb27045078316e40e7d0fef1e - - d806d7c638f94797abab49074542b48d d806d7c638f94797abab49074542b48d] 199.204.45.116 "GET /v2.0/floatingips?fixed_ip_address=10.100.0.5&port_id=2d73755d-3359-4d7a-896f-f278018e2e7d HTTP/1.1" status: 200 len: 217 time: 0.0401216
2026-07-02 06:18:47.717 9 INFO neutron.wsgi [req-46ea90b7-c547-451b-9c8d-c58ea17e48f9 req-9ecc272b-5ca9-4bc4-9bf0-d2a58ae9a953 36cb207628f24e0bb91735a54da13e4f 9bbd05abb27045078316e40e7d0fef1e - - d806d7c638f94797abab49074542b48d d806d7c638f94797abab49074542b48d] 199.204.45.116 "GET /v2.0/subnets?id=540c27dd-8f07-4732-b20f-8d5006244840 HTTP/1.1" status: 200 len: 868 time: 0.0434124
2026-07-02 06:18:47.777 9 INFO neutron.wsgi [req-46ea90b7-c547-451b-9c8d-c58ea17e48f9 req-c4c67132-c645-462f-8b20-14b3626a1b91 36cb207628f24e0bb91735a54da13e4f 9bbd05abb27045078316e40e7d0fef1e - - d806d7c638f94797abab49074542b48d d806d7c638f94797abab49074542b48d] 199.204.45.116 "GET /v2.0/ports?network_id=469738b1-1ed7-4a8a-afe7-dbf6264ebaa3&device_owner=network%3Adhcp HTTP/1.1" status: 200 len: 210 time: 0.0527079
2026-07-02 06:18:47.814 10 INFO neutron.wsgi [None req-ca277eb5-f101-47fa-8000-e3ca61008c1d f91674bf2a5849f08a05bf700720e8db 5558e55c3ee44c8882fabdd08a43f1ee - - default default] 10.0.0.113 "DELETE /v2.0/floatingips/a43de222-aaea-466d-9465-1d80e79c458b HTTP/1.1" status: 204 len: 168 time: 0.6867051
2026-07-02 06:18:47.832 10 WARNING neutron_lib.context [None req-93845fc7-310e-4206-bf12-504efddddb47 f91674bf2a5849f08a05bf700720e8db 5558e55c3ee44c8882fabdd08a43f1ee - - default default] Method 'is_advsvc' is deprecated since 2023.2 release (neutron-lib 3.8.0) and will be removed once support for the old RBAC API policies will be removed from Neutron. Please use method 'is_service_role' instead.
2026-07-02 06:18:47.882 9 INFO neutron.wsgi [req-46ea90b7-c547-451b-9c8d-c58ea17e48f9 req-a108f8ad-a695-4087-9ba8-fe8a46455aa4 36cb207628f24e0bb91735a54da13e4f 9bbd05abb27045078316e40e7d0fef1e - - d806d7c638f94797abab49074542b48d d806d7c638f94797abab49074542b48d] 199.204.45.116 "GET /v2.0/networks/469738b1-1ed7-4a8a-afe7-dbf6264ebaa3?fields=segments HTTP/1.1" status: 200 len: 212 time: 0.1000595
2026-07-02 06:18:47.949 9 INFO neutron.wsgi [req-46ea90b7-c547-451b-9c8d-c58ea17e48f9 req-fe77d145-32a4-44f5-b2e2-1c9752f1468f 36cb207628f24e0bb91735a54da13e4f 9bbd05abb27045078316e40e7d0fef1e - - d806d7c638f94797abab49074542b48d d806d7c638f94797abab49074542b48d] 199.204.45.116 "GET /v2.0/networks/469738b1-1ed7-4a8a-afe7-dbf6264ebaa3?fields=provider%3Aphysical_network&fields=provider%3Anetwork_type HTTP/1.1" status: 200 len: 277 time: 0.0597510
2026-07-02 06:18:48.104 9 WARNING neutron.plugins.ml2.drivers.ovn.mech_driver.ovsdb.ovn_client [None req-474cecf2-bd82-41f3-916e-ad8bc4a73b8f - - - - - -] No hosting information found for port 33c877d0-5cda-4747-883c-945133ac5904: RuntimeError: No hosting information found for port 33c877d0-5cda-4747-883c-945133ac5904
