2026-07-02 06:20:37.352 9 INFO neutron.wsgi [req-68f4661e-3e58-4346-9d34-40ebc563e649 req-fd94a910-f225-4d2c-afcd-2a04e4fe4c75 b582fc2e75f94459906dffb5e8a94c0f effe0de92263445882ef221ade172aba - - default default] 10.0.0.239 "GET /v2.0/ports?device_id=ac22bfde-9d82-4d44-95f6-c7c2657b4427 HTTP/1.1" status: 200 len: 1404 time: 0.4474716
2026-07-02 06:20:37.418 9 INFO neutron.wsgi [req-68f4661e-3e58-4346-9d34-40ebc563e649 req-4e42cba4-48ab-443d-a42e-be96c7342e71 b582fc2e75f94459906dffb5e8a94c0f effe0de92263445882ef221ade172aba - - default default] 10.0.0.239 "GET /v2.0/security-groups?id=1ec4160f-6285-4572-bc8b-06d851fc68a2&fields=id&fields=name HTTP/1.1" status: 200 len: 310 time: 0.0556045
2026-07-02 06:20:37.502 9 INFO neutron.wsgi [req-4659c525-55a2-4b67-83dd-8b4668ab85fe req-b7eb8db1-5278-4513-874a-a8963d303d84 36cb207628f24e0bb91735a54da13e4f 9bbd05abb27045078316e40e7d0fef1e - - d806d7c638f94797abab49074542b48d d806d7c638f94797abab49074542b48d] 10.0.0.57 "GET /v2.0/ports?device_id=4655986d-34c4-41e7-8c24-03cab871e7b8 HTTP/1.1" status: 200 len: 1634 time: 0.0486872
2026-07-02 06:20:37.511 9 INFO neutron.db.ovn_revision_numbers_db [None req-7bfd79e7-c311-4edd-bec5-466e63c559e4 3a38bc5fa5864b76a9299c1535d31416 ccf6e813fccb4b99b5a44714fd8a705e - - default default] Successfully bumped revision number for resource 0ff49bed-6ffe-4c3c-b743-1de8f740ed8f (type: networks) to 1
2026-07-02 06:20:37.609 9 INFO neutron.wsgi [req-4659c525-55a2-4b67-83dd-8b4668ab85fe req-6245069d-c7cd-43d4-b1e7-131469cefed9 36cb207628f24e0bb91735a54da13e4f 9bbd05abb27045078316e40e7d0fef1e - - d806d7c638f94797abab49074542b48d d806d7c638f94797abab49074542b48d] 10.0.0.57 "GET /v2.0/security-groups?id=1ec4160f-6285-4572-bc8b-06d851fc68a2&fields=id&fields=name HTTP/1.1" status: 200 len: 310 time: 0.0964861
2026-07-02 06:20:37.747 9 WARNING neutron.scheduler.dhcp_agent_scheduler [None req-7bfd79e7-c311-4edd-bec5-466e63c559e4 3a38bc5fa5864b76a9299c1535d31416 ccf6e813fccb4b99b5a44714fd8a705e - - default default] No more DHCP agents
2026-07-02 06:20:37.752 9 WARNING neutron.api.rpc.agentnotifiers.dhcp_rpc_agent_api [None req-7bfd79e7-c311-4edd-bec5-466e63c559e4 3a38bc5fa5864b76a9299c1535d31416 ccf6e813fccb4b99b5a44714fd8a705e - - default default] Unable to schedule network 0ff49bed-6ffe-4c3c-b743-1de8f740ed8f: no agents available; will retry on subsequent port and subnet creation events.
2026-07-02 06:20:37.836 9 INFO neutron.db.ovn_revision_numbers_db [None req-7bfd79e7-c311-4edd-bec5-466e63c559e4 3a38bc5fa5864b76a9299c1535d31416 ccf6e813fccb4b99b5a44714fd8a705e - - default default] Successfully bumped revision number for resource 3c09e116-1c76-4569-883c-47a67f1e550f (type: ports) to 1
2026-07-02 06:20:37.860 9 INFO neutron.wsgi [None req-7bfd79e7-c311-4edd-bec5-466e63c559e4 3a38bc5fa5864b76a9299c1535d31416 ccf6e813fccb4b99b5a44714fd8a705e - - default default] 10.0.0.113 "POST /v2.0/networks HTTP/1.1" status: 201 len: 834 time: 1.0047302
2026-07-02 06:20:37.870 9 WARNING neutron_lib.context [None req-711c0b85-ed5c-4e1e-90d1-1c330c599958 3a38bc5fa5864b76a9299c1535d31416 ccf6e813fccb4b99b5a44714fd8a705e - - default default] Method 'is_advsvc' is deprecated since 2023.2 release (neutron-lib 3.8.0) and will be removed once support for the old RBAC API policies will be removed from Neutron. Please use method 'is_service_role' instead.
2026-07-02 06:20:37.905 10 INFO neutron.db.ovn_revision_numbers_db [None req-0654afaf-8fb0-49ab-9b70-358f0760f38c 44f9fc947be441caab831b744dde8ad6 431f6c9a3dcd4add9521adb805be1cd6 - - default default] Successfully bumped revision number for resource 773ed41d-64b4-4a90-89ad-18b18b88abba (type: security_groups) to 1
2026-07-02 06:20:37.932 10 INFO neutron.db.ovn_revision_numbers_db [None req-0654afaf-8fb0-49ab-9b70-358f0760f38c 44f9fc947be441caab831b744dde8ad6 431f6c9a3dcd4add9521adb805be1cd6 - - default default] Successfully bumped revision number for resource 14d7e77d-c908-4414-8753-d76296863347 (type: security_group_rules) to 0
2026-07-02 06:20:37.938 9 INFO neutron.notifiers.nova [-] Nova event matching ['req-99523e0c-12ac-4fe7-bd1e-c9c0d54c304c'] response: {'server_uuid': 'ac22bfde-9d82-4d44-95f6-c7c2657b4427', 'name': 'network-vif-plugged', 'status': 'completed', 'tag': '1ad9f61a-005b-4dfb-80f3-4d50e1083d23', 'code': 200}
2026-07-02 06:20:37.946 10 INFO neutron.wsgi [None req-297dd0d0-7adb-4874-a3b9-76af832dbae5 b582fc2e75f94459906dffb5e8a94c0f effe0de92263445882ef221ade172aba - - default default] 10.0.0.113 "GET /v2.0/ports?network_id=899ed298-f96a-4512-a5f5-67879f411077&mac_address=fa%3A16%3A3e%3A2c%3Ada%3Ab0 HTTP/1.1" status: 200 len: 1399 time: 0.4778512
2026-07-02 06:20:37.960 9 WARNING neutron_lib.context [None req-9ce40379-e9a8-4226-81ff-d4d94538fbca b582fc2e75f94459906dffb5e8a94c0f effe0de92263445882ef221ade172aba - - default default] Method 'is_advsvc' is deprecated since 2023.2 release (neutron-lib 3.8.0) and will be removed once support for the old RBAC API policies will be removed from Neutron. Please use method 'is_service_role' instead.
2026-07-02 06:20:37.978 10 INFO neutron.db.ovn_revision_numbers_db [None req-0654afaf-8fb0-49ab-9b70-358f0760f38c 44f9fc947be441caab831b744dde8ad6 431f6c9a3dcd4add9521adb805be1cd6 - - default default] Successfully bumped revision number for resource 1bb423c6-edc7-43e9-a9ae-25010f878fc1 (type: security_group_rules) to 0
2026-07-02 06:20:37.998 10 INFO neutron.db.ovn_revision_numbers_db [None req-0654afaf-8fb0-49ab-9b70-358f0760f38c 44f9fc947be441caab831b744dde8ad6 431f6c9a3dcd4add9521adb805be1cd6 - - default default] Successfully bumped revision number for resource 2f4a4e42-57a7-4018-8083-7ea298be0c91 (type: security_group_rules) to 0
2026-07-02 06:20:38.025 10 INFO neutron.db.ovn_revision_numbers_db [None req-0654afaf-8fb0-49ab-9b70-358f0760f38c 44f9fc947be441caab831b744dde8ad6 431f6c9a3dcd4add9521adb805be1cd6 - - default default] Successfully bumped revision number for resource b0d820a2-6e6f-4417-abd9-8c60f5602c0d (type: security_group_rules) to 0
2026-07-02 06:20:38.061 10 INFO neutron.wsgi [None req-0654afaf-8fb0-49ab-9b70-358f0760f38c 44f9fc947be441caab831b744dde8ad6 431f6c9a3dcd4add9521adb805be1cd6 - - default default] 10.0.0.113 "GET /v2.0/security-groups?tenant_id=0a0eb22783594c46bdd959a0b5569000&name=default HTTP/1.1" status: 200 len: 2996 time: 0.8776786
2026-07-02 06:20:38.143 10 INFO neutron.services.segments.plugin [-] Segment 7fee743a-72f9-4ce9-8e15-16e8117984a1 resource provider aggregate not found
2026-07-02 06:20:38.148 10 INFO neutron.services.segments.plugin [-] Segment 7fee743a-72f9-4ce9-8e15-16e8117984a1 resource provider aggregate not found
2026-07-02 06:20:38.164 10 INFO neutron.services.segments.plugin [-] Segment 7fee743a-72f9-4ce9-8e15-16e8117984a1 resource provider not found; error: Placement Client Error (4xx): {"errors": [{"status": 404, "title": "Not Found", "detail": "The resource could not be found.\n\n No resource provider with uuid 7fee743a-72f9-4ce9-8e15-16e8117984a1 found for delete ", "request_id": "req-f09ee5e8-88d5-4a84-aa86-dd5ecbfb02cd"}]}
2026-07-02 06:20:38.165 10 INFO neutron.services.segments.plugin [-] Segment 7fee743a-72f9-4ce9-8e15-16e8117984a1 resource provider not found; error: Placement Client Error (4xx): {"errors": [{"status": 404, "title": "Not Found", "detail": "The resource could not be found.\n\n No resource provider with uuid 7fee743a-72f9-4ce9-8e15-16e8117984a1 found for delete ", "request_id": "req-302bcda8-4f4d-4f2e-b04e-f09817fa3044"}]}
2026-07-02 06:20:38.181 9 WARNING neutron.scheduler.dhcp_agent_scheduler [None req-711c0b85-ed5c-4e1e-90d1-1c330c599958 3a38bc5fa5864b76a9299c1535d31416 ccf6e813fccb4b99b5a44714fd8a705e - - default default] No more DHCP agents
2026-07-02 06:20:38.201 9 WARNING neutron.api.rpc.agentnotifiers.dhcp_rpc_agent_api [None req-711c0b85-ed5c-4e1e-90d1-1c330c599958 3a38bc5fa5864b76a9299c1535d31416 ccf6e813fccb4b99b5a44714fd8a705e - - default default] Unable to schedule network 0ff49bed-6ffe-4c3c-b743-1de8f740ed8f: no agents available; will retry on subsequent port and subnet creation events.
2026-07-02 06:20:38.201 10 INFO neutron.wsgi [None req-4af103fc-2b5a-4b84-aa6d-9c43bf34e892 44f9fc947be441caab831b744dde8ad6 431f6c9a3dcd4add9521adb805be1cd6 - - default default] 10.0.0.113 "DELETE /v2.0/networks/d14d59ba-d9f0-446c-b406-8a6f388e7fa7 HTTP/1.1" status: 204 len: 168 time: 0.9097834
2026-07-02 06:20:38.242 9 INFO neutron.db.ovn_revision_numbers_db [None req-711c0b85-ed5c-4e1e-90d1-1c330c599958 3a38bc5fa5864b76a9299c1535d31416 ccf6e813fccb4b99b5a44714fd8a705e - - default default] Successfully bumped revision number for resource dd89e254-2c18-4453-976e-cb8c92c53603 (type: subnets) to 0
2026-07-02 06:20:38.272 9 INFO neutron.wsgi [None req-711c0b85-ed5c-4e1e-90d1-1c330c599958 3a38bc5fa5864b76a9299c1535d31416 ccf6e813fccb4b99b5a44714fd8a705e - - default default] 10.0.0.113 "POST /v2.0/subnets HTTP/1.1" status: 201 len: 821 time: 0.4077623
2026-07-02 06:20:38.287 9 WARNING neutron_lib.context [None req-22683337-d964-4c7c-906e-94bd62269b9b 3a38bc5fa5864b76a9299c1535d31416 ccf6e813fccb4b99b5a44714fd8a705e - - default default] Method 'is_advsvc' is deprecated since 2023.2 release (neutron-lib 3.8.0) and will be removed once support for the old RBAC API policies will be removed from Neutron. Please use method 'is_service_role' instead.
2026-07-02 06:20:38.359 9 WARNING neutron.scheduler.dhcp_agent_scheduler [None req-9ce40379-e9a8-4226-81ff-d4d94538fbca b582fc2e75f94459906dffb5e8a94c0f effe0de92263445882ef221ade172aba - - default default] No more DHCP agents
2026-07-02 06:20:38.367 9 WARNING neutron.api.rpc.agentnotifiers.dhcp_rpc_agent_api [None req-9ce40379-e9a8-4226-81ff-d4d94538fbca b582fc2e75f94459906dffb5e8a94c0f effe0de92263445882ef221ade172aba - - default default] Unable to schedule network 434026b2-6e27-4ded-bc50-5dd99f22e9f7: no agents available; will retry on subsequent port and subnet creation events.
2026-07-02 06:20:38.369 10 INFO neutron.wsgi [None req-200e26e3-1e16-40eb-a0c5-5e2dc90561ea 44f9fc947be441caab831b744dde8ad6 431f6c9a3dcd4add9521adb805be1cd6 - - default default] 10.0.0.113 "DELETE /v2.0/security-groups/773ed41d-64b4-4a90-89ad-18b18b88abba HTTP/1.1" status: 204 len: 168 time: 0.3036640
2026-07-02 06:20:38.394 10 INFO neutron.wsgi [None req-05215575-fb2f-416f-a905-7be4a5c0ab41 44f9fc947be441caab831b744dde8ad6 431f6c9a3dcd4add9521adb805be1cd6 - - default default] 10.0.0.113 "GET /v2.0/security-groups?tenant_id=37cce26ecd2a46acb44141b14316a756&name=default HTTP/1.1" status: 200 len: 2996 time: 0.0453587
2026-07-02 06:20:38.615 10 INFO neutron.wsgi [None req-d0e7639f-1ee9-4742-b21c-381cbb795e5a 44f9fc947be441caab831b744dde8ad6 431f6c9a3dcd4add9521adb805be1cd6 - - default default] 10.0.0.113 "DELETE /v2.0/security-groups/162cf32b-7136-48ca-965b-4c3aee0baed1 HTTP/1.1" status: 204 len: 168 time: 0.2129695
2026-07-02 06:20:38.841 9 INFO neutron.db.ovn_revision_numbers_db [None req-98fb96c5-1592-44fe-b857-ad2149cf0627 44f9fc947be441caab831b744dde8ad6 431f6c9a3dcd4add9521adb805be1cd6 - - default default] Successfully bumped revision number for resource 130bfe91-ee0c-49c3-8d44-4a1ab7c5e0f1 (type: security_groups) to 1
2026-07-02 06:20:38.870 9 INFO neutron.db.ovn_revision_numbers_db [None req-98fb96c5-1592-44fe-b857-ad2149cf0627 44f9fc947be441caab831b744dde8ad6 431f6c9a3dcd4add9521adb805be1cd6 - - default default] Successfully bumped revision number for resource 531084a9-78bb-45fd-b485-0715c821bf4a (type: security_group_rules) to 0
2026-07-02 06:20:38.912 9 WARNING neutron.scheduler.dhcp_agent_scheduler [None req-22683337-d964-4c7c-906e-94bd62269b9b 3a38bc5fa5864b76a9299c1535d31416 ccf6e813fccb4b99b5a44714fd8a705e - - default default] No more DHCP agents
2026-07-02 06:20:38.914 9 INFO neutron.db.ovn_revision_numbers_db [None req-98fb96c5-1592-44fe-b857-ad2149cf0627 44f9fc947be441caab831b744dde8ad6 431f6c9a3dcd4add9521adb805be1cd6 - - default default] Successfully bumped revision number for resource 632d224c-6765-4fd0-8a20-48d45249c091 (type: security_group_rules) to 0
2026-07-02 06:20:38.924 9 WARNING neutron.api.rpc.agentnotifiers.dhcp_rpc_agent_api [None req-22683337-d964-4c7c-906e-94bd62269b9b 3a38bc5fa5864b76a9299c1535d31416 ccf6e813fccb4b99b5a44714fd8a705e - - default default] Unable to schedule network 0ff49bed-6ffe-4c3c-b743-1de8f740ed8f: no agents available; will retry on subsequent port and subnet creation events.
2026-07-02 06:20:38.969 9 INFO neutron.db.ovn_revision_numbers_db [None req-98fb96c5-1592-44fe-b857-ad2149cf0627 44f9fc947be441caab831b744dde8ad6 431f6c9a3dcd4add9521adb805be1cd6 - - default default] Successfully bumped revision number for resource ef2b7af6-d69b-46ac-93b0-94522e43cd6e (type: security_group_rules) to 0
2026-07-02 06:20:39.004 9 INFO neutron.db.ovn_revision_numbers_db [None req-98fb96c5-1592-44fe-b857-ad2149cf0627 44f9fc947be441caab831b744dde8ad6 431f6c9a3dcd4add9521adb805be1cd6 - - default default] Successfully bumped revision number for resource fbf3f1ab-f608-42a1-a68d-74ffe2d8073a (type: security_group_rules) to 0
2026-07-02 06:20:39.076 9 INFO neutron.wsgi [None req-98fb96c5-1592-44fe-b857-ad2149cf0627 44f9fc947be441caab831b744dde8ad6 431f6c9a3dcd4add9521adb805be1cd6 - - default default] 10.0.0.113 "GET /v2.0/security-groups?tenant_id=f0f0b88e2350409e9dcaf5926c38b23e&name=default HTTP/1.1" status: 200 len: 2996 time: 0.5268273
2026-07-02 06:20:39.146 9 INFO neutron.db.l3_db [None req-9ce40379-e9a8-4226-81ff-d4d94538fbca b582fc2e75f94459906dffb5e8a94c0f effe0de92263445882ef221ade172aba - - default default] Floating IP 92bc05c2-a3f0-495d-9b0a-9dd2c73dcdf8 associated. External IP: 10.96.250.213, port: 1ad9f61a-005b-4dfb-80f3-4d50e1083d23.
2026-07-02 06:20:39.164 9 INFO neutron.db.ovn_revision_numbers_db [None req-22683337-d964-4c7c-906e-94bd62269b9b 3a38bc5fa5864b76a9299c1535d31416 ccf6e813fccb4b99b5a44714fd8a705e - - default default] Successfully bumped revision number for resource 166d4e8d-b197-4b3c-92f4-bf43edf324cf (type: ports) to 1
2026-07-02 06:20:39.202 9 INFO neutron.wsgi [None req-22683337-d964-4c7c-906e-94bd62269b9b 3a38bc5fa5864b76a9299c1535d31416 ccf6e813fccb4b99b5a44714fd8a705e - - default default] 10.0.0.113 "POST /v2.0/ports HTTP/1.1" status: 201 len: 1165 time: 0.9212554
2026-07-02 06:20:39.377 9 INFO neutron.db.ovn_revision_numbers_db [None req-9ce40379-e9a8-4226-81ff-d4d94538fbca b582fc2e75f94459906dffb5e8a94c0f effe0de92263445882ef221ade172aba - - default default] Successfully bumped revision number for resource 92bc05c2-a3f0-495d-9b0a-9dd2c73dcdf8 (type: floatingips) to 0
2026-07-02 06:20:39.394 10 INFO neutron.wsgi [None req-00783a09-ab1d-45a2-b70b-666cd31105c9 44f9fc947be441caab831b744dde8ad6 431f6c9a3dcd4add9521adb805be1cd6 - - default default] 10.0.0.113 "DELETE /v2.0/security-groups/130bfe91-ee0c-49c3-8d44-4a1ab7c5e0f1 HTTP/1.1" status: 204 len: 168 time: 0.3142712
2026-07-02 06:20:39.501 9 INFO neutron.db.ovn_revision_numbers_db [None req-9ce40379-e9a8-4226-81ff-d4d94538fbca b582fc2e75f94459906dffb5e8a94c0f effe0de92263445882ef221ade172aba - - default default] Successfully bumped revision number for resource 92bc05c2-a3f0-495d-9b0a-9dd2c73dcdf8 (type: floatingips) to 1
2026-07-02 06:20:39.550 9 INFO neutron.wsgi [None req-9ce40379-e9a8-4226-81ff-d4d94538fbca b582fc2e75f94459906dffb5e8a94c0f effe0de92263445882ef221ade172aba - - default default] 10.0.0.113 "POST /v2.0/floatingips HTTP/1.1" status: 201 len: 1054 time: 1.5987630
2026-07-02 06:20:39.578 10 INFO neutron.wsgi [None req-b29e107f-c30b-49f6-a3b8-76753ca17dfc 3a38bc5fa5864b76a9299c1535d31416 ccf6e813fccb4b99b5a44714fd8a705e - - default default] 10.0.0.113 "DELETE /v2.0/ports/166d4e8d-b197-4b3c-92f4-bf43edf324cf HTTP/1.1" status: 204 len: 168 time: 0.3709161 /var/lib/openstack/lib/python3.10/site-packages/pycadf/identifier.py:71: UserWarning: Invalid uuid: neutron. To ensure interoperability, identifiers should be a valid uuid. warnings.warn(('Invalid uuid: %s. To ensure interoperability, '
2026-07-02 06:20:39.600 10 INFO neutron.pecan_wsgi.hooks.translation [None req-e46490fc-ad60-475b-aee3-5e1342bb4d15 3a38bc5fa5864b76a9299c1535d31416 ccf6e813fccb4b99b5a44714fd8a705e - - default default] DELETE failed (client error): The resource could not be found.
2026-07-02 06:20:39.603 10 INFO neutron.wsgi [None req-e46490fc-ad60-475b-aee3-5e1342bb4d15 3a38bc5fa5864b76a9299c1535d31416 ccf6e813fccb4b99b5a44714fd8a705e - - default default] 10.0.0.113 "DELETE /v2.0/ports/166d4e8d-b197-4b3c-92f4-bf43edf324cf HTTP/1.1" status: 404 len: 333 time: 0.0201087
2026-07-02 06:20:39.625 10 INFO neutron.pecan_wsgi.hooks.translation [None req-3ef42143-901e-46b2-aa0b-55d1904714d3 3a38bc5fa5864b76a9299c1535d31416 ccf6e813fccb4b99b5a44714fd8a705e - - default default] GET failed (client error): The resource could not be found.
2026-07-02 06:20:39.627 10 INFO neutron.wsgi [None req-3ef42143-901e-46b2-aa0b-55d1904714d3 3a38bc5fa5864b76a9299c1535d31416 ccf6e813fccb4b99b5a44714fd8a705e - - default default] 10.0.0.113 "GET /v2.0/ports/166d4e8d-b197-4b3c-92f4-bf43edf324cf HTTP/1.1" status: 404 len: 333 time: 0.0197294
2026-07-02 06:20:39.823 10 INFO neutron.wsgi [None req-515acec9-520f-4d5d-beb2-46c4805cb06e 3a38bc5fa5864b76a9299c1535d31416 ccf6e813fccb4b99b5a44714fd8a705e - - default default] 10.0.0.113 "DELETE /v2.0/subnets/dd89e254-2c18-4453-976e-cb8c92c53603 HTTP/1.1" status: 204 len: 168 time: 0.1925468
2026-07-02 06:20:39.989 9 INFO neutron.notifiers.nova [-] Nova event matching ['req-a8804f13-1b21-42db-bf9e-16fb172e1028'] response: {'name': 'network-changed', 'server_uuid': 'ac22bfde-9d82-4d44-95f6-c7c2657b4427', 'tag': '1ad9f61a-005b-4dfb-80f3-4d50e1083d23', 'status': 'completed', 'code': 200}
2026-07-02 06:20:40.064 10 INFO neutron.wsgi [req-258b424f-009c-4d39-9458-315e84617c2a req-167ef3d8-63f8-4131-b6eb-5160760ed164 36cb207628f24e0bb91735a54da13e4f 9bbd05abb27045078316e40e7d0fef1e - - d806d7c638f94797abab49074542b48d d806d7c638f94797abab49074542b48d] 199.204.45.116 "GET /v2.0/ports?tenant_id=effe0de92263445882ef221ade172aba&device_id=ac22bfde-9d82-4d44-95f6-c7c2657b4427 HTTP/1.1" status: 200 len: 1642 time: 0.0396116
2026-07-02 06:20:40.156 10 INFO neutron.wsgi [req-258b424f-009c-4d39-9458-315e84617c2a req-ea4921d0-a7d4-42d2-8762-5a5a4aa970c9 36cb207628f24e0bb91735a54da13e4f 9bbd05abb27045078316e40e7d0fef1e - - d806d7c638f94797abab49074542b48d d806d7c638f94797abab49074542b48d] 199.204.45.116 "GET /v2.0/networks?id=899ed298-f96a-4512-a5f5-67879f411077 HTTP/1.1" status: 200 len: 1002 time: 0.0848591
2026-07-02 06:20:40.232 10 INFO neutron.wsgi [req-258b424f-009c-4d39-9458-315e84617c2a req-f6fa5f87-b7dd-4e7a-b672-b0b1551560e1 36cb207628f24e0bb91735a54da13e4f 9bbd05abb27045078316e40e7d0fef1e - - d806d7c638f94797abab49074542b48d d806d7c638f94797abab49074542b48d] 199.204.45.116 "GET /v2.0/floatingips?fixed_ip_address=10.2.2.181&port_id=1ad9f61a-005b-4dfb-80f3-4d50e1083d23 HTTP/1.1" status: 200 len: 1059 time: 0.0679142
2026-07-02 06:20:40.289 10 INFO neutron.wsgi [req-258b424f-009c-4d39-9458-315e84617c2a req-65278d2a-e766-4925-9a34-477cc7c36859 36cb207628f24e0bb91735a54da13e4f 9bbd05abb27045078316e40e7d0fef1e - - d806d7c638f94797abab49074542b48d d806d7c638f94797abab49074542b48d] 199.204.45.116 "GET /v2.0/floatingips?fixed_ip_address=fd77%3A1457%3A4cf0%3A26a8%3A%3A292&port_id=1ad9f61a-005b-4dfb-80f3-4d50e1083d23 HTTP/1.1" status: 200 len: 217 time: 0.0431428
2026-07-02 06:20:40.378 10 INFO neutron.services.segments.plugin [-] Segment 822147db-b201-4344-b930-5a58070f12e2 resource provider aggregate not found
2026-07-02 06:20:40.399 10 INFO neutron.services.segments.plugin [-] Segment 822147db-b201-4344-b930-5a58070f12e2 resource provider aggregate not found
2026-07-02 06:20:40.425 10 INFO neutron.wsgi [req-258b424f-009c-4d39-9458-315e84617c2a req-e88a4cdb-2747-49f7-8376-d625c6c6d818 36cb207628f24e0bb91735a54da13e4f 9bbd05abb27045078316e40e7d0fef1e - - d806d7c638f94797abab49074542b48d d806d7c638f94797abab49074542b48d] 199.204.45.116 "GET /v2.0/subnets?id=37d87410-e1eb-4df5-8c4d-d06ddb6c040c&id=353132a2-ee16-4b44-b459-435d8da586bd HTTP/1.1" status: 200 len: 1565 time: 0.1301894
2026-07-02 06:20:40.428 10 INFO neutron.services.segments.plugin [-] Segment 822147db-b201-4344-b930-5a58070f12e2 resource provider not found; error: Placement Client Error (4xx): {"errors": [{"status": 404, "title": "Not Found", "detail": "The resource could not be found.\n\n No resource provider with uuid 822147db-b201-4344-b930-5a58070f12e2 found for delete ", "request_id": "req-2d091c5b-c442-4705-ae79-7209636c46c9"}]}
2026-07-02 06:20:40.432 10 INFO neutron.services.segments.plugin [-] Segment 822147db-b201-4344-b930-5a58070f12e2 resource provider not found; error: Placement Client Error (4xx): {"errors": [{"status": 404, "title": "Not Found", "detail": "The resource could not be found.\n\n No resource provider with uuid 822147db-b201-4344-b930-5a58070f12e2 found for delete ", "request_id": "req-1d1cb611-fedb-4eb7-be1c-fa72ea0dd4cf"}]}
2026-07-02 06:20:40.460 10 INFO neutron.wsgi [req-258b424f-009c-4d39-9458-315e84617c2a req-5c4d7727-7689-4aa2-8bd9-fd10dc38ee58 36cb207628f24e0bb91735a54da13e4f 9bbd05abb27045078316e40e7d0fef1e - - d806d7c638f94797abab49074542b48d d806d7c638f94797abab49074542b48d] 199.204.45.116 "GET /v2.0/ports?network_id=899ed298-f96a-4512-a5f5-67879f411077&device_owner=network%3Adhcp HTTP/1.1" status: 200 len: 210 time: 0.0266647
2026-07-02 06:20:40.490 10 INFO neutron.wsgi [req-258b424f-009c-4d39-9458-315e84617c2a req-5cf9044c-2ae5-401e-a2e3-6c0bdab99df7 36cb207628f24e0bb91735a54da13e4f 9bbd05abb27045078316e40e7d0fef1e - - d806d7c638f94797abab49074542b48d d806d7c638f94797abab49074542b48d] 199.204.45.116 "GET /v2.0/ports?network_id=899ed298-f96a-4512-a5f5-67879f411077&device_owner=network%3Adhcp HTTP/1.1" status: 200 len: 210 time: 0.0250244
2026-07-02 06:20:40.511 10 INFO neutron.wsgi [None req-ffc4cd67-0a85-4b17-9770-01b910e77b73 3a38bc5fa5864b76a9299c1535d31416 ccf6e813fccb4b99b5a44714fd8a705e - - default default] 10.0.0.113 "DELETE /v2.0/networks/0ff49bed-6ffe-4c3c-b743-1de8f740ed8f HTTP/1.1" status: 204 len: 168 time: 0.6820159
2026-07-02 06:20:40.528 10 WARNING neutron_lib.context [None req-edb0ce01-cc6c-4647-8b05-8574a759e8e9 3a38bc5fa5864b76a9299c1535d31416 ccf6e813fccb4b99b5a44714fd8a705e - - default default] Method 'is_advsvc' is deprecated since 2023.2 release (neutron-lib 3.8.0) and will be removed once support for the old RBAC API policies will be removed from Neutron. Please use method 'is_service_role' instead.
2026-07-02 06:20:40.611 10 INFO neutron.wsgi [req-258b424f-009c-4d39-9458-315e84617c2a req-9ccef41d-6948-4f17-bc64-119f1bdc6aa2 36cb207628f24e0bb91735a54da13e4f 9bbd05abb27045078316e40e7d0fef1e - - d806d7c638f94797abab49074542b48d d806d7c638f94797abab49074542b48d] 199.204.45.116 "GET /v2.0/networks/899ed298-f96a-4512-a5f5-67879f411077?fields=segments HTTP/1.1" status: 200 len: 212 time: 0.1159418
2026-07-02 06:20:40.646 10 INFO neutron.db.segments_db [None req-edb0ce01-cc6c-4647-8b05-8574a759e8e9 3a38bc5fa5864b76a9299c1535d31416 ccf6e813fccb4b99b5a44714fd8a705e - - default default] Added segment 11d97095-1b98-4e8c-bace-42aef8ebe3f2 of type geneve for network 167eb076-e46f-4d95-97da-ad2917b7112e
2026-07-02 06:20:40.726 10 INFO neutron.wsgi [req-258b424f-009c-4d39-9458-315e84617c2a req-b5487658-5513-474e-b0cf-70e2776955da 36cb207628f24e0bb91735a54da13e4f 9bbd05abb27045078316e40e7d0fef1e - - d806d7c638f94797abab49074542b48d d806d7c638f94797abab49074542b48d] 199.204.45.116 "GET /v2.0/networks/899ed298-f96a-4512-a5f5-67879f411077?fields=provider%3Aphysical_network&fields=provider%3Anetwork_type HTTP/1.1" status: 200 len: 277 time: 0.1090899
2026-07-02 06:20:40.859 10 INFO neutron.db.ovn_revision_numbers_db [None req-edb0ce01-cc6c-4647-8b05-8574a759e8e9 3a38bc5fa5864b76a9299c1535d31416 ccf6e813fccb4b99b5a44714fd8a705e - - default default] Successfully bumped revision number for resource 167eb076-e46f-4d95-97da-ad2917b7112e (type: networks) to 1
2026-07-02 06:20:41.115 10 WARNING neutron.scheduler.dhcp_agent_scheduler [None req-edb0ce01-cc6c-4647-8b05-8574a759e8e9 3a38bc5fa5864b76a9299c1535d31416 ccf6e813fccb4b99b5a44714fd8a705e - - default default] No more DHCP agents
2026-07-02 06:20:41.121 10 WARNING neutron.api.rpc.agentnotifiers.dhcp_rpc_agent_api [None req-edb0ce01-cc6c-4647-8b05-8574a759e8e9 3a38bc5fa5864b76a9299c1535d31416 ccf6e813fccb4b99b5a44714fd8a705e - - default default] Unable to schedule network 167eb076-e46f-4d95-97da-ad2917b7112e: no agents available; will retry on subsequent port and subnet creation events.
2026-07-02 06:20:41.233 10 INFO neutron.db.ovn_revision_numbers_db [None req-edb0ce01-cc6c-4647-8b05-8574a759e8e9 3a38bc5fa5864b76a9299c1535d31416 ccf6e813fccb4b99b5a44714fd8a705e - - default default] Successfully bumped revision number for resource 7c0f3a04-70cd-4b3e-b408-fbb528295b66 (type: ports) to 1
2026-07-02 06:20:41.262 10 INFO neutron.wsgi [None req-edb0ce01-cc6c-4647-8b05-8574a759e8e9 3a38bc5fa5864b76a9299c1535d31416 ccf6e813fccb4b99b5a44714fd8a705e - - default default] 10.0.0.113 "POST /v2.0/networks HTTP/1.1" status: 201 len: 835 time: 0.7394669
2026-07-02 06:20:41.277 10 WARNING neutron_lib.context [None req-b3757f23-1055-45ca-82d7-126305e8df8a 3a38bc5fa5864b76a9299c1535d31416 ccf6e813fccb4b99b5a44714fd8a705e - - default default] Method 'is_advsvc' is deprecated since 2023.2 release (neutron-lib 3.8.0) and will be removed once support for the old RBAC API policies will be removed from Neutron. Please use method 'is_service_role' instead.
2026-07-02 06:20:41.582 10 WARNING neutron.scheduler.dhcp_agent_scheduler [None req-b3757f23-1055-45ca-82d7-126305e8df8a 3a38bc5fa5864b76a9299c1535d31416 ccf6e813fccb4b99b5a44714fd8a705e - - default default] No more DHCP agents
2026-07-02 06:20:41.590 10 WARNING neutron.api.rpc.agentnotifiers.dhcp_rpc_agent_api [None req-b3757f23-1055-45ca-82d7-126305e8df8a 3a38bc5fa5864b76a9299c1535d31416 ccf6e813fccb4b99b5a44714fd8a705e - - default default] Unable to schedule network 167eb076-e46f-4d95-97da-ad2917b7112e: no agents available; will retry on subsequent port and subnet creation events.
2026-07-02 06:20:41.653 10 INFO neutron.db.ovn_revision_numbers_db [None req-b3757f23-1055-45ca-82d7-126305e8df8a 3a38bc5fa5864b76a9299c1535d31416 ccf6e813fccb4b99b5a44714fd8a705e - - default default] Successfully bumped revision number for resource 54e5d76e-0a88-4af4-9fd8-ed9bbd2fb1ec (type: subnets) to 0
2026-07-02 06:20:41.672 10 INFO neutron.wsgi [None req-b3757f23-1055-45ca-82d7-126305e8df8a 3a38bc5fa5864b76a9299c1535d31416 ccf6e813fccb4b99b5a44714fd8a705e - - default default] 10.0.0.113 "POST /v2.0/subnets HTTP/1.1" status: 201 len: 821 time: 0.4025555
2026-07-02 06:20:41.685 10 WARNING neutron_lib.context [None req-d38c2dbb-5ab0-433e-9c59-97a134604bdf 3a38bc5fa5864b76a9299c1535d31416 ccf6e813fccb4b99b5a44714fd8a705e - - default default] Method 'is_advsvc' is deprecated since 2023.2 release (neutron-lib 3.8.0) and will be removed once support for the old RBAC API policies will be removed from Neutron. Please use method 'is_service_role' instead.
2026-07-02 06:20:42.048 10 WARNING neutron.scheduler.dhcp_agent_scheduler [None req-d38c2dbb-5ab0-433e-9c59-97a134604bdf 3a38bc5fa5864b76a9299c1535d31416 ccf6e813fccb4b99b5a44714fd8a705e - - default default] No more DHCP agents
2026-07-02 06:20:42.050 10 WARNING neutron.api.rpc.agentnotifiers.dhcp_rpc_agent_api [None req-d38c2dbb-5ab0-433e-9c59-97a134604bdf 3a38bc5fa5864b76a9299c1535d31416 ccf6e813fccb4b99b5a44714fd8a705e - - default default] Unable to schedule network 167eb076-e46f-4d95-97da-ad2917b7112e: no agents available; will retry on subsequent port and subnet creation events.
2026-07-02 06:20:42.185 10 INFO neutron.db.ovn_revision_numbers_db [None req-d38c2dbb-5ab0-433e-9c59-97a134604bdf 3a38bc5fa5864b76a9299c1535d31416 ccf6e813fccb4b99b5a44714fd8a705e - - default default] Successfully bumped revision number for resource 031b06b3-d4d4-40f5-a02d-b45dbdffe093 (type: ports) to 1
2026-07-02 06:20:42.210 10 INFO neutron.wsgi [None req-d38c2dbb-5ab0-433e-9c59-97a134604bdf 3a38bc5fa5864b76a9299c1535d31416 ccf6e813fccb4b99b5a44714fd8a705e - - default default] 10.0.0.113 "POST /v2.0/ports HTTP/1.1" status: 201 len: 1127 time: 0.5318735 /var/lib/openstack/lib/python3.10/site-packages/pycadf/identifier.py:71: UserWarning: Invalid uuid: neutron. To ensure interoperability, identifiers should be a valid uuid. warnings.warn(('Invalid uuid: %s. To ensure interoperability, '
2026-07-02 06:20:42.590 9 INFO neutron.wsgi [None req-557c1f5e-4456-4f11-aafc-6253adffe859 3a38bc5fa5864b76a9299c1535d31416 ccf6e813fccb4b99b5a44714fd8a705e - - default default] 10.0.0.113 "DELETE /v2.0/ports/031b06b3-d4d4-40f5-a02d-b45dbdffe093 HTTP/1.1" status: 204 len: 168 time: 0.3748155
2026-07-02 06:20:42.614 9 INFO neutron.pecan_wsgi.hooks.translation [None req-55e4655f-849f-413a-8285-315ed8fc0939 3a38bc5fa5864b76a9299c1535d31416 ccf6e813fccb4b99b5a44714fd8a705e - - default default] GET failed (client error): The resource could not be found.
2026-07-02 06:20:42.617 9 INFO neutron.wsgi [None req-55e4655f-849f-413a-8285-315ed8fc0939 3a38bc5fa5864b76a9299c1535d31416 ccf6e813fccb4b99b5a44714fd8a705e - - default default] 10.0.0.113 "GET /v2.0/ports/031b06b3-d4d4-40f5-a02d-b45dbdffe093 HTTP/1.1" status: 404 len: 333 time: 0.0191562
2026-07-02 06:20:42.825 10 INFO neutron.wsgi [None req-a00200f5-2c35-46b5-aed0-4b1736230095 3a38bc5fa5864b76a9299c1535d31416 ccf6e813fccb4b99b5a44714fd8a705e - - default default] 10.0.0.113 "DELETE /v2.0/subnets/54e5d76e-0a88-4af4-9fd8-ed9bbd2fb1ec HTTP/1.1" status: 204 len: 168 time: 0.1992965
2026-07-02 06:20:43.016 9 WARNING neutron_lib.context [None req-6a81a71b-d462-473e-86a9-4a629e72aa8f 6a8e5863bb9941bfa06b7667024d158d c29a1ce7378a4601a6ec3ac45448b7c5 - - default default] Method 'is_advsvc' is deprecated since 2023.2 release (neutron-lib 3.8.0) and will be removed once support for the old RBAC API policies will be removed from Neutron. Please use method 'is_service_role' instead.
2026-07-02 06:20:43.139 9 INFO neutron.db.ovn_revision_numbers_db [None req-6a81a71b-d462-473e-86a9-4a629e72aa8f 6a8e5863bb9941bfa06b7667024d158d c29a1ce7378a4601a6ec3ac45448b7c5 - - default default] Successfully bumped revision number for resource 04affac4-ca8b-474c-899d-42e4f80107e0 (type: security_groups) to 1
2026-07-02 06:20:43.152 9 INFO neutron.db.ovn_revision_numbers_db [None req-6a81a71b-d462-473e-86a9-4a629e72aa8f 6a8e5863bb9941bfa06b7667024d158d c29a1ce7378a4601a6ec3ac45448b7c5 - - default default] Successfully bumped revision number for resource 68f60b59-90b0-44fd-9f11-cd315ad5f6de (type: security_group_rules) to 0
2026-07-02 06:20:43.162 9 INFO neutron.db.ovn_revision_numbers_db [None req-6a81a71b-d462-473e-86a9-4a629e72aa8f 6a8e5863bb9941bfa06b7667024d158d c29a1ce7378a4601a6ec3ac45448b7c5 - - default default] Successfully bumped revision number for resource 69ced62f-7e59-48ba-8405-6e0bc5118850 (type: security_group_rules) to 0
2026-07-02 06:20:43.174 9 INFO neutron.db.ovn_revision_numbers_db [None req-6a81a71b-d462-473e-86a9-4a629e72aa8f 6a8e5863bb9941bfa06b7667024d158d c29a1ce7378a4601a6ec3ac45448b7c5 - - default default] Successfully bumped revision number for resource a09e08f9-b8e2-41d3-83f4-379d52afd086 (type: security_group_rules) to 0
2026-07-02 06:20:43.185 9 INFO neutron.db.ovn_revision_numbers_db [None req-6a81a71b-d462-473e-86a9-4a629e72aa8f 6a8e5863bb9941bfa06b7667024d158d c29a1ce7378a4601a6ec3ac45448b7c5 - - default default] Successfully bumped revision number for resource f1572ef1-e24b-453d-ba18-18d8d651b3b2 (type: security_group_rules) to 0
2026-07-02 06:20:43.197 10 INFO neutron.services.segments.plugin [-] Segment 11d97095-1b98-4e8c-bace-42aef8ebe3f2 resource provider aggregate not found
2026-07-02 06:20:43.202 10 INFO neutron.services.segments.plugin [-] Segment 11d97095-1b98-4e8c-bace-42aef8ebe3f2 resource provider aggregate not found
2026-07-02 06:20:43.223 10 INFO neutron.services.segments.plugin [-] Segment 11d97095-1b98-4e8c-bace-42aef8ebe3f2 resource provider not found; error: Placement Client Error (4xx): {"errors": [{"status": 404, "title": "Not Found", "detail": "The resource could not be found.\n\n No resource provider with uuid 11d97095-1b98-4e8c-bace-42aef8ebe3f2 found for delete ", "request_id": "req-38a517e2-4502-4faf-ada7-c8806b84077c"}]}
2026-07-02 06:20:43.228 10 INFO neutron.services.segments.plugin [-] Segment 11d97095-1b98-4e8c-bace-42aef8ebe3f2 resource provider not found; error: Placement Client Error (4xx): {"errors": [{"status": 404, "title": "Not Found", "detail": "The resource could not be found.\n\n No resource provider with uuid 11d97095-1b98-4e8c-bace-42aef8ebe3f2 found for delete ", "request_id": "req-e7feed45-4fc8-4b98-9742-6269670d4d2c"}]}
2026-07-02 06:20:43.247 10 INFO neutron.wsgi [None req-988869f1-9618-4f8c-a020-76fa9167cb1f 3a38bc5fa5864b76a9299c1535d31416 ccf6e813fccb4b99b5a44714fd8a705e - - default default] 10.0.0.113 "DELETE /v2.0/networks/167eb076-e46f-4d95-97da-ad2917b7112e HTTP/1.1" status: 204 len: 168 time: 0.4157946
2026-07-02 06:20:43.260 10 WARNING neutron_lib.context [None req-588bd2af-8324-4e68-a879-96ea0505afe3 3a38bc5fa5864b76a9299c1535d31416 ccf6e813fccb4b99b5a44714fd8a705e - - default default] Method 'is_advsvc' is deprecated since 2023.2 release (neutron-lib 3.8.0) and will be removed once support for the old RBAC API policies will be removed from Neutron. Please use method 'is_service_role' instead.
2026-07-02 06:20:43.283 9 INFO neutron.db.segments_db [None req-6a81a71b-d462-473e-86a9-4a629e72aa8f 6a8e5863bb9941bfa06b7667024d158d c29a1ce7378a4601a6ec3ac45448b7c5 - - default default] Added segment 91c1cdb0-a3ff-4926-a257-30ab823050ac of type geneve for network ef0a8815-3520-432e-a964-90644390267a
2026-07-02 06:20:43.468 9 INFO neutron.db.ovn_revision_numbers_db [None req-6a81a71b-d462-473e-86a9-4a629e72aa8f 6a8e5863bb9941bfa06b7667024d158d c29a1ce7378a4601a6ec3ac45448b7c5 - - default default] Successfully bumped revision number for resource ef0a8815-3520-432e-a964-90644390267a (type: networks) to 1
2026-07-02 06:20:43.534 10 WARNING neutron.scheduler.dhcp_agent_scheduler [None req-588bd2af-8324-4e68-a879-96ea0505afe3 3a38bc5fa5864b76a9299c1535d31416 ccf6e813fccb4b99b5a44714fd8a705e - - default default] No more DHCP agents
2026-07-02 06:20:43.537 10 WARNING neutron.api.rpc.agentnotifiers.dhcp_rpc_agent_api [None req-588bd2af-8324-4e68-a879-96ea0505afe3 3a38bc5fa5864b76a9299c1535d31416 ccf6e813fccb4b99b5a44714fd8a705e - - default default] Unable to schedule network 4537e0d4-c455-42d1-9159-d10b1bd5626d: no agents available; will retry on subsequent port and subnet creation events.
2026-07-02 06:20:43.629 10 INFO neutron.db.ovn_revision_numbers_db [None req-588bd2af-8324-4e68-a879-96ea0505afe3 3a38bc5fa5864b76a9299c1535d31416 ccf6e813fccb4b99b5a44714fd8a705e - - default default] Successfully bumped revision number for resource 64ac1180-2c5a-4a64-9550-ed61c2f7c74f (type: ports) to 1
2026-07-02 06:20:43.655 10 INFO neutron.wsgi [None req-588bd2af-8324-4e68-a879-96ea0505afe3 3a38bc5fa5864b76a9299c1535d31416 ccf6e813fccb4b99b5a44714fd8a705e - - default default] 10.0.0.113 "POST /v2.0/ports HTTP/1.1" status: 201 len: 977 time: 0.3983381 /var/lib/openstack/lib/python3.10/site-packages/pycadf/identifier.py:71: UserWarning: Invalid uuid: neutron. To ensure interoperability, identifiers should be a valid uuid. warnings.warn(('Invalid uuid: %s. To ensure interoperability, '
2026-07-02 06:20:43.667 9 WARNING neutron.scheduler.dhcp_agent_scheduler [None req-6a81a71b-d462-473e-86a9-4a629e72aa8f 6a8e5863bb9941bfa06b7667024d158d c29a1ce7378a4601a6ec3ac45448b7c5 - - default default] No more DHCP agents
2026-07-02 06:20:43.670 9 WARNING neutron.api.rpc.agentnotifiers.dhcp_rpc_agent_api [None req-6a81a71b-d462-473e-86a9-4a629e72aa8f 6a8e5863bb9941bfa06b7667024d158d c29a1ce7378a4601a6ec3ac45448b7c5 - - default default] Unable to schedule network ef0a8815-3520-432e-a964-90644390267a: no agents available; will retry on subsequent port and subnet creation events.
2026-07-02 06:20:43.793 9 INFO neutron.db.ovn_revision_numbers_db [None req-6a81a71b-d462-473e-86a9-4a629e72aa8f 6a8e5863bb9941bfa06b7667024d158d c29a1ce7378a4601a6ec3ac45448b7c5 - - default default] Successfully bumped revision number for resource 716825d4-1502-4ebc-ac87-e792705ce9c6 (type: ports) to 1
2026-07-02 06:20:43.820 9 INFO neutron.wsgi [None req-6a81a71b-d462-473e-86a9-4a629e72aa8f 6a8e5863bb9941bfa06b7667024d158d c29a1ce7378a4601a6ec3ac45448b7c5 - - default default] 10.0.0.113 "POST /v2.0/networks HTTP/1.1" status: 201 len: 830 time: 0.9985259
2026-07-02 06:20:43.832 9 WARNING neutron_lib.context [None req-851a9e50-0838-47c2-91ea-015c2f338146 6a8e5863bb9941bfa06b7667024d158d c29a1ce7378a4601a6ec3ac45448b7c5 - - default default] Method 'is_advsvc' is deprecated since 2023.2 release (neutron-lib 3.8.0) and will be removed once support for the old RBAC API policies will be removed from Neutron. Please use method 'is_service_role' instead.
2026-07-02 06:20:43.963 9 INFO neutron.plugins.ml2.drivers.ovn.mech_driver.mech_driver [None req-474cecf2-bd82-41f3-916e-ad8bc4a73b8f - - - - - -] OVN reports status down for port: 64ac1180-2c5a-4a64-9550-ed61c2f7c74f
2026-07-02 06:20:43.998 10 INFO neutron.db.ovn_revision_numbers_db [None req-5496ae2a-2383-4b4e-b895-e8419e42b170 3a38bc5fa5864b76a9299c1535d31416 ccf6e813fccb4b99b5a44714fd8a705e - - default default] Successfully bumped revision number for resource 64ac1180-2c5a-4a64-9550-ed61c2f7c74f (type: ports) to 2
2026-07-02 06:20:44.016 10 INFO neutron.wsgi [None req-5496ae2a-2383-4b4e-b895-e8419e42b170 3a38bc5fa5864b76a9299c1535d31416 ccf6e813fccb4b99b5a44714fd8a705e - - default default] 10.0.0.113 "PUT /v2.0/ports/64ac1180-2c5a-4a64-9550-ed61c2f7c74f HTTP/1.1" status: 200 len: 946 time: 0.3550067
2026-07-02 06:20:44.153 9 WARNING neutron.scheduler.dhcp_agent_scheduler [None req-851a9e50-0838-47c2-91ea-015c2f338146 6a8e5863bb9941bfa06b7667024d158d c29a1ce7378a4601a6ec3ac45448b7c5 - - default default] No more DHCP agents
2026-07-02 06:20:44.159 9 WARNING neutron.api.rpc.agentnotifiers.dhcp_rpc_agent_api [None req-851a9e50-0838-47c2-91ea-015c2f338146 6a8e5863bb9941bfa06b7667024d158d c29a1ce7378a4601a6ec3ac45448b7c5 - - default default] Unable to schedule network ef0a8815-3520-432e-a964-90644390267a: no agents available; will retry on subsequent port and subnet creation events.
2026-07-02 06:20:44.402 9 INFO neutron.wsgi [None req-a32a5466-1440-4509-aab6-d4f52c2017b3 3a38bc5fa5864b76a9299c1535d31416 ccf6e813fccb4b99b5a44714fd8a705e - - default default] 10.0.0.113 "DELETE /v2.0/ports/64ac1180-2c5a-4a64-9550-ed61c2f7c74f HTTP/1.1" status: 204 len: 168 time: 0.3802917
2026-07-02 06:20:44.527 9 INFO neutron.wsgi [None req-81b03c97-492a-495e-b058-718cba269532 3a38bc5fa5864b76a9299c1535d31416 ccf6e813fccb4b99b5a44714fd8a705e - - default default] 10.0.0.113 "GET /v2.0/ports HTTP/1.1" status: 200 len: 1733 time: 0.1185973 /var/lib/openstack/lib/python3.10/site-packages/pycadf/identifier.py:71: UserWarning: Invalid uuid: neutron. To ensure interoperability, identifiers should be a valid uuid. warnings.warn(('Invalid uuid: %s. To ensure interoperability, '
2026-07-02 06:20:44.558 10 INFO neutron.pecan_wsgi.hooks.translation [None req-a9be49b1-93fa-4bac-ae79-779c4170fc89 3a38bc5fa5864b76a9299c1535d31416 ccf6e813fccb4b99b5a44714fd8a705e - - default default] GET failed (client error): The resource could not be found.
2026-07-02 06:20:44.560 10 INFO neutron.wsgi [None req-a9be49b1-93fa-4bac-ae79-779c4170fc89 3a38bc5fa5864b76a9299c1535d31416 ccf6e813fccb4b99b5a44714fd8a705e - - default default] 10.0.0.113 "GET /v2.0/ports/64ac1180-2c5a-4a64-9550-ed61c2f7c74f HTTP/1.1" status: 404 len: 333 time: 0.0262725
2026-07-02 06:20:44.669 10 INFO neutron.wsgi [None req-40ed40bb-89d0-4db0-a59e-07f30693da04 3a38bc5fa5864b76a9299c1535d31416 ccf6e813fccb4b99b5a44714fd8a705e - - default default] 10.0.0.113 "GET /v2.0/ports HTTP/1.1" status: 200 len: 1733 time: 0.1018372
2026-07-02 06:20:44.718 9 INFO neutron.wsgi [None req-38530bae-99ab-42c7-b63c-56d081c87681 3a38bc5fa5864b76a9299c1535d31416 ccf6e813fccb4b99b5a44714fd8a705e - - default default] 10.0.0.113 "GET /v2.0/ports/cf07fb0f-7d9c-4815-bdce-5814bfa5f26d HTTP/1.1" status: 200 len: 973 time: 0.0427868
2026-07-02 06:20:44.747 9 INFO neutron.pecan_wsgi.hooks.translation [None req-06f45daf-e1de-43ab-8b88-19401b378950 3a38bc5fa5864b76a9299c1535d31416 ccf6e813fccb4b99b5a44714fd8a705e - - default default] DELETE failed (client error): The resource could not be found.
2026-07-02 06:20:44.750 9 INFO neutron.wsgi [None req-06f45daf-e1de-43ab-8b88-19401b378950 3a38bc5fa5864b76a9299c1535d31416 ccf6e813fccb4b99b5a44714fd8a705e - - default default] 10.0.0.113 "DELETE /v2.0/ports/031b06b3-d4d4-40f5-a02d-b45dbdffe093 HTTP/1.1" status: 404 len: 333 time: 0.0260890
2026-07-02 06:20:44.776 10 INFO neutron.pecan_wsgi.hooks.translation [None req-c189012a-d883-4268-a6f1-5853ad170c08 3a38bc5fa5864b76a9299c1535d31416 ccf6e813fccb4b99b5a44714fd8a705e - - default default] DELETE failed (client error): The resource could not be found.
2026-07-02 06:20:44.779 10 INFO neutron.wsgi [None req-c189012a-d883-4268-a6f1-5853ad170c08 3a38bc5fa5864b76a9299c1535d31416 ccf6e813fccb4b99b5a44714fd8a705e - - default default] 10.0.0.113 "DELETE /v2.0/subnets/54e5d76e-0a88-4af4-9fd8-ed9bbd2fb1ec HTTP/1.1" status: 404 len: 337 time: 0.0223532
2026-07-02 06:20:44.803 10 INFO neutron.pecan_wsgi.hooks.translation [None req-0ee21b8e-f172-4694-b615-f1bb50c70abf 3a38bc5fa5864b76a9299c1535d31416 ccf6e813fccb4b99b5a44714fd8a705e - - default default] DELETE failed (client error): The resource could not be found.
2026-07-02 06:20:44.805 10 INFO neutron.wsgi [None req-0ee21b8e-f172-4694-b615-f1bb50c70abf 3a38bc5fa5864b76a9299c1535d31416 ccf6e813fccb4b99b5a44714fd8a705e - - default default] 10.0.0.113 "DELETE /v2.0/subnets/dd89e254-2c18-4453-976e-cb8c92c53603 HTTP/1.1" status: 404 len: 337 time: 0.0195780
2026-07-02 06:20:45.091 10 INFO neutron.wsgi [None req-95274571-317b-4645-831c-09af75a9314a 3a38bc5fa5864b76a9299c1535d31416 ccf6e813fccb4b99b5a44714fd8a705e - - default default] 10.0.0.113 "DELETE /v2.0/ports/cf07fb0f-7d9c-4815-bdce-5814bfa5f26d HTTP/1.1" status: 204 len: 168 time: 0.2795091
2026-07-02 06:20:45.135 9 INFO neutron.db.ovn_revision_numbers_db [None req-851a9e50-0838-47c2-91ea-015c2f338146 6a8e5863bb9941bfa06b7667024d158d c29a1ce7378a4601a6ec3ac45448b7c5 - - default default] Successfully bumped revision number for resource 716825d4-1502-4ebc-ac87-e792705ce9c6 (type: ports) to 2
2026-07-02 06:20:45.168 9 INFO neutron.db.ovn_revision_numbers_db [None req-851a9e50-0838-47c2-91ea-015c2f338146 6a8e5863bb9941bfa06b7667024d158d c29a1ce7378a4601a6ec3ac45448b7c5 - - default default] Successfully bumped revision number for resource 9c5683f4-47b7-4d1d-ac8a-2bd288771534 (type: subnets) to 0
2026-07-02 06:20:45.181 9 INFO neutron.wsgi [None req-851a9e50-0838-47c2-91ea-015c2f338146 6a8e5863bb9941bfa06b7667024d158d c29a1ce7378a4601a6ec3ac45448b7c5 - - default default] 10.0.0.113 "POST /v2.0/subnets HTTP/1.1" status: 201 len: 801 time: 1.3551950
2026-07-02 06:20:45.269 9 INFO neutron.wsgi [None req-a3bcb78a-79d1-4665-aae9-a2c15080b468 6a8e5863bb9941bfa06b7667024d158d c29a1ce7378a4601a6ec3ac45448b7c5 - - default default] 10.0.0.113 "PUT /v2.0/subnets/9c5683f4-47b7-4d1d-ac8a-2bd288771534/tags HTTP/1.1" status: 200 len: 218 time: 0.0809703
2026-07-02 06:20:45.331 9 INFO neutron.wsgi [None req-59c65d7c-ab9b-4e8c-9ef1-1c02198ef4b9 6a8e5863bb9941bfa06b7667024d158d c29a1ce7378a4601a6ec3ac45448b7c5 - - default default] 10.0.0.113 "GET /v2.0/subnets/9c5683f4-47b7-4d1d-ac8a-2bd288771534/tags HTTP/1.1" status: 200 len: 218 time: 0.0546165
2026-07-02 06:20:45.407 9 INFO neutron.wsgi [None req-5b5b3f8f-f44c-43c7-9c85-bf477cad710c 6a8e5863bb9941bfa06b7667024d158d c29a1ce7378a4601a6ec3ac45448b7c5 - - default default] 10.0.0.113 "PUT /v2.0/subnets/9c5683f4-47b7-4d1d-ac8a-2bd288771534/tags/green HTTP/1.1" status: 201 len: 201 time: 0.0721526
2026-07-02 06:20:45.459 9 INFO neutron.wsgi [None req-9dc7aae3-2804-43ac-8906-b15eef413181 6a8e5863bb9941bfa06b7667024d158d c29a1ce7378a4601a6ec3ac45448b7c5 - - default default] 10.0.0.113 "GET /v2.0/subnets/9c5683f4-47b7-4d1d-ac8a-2bd288771534/tags HTTP/1.1" status: 200 len: 227 time: 0.0467992
2026-07-02 06:20:45.485 10 INFO neutron.services.segments.plugin [-] Segment 5cf7ebec-ff31-4b4b-8d26-884084129c33 resource provider aggregate not found
2026-07-02 06:20:45.494 10 INFO neutron.services.segments.plugin [-] Segment 5cf7ebec-ff31-4b4b-8d26-884084129c33 resource provider aggregate not found
2026-07-02 06:20:45.513 10 INFO neutron.services.segments.plugin [-] Segment 5cf7ebec-ff31-4b4b-8d26-884084129c33 resource provider not found; error: Placement Client Error (4xx): {"errors": [{"status": 404, "title": "Not Found", "detail": "The resource could not be found.\n\n No resource provider with uuid 5cf7ebec-ff31-4b4b-8d26-884084129c33 found for delete ", "request_id": "req-cfc92a78-974a-411b-8de3-4dfcc90488c9"}]}
2026-07-02 06:20:45.516 10 INFO neutron.services.segments.plugin [-] Segment 5cf7ebec-ff31-4b4b-8d26-884084129c33 resource provider not found; error: Placement Client Error (4xx): {"errors": [{"status": 404, "title": "Not Found", "detail": "The resource could not be found.\n\n No resource provider with uuid 5cf7ebec-ff31-4b4b-8d26-884084129c33 found for delete ", "request_id": "req-4ef47701-d45f-43dd-9087-40c61c332a89"}]}
2026-07-02 06:20:45.542 9 INFO neutron.wsgi [None req-c848b697-a625-425b-912a-6ef2b8e8c779 6a8e5863bb9941bfa06b7667024d158d c29a1ce7378a4601a6ec3ac45448b7c5 - - default default] 10.0.0.113 "PUT /v2.0/subnets/9c5683f4-47b7-4d1d-ac8a-2bd288771534/tags/red HTTP/1.1" status: 201 len: 201 time: 0.0775306
2026-07-02 06:20:45.562 10 INFO neutron.wsgi [None req-4155e0ff-61da-40c4-a64e-d93b7422a82d 3a38bc5fa5864b76a9299c1535d31416 ccf6e813fccb4b99b5a44714fd8a705e - - default default] 10.0.0.113 "DELETE /v2.0/networks/4537e0d4-c455-42d1-9159-d10b1bd5626d HTTP/1.1" status: 204 len: 168 time: 0.4666286
2026-07-02 06:20:45.593 9 INFO neutron.wsgi [None req-396b168e-2300-44b1-b0cc-2c742370fd2a 6a8e5863bb9941bfa06b7667024d158d c29a1ce7378a4601a6ec3ac45448b7c5 - - default default] 10.0.0.113 "GET /v2.0/subnets/9c5683f4-47b7-4d1d-ac8a-2bd288771534/tags HTTP/1.1" status: 200 len: 227 time: 0.0460925
2026-07-02 06:20:45.655 9 INFO neutron.wsgi [None req-ac6c670b-ef1c-4bda-9e4c-6ebc1219138e 6a8e5863bb9941bfa06b7667024d158d c29a1ce7378a4601a6ec3ac45448b7c5 - - default default] 10.0.0.113 "PUT /v2.0/subnets/9c5683f4-47b7-4d1d-ac8a-2bd288771534/tags/black.or.white HTTP/1.1" status: 201 len: 201 time: 0.0563917
2026-07-02 06:20:45.720 10 INFO neutron.wsgi [None req-f5c29f59-b541-40be-99d2-12fd881ae74f 6a8e5863bb9941bfa06b7667024d158d c29a1ce7378a4601a6ec3ac45448b7c5 - - default default] 10.0.0.113 "GET /v2.0/subnets/9c5683f4-47b7-4d1d-ac8a-2bd288771534/tags HTTP/1.1" status: 200 len: 245 time: 0.0612557
2026-07-02 06:20:45.784 10 INFO neutron.wsgi [None req-9de810bd-a17d-4768-a2d0-82e8a89b0e58 6a8e5863bb9941bfa06b7667024d158d c29a1ce7378a4601a6ec3ac45448b7c5 - - default default] 10.0.0.113 "PUT /v2.0/subnets/9c5683f4-47b7-4d1d-ac8a-2bd288771534/tags HTTP/1.1" status: 200 len: 230 time: 0.0571911
2026-07-02 06:20:45.831 10 INFO neutron.wsgi [None req-30c5ae45-e321-4da9-a843-c419e0d9cbdf 6a8e5863bb9941bfa06b7667024d158d c29a1ce7378a4601a6ec3ac45448b7c5 - - default default] 10.0.0.113 "GET /v2.0/subnets/9c5683f4-47b7-4d1d-ac8a-2bd288771534/tags HTTP/1.1" status: 200 len: 230 time: 0.0423293
2026-07-02 06:20:45.876 10 INFO neutron.wsgi [None req-667f083d-35b1-4823-b92b-63ed7e426798 6a8e5863bb9941bfa06b7667024d158d c29a1ce7378a4601a6ec3ac45448b7c5 - - default default] 10.0.0.113 "GET /v2.0/subnets/9c5683f4-47b7-4d1d-ac8a-2bd288771534/tags/red HTTP/1.1" status: 204 len: 168 time: 0.0405838
2026-07-02 06:20:45.916 10 INFO neutron.api.v2.resource [None req-d8464406-ac1b-461a-8d3c-64af297bc093 6a8e5863bb9941bfa06b7667024d158d c29a1ce7378a4601a6ec3ac45448b7c5 - - default default] show failed (client error): The resource could not be found.
2026-07-02 06:20:45.918 10 INFO neutron.wsgi [None req-d8464406-ac1b-461a-8d3c-64af297bc093 6a8e5863bb9941bfa06b7667024d158d c29a1ce7378a4601a6ec3ac45448b7c5 - - default default] 10.0.0.113 "GET /v2.0/subnets/9c5683f4-47b7-4d1d-ac8a-2bd288771534/tags/green HTTP/1.1" status: 404 len: 299 time: 0.0369503
2026-07-02 06:20:45.980 10 INFO neutron.wsgi [None req-31e2c359-6a63-4a3a-b660-f5567e5e8c6a 6a8e5863bb9941bfa06b7667024d158d c29a1ce7378a4601a6ec3ac45448b7c5 - - default default] 10.0.0.113 "DELETE /v2.0/subnets/9c5683f4-47b7-4d1d-ac8a-2bd288771534/tags/red HTTP/1.1" status: 204 len: 168 time: 0.0541694
2026-07-02 06:20:46.027 10 INFO neutron.wsgi [None req-eed33b8a-a937-4245-9737-8ffb3f8e8938 6a8e5863bb9941bfa06b7667024d158d c29a1ce7378a4601a6ec3ac45448b7c5 - - default default] 10.0.0.113 "GET /v2.0/subnets/9c5683f4-47b7-4d1d-ac8a-2bd288771534/tags HTTP/1.1" status: 200 len: 223 time: 0.0421064
2026-07-02 06:20:46.264 9 INFO neutron.wsgi [None req-9947b13f-55ba-4cf5-b379-5ba3d27c0ccd 44f9fc947be441caab831b744dde8ad6 431f6c9a3dcd4add9521adb805be1cd6 - - default default] 10.0.0.113 "GET /v2.0/security-groups?tenant_id=ccf6e813fccb4b99b5a44714fd8a705e&name=default HTTP/1.1" status: 200 len: 2996 time: 0.1492529
2026-07-02 06:20:46.427 10 INFO neutron.api.v2.resource [None req-8392719d-2050-48eb-9cfa-e63c4e3e4340 6a8e5863bb9941bfa06b7667024d158d c29a1ce7378a4601a6ec3ac45448b7c5 - - default default] delete failed (client error): The resource could not be found.
2026-07-02 06:20:46.429 10 INFO neutron.wsgi [None req-8392719d-2050-48eb-9cfa-e63c4e3e4340 6a8e5863bb9941bfa06b7667024d158d c29a1ce7378a4601a6ec3ac45448b7c5 - - default default] 10.0.0.113 "DELETE /v2.0/subnets/9c5683f4-47b7-4d1d-ac8a-2bd288771534/tags/green HTTP/1.1" status: 404 len: 299 time: 0.3978903
