2026-07-02 06:17:34.299 10 INFO neutron.wsgi [None req-c4509427-7a90-41f5-819a-e93ad0a21175 44f9fc947be441caab831b744dde8ad6 431f6c9a3dcd4add9521adb805be1cd6 - - default default] 10.0.0.226 "GET /v2.0/subnets HTTP/1.1" status: 200 len: 1437 time: 0.0422280
2026-07-02 06:17:34.325 10 INFO neutron.wsgi [None req-c9f20a1d-f157-4b25-83b7-3c448b97352c 44f9fc947be441caab831b744dde8ad6 431f6c9a3dcd4add9521adb805be1cd6 - - default default] 10.0.0.226 "GET /v2.0/routers HTTP/1.1" status: 200 len: 189 time: 0.0253513
2026-07-02 06:17:34.370 10 INFO neutron.wsgi [None req-2bfaa69e-c409-4de0-b86e-28e15565d21b 44f9fc947be441caab831b744dde8ad6 431f6c9a3dcd4add9521adb805be1cd6 - - default default] 10.0.0.226 "GET /v2.0/agents?binary=ovn-controller HTTP/1.1" status: 200 len: 591 time: 0.0436387
2026-07-02 06:17:34.410 10 INFO neutron.wsgi [None req-acc68b2d-67be-45fa-8c46-34d34dcc4abb 44f9fc947be441caab831b744dde8ad6 431f6c9a3dcd4add9521adb805be1cd6 - - default default] 10.0.0.226 "GET /v2.0/subnets HTTP/1.1" status: 200 len: 1437 time: 0.0389307
2026-07-02 06:17:34.420 10 INFO neutron.wsgi [None req-508fc46f-2453-489f-ba7a-7bffda25baa0 44f9fc947be441caab831b744dde8ad6 431f6c9a3dcd4add9521adb805be1cd6 - - default default] 10.0.0.226 "GET /v2.0/subnetpools HTTP/1.1" status: 200 len: 193 time: 0.0091662
2026-07-02 06:17:34.433 10 INFO neutron.wsgi [None req-03b30e7e-4361-469d-a336-c4c1949042e7 44f9fc947be441caab831b744dde8ad6 431f6c9a3dcd4add9521adb805be1cd6 - - default default] 10.0.0.226 "GET /v2.0/agents HTTP/1.1" status: 200 len: 997 time: 0.0120988
2026-07-02 06:17:34.465 10 INFO neutron.wsgi [None req-37ff71c4-2a35-456d-b640-f9f13b493515 44f9fc947be441caab831b744dde8ad6 431f6c9a3dcd4add9521adb805be1cd6 - - default default] 10.0.0.226 "GET /v2.0/floatingips HTTP/1.1" status: 200 len: 193 time: 0.0306046
2026-07-02 06:17:34.538 10 INFO neutron.wsgi [None req-8d6ad681-3e62-47ca-b071-77cf3e8aa5be 44f9fc947be441caab831b744dde8ad6 431f6c9a3dcd4add9521adb805be1cd6 - - default default] 10.0.0.226 "GET /v2.0/networks HTTP/1.1" status: 200 len: 2350 time: 0.0714359
2026-07-02 06:17:34.593 10 INFO neutron.wsgi [None req-b7fcff4b-e95c-4713-82c1-e5248b1c5fdd 44f9fc947be441caab831b744dde8ad6 431f6c9a3dcd4add9521adb805be1cd6 - - default default] 10.0.0.226 "GET /v2.0/security-groups HTTP/1.1" status: 200 len: 16799 time: 0.0540876
2026-07-02 06:17:34.682 10 INFO neutron.wsgi [None req-79ceb81c-5d61-4ab7-a47a-e29298f1a312 44f9fc947be441caab831b744dde8ad6 431f6c9a3dcd4add9521adb805be1cd6 - - default default] 10.0.0.226 "GET /v2.0/ports HTTP/1.1" status: 200 len: 5347 time: 0.0628357
2026-07-02 06:17:35.063 9 INFO neutron.wsgi [-] 10.0.0.111 "GET / HTTP/1.1" status: 200 len: 246 time: 0.0034070
2026-07-02 06:17:35.064 10 INFO neutron.wsgi [-] 10.0.0.111 "GET / HTTP/1.1" status: 200 len: 246 time: 0.0036881
2026-07-02 06:17:40.352 10 INFO neutron.db.ovn_revision_numbers_db [None req-f1ff1afb-e2a9-4b99-84c7-12ecff7e30a9 44f9fc947be441caab831b744dde8ad6 431f6c9a3dcd4add9521adb805be1cd6 - - default default] Successfully bumped revision number for resource b6d892a2-ac2a-41a5-a601-223b0dd72183 (type: security_groups) to 1
2026-07-02 06:17:40.375 10 INFO neutron.db.ovn_revision_numbers_db [None req-f1ff1afb-e2a9-4b99-84c7-12ecff7e30a9 44f9fc947be441caab831b744dde8ad6 431f6c9a3dcd4add9521adb805be1cd6 - - default default] Successfully bumped revision number for resource 991cd266-5fdf-479e-91d8-a22ed687547b (type: security_group_rules) to 0
2026-07-02 06:17:40.390 10 INFO neutron.db.ovn_revision_numbers_db [None req-f1ff1afb-e2a9-4b99-84c7-12ecff7e30a9 44f9fc947be441caab831b744dde8ad6 431f6c9a3dcd4add9521adb805be1cd6 - - default default] Successfully bumped revision number for resource bb272e3f-42a9-436d-88ca-ab2be1b2c14a (type: security_group_rules) to 0
2026-07-02 06:17:40.405 10 INFO neutron.db.ovn_revision_numbers_db [None req-f1ff1afb-e2a9-4b99-84c7-12ecff7e30a9 44f9fc947be441caab831b744dde8ad6 431f6c9a3dcd4add9521adb805be1cd6 - - default default] Successfully bumped revision number for resource c11be873-2ef6-40db-bad2-c03407dd3fd1 (type: security_group_rules) to 0
2026-07-02 06:17:40.429 10 INFO neutron.db.ovn_revision_numbers_db [None req-f1ff1afb-e2a9-4b99-84c7-12ecff7e30a9 44f9fc947be441caab831b744dde8ad6 431f6c9a3dcd4add9521adb805be1cd6 - - default default] Successfully bumped revision number for resource d044982c-f634-4da4-8116-28d5884e42b2 (type: security_group_rules) to 0
2026-07-02 06:17:40.483 9 INFO neutron.db.ovn_revision_numbers_db [None req-e47479da-a147-4fe4-bbc1-c68ddf01939b 44f9fc947be441caab831b744dde8ad6 431f6c9a3dcd4add9521adb805be1cd6 - - default default] Successfully bumped revision number for resource f5fc461f-b2f0-46eb-bb1b-58f02a8e9ea0 (type: security_groups) to 1
2026-07-02 06:17:40.498 9 INFO neutron.db.ovn_revision_numbers_db [None req-e47479da-a147-4fe4-bbc1-c68ddf01939b 44f9fc947be441caab831b744dde8ad6 431f6c9a3dcd4add9521adb805be1cd6 - - default default] Successfully bumped revision number for resource 0e65fcad-3f1b-4bae-8e67-86147aee03c8 (type: security_group_rules) to 0
2026-07-02 06:17:40.502 10 INFO neutron.db.segments_db [None req-f1ff1afb-e2a9-4b99-84c7-12ecff7e30a9 44f9fc947be441caab831b744dde8ad6 431f6c9a3dcd4add9521adb805be1cd6 - - default default] Added segment ffd03a82-3199-459d-9fa6-a03f981d1226 of type geneve for network 45329ed6-0db4-45f3-b33f-53a36f949788
2026-07-02 06:17:40.516 9 INFO neutron.db.ovn_revision_numbers_db [None req-e47479da-a147-4fe4-bbc1-c68ddf01939b 44f9fc947be441caab831b744dde8ad6 431f6c9a3dcd4add9521adb805be1cd6 - - default default] Successfully bumped revision number for resource 6861ce28-1001-48c9-a6dc-04b9006ba8c7 (type: security_group_rules) to 0
2026-07-02 06:17:40.521 9 INFO neutron.db.ovn_revision_numbers_db [None req-9439f1a8-2759-4d77-a769-c38d65fd5c8d 44f9fc947be441caab831b744dde8ad6 431f6c9a3dcd4add9521adb805be1cd6 - - default default] Successfully bumped revision number for resource 40c5b8e5-2ff2-4dbc-9e6c-6a7efb957fca (type: security_groups) to 1
2026-07-02 06:17:40.537 9 INFO neutron.db.ovn_revision_numbers_db [None req-e47479da-a147-4fe4-bbc1-c68ddf01939b 44f9fc947be441caab831b744dde8ad6 431f6c9a3dcd4add9521adb805be1cd6 - - default default] Successfully bumped revision number for resource c66e214c-36db-46e2-8da2-c2c18c75086c (type: security_group_rules) to 0
2026-07-02 06:17:40.538 9 INFO neutron.db.ovn_revision_numbers_db [None req-9439f1a8-2759-4d77-a769-c38d65fd5c8d 44f9fc947be441caab831b744dde8ad6 431f6c9a3dcd4add9521adb805be1cd6 - - default default] Successfully bumped revision number for resource 668bb63b-5a90-48e9-b3c4-6c545a4d6fcd (type: security_group_rules) to 0
2026-07-02 06:17:40.555 9 INFO neutron.db.ovn_revision_numbers_db [None req-e47479da-a147-4fe4-bbc1-c68ddf01939b 44f9fc947be441caab831b744dde8ad6 431f6c9a3dcd4add9521adb805be1cd6 - - default default] Successfully bumped revision number for resource ffd0d766-014f-4fbe-a4b6-cf0757f9dea5 (type: security_group_rules) to 0
2026-07-02 06:17:40.560 9 INFO neutron.db.ovn_revision_numbers_db [None req-9439f1a8-2759-4d77-a769-c38d65fd5c8d 44f9fc947be441caab831b744dde8ad6 431f6c9a3dcd4add9521adb805be1cd6 - - default default] Successfully bumped revision number for resource 76528715-5113-4005-b9b4-b9f82bf859c7 (type: security_group_rules) to 0
2026-07-02 06:17:40.580 9 INFO neutron.db.ovn_revision_numbers_db [None req-9439f1a8-2759-4d77-a769-c38d65fd5c8d 44f9fc947be441caab831b744dde8ad6 431f6c9a3dcd4add9521adb805be1cd6 - - default default] Successfully bumped revision number for resource 7e8efc67-1a3f-44e8-941f-559b7ed12553 (type: security_group_rules) to 0
2026-07-02 06:17:40.599 9 INFO neutron.db.ovn_revision_numbers_db [None req-9439f1a8-2759-4d77-a769-c38d65fd5c8d 44f9fc947be441caab831b744dde8ad6 431f6c9a3dcd4add9521adb805be1cd6 - - default default] Successfully bumped revision number for resource f8834e15-00ce-4e8c-a577-cdd554f82d9f (type: security_group_rules) to 0
2026-07-02 06:17:40.629 9 INFO neutron.db.segments_db [None req-e47479da-a147-4fe4-bbc1-c68ddf01939b 44f9fc947be441caab831b744dde8ad6 431f6c9a3dcd4add9521adb805be1cd6 - - default default] Added segment 40de9204-e055-488a-8183-35ace387d1ba of type geneve for network b473e7b1-08e1-4df5-9611-652f59a6e83e
2026-07-02 06:17:40.658 10 INFO neutron.db.ovn_revision_numbers_db [None req-f1ff1afb-e2a9-4b99-84c7-12ecff7e30a9 44f9fc947be441caab831b744dde8ad6 431f6c9a3dcd4add9521adb805be1cd6 - - default default] Successfully bumped revision number for resource 45329ed6-0db4-45f3-b33f-53a36f949788 (type: networks) to 1
2026-07-02 06:17:40.664 9 INFO neutron.db.segments_db [None req-9439f1a8-2759-4d77-a769-c38d65fd5c8d 44f9fc947be441caab831b744dde8ad6 431f6c9a3dcd4add9521adb805be1cd6 - - default default] Added segment 815b8e44-cdfc-4ccb-9c61-1f0af9eeb0ee of type geneve for network 7f3d95da-49f4-40ce-b676-2ce3508f0b3c
2026-07-02 06:17:40.823 9 INFO neutron.db.ovn_revision_numbers_db [None req-e47479da-a147-4fe4-bbc1-c68ddf01939b 44f9fc947be441caab831b744dde8ad6 431f6c9a3dcd4add9521adb805be1cd6 - - default default] Successfully bumped revision number for resource b473e7b1-08e1-4df5-9611-652f59a6e83e (type: networks) to 1
2026-07-02 06:17:40.868 9 INFO neutron.db.ovn_revision_numbers_db [None req-9439f1a8-2759-4d77-a769-c38d65fd5c8d 44f9fc947be441caab831b744dde8ad6 431f6c9a3dcd4add9521adb805be1cd6 - - default default] Successfully bumped revision number for resource 7f3d95da-49f4-40ce-b676-2ce3508f0b3c (type: networks) to 1
2026-07-02 06:17:40.878 10 WARNING neutron.scheduler.dhcp_agent_scheduler [None req-f1ff1afb-e2a9-4b99-84c7-12ecff7e30a9 44f9fc947be441caab831b744dde8ad6 431f6c9a3dcd4add9521adb805be1cd6 - - default default] No more DHCP agents
2026-07-02 06:17:40.880 10 WARNING neutron.api.rpc.agentnotifiers.dhcp_rpc_agent_api [None req-f1ff1afb-e2a9-4b99-84c7-12ecff7e30a9 44f9fc947be441caab831b744dde8ad6 431f6c9a3dcd4add9521adb805be1cd6 - - default default] Unable to schedule network 45329ed6-0db4-45f3-b33f-53a36f949788: no agents available; will retry on subsequent port and subnet creation events.
2026-07-02 06:17:40.963 10 INFO neutron.db.ovn_revision_numbers_db [None req-f1ff1afb-e2a9-4b99-84c7-12ecff7e30a9 44f9fc947be441caab831b744dde8ad6 431f6c9a3dcd4add9521adb805be1cd6 - - default default] Successfully bumped revision number for resource ba09aadb-ddb8-40a5-b65e-e5c1c6aef04c (type: ports) to 1
2026-07-02 06:17:41.006 10 INFO neutron.wsgi [None req-f1ff1afb-e2a9-4b99-84c7-12ecff7e30a9 44f9fc947be441caab831b744dde8ad6 431f6c9a3dcd4add9521adb805be1cd6 - - default default] 10.0.0.113 "POST /v2.0/networks HTTP/1.1" status: 201 len: 953 time: 1.0758293
2026-07-02 06:17:41.157 9 WARNING neutron.scheduler.dhcp_agent_scheduler [None req-e47479da-a147-4fe4-bbc1-c68ddf01939b 44f9fc947be441caab831b744dde8ad6 431f6c9a3dcd4add9521adb805be1cd6 - - default default] No more DHCP agents
2026-07-02 06:17:41.160 9 WARNING neutron.api.rpc.agentnotifiers.dhcp_rpc_agent_api [None req-e47479da-a147-4fe4-bbc1-c68ddf01939b 44f9fc947be441caab831b744dde8ad6 431f6c9a3dcd4add9521adb805be1cd6 - - default default] Unable to schedule network b473e7b1-08e1-4df5-9611-652f59a6e83e: no agents available; will retry on subsequent port and subnet creation events.
2026-07-02 06:17:41.170 10 WARNING neutron.scheduler.dhcp_agent_scheduler [None req-717d7fa7-eaec-4c67-a110-011219c48041 44f9fc947be441caab831b744dde8ad6 431f6c9a3dcd4add9521adb805be1cd6 - - default default] No more DHCP agents
2026-07-02 06:17:41.172 10 WARNING neutron.api.rpc.agentnotifiers.dhcp_rpc_agent_api [None req-717d7fa7-eaec-4c67-a110-011219c48041 44f9fc947be441caab831b744dde8ad6 431f6c9a3dcd4add9521adb805be1cd6 - - default default] Unable to schedule network 45329ed6-0db4-45f3-b33f-53a36f949788: no agents available; will retry on subsequent port and subnet creation events.
2026-07-02 06:17:41.177 9 WARNING neutron.scheduler.dhcp_agent_scheduler [None req-9439f1a8-2759-4d77-a769-c38d65fd5c8d 44f9fc947be441caab831b744dde8ad6 431f6c9a3dcd4add9521adb805be1cd6 - - default default] No more DHCP agents
2026-07-02 06:17:41.179 9 WARNING neutron.api.rpc.agentnotifiers.dhcp_rpc_agent_api [None req-9439f1a8-2759-4d77-a769-c38d65fd5c8d 44f9fc947be441caab831b744dde8ad6 431f6c9a3dcd4add9521adb805be1cd6 - - default default] Unable to schedule network 7f3d95da-49f4-40ce-b676-2ce3508f0b3c: no agents available; will retry on subsequent port and subnet creation events.
2026-07-02 06:17:41.328 9 INFO neutron.db.ovn_revision_numbers_db [None req-9439f1a8-2759-4d77-a769-c38d65fd5c8d 44f9fc947be441caab831b744dde8ad6 431f6c9a3dcd4add9521adb805be1cd6 - - default default] Successfully bumped revision number for resource 3d9622d0-02d2-402f-ae3b-0241bb27ac14 (type: ports) to 1
2026-07-02 06:17:41.333 9 INFO neutron.db.ovn_revision_numbers_db [None req-e47479da-a147-4fe4-bbc1-c68ddf01939b 44f9fc947be441caab831b744dde8ad6 431f6c9a3dcd4add9521adb805be1cd6 - - default default] Successfully bumped revision number for resource 734fa9bf-f1ce-4fac-b8fc-a8633201e430 (type: ports) to 1
2026-07-02 06:17:41.378 9 INFO neutron.wsgi [None req-e47479da-a147-4fe4-bbc1-c68ddf01939b 44f9fc947be441caab831b744dde8ad6 431f6c9a3dcd4add9521adb805be1cd6 - - default default] 10.0.0.113 "POST /v2.0/networks HTTP/1.1" status: 201 len: 950 time: 1.1761754
2026-07-02 06:17:41.381 9 INFO neutron.wsgi [None req-9439f1a8-2759-4d77-a769-c38d65fd5c8d 44f9fc947be441caab831b744dde8ad6 431f6c9a3dcd4add9521adb805be1cd6 - - default default] 10.0.0.113 "POST /v2.0/networks HTTP/1.1" status: 201 len: 951 time: 1.1318874
2026-07-02 06:17:41.543 9 WARNING neutron.scheduler.dhcp_agent_scheduler [None req-c42caf16-a04b-4606-8108-ee4efe2a0220 44f9fc947be441caab831b744dde8ad6 431f6c9a3dcd4add9521adb805be1cd6 - - default default] No more DHCP agents
2026-07-02 06:17:41.544 9 WARNING neutron.api.rpc.agentnotifiers.dhcp_rpc_agent_api [None req-c42caf16-a04b-4606-8108-ee4efe2a0220 44f9fc947be441caab831b744dde8ad6 431f6c9a3dcd4add9521adb805be1cd6 - - default default] Unable to schedule network b473e7b1-08e1-4df5-9611-652f59a6e83e: no agents available; will retry on subsequent port and subnet creation events.
2026-07-02 06:17:41.625 10 INFO neutron.db.ovn_revision_numbers_db [None req-097b862b-44f2-49f1-8a66-9e895d5a1b20 44f9fc947be441caab831b744dde8ad6 431f6c9a3dcd4add9521adb805be1cd6 - - default default] Successfully bumped revision number for resource b185f9ba-0051-4962-93c5-aa6abed913bf (type: security_groups) to 1
2026-07-02 06:17:41.653 10 INFO neutron.db.ovn_revision_numbers_db [None req-097b862b-44f2-49f1-8a66-9e895d5a1b20 44f9fc947be441caab831b744dde8ad6 431f6c9a3dcd4add9521adb805be1cd6 - - default default] Successfully bumped revision number for resource 0eb05824-e290-4a86-a384-d8d7cdce34b4 (type: security_group_rules) to 0
2026-07-02 06:17:41.681 10 INFO neutron.db.ovn_revision_numbers_db [None req-097b862b-44f2-49f1-8a66-9e895d5a1b20 44f9fc947be441caab831b744dde8ad6 431f6c9a3dcd4add9521adb805be1cd6 - - default default] Successfully bumped revision number for resource 382cd56f-1985-4051-882c-7f1be8c09e63 (type: security_group_rules) to 0
2026-07-02 06:17:41.710 10 INFO neutron.db.ovn_revision_numbers_db [None req-097b862b-44f2-49f1-8a66-9e895d5a1b20 44f9fc947be441caab831b744dde8ad6 431f6c9a3dcd4add9521adb805be1cd6 - - default default] Successfully bumped revision number for resource 6e498198-f0e2-4a42-8640-07c18270c296 (type: security_group_rules) to 0
2026-07-02 06:17:41.749 10 INFO neutron.db.ovn_revision_numbers_db [None req-097b862b-44f2-49f1-8a66-9e895d5a1b20 44f9fc947be441caab831b744dde8ad6 431f6c9a3dcd4add9521adb805be1cd6 - - default default] Successfully bumped revision number for resource b81a3ee0-645f-4518-a541-8cb8cc07e6e1 (type: security_group_rules) to 0
2026-07-02 06:17:41.812 10 INFO neutron.wsgi [None req-097b862b-44f2-49f1-8a66-9e895d5a1b20 44f9fc947be441caab831b744dde8ad6 431f6c9a3dcd4add9521adb805be1cd6 - - default default] 10.0.0.113 "GET /v2.0/security-groups?tenant_id=42993fcb67a8484fa1ab84e4d5e6c400&name=default HTTP/1.1" status: 200 len: 2992 time: 0.6920431
2026-07-02 06:17:41.840 10 WARNING neutron.scheduler.dhcp_agent_scheduler [None req-13ed3e75-e050-45e4-b99c-25a3facb1f9a 44f9fc947be441caab831b744dde8ad6 431f6c9a3dcd4add9521adb805be1cd6 - - default default] No more DHCP agents
2026-07-02 06:17:41.852 10 WARNING neutron.api.rpc.agentnotifiers.dhcp_rpc_agent_api [None req-13ed3e75-e050-45e4-b99c-25a3facb1f9a 44f9fc947be441caab831b744dde8ad6 431f6c9a3dcd4add9521adb805be1cd6 - - default default] Unable to schedule network 7f3d95da-49f4-40ce-b676-2ce3508f0b3c: no agents available; will retry on subsequent port and subnet creation events.
2026-07-02 06:17:42.111 10 INFO neutron.db.ovn_revision_numbers_db [None req-717d7fa7-eaec-4c67-a110-011219c48041 44f9fc947be441caab831b744dde8ad6 431f6c9a3dcd4add9521adb805be1cd6 - - default default] Successfully bumped revision number for resource ba09aadb-ddb8-40a5-b65e-e5c1c6aef04c (type: ports) to 2
2026-07-02 06:17:42.121 9 INFO neutron.wsgi [None req-46b8bb42-da51-47ef-8a5a-fdc991362dea 44f9fc947be441caab831b744dde8ad6 431f6c9a3dcd4add9521adb805be1cd6 - - default default] 10.0.0.113 "DELETE /v2.0/security-groups/b185f9ba-0051-4962-93c5-aa6abed913bf HTTP/1.1" status: 204 len: 168 time: 0.3026848
2026-07-02 06:17:42.161 10 INFO neutron.db.ovn_revision_numbers_db [None req-717d7fa7-eaec-4c67-a110-011219c48041 44f9fc947be441caab831b744dde8ad6 431f6c9a3dcd4add9521adb805be1cd6 - - default default] Successfully bumped revision number for resource 4e03bded-77e8-4d6d-a3e7-506beecc691f (type: subnets) to 0
2026-07-02 06:17:42.161 9 INFO neutron.db.ovn_revision_numbers_db [None req-c42caf16-a04b-4606-8108-ee4efe2a0220 44f9fc947be441caab831b744dde8ad6 431f6c9a3dcd4add9521adb805be1cd6 - - default default] Successfully bumped revision number for resource 734fa9bf-f1ce-4fac-b8fc-a8633201e430 (type: ports) to 2
2026-07-02 06:17:42.182 10 INFO neutron.wsgi [None req-717d7fa7-eaec-4c67-a110-011219c48041 44f9fc947be441caab831b744dde8ad6 431f6c9a3dcd4add9521adb805be1cd6 - - default default] 10.0.0.113 "POST /v2.0/subnets HTTP/1.1" status: 201 len: 873 time: 1.1705539
2026-07-02 06:17:42.207 9 INFO neutron.db.ovn_revision_numbers_db [None req-c42caf16-a04b-4606-8108-ee4efe2a0220 44f9fc947be441caab831b744dde8ad6 431f6c9a3dcd4add9521adb805be1cd6 - - default default] Successfully bumped revision number for resource 10ac4862-0c15-4650-aa94-911480daed0b (type: subnets) to 0
2026-07-02 06:17:42.233 9 INFO neutron.wsgi [None req-c42caf16-a04b-4606-8108-ee4efe2a0220 44f9fc947be441caab831b744dde8ad6 431f6c9a3dcd4add9521adb805be1cd6 - - default default] 10.0.0.113 "POST /v2.0/subnets HTTP/1.1" status: 201 len: 870 time: 0.8471251
2026-07-02 06:17:42.488 10 INFO neutron.db.ovn_revision_numbers_db [None req-13ed3e75-e050-45e4-b99c-25a3facb1f9a 44f9fc947be441caab831b744dde8ad6 431f6c9a3dcd4add9521adb805be1cd6 - - default default] Successfully bumped revision number for resource 3d9622d0-02d2-402f-ae3b-0241bb27ac14 (type: ports) to 2
2026-07-02 06:17:42.519 10 INFO neutron.db.ovn_revision_numbers_db [None req-13ed3e75-e050-45e4-b99c-25a3facb1f9a 44f9fc947be441caab831b744dde8ad6 431f6c9a3dcd4add9521adb805be1cd6 - - default default] Successfully bumped revision number for resource b3e6044c-92a4-4a7d-a225-e37e90ca3edf (type: subnets) to 0
2026-07-02 06:17:42.534 10 INFO neutron.wsgi [None req-13ed3e75-e050-45e4-b99c-25a3facb1f9a 44f9fc947be441caab831b744dde8ad6 431f6c9a3dcd4add9521adb805be1cd6 - - default default] 10.0.0.113 "POST /v2.0/subnets HTTP/1.1" status: 201 len: 871 time: 1.1449239
2026-07-02 06:17:43.028 9 WARNING neutron.scheduler.dhcp_agent_scheduler [None req-732b3275-83e6-4ef9-a5c8-55c927c9d833 44f9fc947be441caab831b744dde8ad6 431f6c9a3dcd4add9521adb805be1cd6 - - default default] No more DHCP agents
2026-07-02 06:17:43.033 9 WARNING neutron.api.rpc.agentnotifiers.dhcp_rpc_agent_api [None req-732b3275-83e6-4ef9-a5c8-55c927c9d833 44f9fc947be441caab831b744dde8ad6 431f6c9a3dcd4add9521adb805be1cd6 - - default default] Unable to schedule network 434026b2-6e27-4ded-bc50-5dd99f22e9f7: no agents available; will retry on subsequent port and subnet creation events.
2026-07-02 06:17:43.069 9 WARNING neutron.scheduler.dhcp_agent_scheduler [None req-4201b923-354e-4e8e-950f-80cb097b1be8 44f9fc947be441caab831b744dde8ad6 431f6c9a3dcd4add9521adb805be1cd6 - - default default] No more DHCP agents
2026-07-02 06:17:43.077 9 WARNING neutron.api.rpc.agentnotifiers.dhcp_rpc_agent_api [None req-4201b923-354e-4e8e-950f-80cb097b1be8 44f9fc947be441caab831b744dde8ad6 431f6c9a3dcd4add9521adb805be1cd6 - - default default] Unable to schedule network 434026b2-6e27-4ded-bc50-5dd99f22e9f7: no agents available; will retry on subsequent port and subnet creation events.
2026-07-02 06:17:43.198 10 WARNING neutron.scheduler.dhcp_agent_scheduler [None req-5cfc9085-9abe-4b3e-80d0-3158852712e3 44f9fc947be441caab831b744dde8ad6 431f6c9a3dcd4add9521adb805be1cd6 - - default default] No more DHCP agents
2026-07-02 06:17:43.201 10 WARNING neutron.api.rpc.agentnotifiers.dhcp_rpc_agent_api [None req-5cfc9085-9abe-4b3e-80d0-3158852712e3 44f9fc947be441caab831b744dde8ad6 431f6c9a3dcd4add9521adb805be1cd6 - - default default] Unable to schedule network 434026b2-6e27-4ded-bc50-5dd99f22e9f7: no agents available; will retry on subsequent port and subnet creation events.
2026-07-02 06:17:43.213 9 INFO neutron.db.ovn_revision_numbers_db [None req-732b3275-83e6-4ef9-a5c8-55c927c9d833 44f9fc947be441caab831b744dde8ad6 431f6c9a3dcd4add9521adb805be1cd6 - - default default] Successfully bumped revision number for resource bc38eac5-6005-4a67-a42a-f53e47390f70 (type: ports) to 1
2026-07-02 06:17:43.264 9 INFO neutron.db.ovn_revision_numbers_db [None req-4201b923-354e-4e8e-950f-80cb097b1be8 44f9fc947be441caab831b744dde8ad6 431f6c9a3dcd4add9521adb805be1cd6 - - default default] Successfully bumped revision number for resource 520f76b2-12f7-40c5-8a08-296928bd2406 (type: ports) to 1
2026-07-02 06:17:43.362 10 INFO neutron.db.ovn_revision_numbers_db [None req-5cfc9085-9abe-4b3e-80d0-3158852712e3 44f9fc947be441caab831b744dde8ad6 431f6c9a3dcd4add9521adb805be1cd6 - - default default] Successfully bumped revision number for resource 46e4d378-76d6-4f29-8356-0be6eb8b6796 (type: ports) to 1
2026-07-02 06:17:43.726 10 INFO neutron.plugins.ml2.drivers.ovn.mech_driver.ovsdb.extensions.qos [None req-5cfc9085-9abe-4b3e-80d0-3158852712e3 44f9fc947be441caab831b744dde8ad6 431f6c9a3dcd4add9521adb805be1cd6 - - default default] Starting OVNClientQosExtension
2026-07-02 06:17:43.848 9 INFO neutron.plugins.ml2.drivers.ovn.mech_driver.ovsdb.extensions.qos [None req-4201b923-354e-4e8e-950f-80cb097b1be8 44f9fc947be441caab831b744dde8ad6 431f6c9a3dcd4add9521adb805be1cd6 - - default default] Starting OVNClientQosExtension
2026-07-02 06:17:44.029 9 INFO neutron.plugins.ml2.drivers.ovn.mech_driver.mech_driver [None req-474cecf2-bd82-41f3-916e-ad8bc4a73b8f - - - - - -] OVN reports status up for port: 46e4d378-76d6-4f29-8356-0be6eb8b6796
2026-07-02 06:17:44.030 9 INFO neutron.plugins.ml2.drivers.ovn.mech_driver.ovsdb.ovsdb_monitor [-] Router 3729abb3-d2f7-49d8-aec7-350830c988b9 is bound to host instance
2026-07-02 06:17:44.047 10 INFO neutron.db.ovn_revision_numbers_db [None req-5cfc9085-9abe-4b3e-80d0-3158852712e3 44f9fc947be441caab831b744dde8ad6 431f6c9a3dcd4add9521adb805be1cd6 - - default default] Successfully bumped revision number for resource 46e4d378-76d6-4f29-8356-0be6eb8b6796 (type: router_ports) to 1
2026-07-02 06:17:44.078 9 INFO neutron.plugins.ml2.plugin [None req-474cecf2-bd82-41f3-916e-ad8bc4a73b8f - - - - - -] Attempt 1 to provision port 46e4d378-76d6-4f29-8356-0be6eb8b6796
2026-07-02 06:17:44.156 10 INFO neutron.db.ovn_revision_numbers_db [None req-5cfc9085-9abe-4b3e-80d0-3158852712e3 44f9fc947be441caab831b744dde8ad6 431f6c9a3dcd4add9521adb805be1cd6 - - default default] Successfully bumped revision number for resource 3729abb3-d2f7-49d8-aec7-350830c988b9 (type: routers) to 2
2026-07-02 06:17:44.172 10 INFO neutron.wsgi [None req-5cfc9085-9abe-4b3e-80d0-3158852712e3 44f9fc947be441caab831b744dde8ad6 431f6c9a3dcd4add9521adb805be1cd6 - - default default] 10.0.0.113 "POST /v2.0/routers HTTP/1.1" status: 201 len: 882 time: 1.6327744
2026-07-02 06:17:44.499 10 INFO neutron.plugins.ml2.drivers.ovn.mech_driver.mech_driver [None req-f958670b-66e1-475f-b8d2-1c6e6d4a10aa - - - - - -] OVN reports status up for port: 520f76b2-12f7-40c5-8a08-296928bd2406
2026-07-02 06:17:44.507 10 INFO neutron.plugins.ml2.drivers.ovn.mech_driver.ovsdb.ovsdb_monitor [-] Router 2a04d3cc-fd92-4eaa-8f22-a37946fffa5e is bound to host instance
2026-07-02 06:17:44.522 10 INFO neutron.plugins.ml2.plugin [None req-f958670b-66e1-475f-b8d2-1c6e6d4a10aa - - - - - -] Attempt 1 to provision port 520f76b2-12f7-40c5-8a08-296928bd2406
2026-07-02 06:17:44.545 10 INFO neutron.db.ovn_revision_numbers_db [None req-6ccdf828-efa5-4c13-92d2-edbeb40d1b5a 44f9fc947be441caab831b744dde8ad6 431f6c9a3dcd4add9521adb805be1cd6 - - default default] Successfully bumped revision number for resource 2f3adecc-77d0-4967-94a7-6c86e6513f7e (type: security_groups) to 1
2026-07-02 06:17:44.547 9 INFO neutron.db.ovn_revision_numbers_db [None req-4201b923-354e-4e8e-950f-80cb097b1be8 44f9fc947be441caab831b744dde8ad6 431f6c9a3dcd4add9521adb805be1cd6 - - default default] Successfully bumped revision number for resource 520f76b2-12f7-40c5-8a08-296928bd2406 (type: router_ports) to 1
2026-07-02 06:17:44.586 10 INFO neutron.db.ovn_revision_numbers_db [None req-6ccdf828-efa5-4c13-92d2-edbeb40d1b5a 44f9fc947be441caab831b744dde8ad6 431f6c9a3dcd4add9521adb805be1cd6 - - default default] Successfully bumped revision number for resource 30bbd252-e5bd-4abb-909a-3cdb7cd1962d (type: security_group_rules) to 0
2026-07-02 06:17:44.629 10 INFO neutron.db.ovn_revision_numbers_db [None req-6ccdf828-efa5-4c13-92d2-edbeb40d1b5a 44f9fc947be441caab831b744dde8ad6 431f6c9a3dcd4add9521adb805be1cd6 - - default default] Successfully bumped revision number for resource 6240cc6a-85cf-4179-a454-bc36968d2db5 (type: security_group_rules) to 0
2026-07-02 06:17:44.652 9 INFO neutron.db.ovn_revision_numbers_db [None req-732b3275-83e6-4ef9-a5c8-55c927c9d833 44f9fc947be441caab831b744dde8ad6 431f6c9a3dcd4add9521adb805be1cd6 - - default default] Successfully bumped revision number for resource bc38eac5-6005-4a67-a42a-f53e47390f70 (type: router_ports) to 1
2026-07-02 06:17:44.673 10 INFO neutron.db.ovn_revision_numbers_db [None req-6ccdf828-efa5-4c13-92d2-edbeb40d1b5a 44f9fc947be441caab831b744dde8ad6 431f6c9a3dcd4add9521adb805be1cd6 - - default default] Successfully bumped revision number for resource 6b47a8ff-8be2-43b3-b06b-a898dec48892 (type: security_group_rules) to 0
2026-07-02 06:17:44.699 9 INFO neutron.db.ovn_revision_numbers_db [None req-4201b923-354e-4e8e-950f-80cb097b1be8 44f9fc947be441caab831b744dde8ad6 431f6c9a3dcd4add9521adb805be1cd6 - - default default] Successfully bumped revision number for resource 2a04d3cc-fd92-4eaa-8f22-a37946fffa5e (type: routers) to 2
2026-07-02 06:17:44.709 10 INFO neutron.db.ovn_revision_numbers_db [None req-6ccdf828-efa5-4c13-92d2-edbeb40d1b5a 44f9fc947be441caab831b744dde8ad6 431f6c9a3dcd4add9521adb805be1cd6 - - default default] Successfully bumped revision number for resource 87df53ed-2894-4c5a-bd57-0620996e8dd9 (type: security_group_rules) to 0
2026-07-02 06:17:44.723 9 INFO neutron.wsgi [None req-4201b923-354e-4e8e-950f-80cb097b1be8 44f9fc947be441caab831b744dde8ad6 431f6c9a3dcd4add9521adb805be1cd6 - - default default] 10.0.0.113 "POST /v2.0/routers HTTP/1.1" status: 201 len: 881 time: 2.4819989
2026-07-02 06:17:44.789 9 INFO neutron.db.ovn_revision_numbers_db [None req-732b3275-83e6-4ef9-a5c8-55c927c9d833 44f9fc947be441caab831b744dde8ad6 431f6c9a3dcd4add9521adb805be1cd6 - - default default] Successfully bumped revision number for resource b629222e-c03a-45e5-b3f8-2741650d1e39 (type: routers) to 2
2026-07-02 06:17:44.814 9 INFO neutron.wsgi [None req-732b3275-83e6-4ef9-a5c8-55c927c9d833 44f9fc947be441caab831b744dde8ad6 431f6c9a3dcd4add9521adb805be1cd6 - - default default] 10.0.0.113 "POST /v2.0/routers HTTP/1.1" status: 201 len: 884 time: 2.6240833
2026-07-02 06:17:44.822 10 INFO neutron.db.segments_db [None req-6ccdf828-efa5-4c13-92d2-edbeb40d1b5a 44f9fc947be441caab831b744dde8ad6 431f6c9a3dcd4add9521adb805be1cd6 - - default default] Added segment 615beeb5-3dda-465b-ad9a-e95e1a8a89b3 of type geneve for network becc3ad0-e8fc-4dff-9abf-e988debe7bee
2026-07-02 06:17:45.029 9 INFO neutron.db.ovn_revision_numbers_db [None req-d3e58004-f11d-43a1-9798-4df2b9b02531 - - - - - -] Successfully bumped revision number for resource 46e4d378-76d6-4f29-8356-0be6eb8b6796 (type: ports) to 1
2026-07-02 06:17:45.173 10 INFO neutron.db.ovn_revision_numbers_db [None req-6ccdf828-efa5-4c13-92d2-edbeb40d1b5a 44f9fc947be441caab831b744dde8ad6 431f6c9a3dcd4add9521adb805be1cd6 - - default default] Successfully bumped revision number for resource becc3ad0-e8fc-4dff-9abf-e988debe7bee (type: networks) to 1
2026-07-02 06:17:45.383 10 WARNING neutron.scheduler.dhcp_agent_scheduler [None req-6c9c8454-7aaa-4b83-b4ef-3824a4357b82 44f9fc947be441caab831b744dde8ad6 431f6c9a3dcd4add9521adb805be1cd6 - - default default] No more DHCP agents
2026-07-02 06:17:45.389 10 WARNING neutron.api.rpc.agentnotifiers.dhcp_rpc_agent_api [None req-6c9c8454-7aaa-4b83-b4ef-3824a4357b82 44f9fc947be441caab831b744dde8ad6 431f6c9a3dcd4add9521adb805be1cd6 - - default default] Unable to schedule network 7f3d95da-49f4-40ce-b676-2ce3508f0b3c: no agents available; will retry on subsequent port and subnet creation events.
2026-07-02 06:17:45.526 9 INFO neutron.db.ovn_revision_numbers_db [None req-d3e58004-f11d-43a1-9798-4df2b9b02531 - - - - - -] Successfully bumped revision number for resource 46e4d378-76d6-4f29-8356-0be6eb8b6796 (type: router_ports) to 3
2026-07-02 06:17:45.572 9 WARNING neutron.scheduler.dhcp_agent_scheduler [None req-b60767a5-dab1-46b8-890f-a5076f0d59a0 44f9fc947be441caab831b744dde8ad6 431f6c9a3dcd4add9521adb805be1cd6 - - default default] No more DHCP agents
2026-07-02 06:17:45.581 9 WARNING neutron.api.rpc.agentnotifiers.dhcp_rpc_agent_api [None req-b60767a5-dab1-46b8-890f-a5076f0d59a0 44f9fc947be441caab831b744dde8ad6 431f6c9a3dcd4add9521adb805be1cd6 - - default default] Unable to schedule network 45329ed6-0db4-45f3-b33f-53a36f949788: no agents available; will retry on subsequent port and subnet creation events.
2026-07-02 06:17:45.676 10 WARNING neutron.scheduler.dhcp_agent_scheduler [None req-6ccdf828-efa5-4c13-92d2-edbeb40d1b5a 44f9fc947be441caab831b744dde8ad6 431f6c9a3dcd4add9521adb805be1cd6 - - default default] No more DHCP agents
2026-07-02 06:17:45.687 10 WARNING neutron.api.rpc.agentnotifiers.dhcp_rpc_agent_api [None req-6ccdf828-efa5-4c13-92d2-edbeb40d1b5a 44f9fc947be441caab831b744dde8ad6 431f6c9a3dcd4add9521adb805be1cd6 - - default default] Unable to schedule network becc3ad0-e8fc-4dff-9abf-e988debe7bee: no agents available; will retry on subsequent port and subnet creation events.
2026-07-02 06:17:45.716 10 INFO neutron.db.ovn_revision_numbers_db [None req-94571ae6-e9e4-469d-92a0-64e83a90d050 - - - - - -] Successfully bumped revision number for resource 520f76b2-12f7-40c5-8a08-296928bd2406 (type: ports) to 1
2026-07-02 06:17:45.722 9 INFO neutron.db.ovn_revision_numbers_db [None req-d3e58004-f11d-43a1-9798-4df2b9b02531 - - - - - -] Successfully bumped revision number for resource 46e4d378-76d6-4f29-8356-0be6eb8b6796 (type: ports) to 2
2026-07-02 06:17:45.765 9 INFO neutron.db.ovn_revision_numbers_db [None req-b60767a5-dab1-46b8-890f-a5076f0d59a0 44f9fc947be441caab831b744dde8ad6 431f6c9a3dcd4add9521adb805be1cd6 - - default default] Successfully bumped revision number for resource 0cf9be4c-260e-4a20-a02b-71d99faeb079 (type: ports) to 1
2026-07-02 06:17:45.800 10 INFO neutron.db.ovn_revision_numbers_db [None req-6c9c8454-7aaa-4b83-b4ef-3824a4357b82 44f9fc947be441caab831b744dde8ad6 431f6c9a3dcd4add9521adb805be1cd6 - - default default] Successfully bumped revision number for resource eab617eb-161d-4273-95dc-40f7e4967046 (type: ports) to 1
2026-07-02 06:17:45.877 10 INFO neutron.db.ovn_revision_numbers_db [None req-6ccdf828-efa5-4c13-92d2-edbeb40d1b5a 44f9fc947be441caab831b744dde8ad6 431f6c9a3dcd4add9521adb805be1cd6 - - default default] Successfully bumped revision number for resource 5ba81b78-f1b6-40a0-b88e-70eb7834f448 (type: ports) to 1
2026-07-02 06:17:45.954 10 INFO neutron.wsgi [None req-6ccdf828-efa5-4c13-92d2-edbeb40d1b5a 44f9fc947be441caab831b744dde8ad6 431f6c9a3dcd4add9521adb805be1cd6 - - default default] 10.0.0.113 "POST /v2.0/networks HTTP/1.1" status: 201 len: 947 time: 2.0407119
2026-07-02 06:17:45.956 10 WARNING neutron.scheduler.dhcp_agent_scheduler [None req-5f623573-7b78-438c-a1e7-36259a98a033 44f9fc947be441caab831b744dde8ad6 431f6c9a3dcd4add9521adb805be1cd6 - - default default] No more DHCP agents
2026-07-02 06:17:45.963 10 WARNING neutron.api.rpc.agentnotifiers.dhcp_rpc_agent_api [None req-5f623573-7b78-438c-a1e7-36259a98a033 44f9fc947be441caab831b744dde8ad6 431f6c9a3dcd4add9521adb805be1cd6 - - default default] Unable to schedule network b473e7b1-08e1-4df5-9611-652f59a6e83e: no agents available; will retry on subsequent port and subnet creation events.
2026-07-02 06:17:46.095 9 INFO neutron.db.ovn_revision_numbers_db [None req-d3e58004-f11d-43a1-9798-4df2b9b02531 - - - - - -] Successfully bumped revision number for resource 46e4d378-76d6-4f29-8356-0be6eb8b6796 (type: ports) to 4
2026-07-02 06:17:46.464 10 INFO neutron.db.ovn_revision_numbers_db [None req-94571ae6-e9e4-469d-92a0-64e83a90d050 - - - - - -] Successfully bumped revision number for resource 520f76b2-12f7-40c5-8a08-296928bd2406 (type: router_ports) to 3
2026-07-02 06:17:46.474 10 INFO neutron.db.ovn_revision_numbers_db [None req-5f623573-7b78-438c-a1e7-36259a98a033 44f9fc947be441caab831b744dde8ad6 431f6c9a3dcd4add9521adb805be1cd6 - - default default] Successfully bumped revision number for resource fb7c7f48-844e-480b-aca7-c22505f83353 (type: ports) to 1
2026-07-02 06:17:46.550 10 WARNING neutron.scheduler.dhcp_agent_scheduler [None req-d405ac50-f432-4651-a5b8-97e26610e672 44f9fc947be441caab831b744dde8ad6 431f6c9a3dcd4add9521adb805be1cd6 - - default default] No more DHCP agents
2026-07-02 06:17:46.554 10 WARNING neutron.api.rpc.agentnotifiers.dhcp_rpc_agent_api [None req-d405ac50-f432-4651-a5b8-97e26610e672 44f9fc947be441caab831b744dde8ad6 431f6c9a3dcd4add9521adb805be1cd6 - - default default] Unable to schedule network becc3ad0-e8fc-4dff-9abf-e988debe7bee: no agents available; will retry on subsequent port and subnet creation events.
2026-07-02 06:17:46.598 9 INFO neutron.db.ovn_revision_numbers_db [None req-b60767a5-dab1-46b8-890f-a5076f0d59a0 44f9fc947be441caab831b744dde8ad6 431f6c9a3dcd4add9521adb805be1cd6 - - default default] Successfully bumped revision number for resource 0cf9be4c-260e-4a20-a02b-71d99faeb079 (type: router_ports) to 1
2026-07-02 06:17:46.652 9 INFO neutron.db.ovn_revision_numbers_db [None req-d3e58004-f11d-43a1-9798-4df2b9b02531 - - - - - -] Successfully bumped revision number for resource 46e4d378-76d6-4f29-8356-0be6eb8b6796 (type: router_ports) to 4
2026-07-02 06:17:46.685 9 INFO neutron.plugins.ml2.drivers.ovn.mech_driver.ovsdb.ovsdb_monitor [None req-d3e58004-f11d-43a1-9798-4df2b9b02531 - - - - - -] Router b629222e-c03a-45e5-b3f8-2741650d1e39 is bound to host instance
2026-07-02 06:17:46.787 9 INFO neutron.db.ovn_revision_numbers_db [None req-b60767a5-dab1-46b8-890f-a5076f0d59a0 44f9fc947be441caab831b744dde8ad6 431f6c9a3dcd4add9521adb805be1cd6 - - default default] Successfully bumped revision number for resource 0cf9be4c-260e-4a20-a02b-71d99faeb079 (type: ports) to 1
2026-07-02 06:17:46.793 10 INFO neutron.db.ovn_revision_numbers_db [None req-94571ae6-e9e4-469d-92a0-64e83a90d050 - - - - - -] Successfully bumped revision number for resource 520f76b2-12f7-40c5-8a08-296928bd2406 (type: ports) to 2
2026-07-02 06:17:46.812 9 INFO neutron.plugins.ml2.drivers.ovn.mech_driver.mech_driver [None req-474cecf2-bd82-41f3-916e-ad8bc4a73b8f - - - - - -] OVN reports status up for port: bc38eac5-6005-4a67-a42a-f53e47390f70
2026-07-02 06:17:46.833 9 INFO neutron.plugins.ml2.plugin [None req-474cecf2-bd82-41f3-916e-ad8bc4a73b8f - - - - - -] Attempt 1 to provision port bc38eac5-6005-4a67-a42a-f53e47390f70
2026-07-02 06:17:46.947 9 WARNING neutron.scheduler.dhcp_agent_scheduler [None req-b60767a5-dab1-46b8-890f-a5076f0d59a0 44f9fc947be441caab831b744dde8ad6 431f6c9a3dcd4add9521adb805be1cd6 - - default default] No more DHCP agents
2026-07-02 06:17:46.955 9 WARNING neutron.api.rpc.agentnotifiers.dhcp_rpc_agent_api [None req-b60767a5-dab1-46b8-890f-a5076f0d59a0 44f9fc947be441caab831b744dde8ad6 431f6c9a3dcd4add9521adb805be1cd6 - - default default] Unable to schedule network 45329ed6-0db4-45f3-b33f-53a36f949788: no agents available; will retry on subsequent port and subnet creation events.
2026-07-02 06:17:46.976 10 INFO neutron.db.ovn_revision_numbers_db [None req-6c9c8454-7aaa-4b83-b4ef-3824a4357b82 44f9fc947be441caab831b744dde8ad6 431f6c9a3dcd4add9521adb805be1cd6 - - default default] Successfully bumped revision number for resource eab617eb-161d-4273-95dc-40f7e4967046 (type: router_ports) to 1
2026-07-02 06:17:47.417 10 INFO neutron.plugins.ml2.drivers.ovn.mech_driver.mech_driver [None req-f958670b-66e1-475f-b8d2-1c6e6d4a10aa - - - - - -] OVN reports status up for port: 0cf9be4c-260e-4a20-a02b-71d99faeb079
2026-07-02 06:17:47.445 9 INFO neutron.db.ovn_revision_numbers_db [None req-d3e58004-f11d-43a1-9798-4df2b9b02531 - - - - - -] Successfully bumped revision number for resource bc38eac5-6005-4a67-a42a-f53e47390f70 (type: ports) to 1
2026-07-02 06:17:47.467 10 INFO neutron.plugins.ml2.plugin [None req-f958670b-66e1-475f-b8d2-1c6e6d4a10aa - - - - - -] Attempt 1 to provision port 0cf9be4c-260e-4a20-a02b-71d99faeb079
2026-07-02 06:17:47.504 10 INFO neutron.db.ovn_revision_numbers_db [None req-6c9c8454-7aaa-4b83-b4ef-3824a4357b82 44f9fc947be441caab831b744dde8ad6 431f6c9a3dcd4add9521adb805be1cd6 - - default default] Successfully bumped revision number for resource eab617eb-161d-4273-95dc-40f7e4967046 (type: ports) to 1
2026-07-02 06:17:47.588 10 INFO neutron.db.ovn_revision_numbers_db [None req-5f623573-7b78-438c-a1e7-36259a98a033 44f9fc947be441caab831b744dde8ad6 431f6c9a3dcd4add9521adb805be1cd6 - - default default] Successfully bumped revision number for resource fb7c7f48-844e-480b-aca7-c22505f83353 (type: router_ports) to 1
2026-07-02 06:17:47.634 10 INFO neutron.db.ovn_revision_numbers_db [None req-94571ae6-e9e4-469d-92a0-64e83a90d050 - - - - - -] Successfully bumped revision number for resource 520f76b2-12f7-40c5-8a08-296928bd2406 (type: ports) to 4
2026-07-02 06:17:47.754 10 WARNING neutron.scheduler.dhcp_agent_scheduler [None req-6c9c8454-7aaa-4b83-b4ef-3824a4357b82 44f9fc947be441caab831b744dde8ad6 431f6c9a3dcd4add9521adb805be1cd6 - - default default] No more DHCP agents
2026-07-02 06:17:47.770 10 WARNING neutron.api.rpc.agentnotifiers.dhcp_rpc_agent_api [None req-6c9c8454-7aaa-4b83-b4ef-3824a4357b82 44f9fc947be441caab831b744dde8ad6 431f6c9a3dcd4add9521adb805be1cd6 - - default default] Unable to schedule network 7f3d95da-49f4-40ce-b676-2ce3508f0b3c: no agents available; will retry on subsequent port and subnet creation events.
2026-07-02 06:17:47.926 9 INFO neutron.db.ovn_revision_numbers_db [None req-d3e58004-f11d-43a1-9798-4df2b9b02531 - - - - - -] Successfully bumped revision number for resource bc38eac5-6005-4a67-a42a-f53e47390f70 (type: router_ports) to 3
2026-07-02 06:17:47.949 9 INFO neutron.db.ovn_revision_numbers_db [None req-b60767a5-dab1-46b8-890f-a5076f0d59a0 44f9fc947be441caab831b744dde8ad6 431f6c9a3dcd4add9521adb805be1cd6 - - default default] Successfully bumped revision number for resource 0cf9be4c-260e-4a20-a02b-71d99faeb079 (type: router_ports) to 1
2026-07-02 06:17:47.951 9 INFO neutron.wsgi [None req-b60767a5-dab1-46b8-890f-a5076f0d59a0 44f9fc947be441caab831b744dde8ad6 431f6c9a3dcd4add9521adb805be1cd6 - - default default] 10.0.0.113 "PUT /v2.0/routers/b629222e-c03a-45e5-b3f8-2741650d1e39/add_router_interface HTTP/1.1" status: 200 len: 503 time: 3.1304781
2026-07-02 06:17:48.020 10 INFO neutron.db.ovn_revision_numbers_db [None req-d405ac50-f432-4651-a5b8-97e26610e672 44f9fc947be441caab831b744dde8ad6 431f6c9a3dcd4add9521adb805be1cd6 - - default default] Successfully bumped revision number for resource 5ba81b78-f1b6-40a0-b88e-70eb7834f448 (type: ports) to 2
2026-07-02 06:17:48.064 10 INFO neutron.db.ovn_revision_numbers_db [None req-5f623573-7b78-438c-a1e7-36259a98a033 44f9fc947be441caab831b744dde8ad6 431f6c9a3dcd4add9521adb805be1cd6 - - default default] Successfully bumped revision number for resource fb7c7f48-844e-480b-aca7-c22505f83353 (type: ports) to 1
2026-07-02 06:17:48.064 9 INFO neutron.db.ovn_revision_numbers_db [None req-d3e58004-f11d-43a1-9798-4df2b9b02531 - - - - - -] Successfully bumped revision number for resource bc38eac5-6005-4a67-a42a-f53e47390f70 (type: ports) to 2
2026-07-02 06:17:48.151 10 INFO neutron.db.ovn_revision_numbers_db [None req-d405ac50-f432-4651-a5b8-97e26610e672 44f9fc947be441caab831b744dde8ad6 431f6c9a3dcd4add9521adb805be1cd6 - - default default] Successfully bumped revision number for resource d423920c-ac03-49c8-9b08-02229c3f3dfd (type: subnets) to 0
2026-07-02 06:17:48.342 9 INFO neutron.db.ovn_revision_numbers_db [None req-d3e58004-f11d-43a1-9798-4df2b9b02531 - - - - - -] Successfully bumped revision number for resource bc38eac5-6005-4a67-a42a-f53e47390f70 (type: ports) to 4
2026-07-02 06:17:48.383 10 INFO neutron.wsgi [None req-d405ac50-f432-4651-a5b8-97e26610e672 44f9fc947be441caab831b744dde8ad6 431f6c9a3dcd4add9521adb805be1cd6 - - default default] 10.0.0.113 "POST /v2.0/subnets HTTP/1.1" status: 201 len: 867 time: 2.4209132
2026-07-02 06:17:48.414 10 INFO neutron.db.ovn_revision_numbers_db [None req-94571ae6-e9e4-469d-92a0-64e83a90d050 - - - - - -] Successfully bumped revision number for resource 520f76b2-12f7-40c5-8a08-296928bd2406 (type: router_ports) to 4
2026-07-02 06:17:48.530 10 WARNING neutron.scheduler.dhcp_agent_scheduler [None req-5f623573-7b78-438c-a1e7-36259a98a033 44f9fc947be441caab831b744dde8ad6 431f6c9a3dcd4add9521adb805be1cd6 - - default default] No more DHCP agents
2026-07-02 06:17:48.555 10 WARNING neutron.api.rpc.agentnotifiers.dhcp_rpc_agent_api [None req-5f623573-7b78-438c-a1e7-36259a98a033 44f9fc947be441caab831b744dde8ad6 431f6c9a3dcd4add9521adb805be1cd6 - - default default] Unable to schedule network b473e7b1-08e1-4df5-9611-652f59a6e83e: no agents available; will retry on subsequent port and subnet creation events.
2026-07-02 06:17:48.571 9 INFO neutron.db.ovn_revision_numbers_db [None req-d3e58004-f11d-43a1-9798-4df2b9b02531 - - - - - -] Successfully bumped revision number for resource bc38eac5-6005-4a67-a42a-f53e47390f70 (type: router_ports) to 4
2026-07-02 06:17:48.607 9 WARNING neutron_lib.context [None req-0531da08-7824-42cd-b25e-dfc8ef084994 ae0535d96b8d4fe7bf99aea402b0ec7f 8aa8630ebf094196bc9e6d38f6e9ad2f - - default default] Method 'is_advsvc' is deprecated since 2023.2 release (neutron-lib 3.8.0) and will be removed once support for the old RBAC API policies will be removed from Neutron. Please use method 'is_service_role' instead.
2026-07-02 06:17:48.620 10 INFO neutron.db.ovn_revision_numbers_db [None req-f958670b-66e1-475f-b8d2-1c6e6d4a10aa - - - - - -] Successfully bumped revision number for resource 0cf9be4c-260e-4a20-a02b-71d99faeb079 (type: ports) to 2
2026-07-02 06:17:48.732 9 INFO neutron.db.ovn_revision_numbers_db [None req-0531da08-7824-42cd-b25e-dfc8ef084994 ae0535d96b8d4fe7bf99aea402b0ec7f 8aa8630ebf094196bc9e6d38f6e9ad2f - - default default] Successfully bumped revision number for resource 40d546e4-13bd-4abf-ae19-c40eb108821c (type: security_groups) to 1
2026-07-02 06:17:48.749 9 INFO neutron.db.ovn_revision_numbers_db [None req-0531da08-7824-42cd-b25e-dfc8ef084994 ae0535d96b8d4fe7bf99aea402b0ec7f 8aa8630ebf094196bc9e6d38f6e9ad2f - - default default] Successfully bumped revision number for resource 48b802e2-df80-4243-ba69-b6d224c5cb95 (type: security_group_rules) to 0
2026-07-02 06:17:48.767 9 INFO neutron.db.ovn_revision_numbers_db [None req-0531da08-7824-42cd-b25e-dfc8ef084994 ae0535d96b8d4fe7bf99aea402b0ec7f 8aa8630ebf094196bc9e6d38f6e9ad2f - - default default] Successfully bumped revision number for resource a59ee473-c76b-4d78-a236-fac4a93606b7 (type: security_group_rules) to 0
2026-07-02 06:17:48.793 9 INFO neutron.wsgi [None req-0531da08-7824-42cd-b25e-dfc8ef084994 ae0535d96b8d4fe7bf99aea402b0ec7f 8aa8630ebf094196bc9e6d38f6e9ad2f - - default default] 10.0.0.113 "POST /v2.0/security-groups HTTP/1.1" status: 201 len: 1795 time: 0.1921256
2026-07-02 06:17:48.802 9 WARNING neutron_lib.context [None req-eef352d8-fd7d-4d2b-a395-3b2d02e28ed4 ae0535d96b8d4fe7bf99aea402b0ec7f 8aa8630ebf094196bc9e6d38f6e9ad2f - - default default] Method 'is_advsvc' is deprecated since 2023.2 release (neutron-lib 3.8.0) and will be removed once support for the old RBAC API policies will be removed from Neutron. Please use method 'is_service_role' instead.
2026-07-02 06:17:48.854 10 INFO neutron.db.ovn_revision_numbers_db [None req-f958670b-66e1-475f-b8d2-1c6e6d4a10aa - - - - - -] Successfully bumped revision number for resource 0cf9be4c-260e-4a20-a02b-71d99faeb079 (type: router_ports) to 2
2026-07-02 06:17:48.933 9 INFO neutron.db.ovn_revision_numbers_db [None req-eef352d8-fd7d-4d2b-a395-3b2d02e28ed4 ae0535d96b8d4fe7bf99aea402b0ec7f 8aa8630ebf094196bc9e6d38f6e9ad2f - - default default] Successfully bumped revision number for resource 9d55523d-e511-432a-b025-8bf1f0834217 (type: security_group_rules) to 0
2026-07-02 06:17:48.956 9 INFO neutron.wsgi [None req-eef352d8-fd7d-4d2b-a395-3b2d02e28ed4 ae0535d96b8d4fe7bf99aea402b0ec7f 8aa8630ebf094196bc9e6d38f6e9ad2f - - default default] 10.0.0.113 "POST /v2.0/security-group-rules HTTP/1.1" status: 201 len: 764 time: 0.1578081
2026-07-02 06:17:48.967 9 WARNING neutron_lib.context [None req-5bb0e4fe-aa54-47a4-a9c2-4c2106824a8d ae0535d96b8d4fe7bf99aea402b0ec7f 8aa8630ebf094196bc9e6d38f6e9ad2f - - default default] Method 'is_advsvc' is deprecated since 2023.2 release (neutron-lib 3.8.0) and will be removed once support for the old RBAC API policies will be removed from Neutron. Please use method 'is_service_role' instead.
2026-07-02 06:17:49.076 9 INFO neutron.db.ovn_revision_numbers_db [None req-5bb0e4fe-aa54-47a4-a9c2-4c2106824a8d ae0535d96b8d4fe7bf99aea402b0ec7f 8aa8630ebf094196bc9e6d38f6e9ad2f - - default default] Successfully bumped revision number for resource 64de93e7-1fb2-42b3-b842-281896d0b24c (type: security_group_rules) to 0
2026-07-02 06:17:49.100 9 INFO neutron.wsgi [None req-5bb0e4fe-aa54-47a4-a9c2-4c2106824a8d ae0535d96b8d4fe7bf99aea402b0ec7f 8aa8630ebf094196bc9e6d38f6e9ad2f - - default default] 10.0.0.113 "POST /v2.0/security-group-rules HTTP/1.1" status: 201 len: 769 time: 0.1383471
2026-07-02 06:17:49.120 10 WARNING neutron_lib.context [None req-2ef6f1b8-a9f1-4c83-9a4f-643fe80c28c8 ae0535d96b8d4fe7bf99aea402b0ec7f 8aa8630ebf094196bc9e6d38f6e9ad2f - - default default] Method 'is_advsvc' is deprecated since 2023.2 release (neutron-lib 3.8.0) and will be removed once support for the old RBAC API policies will be removed from Neutron. Please use method 'is_service_role' instead.
2026-07-02 06:17:49.638 9 INFO neutron.plugins.ml2.drivers.ovn.mech_driver.mech_driver [None req-474cecf2-bd82-41f3-916e-ad8bc4a73b8f - - - - - -] OVN reports status up for port: eab617eb-161d-4273-95dc-40f7e4967046
2026-07-02 06:17:49.649 9 INFO neutron.plugins.ml2.plugin [None req-474cecf2-bd82-41f3-916e-ad8bc4a73b8f - - - - - -] Attempt 1 to provision port eab617eb-161d-4273-95dc-40f7e4967046
2026-07-02 06:17:49.746 10 WARNING neutron.scheduler.dhcp_agent_scheduler [None req-863c75b9-343b-44ce-b423-88588d4bbb3b 44f9fc947be441caab831b744dde8ad6 431f6c9a3dcd4add9521adb805be1cd6 - - default default] No more DHCP agents
2026-07-02 06:17:49.757 10 WARNING neutron.api.rpc.agentnotifiers.dhcp_rpc_agent_api [None req-863c75b9-343b-44ce-b423-88588d4bbb3b 44f9fc947be441caab831b744dde8ad6 431f6c9a3dcd4add9521adb805be1cd6 - - default default] Unable to schedule network 434026b2-6e27-4ded-bc50-5dd99f22e9f7: no agents available; will retry on subsequent port and subnet creation events.
2026-07-02 06:17:49.943 9 INFO neutron.db.ovn_revision_numbers_db [None req-474cecf2-bd82-41f3-916e-ad8bc4a73b8f - - - - - -] Successfully bumped revision number for resource eab617eb-161d-4273-95dc-40f7e4967046 (type: ports) to 2
2026-07-02 06:17:49.946 10 INFO neutron.db.ovn_revision_numbers_db [None req-6c9c8454-7aaa-4b83-b4ef-3824a4357b82 44f9fc947be441caab831b744dde8ad6 431f6c9a3dcd4add9521adb805be1cd6 - - default default] Successfully bumped revision number for resource eab617eb-161d-4273-95dc-40f7e4967046 (type: router_ports) to 1
2026-07-02 06:17:49.948 10 INFO neutron.wsgi [None req-6c9c8454-7aaa-4b83-b4ef-3824a4357b82 44f9fc947be441caab831b744dde8ad6 431f6c9a3dcd4add9521adb805be1cd6 - - default default] 10.0.0.113 "PUT /v2.0/routers/3729abb3-d2f7-49d8-aec7-350830c988b9/add_router_interface HTTP/1.1" status: 200 len: 503 time: 5.7706511
2026-07-02 06:17:49.990 10 WARNING neutron.scheduler.dhcp_agent_scheduler [None req-2ef6f1b8-a9f1-4c83-9a4f-643fe80c28c8 ae0535d96b8d4fe7bf99aea402b0ec7f 8aa8630ebf094196bc9e6d38f6e9ad2f - - default default] No more DHCP agents
2026-07-02 06:17:50.003 10 WARNING neutron.api.rpc.agentnotifiers.dhcp_rpc_agent_api [None req-2ef6f1b8-a9f1-4c83-9a4f-643fe80c28c8 ae0535d96b8d4fe7bf99aea402b0ec7f 8aa8630ebf094196bc9e6d38f6e9ad2f - - default default] Unable to schedule network 434026b2-6e27-4ded-bc50-5dd99f22e9f7: no agents available; will retry on subsequent port and subnet creation events.
2026-07-02 06:17:50.027 9 INFO neutron.db.ovn_revision_numbers_db [None req-474cecf2-bd82-41f3-916e-ad8bc4a73b8f - - - - - -] Successfully bumped revision number for resource eab617eb-161d-4273-95dc-40f7e4967046 (type: router_ports) to 2
