2026-07-02 06:18:06.956 9 INFO neutron.wsgi [req-cda9bcf8-59e9-40c5-8ef9-1349db376b8a req-e5123268-d040-439a-bdbc-dbc0c94efb10 36cb207628f24e0bb91735a54da13e4f 9bbd05abb27045078316e40e7d0fef1e - - d806d7c638f94797abab49074542b48d d806d7c638f94797abab49074542b48d] 199.204.45.116 "GET /v2.0/subnets?id=4e03bded-77e8-4d6d-a3e7-506beecc691f HTTP/1.1" status: 200 len: 876 time: 0.0657556
2026-07-02 06:18:06.968 10 INFO neutron.db.ovn_revision_numbers_db [None req-9ac66947-f03d-45d1-8204-f15aa8556564 44f9fc947be441caab831b744dde8ad6 431f6c9a3dcd4add9521adb805be1cd6 - - default default] Successfully bumped revision number for resource e173ebff-1b0a-4dfb-80ed-8d6f111046ff (type: security_groups) to 1
2026-07-02 06:18:06.990 9 INFO neutron.wsgi [req-cda9bcf8-59e9-40c5-8ef9-1349db376b8a req-51d2e342-06a9-4e79-9b02-d6cc558968ee 36cb207628f24e0bb91735a54da13e4f 9bbd05abb27045078316e40e7d0fef1e - - d806d7c638f94797abab49074542b48d d806d7c638f94797abab49074542b48d] 199.204.45.116 "GET /v2.0/ports?network_id=45329ed6-0db4-45f3-b33f-53a36f949788&device_owner=network%3Adhcp HTTP/1.1" status: 200 len: 210 time: 0.0226123
2026-07-02 06:18:07.003 10 INFO neutron.db.ovn_revision_numbers_db [None req-9ac66947-f03d-45d1-8204-f15aa8556564 44f9fc947be441caab831b744dde8ad6 431f6c9a3dcd4add9521adb805be1cd6 - - default default] Successfully bumped revision number for resource 23621fd6-ccd4-4053-a898-30f4f4b827a0 (type: security_group_rules) to 0
2026-07-02 06:18:07.010 9 INFO neutron.db.ovn_revision_numbers_db [None req-d3e58004-f11d-43a1-9798-4df2b9b02531 - - - - - -] Successfully bumped revision number for resource ae5059b7-cb8b-4c81-8fd2-68cd9d4a560c (type: ports) to 2
2026-07-02 06:18:07.030 10 INFO neutron.db.ovn_revision_numbers_db [None req-9ac66947-f03d-45d1-8204-f15aa8556564 44f9fc947be441caab831b744dde8ad6 431f6c9a3dcd4add9521adb805be1cd6 - - default default] Successfully bumped revision number for resource 812f14d6-e6de-4178-a3a0-1b5bc51363fb (type: security_group_rules) to 0
2026-07-02 06:18:07.047 10 INFO neutron.db.ovn_revision_numbers_db [None req-9ac66947-f03d-45d1-8204-f15aa8556564 44f9fc947be441caab831b744dde8ad6 431f6c9a3dcd4add9521adb805be1cd6 - - default default] Successfully bumped revision number for resource ccb29a54-a5dc-451a-af01-8ddce5d51d2a (type: security_group_rules) to 0
2026-07-02 06:18:07.066 10 INFO neutron.db.ovn_revision_numbers_db [None req-9ac66947-f03d-45d1-8204-f15aa8556564 44f9fc947be441caab831b744dde8ad6 431f6c9a3dcd4add9521adb805be1cd6 - - default default] Successfully bumped revision number for resource d8cc6d6c-1031-4a85-98e6-08bc132a7340 (type: security_group_rules) to 0
2026-07-02 06:18:07.100 9 INFO neutron.wsgi [req-cda9bcf8-59e9-40c5-8ef9-1349db376b8a req-645ffccc-fbd7-4447-b605-6d5c3a1ae403 36cb207628f24e0bb91735a54da13e4f 9bbd05abb27045078316e40e7d0fef1e - - d806d7c638f94797abab49074542b48d d806d7c638f94797abab49074542b48d] 199.204.45.116 "GET /v2.0/networks/45329ed6-0db4-45f3-b33f-53a36f949788?fields=segments HTTP/1.1" status: 200 len: 212 time: 0.1020548
2026-07-02 06:18:07.128 10 INFO neutron.db.segments_db [None req-9ac66947-f03d-45d1-8204-f15aa8556564 44f9fc947be441caab831b744dde8ad6 431f6c9a3dcd4add9521adb805be1cd6 - - default default] Added segment 181b27bc-f09d-48d8-97ce-6a39045ce4c3 of type geneve for network 78b1a37b-350d-4abd-9dce-4ef05913e5bf
2026-07-02 06:18:07.217 9 INFO neutron.wsgi [req-cda9bcf8-59e9-40c5-8ef9-1349db376b8a req-46e6ae52-f35e-4dd2-8d96-a94eec0ceead 36cb207628f24e0bb91735a54da13e4f 9bbd05abb27045078316e40e7d0fef1e - - d806d7c638f94797abab49074542b48d d806d7c638f94797abab49074542b48d] 199.204.45.116 "GET /v2.0/networks/45329ed6-0db4-45f3-b33f-53a36f949788?fields=provider%3Aphysical_network&fields=provider%3Anetwork_type HTTP/1.1" status: 200 len: 277 time: 0.1076381
2026-07-02 06:18:07.237 9 INFO neutron.db.ovn_revision_numbers_db [None req-474cecf2-bd82-41f3-916e-ad8bc4a73b8f - - - - - -] Successfully bumped revision number for resource b182eada-c601-442a-b1c5-706eca9d3707 (type: ports) to 2
2026-07-02 06:18:07.359 9 INFO neutron.db.ovn_revision_numbers_db [None req-474cecf2-bd82-41f3-916e-ad8bc4a73b8f - - - - - -] Successfully bumped revision number for resource b182eada-c601-442a-b1c5-706eca9d3707 (type: router_ports) to 2
2026-07-02 06:18:07.364 10 INFO neutron.db.ovn_revision_numbers_db [None req-9ac66947-f03d-45d1-8204-f15aa8556564 44f9fc947be441caab831b744dde8ad6 431f6c9a3dcd4add9521adb805be1cd6 - - default default] Successfully bumped revision number for resource 78b1a37b-350d-4abd-9dce-4ef05913e5bf (type: networks) to 1
2026-07-02 06:18:07.411 9 INFO neutron.db.ovn_revision_numbers_db [None req-d3e58004-f11d-43a1-9798-4df2b9b02531 - - - - - -] Successfully bumped revision number for resource ae5059b7-cb8b-4c81-8fd2-68cd9d4a560c (type: ports) to 4
2026-07-02 06:18:07.642 9 INFO neutron.db.ovn_revision_numbers_db [None req-d3e58004-f11d-43a1-9798-4df2b9b02531 - - - - - -] Successfully bumped revision number for resource ae5059b7-cb8b-4c81-8fd2-68cd9d4a560c (type: router_ports) to 4
2026-07-02 06:18:07.864 10 WARNING neutron.scheduler.dhcp_agent_scheduler [None req-9ac66947-f03d-45d1-8204-f15aa8556564 44f9fc947be441caab831b744dde8ad6 431f6c9a3dcd4add9521adb805be1cd6 - - default default] No more DHCP agents
2026-07-02 06:18:07.871 10 WARNING neutron.api.rpc.agentnotifiers.dhcp_rpc_agent_api [None req-9ac66947-f03d-45d1-8204-f15aa8556564 44f9fc947be441caab831b744dde8ad6 431f6c9a3dcd4add9521adb805be1cd6 - - default default] Unable to schedule network 78b1a37b-350d-4abd-9dce-4ef05913e5bf: no agents available; will retry on subsequent port and subnet creation events.
2026-07-02 06:18:07.884 9 INFO neutron.wsgi [req-b403cb51-1357-47a7-b400-f9b0fb4f5d3a req-6e981f89-83d1-4c46-8acc-4df06c8f5d0b 3cee25d04a2b4e548b5e69e6c09c7865 1c00a6d48ce34e64b287a0aacf1d3c58 - - default default] 10.0.0.239 "GET /v2.0/ports?device_id=e84c0379-a232-41d7-bd9f-8b6d56a0e6f3 HTTP/1.1" status: 200 len: 1174 time: 0.0533586
2026-07-02 06:18:07.937 9 INFO neutron.wsgi [req-b403cb51-1357-47a7-b400-f9b0fb4f5d3a req-67a791af-79dd-43b7-b89c-576961913e2a 3cee25d04a2b4e548b5e69e6c09c7865 1c00a6d48ce34e64b287a0aacf1d3c58 - - default default] 10.0.0.239 "GET /v2.0/security-groups?id=5c13786a-c4a5-4cf3-b77b-ab1e47f431b5&fields=id&fields=name HTTP/1.1" status: 200 len: 313 time: 0.0448015
2026-07-02 06:18:08.046 9 INFO neutron.wsgi [req-c0a6145b-9d8f-44d7-905e-7f96e90a71fd req-28f62e34-91fb-4a2b-94ec-3f5587bd8ad4 3cee25d04a2b4e548b5e69e6c09c7865 1c00a6d48ce34e64b287a0aacf1d3c58 - - default default] 10.0.0.239 "GET /v2.0/ports?device_id=e84c0379-a232-41d7-bd9f-8b6d56a0e6f3 HTTP/1.1" status: 200 len: 1174 time: 0.0481424
2026-07-02 06:18:08.051 10 INFO neutron.db.ovn_revision_numbers_db [None req-9ac66947-f03d-45d1-8204-f15aa8556564 44f9fc947be441caab831b744dde8ad6 431f6c9a3dcd4add9521adb805be1cd6 - - default default] Successfully bumped revision number for resource 282a3286-5dae-44d3-ac21-48cc16f10eef (type: ports) to 1
2026-07-02 06:18:08.084 10 INFO neutron.wsgi [None req-9ac66947-f03d-45d1-8204-f15aa8556564 44f9fc947be441caab831b744dde8ad6 431f6c9a3dcd4add9521adb805be1cd6 - - default default] 10.0.0.113 "POST /v2.0/networks HTTP/1.1" status: 201 len: 947 time: 1.5604684
2026-07-02 06:18:08.322 10 INFO neutron.db.ovn_revision_numbers_db [None req-fd11d93d-c14a-489f-a371-a2a026b1837b 44f9fc947be441caab831b744dde8ad6 431f6c9a3dcd4add9521adb805be1cd6 - - default default] Successfully bumped revision number for resource b182eada-c601-442a-b1c5-706eca9d3707 (type: router_ports) to 2
2026-07-02 06:18:08.325 10 INFO neutron.wsgi [None req-fd11d93d-c14a-489f-a371-a2a026b1837b 44f9fc947be441caab831b744dde8ad6 431f6c9a3dcd4add9521adb805be1cd6 - - default default] 10.0.0.113 "PUT /v2.0/routers/4af307d3-9ec2-4204-9a23-935b935dc501/add_router_interface HTTP/1.1" status: 200 len: 503 time: 2.9060073
2026-07-02 06:18:08.339 10 WARNING neutron.scheduler.dhcp_agent_scheduler [None req-7fe6002e-0720-4779-b5ad-e8c8fd6b35cf 44f9fc947be441caab831b744dde8ad6 431f6c9a3dcd4add9521adb805be1cd6 - - default default] No more DHCP agents
2026-07-02 06:18:08.343 10 WARNING neutron.api.rpc.agentnotifiers.dhcp_rpc_agent_api [None req-7fe6002e-0720-4779-b5ad-e8c8fd6b35cf 44f9fc947be441caab831b744dde8ad6 431f6c9a3dcd4add9521adb805be1cd6 - - default default] Unable to schedule network 78b1a37b-350d-4abd-9dce-4ef05913e5bf: no agents available; will retry on subsequent port and subnet creation events.
2026-07-02 06:18:08.370 9 INFO neutron.db.l3_db [None req-255cbaf2-0b87-4fa8-b07e-ecc08b9e9ec2 3cee25d04a2b4e548b5e69e6c09c7865 1c00a6d48ce34e64b287a0aacf1d3c58 - - default default] Floating IP 8102c9fb-b325-4990-98ec-1563e5852659 associated. External IP: 10.96.250.216, port: 5355b7e4-575c-46df-8bbd-9a09deb3343e.
2026-07-02 06:18:08.808 9 INFO neutron.db.ovn_revision_numbers_db [None req-255cbaf2-0b87-4fa8-b07e-ecc08b9e9ec2 3cee25d04a2b4e548b5e69e6c09c7865 1c00a6d48ce34e64b287a0aacf1d3c58 - - default default] Successfully bumped revision number for resource 8102c9fb-b325-4990-98ec-1563e5852659 (type: floatingips) to 1
2026-07-02 06:18:08.903 10 INFO neutron.db.ovn_revision_numbers_db [None req-7fe6002e-0720-4779-b5ad-e8c8fd6b35cf 44f9fc947be441caab831b744dde8ad6 431f6c9a3dcd4add9521adb805be1cd6 - - default default] Successfully bumped revision number for resource 282a3286-5dae-44d3-ac21-48cc16f10eef (type: ports) to 2
2026-07-02 06:18:08.933 9 WARNING neutron_lib.context [None req-1ce0bebb-781d-40af-95c0-5377d40bd730 03387d4563784a5b8503cb14f6bec95f 00ef10b6a21849e693ecb5d39ca009e8 - - default default] Method 'is_advsvc' is deprecated since 2023.2 release (neutron-lib 3.8.0) and will be removed once support for the old RBAC API policies will be removed from Neutron. Please use method 'is_service_role' instead.
2026-07-02 06:18:08.943 10 INFO neutron.db.ovn_revision_numbers_db [None req-7fe6002e-0720-4779-b5ad-e8c8fd6b35cf 44f9fc947be441caab831b744dde8ad6 431f6c9a3dcd4add9521adb805be1cd6 - - default default] Successfully bumped revision number for resource 6c0b5816-c861-4d42-bf4c-9f42ddf9fb49 (type: subnets) to 0
2026-07-02 06:18:08.952 9 INFO neutron.db.ovn_revision_numbers_db [None req-255cbaf2-0b87-4fa8-b07e-ecc08b9e9ec2 3cee25d04a2b4e548b5e69e6c09c7865 1c00a6d48ce34e64b287a0aacf1d3c58 - - default default] Successfully bumped revision number for resource 8102c9fb-b325-4990-98ec-1563e5852659 (type: floatingips) to 2
2026-07-02 06:18:08.963 10 INFO neutron.wsgi [None req-7fe6002e-0720-4779-b5ad-e8c8fd6b35cf 44f9fc947be441caab831b744dde8ad6 431f6c9a3dcd4add9521adb805be1cd6 - - default default] 10.0.0.113 "POST /v2.0/subnets HTTP/1.1" status: 201 len: 867 time: 0.8721793
2026-07-02 06:18:08.980 9 INFO neutron.wsgi [None req-255cbaf2-0b87-4fa8-b07e-ecc08b9e9ec2 3cee25d04a2b4e548b5e69e6c09c7865 1c00a6d48ce34e64b287a0aacf1d3c58 - - default default] 10.0.0.113 "PUT /v2.0/floatingips/8102c9fb-b325-4990-98ec-1563e5852659 HTTP/1.1" status: 200 len: 1050 time: 0.9035130
2026-07-02 06:18:09.018 9 INFO neutron.notifiers.nova [-] Nova event matching ['req-57110b12-a914-4089-8673-78f560fce81f'] response: {'name': 'network-changed', 'server_uuid': 'e84c0379-a232-41d7-bd9f-8b6d56a0e6f3', 'tag': '5355b7e4-575c-46df-8bbd-9a09deb3343e', 'status': 'completed', 'code': 200}
2026-07-02 06:18:09.093 9 INFO neutron.wsgi [req-cce50793-d5ee-470e-bd0a-783fe88219d7 req-cc87d903-f91b-4792-911a-113bbbeabfa0 3cee25d04a2b4e548b5e69e6c09c7865 1c00a6d48ce34e64b287a0aacf1d3c58 - - default default] 10.0.0.239 "GET /v2.0/ports?device_id=e84c0379-a232-41d7-bd9f-8b6d56a0e6f3 HTTP/1.1" status: 200 len: 1174 time: 0.0513697
2026-07-02 06:18:09.104 9 INFO neutron.wsgi [req-5f24d554-55ef-4608-9f95-848060ce127f req-80cdd39f-deee-440b-97ba-5b55182b4721 36cb207628f24e0bb91735a54da13e4f 9bbd05abb27045078316e40e7d0fef1e - - d806d7c638f94797abab49074542b48d d806d7c638f94797abab49074542b48d] 199.204.45.116 "GET /v2.0/ports?tenant_id=1c00a6d48ce34e64b287a0aacf1d3c58&device_id=e84c0379-a232-41d7-bd9f-8b6d56a0e6f3 HTTP/1.1" status: 200 len: 1413 time: 0.0582469
2026-07-02 06:18:09.178 9 INFO neutron.wsgi [req-cce50793-d5ee-470e-bd0a-783fe88219d7 req-ad9c26ab-31d4-4dbc-bcea-2f389e42b9ea 3cee25d04a2b4e548b5e69e6c09c7865 1c00a6d48ce34e64b287a0aacf1d3c58 - - default default] 10.0.0.239 "GET /v2.0/security-groups?id=5c13786a-c4a5-4cf3-b77b-ab1e47f431b5&fields=id&fields=name HTTP/1.1" status: 200 len: 313 time: 0.0733051
2026-07-02 06:18:09.203 9 INFO neutron.db.ovn_revision_numbers_db [None req-1ce0bebb-781d-40af-95c0-5377d40bd730 03387d4563784a5b8503cb14f6bec95f 00ef10b6a21849e693ecb5d39ca009e8 - - default default] Successfully bumped revision number for resource 4e0005ed-dc24-4795-aae4-142504ca5c1b (type: security_groups) to 1
2026-07-02 06:18:09.212 9 INFO neutron.wsgi [req-5f24d554-55ef-4608-9f95-848060ce127f req-fd3fa2be-3a43-4818-8beb-8cbc96b48c89 36cb207628f24e0bb91735a54da13e4f 9bbd05abb27045078316e40e7d0fef1e - - d806d7c638f94797abab49074542b48d d806d7c638f94797abab49074542b48d] 199.204.45.116 "GET /v2.0/networks?id=b473e7b1-08e1-4df5-9611-652f59a6e83e HTTP/1.1" status: 200 len: 978 time: 0.0980644
2026-07-02 06:18:09.249 9 INFO neutron.db.ovn_revision_numbers_db [None req-1ce0bebb-781d-40af-95c0-5377d40bd730 03387d4563784a5b8503cb14f6bec95f 00ef10b6a21849e693ecb5d39ca009e8 - - default default] Successfully bumped revision number for resource 4c880d12-d926-48ca-8d78-b8939d5d85a1 (type: security_group_rules) to 0
2026-07-02 06:18:09.266 9 INFO neutron.wsgi [req-5f24d554-55ef-4608-9f95-848060ce127f req-f1d5cc9d-1cae-4841-bbef-42a4b449fd95 36cb207628f24e0bb91735a54da13e4f 9bbd05abb27045078316e40e7d0fef1e - - d806d7c638f94797abab49074542b48d d806d7c638f94797abab49074542b48d] 199.204.45.116 "GET /v2.0/floatingips?fixed_ip_address=10.100.0.14&port_id=5355b7e4-575c-46df-8bbd-9a09deb3343e HTTP/1.1" status: 200 len: 1060 time: 0.0465555
2026-07-02 06:18:09.281 9 INFO neutron.db.ovn_revision_numbers_db [None req-1ce0bebb-781d-40af-95c0-5377d40bd730 03387d4563784a5b8503cb14f6bec95f 00ef10b6a21849e693ecb5d39ca009e8 - - default default] Successfully bumped revision number for resource 7a286aa7-1b94-467a-919d-090b857d69a5 (type: security_group_rules) to 0
2026-07-02 06:18:09.315 9 INFO neutron.wsgi [None req-1ce0bebb-781d-40af-95c0-5377d40bd730 03387d4563784a5b8503cb14f6bec95f 00ef10b6a21849e693ecb5d39ca009e8 - - default default] 10.0.0.113 "POST /v2.0/security-groups HTTP/1.1" status: 201 len: 1796 time: 0.3889790
2026-07-02 06:18:09.318 9 INFO neutron.wsgi [req-5f24d554-55ef-4608-9f95-848060ce127f req-e9dba142-ca9b-4758-a19f-5a8fba05f664 36cb207628f24e0bb91735a54da13e4f 9bbd05abb27045078316e40e7d0fef1e - - d806d7c638f94797abab49074542b48d d806d7c638f94797abab49074542b48d] 199.204.45.116 "GET /v2.0/subnets?id=10ac4862-0c15-4650-aa94-911480daed0b HTTP/1.1" status: 200 len: 873 time: 0.0469768
2026-07-02 06:18:09.325 9 WARNING neutron_lib.context [None req-85fb5db1-c7ae-4834-9647-4e63137cee84 03387d4563784a5b8503cb14f6bec95f 00ef10b6a21849e693ecb5d39ca009e8 - - default default] Method 'is_advsvc' is deprecated since 2023.2 release (neutron-lib 3.8.0) and will be removed once support for the old RBAC API policies will be removed from Neutron. Please use method 'is_service_role' instead.
2026-07-02 06:18:09.349 9 INFO neutron.wsgi [req-5f24d554-55ef-4608-9f95-848060ce127f req-dd90b35a-e807-46be-b998-5dde5332b45d 36cb207628f24e0bb91735a54da13e4f 9bbd05abb27045078316e40e7d0fef1e - - d806d7c638f94797abab49074542b48d d806d7c638f94797abab49074542b48d] 199.204.45.116 "GET /v2.0/ports?network_id=b473e7b1-08e1-4df5-9611-652f59a6e83e&device_owner=network%3Adhcp HTTP/1.1" status: 200 len: 210 time: 0.0214214
2026-07-02 06:18:09.419 9 INFO neutron.wsgi [req-5f24d554-55ef-4608-9f95-848060ce127f req-d4cb81a3-4230-4b25-baba-aa9afdf1f534 36cb207628f24e0bb91735a54da13e4f 9bbd05abb27045078316e40e7d0fef1e - - d806d7c638f94797abab49074542b48d d806d7c638f94797abab49074542b48d] 199.204.45.116 "GET /v2.0/networks/b473e7b1-08e1-4df5-9611-652f59a6e83e?fields=segments HTTP/1.1" status: 200 len: 212 time: 0.0629752
2026-07-02 06:18:09.484 10 WARNING neutron.scheduler.dhcp_agent_scheduler [None req-9079680e-c717-43c3-9478-be36613dc0d9 44f9fc947be441caab831b744dde8ad6 431f6c9a3dcd4add9521adb805be1cd6 - - default default] No more DHCP agents
2026-07-02 06:18:09.486 10 WARNING neutron.api.rpc.agentnotifiers.dhcp_rpc_agent_api [None req-9079680e-c717-43c3-9478-be36613dc0d9 44f9fc947be441caab831b744dde8ad6 431f6c9a3dcd4add9521adb805be1cd6 - - default default] Unable to schedule network 434026b2-6e27-4ded-bc50-5dd99f22e9f7: no agents available; will retry on subsequent port and subnet creation events.
2026-07-02 06:18:09.487 9 INFO neutron.wsgi [req-5f24d554-55ef-4608-9f95-848060ce127f req-4cbb41f8-5939-4ac7-a338-3bc7f4df9b50 36cb207628f24e0bb91735a54da13e4f 9bbd05abb27045078316e40e7d0fef1e - - d806d7c638f94797abab49074542b48d d806d7c638f94797abab49074542b48d] 199.204.45.116 "GET /v2.0/networks/b473e7b1-08e1-4df5-9611-652f59a6e83e?fields=provider%3Aphysical_network&fields=provider%3Anetwork_type HTTP/1.1" status: 200 len: 277 time: 0.0604861
2026-07-02 06:18:09.530 9 INFO neutron.db.ovn_revision_numbers_db [None req-85fb5db1-c7ae-4834-9647-4e63137cee84 03387d4563784a5b8503cb14f6bec95f 00ef10b6a21849e693ecb5d39ca009e8 - - default default] Successfully bumped revision number for resource d59a4d48-ac9f-4b82-ac2e-5ec4dcedfe59 (type: security_group_rules) to 0
2026-07-02 06:18:09.569 9 INFO neutron.wsgi [None req-85fb5db1-c7ae-4834-9647-4e63137cee84 03387d4563784a5b8503cb14f6bec95f 00ef10b6a21849e693ecb5d39ca009e8 - - default default] 10.0.0.113 "POST /v2.0/security-group-rules HTTP/1.1" status: 201 len: 764 time: 0.2479057
2026-07-02 06:18:09.584 9 WARNING neutron_lib.context [None req-c58b3055-a6fe-4861-bd04-8501b10f9af5 03387d4563784a5b8503cb14f6bec95f 00ef10b6a21849e693ecb5d39ca009e8 - - default default] Method 'is_advsvc' is deprecated since 2023.2 release (neutron-lib 3.8.0) and will be removed once support for the old RBAC API policies will be removed from Neutron. Please use method 'is_service_role' instead.
2026-07-02 06:18:09.595 9 INFO neutron.wsgi [req-c24bf041-7e43-4a8b-b45c-caaa5d2c1280 req-34e9c031-fb6b-4e0c-8e7d-4ca1a9380648 3cee25d04a2b4e548b5e69e6c09c7865 1c00a6d48ce34e64b287a0aacf1d3c58 - - default default] 10.0.0.239 "GET /v2.0/ports?device_id=e84c0379-a232-41d7-bd9f-8b6d56a0e6f3 HTTP/1.1" status: 200 len: 1174 time: 0.0465357
2026-07-02 06:18:09.659 9 INFO neutron.wsgi [req-c24bf041-7e43-4a8b-b45c-caaa5d2c1280 req-65050a38-f483-4023-96bb-11fee4ef4c22 3cee25d04a2b4e548b5e69e6c09c7865 1c00a6d48ce34e64b287a0aacf1d3c58 - - default default] 10.0.0.239 "GET /v2.0/security-groups?id=5c13786a-c4a5-4cf3-b77b-ab1e47f431b5&fields=id&fields=name HTTP/1.1" status: 200 len: 313 time: 0.0553498
2026-07-02 06:18:09.675 10 INFO neutron.db.ovn_revision_numbers_db [None req-9079680e-c717-43c3-9478-be36613dc0d9 44f9fc947be441caab831b744dde8ad6 431f6c9a3dcd4add9521adb805be1cd6 - - default default] Successfully bumped revision number for resource 823eb15e-cf98-4f03-b66c-20171db5312a (type: ports) to 1
2026-07-02 06:18:09.728 9 INFO neutron.db.ovn_revision_numbers_db [None req-c58b3055-a6fe-4861-bd04-8501b10f9af5 03387d4563784a5b8503cb14f6bec95f 00ef10b6a21849e693ecb5d39ca009e8 - - default default] Successfully bumped revision number for resource 9d6a8075-146d-42c4-8bfd-302f781f223a (type: security_group_rules) to 0
2026-07-02 06:18:09.759 9 INFO neutron.wsgi [None req-c58b3055-a6fe-4861-bd04-8501b10f9af5 03387d4563784a5b8503cb14f6bec95f 00ef10b6a21849e693ecb5d39ca009e8 - - default default] 10.0.0.113 "POST /v2.0/security-group-rules HTTP/1.1" status: 201 len: 769 time: 0.1822276
2026-07-02 06:18:09.770 9 WARNING neutron_lib.context [None req-cb7b438e-d563-45b0-a760-0e4a9d8d88db 03387d4563784a5b8503cb14f6bec95f 00ef10b6a21849e693ecb5d39ca009e8 - - default default] Method 'is_advsvc' is deprecated since 2023.2 release (neutron-lib 3.8.0) and will be removed once support for the old RBAC API policies will be removed from Neutron. Please use method 'is_service_role' instead.
2026-07-02 06:18:09.951 9 INFO neutron.wsgi [req-198cc8ef-810c-42d9-9c04-8f67937a4cf8 req-ea33cd4b-c01a-4302-b1f7-dbc8cc084418 3cee25d04a2b4e548b5e69e6c09c7865 1c00a6d48ce34e64b287a0aacf1d3c58 - - default default] 199.204.45.116 "GET /v2.0/ports?device_id=e84c0379-a232-41d7-bd9f-8b6d56a0e6f3 HTTP/1.1" status: 200 len: 1174 time: 0.0544443
2026-07-02 06:18:10.129 9 WARNING neutron.scheduler.dhcp_agent_scheduler [None req-cb7b438e-d563-45b0-a760-0e4a9d8d88db 03387d4563784a5b8503cb14f6bec95f 00ef10b6a21849e693ecb5d39ca009e8 - - default default] No more DHCP agents
2026-07-02 06:18:10.134 9 WARNING neutron.api.rpc.agentnotifiers.dhcp_rpc_agent_api [None req-cb7b438e-d563-45b0-a760-0e4a9d8d88db 03387d4563784a5b8503cb14f6bec95f 00ef10b6a21849e693ecb5d39ca009e8 - - default default] Unable to schedule network 434026b2-6e27-4ded-bc50-5dd99f22e9f7: no agents available; will retry on subsequent port and subnet creation events.
2026-07-02 06:18:10.473 10 INFO neutron.plugins.ml2.drivers.ovn.mech_driver.ovsdb.ovsdb_monitor [None req-94571ae6-e9e4-469d-92a0-64e83a90d050 - - - - - -] Router 2a988d6a-0880-41f7-b8c3-0bdd9f68127d is bound to host instance
2026-07-02 06:18:10.492 9 INFO neutron.db.l3_db [req-198cc8ef-810c-42d9-9c04-8f67937a4cf8 req-b9ccc0e7-ce67-4a27-9470-05b71dc3a26c 3cee25d04a2b4e548b5e69e6c09c7865 1c00a6d48ce34e64b287a0aacf1d3c58 - - default default] Floating IP 8102c9fb-b325-4990-98ec-1563e5852659 disassociated. External IP: 10.96.250.216, port: 5355b7e4-575c-46df-8bbd-9a09deb3343e.
2026-07-02 06:18:10.564 10 INFO neutron.db.ovn_revision_numbers_db [None req-9079680e-c717-43c3-9478-be36613dc0d9 44f9fc947be441caab831b744dde8ad6 431f6c9a3dcd4add9521adb805be1cd6 - - default default] Successfully bumped revision number for resource 823eb15e-cf98-4f03-b66c-20171db5312a (type: router_ports) to 1
2026-07-02 06:18:10.677 10 INFO neutron.db.ovn_revision_numbers_db [None req-9079680e-c717-43c3-9478-be36613dc0d9 44f9fc947be441caab831b744dde8ad6 431f6c9a3dcd4add9521adb805be1cd6 - - default default] Successfully bumped revision number for resource 2a988d6a-0880-41f7-b8c3-0bdd9f68127d (type: routers) to 2
2026-07-02 06:18:10.694 10 INFO neutron.wsgi [None req-9079680e-c717-43c3-9478-be36613dc0d9 44f9fc947be441caab831b744dde8ad6 431f6c9a3dcd4add9521adb805be1cd6 - - default default] 10.0.0.113 "POST /v2.0/routers HTTP/1.1" status: 201 len: 878 time: 1.7249966
2026-07-02 06:18:10.728 9 INFO neutron.wsgi [req-198cc8ef-810c-42d9-9c04-8f67937a4cf8 req-b9ccc0e7-ce67-4a27-9470-05b71dc3a26c 3cee25d04a2b4e548b5e69e6c09c7865 1c00a6d48ce34e64b287a0aacf1d3c58 - - default default] 199.204.45.116 "DELETE /v2.0/ports/5355b7e4-575c-46df-8bbd-9a09deb3343e HTTP/1.1" status: 204 len: 173 time: 0.7699056
2026-07-02 06:18:10.771 9 INFO neutron.db.ovn_revision_numbers_db [None req-cb7b438e-d563-45b0-a760-0e4a9d8d88db 03387d4563784a5b8503cb14f6bec95f 00ef10b6a21849e693ecb5d39ca009e8 - - default default] Successfully bumped revision number for resource 9d1906b1-5b91-47ff-8c12-57de6e49f777 (type: floatingips) to 0
2026-07-02 06:18:10.775 9 INFO neutron.wsgi [req-7e38ab2d-971c-44f5-8036-2d3deb8a2574 req-ae55be27-0fcc-4a03-9f8e-596250014924 3cee25d04a2b4e548b5e69e6c09c7865 1c00a6d48ce34e64b287a0aacf1d3c58 - - default default] 10.0.0.239 "GET /v2.0/ports?device_id=e84c0379-a232-41d7-bd9f-8b6d56a0e6f3 HTTP/1.1" status: 200 len: 210 time: 0.0246344
2026-07-02 06:18:10.788 9 INFO neutron.wsgi [None req-cb7b438e-d563-45b0-a760-0e4a9d8d88db 03387d4563784a5b8503cb14f6bec95f 00ef10b6a21849e693ecb5d39ca009e8 - - default default] 10.0.0.113 "POST /v2.0/floatingips HTTP/1.1" status: 201 len: 751 time: 1.0247157
2026-07-02 06:18:11.061 9 INFO neutron.notifiers.nova [-] Nova event matching ['req-ca98e013-30f3-45db-9c4d-25f112a10cdd'] response: {'server_uuid': 'e84c0379-a232-41d7-bd9f-8b6d56a0e6f3', 'name': 'network-vif-deleted', 'tag': '5355b7e4-575c-46df-8bbd-9a09deb3343e', 'status': 'completed', 'code': 200}
2026-07-02 06:18:11.193 10 INFO neutron.db.ovn_revision_numbers_db [None req-94571ae6-e9e4-469d-92a0-64e83a90d050 - - - - - -] Successfully bumped revision number for resource 823eb15e-cf98-4f03-b66c-20171db5312a (type: ports) to 1
2026-07-02 06:18:11.292 9 INFO neutron.wsgi [req-24178c61-31c9-4d5c-883c-2597fcdd09ab req-4f0e85ee-4b41-457d-8edb-b965ea32d4d8 03387d4563784a5b8503cb14f6bec95f 00ef10b6a21849e693ecb5d39ca009e8 - - default default] 10.0.0.239 "GET /v2.0/security-groups?name=tempest-securitygroup--2047056615&fields=id&tenant_id=00ef10b6a21849e693ecb5d39ca009e8 HTTP/1.1" status: 200 len: 267 time: 0.0656614
2026-07-02 06:18:11.347 10 WARNING neutron.scheduler.dhcp_agent_scheduler [None req-32ac1ee3-f08e-47f3-96f7-16d4c122dfef 44f9fc947be441caab831b744dde8ad6 431f6c9a3dcd4add9521adb805be1cd6 - - default default] No more DHCP agents
2026-07-02 06:18:11.352 10 WARNING neutron.api.rpc.agentnotifiers.dhcp_rpc_agent_api [None req-32ac1ee3-f08e-47f3-96f7-16d4c122dfef 44f9fc947be441caab831b744dde8ad6 431f6c9a3dcd4add9521adb805be1cd6 - - default default] Unable to schedule network 78b1a37b-350d-4abd-9dce-4ef05913e5bf: no agents available; will retry on subsequent port and subnet creation events.
2026-07-02 06:18:11.375 9 INFO neutron.wsgi [req-24178c61-31c9-4d5c-883c-2597fcdd09ab req-2db7086b-b08a-4a80-8307-3688c65663c7 03387d4563784a5b8503cb14f6bec95f 00ef10b6a21849e693ecb5d39ca009e8 - - default default] 10.0.0.239 "GET /v2.0/networks?id=77091bc5-a0af-4305-ae1d-d08308ad9994 HTTP/1.1" status: 200 len: 869 time: 0.0696583
2026-07-02 06:18:11.391 9 INFO neutron.wsgi [req-24178c61-31c9-4d5c-883c-2597fcdd09ab req-0eb56073-45b2-4ca9-aca6-e134f9c06440 03387d4563784a5b8503cb14f6bec95f 00ef10b6a21849e693ecb5d39ca009e8 - - default default] 10.0.0.239 "GET /v2.0/quotas/00ef10b6a21849e693ecb5d39ca009e8 HTTP/1.1" status: 200 len: 386 time: 0.0088792
2026-07-02 06:18:11.477 9 INFO neutron.wsgi [req-24178c61-31c9-4d5c-883c-2597fcdd09ab req-5394861e-5bc0-4879-835a-bdc69d10b1d0 03387d4563784a5b8503cb14f6bec95f 00ef10b6a21849e693ecb5d39ca009e8 - - default default] 10.0.0.239 "GET /v2.0/ports?tenant_id=00ef10b6a21849e693ecb5d39ca009e8&fields=id HTTP/1.1" status: 200 len: 302 time: 0.0804675
2026-07-02 06:18:11.553 9 INFO neutron.wsgi [req-24178c61-31c9-4d5c-883c-2597fcdd09ab req-09d308da-3068-42bb-a1e9-fb215bad3dba 36cb207628f24e0bb91735a54da13e4f 9bbd05abb27045078316e40e7d0fef1e - - d806d7c638f94797abab49074542b48d d806d7c638f94797abab49074542b48d] 10.0.0.239 "GET /v2.0/networks/77091bc5-a0af-4305-ae1d-d08308ad9994?fields=segments HTTP/1.1" status: 200 len: 212 time: 0.0607822
2026-07-02 06:18:11.626 9 INFO neutron.wsgi [req-24178c61-31c9-4d5c-883c-2597fcdd09ab req-e3476050-e634-4762-a6fd-aaeaebe70d98 36cb207628f24e0bb91735a54da13e4f 9bbd05abb27045078316e40e7d0fef1e - - d806d7c638f94797abab49074542b48d d806d7c638f94797abab49074542b48d] 10.0.0.239 "GET /v2.0/networks/77091bc5-a0af-4305-ae1d-d08308ad9994?fields=provider%3Aphysical_network&fields=provider%3Anetwork_type HTTP/1.1" status: 200 len: 277 time: 0.0653923
2026-07-02 06:18:11.717 10 INFO neutron.db.ovn_revision_numbers_db [None req-94571ae6-e9e4-469d-92a0-64e83a90d050 - - - - - -] Successfully bumped revision number for resource 823eb15e-cf98-4f03-b66c-20171db5312a (type: router_ports) to 3
2026-07-02 06:18:11.792 10 INFO neutron.db.ovn_revision_numbers_db [None req-32ac1ee3-f08e-47f3-96f7-16d4c122dfef 44f9fc947be441caab831b744dde8ad6 431f6c9a3dcd4add9521adb805be1cd6 - - default default] Successfully bumped revision number for resource d88da5f7-7ef1-4200-a041-779d7309de28 (type: ports) to 1
2026-07-02 06:18:11.861 9 INFO neutron.wsgi [req-406447fe-03ee-4e0e-9276-cd89295b9d75 req-5f7eae7d-1ac9-4046-a0cf-565e330904df 03387d4563784a5b8503cb14f6bec95f 00ef10b6a21849e693ecb5d39ca009e8 - - default default] 10.0.0.239 "GET /v2.0/ports?device_id=ed3dd79e-e199-4a1e-9c39-a0329e54e853 HTTP/1.1" status: 200 len: 210 time: 0.0273716
2026-07-02 06:18:11.951 10 INFO neutron.db.ovn_revision_numbers_db [None req-94571ae6-e9e4-469d-92a0-64e83a90d050 - - - - - -] Successfully bumped revision number for resource 823eb15e-cf98-4f03-b66c-20171db5312a (type: ports) to 2
2026-07-02 06:18:11.974 9 WARNING neutron.plugins.ml2.drivers.ovn.mech_driver.ovsdb.ovn_client [None req-474cecf2-bd82-41f3-916e-ad8bc4a73b8f - - - - - -] No hosting information found for port b182eada-c601-442a-b1c5-706eca9d3707: RuntimeError: No hosting information found for port b182eada-c601-442a-b1c5-706eca9d3707
2026-07-02 06:18:12.007 9 INFO neutron.plugins.ml2.drivers.ovn.mech_driver.mech_driver [None req-474cecf2-bd82-41f3-916e-ad8bc4a73b8f - - - - - -] OVN reports status down for port: 5355b7e4-575c-46df-8bbd-9a09deb3343e
2026-07-02 06:18:12.027 9 INFO neutron.plugins.ml2.drivers.ovn.mech_driver.mech_driver [None req-474cecf2-bd82-41f3-916e-ad8bc4a73b8f - - - - - -] OVN reports status up for port: 823eb15e-cf98-4f03-b66c-20171db5312a
2026-07-02 06:18:12.059 9 INFO neutron.plugins.ml2.plugin [None req-474cecf2-bd82-41f3-916e-ad8bc4a73b8f - - - - - -] Attempt 1 to provision port 823eb15e-cf98-4f03-b66c-20171db5312a
2026-07-02 06:18:12.086 9 INFO neutron.wsgi [None req-ef163cf2-bb48-466a-9d07-32c1a7e476be 3cee25d04a2b4e548b5e69e6c09c7865 1c00a6d48ce34e64b287a0aacf1d3c58 - - default default] 10.0.0.113 "DELETE /v2.0/security-groups/5c13786a-c4a5-4cf3-b77b-ab1e47f431b5 HTTP/1.1" status: 204 len: 168 time: 0.2100937
2026-07-02 06:18:12.114 10 INFO neutron.api.v2.resource [None req-94a8b422-4507-41ff-b331-75e158d30b9a 3cee25d04a2b4e548b5e69e6c09c7865 1c00a6d48ce34e64b287a0aacf1d3c58 - - default default] show failed (client error): The resource could not be found.
2026-07-02 06:18:12.115 10 INFO neutron.wsgi [None req-94a8b422-4507-41ff-b331-75e158d30b9a 3cee25d04a2b4e548b5e69e6c09c7865 1c00a6d48ce34e64b287a0aacf1d3c58 - - default default] 10.0.0.113 "GET /v2.0/security-groups/5c13786a-c4a5-4cf3-b77b-ab1e47f431b5 HTTP/1.1" status: 404 len: 347 time: 0.0228012 /var/lib/openstack/lib/python3.10/site-packages/pycadf/identifier.py:71: UserWarning: Invalid uuid: neutron. To ensure interoperability, identifiers should be a valid uuid. warnings.warn(('Invalid uuid: %s. To ensure interoperability, '
2026-07-02 06:18:12.363 10 INFO neutron.db.ovn_revision_numbers_db [None req-94571ae6-e9e4-469d-92a0-64e83a90d050 - - - - - -] Successfully bumped revision number for resource 823eb15e-cf98-4f03-b66c-20171db5312a (type: ports) to 4
2026-07-02 06:18:12.373 9 INFO neutron.plugins.ml2.drivers.ovn.mech_driver.mech_driver [None req-474cecf2-bd82-41f3-916e-ad8bc4a73b8f - - - - - -] OVN reports status up for port: d88da5f7-7ef1-4200-a041-779d7309de28
2026-07-02 06:18:12.385 9 INFO neutron.plugins.ml2.plugin [None req-474cecf2-bd82-41f3-916e-ad8bc4a73b8f - - - - - -] Attempt 1 to provision port d88da5f7-7ef1-4200-a041-779d7309de28
2026-07-02 06:18:12.437 10 INFO neutron.db.ovn_revision_numbers_db [None req-32ac1ee3-f08e-47f3-96f7-16d4c122dfef 44f9fc947be441caab831b744dde8ad6 431f6c9a3dcd4add9521adb805be1cd6 - - default default] Successfully bumped revision number for resource d88da5f7-7ef1-4200-a041-779d7309de28 (type: router_ports) to 1 /var/lib/openstack/lib/python3.10/site-packages/pycadf/identifier.py:71: UserWarning: Invalid uuid: neutron. To ensure interoperability, identifiers should be a valid uuid. warnings.warn(('Invalid uuid: %s. To ensure interoperability, '
2026-07-02 06:18:12.654 9 INFO neutron.wsgi [req-24178c61-31c9-4d5c-883c-2597fcdd09ab req-19c205f2-1812-40db-8738-2cfb7fd7744b 03387d4563784a5b8503cb14f6bec95f 00ef10b6a21849e693ecb5d39ca009e8 - - default default] 199.204.45.116 "GET /v2.0/networks?id=77091bc5-a0af-4305-ae1d-d08308ad9994 HTTP/1.1" status: 200 len: 869 time: 0.1245015
2026-07-02 06:18:12.671 10 INFO neutron.db.ovn_revision_numbers_db [None req-32ac1ee3-f08e-47f3-96f7-16d4c122dfef 44f9fc947be441caab831b744dde8ad6 431f6c9a3dcd4add9521adb805be1cd6 - - default default] Successfully bumped revision number for resource d88da5f7-7ef1-4200-a041-779d7309de28 (type: ports) to 1
2026-07-02 06:18:12.683 10 INFO neutron.db.ovn_revision_numbers_db [None req-94571ae6-e9e4-469d-92a0-64e83a90d050 - - - - - -] Successfully bumped revision number for resource 823eb15e-cf98-4f03-b66c-20171db5312a (type: router_ports) to 4
2026-07-02 06:18:12.688 9 INFO neutron.wsgi [None req-2427f554-2bbb-4def-8b99-941810d620cd 3cee25d04a2b4e548b5e69e6c09c7865 1c00a6d48ce34e64b287a0aacf1d3c58 - - default default] 10.0.0.113 "DELETE /v2.0/floatingips/8102c9fb-b325-4990-98ec-1563e5852659 HTTP/1.1" status: 204 len: 168 time: 0.5638082
2026-07-02 06:18:12.791 10 WARNING neutron.scheduler.dhcp_agent_scheduler [None req-32ac1ee3-f08e-47f3-96f7-16d4c122dfef 44f9fc947be441caab831b744dde8ad6 431f6c9a3dcd4add9521adb805be1cd6 - - default default] No more DHCP agents
2026-07-02 06:18:12.794 10 WARNING neutron.api.rpc.agentnotifiers.dhcp_rpc_agent_api [None req-32ac1ee3-f08e-47f3-96f7-16d4c122dfef 44f9fc947be441caab831b744dde8ad6 431f6c9a3dcd4add9521adb805be1cd6 - - default default] Unable to schedule network 78b1a37b-350d-4abd-9dce-4ef05913e5bf: no agents available; will retry on subsequent port and subnet creation events.
2026-07-02 06:18:13.020 9 INFO neutron.wsgi [req-f6b74251-c4a3-44ef-8d92-24809666585e req-cded4fff-9ee3-4672-a36e-d3c00d6a1e4f 03387d4563784a5b8503cb14f6bec95f 00ef10b6a21849e693ecb5d39ca009e8 - - default default] 10.0.0.239 "GET /v2.0/ports?device_id=ed3dd79e-e199-4a1e-9c39-a0329e54e853 HTTP/1.1" status: 200 len: 210 time: 0.0474405
2026-07-02 06:18:13.071 9 INFO neutron.wsgi [req-24178c61-31c9-4d5c-883c-2597fcdd09ab req-87f834f4-4087-4fbe-a60c-1f1fbd26a4b3 03387d4563784a5b8503cb14f6bec95f 00ef10b6a21849e693ecb5d39ca009e8 - - default default] 199.204.45.116 "GET /v2.0/security-groups?fields=id&fields=name&tenant_id=00ef10b6a21849e693ecb5d39ca009e8 HTTP/1.1" status: 200 len: 380 time: 0.0978439
2026-07-02 06:18:13.090 9 WARNING neutron_lib.context [req-24178c61-31c9-4d5c-883c-2597fcdd09ab req-8bd9c71a-4c39-41f1-9736-29418abbc5ba 03387d4563784a5b8503cb14f6bec95f 00ef10b6a21849e693ecb5d39ca009e8 - - default default] Method 'is_advsvc' is deprecated since 2023.2 release (neutron-lib 3.8.0) and will be removed once support for the old RBAC API policies will be removed from Neutron. Please use method 'is_service_role' instead.
2026-07-02 06:18:13.111 9 INFO neutron.db.ovn_revision_numbers_db [None req-474cecf2-bd82-41f3-916e-ad8bc4a73b8f - - - - - -] Successfully bumped revision number for resource d88da5f7-7ef1-4200-a041-779d7309de28 (type: ports) to 2
2026-07-02 06:18:13.282 9 INFO neutron.db.ovn_revision_numbers_db [None req-474cecf2-bd82-41f3-916e-ad8bc4a73b8f - - - - - -] Successfully bumped revision number for resource d88da5f7-7ef1-4200-a041-779d7309de28 (type: router_ports) to 2
2026-07-02 06:18:13.616 9 WARNING neutron.scheduler.dhcp_agent_scheduler [req-24178c61-31c9-4d5c-883c-2597fcdd09ab req-8bd9c71a-4c39-41f1-9736-29418abbc5ba 03387d4563784a5b8503cb14f6bec95f 00ef10b6a21849e693ecb5d39ca009e8 - - default default] No more DHCP agents
2026-07-02 06:18:13.619 9 WARNING neutron.api.rpc.agentnotifiers.dhcp_rpc_agent_api [req-24178c61-31c9-4d5c-883c-2597fcdd09ab req-8bd9c71a-4c39-41f1-9736-29418abbc5ba 03387d4563784a5b8503cb14f6bec95f 00ef10b6a21849e693ecb5d39ca009e8 - - default default] Unable to schedule network 77091bc5-a0af-4305-ae1d-d08308ad9994: no agents available; will retry on subsequent port and subnet creation events.
2026-07-02 06:18:13.847 9 INFO neutron.db.ovn_revision_numbers_db [req-24178c61-31c9-4d5c-883c-2597fcdd09ab req-8bd9c71a-4c39-41f1-9736-29418abbc5ba 03387d4563784a5b8503cb14f6bec95f 00ef10b6a21849e693ecb5d39ca009e8 - - default default] Successfully bumped revision number for resource 44182142-b21b-491e-8f22-ae8925997ed0 (type: ports) to 1
2026-07-02 06:18:13.897 9 INFO neutron.wsgi [req-24178c61-31c9-4d5c-883c-2597fcdd09ab req-8bd9c71a-4c39-41f1-9736-29418abbc5ba 03387d4563784a5b8503cb14f6bec95f 00ef10b6a21849e693ecb5d39ca009e8 - - default default] 199.204.45.116 "POST /v2.0/ports HTTP/1.1" status: 201 len: 1162 time: 0.8194265 /var/lib/openstack/lib/python3.10/site-packages/pycadf/identifier.py:71: UserWarning: Invalid uuid: neutron. To ensure interoperability, identifiers should be a valid uuid. warnings.warn(('Invalid uuid: %s. To ensure interoperability, '
2026-07-02 06:18:13.991 10 INFO neutron.db.ovn_revision_numbers_db [None req-32ac1ee3-f08e-47f3-96f7-16d4c122dfef 44f9fc947be441caab831b744dde8ad6 431f6c9a3dcd4add9521adb805be1cd6 - - default default] Successfully bumped revision number for resource d88da5f7-7ef1-4200-a041-779d7309de28 (type: router_ports) to 2
2026-07-02 06:18:13.994 10 INFO neutron.wsgi [None req-32ac1ee3-f08e-47f3-96f7-16d4c122dfef 44f9fc947be441caab831b744dde8ad6 431f6c9a3dcd4add9521adb805be1cd6 - - default default] 10.0.0.113 "PUT /v2.0/routers/2a988d6a-0880-41f7-b8c3-0bdd9f68127d/add_router_interface HTTP/1.1" status: 200 len: 503 time: 3.2863007
2026-07-02 06:18:14.159 9 INFO neutron.wsgi [req-da51e8de-6677-4cb3-81fb-0358d435b684 req-f6ec9a0b-1912-4ecf-8008-b52c7d8b0909 03387d4563784a5b8503cb14f6bec95f 00ef10b6a21849e693ecb5d39ca009e8 - - default default] 10.0.0.239 "GET /v2.0/ports?device_id=ed3dd79e-e199-4a1e-9c39-a0329e54e853 HTTP/1.1" status: 200 len: 1160 time: 0.0731916
2026-07-02 06:18:14.245 9 INFO neutron.wsgi [req-da51e8de-6677-4cb3-81fb-0358d435b684 req-e6403106-087c-4a88-be0a-ff5d2a45cb92 03387d4563784a5b8503cb14f6bec95f 00ef10b6a21849e693ecb5d39ca009e8 - - default default] 10.0.0.239 "GET /v2.0/security-groups?id=4e0005ed-dc24-4795-aae4-142504ca5c1b&fields=id&fields=name HTTP/1.1" status: 200 len: 313 time: 0.0679007
2026-07-02 06:18:14.611 9 INFO neutron.db.ovn_revision_numbers_db [req-24178c61-31c9-4d5c-883c-2597fcdd09ab req-7fc01da5-b61e-4dd5-a06b-6b9aa7a403d0 36cb207628f24e0bb91735a54da13e4f 9bbd05abb27045078316e40e7d0fef1e - - d806d7c638f94797abab49074542b48d d806d7c638f94797abab49074542b48d] Successfully bumped revision number for resource 44182142-b21b-491e-8f22-ae8925997ed0 (type: ports) to 2 /var/lib/openstack/lib/python3.10/site-packages/pycadf/identifier.py:71: UserWarning: Invalid uuid: neutron. To ensure interoperability, identifiers should be a valid uuid. warnings.warn(('Invalid uuid: %s. To ensure interoperability, '
2026-07-02 06:18:14.993 9 INFO neutron.wsgi [req-d49f35a6-6e7f-410c-b189-8db4b29974e3 req-a1b2f2f3-53a9-4259-8bf0-fd43e4919026 1865aeade7d54b8da085562f2fcf6aa6 d9b7657ae60d46439be2c6d51b63eda8 - - default default] 10.0.0.239 "GET /v2.0/networks?id=78b1a37b-350d-4abd-9dce-4ef05913e5bf HTTP/1.1" status: 200 len: 876 time: 0.1037276
2026-07-02 06:18:15.022 9 INFO neutron.wsgi [req-d49f35a6-6e7f-410c-b189-8db4b29974e3 req-4da0baf1-faf2-4d73-8132-c1b3f2a4f683 1865aeade7d54b8da085562f2fcf6aa6 d9b7657ae60d46439be2c6d51b63eda8 - - default default] 10.0.0.239 "GET /v2.0/quotas/d9b7657ae60d46439be2c6d51b63eda8 HTTP/1.1" status: 200 len: 386 time: 0.0232768
2026-07-02 06:18:15.205 9 INFO neutron.wsgi [req-d49f35a6-6e7f-410c-b189-8db4b29974e3 req-29aed871-b532-49e0-92fe-042b54daac6b 1865aeade7d54b8da085562f2fcf6aa6 d9b7657ae60d46439be2c6d51b63eda8 - - default default] 10.0.0.239 "GET /v2.0/ports?tenant_id=d9b7657ae60d46439be2c6d51b63eda8&fields=id HTTP/1.1" status: 200 len: 302 time: 0.1743670
2026-07-02 06:18:15.211 9 INFO neutron.wsgi [None req-c4b379e7-9e63-4284-99bf-c5908665af38 44f9fc947be441caab831b744dde8ad6 431f6c9a3dcd4add9521adb805be1cd6 - - default default] 10.0.0.113 "PUT /v2.0/routers/2a04d3cc-fd92-4eaa-8f22-a37946fffa5e/remove_router_interface HTTP/1.1" status: 200 len: 503 time: 2.5115256 /var/lib/openstack/lib/python3.10/site-packages/pycadf/identifier.py:71: UserWarning: Invalid uuid: neutron. To ensure interoperability, identifiers should be a valid uuid. warnings.warn(('Invalid uuid: %s. To ensure interoperability, '
2026-07-02 06:18:15.297 9 INFO neutron.db.ovn_revision_numbers_db [req-24178c61-31c9-4d5c-883c-2597fcdd09ab req-7fc01da5-b61e-4dd5-a06b-6b9aa7a403d0 36cb207628f24e0bb91735a54da13e4f 9bbd05abb27045078316e40e7d0fef1e - - d806d7c638f94797abab49074542b48d d806d7c638f94797abab49074542b48d] Successfully bumped revision number for resource 44182142-b21b-491e-8f22-ae8925997ed0 (type: ports) to 2
2026-07-02 06:18:15.348 9 INFO neutron.wsgi [req-24178c61-31c9-4d5c-883c-2597fcdd09ab req-7fc01da5-b61e-4dd5-a06b-6b9aa7a403d0 36cb207628f24e0bb91735a54da13e4f 9bbd05abb27045078316e40e7d0fef1e - - d806d7c638f94797abab49074542b48d d806d7c638f94797abab49074542b48d] 199.204.45.116 "PUT /v2.0/ports/44182142-b21b-491e-8f22-ae8925997ed0 HTTP/1.1" status: 200 len: 1380 time: 1.4314785
2026-07-02 06:18:15.360 9 INFO neutron.wsgi [req-d49f35a6-6e7f-410c-b189-8db4b29974e3 req-5f08bc3d-b38d-46b5-a5ff-3e595de08ee0 36cb207628f24e0bb91735a54da13e4f 9bbd05abb27045078316e40e7d0fef1e - - d806d7c638f94797abab49074542b48d d806d7c638f94797abab49074542b48d] 10.0.0.239 "GET /v2.0/networks/78b1a37b-350d-4abd-9dce-4ef05913e5bf?fields=segments HTTP/1.1" status: 200 len: 212 time: 0.1399519
2026-07-02 06:18:15.438 9 INFO neutron.wsgi [req-0efd0beb-e388-4fa6-954a-404638ead7cd req-70162b44-47d5-4dba-be60-f154afb39eeb 03387d4563784a5b8503cb14f6bec95f 00ef10b6a21849e693ecb5d39ca009e8 - - default default] 10.0.0.239 "GET /v2.0/ports?device_id=ed3dd79e-e199-4a1e-9c39-a0329e54e853 HTTP/1.1" status: 200 len: 1172 time: 0.1126437
2026-07-02 06:18:15.478 9 INFO neutron.wsgi [req-24178c61-31c9-4d5c-883c-2597fcdd09ab req-cfb724b3-f411-485b-b1e9-19c7e3b640c5 36cb207628f24e0bb91735a54da13e4f 9bbd05abb27045078316e40e7d0fef1e - - d806d7c638f94797abab49074542b48d d806d7c638f94797abab49074542b48d] 199.204.45.116 "GET /v2.0/ports?tenant_id=00ef10b6a21849e693ecb5d39ca009e8&device_id=ed3dd79e-e199-4a1e-9c39-a0329e54e853 HTTP/1.1" status: 200 len: 1411 time: 0.0829802
2026-07-02 06:18:15.530 9 INFO neutron.wsgi [req-d49f35a6-6e7f-410c-b189-8db4b29974e3 req-19eb9e86-e8d8-4f33-8e11-cb201a59f921 36cb207628f24e0bb91735a54da13e4f 9bbd05abb27045078316e40e7d0fef1e - - d806d7c638f94797abab49074542b48d d806d7c638f94797abab49074542b48d] 10.0.0.239 "GET /v2.0/networks/78b1a37b-350d-4abd-9dce-4ef05913e5bf?fields=provider%3Aphysical_network&fields=provider%3Anetwork_type HTTP/1.1" status: 200 len: 277 time: 0.1596899
2026-07-02 06:18:15.546 9 INFO neutron.wsgi [req-24178c61-31c9-4d5c-883c-2597fcdd09ab req-85f788b3-ba44-4b48-b3fe-1b829c2fcbde 36cb207628f24e0bb91735a54da13e4f 9bbd05abb27045078316e40e7d0fef1e - - d806d7c638f94797abab49074542b48d d806d7c638f94797abab49074542b48d] 199.204.45.116 "GET /v2.0/floatingips?fixed_ip_address=10.100.0.13&port_id=44182142-b21b-491e-8f22-ae8925997ed0 HTTP/1.1" status: 200 len: 217 time: 0.0592198
2026-07-02 06:18:15.549 9 INFO neutron.wsgi [req-0efd0beb-e388-4fa6-954a-404638ead7cd req-93a27b93-f60b-492f-8b85-53ed00ee70c5 03387d4563784a5b8503cb14f6bec95f 00ef10b6a21849e693ecb5d39ca009e8 - - default default] 10.0.0.239 "GET /v2.0/security-groups?id=4e0005ed-dc24-4795-aae4-142504ca5c1b&fields=id&fields=name HTTP/1.1" status: 200 len: 313 time: 0.1042495
2026-07-02 06:18:15.566 9 INFO neutron.wsgi [req-afcdc7d3-10ea-4bf9-86aa-3093cb8e245d req-1d64266d-9e54-431e-ba37-b2db6934a879 36cb207628f24e0bb91735a54da13e4f 9bbd05abb27045078316e40e7d0fef1e - - d806d7c638f94797abab49074542b48d d806d7c638f94797abab49074542b48d] 10.0.0.57 "GET /v2.0/ports?device_id=533ced9e-e86e-4e96-9157-8ceba633e97a HTTP/1.1" status: 200 len: 1409 time: 0.2085683
2026-07-02 06:18:15.593 9 INFO neutron.notifiers.nova [-] Nova event matching ['req-1d0317e4-26f7-413f-9352-f427821abf02'] response: {'name': 'network-changed', 'server_uuid': 'ed3dd79e-e199-4a1e-9c39-a0329e54e853', 'tag': '44182142-b21b-491e-8f22-ae8925997ed0', 'status': 'completed', 'code': 200}
2026-07-02 06:18:15.610 9 INFO neutron.wsgi [req-24178c61-31c9-4d5c-883c-2597fcdd09ab req-e5673a9e-9440-4fa5-bfd0-d24d780ac169 36cb207628f24e0bb91735a54da13e4f 9bbd05abb27045078316e40e7d0fef1e - - d806d7c638f94797abab49074542b48d d806d7c638f94797abab49074542b48d] 199.204.45.116 "GET /v2.0/subnets?id=dbf31aba-c61c-40b9-a24c-7cb747796515 HTTP/1.1" status: 200 len: 863 time: 0.0590103
2026-07-02 06:18:15.641 9 INFO neutron.wsgi [req-afcdc7d3-10ea-4bf9-86aa-3093cb8e245d req-9830a2af-51ab-464c-8bee-d954340ce802 36cb207628f24e0bb91735a54da13e4f 9bbd05abb27045078316e40e7d0fef1e - - d806d7c638f94797abab49074542b48d d806d7c638f94797abab49074542b48d] 10.0.0.57 "GET /v2.0/security-groups?id=40d546e4-13bd-4abf-ae19-c40eb108821c&fields=id&fields=name HTTP/1.1" status: 200 len: 311 time: 0.0673230
2026-07-02 06:18:15.643 9 INFO neutron.wsgi [req-24178c61-31c9-4d5c-883c-2597fcdd09ab req-8c475b46-9b3d-4e21-87b4-ca1161c51cfe 36cb207628f24e0bb91735a54da13e4f 9bbd05abb27045078316e40e7d0fef1e - - d806d7c638f94797abab49074542b48d d806d7c638f94797abab49074542b48d] 199.204.45.116 "GET /v2.0/ports?network_id=77091bc5-a0af-4305-ae1d-d08308ad9994&device_owner=network%3Adhcp HTTP/1.1" status: 200 len: 210 time: 0.0261736
2026-07-02 06:18:15.704 9 INFO neutron.wsgi [req-d7d8fb37-3685-4d6f-b6f7-be9acdbc3aac req-645df550-b254-4e3a-8d05-7ad32cb8429f 1865aeade7d54b8da085562f2fcf6aa6 d9b7657ae60d46439be2c6d51b63eda8 - - default default] 10.0.0.239 "GET /v2.0/ports?device_id=f9ad85c9-d2e5-4e86-b6c0-dd79a22fbf40 HTTP/1.1" status: 200 len: 210 time: 0.0296757
2026-07-02 06:18:15.731 9 INFO neutron.wsgi [req-24178c61-31c9-4d5c-883c-2597fcdd09ab req-8a1a72b9-a637-4ee4-a252-bfa6c8acb5e7 36cb207628f24e0bb91735a54da13e4f 9bbd05abb27045078316e40e7d0fef1e - - d806d7c638f94797abab49074542b48d d806d7c638f94797abab49074542b48d] 199.204.45.116 "GET /v2.0/networks/77091bc5-a0af-4305-ae1d-d08308ad9994?fields=segments HTTP/1.1" status: 200 len: 212 time: 0.0785244
2026-07-02 06:18:15.810 9 INFO neutron.wsgi [req-24178c61-31c9-4d5c-883c-2597fcdd09ab req-806f33f5-049d-406f-844d-006745912058 36cb207628f24e0bb91735a54da13e4f 9bbd05abb27045078316e40e7d0fef1e - - d806d7c638f94797abab49074542b48d d806d7c638f94797abab49074542b48d] 199.204.45.116 "GET /v2.0/networks/77091bc5-a0af-4305-ae1d-d08308ad9994?fields=provider%3Aphysical_network&fields=provider%3Anetwork_type HTTP/1.1" status: 200 len: 277 time: 0.0736361
2026-07-02 06:18:15.900 9 INFO neutron.wsgi [req-771ca461-668f-495f-b3b7-457bff70fc57 req-8ea603dc-4321-43c7-8b98-bada989cedd1 36cb207628f24e0bb91735a54da13e4f 9bbd05abb27045078316e40e7d0fef1e - - d806d7c638f94797abab49074542b48d d806d7c638f94797abab49074542b48d] 199.204.45.116 "GET /v2.0/ports?tenant_id=00ef10b6a21849e693ecb5d39ca009e8&device_id=ed3dd79e-e199-4a1e-9c39-a0329e54e853 HTTP/1.1" status: 200 len: 1411 time: 0.0488737
2026-07-02 06:18:15.984 9 INFO neutron.wsgi [req-771ca461-668f-495f-b3b7-457bff70fc57 req-43a7cbbf-fd69-4ce0-9444-f2d60ce4a81d 36cb207628f24e0bb91735a54da13e4f 9bbd05abb27045078316e40e7d0fef1e - - d806d7c638f94797abab49074542b48d d806d7c638f94797abab49074542b48d] 199.204.45.116 "GET /v2.0/networks?id=77091bc5-a0af-4305-ae1d-d08308ad9994 HTTP/1.1" status: 200 len: 967 time: 0.0784585
2026-07-02 06:18:16.034 9 INFO neutron.wsgi [req-771ca461-668f-495f-b3b7-457bff70fc57 req-f5bb8468-32cb-4dd3-9252-ce0ba745d4bf 36cb207628f24e0bb91735a54da13e4f 9bbd05abb27045078316e40e7d0fef1e - - d806d7c638f94797abab49074542b48d d806d7c638f94797abab49074542b48d] 199.204.45.116 "GET /v2.0/floatingips?fixed_ip_address=10.100.0.13&port_id=44182142-b21b-491e-8f22-ae8925997ed0 HTTP/1.1" status: 200 len: 217 time: 0.0417583
2026-07-02 06:18:16.086 9 INFO neutron.wsgi [req-771ca461-668f-495f-b3b7-457bff70fc57 req-53fea109-8a38-4f89-9cce-d96141b6ab8f 36cb207628f24e0bb91735a54da13e4f 9bbd05abb27045078316e40e7d0fef1e - - d806d7c638f94797abab49074542b48d d806d7c638f94797abab49074542b48d] 199.204.45.116 "GET /v2.0/subnets?id=dbf31aba-c61c-40b9-a24c-7cb747796515 HTTP/1.1" status: 200 len: 863 time: 0.0477080
2026-07-02 06:18:16.124 9 INFO neutron.wsgi [req-771ca461-668f-495f-b3b7-457bff70fc57 req-8c920fa6-3eae-4213-a5e6-482bf1b40723 36cb207628f24e0bb91735a54da13e4f 9bbd05abb27045078316e40e7d0fef1e - - d806d7c638f94797abab49074542b48d d806d7c638f94797abab49074542b48d] 199.204.45.116 "GET /v2.0/ports?network_id=77091bc5-a0af-4305-ae1d-d08308ad9994&device_owner=network%3Adhcp HTTP/1.1" status: 200 len: 210 time: 0.0310216
2026-07-02 06:18:16.162 10 INFO neutron.wsgi [None req-5daaa2e7-7a4f-4ef0-9c09-cf2b703d3499 44f9fc947be441caab831b744dde8ad6 431f6c9a3dcd4add9521adb805be1cd6 - - default default] 10.0.0.113 "DELETE /v2.0/routers/2a04d3cc-fd92-4eaa-8f22-a37946fffa5e HTTP/1.1" status: 204 len: 168 time: 0.9429553
2026-07-02 06:18:16.205 9 INFO neutron.wsgi [req-771ca461-668f-495f-b3b7-457bff70fc57 req-8f5dc65e-33de-4b72-b87b-f68618fc60f9 36cb207628f24e0bb91735a54da13e4f 9bbd05abb27045078316e40e7d0fef1e - - d806d7c638f94797abab49074542b48d d806d7c638f94797abab49074542b48d] 199.204.45.116 "GET /v2.0/networks/77091bc5-a0af-4305-ae1d-d08308ad9994?fields=segments HTTP/1.1" status: 200 len: 212 time: 0.0724423
2026-07-02 06:18:16.323 9 INFO neutron.wsgi [req-771ca461-668f-495f-b3b7-457bff70fc57 req-f147c88a-b79d-43c2-b23d-548d97e2e4c5 36cb207628f24e0bb91735a54da13e4f 9bbd05abb27045078316e40e7d0fef1e - - d806d7c638f94797abab49074542b48d d806d7c638f94797abab49074542b48d] 199.204.45.116 "GET /v2.0/networks/77091bc5-a0af-4305-ae1d-d08308ad9994?fields=provider%3Aphysical_network&fields=provider%3Anetwork_type HTTP/1.1" status: 200 len: 277 time: 0.1123295
2026-07-02 06:18:16.397 10 INFO neutron.wsgi [None req-61c10fae-7faa-4cb7-b556-f0115a20fc9c 44f9fc947be441caab831b744dde8ad6 431f6c9a3dcd4add9521adb805be1cd6 - - default default] 10.0.0.113 "DELETE /v2.0/subnets/10ac4862-0c15-4650-aa94-911480daed0b HTTP/1.1" status: 204 len: 168 time: 0.2317193
2026-07-02 06:18:16.582 9 INFO neutron.wsgi [req-d49f35a6-6e7f-410c-b189-8db4b29974e3 req-078c00df-2bbd-4c22-be1b-a497774780ef 1865aeade7d54b8da085562f2fcf6aa6 d9b7657ae60d46439be2c6d51b63eda8 - - default default] 199.204.45.116 "GET /v2.0/networks?id=78b1a37b-350d-4abd-9dce-4ef05913e5bf HTTP/1.1" status: 200 len: 876 time: 0.0789087
