2026-07-02 06:19:31.791 9 WARNING neutron_lib.context [None req-f538a7dc-6e64-4a12-af86-b5930cb1219a 8c550f5a23064888bfa9f95fa0721416 783140086f7f42c9bb0531523d9b3ddc - - default default] Method 'is_advsvc' is deprecated since 2023.2 release (neutron-lib 3.8.0) and will be removed once support for the old RBAC API policies will be removed from Neutron. Please use method 'is_service_role' instead.
2026-07-02 06:19:31.808 10 INFO neutron.wsgi [None req-c6ad77ab-e2ea-4a44-b5d3-87d35a6d4a76 44f9fc947be441caab831b744dde8ad6 431f6c9a3dcd4add9521adb805be1cd6 - - default default] 10.0.0.113 "DELETE /v2.0/security-groups/87db3e4d-02df-4e60-af4e-4e365026c725 HTTP/1.1" status: 204 len: 168 time: 0.3856010
2026-07-02 06:19:31.913 9 INFO neutron.db.ovn_revision_numbers_db [None req-f538a7dc-6e64-4a12-af86-b5930cb1219a 8c550f5a23064888bfa9f95fa0721416 783140086f7f42c9bb0531523d9b3ddc - - default default] Successfully bumped revision number for resource 3b49a56e-915e-4e47-986d-ddb95ac3c32c (type: security_group_rules) to 0
2026-07-02 06:19:31.942 9 INFO neutron.wsgi [None req-f538a7dc-6e64-4a12-af86-b5930cb1219a 8c550f5a23064888bfa9f95fa0721416 783140086f7f42c9bb0531523d9b3ddc - - default default] 10.0.0.113 "POST /v2.0/security-group-rules HTTP/1.1" status: 201 len: 768 time: 0.1557181
2026-07-02 06:19:31.971 9 INFO neutron.wsgi [None req-56ae8d6c-23ac-456e-8e75-f1198d6a0456 8c550f5a23064888bfa9f95fa0721416 783140086f7f42c9bb0531523d9b3ddc - - default default] 10.0.0.113 "GET /v2.0/security-group-rules/3b49a56e-915e-4e47-986d-ddb95ac3c32c HTTP/1.1" status: 200 len: 763 time: 0.0206823
2026-07-02 06:19:32.001 10 WARNING neutron.scheduler.dhcp_agent_scheduler [None req-5b05b25b-610a-4937-ad37-e352d81cf684 621aa77ae2d74da5bb5cd3d0fb766cc2 fd1f3925b562455d9e9282052b127e81 - - default default] No more DHCP agents
2026-07-02 06:19:32.003 10 WARNING neutron.api.rpc.agentnotifiers.dhcp_rpc_agent_api [None req-5b05b25b-610a-4937-ad37-e352d81cf684 621aa77ae2d74da5bb5cd3d0fb766cc2 fd1f3925b562455d9e9282052b127e81 - - default default] Unable to schedule network 7b31c7b4-99f1-48aa-badd-e9e28f0c6d20: no agents available; will retry on subsequent port and subnet creation events.
2026-07-02 06:19:32.034 9 INFO neutron.wsgi [None req-a778be96-94ac-491b-aba3-36ad6ba6d68b 8c550f5a23064888bfa9f95fa0721416 783140086f7f42c9bb0531523d9b3ddc - - default default] 10.0.0.113 "GET /v2.0/security-group-rules HTTP/1.1" status: 200 len: 4113 time: 0.0571184
2026-07-02 06:19:32.165 9 INFO neutron.wsgi [None req-26ba6587-c6f1-440f-a82b-8ae4b7c7ad18 8c550f5a23064888bfa9f95fa0721416 783140086f7f42c9bb0531523d9b3ddc - - default default] 10.0.0.113 "DELETE /v2.0/security-group-rules/3b49a56e-915e-4e47-986d-ddb95ac3c32c HTTP/1.1" status: 204 len: 168 time: 0.1269042
2026-07-02 06:19:32.181 10 INFO neutron.db.ovn_revision_numbers_db [None req-5b05b25b-610a-4937-ad37-e352d81cf684 621aa77ae2d74da5bb5cd3d0fb766cc2 fd1f3925b562455d9e9282052b127e81 - - default default] Successfully bumped revision number for resource d5ffd461-128a-4a91-83ce-41c3d15c92d0 (type: ports) to 1
2026-07-02 06:19:32.211 9 INFO neutron.wsgi [None req-b86b8175-1a15-4ebf-bf07-78a60f9af633 8c550f5a23064888bfa9f95fa0721416 783140086f7f42c9bb0531523d9b3ddc - - default default] 10.0.0.113 "GET /v2.0/security-group-rules HTTP/1.1" status: 200 len: 3567 time: 0.0383146
2026-07-02 06:19:32.221 9 WARNING neutron_lib.context [None req-d822b943-7eb5-49a6-a5d9-8b5eb03306fc 8c550f5a23064888bfa9f95fa0721416 783140086f7f42c9bb0531523d9b3ddc - - default default] Method 'is_advsvc' is deprecated since 2023.2 release (neutron-lib 3.8.0) and will be removed once support for the old RBAC API policies will be removed from Neutron. Please use method 'is_service_role' instead.
2026-07-02 06:19:32.379 9 INFO neutron.db.ovn_revision_numbers_db [None req-d822b943-7eb5-49a6-a5d9-8b5eb03306fc 8c550f5a23064888bfa9f95fa0721416 783140086f7f42c9bb0531523d9b3ddc - - default default] Successfully bumped revision number for resource 3fbc6c75-7afd-414e-9fc7-4e26a6ee1798 (type: security_group_rules) to 0
2026-07-02 06:19:32.406 9 INFO neutron.wsgi [None req-d822b943-7eb5-49a6-a5d9-8b5eb03306fc 8c550f5a23064888bfa9f95fa0721416 783140086f7f42c9bb0531523d9b3ddc - - default default] 10.0.0.113 "POST /v2.0/security-group-rules HTTP/1.1" status: 201 len: 768 time: 0.1897614
2026-07-02 06:19:32.426 9 INFO neutron.wsgi [None req-e00eb96c-9e11-46e2-b1bc-a63cc8c1cc95 8c550f5a23064888bfa9f95fa0721416 783140086f7f42c9bb0531523d9b3ddc - - default default] 10.0.0.113 "GET /v2.0/security-group-rules/3fbc6c75-7afd-414e-9fc7-4e26a6ee1798 HTTP/1.1" status: 200 len: 763 time: 0.0150590
2026-07-02 06:19:32.470 9 INFO neutron.wsgi [None req-4daf4a3b-041a-45c2-b7d8-1535c6161f20 8c550f5a23064888bfa9f95fa0721416 783140086f7f42c9bb0531523d9b3ddc - - default default] 10.0.0.113 "GET /v2.0/security-group-rules HTTP/1.1" status: 200 len: 4113 time: 0.0395112
2026-07-02 06:19:32.543 9 INFO neutron.plugins.ml2.drivers.ovn.mech_driver.mech_driver [None req-474cecf2-bd82-41f3-916e-ad8bc4a73b8f - - - - - -] OVN reports status up for port: d5ffd461-128a-4a91-83ce-41c3d15c92d0
2026-07-02 06:19:32.559 9 INFO neutron.plugins.ml2.plugin [None req-474cecf2-bd82-41f3-916e-ad8bc4a73b8f - - - - - -] Attempt 1 to provision port d5ffd461-128a-4a91-83ce-41c3d15c92d0
2026-07-02 06:19:32.570 10 INFO neutron.db.ovn_revision_numbers_db [None req-5b05b25b-610a-4937-ad37-e352d81cf684 621aa77ae2d74da5bb5cd3d0fb766cc2 fd1f3925b562455d9e9282052b127e81 - - default default] Successfully bumped revision number for resource d5ffd461-128a-4a91-83ce-41c3d15c92d0 (type: router_ports) to 1
2026-07-02 06:19:32.638 9 INFO neutron.wsgi [None req-2b648287-bae8-4b45-9e86-ff61ddd2d73b 8c550f5a23064888bfa9f95fa0721416 783140086f7f42c9bb0531523d9b3ddc - - default default] 10.0.0.113 "DELETE /v2.0/security-group-rules/3fbc6c75-7afd-414e-9fc7-4e26a6ee1798 HTTP/1.1" status: 204 len: 168 time: 0.1629400
2026-07-02 06:19:32.681 9 INFO neutron.wsgi [None req-21f9f6e9-a0a3-49e5-9874-5c010167d870 8c550f5a23064888bfa9f95fa0721416 783140086f7f42c9bb0531523d9b3ddc - - default default] 10.0.0.113 "GET /v2.0/security-group-rules HTTP/1.1" status: 200 len: 3567 time: 0.0376015
2026-07-02 06:19:32.691 9 WARNING neutron_lib.context [None req-d3c940dd-277b-4754-8d7f-b29460bd6a91 8c550f5a23064888bfa9f95fa0721416 783140086f7f42c9bb0531523d9b3ddc - - default default] Method 'is_advsvc' is deprecated since 2023.2 release (neutron-lib 3.8.0) and will be removed once support for the old RBAC API policies will be removed from Neutron. Please use method 'is_service_role' instead.
2026-07-02 06:19:32.720 9 INFO neutron.db.securitygroups_db [None req-d3c940dd-277b-4754-8d7f-b29460bd6a91 8c550f5a23064888bfa9f95fa0721416 783140086f7f42c9bb0531523d9b3ddc - - default default] Project 783140086f7f42c9bb0531523d9b3ddc added a security group rule with legacy IPv6 ICMP protocol name icmp, ipv6-icmp should be used instead. It was automatically converted.
2026-07-02 06:19:32.729 10 INFO neutron.db.ovn_revision_numbers_db [None req-5b05b25b-610a-4937-ad37-e352d81cf684 621aa77ae2d74da5bb5cd3d0fb766cc2 fd1f3925b562455d9e9282052b127e81 - - default default] Successfully bumped revision number for resource d5ffd461-128a-4a91-83ce-41c3d15c92d0 (type: ports) to 1
2026-07-02 06:19:32.810 10 WARNING neutron.scheduler.dhcp_agent_scheduler [None req-5b05b25b-610a-4937-ad37-e352d81cf684 621aa77ae2d74da5bb5cd3d0fb766cc2 fd1f3925b562455d9e9282052b127e81 - - default default] No more DHCP agents
2026-07-02 06:19:32.812 10 WARNING neutron.api.rpc.agentnotifiers.dhcp_rpc_agent_api [None req-5b05b25b-610a-4937-ad37-e352d81cf684 621aa77ae2d74da5bb5cd3d0fb766cc2 fd1f3925b562455d9e9282052b127e81 - - default default] Unable to schedule network 7b31c7b4-99f1-48aa-badd-e9e28f0c6d20: no agents available; will retry on subsequent port and subnet creation events.
2026-07-02 06:19:32.883 9 INFO neutron.db.ovn_revision_numbers_db [None req-d3c940dd-277b-4754-8d7f-b29460bd6a91 8c550f5a23064888bfa9f95fa0721416 783140086f7f42c9bb0531523d9b3ddc - - default default] Successfully bumped revision number for resource 2caf2929-4342-4b32-a2de-de44e11f6de5 (type: security_group_rules) to 0
2026-07-02 06:19:32.900 9 INFO neutron.db.ovn_revision_numbers_db [None req-474cecf2-bd82-41f3-916e-ad8bc4a73b8f - - - - - -] Successfully bumped revision number for resource d5ffd461-128a-4a91-83ce-41c3d15c92d0 (type: ports) to 2
2026-07-02 06:19:32.911 9 INFO neutron.wsgi [None req-d3c940dd-277b-4754-8d7f-b29460bd6a91 8c550f5a23064888bfa9f95fa0721416 783140086f7f42c9bb0531523d9b3ddc - - default default] 10.0.0.113 "POST /v2.0/security-group-rules HTTP/1.1" status: 201 len: 774 time: 0.2245009
2026-07-02 06:19:32.960 10 INFO neutron.wsgi [None req-55af7329-4e06-48b5-8762-24ded7bb939e 8c550f5a23064888bfa9f95fa0721416 783140086f7f42c9bb0531523d9b3ddc - - default default] 10.0.0.113 "GET /v2.0/security-group-rules/2caf2929-4342-4b32-a2de-de44e11f6de5 HTTP/1.1" status: 200 len: 769 time: 0.0436101
2026-07-02 06:19:32.985 10 INFO neutron.db.ovn_revision_numbers_db [None req-5b05b25b-610a-4937-ad37-e352d81cf684 621aa77ae2d74da5bb5cd3d0fb766cc2 fd1f3925b562455d9e9282052b127e81 - - default default] Successfully bumped revision number for resource d5ffd461-128a-4a91-83ce-41c3d15c92d0 (type: router_ports) to 2
2026-07-02 06:19:32.987 10 INFO neutron.wsgi [None req-5b05b25b-610a-4937-ad37-e352d81cf684 621aa77ae2d74da5bb5cd3d0fb766cc2 fd1f3925b562455d9e9282052b127e81 - - default default] 10.0.0.113 "PUT /v2.0/routers/87542193-9bd4-4035-abb9-9b912b75a52f/add_router_interface HTTP/1.1" status: 200 len: 503 time: 1.4514279
2026-07-02 06:19:33.069 10 INFO neutron.wsgi [None req-e0cc17d6-5065-4783-8fb0-2fb6c9f48ed6 8c550f5a23064888bfa9f95fa0721416 783140086f7f42c9bb0531523d9b3ddc - - default default] 10.0.0.113 "GET /v2.0/security-group-rules HTTP/1.1" status: 200 len: 4119 time: 0.1043241
2026-07-02 06:19:33.117 10 INFO neutron.wsgi [None req-d876087a-c4ac-407a-9c3a-bb3dc44f9eb5 621aa77ae2d74da5bb5cd3d0fb766cc2 fd1f3925b562455d9e9282052b127e81 - - default default] 10.0.0.113 "GET /v2.0/ports/d5ffd461-128a-4a91-83ce-41c3d15c92d0 HTTP/1.1" status: 200 len: 1137 time: 0.1252818
2026-07-02 06:19:33.208 9 INFO neutron.wsgi [None req-569e31c6-af56-448a-acbc-5a9745fcc86b 8c550f5a23064888bfa9f95fa0721416 783140086f7f42c9bb0531523d9b3ddc - - default default] 10.0.0.113 "DELETE /v2.0/security-group-rules/2caf2929-4342-4b32-a2de-de44e11f6de5 HTTP/1.1" status: 204 len: 168 time: 0.1327660
2026-07-02 06:19:33.254 9 INFO neutron.wsgi [None req-8c65e1b3-8d3d-41ef-a744-8f0e93b01efb 8c550f5a23064888bfa9f95fa0721416 783140086f7f42c9bb0531523d9b3ddc - - default default] 10.0.0.113 "GET /v2.0/security-group-rules HTTP/1.1" status: 200 len: 3567 time: 0.0416274
2026-07-02 06:19:33.428 9 INFO neutron.wsgi [None req-febf4708-e4d6-4a3a-80cd-1a02da6fed8c 8c550f5a23064888bfa9f95fa0721416 783140086f7f42c9bb0531523d9b3ddc - - default default] 10.0.0.113 "DELETE /v2.0/security-groups/070bf8bb-d7a4-4515-bddc-9e9bf7f523e9 HTTP/1.1" status: 204 len: 168 time: 0.1660283
2026-07-02 06:19:33.479 9 INFO neutron.wsgi [None req-25f7c60a-fdf9-43b7-866c-57c5012e332a 8c550f5a23064888bfa9f95fa0721416 783140086f7f42c9bb0531523d9b3ddc - - default default] 10.0.0.113 "GET /v2.0/security-groups HTTP/1.1" status: 200 len: 2996 time: 0.0435383
2026-07-02 06:19:33.529 9 INFO neutron.wsgi [None req-9475abd2-9ea5-4cca-9b79-b34f5bfe33c8 8c550f5a23064888bfa9f95fa0721416 783140086f7f42c9bb0531523d9b3ddc - - default default] 10.0.0.113 "GET /v2.0/security-groups HTTP/1.1" status: 200 len: 2996 time: 0.0385728
2026-07-02 06:19:33.897 9 WARNING neutron_lib.context [None req-f1025267-ac19-414d-89e2-1cc068b5f845 5608f3f82ed84b3b9b2a3cffd71b2976 fe4c05f7fe7e41488fdd25f481de9a95 - - default default] Method 'is_advsvc' is deprecated since 2023.2 release (neutron-lib 3.8.0) and will be removed once support for the old RBAC API policies will be removed from Neutron. Please use method 'is_service_role' instead.
2026-07-02 06:19:33.969 10 WARNING neutron.scheduler.dhcp_agent_scheduler [None req-9ce5ebb8-ea23-4674-9184-d31bdb88b3b4 621aa77ae2d74da5bb5cd3d0fb766cc2 fd1f3925b562455d9e9282052b127e81 - - default default] No more DHCP agents
2026-07-02 06:19:33.974 10 WARNING neutron.api.rpc.agentnotifiers.dhcp_rpc_agent_api [None req-9ce5ebb8-ea23-4674-9184-d31bdb88b3b4 621aa77ae2d74da5bb5cd3d0fb766cc2 fd1f3925b562455d9e9282052b127e81 - - default default] Unable to schedule network b7d18a3e-3832-4833-b55c-afee83858a29: no agents available; will retry on subsequent port and subnet creation events.
2026-07-02 06:19:34.038 9 INFO neutron.db.ovn_revision_numbers_db [None req-f1025267-ac19-414d-89e2-1cc068b5f845 5608f3f82ed84b3b9b2a3cffd71b2976 fe4c05f7fe7e41488fdd25f481de9a95 - - default default] Successfully bumped revision number for resource de31d980-bd6e-4c03-83ec-083c675dcabd (type: security_groups) to 1
2026-07-02 06:19:34.060 9 INFO neutron.db.ovn_revision_numbers_db [None req-f1025267-ac19-414d-89e2-1cc068b5f845 5608f3f82ed84b3b9b2a3cffd71b2976 fe4c05f7fe7e41488fdd25f481de9a95 - - default default] Successfully bumped revision number for resource 385e1d8b-58d8-4b7a-9365-285dca9f6ee8 (type: security_group_rules) to 0
2026-07-02 06:19:34.077 9 INFO neutron.db.ovn_revision_numbers_db [None req-f1025267-ac19-414d-89e2-1cc068b5f845 5608f3f82ed84b3b9b2a3cffd71b2976 fe4c05f7fe7e41488fdd25f481de9a95 - - default default] Successfully bumped revision number for resource 465f7d46-b374-4b17-8e9f-5aa77fc03413 (type: security_group_rules) to 0
2026-07-02 06:19:34.107 9 INFO neutron.db.ovn_revision_numbers_db [None req-f1025267-ac19-414d-89e2-1cc068b5f845 5608f3f82ed84b3b9b2a3cffd71b2976 fe4c05f7fe7e41488fdd25f481de9a95 - - default default] Successfully bumped revision number for resource 79b8affc-b626-4d6b-8371-501bd9b8fefe (type: security_group_rules) to 0
2026-07-02 06:19:34.138 9 INFO neutron.wsgi [None req-7bfbfebc-a752-4ddc-80ae-1f51f4d4c283 44f9fc947be441caab831b744dde8ad6 431f6c9a3dcd4add9521adb805be1cd6 - - default default] 10.0.0.113 "GET /v2.0/security-groups?tenant_id=783140086f7f42c9bb0531523d9b3ddc&name=default HTTP/1.1" status: 200 len: 2996 time: 0.0978773
2026-07-02 06:19:34.139 9 INFO neutron.db.ovn_revision_numbers_db [None req-f1025267-ac19-414d-89e2-1cc068b5f845 5608f3f82ed84b3b9b2a3cffd71b2976 fe4c05f7fe7e41488fdd25f481de9a95 - - default default] Successfully bumped revision number for resource 7b140767-b923-4028-a629-dcf0429a0dd5 (type: security_group_rules) to 0
2026-07-02 06:19:34.140 10 INFO neutron.db.ovn_revision_numbers_db [None req-9ce5ebb8-ea23-4674-9184-d31bdb88b3b4 621aa77ae2d74da5bb5cd3d0fb766cc2 fd1f3925b562455d9e9282052b127e81 - - default default] Successfully bumped revision number for resource c330ad42-2655-4e83-a01a-c61741927833 (type: ports) to 1
2026-07-02 06:19:34.198 9 INFO neutron.db.segments_db [None req-f1025267-ac19-414d-89e2-1cc068b5f845 5608f3f82ed84b3b9b2a3cffd71b2976 fe4c05f7fe7e41488fdd25f481de9a95 - - default default] Added segment 591eb4c3-131b-44e1-9e37-8c4e81e7220f of type geneve for network aba4d59e-561d-4764-9949-49e583d4a79f
2026-07-02 06:19:34.411 9 INFO neutron.db.ovn_revision_numbers_db [None req-f1025267-ac19-414d-89e2-1cc068b5f845 5608f3f82ed84b3b9b2a3cffd71b2976 fe4c05f7fe7e41488fdd25f481de9a95 - - default default] Successfully bumped revision number for resource aba4d59e-561d-4764-9949-49e583d4a79f (type: networks) to 1
2026-07-02 06:19:34.419 10 INFO neutron.wsgi [None req-204d21e3-15c0-41e7-9531-8d1a3d35b901 44f9fc947be441caab831b744dde8ad6 431f6c9a3dcd4add9521adb805be1cd6 - - default default] 10.0.0.226 "GET /v2.0/floatingips HTTP/1.1" status: 200 len: 1036 time: 0.1571629
2026-07-02 06:19:34.515 9 INFO neutron.wsgi [None req-9943a5a3-9063-4b93-9a8c-86e90d9d7332 44f9fc947be441caab831b744dde8ad6 431f6c9a3dcd4add9521adb805be1cd6 - - default default] 10.0.0.113 "DELETE /v2.0/security-groups/70ffbfc0-7599-4ea0-b590-fc5101d7f9fb HTTP/1.1" status: 204 len: 168 time: 0.3698337
2026-07-02 06:19:34.569 10 INFO neutron.wsgi [None req-426d22df-798d-44e5-ade5-bc46d5e37149 44f9fc947be441caab831b744dde8ad6 431f6c9a3dcd4add9521adb805be1cd6 - - default default] 10.0.0.226 "GET /v2.0/networks HTTP/1.1" status: 200 len: 5315 time: 0.1478612
2026-07-02 06:19:34.600 9 WARNING neutron.scheduler.dhcp_agent_scheduler [None req-f1025267-ac19-414d-89e2-1cc068b5f845 5608f3f82ed84b3b9b2a3cffd71b2976 fe4c05f7fe7e41488fdd25f481de9a95 - - default default] No more DHCP agents
2026-07-02 06:19:34.602 9 WARNING neutron.api.rpc.agentnotifiers.dhcp_rpc_agent_api [None req-f1025267-ac19-414d-89e2-1cc068b5f845 5608f3f82ed84b3b9b2a3cffd71b2976 fe4c05f7fe7e41488fdd25f481de9a95 - - default default] Unable to schedule network aba4d59e-561d-4764-9949-49e583d4a79f: no agents available; will retry on subsequent port and subnet creation events.
2026-07-02 06:19:34.680 10 INFO neutron.wsgi [None req-733a3f45-1441-4f3f-b7c4-336f729a51d9 44f9fc947be441caab831b744dde8ad6 431f6c9a3dcd4add9521adb805be1cd6 - - default default] 10.0.0.226 "GET /v2.0/security-groups HTTP/1.1" status: 200 len: 27880 time: 0.1064339
2026-07-02 06:19:34.696 9 INFO neutron.db.ovn_revision_numbers_db [None req-f1025267-ac19-414d-89e2-1cc068b5f845 5608f3f82ed84b3b9b2a3cffd71b2976 fe4c05f7fe7e41488fdd25f481de9a95 - - default default] Successfully bumped revision number for resource 3cb92448-7fa9-4e70-b5e3-c4682501a4f9 (type: ports) to 1
2026-07-02 06:19:34.723 9 INFO neutron.wsgi [None req-f1025267-ac19-414d-89e2-1cc068b5f845 5608f3f82ed84b3b9b2a3cffd71b2976 fe4c05f7fe7e41488fdd25f481de9a95 - - default default] 10.0.0.113 "POST /v2.0/networks HTTP/1.1" status: 201 len: 843 time: 1.1485481
2026-07-02 06:19:34.747 10 INFO neutron.wsgi [None req-20af890d-9ecb-4fd9-bf1a-545d15560413 44f9fc947be441caab831b744dde8ad6 431f6c9a3dcd4add9521adb805be1cd6 - - default default] 10.0.0.226 "GET /v2.0/subnets HTTP/1.1" status: 200 len: 3314 time: 0.0605421
2026-07-02 06:19:34.776 9 WARNING neutron_lib.context [None req-89b69fdc-11ab-4e30-9919-90db79618fce 5608f3f82ed84b3b9b2a3cffd71b2976 fe4c05f7fe7e41488fdd25f481de9a95 - - default default] Method 'is_advsvc' is deprecated since 2023.2 release (neutron-lib 3.8.0) and will be removed once support for the old RBAC API policies will be removed from Neutron. Please use method 'is_service_role' instead.
2026-07-02 06:19:34.910 10 INFO neutron.plugins.ml2.drivers.ovn.mech_driver.mech_driver [None req-f958670b-66e1-475f-b8d2-1c6e6d4a10aa - - - - - -] OVN reports status up for port: c330ad42-2655-4e83-a01a-c61741927833
2026-07-02 06:19:34.930 10 INFO neutron.wsgi [None req-ba9ceac2-7f0c-434b-8389-6b5631d28149 44f9fc947be441caab831b744dde8ad6 431f6c9a3dcd4add9521adb805be1cd6 - - default default] 10.0.0.226 "GET /v2.0/routers HTTP/1.1" status: 200 len: 1346 time: 0.1808777
2026-07-02 06:19:34.941 10 INFO neutron.plugins.ml2.plugin [None req-f958670b-66e1-475f-b8d2-1c6e6d4a10aa - - - - - -] Attempt 1 to provision port c330ad42-2655-4e83-a01a-c61741927833
2026-07-02 06:19:34.965 10 INFO neutron.wsgi [None req-348e35a3-3fa7-4492-9dfe-bc51a0d68bc6 44f9fc947be441caab831b744dde8ad6 431f6c9a3dcd4add9521adb805be1cd6 - - default default] 10.0.0.226 "GET /v2.0/agents?binary=ovn-controller HTTP/1.1" status: 200 len: 591 time: 0.0325141
2026-07-02 06:19:34.969 10 INFO neutron.db.ovn_revision_numbers_db [None req-9ce5ebb8-ea23-4674-9184-d31bdb88b3b4 621aa77ae2d74da5bb5cd3d0fb766cc2 fd1f3925b562455d9e9282052b127e81 - - default default] Successfully bumped revision number for resource c330ad42-2655-4e83-a01a-c61741927833 (type: router_ports) to 1
2026-07-02 06:19:35.033 10 INFO neutron.wsgi [None req-a483dd26-6e31-4f7f-95b2-018df95947b8 44f9fc947be441caab831b744dde8ad6 431f6c9a3dcd4add9521adb805be1cd6 - - default default] 10.0.0.226 "GET /v2.0/subnets HTTP/1.1" status: 200 len: 3314 time: 0.0651445
2026-07-02 06:19:35.047 9 WARNING neutron.scheduler.dhcp_agent_scheduler [None req-89b69fdc-11ab-4e30-9919-90db79618fce 5608f3f82ed84b3b9b2a3cffd71b2976 fe4c05f7fe7e41488fdd25f481de9a95 - - default default] No more DHCP agents
2026-07-02 06:19:35.049 9 WARNING neutron.api.rpc.agentnotifiers.dhcp_rpc_agent_api [None req-89b69fdc-11ab-4e30-9919-90db79618fce 5608f3f82ed84b3b9b2a3cffd71b2976 fe4c05f7fe7e41488fdd25f481de9a95 - - default default] Unable to schedule network aba4d59e-561d-4764-9949-49e583d4a79f: no agents available; will retry on subsequent port and subnet creation events.
2026-07-02 06:19:35.066 9 INFO neutron.wsgi [-] 10.0.0.111 "GET / HTTP/1.1" status: 200 len: 246 time: 0.0016892
2026-07-02 06:19:35.067 9 INFO neutron.wsgi [-] 10.0.0.111 "GET / HTTP/1.1" status: 200 len: 246 time: 0.0009105
2026-07-02 06:19:35.305 10 INFO neutron.wsgi [None req-3effd478-59a1-4e64-a652-fadf3734535f 44f9fc947be441caab831b744dde8ad6 431f6c9a3dcd4add9521adb805be1cd6 - - default default] 10.0.0.226 "GET /v2.0/subnetpools HTTP/1.1" status: 200 len: 193 time: 0.2680149
2026-07-02 06:19:35.323 10 INFO neutron.wsgi [None req-fc617390-0b63-43e9-ac2f-7c7e2a420aa5 44f9fc947be441caab831b744dde8ad6 431f6c9a3dcd4add9521adb805be1cd6 - - default default] 10.0.0.226 "GET /v2.0/agents HTTP/1.1" status: 200 len: 997 time: 0.0157876
2026-07-02 06:19:35.357 10 INFO neutron.wsgi [None req-47e5214c-3752-46fc-9b4f-ea86118c1d36 44f9fc947be441caab831b744dde8ad6 431f6c9a3dcd4add9521adb805be1cd6 - - default default] 10.0.0.226 "GET /v2.0/network-ip-availabilities HTTP/1.1" status: 200 len: 3014 time: 0.0325086
2026-07-02 06:19:35.475 10 INFO neutron.wsgi [None req-e2574c62-ac0c-4612-aa01-f0fce0b05e36 44f9fc947be441caab831b744dde8ad6 431f6c9a3dcd4add9521adb805be1cd6 - - default default] 10.0.0.226 "GET /v2.0/ports HTTP/1.1" status: 200 len: 16046 time: 0.1128628
2026-07-02 06:19:35.560 9 INFO neutron.db.ovn_revision_numbers_db [None req-89b69fdc-11ab-4e30-9919-90db79618fce 5608f3f82ed84b3b9b2a3cffd71b2976 fe4c05f7fe7e41488fdd25f481de9a95 - - default default] Successfully bumped revision number for resource 3cb92448-7fa9-4e70-b5e3-c4682501a4f9 (type: ports) to 2
2026-07-02 06:19:35.580 10 INFO neutron.db.ovn_revision_numbers_db [None req-9ce5ebb8-ea23-4674-9184-d31bdb88b3b4 621aa77ae2d74da5bb5cd3d0fb766cc2 fd1f3925b562455d9e9282052b127e81 - - default default] Successfully bumped revision number for resource c330ad42-2655-4e83-a01a-c61741927833 (type: ports) to 1
2026-07-02 06:19:35.595 9 INFO neutron.db.ovn_revision_numbers_db [None req-89b69fdc-11ab-4e30-9919-90db79618fce 5608f3f82ed84b3b9b2a3cffd71b2976 fe4c05f7fe7e41488fdd25f481de9a95 - - default default] Successfully bumped revision number for resource b947cafd-1ab6-4b18-8a5e-e8bba1732bbc (type: subnets) to 0
2026-07-02 06:19:35.614 9 INFO neutron.wsgi [None req-89b69fdc-11ab-4e30-9919-90db79618fce 5608f3f82ed84b3b9b2a3cffd71b2976 fe4c05f7fe7e41488fdd25f481de9a95 - - default default] 10.0.0.113 "POST /v2.0/subnets HTTP/1.1" status: 201 len: 816 time: 0.8559294
2026-07-02 06:19:35.626 9 WARNING neutron_lib.context [None req-51c86e3e-c9de-4eb6-9ab1-5d3b17bd6852 5608f3f82ed84b3b9b2a3cffd71b2976 fe4c05f7fe7e41488fdd25f481de9a95 - - default default] Method 'is_advsvc' is deprecated since 2023.2 release (neutron-lib 3.8.0) and will be removed once support for the old RBAC API policies will be removed from Neutron. Please use method 'is_service_role' instead.
2026-07-02 06:19:35.688 10 WARNING neutron.scheduler.dhcp_agent_scheduler [None req-9ce5ebb8-ea23-4674-9184-d31bdb88b3b4 621aa77ae2d74da5bb5cd3d0fb766cc2 fd1f3925b562455d9e9282052b127e81 - - default default] No more DHCP agents
2026-07-02 06:19:35.690 10 WARNING neutron.api.rpc.agentnotifiers.dhcp_rpc_agent_api [None req-9ce5ebb8-ea23-4674-9184-d31bdb88b3b4 621aa77ae2d74da5bb5cd3d0fb766cc2 fd1f3925b562455d9e9282052b127e81 - - default default] Unable to schedule network b7d18a3e-3832-4833-b55c-afee83858a29: no agents available; will retry on subsequent port and subnet creation events.
2026-07-02 06:19:35.695 10 INFO neutron.db.ovn_revision_numbers_db [None req-f958670b-66e1-475f-b8d2-1c6e6d4a10aa - - - - - -] Successfully bumped revision number for resource c330ad42-2655-4e83-a01a-c61741927833 (type: ports) to 2
2026-07-02 06:19:35.702 9 INFO neutron.db.segments_db [None req-51c86e3e-c9de-4eb6-9ab1-5d3b17bd6852 5608f3f82ed84b3b9b2a3cffd71b2976 fe4c05f7fe7e41488fdd25f481de9a95 - - default default] Added segment 6d572b14-d8ec-41d8-8a0c-5621ddc84af5 of type geneve for network 3d33fb98-97f7-4371-a40d-0b0991366278
2026-07-02 06:19:35.825 10 INFO neutron.db.ovn_revision_numbers_db [None req-f958670b-66e1-475f-b8d2-1c6e6d4a10aa - - - - - -] Successfully bumped revision number for resource c330ad42-2655-4e83-a01a-c61741927833 (type: router_ports) to 2
2026-07-02 06:19:35.851 9 INFO neutron.db.ovn_revision_numbers_db [None req-51c86e3e-c9de-4eb6-9ab1-5d3b17bd6852 5608f3f82ed84b3b9b2a3cffd71b2976 fe4c05f7fe7e41488fdd25f481de9a95 - - default default] Successfully bumped revision number for resource 3d33fb98-97f7-4371-a40d-0b0991366278 (type: networks) to 1
2026-07-02 06:19:35.916 10 INFO neutron.db.ovn_revision_numbers_db [None req-9ce5ebb8-ea23-4674-9184-d31bdb88b3b4 621aa77ae2d74da5bb5cd3d0fb766cc2 fd1f3925b562455d9e9282052b127e81 - - default default] Successfully bumped revision number for resource c330ad42-2655-4e83-a01a-c61741927833 (type: router_ports) to 2
2026-07-02 06:19:35.920 10 INFO neutron.wsgi [None req-9ce5ebb8-ea23-4674-9184-d31bdb88b3b4 621aa77ae2d74da5bb5cd3d0fb766cc2 fd1f3925b562455d9e9282052b127e81 - - default default] 10.0.0.113 "PUT /v2.0/routers/87542193-9bd4-4035-abb9-9b912b75a52f/add_router_interface HTTP/1.1" status: 200 len: 503 time: 2.7972271
2026-07-02 06:19:36.071 9 INFO neutron.wsgi [None req-05d03509-7d5d-42fb-805a-2d801204a6f2 621aa77ae2d74da5bb5cd3d0fb766cc2 fd1f3925b562455d9e9282052b127e81 - - default default] 10.0.0.113 "GET /v2.0/ports/c330ad42-2655-4e83-a01a-c61741927833 HTTP/1.1" status: 200 len: 1137 time: 0.1419072
2026-07-02 06:19:36.114 9 WARNING neutron.scheduler.dhcp_agent_scheduler [None req-51c86e3e-c9de-4eb6-9ab1-5d3b17bd6852 5608f3f82ed84b3b9b2a3cffd71b2976 fe4c05f7fe7e41488fdd25f481de9a95 - - default default] No more DHCP agents
2026-07-02 06:19:36.118 9 WARNING neutron.api.rpc.agentnotifiers.dhcp_rpc_agent_api [None req-51c86e3e-c9de-4eb6-9ab1-5d3b17bd6852 5608f3f82ed84b3b9b2a3cffd71b2976 fe4c05f7fe7e41488fdd25f481de9a95 - - default default] Unable to schedule network 3d33fb98-97f7-4371-a40d-0b0991366278: no agents available; will retry on subsequent port and subnet creation events.
2026-07-02 06:19:36.204 10 INFO neutron.wsgi [None req-0e99905a-dddc-42da-ad29-706cdb7bcf04 621aa77ae2d74da5bb5cd3d0fb766cc2 fd1f3925b562455d9e9282052b127e81 - - default default] 10.0.0.113 "GET /v2.0/ports/c330ad42-2655-4e83-a01a-c61741927833 HTTP/1.1" status: 200 len: 1137 time: 0.1246612
2026-07-02 06:19:36.218 9 INFO neutron.db.ovn_revision_numbers_db [None req-51c86e3e-c9de-4eb6-9ab1-5d3b17bd6852 5608f3f82ed84b3b9b2a3cffd71b2976 fe4c05f7fe7e41488fdd25f481de9a95 - - default default] Successfully bumped revision number for resource 43c67242-173f-4e41-bbe9-089aeee95d71 (type: ports) to 1
2026-07-02 06:19:36.271 9 INFO neutron.wsgi [None req-51c86e3e-c9de-4eb6-9ab1-5d3b17bd6852 5608f3f82ed84b3b9b2a3cffd71b2976 fe4c05f7fe7e41488fdd25f481de9a95 - - default default] 10.0.0.113 "POST /v2.0/networks HTTP/1.1" status: 201 len: 843 time: 0.6514540
2026-07-02 06:19:36.390 10 INFO neutron.wsgi [-] 10.0.0.113 "GET / HTTP/1.1" status: 200 len: 279 time: 0.0020921
2026-07-02 06:19:36.537 10 INFO neutron.db.ovn_revision_numbers_db [None req-e23256cc-59bf-4dbe-acf5-010990ccb111 5608f3f82ed84b3b9b2a3cffd71b2976 fe4c05f7fe7e41488fdd25f481de9a95 - - default default] Successfully bumped revision number for resource 3d33fb98-97f7-4371-a40d-0b0991366278 (type: networks) to 2
2026-07-02 06:19:36.543 10 INFO neutron.wsgi [None req-e23256cc-59bf-4dbe-acf5-010990ccb111 5608f3f82ed84b3b9b2a3cffd71b2976 fe4c05f7fe7e41488fdd25f481de9a95 - - default default] 10.0.0.113 "PUT /v2.0/networks/3d33fb98-97f7-4371-a40d-0b0991366278 HTTP/1.1" status: 200 len: 792 time: 0.2622910
2026-07-02 06:19:36.553 10 WARNING neutron_lib.context [None req-972825b0-b14b-4b48-a1c5-12ed183c51f7 5608f3f82ed84b3b9b2a3cffd71b2976 fe4c05f7fe7e41488fdd25f481de9a95 - - default default] Method 'is_advsvc' is deprecated since 2023.2 release (neutron-lib 3.8.0) and will be removed once support for the old RBAC API policies will be removed from Neutron. Please use method 'is_service_role' instead.
2026-07-02 06:19:36.599 9 INFO neutron.wsgi [None req-9dbcbebd-6d82-4b05-9f6e-6a00a6bf8560 4859472381ba4c16bef2c6d32dc82362 4d7ad460feb24ca5957b9bda3f6fa5f1 - - default default] 10.0.0.113 "GET /v2.0/ HTTP/1.1" status: 200 len: 826 time: 0.2005413
2026-07-02 06:19:36.839 10 WARNING neutron.scheduler.dhcp_agent_scheduler [None req-972825b0-b14b-4b48-a1c5-12ed183c51f7 5608f3f82ed84b3b9b2a3cffd71b2976 fe4c05f7fe7e41488fdd25f481de9a95 - - default default] No more DHCP agents
2026-07-02 06:19:36.843 10 WARNING neutron.api.rpc.agentnotifiers.dhcp_rpc_agent_api [None req-972825b0-b14b-4b48-a1c5-12ed183c51f7 5608f3f82ed84b3b9b2a3cffd71b2976 fe4c05f7fe7e41488fdd25f481de9a95 - - default default] Unable to schedule network 3d33fb98-97f7-4371-a40d-0b0991366278: no agents available; will retry on subsequent port and subnet creation events.
2026-07-02 06:19:37.296 9 INFO neutron.wsgi [None req-79134d92-e3e6-4480-9ebe-71b0577c0d15 621aa77ae2d74da5bb5cd3d0fb766cc2 fd1f3925b562455d9e9282052b127e81 - - default default] 10.0.0.113 "PUT /v2.0/routers/87542193-9bd4-4035-abb9-9b912b75a52f/remove_router_interface HTTP/1.1" status: 200 len: 503 time: 1.0864115 /var/lib/openstack/lib/python3.10/site-packages/pycadf/identifier.py:71: UserWarning: Invalid uuid: neutron. To ensure interoperability, identifiers should be a valid uuid. warnings.warn(('Invalid uuid: %s. To ensure interoperability, '
2026-07-02 06:19:37.357 10 INFO neutron.wsgi [None req-3f50dfe5-c5bc-4c6b-9704-d156c6dff060 621aa77ae2d74da5bb5cd3d0fb766cc2 fd1f3925b562455d9e9282052b127e81 - - default default] 10.0.0.113 "GET /v2.0/ports/d5ffd461-128a-4a91-83ce-41c3d15c92d0 HTTP/1.1" status: 200 len: 1137 time: 0.0537724
2026-07-02 06:19:37.432 9 INFO neutron.db.ovn_revision_numbers_db [None req-18f96bfc-b1f1-4302-a362-e57299915937 44f9fc947be441caab831b744dde8ad6 431f6c9a3dcd4add9521adb805be1cd6 - - default default] Successfully bumped revision number for resource f867f4b6-6f1d-4b1c-84ff-503aeb12aa89 (type: security_groups) to 1
2026-07-02 06:19:37.448 9 INFO neutron.db.ovn_revision_numbers_db [None req-18f96bfc-b1f1-4302-a362-e57299915937 44f9fc947be441caab831b744dde8ad6 431f6c9a3dcd4add9521adb805be1cd6 - - default default] Successfully bumped revision number for resource 203c5d31-c6b7-45c7-9eb0-63b84ffb40e0 (type: security_group_rules) to 0
2026-07-02 06:19:37.464 9 INFO neutron.db.ovn_revision_numbers_db [None req-18f96bfc-b1f1-4302-a362-e57299915937 44f9fc947be441caab831b744dde8ad6 431f6c9a3dcd4add9521adb805be1cd6 - - default default] Successfully bumped revision number for resource 4b7a15bd-8e58-4d4d-86fd-bd65876b7488 (type: security_group_rules) to 0
2026-07-02 06:19:37.479 9 INFO neutron.db.ovn_revision_numbers_db [None req-18f96bfc-b1f1-4302-a362-e57299915937 44f9fc947be441caab831b744dde8ad6 431f6c9a3dcd4add9521adb805be1cd6 - - default default] Successfully bumped revision number for resource 7c452e46-0ad7-423f-bc14-a3bf51051e70 (type: security_group_rules) to 0
2026-07-02 06:19:37.493 9 INFO neutron.db.ovn_revision_numbers_db [None req-18f96bfc-b1f1-4302-a362-e57299915937 44f9fc947be441caab831b744dde8ad6 431f6c9a3dcd4add9521adb805be1cd6 - - default default] Successfully bumped revision number for resource 8628a264-b38c-41e5-841d-1755ba6e9f51 (type: security_group_rules) to 0
2026-07-02 06:19:37.534 9 INFO neutron.wsgi [None req-18f96bfc-b1f1-4302-a362-e57299915937 44f9fc947be441caab831b744dde8ad6 431f6c9a3dcd4add9521adb805be1cd6 - - default default] 10.0.0.113 "GET /v2.0/security-groups?tenant_id=4d7ad460feb24ca5957b9bda3f6fa5f1&name=default HTTP/1.1" status: 200 len: 2996 time: 0.3592150
2026-07-02 06:19:37.568 10 INFO neutron.db.ovn_revision_numbers_db [None req-972825b0-b14b-4b48-a1c5-12ed183c51f7 5608f3f82ed84b3b9b2a3cffd71b2976 fe4c05f7fe7e41488fdd25f481de9a95 - - default default] Successfully bumped revision number for resource 43c67242-173f-4e41-bbe9-089aeee95d71 (type: ports) to 2
2026-07-02 06:19:37.615 10 INFO neutron.db.ovn_revision_numbers_db [None req-972825b0-b14b-4b48-a1c5-12ed183c51f7 5608f3f82ed84b3b9b2a3cffd71b2976 fe4c05f7fe7e41488fdd25f481de9a95 - - default default] Successfully bumped revision number for resource 74c20c1b-6869-4935-b8fa-3c85e8b83f6b (type: subnets) to 0
2026-07-02 06:19:37.638 10 INFO neutron.wsgi [None req-972825b0-b14b-4b48-a1c5-12ed183c51f7 5608f3f82ed84b3b9b2a3cffd71b2976 fe4c05f7fe7e41488fdd25f481de9a95 - - default default] 10.0.0.113 "POST /v2.0/subnets HTTP/1.1" status: 201 len: 801 time: 1.0897081
2026-07-02 06:19:37.799 9 INFO neutron.wsgi [req-ca7b16bb-ce00-43d6-948d-5055d93964e1 req-51d92afa-1266-4ce7-86b7-594f4898af15 36cb207628f24e0bb91735a54da13e4f 9bbd05abb27045078316e40e7d0fef1e - - d806d7c638f94797abab49074542b48d d806d7c638f94797abab49074542b48d] 10.0.0.57 "GET /v2.0/ports?device_id=74311eee-5ca0-4132-807e-cf1918fc0564 HTTP/1.1" status: 200 len: 1413 time: 0.0852456
2026-07-02 06:19:37.881 9 INFO neutron.wsgi [req-ca7b16bb-ce00-43d6-948d-5055d93964e1 req-aef9bd78-4ce8-4bb0-b34b-e1e744c0ee49 36cb207628f24e0bb91735a54da13e4f 9bbd05abb27045078316e40e7d0fef1e - - d806d7c638f94797abab49074542b48d d806d7c638f94797abab49074542b48d] 10.0.0.57 "GET /v2.0/security-groups?id=83cf7436-53dc-4e7c-8dd4-1a6869ada258&fields=id&fields=name HTTP/1.1" status: 200 len: 313 time: 0.0654662
2026-07-02 06:19:37.888 9 INFO neutron.wsgi [None req-80eaac06-a038-4aaa-8e67-10b4432080c9 44f9fc947be441caab831b744dde8ad6 431f6c9a3dcd4add9521adb805be1cd6 - - default default] 10.0.0.113 "DELETE /v2.0/security-groups/f867f4b6-6f1d-4b1c-84ff-503aeb12aa89 HTTP/1.1" status: 204 len: 168 time: 0.3486364
2026-07-02 06:19:38.069 9 INFO neutron.db.ovn_revision_numbers_db [None req-199171a1-d09f-4196-a779-9b157a661b8a 5608f3f82ed84b3b9b2a3cffd71b2976 fe4c05f7fe7e41488fdd25f481de9a95 - - default default] Successfully bumped revision number for resource 74c20c1b-6869-4935-b8fa-3c85e8b83f6b (type: subnets) to 1
2026-07-02 06:19:38.072 9 INFO neutron.wsgi [None req-199171a1-d09f-4196-a779-9b157a661b8a 5608f3f82ed84b3b9b2a3cffd71b2976 fe4c05f7fe7e41488fdd25f481de9a95 - - default default] 10.0.0.113 "PUT /v2.0/subnets/74c20c1b-6869-4935-b8fa-3c85e8b83f6b HTTP/1.1" status: 200 len: 806 time: 0.4290025
2026-07-02 06:19:38.146 10 INFO neutron.wsgi [None req-d2c1bcd4-92b0-49d8-ab67-53ca6b1f5118 621aa77ae2d74da5bb5cd3d0fb766cc2 fd1f3925b562455d9e9282052b127e81 - - default default] 10.0.0.113 "PUT /v2.0/routers/87542193-9bd4-4035-abb9-9b912b75a52f/remove_router_interface HTTP/1.1" status: 200 len: 503 time: 0.7837515
2026-07-02 06:19:38.174 9 INFO neutron.wsgi [None req-d28d2cdf-cf54-49ef-b2f5-857fe500a4ea 621aa77ae2d74da5bb5cd3d0fb766cc2 fd1f3925b562455d9e9282052b127e81 - - default default] 10.0.0.113 "GET /v2.0/ports?device_id=87542193-9bd4-4035-abb9-9b912b75a52f HTTP/1.1" status: 200 len: 205 time: 0.0201170
2026-07-02 06:19:38.294 9 WARNING neutron.plugins.ml2.drivers.ovn.mech_driver.ovsdb.ovn_client [None req-474cecf2-bd82-41f3-916e-ad8bc4a73b8f - - - - - -] No port found with ID d5ffd461-128a-4a91-83ce-41c3d15c92d0: RuntimeError: No port found with ID d5ffd461-128a-4a91-83ce-41c3d15c92d0
2026-07-02 06:19:38.535 9 INFO neutron.wsgi [None req-e8d3e1e9-a73e-4470-94bc-cb2e49117066 621aa77ae2d74da5bb5cd3d0fb766cc2 fd1f3925b562455d9e9282052b127e81 - - default default] 10.0.0.113 "DELETE /v2.0/routers/87542193-9bd4-4035-abb9-9b912b75a52f HTTP/1.1" status: 204 len: 168 time: 0.3556445 /var/lib/openstack/lib/python3.10/site-packages/pycadf/identifier.py:71: UserWarning: Invalid uuid: neutron. To ensure interoperability, identifiers should be a valid uuid. warnings.warn(('Invalid uuid: %s. To ensure interoperability, '
2026-07-02 06:19:38.790 10 INFO neutron.wsgi [None req-a334df5f-2335-49c3-a360-2d86f4f2f737 621aa77ae2d74da5bb5cd3d0fb766cc2 fd1f3925b562455d9e9282052b127e81 - - default default] 10.0.0.113 "DELETE /v2.0/subnets/d2048a1a-7b97-442f-adfc-5e0119ea0e4b HTTP/1.1" status: 204 len: 168 time: 0.2451527
2026-07-02 06:19:38.885 9 INFO neutron.services.segments.plugin [-] Segment 6d572b14-d8ec-41d8-8a0c-5621ddc84af5 resource provider aggregate not found
2026-07-02 06:19:38.892 9 INFO neutron.services.segments.plugin [-] Segment 6d572b14-d8ec-41d8-8a0c-5621ddc84af5 resource provider aggregate not found
2026-07-02 06:19:38.913 9 INFO neutron.services.segments.plugin [-] Segment 6d572b14-d8ec-41d8-8a0c-5621ddc84af5 resource provider not found; error: Placement Client Error (4xx): {"errors": [{"status": 404, "title": "Not Found", "detail": "The resource could not be found.\n\n No resource provider with uuid 6d572b14-d8ec-41d8-8a0c-5621ddc84af5 found for delete ", "request_id": "req-72739062-73c0-4f15-80df-16c0bd41722b"}]}
2026-07-02 06:19:38.916 9 INFO neutron.services.segments.plugin [-] Segment 6d572b14-d8ec-41d8-8a0c-5621ddc84af5 resource provider not found; error: Placement Client Error (4xx): {"errors": [{"status": 404, "title": "Not Found", "detail": "The resource could not be found.\n\n No resource provider with uuid 6d572b14-d8ec-41d8-8a0c-5621ddc84af5 found for delete ", "request_id": "req-468f71f3-5e11-417c-8e44-4bd5b111b58e"}]}
2026-07-02 06:19:38.941 9 INFO neutron.wsgi [None req-8b1fc241-80dc-410c-a4dd-1b673578c09f 5608f3f82ed84b3b9b2a3cffd71b2976 fe4c05f7fe7e41488fdd25f481de9a95 - - default default] 10.0.0.113 "DELETE /v2.0/networks/3d33fb98-97f7-4371-a40d-0b0991366278 HTTP/1.1" status: 204 len: 168 time: 0.8623555
2026-07-02 06:19:38.970 10 INFO neutron.pecan_wsgi.hooks.translation [None req-f0ec5914-73ee-4b54-8034-b091b0a86f66 5608f3f82ed84b3b9b2a3cffd71b2976 fe4c05f7fe7e41488fdd25f481de9a95 - - default default] DELETE failed (client error): The resource could not be found.
2026-07-02 06:19:38.972 10 INFO neutron.wsgi [None req-f0ec5914-73ee-4b54-8034-b091b0a86f66 5608f3f82ed84b3b9b2a3cffd71b2976 fe4c05f7fe7e41488fdd25f481de9a95 - - default default] 10.0.0.113 "DELETE /v2.0/networks/3d33fb98-97f7-4371-a40d-0b0991366278 HTTP/1.1" status: 404 len: 339 time: 0.0253220
2026-07-02 06:19:39.057 10 INFO neutron.wsgi [None req-2f0958ef-b5fc-444f-ab05-80725652e6cc 621aa77ae2d74da5bb5cd3d0fb766cc2 fd1f3925b562455d9e9282052b127e81 - - default default] 10.0.0.113 "DELETE /v2.0/subnets/1ea75f72-e30d-4776-9089-403201cbcd70 HTTP/1.1" status: 204 len: 168 time: 0.2607565
2026-07-02 06:19:39.091 9 INFO neutron.wsgi [None req-0cf9e21f-c88c-4559-846d-f3a4cb860b7a 5608f3f82ed84b3b9b2a3cffd71b2976 fe4c05f7fe7e41488fdd25f481de9a95 - - default default] 10.0.0.113 "GET /v2.0/networks?router%3Aexternal=True HTTP/1.1" status: 200 len: 845 time: 0.1116126
2026-07-02 06:19:39.162 9 INFO neutron.wsgi [None req-60a404a5-3122-4fbb-bdd6-622dc1cd05b4 5608f3f82ed84b3b9b2a3cffd71b2976 fe4c05f7fe7e41488fdd25f481de9a95 - - default default] 10.0.0.113 "GET /v2.0/subnets?network_id=434026b2-6e27-4ded-bc50-5dd99f22e9f7 HTTP/1.1" status: 200 len: 820 time: 0.0644362
2026-07-02 06:19:39.173 9 INFO neutron.wsgi [None req-cc45131a-9ceb-4669-a34c-3bf1b752b2a1 5608f3f82ed84b3b9b2a3cffd71b2976 fe4c05f7fe7e41488fdd25f481de9a95 - - default default] 10.0.0.113 "GET /v2.0/extensions HTTP/1.1" status: 200 len: 16975 time: 0.0052979
2026-07-02 06:19:39.262 9 INFO neutron.wsgi [None req-ade6673e-7386-4255-80c1-7cae84143d3d 5608f3f82ed84b3b9b2a3cffd71b2976 fe4c05f7fe7e41488fdd25f481de9a95 - - default default] 10.0.0.113 "GET /v2.0/networks HTTP/1.1" status: 200 len: 1504 time: 0.0835905
2026-07-02 06:19:39.312 9 INFO neutron.wsgi [None req-33812920-10b8-4f30-8e6c-fbcf4b675297 5608f3f82ed84b3b9b2a3cffd71b2976 fe4c05f7fe7e41488fdd25f481de9a95 - - default default] 10.0.0.113 "GET /v2.0/subnets HTTP/1.1" status: 200 len: 1428 time: 0.0450757
2026-07-02 06:19:39.395 9 INFO neutron.wsgi [None req-64b9dd2b-3e0f-449d-bca7-0e5b2102a6a1 5608f3f82ed84b3b9b2a3cffd71b2976 fe4c05f7fe7e41488fdd25f481de9a95 - - default default] 10.0.0.113 "GET /v2.0/networks/aba4d59e-561d-4764-9949-49e583d4a79f HTTP/1.1" status: 200 len: 863 time: 0.0779791
2026-07-02 06:19:39.430 9 INFO neutron.wsgi [None req-c5e8ef8f-f5c4-449c-9b3b-9e764e0130b6 5608f3f82ed84b3b9b2a3cffd71b2976 fe4c05f7fe7e41488fdd25f481de9a95 - - default default] 10.0.0.113 "GET /v2.0/subnets/b947cafd-1ab6-4b18-8a5e-e8bba1732bbc HTTP/1.1" status: 200 len: 811 time: 0.0293694
2026-07-02 06:19:39.457 9 INFO neutron.pecan_wsgi.hooks.translation [None req-8cb17641-3941-4b07-b31d-584a85149deb 5608f3f82ed84b3b9b2a3cffd71b2976 fe4c05f7fe7e41488fdd25f481de9a95 - - default default] DELETE failed (client error): The resource could not be found.
2026-07-02 06:19:39.460 9 INFO neutron.wsgi [None req-8cb17641-3941-4b07-b31d-584a85149deb 5608f3f82ed84b3b9b2a3cffd71b2976 fe4c05f7fe7e41488fdd25f481de9a95 - - default default] 10.0.0.113 "DELETE /v2.0/subnets/74c20c1b-6869-4935-b8fa-3c85e8b83f6b HTTP/1.1" status: 404 len: 337 time: 0.0262709
2026-07-02 06:19:39.467 10 INFO neutron.services.segments.plugin [-] Segment e3b718e5-9aff-4017-b628-add851e0949c resource provider aggregate not found
2026-07-02 06:19:39.472 10 INFO neutron.services.segments.plugin [-] Segment e3b718e5-9aff-4017-b628-add851e0949c resource provider aggregate not found
2026-07-02 06:19:39.480 9 INFO neutron.pecan_wsgi.hooks.translation [None req-0be21bda-75fb-47c0-abe5-da068635a986 5608f3f82ed84b3b9b2a3cffd71b2976 fe4c05f7fe7e41488fdd25f481de9a95 - - default default] DELETE failed (client error): The resource could not be found.
2026-07-02 06:19:39.482 9 INFO neutron.wsgi [None req-0be21bda-75fb-47c0-abe5-da068635a986 5608f3f82ed84b3b9b2a3cffd71b2976 fe4c05f7fe7e41488fdd25f481de9a95 - - default default] 10.0.0.113 "DELETE /v2.0/networks/3d33fb98-97f7-4371-a40d-0b0991366278 HTTP/1.1" status: 404 len: 339 time: 0.0170760
2026-07-02 06:19:39.485 10 INFO neutron.services.segments.plugin [-] Segment e3b718e5-9aff-4017-b628-add851e0949c resource provider not found; error: Placement Client Error (4xx): {"errors": [{"status": 404, "title": "Not Found", "detail": "The resource could not be found.\n\n No resource provider with uuid e3b718e5-9aff-4017-b628-add851e0949c found for delete ", "request_id": "req-aaedb468-c51d-49e8-b19b-652246558a67"}]}
2026-07-02 06:19:39.490 10 INFO neutron.services.segments.plugin [-] Segment e3b718e5-9aff-4017-b628-add851e0949c resource provider not found; error: Placement Client Error (4xx): {"errors": [{"status": 404, "title": "Not Found", "detail": "The resource could not be found.\n\n No resource provider with uuid e3b718e5-9aff-4017-b628-add851e0949c found for delete ", "request_id": "req-49c31181-c435-4ba0-9f59-68e06a146357"}]}
2026-07-02 06:19:39.509 10 INFO neutron.wsgi [None req-a0e42b65-d311-45ac-b31a-77afb0588b72 621aa77ae2d74da5bb5cd3d0fb766cc2 fd1f3925b562455d9e9282052b127e81 - - default default] 10.0.0.113 "DELETE /v2.0/networks/b7d18a3e-3832-4833-b55c-afee83858a29 HTTP/1.1" status: 204 len: 168 time: 0.4459789
2026-07-02 06:19:39.686 9 INFO neutron.wsgi [None req-d5afd5a2-7cc2-4514-94db-3e30fffe7a47 5608f3f82ed84b3b9b2a3cffd71b2976 fe4c05f7fe7e41488fdd25f481de9a95 - - default default] 10.0.0.113 "DELETE /v2.0/subnets/b947cafd-1ab6-4b18-8a5e-e8bba1732bbc HTTP/1.1" status: 204 len: 168 time: 0.2010436
2026-07-02 06:19:40.078 10 INFO neutron.wsgi [None req-cf530ed8-9bc6-4820-982d-112a7c2203c5 621aa77ae2d74da5bb5cd3d0fb766cc2 fd1f3925b562455d9e9282052b127e81 - - default default] 10.0.0.113 "DELETE /v2.0/networks/7b31c7b4-99f1-48aa-badd-e9e28f0c6d20 HTTP/1.1" status: 204 len: 168 time: 0.5636733
2026-07-02 06:19:40.083 9 INFO neutron.wsgi [None req-83fed26c-e5da-4670-88fa-867339316418 5608f3f82ed84b3b9b2a3cffd71b2976 fe4c05f7fe7e41488fdd25f481de9a95 - - default default] 10.0.0.113 "DELETE /v2.0/networks/aba4d59e-561d-4764-9949-49e583d4a79f HTTP/1.1" status: 204 len: 168 time: 0.3925970
2026-07-02 06:19:40.088 10 WARNING neutron_lib.context [None req-657daa0c-9d6b-4e9f-9303-cbeded62d0db 621aa77ae2d74da5bb5cd3d0fb766cc2 fd1f3925b562455d9e9282052b127e81 - - default default] Method 'is_advsvc' is deprecated since 2023.2 release (neutron-lib 3.8.0) and will be removed once support for the old RBAC API policies will be removed from Neutron. Please use method 'is_service_role' instead.
2026-07-02 06:19:40.167 10 INFO neutron.db.segments_db [None req-657daa0c-9d6b-4e9f-9303-cbeded62d0db 621aa77ae2d74da5bb5cd3d0fb766cc2 fd1f3925b562455d9e9282052b127e81 - - default default] Added segment 17fc7f0f-3a51-4e81-98d9-57d3b2b45442 of type geneve for network ac2ba348-5bc8-4d1f-92c1-d2054b99fae6
2026-07-02 06:19:40.388 10 INFO neutron.db.ovn_revision_numbers_db [None req-657daa0c-9d6b-4e9f-9303-cbeded62d0db 621aa77ae2d74da5bb5cd3d0fb766cc2 fd1f3925b562455d9e9282052b127e81 - - default default] Successfully bumped revision number for resource ac2ba348-5bc8-4d1f-92c1-d2054b99fae6 (type: networks) to 1
2026-07-02 06:19:40.606 10 WARNING neutron.scheduler.dhcp_agent_scheduler [None req-657daa0c-9d6b-4e9f-9303-cbeded62d0db 621aa77ae2d74da5bb5cd3d0fb766cc2 fd1f3925b562455d9e9282052b127e81 - - default default] No more DHCP agents
2026-07-02 06:19:40.608 10 WARNING neutron.api.rpc.agentnotifiers.dhcp_rpc_agent_api [None req-657daa0c-9d6b-4e9f-9303-cbeded62d0db 621aa77ae2d74da5bb5cd3d0fb766cc2 fd1f3925b562455d9e9282052b127e81 - - default default] Unable to schedule network ac2ba348-5bc8-4d1f-92c1-d2054b99fae6: no agents available; will retry on subsequent port and subnet creation events.
2026-07-02 06:19:40.718 10 WARNING neutron.plugins.ml2.drivers.ovn.mech_driver.ovsdb.ovn_client [None req-f958670b-66e1-475f-b8d2-1c6e6d4a10aa - - - - - -] No port found with ID c330ad42-2655-4e83-a01a-c61741927833: RuntimeError: No port found with ID c330ad42-2655-4e83-a01a-c61741927833
2026-07-02 06:19:40.724 10 INFO neutron.db.ovn_revision_numbers_db [None req-657daa0c-9d6b-4e9f-9303-cbeded62d0db 621aa77ae2d74da5bb5cd3d0fb766cc2 fd1f3925b562455d9e9282052b127e81 - - default default] Successfully bumped revision number for resource 01ce25b1-1653-48f8-b3f6-009b10469f38 (type: ports) to 1
2026-07-02 06:19:40.762 10 INFO neutron.wsgi [None req-657daa0c-9d6b-4e9f-9303-cbeded62d0db 621aa77ae2d74da5bb5cd3d0fb766cc2 fd1f3925b562455d9e9282052b127e81 - - default default] 10.0.0.113 "POST /v2.0/networks HTTP/1.1" status: 201 len: 829 time: 0.6772714
2026-07-02 06:19:40.774 10 WARNING neutron_lib.context [None req-3eae7a4f-77c2-4f0a-b74c-4de4d773cc88 621aa77ae2d74da5bb5cd3d0fb766cc2 fd1f3925b562455d9e9282052b127e81 - - default default] Method 'is_advsvc' is deprecated since 2023.2 release (neutron-lib 3.8.0) and will be removed once support for the old RBAC API policies will be removed from Neutron. Please use method 'is_service_role' instead.
2026-07-02 06:19:40.875 9 INFO neutron.wsgi [None req-7fd2da8d-1253-420d-b608-fd304f2730ca 44f9fc947be441caab831b744dde8ad6 431f6c9a3dcd4add9521adb805be1cd6 - - default default] 10.0.0.113 "GET /v2.0/security-groups?tenant_id=fe4c05f7fe7e41488fdd25f481de9a95&name=default HTTP/1.1" status: 200 len: 2996 time: 0.2274764
2026-07-02 06:19:40.933 9 INFO neutron.services.segments.plugin [-] Segment 591eb4c3-131b-44e1-9e37-8c4e81e7220f resource provider aggregate not found
2026-07-02 06:19:40.942 9 INFO neutron.services.segments.plugin [-] Segment 591eb4c3-131b-44e1-9e37-8c4e81e7220f resource provider aggregate not found
2026-07-02 06:19:40.947 9 INFO neutron.services.segments.plugin [-] Segment 591eb4c3-131b-44e1-9e37-8c4e81e7220f resource provider not found; error: Placement Client Error (4xx): {"errors": [{"status": 404, "title": "Not Found", "detail": "The resource could not be found.\n\n No resource provider with uuid 591eb4c3-131b-44e1-9e37-8c4e81e7220f found for delete ", "request_id": "req-ccdd17ac-33c1-4e5b-a5ad-8b55a9638cf1"}]}
2026-07-02 06:19:40.959 9 INFO neutron.services.segments.plugin [-] Segment 591eb4c3-131b-44e1-9e37-8c4e81e7220f resource provider not found; error: Placement Client Error (4xx): {"errors": [{"status": 404, "title": "Not Found", "detail": "The resource could not be found.\n\n No resource provider with uuid 591eb4c3-131b-44e1-9e37-8c4e81e7220f found for delete ", "request_id": "req-4a41c7cb-850c-42d1-8411-d5accfeabce6"}]}
2026-07-02 06:19:41.048 10 WARNING neutron.scheduler.dhcp_agent_scheduler [None req-3eae7a4f-77c2-4f0a-b74c-4de4d773cc88 621aa77ae2d74da5bb5cd3d0fb766cc2 fd1f3925b562455d9e9282052b127e81 - - default default] No more DHCP agents
2026-07-02 06:19:41.051 10 WARNING neutron.api.rpc.agentnotifiers.dhcp_rpc_agent_api [None req-3eae7a4f-77c2-4f0a-b74c-4de4d773cc88 621aa77ae2d74da5bb5cd3d0fb766cc2 fd1f3925b562455d9e9282052b127e81 - - default default] Unable to schedule network ac2ba348-5bc8-4d1f-92c1-d2054b99fae6: no agents available; will retry on subsequent port and subnet creation events.
2026-07-02 06:19:41.129 9 INFO neutron.wsgi [None req-d9ef9f3a-6746-48d8-b956-2e3618a67f09 44f9fc947be441caab831b744dde8ad6 431f6c9a3dcd4add9521adb805be1cd6 - - default default] 10.0.0.113 "DELETE /v2.0/security-groups/de31d980-bd6e-4c03-83ec-083c675dcabd HTTP/1.1" status: 204 len: 168 time: 0.2499313
2026-07-02 06:19:41.509 10 INFO neutron.services.segments.plugin [-] Segment e6316b88-2fd9-4f42-9edd-bd9d349b7a9c resource provider aggregate not found
2026-07-02 06:19:41.516 10 INFO neutron.services.segments.plugin [-] Segment e6316b88-2fd9-4f42-9edd-bd9d349b7a9c resource provider aggregate not found
2026-07-02 06:19:41.525 10 INFO neutron.services.segments.plugin [-] Segment e6316b88-2fd9-4f42-9edd-bd9d349b7a9c resource provider not found; error: Placement Client Error (4xx): {"errors": [{"status": 404, "title": "Not Found", "detail": "The resource could not be found.\n\n No resource provider with uuid e6316b88-2fd9-4f42-9edd-bd9d349b7a9c found for delete ", "request_id": "req-bb85251d-3ed3-4f2a-add4-0a367e89ced5"}]}
