2026-07-02 06:22:49.910 9 INFO neutron.services.segments.plugin [-] Segment 69abd2cc-be41-4fb9-b861-bb55382fd3e8 resource provider aggregate not found
2026-07-02 06:22:49.916 9 INFO neutron.services.segments.plugin [-] Segment 69abd2cc-be41-4fb9-b861-bb55382fd3e8 resource provider aggregate not found
2026-07-02 06:22:49.928 10 INFO neutron.wsgi [None req-da819902-ba25-40cd-9b9a-5b588f5a5e47 517fb1b8f4274eb78839fb54af04b45e bbd4fd2d2b3d4162a0b95faeeeb73344 - - default default] 10.0.0.113 "PUT /v2.0/routers/80f0581e-7280-4afc-bada-ea33b2aea463/tags HTTP/1.1" status: 200 len: 227 time: 0.0612350
2026-07-02 06:22:49.935 9 INFO neutron.services.segments.plugin [-] Segment 69abd2cc-be41-4fb9-b861-bb55382fd3e8 resource provider not found; error: Placement Client Error (4xx): {"errors": [{"status": 404, "title": "Not Found", "detail": "The resource could not be found.\n\n No resource provider with uuid 69abd2cc-be41-4fb9-b861-bb55382fd3e8 found for delete ", "request_id": "req-6256cde9-2a4f-4788-a867-ef5f01d83748"}]}
2026-07-02 06:22:49.936 9 INFO neutron.services.segments.plugin [-] Segment 69abd2cc-be41-4fb9-b861-bb55382fd3e8 resource provider not found; error: Placement Client Error (4xx): {"errors": [{"status": 404, "title": "Not Found", "detail": "The resource could not be found.\n\n No resource provider with uuid 69abd2cc-be41-4fb9-b861-bb55382fd3e8 found for delete ", "request_id": "req-d2d0aec8-87fc-42ff-9343-5ffa38f51a2a"}]}
2026-07-02 06:22:49.958 9 INFO neutron.wsgi [None req-b86a24e5-893d-4120-bc0a-81c3fea0e0fd 66553ad2bdab4b77a19af06ffaf1acaa 0eb323a1d2734ce2acd1baf7144b823a - - default default] 10.0.0.113 "DELETE /v2.0/networks/15d67a39-6480-4759-9efc-5c3d2ebf2465 HTTP/1.1" status: 204 len: 168 time: 0.4866307
2026-07-02 06:22:49.990 10 INFO neutron.wsgi [None req-53d675b8-65c4-4304-84b3-8e00245dc7b9 517fb1b8f4274eb78839fb54af04b45e bbd4fd2d2b3d4162a0b95faeeeb73344 - - default default] 10.0.0.113 "PUT /v2.0/routers/0f941ebf-8fae-4b53-8c04-b48387fb9be9/tags HTTP/1.1" status: 200 len: 212 time: 0.0563524
2026-07-02 06:22:50.062 9 INFO neutron.wsgi [-] 10.0.0.111 "GET / HTTP/1.1" status: 200 len: 246 time: 0.0028875
2026-07-02 06:22:50.065 9 INFO neutron.wsgi [-] 10.0.0.111 "GET / HTTP/1.1" status: 200 len: 246 time: 0.0019600
2026-07-02 06:22:50.071 10 INFO neutron.wsgi [None req-7453fdce-d675-405e-b4e7-6367056f3a85 517fb1b8f4274eb78839fb54af04b45e bbd4fd2d2b3d4162a0b95faeeeb73344 - - default default] 10.0.0.113 "GET /v2.0/routers?tags=red HTTP/1.1" status: 200 len: 1601 time: 0.0710125
2026-07-02 06:22:50.518 10 INFO neutron.wsgi [None req-04f3e9d8-634a-45e3-9d65-2c22270da811 517fb1b8f4274eb78839fb54af04b45e bbd4fd2d2b3d4162a0b95faeeeb73344 - - default default] 10.0.0.113 "GET /v2.0/routers?tags=red%2Cblue HTTP/1.1" status: 200 len: 1144 time: 0.4397914
2026-07-02 06:22:50.614 10 INFO neutron.wsgi [None req-70c52f80-f885-41aa-9de3-81e5aa693890 517fb1b8f4274eb78839fb54af04b45e bbd4fd2d2b3d4162a0b95faeeeb73344 - - default default] 10.0.0.113 "GET /v2.0/routers?tags-any=blue HTTP/1.1" status: 200 len: 1144 time: 0.0856402
2026-07-02 06:22:50.678 10 INFO neutron.wsgi [None req-40c05f7f-fda5-42d0-acd2-f2e85604a86e 517fb1b8f4274eb78839fb54af04b45e bbd4fd2d2b3d4162a0b95faeeeb73344 - - default default] 10.0.0.113 "GET /v2.0/routers?tags-any=red%2Cblue HTTP/1.1" status: 200 len: 1601 time: 0.0592864
2026-07-02 06:22:50.768 10 INFO neutron.wsgi [None req-3a7c5bd9-5fc1-45d6-bb4c-793df602214c 517fb1b8f4274eb78839fb54af04b45e bbd4fd2d2b3d4162a0b95faeeeb73344 - - default default] 10.0.0.113 "GET /v2.0/routers?not-tags=red HTTP/1.1" status: 200 len: 1116 time: 0.0834353
2026-07-02 06:22:50.885 10 INFO neutron.wsgi [None req-26251111-eddf-47db-b705-6e0e2cd19975 517fb1b8f4274eb78839fb54af04b45e bbd4fd2d2b3d4162a0b95faeeeb73344 - - default default] 10.0.0.113 "GET /v2.0/routers?not-tags=red%2Cblue HTTP/1.1" status: 200 len: 1573 time: 0.1082382
2026-07-02 06:22:50.913 9 INFO neutron.db.ovn_revision_numbers_db [None req-90b3733a-f6e3-4040-9c56-50c23e27e2bf 44f9fc947be441caab831b744dde8ad6 431f6c9a3dcd4add9521adb805be1cd6 - - default default] Successfully bumped revision number for resource 9f4cba91-2be8-4e6b-9b5c-dc42f585e228 (type: security_groups) to 1
2026-07-02 06:22:50.930 9 INFO neutron.db.ovn_revision_numbers_db [None req-90b3733a-f6e3-4040-9c56-50c23e27e2bf 44f9fc947be441caab831b744dde8ad6 431f6c9a3dcd4add9521adb805be1cd6 - - default default] Successfully bumped revision number for resource 103c9ee9-c9a9-4069-8ed1-51117ff91dcb (type: security_group_rules) to 0
2026-07-02 06:22:50.945 9 INFO neutron.db.ovn_revision_numbers_db [None req-90b3733a-f6e3-4040-9c56-50c23e27e2bf 44f9fc947be441caab831b744dde8ad6 431f6c9a3dcd4add9521adb805be1cd6 - - default default] Successfully bumped revision number for resource 3fec09bf-e285-43d8-863f-9cfaa0d358db (type: security_group_rules) to 0
2026-07-02 06:22:50.962 10 INFO neutron.wsgi [None req-0f719833-748c-4798-96e0-27f1a22b590d 517fb1b8f4274eb78839fb54af04b45e bbd4fd2d2b3d4162a0b95faeeeb73344 - - default default] 10.0.0.113 "GET /v2.0/routers?not-tags-any=blue HTTP/1.1" status: 200 len: 1573 time: 0.0716286
2026-07-02 06:22:50.979 9 INFO neutron.db.ovn_revision_numbers_db [None req-90b3733a-f6e3-4040-9c56-50c23e27e2bf 44f9fc947be441caab831b744dde8ad6 431f6c9a3dcd4add9521adb805be1cd6 - - default default] Successfully bumped revision number for resource 4178ed6d-217e-42db-a3d3-2ed65aba902f (type: security_group_rules) to 0
2026-07-02 06:22:51.006 9 INFO neutron.db.ovn_revision_numbers_db [None req-90b3733a-f6e3-4040-9c56-50c23e27e2bf 44f9fc947be441caab831b744dde8ad6 431f6c9a3dcd4add9521adb805be1cd6 - - default default] Successfully bumped revision number for resource f31a7e67-31f2-4094-a1ea-5897f26ea2aa (type: security_group_rules) to 0
2026-07-02 06:22:51.057 10 INFO neutron.wsgi [None req-c8673837-dc27-4502-b8d4-3378888370fa 517fb1b8f4274eb78839fb54af04b45e bbd4fd2d2b3d4162a0b95faeeeb73344 - - default default] 10.0.0.113 "GET /v2.0/routers?not-tags-any=red%2Cblue HTTP/1.1" status: 200 len: 1116 time: 0.0832641
2026-07-02 06:22:51.061 9 INFO neutron.wsgi [None req-90b3733a-f6e3-4040-9c56-50c23e27e2bf 44f9fc947be441caab831b744dde8ad6 431f6c9a3dcd4add9521adb805be1cd6 - - default default] 10.0.0.113 "GET /v2.0/security-groups?tenant_id=36d229de921a45afa0ec86cac36f3642&name=default HTTP/1.1" status: 200 len: 2997 time: 0.3905888
2026-07-02 06:22:51.132 10 INFO neutron.wsgi [None req-d1b1ec96-5a12-49d5-9a65-2975ac95601c 517fb1b8f4274eb78839fb54af04b45e bbd4fd2d2b3d4162a0b95faeeeb73344 - - default default] 10.0.0.113 "GET /v2.0/routers/adf37700-8b5a-40ee-a9eb-5d03f4be0c58 HTTP/1.1" status: 200 len: 660 time: 0.0680475
2026-07-02 06:22:51.359 10 INFO neutron.wsgi [None req-720b13e4-9b5c-46e0-8222-d94425da09e1 44f9fc947be441caab831b744dde8ad6 431f6c9a3dcd4add9521adb805be1cd6 - - default default] 10.0.0.113 "DELETE /v2.0/security-groups/9f4cba91-2be8-4e6b-9b5c-dc42f585e228 HTTP/1.1" status: 204 len: 168 time: 0.2935224
2026-07-02 06:22:51.522 9 INFO neutron.wsgi [None req-5d2e2b98-f672-487e-99cb-38329540909a 44f9fc947be441caab831b744dde8ad6 431f6c9a3dcd4add9521adb805be1cd6 - - default default] 10.0.0.113 "GET /v2.0/security-groups?tenant_id=0eb323a1d2734ce2acd1baf7144b823a&name=default HTTP/1.1" status: 200 len: 2996 time: 0.0612078
2026-07-02 06:22:51.731 9 INFO neutron.db.ovn_revision_numbers_db [None req-c34b8016-de54-4658-8941-7bbc4993d172 517fb1b8f4274eb78839fb54af04b45e bbd4fd2d2b3d4162a0b95faeeeb73344 - - default default] Successfully bumped revision number for resource adf37700-8b5a-40ee-a9eb-5d03f4be0c58 (type: routers) to 2
2026-07-02 06:22:51.736 9 INFO neutron.wsgi [None req-c34b8016-de54-4658-8941-7bbc4993d172 517fb1b8f4274eb78839fb54af04b45e bbd4fd2d2b3d4162a0b95faeeeb73344 - - default default] 10.0.0.113 "PUT /v2.0/routers/adf37700-8b5a-40ee-a9eb-5d03f4be0c58 HTTP/1.1" status: 200 len: 660 time: 0.5981343
2026-07-02 06:22:51.757 10 INFO neutron.wsgi [None req-fb3aef8f-e9ed-40a5-a609-100228c2e3ab 44f9fc947be441caab831b744dde8ad6 431f6c9a3dcd4add9521adb805be1cd6 - - default default] 10.0.0.113 "DELETE /v2.0/security-groups/7522c3b0-64d9-4160-b883-ef65937b1599 HTTP/1.1" status: 204 len: 168 time: 0.2285190
2026-07-02 06:22:51.769 9 INFO neutron.wsgi [None req-2a25136b-a33c-4a91-89a2-50ce9fce0891 517fb1b8f4274eb78839fb54af04b45e bbd4fd2d2b3d4162a0b95faeeeb73344 - - default default] 10.0.0.113 "GET /v2.0/ports?device_id=adf37700-8b5a-40ee-a9eb-5d03f4be0c58 HTTP/1.1" status: 200 len: 205 time: 0.0263314
2026-07-02 06:22:52.026 9 INFO neutron.wsgi [None req-3fa86608-56eb-4848-a440-59405e8840cd 517fb1b8f4274eb78839fb54af04b45e bbd4fd2d2b3d4162a0b95faeeeb73344 - - default default] 10.0.0.113 "DELETE /v2.0/routers/adf37700-8b5a-40ee-a9eb-5d03f4be0c58 HTTP/1.1" status: 204 len: 168 time: 0.2526636
2026-07-02 06:22:52.093 9 INFO neutron.wsgi [None req-cd328852-d3f4-4fd2-b946-bc87d7092025 517fb1b8f4274eb78839fb54af04b45e bbd4fd2d2b3d4162a0b95faeeeb73344 - - default default] 10.0.0.113 "GET /v2.0/routers/ba253314-de9c-463b-8fc9-16e335175ce2 HTTP/1.1" status: 200 len: 668 time: 0.0584955
2026-07-02 06:22:53.084 9 INFO neutron.db.ovn_revision_numbers_db [None req-825d1eda-1182-4da0-b090-1131a8935419 517fb1b8f4274eb78839fb54af04b45e bbd4fd2d2b3d4162a0b95faeeeb73344 - - default default] Successfully bumped revision number for resource ba253314-de9c-463b-8fc9-16e335175ce2 (type: routers) to 2
2026-07-02 06:22:53.088 9 INFO neutron.wsgi [None req-825d1eda-1182-4da0-b090-1131a8935419 517fb1b8f4274eb78839fb54af04b45e bbd4fd2d2b3d4162a0b95faeeeb73344 - - default default] 10.0.0.113 "PUT /v2.0/routers/ba253314-de9c-463b-8fc9-16e335175ce2 HTTP/1.1" status: 200 len: 668 time: 0.9888175
2026-07-02 06:22:53.118 9 INFO neutron.wsgi [None req-75e5a958-4fc2-4f33-92ca-9d0b9dd531d8 517fb1b8f4274eb78839fb54af04b45e bbd4fd2d2b3d4162a0b95faeeeb73344 - - default default] 10.0.0.113 "GET /v2.0/ports?device_id=ba253314-de9c-463b-8fc9-16e335175ce2 HTTP/1.1" status: 200 len: 205 time: 0.0245111
2026-07-02 06:22:53.474 9 INFO neutron.wsgi [None req-8b7380ab-1208-433b-a797-983befe1d6d1 517fb1b8f4274eb78839fb54af04b45e bbd4fd2d2b3d4162a0b95faeeeb73344 - - default default] 10.0.0.113 "DELETE /v2.0/routers/ba253314-de9c-463b-8fc9-16e335175ce2 HTTP/1.1" status: 204 len: 168 time: 0.3502743
2026-07-02 06:22:53.541 9 INFO neutron.wsgi [None req-d825715a-4410-439f-af80-221c1283d990 517fb1b8f4274eb78839fb54af04b45e bbd4fd2d2b3d4162a0b95faeeeb73344 - - default default] 10.0.0.113 "GET /v2.0/routers/80f0581e-7280-4afc-bada-ea33b2aea463 HTTP/1.1" status: 200 len: 677 time: 0.0604854
2026-07-02 06:22:54.007 10 INFO neutron.wsgi [None req-26c01ec1-0b73-4c37-8ba1-f90c449d39b1 44f9fc947be441caab831b744dde8ad6 431f6c9a3dcd4add9521adb805be1cd6 - - default default] 10.0.0.12 "GET /v2.0/extensions/security-group HTTP/1.1" status: 200 len: 369 time: 0.0218477
2026-07-02 06:22:54.023 10 INFO neutron.wsgi [None req-b23da788-d9e8-4962-a873-03f6924e7642 44f9fc947be441caab831b744dde8ad6 431f6c9a3dcd4add9521adb805be1cd6 - - default default] 10.0.0.12 "GET /v2.0/extensions/dns-integration HTTP/1.1" status: 200 len: 371 time: 0.0057688
2026-07-02 06:22:54.035 10 INFO neutron.wsgi [None req-e2159609-27df-471f-84dc-13c7931963e5 44f9fc947be441caab831b744dde8ad6 431f6c9a3dcd4add9521adb805be1cd6 - - default default] 10.0.0.12 "GET /v2.0/extensions/qos HTTP/1.1" status: 200 len: 365 time: 0.0057118
2026-07-02 06:22:54.050 10 INFO neutron.wsgi [None req-ea420d6d-e04c-4ec5-b383-a1b96d57fe99 44f9fc947be441caab831b744dde8ad6 431f6c9a3dcd4add9521adb805be1cd6 - - default default] 10.0.0.12 "GET /v2.0/extensions/allowed-address-pairs HTTP/1.1" status: 200 len: 383 time: 0.0074639
2026-07-02 06:22:54.120 9 INFO neutron.db.ovn_revision_numbers_db [None req-fc32ebf1-9bf7-41ff-8100-0a2672c96084 517fb1b8f4274eb78839fb54af04b45e bbd4fd2d2b3d4162a0b95faeeeb73344 - - default default] Successfully bumped revision number for resource 80f0581e-7280-4afc-bada-ea33b2aea463 (type: routers) to 2
2026-07-02 06:22:54.124 9 INFO neutron.wsgi [None req-fc32ebf1-9bf7-41ff-8100-0a2672c96084 517fb1b8f4274eb78839fb54af04b45e bbd4fd2d2b3d4162a0b95faeeeb73344 - - default default] 10.0.0.113 "PUT /v2.0/routers/80f0581e-7280-4afc-bada-ea33b2aea463 HTTP/1.1" status: 200 len: 677 time: 0.5778742
2026-07-02 06:22:54.154 9 INFO neutron.wsgi [None req-6b27a541-ba1c-4b9e-b356-ccb69d7e57cb 517fb1b8f4274eb78839fb54af04b45e bbd4fd2d2b3d4162a0b95faeeeb73344 - - default default] 10.0.0.113 "GET /v2.0/ports?device_id=80f0581e-7280-4afc-bada-ea33b2aea463 HTTP/1.1" status: 200 len: 205 time: 0.0234671
2026-07-02 06:22:54.438 10 INFO neutron.wsgi [-] 10.0.0.12 "GET / HTTP/1.1" status: 200 len: 284 time: 0.0035710
2026-07-02 06:22:54.488 9 INFO neutron.wsgi [None req-6dab172b-f241-44ed-a5a7-f2e41ebdd77f 517fb1b8f4274eb78839fb54af04b45e bbd4fd2d2b3d4162a0b95faeeeb73344 - - default default] 10.0.0.113 "DELETE /v2.0/routers/80f0581e-7280-4afc-bada-ea33b2aea463 HTTP/1.1" status: 204 len: 168 time: 0.3278916
2026-07-02 06:22:54.545 10 INFO neutron.wsgi [None req-f7c715bc-297c-4f8d-b5a4-6f1da7e86df1 b582fc2e75f94459906dffb5e8a94c0f effe0de92263445882ef221ade172aba - - default default] 10.0.0.12 "GET /v2.0/subnets/353132a2-ee16-4b44-b459-435d8da586bd HTTP/1.1" status: 200 len: 830 time: 0.0905333
2026-07-02 06:22:54.584 10 INFO neutron.wsgi [None req-e328f667-ec2e-4ee3-8153-cf09a51414bf 517fb1b8f4274eb78839fb54af04b45e bbd4fd2d2b3d4162a0b95faeeeb73344 - - default default] 10.0.0.113 "GET /v2.0/routers/0f941ebf-8fae-4b53-8c04-b48387fb9be9 HTTP/1.1" status: 200 len: 662 time: 0.0901558
2026-07-02 06:22:55.236 9 INFO neutron.wsgi [None req-30e1de68-3ffa-4435-88c4-ee49caf8bebf dfe41015154646dbbf0d84fd80c48e12 8ac4f0ec125d4610834fe21b494c1975 - - default default] 10.0.0.113 "POST /v2.0/qos/policies HTTP/1.1" status: 201 len: 558 time: 0.1717248
2026-07-02 06:22:55.295 9 INFO neutron.wsgi [None req-711a1938-ad58-428a-906f-c5919e92d78e dfe41015154646dbbf0d84fd80c48e12 8ac4f0ec125d4610834fe21b494c1975 - - default default] 10.0.0.113 "PUT /v2.0/policies/e5fb5582-c06a-4324-9006-69189f72629e/tags HTTP/1.1" status: 200 len: 218 time: 0.0502434
2026-07-02 06:22:55.337 9 INFO neutron.wsgi [None req-7b940a9d-2e5c-49ee-b502-ced8de705c17 dfe41015154646dbbf0d84fd80c48e12 8ac4f0ec125d4610834fe21b494c1975 - - default default] 10.0.0.113 "GET /v2.0/policies/e5fb5582-c06a-4324-9006-69189f72629e/tags HTTP/1.1" status: 200 len: 218 time: 0.0353591
2026-07-02 06:22:55.362 10 INFO neutron.db.ovn_revision_numbers_db [None req-37baf38b-665e-4523-868d-020488e467b8 517fb1b8f4274eb78839fb54af04b45e bbd4fd2d2b3d4162a0b95faeeeb73344 - - default default] Successfully bumped revision number for resource 0f941ebf-8fae-4b53-8c04-b48387fb9be9 (type: routers) to 2
2026-07-02 06:22:55.365 10 INFO neutron.wsgi [None req-37baf38b-665e-4523-868d-020488e467b8 517fb1b8f4274eb78839fb54af04b45e bbd4fd2d2b3d4162a0b95faeeeb73344 - - default default] 10.0.0.113 "PUT /v2.0/routers/0f941ebf-8fae-4b53-8c04-b48387fb9be9 HTTP/1.1" status: 200 len: 662 time: 0.7772276
2026-07-02 06:22:55.390 9 INFO neutron.wsgi [None req-c5a61063-2571-42b4-a2ed-99e2ece52f9e dfe41015154646dbbf0d84fd80c48e12 8ac4f0ec125d4610834fe21b494c1975 - - default default] 10.0.0.113 "PUT /v2.0/policies/e5fb5582-c06a-4324-9006-69189f72629e/tags/green HTTP/1.1" status: 201 len: 201 time: 0.0479963
2026-07-02 06:22:55.392 9 INFO neutron.wsgi [None req-4793e269-9779-4629-bbb3-afb5b931e372 517fb1b8f4274eb78839fb54af04b45e bbd4fd2d2b3d4162a0b95faeeeb73344 - - default default] 10.0.0.113 "GET /v2.0/ports?device_id=0f941ebf-8fae-4b53-8c04-b48387fb9be9 HTTP/1.1" status: 200 len: 205 time: 0.0224314
2026-07-02 06:22:55.420 9 INFO neutron.wsgi [None req-c40aea7a-f3ef-4386-86c5-2d420f7f8a9a dfe41015154646dbbf0d84fd80c48e12 8ac4f0ec125d4610834fe21b494c1975 - - default default] 10.0.0.113 "GET /v2.0/policies/e5fb5582-c06a-4324-9006-69189f72629e/tags HTTP/1.1" status: 200 len: 227 time: 0.0233505
2026-07-02 06:22:55.452 9 INFO neutron.wsgi [None req-625a2952-60db-430e-a8db-62b799f854e9 dfe41015154646dbbf0d84fd80c48e12 8ac4f0ec125d4610834fe21b494c1975 - - default default] 10.0.0.113 "PUT /v2.0/policies/e5fb5582-c06a-4324-9006-69189f72629e/tags/red HTTP/1.1" status: 201 len: 201 time: 0.0257592
2026-07-02 06:22:55.477 9 INFO neutron.wsgi [None req-1cc0d4c8-aa2e-498f-b0be-cc848bbcd783 dfe41015154646dbbf0d84fd80c48e12 8ac4f0ec125d4610834fe21b494c1975 - - default default] 10.0.0.113 "GET /v2.0/policies/e5fb5582-c06a-4324-9006-69189f72629e/tags HTTP/1.1" status: 200 len: 227 time: 0.0199461
2026-07-02 06:22:55.517 9 INFO neutron.wsgi [None req-6d151c9f-bc57-430a-aeb8-3141c387d722 dfe41015154646dbbf0d84fd80c48e12 8ac4f0ec125d4610834fe21b494c1975 - - default default] 10.0.0.113 "PUT /v2.0/policies/e5fb5582-c06a-4324-9006-69189f72629e/tags/black.or.white HTTP/1.1" status: 201 len: 201 time: 0.0333652
2026-07-02 06:22:55.542 9 INFO neutron.wsgi [None req-3584b691-a0fa-4e44-bc0f-42db2c85cf17 dfe41015154646dbbf0d84fd80c48e12 8ac4f0ec125d4610834fe21b494c1975 - - default default] 10.0.0.113 "GET /v2.0/policies/e5fb5582-c06a-4324-9006-69189f72629e/tags HTTP/1.1" status: 200 len: 245 time: 0.0185137
2026-07-02 06:22:55.590 9 INFO neutron.wsgi [None req-67af155e-a1e3-4c3e-95f7-116125ecfe64 dfe41015154646dbbf0d84fd80c48e12 8ac4f0ec125d4610834fe21b494c1975 - - default default] 10.0.0.113 "PUT /v2.0/policies/e5fb5582-c06a-4324-9006-69189f72629e/tags HTTP/1.1" status: 200 len: 230 time: 0.0423219
2026-07-02 06:22:55.617 9 INFO neutron.wsgi [None req-dede5a93-2522-47e0-a03e-d85fd415bea0 dfe41015154646dbbf0d84fd80c48e12 8ac4f0ec125d4610834fe21b494c1975 - - default default] 10.0.0.113 "GET /v2.0/policies/e5fb5582-c06a-4324-9006-69189f72629e/tags HTTP/1.1" status: 200 len: 230 time: 0.0220249
2026-07-02 06:22:55.651 9 INFO neutron.wsgi [None req-1d9be9b2-ce5e-479c-9574-5327d7ec59d8 dfe41015154646dbbf0d84fd80c48e12 8ac4f0ec125d4610834fe21b494c1975 - - default default] 10.0.0.113 "GET /v2.0/policies/e5fb5582-c06a-4324-9006-69189f72629e/tags/red HTTP/1.1" status: 204 len: 168 time: 0.0271003
2026-07-02 06:22:55.665 9 INFO neutron.wsgi [None req-fb1ea653-70e2-40f1-85c7-6becffdb3155 44f9fc947be441caab831b744dde8ad6 431f6c9a3dcd4add9521adb805be1cd6 - - default default] 199.204.45.116 "GET /v2.0/extensions/security-group HTTP/1.1" status: 200 len: 369 time: 0.0085983
2026-07-02 06:22:55.681 9 INFO neutron.wsgi [None req-aaf6b52d-9807-41fa-bf63-51377efb85ef 44f9fc947be441caab831b744dde8ad6 431f6c9a3dcd4add9521adb805be1cd6 - - default default] 199.204.45.116 "GET /v2.0/extensions/dns-integration HTTP/1.1" status: 200 len: 371 time: 0.0093124
2026-07-02 06:22:55.694 9 INFO neutron.wsgi [None req-abe96329-2830-4886-8397-65ea2abb2713 44f9fc947be441caab831b744dde8ad6 431f6c9a3dcd4add9521adb805be1cd6 - - default default] 199.204.45.116 "GET /v2.0/extensions/qos HTTP/1.1" status: 200 len: 365 time: 0.0060318
2026-07-02 06:22:55.702 10 INFO neutron.api.v2.resource [None req-475a47ae-ec02-4496-bae6-1ec9f5aa1435 dfe41015154646dbbf0d84fd80c48e12 8ac4f0ec125d4610834fe21b494c1975 - - default default] show failed (client error): The resource could not be found.
2026-07-02 06:22:55.704 10 INFO neutron.wsgi [None req-475a47ae-ec02-4496-bae6-1ec9f5aa1435 dfe41015154646dbbf0d84fd80c48e12 8ac4f0ec125d4610834fe21b494c1975 - - default default] 10.0.0.113 "GET /v2.0/policies/e5fb5582-c06a-4324-9006-69189f72629e/tags/green HTTP/1.1" status: 404 len: 299 time: 0.0440435
2026-07-02 06:22:55.707 9 INFO neutron.wsgi [None req-2ad56a61-50fe-493d-ab85-42cc361f2468 44f9fc947be441caab831b744dde8ad6 431f6c9a3dcd4add9521adb805be1cd6 - - default default] 199.204.45.116 "GET /v2.0/extensions/allowed-address-pairs HTTP/1.1" status: 200 len: 383 time: 0.0072360
2026-07-02 06:22:55.726 10 INFO neutron.wsgi [None req-067b206c-9d91-4585-bea2-d92f4743b92b 517fb1b8f4274eb78839fb54af04b45e bbd4fd2d2b3d4162a0b95faeeeb73344 - - default default] 10.0.0.113 "DELETE /v2.0/routers/0f941ebf-8fae-4b53-8c04-b48387fb9be9 HTTP/1.1" status: 204 len: 168 time: 0.3284597
2026-07-02 06:22:55.762 9 INFO neutron.wsgi [None req-7f9478da-1d5a-43fc-80de-7fe506d71ddc 44f9fc947be441caab831b744dde8ad6 431f6c9a3dcd4add9521adb805be1cd6 - - default default] 199.204.45.116 "GET /v2.0/subnets/cdeb6ff0-2750-43cc-909d-5a8f42259291 HTTP/1.1" status: 200 len: 849 time: 0.0463810
2026-07-02 06:22:55.763 10 INFO neutron.wsgi [None req-9a90d065-e1fc-4543-ba52-2d23460ed012 dfe41015154646dbbf0d84fd80c48e12 8ac4f0ec125d4610834fe21b494c1975 - - default default] 10.0.0.113 "DELETE /v2.0/policies/e5fb5582-c06a-4324-9006-69189f72629e/tags/red HTTP/1.1" status: 204 len: 168 time: 0.0511613
2026-07-02 06:22:55.784 10 INFO neutron.wsgi [None req-6acdc8b8-7dbe-4909-a36b-d66d54f77a21 517fb1b8f4274eb78839fb54af04b45e bbd4fd2d2b3d4162a0b95faeeeb73344 - - default default] 10.0.0.113 "GET /v2.0/routers/40865129-8cc4-4165-b6fd-49b9bf2714a6 HTTP/1.1" status: 200 len: 655 time: 0.0506797
2026-07-02 06:22:55.791 10 INFO neutron.wsgi [None req-ca6ee7de-45de-4cc8-8229-72c821ac0adf dfe41015154646dbbf0d84fd80c48e12 8ac4f0ec125d4610834fe21b494c1975 - - default default] 10.0.0.113 "GET /v2.0/policies/e5fb5582-c06a-4324-9006-69189f72629e/tags HTTP/1.1" status: 200 len: 223 time: 0.0170152
2026-07-02 06:22:55.819 9 INFO neutron.wsgi [None req-5be591f8-c8b9-4879-8440-91a03980ba94 44f9fc947be441caab831b744dde8ad6 431f6c9a3dcd4add9521adb805be1cd6 - - default default] 199.204.45.116 "GET /v2.0/subnets/353132a2-ee16-4b44-b459-435d8da586bd HTTP/1.1" status: 200 len: 848 time: 0.0482349
2026-07-02 06:22:55.846 9 INFO neutron.api.v2.resource [None req-6a8e8479-dbd8-4285-8624-21fb8229c713 dfe41015154646dbbf0d84fd80c48e12 8ac4f0ec125d4610834fe21b494c1975 - - default default] delete failed (client error): The resource could not be found.
2026-07-02 06:22:55.848 9 INFO neutron.wsgi [None req-6a8e8479-dbd8-4285-8624-21fb8229c713 dfe41015154646dbbf0d84fd80c48e12 8ac4f0ec125d4610834fe21b494c1975 - - default default] 10.0.0.113 "DELETE /v2.0/policies/e5fb5582-c06a-4324-9006-69189f72629e/tags/green HTTP/1.1" status: 404 len: 299 time: 0.0498557
2026-07-02 06:22:55.886 9 INFO neutron.wsgi [None req-e94fad60-f465-4785-bdad-8ce2886fa018 44f9fc947be441caab831b744dde8ad6 431f6c9a3dcd4add9521adb805be1cd6 - - default default] 199.204.45.116 "GET /v2.0/ports?device_id=c7838531-849d-43e4-9459-af24666fb906 HTTP/1.1" status: 200 len: 3921 time: 0.0623333
2026-07-02 06:22:55.919 10 INFO neutron.wsgi [None req-84fc9ca9-1c0b-4320-a9f3-6bf17dcd8740 dfe41015154646dbbf0d84fd80c48e12 8ac4f0ec125d4610834fe21b494c1975 - - default default] 10.0.0.113 "DELETE /v2.0/policies/e5fb5582-c06a-4324-9006-69189f72629e/tags HTTP/1.1" status: 204 len: 168 time: 0.0618348
2026-07-02 06:22:55.958 10 INFO neutron.wsgi [None req-469a7891-1aa9-453f-b2e0-c6cabe3f4002 dfe41015154646dbbf0d84fd80c48e12 8ac4f0ec125d4610834fe21b494c1975 - - default default] 10.0.0.113 "GET /v2.0/policies/e5fb5582-c06a-4324-9006-69189f72629e/tags HTTP/1.1" status: 200 len: 205 time: 0.0298514
2026-07-02 06:22:56.053 9 INFO neutron.wsgi [None req-25b1ec96-470a-4cdd-baf2-d1b9cc84f7cc 44f9fc947be441caab831b744dde8ad6 431f6c9a3dcd4add9521adb805be1cd6 - - default default] 199.204.45.116 "GET /v2.0/extensions/security-group HTTP/1.1" status: 200 len: 369 time: 0.0076210
2026-07-02 06:22:56.069 9 INFO neutron.wsgi [None req-ee2aafea-10ac-4daf-86eb-a3995732b7fd 44f9fc947be441caab831b744dde8ad6 431f6c9a3dcd4add9521adb805be1cd6 - - default default] 199.204.45.116 "GET /v2.0/extensions/dns-integration HTTP/1.1" status: 200 len: 371 time: 0.0069027
2026-07-02 06:22:56.080 9 INFO neutron.wsgi [None req-f42eebbb-0419-4464-802f-1d56a0b85185 44f9fc947be441caab831b744dde8ad6 431f6c9a3dcd4add9521adb805be1cd6 - - default default] 199.204.45.116 "GET /v2.0/extensions/qos HTTP/1.1" status: 200 len: 365 time: 0.0054903
2026-07-02 06:22:56.090 9 INFO neutron.wsgi [None req-da80eb90-db5d-4587-a5e9-d9d3bfaa7b71 44f9fc947be441caab831b744dde8ad6 431f6c9a3dcd4add9521adb805be1cd6 - - default default] 199.204.45.116 "GET /v2.0/extensions/allowed-address-pairs HTTP/1.1" status: 200 len: 383 time: 0.0051541
2026-07-02 06:22:56.113 10 INFO neutron.wsgi [None req-8f1211eb-9f3d-417a-9f8b-4c769e024fc4 dfe41015154646dbbf0d84fd80c48e12 8ac4f0ec125d4610834fe21b494c1975 - - default default] 10.0.0.113 "DELETE /v2.0/qos/policies/e5fb5582-c06a-4324-9006-69189f72629e HTTP/1.1" status: 204 len: 168 time: 0.1428802
2026-07-02 06:22:56.221 10 INFO neutron.wsgi [None req-144592da-3605-4415-abac-c1a2ad6f525e 517fb1b8f4274eb78839fb54af04b45e bbd4fd2d2b3d4162a0b95faeeeb73344 - - default default] 10.0.0.113 "PUT /v2.0/routers/40865129-8cc4-4165-b6fd-49b9bf2714a6 HTTP/1.1" status: 200 len: 655 time: 0.4249175
2026-07-02 06:22:56.266 10 INFO neutron.wsgi [None req-ec153add-c45d-498d-a90d-649270ea7433 517fb1b8f4274eb78839fb54af04b45e bbd4fd2d2b3d4162a0b95faeeeb73344 - - default default] 10.0.0.113 "GET /v2.0/ports?device_id=40865129-8cc4-4165-b6fd-49b9bf2714a6 HTTP/1.1" status: 200 len: 205 time: 0.0376012
2026-07-02 06:22:56.553 9 INFO neutron.wsgi [req-fb713b11-6673-4454-abd4-8ccdc7c4f3b3 req-8faf992b-4125-4730-bb70-5e54d856f5dc 36cb207628f24e0bb91735a54da13e4f 9bbd05abb27045078316e40e7d0fef1e - - d806d7c638f94797abab49074542b48d d806d7c638f94797abab49074542b48d] 199.204.45.116 "GET /v2.0/networks/899ed298-f96a-4512-a5f5-67879f411077?fields=segments HTTP/1.1" status: 200 len: 212 time: 0.3619092
2026-07-02 06:22:56.607 10 INFO neutron.wsgi [None req-d70475dd-83ec-4eeb-9be9-452b7ae47af9 517fb1b8f4274eb78839fb54af04b45e bbd4fd2d2b3d4162a0b95faeeeb73344 - - default default] 10.0.0.113 "DELETE /v2.0/routers/40865129-8cc4-4165-b6fd-49b9bf2714a6 HTTP/1.1" status: 204 len: 168 time: 0.3353505
2026-07-02 06:22:56.637 9 INFO neutron.wsgi [req-fb713b11-6673-4454-abd4-8ccdc7c4f3b3 req-9fbaab43-2909-4103-b469-965a00456012 36cb207628f24e0bb91735a54da13e4f 9bbd05abb27045078316e40e7d0fef1e - - d806d7c638f94797abab49074542b48d d806d7c638f94797abab49074542b48d] 199.204.45.116 "GET /v2.0/networks/899ed298-f96a-4512-a5f5-67879f411077?fields=provider%3Aphysical_network&fields=provider%3Anetwork_type HTTP/1.1" status: 200 len: 277 time: 0.0733573
2026-07-02 06:22:56.766 9 INFO neutron.wsgi [req-fb713b11-6673-4454-abd4-8ccdc7c4f3b3 req-abe66bf0-0009-4bad-8c6b-e667f3fb082f 44f9fc947be441caab831b744dde8ad6 431f6c9a3dcd4add9521adb805be1cd6 - - default default] 199.204.45.116 "GET /v2.0/networks?id=899ed298-f96a-4512-a5f5-67879f411077 HTTP/1.1" status: 200 len: 1002 time: 0.0964887
2026-07-02 06:22:57.074 9 WARNING neutron.scheduler.dhcp_agent_scheduler [req-fb713b11-6673-4454-abd4-8ccdc7c4f3b3 req-5836b60e-5a96-4d34-894e-084e16cd17bb 44f9fc947be441caab831b744dde8ad6 431f6c9a3dcd4add9521adb805be1cd6 - - default default] No more DHCP agents
2026-07-02 06:22:57.076 9 WARNING neutron.api.rpc.agentnotifiers.dhcp_rpc_agent_api [req-fb713b11-6673-4454-abd4-8ccdc7c4f3b3 req-5836b60e-5a96-4d34-894e-084e16cd17bb 44f9fc947be441caab831b744dde8ad6 431f6c9a3dcd4add9521adb805be1cd6 - - default default] Unable to schedule network 899ed298-f96a-4512-a5f5-67879f411077: no agents available; will retry on subsequent port and subnet creation events.
2026-07-02 06:22:57.143 10 INFO neutron.db.ovn_revision_numbers_db [None req-36f1759d-38cb-4475-9700-d4074648cab6 44f9fc947be441caab831b744dde8ad6 431f6c9a3dcd4add9521adb805be1cd6 - - default default] Successfully bumped revision number for resource f193e1bf-a469-431b-a1c7-e2569e6e0f4a (type: security_groups) to 1
2026-07-02 06:22:57.160 10 INFO neutron.db.ovn_revision_numbers_db [None req-36f1759d-38cb-4475-9700-d4074648cab6 44f9fc947be441caab831b744dde8ad6 431f6c9a3dcd4add9521adb805be1cd6 - - default default] Successfully bumped revision number for resource 18ffbecd-0c9a-4c90-9fd8-7069cd257567 (type: security_group_rules) to 0
2026-07-02 06:22:57.175 10 INFO neutron.db.ovn_revision_numbers_db [None req-36f1759d-38cb-4475-9700-d4074648cab6 44f9fc947be441caab831b744dde8ad6 431f6c9a3dcd4add9521adb805be1cd6 - - default default] Successfully bumped revision number for resource 232d538e-c00a-4f1e-82f4-a90f461bfe73 (type: security_group_rules) to 0
2026-07-02 06:22:57.201 10 INFO neutron.db.ovn_revision_numbers_db [None req-36f1759d-38cb-4475-9700-d4074648cab6 44f9fc947be441caab831b744dde8ad6 431f6c9a3dcd4add9521adb805be1cd6 - - default default] Successfully bumped revision number for resource 49a7c106-b6e5-454c-b792-bcccc60893a9 (type: security_group_rules) to 0
2026-07-02 06:22:57.220 10 INFO neutron.db.ovn_revision_numbers_db [None req-36f1759d-38cb-4475-9700-d4074648cab6 44f9fc947be441caab831b744dde8ad6 431f6c9a3dcd4add9521adb805be1cd6 - - default default] Successfully bumped revision number for resource b1517b38-be8f-4e6b-9f95-f1e678520721 (type: security_group_rules) to 0
2026-07-02 06:22:57.264 10 INFO neutron.wsgi [None req-36f1759d-38cb-4475-9700-d4074648cab6 44f9fc947be441caab831b744dde8ad6 431f6c9a3dcd4add9521adb805be1cd6 - - default default] 10.0.0.113 "GET /v2.0/security-groups?tenant_id=8ac4f0ec125d4610834fe21b494c1975&name=default HTTP/1.1" status: 200 len: 3000 time: 0.4406004
2026-07-02 06:22:57.491 10 INFO neutron.wsgi [None req-9b706a52-1165-4633-8f60-089bcd2f3ccc 44f9fc947be441caab831b744dde8ad6 431f6c9a3dcd4add9521adb805be1cd6 - - default default] 10.0.0.113 "DELETE /v2.0/security-groups/f193e1bf-a469-431b-a1c7-e2569e6e0f4a HTTP/1.1" status: 204 len: 168 time: 0.2212136
2026-07-02 06:22:57.675 9 INFO neutron.db.ovn_revision_numbers_db [req-fb713b11-6673-4454-abd4-8ccdc7c4f3b3 req-5836b60e-5a96-4d34-894e-084e16cd17bb 44f9fc947be441caab831b744dde8ad6 431f6c9a3dcd4add9521adb805be1cd6 - - default default] Successfully bumped revision number for resource 71cc2f20-22c3-4f05-b36f-ec1d191b3437 (type: ports) to 1
2026-07-02 06:22:57.703 9 INFO neutron.wsgi [req-fb713b11-6673-4454-abd4-8ccdc7c4f3b3 req-5836b60e-5a96-4d34-894e-084e16cd17bb 44f9fc947be441caab831b744dde8ad6 431f6c9a3dcd4add9521adb805be1cd6 - - default default] 199.204.45.116 "POST /v2.0/ports HTTP/1.1" status: 201 len: 1512 time: 0.9334741
2026-07-02 06:22:57.796 10 INFO neutron.db.ovn_revision_numbers_db [None req-b5ba6f27-da20-42a3-a134-3bd446d6ae25 44f9fc947be441caab831b744dde8ad6 431f6c9a3dcd4add9521adb805be1cd6 - - default default] Successfully bumped revision number for resource e3732e7c-ac26-4b67-a0d5-029f4e0fa0e6 (type: security_groups) to 1
2026-07-02 06:22:57.816 10 INFO neutron.db.ovn_revision_numbers_db [None req-b5ba6f27-da20-42a3-a134-3bd446d6ae25 44f9fc947be441caab831b744dde8ad6 431f6c9a3dcd4add9521adb805be1cd6 - - default default] Successfully bumped revision number for resource 61c0ecdc-03dc-43a4-9104-53e72a922fa4 (type: security_group_rules) to 0
2026-07-02 06:22:57.837 10 INFO neutron.db.ovn_revision_numbers_db [None req-b5ba6f27-da20-42a3-a134-3bd446d6ae25 44f9fc947be441caab831b744dde8ad6 431f6c9a3dcd4add9521adb805be1cd6 - - default default] Successfully bumped revision number for resource 8a5ab724-76b0-4d25-a374-5ff466675816 (type: security_group_rules) to 0 /var/lib/openstack/lib/python3.10/site-packages/pycadf/identifier.py:71: UserWarning: Invalid uuid: neutron. To ensure interoperability, identifiers should be a valid uuid. warnings.warn(('Invalid uuid: %s. To ensure interoperability, '
2026-07-02 06:22:57.868 10 INFO neutron.db.ovn_revision_numbers_db [None req-b5ba6f27-da20-42a3-a134-3bd446d6ae25 44f9fc947be441caab831b744dde8ad6 431f6c9a3dcd4add9521adb805be1cd6 - - default default] Successfully bumped revision number for resource 95215148-052a-41a6-b56a-3efcc39c662c (type: security_group_rules) to 0
2026-07-02 06:22:57.891 10 INFO neutron.db.ovn_revision_numbers_db [None req-b5ba6f27-da20-42a3-a134-3bd446d6ae25 44f9fc947be441caab831b744dde8ad6 431f6c9a3dcd4add9521adb805be1cd6 - - default default] Successfully bumped revision number for resource e9a1dcba-77b7-4457-b2ff-8ba4be243d47 (type: security_group_rules) to 0
2026-07-02 06:22:57.924 10 INFO neutron.wsgi [None req-b5ba6f27-da20-42a3-a134-3bd446d6ae25 44f9fc947be441caab831b744dde8ad6 431f6c9a3dcd4add9521adb805be1cd6 - - default default] 10.0.0.113 "GET /v2.0/security-groups?tenant_id=baa8d828526d4f2d8b1213560ac55cca&name=default HTTP/1.1" status: 200 len: 3000 time: 0.2543180
2026-07-02 06:22:58.048 10 INFO neutron.db.ovn_revision_numbers_db [None req-76be1685-c4ca-4820-8af6-4c8a5c24be71 44f9fc947be441caab831b744dde8ad6 431f6c9a3dcd4add9521adb805be1cd6 - - default default] Successfully bumped revision number for resource 619794f5-4a0f-4f26-b16d-d16a5125c5e4 (type: security_groups) to 1
2026-07-02 06:22:58.069 10 INFO neutron.db.ovn_revision_numbers_db [None req-76be1685-c4ca-4820-8af6-4c8a5c24be71 44f9fc947be441caab831b744dde8ad6 431f6c9a3dcd4add9521adb805be1cd6 - - default default] Successfully bumped revision number for resource 1b5ca8c1-2245-4e0a-a267-1182c9a85167 (type: security_group_rules) to 0
2026-07-02 06:22:58.086 10 INFO neutron.db.ovn_revision_numbers_db [None req-76be1685-c4ca-4820-8af6-4c8a5c24be71 44f9fc947be441caab831b744dde8ad6 431f6c9a3dcd4add9521adb805be1cd6 - - default default] Successfully bumped revision number for resource 6d453e75-a4e6-411f-8d71-97be943d3501 (type: security_group_rules) to 0
2026-07-02 06:22:58.108 10 INFO neutron.db.ovn_revision_numbers_db [None req-76be1685-c4ca-4820-8af6-4c8a5c24be71 44f9fc947be441caab831b744dde8ad6 431f6c9a3dcd4add9521adb805be1cd6 - - default default] Successfully bumped revision number for resource 859635fb-c61e-4c23-80db-fbcfe6891670 (type: security_group_rules) to 0
2026-07-02 06:22:58.125 10 INFO neutron.db.ovn_revision_numbers_db [None req-76be1685-c4ca-4820-8af6-4c8a5c24be71 44f9fc947be441caab831b744dde8ad6 431f6c9a3dcd4add9521adb805be1cd6 - - default default] Successfully bumped revision number for resource b583b8d4-2cc3-4011-ba62-0080e086ef0a (type: security_group_rules) to 0
2026-07-02 06:22:58.160 10 INFO neutron.wsgi [None req-76be1685-c4ca-4820-8af6-4c8a5c24be71 44f9fc947be441caab831b744dde8ad6 431f6c9a3dcd4add9521adb805be1cd6 - - default default] 10.0.0.113 "GET /v2.0/security-groups?tenant_id=a216d2afdc8a4326a530ce1c55dbf582&name=default HTTP/1.1" status: 200 len: 3000 time: 0.5760522
2026-07-02 06:22:58.222 10 INFO neutron.wsgi [None req-31dba5b4-b02b-4db0-bdd7-57a2c5a3ca80 44f9fc947be441caab831b744dde8ad6 431f6c9a3dcd4add9521adb805be1cd6 - - default default] 10.0.0.113 "DELETE /v2.0/security-groups/e3732e7c-ac26-4b67-a0d5-029f4e0fa0e6 HTTP/1.1" status: 204 len: 168 time: 0.2906005
2026-07-02 06:22:58.283 9 INFO neutron.db.ovn_revision_numbers_db [req-fb713b11-6673-4454-abd4-8ccdc7c4f3b3 req-aca60360-7cdf-4d78-a8d2-300cd0f8bdc9 36cb207628f24e0bb91735a54da13e4f 9bbd05abb27045078316e40e7d0fef1e - - d806d7c638f94797abab49074542b48d d806d7c638f94797abab49074542b48d] Successfully bumped revision number for resource 71cc2f20-22c3-4f05-b36f-ec1d191b3437 (type: ports) to 2
2026-07-02 06:22:58.432 10 INFO neutron.wsgi [None req-0f419d98-ed14-46da-ac8c-9a201b20d8b3 44f9fc947be441caab831b744dde8ad6 431f6c9a3dcd4add9521adb805be1cd6 - - default default] 10.0.0.113 "DELETE /v2.0/security-groups/619794f5-4a0f-4f26-b16d-d16a5125c5e4 HTTP/1.1" status: 204 len: 168 time: 0.2627826
2026-07-02 06:22:58.539 9 INFO neutron.db.ovn_revision_numbers_db [req-fb713b11-6673-4454-abd4-8ccdc7c4f3b3 req-aca60360-7cdf-4d78-a8d2-300cd0f8bdc9 36cb207628f24e0bb91735a54da13e4f 9bbd05abb27045078316e40e7d0fef1e - - d806d7c638f94797abab49074542b48d d806d7c638f94797abab49074542b48d] Successfully bumped revision number for resource 71cc2f20-22c3-4f05-b36f-ec1d191b3437 (type: ports) to 2
2026-07-02 06:22:58.557 9 INFO neutron.wsgi [req-fb713b11-6673-4454-abd4-8ccdc7c4f3b3 req-aca60360-7cdf-4d78-a8d2-300cd0f8bdc9 36cb207628f24e0bb91735a54da13e4f 9bbd05abb27045078316e40e7d0fef1e - - d806d7c638f94797abab49074542b48d d806d7c638f94797abab49074542b48d] 199.204.45.116 "PUT /v2.0/ports/71cc2f20-22c3-4f05-b36f-ec1d191b3437 HTTP/1.1" status: 200 len: 1609 time: 0.8472109 /var/lib/openstack/lib/python3.10/site-packages/pycadf/identifier.py:71: UserWarning: Invalid uuid: neutron. To ensure interoperability, identifiers should be a valid uuid. warnings.warn(('Invalid uuid: %s. To ensure interoperability, '
2026-07-02 06:22:58.645 9 INFO neutron.wsgi [req-fb713b11-6673-4454-abd4-8ccdc7c4f3b3 req-75e6845e-d744-4da3-95d7-34b9fb683311 36cb207628f24e0bb91735a54da13e4f 9bbd05abb27045078316e40e7d0fef1e - - d806d7c638f94797abab49074542b48d d806d7c638f94797abab49074542b48d] 199.204.45.116 "GET /v2.0/ports?tenant_id=431f6c9a3dcd4add9521adb805be1cd6&device_id=c7838531-849d-43e4-9459-af24666fb906 HTTP/1.1" status: 200 len: 5350 time: 0.0456247
2026-07-02 06:22:58.678 9 INFO neutron.wsgi [req-fb713b11-6673-4454-abd4-8ccdc7c4f3b3 req-2ea920bf-bb40-4980-a5a9-6fe7c5572fbe 36cb207628f24e0bb91735a54da13e4f 9bbd05abb27045078316e40e7d0fef1e - - d806d7c638f94797abab49074542b48d d806d7c638f94797abab49074542b48d] 199.204.45.116 "GET /v2.0/floatingips?fixed_ip_address=172.24.3.100&port_id=4e8fc3ea-6325-4703-9991-9e0993f73af4 HTTP/1.1" status: 200 len: 217 time: 0.0254354
2026-07-02 06:22:58.719 9 INFO neutron.wsgi [req-fb713b11-6673-4454-abd4-8ccdc7c4f3b3 req-c7c32777-6698-4176-8c5f-9833e2045313 36cb207628f24e0bb91735a54da13e4f 9bbd05abb27045078316e40e7d0fef1e - - d806d7c638f94797abab49074542b48d d806d7c638f94797abab49074542b48d] 199.204.45.116 "GET /v2.0/subnets?id=a81386bd-3575-4069-ad68-d8e2847bc277 HTTP/1.1" status: 200 len: 829 time: 0.0346212
2026-07-02 06:22:58.748 9 INFO neutron.wsgi [req-fb713b11-6673-4454-abd4-8ccdc7c4f3b3 req-387bcbe0-51ee-4be1-99cd-224742955440 36cb207628f24e0bb91735a54da13e4f 9bbd05abb27045078316e40e7d0fef1e - - d806d7c638f94797abab49074542b48d d806d7c638f94797abab49074542b48d] 199.204.45.116 "GET /v2.0/ports?network_id=04369f4a-b420-4a8c-b848-44fbf9da8e40&device_owner=network%3Adhcp HTTP/1.1" status: 200 len: 210 time: 0.0210178
2026-07-02 06:22:58.770 9 INFO neutron.db.ovn_revision_numbers_db [None req-548acfce-8ea0-417d-a045-6600f9a15afd 44f9fc947be441caab831b744dde8ad6 431f6c9a3dcd4add9521adb805be1cd6 - - default default] Successfully bumped revision number for resource d20b05aa-45d3-446b-b09c-1051a41923bb (type: security_groups) to 1
2026-07-02 06:22:58.782 9 INFO neutron.notifiers.nova [-] Nova event matching ['req-af63b4ab-1bfc-4c5c-a9bb-720f693b23da'] response: {'name': 'network-changed', 'server_uuid': 'c7838531-849d-43e4-9459-af24666fb906', 'tag': '71cc2f20-22c3-4f05-b36f-ec1d191b3437', 'status': 'completed', 'code': 200}
2026-07-02 06:22:58.796 9 INFO neutron.db.ovn_revision_numbers_db [None req-548acfce-8ea0-417d-a045-6600f9a15afd 44f9fc947be441caab831b744dde8ad6 431f6c9a3dcd4add9521adb805be1cd6 - - default default] Successfully bumped revision number for resource 2357e6c4-4366-413c-a21f-5ddc8fc6c206 (type: security_group_rules) to 0
2026-07-02 06:22:58.811 9 INFO neutron.db.ovn_revision_numbers_db [None req-548acfce-8ea0-417d-a045-6600f9a15afd 44f9fc947be441caab831b744dde8ad6 431f6c9a3dcd4add9521adb805be1cd6 - - default default] Successfully bumped revision number for resource 41fb78a4-96dc-4ee4-98c9-f7290ba54c10 (type: security_group_rules) to 0
2026-07-02 06:22:58.824 9 INFO neutron.wsgi [req-fb713b11-6673-4454-abd4-8ccdc7c4f3b3 req-050a1c79-2b9f-46f3-8d29-0f3659701ae7 36cb207628f24e0bb91735a54da13e4f 9bbd05abb27045078316e40e7d0fef1e - - d806d7c638f94797abab49074542b48d d806d7c638f94797abab49074542b48d] 199.204.45.116 "GET /v2.0/networks/04369f4a-b420-4a8c-b848-44fbf9da8e40?fields=segments HTTP/1.1" status: 200 len: 212 time: 0.0661540
2026-07-02 06:22:58.831 9 INFO neutron.db.ovn_revision_numbers_db [None req-548acfce-8ea0-417d-a045-6600f9a15afd 44f9fc947be441caab831b744dde8ad6 431f6c9a3dcd4add9521adb805be1cd6 - - default default] Successfully bumped revision number for resource a9b463e4-7c4d-452f-8767-90551d808a6f (type: security_group_rules) to 0
2026-07-02 06:22:58.854 9 INFO neutron.db.ovn_revision_numbers_db [None req-548acfce-8ea0-417d-a045-6600f9a15afd 44f9fc947be441caab831b744dde8ad6 431f6c9a3dcd4add9521adb805be1cd6 - - default default] Successfully bumped revision number for resource f60c9334-4cc5-4be8-85b0-25a790f872f3 (type: security_group_rules) to 0
2026-07-02 06:22:58.886 9 INFO neutron.wsgi [None req-548acfce-8ea0-417d-a045-6600f9a15afd 44f9fc947be441caab831b744dde8ad6 431f6c9a3dcd4add9521adb805be1cd6 - - default default] 10.0.0.113 "GET /v2.0/security-groups?tenant_id=bbd4fd2d2b3d4162a0b95faeeeb73344&name=default HTTP/1.1" status: 200 len: 3000 time: 0.2972715
2026-07-02 06:22:58.907 9 INFO neutron.wsgi [req-fb713b11-6673-4454-abd4-8ccdc7c4f3b3 req-993b65e6-10c9-4277-bf5b-d4d1bf4d0349 36cb207628f24e0bb91735a54da13e4f 9bbd05abb27045078316e40e7d0fef1e - - d806d7c638f94797abab49074542b48d d806d7c638f94797abab49074542b48d] 199.204.45.116 "GET /v2.0/networks/04369f4a-b420-4a8c-b848-44fbf9da8e40?fields=provider%3Aphysical_network&fields=provider%3Anetwork_type HTTP/1.1" status: 200 len: 277 time: 0.0742030
2026-07-02 06:22:58.941 9 INFO neutron.wsgi [req-fb713b11-6673-4454-abd4-8ccdc7c4f3b3 req-b8431d8d-7a22-4140-a055-4d223ca9930e 36cb207628f24e0bb91735a54da13e4f 9bbd05abb27045078316e40e7d0fef1e - - d806d7c638f94797abab49074542b48d d806d7c638f94797abab49074542b48d] 199.204.45.116 "GET /v2.0/floatingips?fixed_ip_address=10.1.1.245&port_id=7ce470bf-f18a-4024-b4e2-7c62959d0b94 HTTP/1.1" status: 200 len: 217 time: 0.0275569
2026-07-02 06:22:58.993 9 INFO neutron.wsgi [req-fb713b11-6673-4454-abd4-8ccdc7c4f3b3 req-1c531bc6-4c7b-4400-ab8c-3bfaeabfc05b 36cb207628f24e0bb91735a54da13e4f 9bbd05abb27045078316e40e7d0fef1e - - d806d7c638f94797abab49074542b48d d806d7c638f94797abab49074542b48d] 199.204.45.116 "GET /v2.0/subnets?id=01016e13-103c-46b4-913c-c9a0cec9801e HTTP/1.1" status: 200 len: 854 time: 0.0448961
2026-07-02 06:22:59.019 9 INFO neutron.wsgi [req-fb713b11-6673-4454-abd4-8ccdc7c4f3b3 req-90fa22bf-e5e8-4eaa-8de0-e28b374dec5e 36cb207628f24e0bb91735a54da13e4f 9bbd05abb27045078316e40e7d0fef1e - - d806d7c638f94797abab49074542b48d d806d7c638f94797abab49074542b48d] 199.204.45.116 "GET /v2.0/ports?network_id=155366d8-4246-45f3-9f17-7ff0659e35ff&device_owner=network%3Adhcp HTTP/1.1" status: 200 len: 210 time: 0.0189378
2026-07-02 06:22:59.089 9 INFO neutron.wsgi [req-fb713b11-6673-4454-abd4-8ccdc7c4f3b3 req-6408d4d4-809c-4dda-bb32-73e841226114 36cb207628f24e0bb91735a54da13e4f 9bbd05abb27045078316e40e7d0fef1e - - d806d7c638f94797abab49074542b48d d806d7c638f94797abab49074542b48d] 199.204.45.116 "GET /v2.0/networks/155366d8-4246-45f3-9f17-7ff0659e35ff?fields=segments HTTP/1.1" status: 200 len: 212 time: 0.0648801
2026-07-02 06:22:59.118 10 INFO neutron.wsgi [None req-bd3784c2-3270-4f09-ab91-7347c8105735 44f9fc947be441caab831b744dde8ad6 431f6c9a3dcd4add9521adb805be1cd6 - - default default] 10.0.0.113 "DELETE /v2.0/security-groups/d20b05aa-45d3-446b-b09c-1051a41923bb HTTP/1.1" status: 204 len: 168 time: 0.2252774
2026-07-02 06:22:59.180 9 INFO neutron.wsgi [req-fb713b11-6673-4454-abd4-8ccdc7c4f3b3 req-2b16645d-9d20-40fc-bb11-41e221d999e6 36cb207628f24e0bb91735a54da13e4f 9bbd05abb27045078316e40e7d0fef1e - - d806d7c638f94797abab49074542b48d d806d7c638f94797abab49074542b48d] 199.204.45.116 "GET /v2.0/networks/155366d8-4246-45f3-9f17-7ff0659e35ff?fields=provider%3Aphysical_network&fields=provider%3Anetwork_type HTTP/1.1" status: 200 len: 277 time: 0.0851820
2026-07-02 06:22:59.222 9 INFO neutron.wsgi [req-fb713b11-6673-4454-abd4-8ccdc7c4f3b3 req-6e9e00ea-9b3b-42ae-b38f-8399013ad633 36cb207628f24e0bb91735a54da13e4f 9bbd05abb27045078316e40e7d0fef1e - - d806d7c638f94797abab49074542b48d d806d7c638f94797abab49074542b48d] 199.204.45.116 "GET /v2.0/floatingips?fixed_ip_address=10.2.1.37&port_id=b5bf3cf2-0da7-4b4e-a5a4-7005fb3a6801 HTTP/1.1" status: 200 len: 217 time: 0.0319812
2026-07-02 06:22:59.303 9 INFO neutron.wsgi [req-fb713b11-6673-4454-abd4-8ccdc7c4f3b3 req-739956e7-f9d6-498a-b738-556211c5e23b 36cb207628f24e0bb91735a54da13e4f 9bbd05abb27045078316e40e7d0fef1e - - d806d7c638f94797abab49074542b48d d806d7c638f94797abab49074542b48d] 199.204.45.116 "GET /v2.0/subnets?id=cdeb6ff0-2750-43cc-909d-5a8f42259291 HTTP/1.1" status: 200 len: 852 time: 0.0696692
2026-07-02 06:22:59.342 9 INFO neutron.wsgi [req-fb713b11-6673-4454-abd4-8ccdc7c4f3b3 req-d650d88e-e391-4647-bf48-45ee7bc90081 36cb207628f24e0bb91735a54da13e4f 9bbd05abb27045078316e40e7d0fef1e - - d806d7c638f94797abab49074542b48d d806d7c638f94797abab49074542b48d] 199.204.45.116 "GET /v2.0/ports?network_id=dc63388d-2470-4da2-b959-c9f1abc8d29b&device_owner=network%3Adhcp HTTP/1.1" status: 200 len: 210 time: 0.0322499
2026-07-02 06:22:59.440 9 INFO neutron.wsgi [req-fb713b11-6673-4454-abd4-8ccdc7c4f3b3 req-29474a6f-1a96-41bb-a2ea-482112d3fcab 36cb207628f24e0bb91735a54da13e4f 9bbd05abb27045078316e40e7d0fef1e - - d806d7c638f94797abab49074542b48d d806d7c638f94797abab49074542b48d] 199.204.45.116 "GET /v2.0/networks/dc63388d-2470-4da2-b959-c9f1abc8d29b?fields=segments HTTP/1.1" status: 200 len: 212 time: 0.0900171
2026-07-02 06:22:59.497 9 INFO neutron.db.ovn_revision_numbers_db [None req-a1a701ee-716d-4959-aeb9-d3e61b098d86 44f9fc947be441caab831b744dde8ad6 431f6c9a3dcd4add9521adb805be1cd6 - - default default] Successfully bumped revision number for resource f3b2861c-3a43-4205-83af-ebdea94e6fd2 (type: security_groups) to 1
2026-07-02 06:22:59.517 9 INFO neutron.wsgi [req-fb713b11-6673-4454-abd4-8ccdc7c4f3b3 req-7d269a2f-e779-4cd1-a82f-301b5aa5f636 36cb207628f24e0bb91735a54da13e4f 9bbd05abb27045078316e40e7d0fef1e - - d806d7c638f94797abab49074542b48d d806d7c638f94797abab49074542b48d] 199.204.45.116 "GET /v2.0/networks/dc63388d-2470-4da2-b959-c9f1abc8d29b?fields=provider%3Aphysical_network&fields=provider%3Anetwork_type HTTP/1.1" status: 200 len: 277 time: 0.0666246
2026-07-02 06:22:59.518 9 INFO neutron.db.ovn_revision_numbers_db [None req-a1a701ee-716d-4959-aeb9-d3e61b098d86 44f9fc947be441caab831b744dde8ad6 431f6c9a3dcd4add9521adb805be1cd6 - - default default] Successfully bumped revision number for resource 06ca03eb-b5ce-4e98-89b4-64fb6ac58f05 (type: security_group_rules) to 0
2026-07-02 06:22:59.553 9 INFO neutron.db.ovn_revision_numbers_db [None req-a1a701ee-716d-4959-aeb9-d3e61b098d86 44f9fc947be441caab831b744dde8ad6 431f6c9a3dcd4add9521adb805be1cd6 - - default default] Successfully bumped revision number for resource 2655b369-476c-4a0f-ba8e-89c05aeedd7c (type: security_group_rules) to 0
2026-07-02 06:22:59.556 9 INFO neutron.wsgi [req-fb713b11-6673-4454-abd4-8ccdc7c4f3b3 req-02be5e9d-c650-40eb-ad1c-474b12bbdd63 36cb207628f24e0bb91735a54da13e4f 9bbd05abb27045078316e40e7d0fef1e - - d806d7c638f94797abab49074542b48d d806d7c638f94797abab49074542b48d] 199.204.45.116 "GET /v2.0/floatingips?fixed_ip_address=10.2.2.128&port_id=71cc2f20-22c3-4f05-b36f-ec1d191b3437 HTTP/1.1" status: 200 len: 217 time: 0.0311341
2026-07-02 06:22:59.573 9 INFO neutron.db.ovn_revision_numbers_db [None req-a1a701ee-716d-4959-aeb9-d3e61b098d86 44f9fc947be441caab831b744dde8ad6 431f6c9a3dcd4add9521adb805be1cd6 - - default default] Successfully bumped revision number for resource 8dfe6f69-37b9-4802-882a-d2ea897d3e3d (type: security_group_rules) to 0
2026-07-02 06:22:59.591 9 INFO neutron.wsgi [req-fb713b11-6673-4454-abd4-8ccdc7c4f3b3 req-205978c9-8f26-4a25-8318-7dc3ad61b333 36cb207628f24e0bb91735a54da13e4f 9bbd05abb27045078316e40e7d0fef1e - - d806d7c638f94797abab49074542b48d d806d7c638f94797abab49074542b48d] 199.204.45.116 "GET /v2.0/floatingips?fixed_ip_address=fd77%3A1457%3A4cf0%3A26a8%3A%3A255&port_id=71cc2f20-22c3-4f05-b36f-ec1d191b3437 HTTP/1.1" status: 200 len: 217 time: 0.0277967
2026-07-02 06:22:59.615 9 INFO neutron.db.ovn_revision_numbers_db [None req-a1a701ee-716d-4959-aeb9-d3e61b098d86 44f9fc947be441caab831b744dde8ad6 431f6c9a3dcd4add9521adb805be1cd6 - - default default] Successfully bumped revision number for resource a481a8d0-923a-43fa-bb94-2de271a08ff7 (type: security_group_rules) to 0
2026-07-02 06:22:59.657 9 INFO neutron.wsgi [req-fb713b11-6673-4454-abd4-8ccdc7c4f3b3 req-a2e7a1f1-3f93-40d6-bc45-e1736d8f0354 36cb207628f24e0bb91735a54da13e4f 9bbd05abb27045078316e40e7d0fef1e - - d806d7c638f94797abab49074542b48d d806d7c638f94797abab49074542b48d] 199.204.45.116 "GET /v2.0/subnets?id=37d87410-e1eb-4df5-8c4d-d06ddb6c040c&id=353132a2-ee16-4b44-b459-435d8da586bd HTTP/1.1" status: 200 len: 1565 time: 0.0540760
2026-07-02 06:22:59.661 9 INFO neutron.wsgi [None req-a1a701ee-716d-4959-aeb9-d3e61b098d86 44f9fc947be441caab831b744dde8ad6 431f6c9a3dcd4add9521adb805be1cd6 - - default default] 10.0.0.113 "GET /v2.0/security-groups?tenant_id=1a0f923d97c64d078e8a631857c44865&name=default HTTP/1.1" status: 200 len: 3000 time: 0.4330425
2026-07-02 06:22:59.701 9 INFO neutron.wsgi [req-fb713b11-6673-4454-abd4-8ccdc7c4f3b3 req-e22362fe-1896-4c5b-b1e3-f042516095fb 36cb207628f24e0bb91735a54da13e4f 9bbd05abb27045078316e40e7d0fef1e - - d806d7c638f94797abab49074542b48d d806d7c638f94797abab49074542b48d] 199.204.45.116 "GET /v2.0/ports?network_id=899ed298-f96a-4512-a5f5-67879f411077&device_owner=network%3Adhcp HTTP/1.1" status: 200 len: 210 time: 0.0379670
2026-07-02 06:22:59.729 9 INFO neutron.wsgi [req-fb713b11-6673-4454-abd4-8ccdc7c4f3b3 req-1dcc7482-0be1-48ff-a6b3-1cd3dd595e03 36cb207628f24e0bb91735a54da13e4f 9bbd05abb27045078316e40e7d0fef1e - - d806d7c638f94797abab49074542b48d d806d7c638f94797abab49074542b48d] 199.204.45.116 "GET /v2.0/ports?network_id=899ed298-f96a-4512-a5f5-67879f411077&device_owner=network%3Adhcp HTTP/1.1" status: 200 len: 210 time: 0.0209751
2026-07-02 06:22:59.793 9 INFO neutron.wsgi [req-fb713b11-6673-4454-abd4-8ccdc7c4f3b3 req-89fad828-8e5f-41be-b059-b743bc3aef04 36cb207628f24e0bb91735a54da13e4f 9bbd05abb27045078316e40e7d0fef1e - - d806d7c638f94797abab49074542b48d d806d7c638f94797abab49074542b48d] 199.204.45.116 "GET /v2.0/networks/899ed298-f96a-4512-a5f5-67879f411077?fields=segments HTTP/1.1" status: 200 len: 212 time: 0.0590904
