2026-07-02 06:19:02.929 9 INFO neutron.db.ovn_revision_numbers_db [None req-c03ea86e-4d75-4b63-af22-00b82c8a9dbd 59dbb801f090496290b96e204b837d93 1ba6def273cf473eab920a9b4e3664c4 - - default default] Successfully bumped revision number for resource d65adf4d-7be7-42a9-b01a-f6ae9cfef11b (type: networks) to 1
2026-07-02 06:19:03.201 9 WARNING neutron.scheduler.dhcp_agent_scheduler [None req-c03ea86e-4d75-4b63-af22-00b82c8a9dbd 59dbb801f090496290b96e204b837d93 1ba6def273cf473eab920a9b4e3664c4 - - default default] No more DHCP agents
2026-07-02 06:19:03.218 9 WARNING neutron.api.rpc.agentnotifiers.dhcp_rpc_agent_api [None req-c03ea86e-4d75-4b63-af22-00b82c8a9dbd 59dbb801f090496290b96e204b837d93 1ba6def273cf473eab920a9b4e3664c4 - - default default] Unable to schedule network d65adf4d-7be7-42a9-b01a-f6ae9cfef11b: no agents available; will retry on subsequent port and subnet creation events.
2026-07-02 06:19:03.232 10 INFO neutron.services.segments.plugin [-] Segment 556afe09-b9ae-4cca-8e0c-63152cb83eaa resource provider aggregate not found
2026-07-02 06:19:03.238 10 INFO neutron.services.segments.plugin [-] Segment 556afe09-b9ae-4cca-8e0c-63152cb83eaa resource provider aggregate not found
2026-07-02 06:19:03.262 10 INFO neutron.services.segments.plugin [-] Segment 556afe09-b9ae-4cca-8e0c-63152cb83eaa resource provider not found; error: Placement Client Error (4xx): {"errors": [{"status": 404, "title": "Not Found", "detail": "The resource could not be found.\n\n No resource provider with uuid 556afe09-b9ae-4cca-8e0c-63152cb83eaa found for delete ", "request_id": "req-24adb143-40f7-4e21-b5cd-630d6657594a"}]}
2026-07-02 06:19:03.263 10 INFO neutron.services.segments.plugin [-] Segment 556afe09-b9ae-4cca-8e0c-63152cb83eaa resource provider not found; error: Placement Client Error (4xx): {"errors": [{"status": 404, "title": "Not Found", "detail": "The resource could not be found.\n\n No resource provider with uuid 556afe09-b9ae-4cca-8e0c-63152cb83eaa found for delete ", "request_id": "req-62578d19-54a1-4ca5-80a5-037bdbccaa5e"}]}
2026-07-02 06:19:03.287 10 INFO neutron.wsgi [None req-5e382854-bdab-44d2-852b-c5c3a04a1714 63bad79b743844d0a8f743a3e2d1bdc0 7ee816c86f4a4aa5a1c52aa54475a4e9 - - default default] 10.0.0.113 "DELETE /v2.0/networks/fe0f9d88-04a0-4943-82db-d4f2b4c02b00 HTTP/1.1" status: 204 len: 168 time: 0.6426911
2026-07-02 06:19:03.305 10 INFO neutron.pecan_wsgi.hooks.translation [None req-de0b5a84-81ba-42ae-b3f4-4c7709710a00 63bad79b743844d0a8f743a3e2d1bdc0 7ee816c86f4a4aa5a1c52aa54475a4e9 - - default default] DELETE failed (client error): The resource could not be found.
2026-07-02 06:19:03.307 10 INFO neutron.wsgi [None req-de0b5a84-81ba-42ae-b3f4-4c7709710a00 63bad79b743844d0a8f743a3e2d1bdc0 7ee816c86f4a4aa5a1c52aa54475a4e9 - - default default] 10.0.0.113 "DELETE /v2.0/networks/fe0f9d88-04a0-4943-82db-d4f2b4c02b00 HTTP/1.1" status: 404 len: 339 time: 0.0134261
2026-07-02 06:19:03.416 9 INFO neutron.db.ovn_revision_numbers_db [None req-c03ea86e-4d75-4b63-af22-00b82c8a9dbd 59dbb801f090496290b96e204b837d93 1ba6def273cf473eab920a9b4e3664c4 - - default default] Successfully bumped revision number for resource b6ed3e37-7105-48bd-a2ab-ce6cc7644d61 (type: ports) to 1
2026-07-02 06:19:03.438 10 INFO neutron.wsgi [None req-4e1fcce6-612a-4e5f-b962-a25cee98a7b1 63bad79b743844d0a8f743a3e2d1bdc0 7ee816c86f4a4aa5a1c52aa54475a4e9 - - default default] 10.0.0.113 "GET /v2.0/networks?router%3Aexternal=True HTTP/1.1" status: 200 len: 845 time: 0.1209896
2026-07-02 06:19:03.469 9 INFO neutron.wsgi [None req-c03ea86e-4d75-4b63-af22-00b82c8a9dbd 59dbb801f090496290b96e204b837d93 1ba6def273cf473eab920a9b4e3664c4 - - default default] 10.0.0.113 "POST /v2.0/networks HTTP/1.1" status: 201 len: 853 time: 0.8569977
2026-07-02 06:19:03.479 9 WARNING neutron_lib.context [None req-318a7c0c-ea94-4530-a3b3-7f423e3009ca 59dbb801f090496290b96e204b837d93 1ba6def273cf473eab920a9b4e3664c4 - - default default] Method 'is_advsvc' is deprecated since 2023.2 release (neutron-lib 3.8.0) and will be removed once support for the old RBAC API policies will be removed from Neutron. Please use method 'is_service_role' instead.
2026-07-02 06:19:03.484 9 INFO neutron.wsgi [None req-0ae04144-ea25-477e-9d27-ab1f82ff9034 44f9fc947be441caab831b744dde8ad6 431f6c9a3dcd4add9521adb805be1cd6 - - default default] 10.0.0.113 "DELETE /v2.0/routers/db787f97-ecc5-4ad2-9e43-54050c383833 HTTP/1.1" status: 204 len: 168 time: 1.2083497
2026-07-02 06:19:03.521 9 WARNING neutron_lib.context [None req-318a7c0c-ea94-4530-a3b3-7f423e3009ca 59dbb801f090496290b96e204b837d93 1ba6def273cf473eab920a9b4e3664c4 - - default default] Method 'is_advsvc' is deprecated since 2023.2 release (neutron-lib 3.8.0) and will be removed once support for the old RBAC API policies will be removed from Neutron. Please use method 'is_service_role' instead.
2026-07-02 06:19:03.814 10 INFO neutron.wsgi [None req-551e7615-0709-40ac-ba9a-5a75a8bd39cf 63bad79b743844d0a8f743a3e2d1bdc0 7ee816c86f4a4aa5a1c52aa54475a4e9 - - default default] 10.0.0.113 "GET /v2.0/subnets?network_id=434026b2-6e27-4ded-bc50-5dd99f22e9f7 HTTP/1.1" status: 200 len: 820 time: 0.3648486 /var/lib/openstack/lib/python3.10/site-packages/pycadf/identifier.py:71: UserWarning: Invalid uuid: neutron. To ensure interoperability, identifiers should be a valid uuid. warnings.warn(('Invalid uuid: %s. To ensure interoperability, '
2026-07-02 06:19:03.832 9 INFO neutron.wsgi [None req-986a9a89-d6e4-4498-bc2d-00cf20597eee 63bad79b743844d0a8f743a3e2d1bdc0 7ee816c86f4a4aa5a1c52aa54475a4e9 - - default default] 10.0.0.113 "GET /v2.0/extensions HTTP/1.1" status: 200 len: 16975 time: 0.0114515
2026-07-02 06:19:03.842 10 WARNING neutron.plugins.ml2.drivers.ovn.mech_driver.ovsdb.ovn_client [None req-f958670b-66e1-475f-b8d2-1c6e6d4a10aa - - - - - -] No hosting information found for port 3a8d6cc0-109c-4fa8-b240-bd17aae8f54e: RuntimeError: No hosting information found for port 3a8d6cc0-109c-4fa8-b240-bd17aae8f54e
2026-07-02 06:19:03.843 10 INFO neutron.plugins.ml2.drivers.ovn.mech_driver.mech_driver [None req-f958670b-66e1-475f-b8d2-1c6e6d4a10aa - - - - - -] OVN reports status up for port: 7572957f-5494-4dda-9c2e-5422f91799af
2026-07-02 06:19:03.856 10 INFO neutron.plugins.ml2.plugin [None req-f958670b-66e1-475f-b8d2-1c6e6d4a10aa - - - - - -] Attempt 1 to provision port 7572957f-5494-4dda-9c2e-5422f91799af
2026-07-02 06:19:03.930 9 INFO neutron.wsgi [None req-c7c25858-2b52-4c2e-b5a7-e17d30d5ed32 63bad79b743844d0a8f743a3e2d1bdc0 7ee816c86f4a4aa5a1c52aa54475a4e9 - - default default] 10.0.0.113 "GET /v2.0/networks HTTP/1.1" status: 200 len: 1507 time: 0.0905766
2026-07-02 06:19:03.933 10 INFO neutron.wsgi [None req-3dad780a-ae17-4505-a7c1-c747b6b02ad5 08eaea9dda05478d8a4f325105a88ac4 c26847186ffe49e2abbe620129b16308 - - default default] 10.0.0.113 "GET /v2.0/ports/7572957f-5494-4dda-9c2e-5422f91799af HTTP/1.1" status: 200 len: 1147 time: 0.0461855 /var/lib/openstack/lib/python3.10/site-packages/pycadf/identifier.py:71: UserWarning: Invalid uuid: neutron. To ensure interoperability, identifiers should be a valid uuid. warnings.warn(('Invalid uuid: %s. To ensure interoperability, '
2026-07-02 06:19:03.955 9 WARNING neutron.scheduler.dhcp_agent_scheduler [None req-318a7c0c-ea94-4530-a3b3-7f423e3009ca 59dbb801f090496290b96e204b837d93 1ba6def273cf473eab920a9b4e3664c4 - - default default] No more DHCP agents
2026-07-02 06:19:03.963 9 WARNING neutron.api.rpc.agentnotifiers.dhcp_rpc_agent_api [None req-318a7c0c-ea94-4530-a3b3-7f423e3009ca 59dbb801f090496290b96e204b837d93 1ba6def273cf473eab920a9b4e3664c4 - - default default] Unable to schedule network 39d24182-289f-45e1-8b8f-d68d99405d92: no agents available; will retry on subsequent port and subnet creation events.
2026-07-02 06:19:03.996 9 INFO neutron.wsgi [None req-1a059792-b22a-4422-ad72-4a74fc26289d 63bad79b743844d0a8f743a3e2d1bdc0 7ee816c86f4a4aa5a1c52aa54475a4e9 - - default default] 10.0.0.113 "GET /v2.0/subnets HTTP/1.1" status: 200 len: 1460 time: 0.0601463
2026-07-02 06:19:04.061 9 INFO neutron.db.ovn_revision_numbers_db [None req-318a7c0c-ea94-4530-a3b3-7f423e3009ca 59dbb801f090496290b96e204b837d93 1ba6def273cf473eab920a9b4e3664c4 - - default default] Successfully bumped revision number for resource 939898af-a39d-4e2d-b0f7-176908e38c3e (type: ports) to 1
2026-07-02 06:19:04.077 10 INFO neutron.wsgi [None req-f7e4820a-5cba-4caa-bb69-d0e9dd6f0986 44f9fc947be441caab831b744dde8ad6 431f6c9a3dcd4add9521adb805be1cd6 - - default default] 10.0.0.113 "DELETE /v2.0/subnets/540c27dd-8f07-4732-b20f-8d5006244840 HTTP/1.1" status: 204 len: 168 time: 0.5876462 /var/lib/openstack/lib/python3.10/site-packages/pycadf/identifier.py:71: UserWarning: Invalid uuid: neutron. To ensure interoperability, identifiers should be a valid uuid. warnings.warn(('Invalid uuid: %s. To ensure interoperability, '
2026-07-02 06:19:04.101 10 INFO neutron.wsgi [None req-5f40b725-7ec3-4367-b03b-e723c05dfd67 63bad79b743844d0a8f743a3e2d1bdc0 7ee816c86f4a4aa5a1c52aa54475a4e9 - - default default] 10.0.0.113 "GET /v2.0/networks/ccbd8c68-7c9e-4302-9a43-26245150c118 HTTP/1.1" status: 200 len: 866 time: 0.0977688
2026-07-02 06:19:04.105 9 WARNING neutron.scheduler.dhcp_agent_scheduler [None req-318a7c0c-ea94-4530-a3b3-7f423e3009ca 59dbb801f090496290b96e204b837d93 1ba6def273cf473eab920a9b4e3664c4 - - default default] No more DHCP agents
2026-07-02 06:19:04.115 9 WARNING neutron.api.rpc.agentnotifiers.dhcp_rpc_agent_api [None req-318a7c0c-ea94-4530-a3b3-7f423e3009ca 59dbb801f090496290b96e204b837d93 1ba6def273cf473eab920a9b4e3664c4 - - default default] Unable to schedule network d65adf4d-7be7-42a9-b01a-f6ae9cfef11b: no agents available; will retry on subsequent port and subnet creation events.
2026-07-02 06:19:04.142 10 INFO neutron.wsgi [None req-403dbca4-66bb-4972-95f8-3fc612ba4cd4 63bad79b743844d0a8f743a3e2d1bdc0 7ee816c86f4a4aa5a1c52aa54475a4e9 - - default default] 10.0.0.113 "GET /v2.0/subnets/a668e38c-496c-4e86-ae10-05248eb7c005 HTTP/1.1" status: 200 len: 843 time: 0.0346036
2026-07-02 06:19:04.164 10 INFO neutron.pecan_wsgi.hooks.translation [None req-fba5a429-d117-4a5c-9f5c-8ae375db142d 63bad79b743844d0a8f743a3e2d1bdc0 7ee816c86f4a4aa5a1c52aa54475a4e9 - - default default] DELETE failed (client error): The resource could not be found.
2026-07-02 06:19:04.166 10 INFO neutron.wsgi [None req-fba5a429-d117-4a5c-9f5c-8ae375db142d 63bad79b743844d0a8f743a3e2d1bdc0 7ee816c86f4a4aa5a1c52aa54475a4e9 - - default default] 10.0.0.113 "DELETE /v2.0/subnets/a950ba75-83e1-4b00-96c6-71bac4f731c2 HTTP/1.1" status: 404 len: 337 time: 0.0180485
2026-07-02 06:19:04.198 10 INFO neutron.pecan_wsgi.hooks.translation [None req-d55ed014-a9e4-4429-975a-0c3c44352eb7 63bad79b743844d0a8f743a3e2d1bdc0 7ee816c86f4a4aa5a1c52aa54475a4e9 - - default default] DELETE failed (client error): The resource could not be found.
2026-07-02 06:19:04.200 10 INFO neutron.wsgi [None req-d55ed014-a9e4-4429-975a-0c3c44352eb7 63bad79b743844d0a8f743a3e2d1bdc0 7ee816c86f4a4aa5a1c52aa54475a4e9 - - default default] 10.0.0.113 "DELETE /v2.0/networks/fe0f9d88-04a0-4943-82db-d4f2b4c02b00 HTTP/1.1" status: 404 len: 339 time: 0.0231812
2026-07-02 06:19:04.343 10 INFO neutron.db.ovn_revision_numbers_db [None req-f958670b-66e1-475f-b8d2-1c6e6d4a10aa - - - - - -] Successfully bumped revision number for resource 7572957f-5494-4dda-9c2e-5422f91799af (type: ports) to 2
2026-07-02 06:19:04.447 10 INFO neutron.db.ovn_revision_numbers_db [None req-f958670b-66e1-475f-b8d2-1c6e6d4a10aa - - - - - -] Successfully bumped revision number for resource 7572957f-5494-4dda-9c2e-5422f91799af (type: router_ports) to 2
2026-07-02 06:19:04.473 10 INFO neutron.wsgi [None req-e3dbba3f-b452-45af-ae2c-b97f5631fa1c 63bad79b743844d0a8f743a3e2d1bdc0 7ee816c86f4a4aa5a1c52aa54475a4e9 - - default default] 10.0.0.113 "DELETE /v2.0/subnets/a668e38c-496c-4e86-ae10-05248eb7c005 HTTP/1.1" status: 204 len: 168 time: 0.2689648
2026-07-02 06:19:04.544 9 INFO neutron.db.ovn_revision_numbers_db [None req-318a7c0c-ea94-4530-a3b3-7f423e3009ca 59dbb801f090496290b96e204b837d93 1ba6def273cf473eab920a9b4e3664c4 - - default default] Successfully bumped revision number for resource 9d7a8534-b2a1-489e-a27e-b44cbbe84675 (type: ports) to 1
2026-07-02 06:19:04.581 9 INFO neutron.wsgi [None req-318a7c0c-ea94-4530-a3b3-7f423e3009ca 59dbb801f090496290b96e204b837d93 1ba6def273cf473eab920a9b4e3664c4 - - default default] 10.0.0.113 "POST /v2.0/ports HTTP/1.1" status: 201 len: 1706 time: 1.1061273
2026-07-02 06:19:04.787 10 INFO neutron.wsgi [None req-bab299fa-22fb-4a25-9a1e-d13119a69abf 59dbb801f090496290b96e204b837d93 1ba6def273cf473eab920a9b4e3664c4 - - default default] 10.0.0.113 "GET /v2.0/ports HTTP/1.1" status: 200 len: 3213 time: 0.2000010 /var/lib/openstack/lib/python3.10/site-packages/pycadf/identifier.py:71: UserWarning: Invalid uuid: neutron. To ensure interoperability, identifiers should be a valid uuid. warnings.warn(('Invalid uuid: %s. To ensure interoperability, '
2026-07-02 06:19:04.819 9 INFO neutron.services.segments.plugin [-] Segment 6d39e282-bea7-4bdf-a282-d5e72c2f2354 resource provider aggregate not found
2026-07-02 06:19:04.826 9 INFO neutron.services.segments.plugin [-] Segment 6d39e282-bea7-4bdf-a282-d5e72c2f2354 resource provider aggregate not found
2026-07-02 06:19:04.855 9 INFO neutron.services.segments.plugin [-] Segment 6d39e282-bea7-4bdf-a282-d5e72c2f2354 resource provider not found; error: Placement Client Error (4xx): {"errors": [{"status": 404, "title": "Not Found", "detail": "The resource could not be found.\n\n No resource provider with uuid 6d39e282-bea7-4bdf-a282-d5e72c2f2354 found for delete ", "request_id": "req-35754018-1b8d-460c-80ab-334741595940"}]}
2026-07-02 06:19:04.857 9 INFO neutron.services.segments.plugin [-] Segment 6d39e282-bea7-4bdf-a282-d5e72c2f2354 resource provider not found; error: Placement Client Error (4xx): {"errors": [{"status": 404, "title": "Not Found", "detail": "The resource could not be found.\n\n No resource provider with uuid 6d39e282-bea7-4bdf-a282-d5e72c2f2354 found for delete ", "request_id": "req-21a8efd6-5838-44dc-8f1b-83a27eab8d55"}]}
2026-07-02 06:19:04.907 9 INFO neutron.wsgi [None req-a64be9f1-0b98-4dea-a1b9-0a5d726b6843 44f9fc947be441caab831b744dde8ad6 431f6c9a3dcd4add9521adb805be1cd6 - - default default] 10.0.0.113 "DELETE /v2.0/networks/469738b1-1ed7-4a8a-afe7-dbf6264ebaa3 HTTP/1.1" status: 204 len: 168 time: 0.8230779
2026-07-02 06:19:04.990 9 INFO neutron.wsgi [None req-8aa15969-9a67-49d4-9a42-f51bc40a18ba 08eaea9dda05478d8a4f325105a88ac4 c26847186ffe49e2abbe620129b16308 - - default default] 10.0.0.113 "GET /v2.0/ports/7572957f-5494-4dda-9c2e-5422f91799af HTTP/1.1" status: 200 len: 1149 time: 0.0501041
2026-07-02 06:19:04.997 10 INFO neutron.wsgi [None req-48bb5b87-b184-423e-9420-606a148ba3af 63bad79b743844d0a8f743a3e2d1bdc0 7ee816c86f4a4aa5a1c52aa54475a4e9 - - default default] 10.0.0.113 "DELETE /v2.0/networks/ccbd8c68-7c9e-4302-9a43-26245150c118 HTTP/1.1" status: 204 len: 168 time: 0.5181093
2026-07-02 06:19:05.064 10 INFO neutron.wsgi [-] 10.0.0.111 "GET / HTTP/1.1" status: 200 len: 246 time: 0.0031943
2026-07-02 06:19:05.068 10 INFO neutron.wsgi [-] 10.0.0.111 "GET / HTTP/1.1" status: 200 len: 246 time: 0.0022912
2026-07-02 06:19:05.180 9 INFO neutron.wsgi [None req-709c05d0-a724-4edc-9669-4b0fc6cdf291 59dbb801f090496290b96e204b837d93 1ba6def273cf473eab920a9b4e3664c4 - - default default] 10.0.0.113 "DELETE /v2.0/ports/939898af-a39d-4e2d-b0f7-176908e38c3e HTTP/1.1" status: 204 len: 168 time: 0.3847985
2026-07-02 06:19:05.211 10 INFO neutron.wsgi [None req-a9ec3a79-4a30-42af-82cb-ff4005d646b5 44f9fc947be441caab831b744dde8ad6 431f6c9a3dcd4add9521adb805be1cd6 - - default default] 10.0.0.113 "GET /v2.0/security-groups?tenant_id=615a132b47d540f49154d5637a7a5711&name=default HTTP/1.1" status: 200 len: 2996 time: 0.0888305
2026-07-02 06:19:05.285 10 INFO neutron.services.segments.plugin [-] Segment ec5168ee-1303-440e-aaa3-d48795ace7e6 resource provider aggregate not found
2026-07-02 06:19:05.301 10 INFO neutron.services.segments.plugin [-] Segment ec5168ee-1303-440e-aaa3-d48795ace7e6 resource provider aggregate not found
2026-07-02 06:19:05.309 10 INFO neutron.services.segments.plugin [-] Segment ec5168ee-1303-440e-aaa3-d48795ace7e6 resource provider not found; error: Placement Client Error (4xx): {"errors": [{"status": 404, "title": "Not Found", "detail": "The resource could not be found.\n\n No resource provider with uuid ec5168ee-1303-440e-aaa3-d48795ace7e6 found for delete ", "request_id": "req-95969479-3c02-4f6a-82bc-cc42a8e6b4c0"}]}
2026-07-02 06:19:05.322 10 INFO neutron.services.segments.plugin [-] Segment ec5168ee-1303-440e-aaa3-d48795ace7e6 resource provider not found; error: Placement Client Error (4xx): {"errors": [{"status": 404, "title": "Not Found", "detail": "The resource could not be found.\n\n No resource provider with uuid ec5168ee-1303-440e-aaa3-d48795ace7e6 found for delete ", "request_id": "req-0aba05f4-0c92-44c3-8258-2026756afa51"}]}
2026-07-02 06:19:05.336 10 INFO neutron.services.segments.plugin [-] Segment 20b61724-5ac7-4204-88ed-af29fb378175 resource provider aggregate not found
2026-07-02 06:19:05.350 10 INFO neutron.services.segments.plugin [-] Segment 20b61724-5ac7-4204-88ed-af29fb378175 resource provider aggregate not found
2026-07-02 06:19:05.360 10 INFO neutron.services.segments.plugin [-] Segment 20b61724-5ac7-4204-88ed-af29fb378175 resource provider not found; error: Placement Client Error (4xx): {"errors": [{"status": 404, "title": "Not Found", "detail": "The resource could not be found.\n\n No resource provider with uuid 20b61724-5ac7-4204-88ed-af29fb378175 found for delete ", "request_id": "req-52c3c846-823a-458b-a9a6-777eb1285f56"}]}
2026-07-02 06:19:05.372 10 INFO neutron.services.segments.plugin [-] Segment 20b61724-5ac7-4204-88ed-af29fb378175 resource provider not found; error: Placement Client Error (4xx): {"errors": [{"status": 404, "title": "Not Found", "detail": "The resource could not be found.\n\n No resource provider with uuid 20b61724-5ac7-4204-88ed-af29fb378175 found for delete ", "request_id": "req-3415b534-f63f-4ad6-9725-b2c2a261f6e0"}]}
2026-07-02 06:19:05.512 10 INFO neutron.wsgi [None req-3e397c09-8917-41f0-814c-eb201dc80704 44f9fc947be441caab831b744dde8ad6 431f6c9a3dcd4add9521adb805be1cd6 - - default default] 10.0.0.113 "DELETE /v2.0/security-groups/2e5a3966-b55f-4f89-8c1e-03c2a50aa41c HTTP/1.1" status: 204 len: 168 time: 0.2932372
2026-07-02 06:19:05.568 9 INFO neutron.wsgi [None req-4b0bd81f-19f9-492c-bd60-5dd79aae4a31 59dbb801f090496290b96e204b837d93 1ba6def273cf473eab920a9b4e3664c4 - - default default] 10.0.0.113 "DELETE /v2.0/ports/9d7a8534-b2a1-489e-a27e-b44cbbe84675 HTTP/1.1" status: 204 len: 168 time: 0.3802223
2026-07-02 06:19:05.614 10 INFO neutron.wsgi [None req-501e7b29-2b6f-49e6-9022-1a5441140fed 59dbb801f090496290b96e204b837d93 1ba6def273cf473eab920a9b4e3664c4 - - default default] 10.0.0.113 "GET /v2.0/ports HTTP/1.1" status: 200 len: 1718 time: 0.0397661
2026-07-02 06:19:05.628 10 WARNING neutron_lib.context [None req-745a72df-a414-46e3-918e-86eec36115f9 59dbb801f090496290b96e204b837d93 1ba6def273cf473eab920a9b4e3664c4 - - default default] Method 'is_advsvc' is deprecated since 2023.2 release (neutron-lib 3.8.0) and will be removed once support for the old RBAC API policies will be removed from Neutron. Please use method 'is_service_role' instead.
2026-07-02 06:19:05.709 10 INFO neutron.db.segments_db [None req-745a72df-a414-46e3-918e-86eec36115f9 59dbb801f090496290b96e204b837d93 1ba6def273cf473eab920a9b4e3664c4 - - default default] Added segment 4df41002-6b98-4098-99e7-64fe70c7c5f3 of type geneve for network c20ae1bc-ea73-4118-8b02-b2968f10bfba
2026-07-02 06:19:05.863 10 INFO neutron.db.ovn_revision_numbers_db [None req-745a72df-a414-46e3-918e-86eec36115f9 59dbb801f090496290b96e204b837d93 1ba6def273cf473eab920a9b4e3664c4 - - default default] Successfully bumped revision number for resource c20ae1bc-ea73-4118-8b02-b2968f10bfba (type: networks) to 1
2026-07-02 06:19:05.883 9 INFO neutron.wsgi [None req-f053cb5e-0937-4ade-a5da-590553243d20 08eaea9dda05478d8a4f325105a88ac4 c26847186ffe49e2abbe620129b16308 - - default default] 10.0.0.113 "PUT /v2.0/routers/4d2b65d8-d53e-4f34-9f8b-d65ba3b4be51/remove_router_interface HTTP/1.1" status: 200 len: 503 time: 0.8858862
2026-07-02 06:19:05.888 9 INFO neutron.wsgi [None req-90440007-f8f4-4ded-86db-9403120e18bc 44f9fc947be441caab831b744dde8ad6 431f6c9a3dcd4add9521adb805be1cd6 - - default default] 10.0.0.113 "GET /v2.0/security-groups?tenant_id=7ee816c86f4a4aa5a1c52aa54475a4e9&name=default HTTP/1.1" status: 200 len: 2996 time: 0.3069053 /var/lib/openstack/lib/python3.10/site-packages/pycadf/identifier.py:71: UserWarning: Invalid uuid: neutron. To ensure interoperability, identifiers should be a valid uuid. warnings.warn(('Invalid uuid: %s. To ensure interoperability, '
2026-07-02 06:19:05.998 9 INFO neutron.wsgi [None req-59f794c2-3f33-4116-8791-48e3ba4a4e2c 08eaea9dda05478d8a4f325105a88ac4 c26847186ffe49e2abbe620129b16308 - - default default] 10.0.0.113 "GET /v2.0/ports/3a8d6cc0-109c-4fa8-b240-bd17aae8f54e HTTP/1.1" status: 200 len: 1141 time: 0.1079845
2026-07-02 06:19:06.102 10 WARNING neutron.scheduler.dhcp_agent_scheduler [None req-745a72df-a414-46e3-918e-86eec36115f9 59dbb801f090496290b96e204b837d93 1ba6def273cf473eab920a9b4e3664c4 - - default default] No more DHCP agents
2026-07-02 06:19:06.106 10 WARNING neutron.api.rpc.agentnotifiers.dhcp_rpc_agent_api [None req-745a72df-a414-46e3-918e-86eec36115f9 59dbb801f090496290b96e204b837d93 1ba6def273cf473eab920a9b4e3664c4 - - default default] Unable to schedule network c20ae1bc-ea73-4118-8b02-b2968f10bfba: no agents available; will retry on subsequent port and subnet creation events.
2026-07-02 06:19:06.198 10 INFO neutron.db.ovn_revision_numbers_db [None req-745a72df-a414-46e3-918e-86eec36115f9 59dbb801f090496290b96e204b837d93 1ba6def273cf473eab920a9b4e3664c4 - - default default] Successfully bumped revision number for resource 227057cb-7217-4c43-86f2-8bb8880789fb (type: ports) to 1
2026-07-02 06:19:06.210 10 INFO neutron.wsgi [None req-98e61074-2836-47b3-99c1-499af2d3581c 44f9fc947be441caab831b744dde8ad6 431f6c9a3dcd4add9521adb805be1cd6 - - default default] 10.0.0.113 "DELETE /v2.0/security-groups/b22b43c1-7100-4391-b10d-7f6a38fce6e3 HTTP/1.1" status: 204 len: 168 time: 0.3144867
2026-07-02 06:19:06.230 10 INFO neutron.wsgi [None req-745a72df-a414-46e3-918e-86eec36115f9 59dbb801f090496290b96e204b837d93 1ba6def273cf473eab920a9b4e3664c4 - - default default] 10.0.0.113 "POST /v2.0/networks HTTP/1.1" status: 201 len: 852 time: 0.6072638
2026-07-02 06:19:06.242 10 WARNING neutron_lib.context [None req-41c83bb3-fd3f-4aa4-a2d8-581308063d05 59dbb801f090496290b96e204b837d93 1ba6def273cf473eab920a9b4e3664c4 - - default default] Method 'is_advsvc' is deprecated since 2023.2 release (neutron-lib 3.8.0) and will be removed once support for the old RBAC API policies will be removed from Neutron. Please use method 'is_service_role' instead.
2026-07-02 06:19:06.356 10 INFO neutron.db.segments_db [None req-41c83bb3-fd3f-4aa4-a2d8-581308063d05 59dbb801f090496290b96e204b837d93 1ba6def273cf473eab920a9b4e3664c4 - - default default] Added segment 079327b3-5b45-4bd9-a330-fcb3ef6755bb of type geneve for network 5f59d7dc-184f-449e-b885-80d5be976d14
2026-07-02 06:19:06.535 10 INFO neutron.db.ovn_revision_numbers_db [None req-41c83bb3-fd3f-4aa4-a2d8-581308063d05 59dbb801f090496290b96e204b837d93 1ba6def273cf473eab920a9b4e3664c4 - - default default] Successfully bumped revision number for resource 5f59d7dc-184f-449e-b885-80d5be976d14 (type: networks) to 1
2026-07-02 06:19:06.720 9 INFO neutron.wsgi [None req-6857ab60-2d86-49e9-8a44-034a3888798c 08eaea9dda05478d8a4f325105a88ac4 c26847186ffe49e2abbe620129b16308 - - default default] 10.0.0.113 "PUT /v2.0/routers/4d2b65d8-d53e-4f34-9f8b-d65ba3b4be51/remove_router_interface HTTP/1.1" status: 200 len: 503 time: 0.7151883 /var/lib/openstack/lib/python3.10/site-packages/pycadf/identifier.py:71: UserWarning: Invalid uuid: neutron. To ensure interoperability, identifiers should be a valid uuid. warnings.warn(('Invalid uuid: %s. To ensure interoperability, '
2026-07-02 06:19:06.751 10 WARNING neutron.scheduler.dhcp_agent_scheduler [None req-41c83bb3-fd3f-4aa4-a2d8-581308063d05 59dbb801f090496290b96e204b837d93 1ba6def273cf473eab920a9b4e3664c4 - - default default] No more DHCP agents
2026-07-02 06:19:06.753 10 WARNING neutron.api.rpc.agentnotifiers.dhcp_rpc_agent_api [None req-41c83bb3-fd3f-4aa4-a2d8-581308063d05 59dbb801f090496290b96e204b837d93 1ba6def273cf473eab920a9b4e3664c4 - - default default] Unable to schedule network 5f59d7dc-184f-449e-b885-80d5be976d14: no agents available; will retry on subsequent port and subnet creation events.
2026-07-02 06:19:06.765 9 INFO neutron.wsgi [None req-06a6caef-b2eb-4344-b50e-5336288fec63 08eaea9dda05478d8a4f325105a88ac4 c26847186ffe49e2abbe620129b16308 - - default default] 10.0.0.113 "GET /v2.0/ports?device_id=4d2b65d8-d53e-4f34-9f8b-d65ba3b4be51 HTTP/1.1" status: 200 len: 205 time: 0.0396039
2026-07-02 06:19:06.826 10 INFO neutron.db.ovn_revision_numbers_db [None req-41c83bb3-fd3f-4aa4-a2d8-581308063d05 59dbb801f090496290b96e204b837d93 1ba6def273cf473eab920a9b4e3664c4 - - default default] Successfully bumped revision number for resource db26cd00-9b7c-4ac0-94ac-27e8066151c1 (type: ports) to 1
2026-07-02 06:19:06.845 10 INFO neutron.wsgi [None req-41c83bb3-fd3f-4aa4-a2d8-581308063d05 59dbb801f090496290b96e204b837d93 1ba6def273cf473eab920a9b4e3664c4 - - default default] 10.0.0.113 "POST /v2.0/networks HTTP/1.1" status: 201 len: 852 time: 0.6098807
2026-07-02 06:19:07.149 9 INFO neutron.wsgi [None req-8fa46f02-824a-4edf-b56a-c0ffff93ef41 08eaea9dda05478d8a4f325105a88ac4 c26847186ffe49e2abbe620129b16308 - - default default] 10.0.0.113 "DELETE /v2.0/routers/4d2b65d8-d53e-4f34-9f8b-d65ba3b4be51 HTTP/1.1" status: 204 len: 168 time: 0.3777592
2026-07-02 06:19:07.364 10 INFO neutron.wsgi [None req-079e2659-d878-4e94-90f4-af81785945ef 08eaea9dda05478d8a4f325105a88ac4 c26847186ffe49e2abbe620129b16308 - - default default] 10.0.0.113 "DELETE /v2.0/subnets/0fbfe2dc-8c30-4f31-9d8a-6b45a05db304 HTTP/1.1" status: 204 len: 168 time: 0.2070112
2026-07-02 06:19:07.372 9 WARNING neutron_lib.context [None req-5a3a974a-0b35-42e1-a42c-054d01f2fd40 59dbb801f090496290b96e204b837d93 1ba6def273cf473eab920a9b4e3664c4 - - default default] Method 'is_advsvc' is deprecated since 2023.2 release (neutron-lib 3.8.0) and will be removed once support for the old RBAC API policies will be removed from Neutron. Please use method 'is_service_role' instead.
2026-07-02 06:19:07.420 9 WARNING neutron_lib.context [None req-5a3a974a-0b35-42e1-a42c-054d01f2fd40 59dbb801f090496290b96e204b837d93 1ba6def273cf473eab920a9b4e3664c4 - - default default] Method 'is_advsvc' is deprecated since 2023.2 release (neutron-lib 3.8.0) and will be removed once support for the old RBAC API policies will be removed from Neutron. Please use method 'is_service_role' instead.
2026-07-02 06:19:07.573 10 INFO neutron.wsgi [None req-13168307-bdbc-472e-9aa1-bd4a1ed39214 08eaea9dda05478d8a4f325105a88ac4 c26847186ffe49e2abbe620129b16308 - - default default] 10.0.0.113 "DELETE /v2.0/subnets/1cb91c5d-c446-4356-90c8-720a670d003a HTTP/1.1" status: 204 len: 168 time: 0.2025988
2026-07-02 06:19:07.743 9 INFO neutron.db.ovn_revision_numbers_db [None req-a12ed035-e845-4f3a-b61e-b4ffe5d55251 44f9fc947be441caab831b744dde8ad6 431f6c9a3dcd4add9521adb805be1cd6 - - default default] Successfully bumped revision number for resource 918714f2-5b58-42d7-8c70-bd3d2b4dbcca (type: security_groups) to 1
2026-07-02 06:19:07.771 9 INFO neutron.db.ovn_revision_numbers_db [None req-a12ed035-e845-4f3a-b61e-b4ffe5d55251 44f9fc947be441caab831b744dde8ad6 431f6c9a3dcd4add9521adb805be1cd6 - - default default] Successfully bumped revision number for resource 1972ed2f-7ce4-4bcb-8181-95c349c9e1fe (type: security_group_rules) to 0
2026-07-02 06:19:07.791 9 INFO neutron.db.ovn_revision_numbers_db [None req-a12ed035-e845-4f3a-b61e-b4ffe5d55251 44f9fc947be441caab831b744dde8ad6 431f6c9a3dcd4add9521adb805be1cd6 - - default default] Successfully bumped revision number for resource 4faca23a-bb48-4531-9ff2-48b2c942afb5 (type: security_group_rules) to 0
2026-07-02 06:19:07.822 9 INFO neutron.db.ovn_revision_numbers_db [None req-a12ed035-e845-4f3a-b61e-b4ffe5d55251 44f9fc947be441caab831b744dde8ad6 431f6c9a3dcd4add9521adb805be1cd6 - - default default] Successfully bumped revision number for resource 85da79dd-ea35-4d5b-871a-b196319b98bd (type: security_group_rules) to 0
2026-07-02 06:19:07.853 9 INFO neutron.db.ovn_revision_numbers_db [None req-a12ed035-e845-4f3a-b61e-b4ffe5d55251 44f9fc947be441caab831b744dde8ad6 431f6c9a3dcd4add9521adb805be1cd6 - - default default] Successfully bumped revision number for resource e5866230-7332-43c7-a17b-3b558eb6142d (type: security_group_rules) to 0
2026-07-02 06:19:07.909 9 INFO neutron.db.segments_db [None req-a12ed035-e845-4f3a-b61e-b4ffe5d55251 44f9fc947be441caab831b744dde8ad6 431f6c9a3dcd4add9521adb805be1cd6 - - default default] Added segment 8faff3c5-b4c3-4715-9a63-468fbf71fc78 of type geneve for network 008895eb-d6b6-40ab-bd41-13e7ffdb6aa1
2026-07-02 06:19:07.916 9 WARNING neutron.scheduler.dhcp_agent_scheduler [None req-5a3a974a-0b35-42e1-a42c-054d01f2fd40 59dbb801f090496290b96e204b837d93 1ba6def273cf473eab920a9b4e3664c4 - - default default] No more DHCP agents
2026-07-02 06:19:07.920 9 WARNING neutron.api.rpc.agentnotifiers.dhcp_rpc_agent_api [None req-5a3a974a-0b35-42e1-a42c-054d01f2fd40 59dbb801f090496290b96e204b837d93 1ba6def273cf473eab920a9b4e3664c4 - - default default] Unable to schedule network c20ae1bc-ea73-4118-8b02-b2968f10bfba: no agents available; will retry on subsequent port and subnet creation events.
2026-07-02 06:19:07.949 10 INFO neutron.services.segments.plugin [-] Segment 9603f4a0-c10d-452e-a461-7dd19184e83c resource provider aggregate not found
2026-07-02 06:19:07.954 10 INFO neutron.services.segments.plugin [-] Segment 9603f4a0-c10d-452e-a461-7dd19184e83c resource provider aggregate not found
2026-07-02 06:19:07.972 10 INFO neutron.services.segments.plugin [-] Segment 9603f4a0-c10d-452e-a461-7dd19184e83c resource provider not found; error: Placement Client Error (4xx): {"errors": [{"status": 404, "title": "Not Found", "detail": "The resource could not be found.\n\n No resource provider with uuid 9603f4a0-c10d-452e-a461-7dd19184e83c found for delete ", "request_id": "req-76f92f8e-dde5-4c89-b659-756a47da0305"}]}
2026-07-02 06:19:07.981 9 INFO neutron.db.ovn_revision_numbers_db [None req-5a3a974a-0b35-42e1-a42c-054d01f2fd40 59dbb801f090496290b96e204b837d93 1ba6def273cf473eab920a9b4e3664c4 - - default default] Successfully bumped revision number for resource 33702dda-f1af-4825-b16f-64653543eb72 (type: subnets) to 0
2026-07-02 06:19:07.982 10 INFO neutron.services.segments.plugin [-] Segment 9603f4a0-c10d-452e-a461-7dd19184e83c resource provider not found; error: Placement Client Error (4xx): {"errors": [{"status": 404, "title": "Not Found", "detail": "The resource could not be found.\n\n No resource provider with uuid 9603f4a0-c10d-452e-a461-7dd19184e83c found for delete ", "request_id": "req-6cdf2a83-40f1-4b32-862e-1fbec1966fc5"}]}
2026-07-02 06:19:07.994 10 INFO neutron.wsgi [None req-c169406c-430d-4d43-a6bc-9ecb8492858a 08eaea9dda05478d8a4f325105a88ac4 c26847186ffe49e2abbe620129b16308 - - default default] 10.0.0.113 "DELETE /v2.0/networks/55671a9d-4d9a-445f-98bc-0d1a8f5c6910 HTTP/1.1" status: 204 len: 168 time: 0.4172673
2026-07-02 06:19:08.021 9 WARNING neutron.scheduler.dhcp_agent_scheduler [None req-5a3a974a-0b35-42e1-a42c-054d01f2fd40 59dbb801f090496290b96e204b837d93 1ba6def273cf473eab920a9b4e3664c4 - - default default] No more DHCP agents
2026-07-02 06:19:08.023 9 WARNING neutron.api.rpc.agentnotifiers.dhcp_rpc_agent_api [None req-5a3a974a-0b35-42e1-a42c-054d01f2fd40 59dbb801f090496290b96e204b837d93 1ba6def273cf473eab920a9b4e3664c4 - - default default] Unable to schedule network 5f59d7dc-184f-449e-b885-80d5be976d14: no agents available; will retry on subsequent port and subnet creation events.
2026-07-02 06:19:08.094 9 INFO neutron.db.ovn_revision_numbers_db [None req-5a3a974a-0b35-42e1-a42c-054d01f2fd40 59dbb801f090496290b96e204b837d93 1ba6def273cf473eab920a9b4e3664c4 - - default default] Successfully bumped revision number for resource 4dabaf24-3717-436c-8a63-de48b6da1857 (type: subnets) to 0
2026-07-02 06:19:08.099 9 INFO neutron.db.ovn_revision_numbers_db [None req-a12ed035-e845-4f3a-b61e-b4ffe5d55251 44f9fc947be441caab831b744dde8ad6 431f6c9a3dcd4add9521adb805be1cd6 - - default default] Successfully bumped revision number for resource 008895eb-d6b6-40ab-bd41-13e7ffdb6aa1 (type: networks) to 1
2026-07-02 06:19:08.120 9 INFO neutron.wsgi [None req-5a3a974a-0b35-42e1-a42c-054d01f2fd40 59dbb801f090496290b96e204b837d93 1ba6def273cf473eab920a9b4e3664c4 - - default default] 10.0.0.113 "POST /v2.0/subnets HTTP/1.1" status: 201 len: 1474 time: 0.7585855
2026-07-02 06:19:08.140 10 WARNING neutron_lib.context [None req-f48d3006-4ce5-443b-a3f5-86b4faac07d4 3354a6d47cf84be7882e8967b3475a76 eb3b14e346ca444782c31b5c3e13e4a3 - - default default] Method 'is_advsvc' is deprecated since 2023.2 release (neutron-lib 3.8.0) and will be removed once support for the old RBAC API policies will be removed from Neutron. Please use method 'is_service_role' instead.
2026-07-02 06:19:08.203 10 INFO neutron.wsgi [None req-f613ebc3-9e98-4411-a2d4-fea6ba519f03 59dbb801f090496290b96e204b837d93 1ba6def273cf473eab920a9b4e3664c4 - - default default] 10.0.0.113 "GET /v2.0/subnets HTTP/1.1" status: 200 len: 2082 time: 0.0787015
2026-07-02 06:19:08.298 9 WARNING neutron.scheduler.dhcp_agent_scheduler [None req-a12ed035-e845-4f3a-b61e-b4ffe5d55251 44f9fc947be441caab831b744dde8ad6 431f6c9a3dcd4add9521adb805be1cd6 - - default default] No more DHCP agents
2026-07-02 06:19:08.310 9 WARNING neutron.api.rpc.agentnotifiers.dhcp_rpc_agent_api [None req-a12ed035-e845-4f3a-b61e-b4ffe5d55251 44f9fc947be441caab831b744dde8ad6 431f6c9a3dcd4add9521adb805be1cd6 - - default default] Unable to schedule network 008895eb-d6b6-40ab-bd41-13e7ffdb6aa1: no agents available; will retry on subsequent port and subnet creation events.
2026-07-02 06:19:08.385 10 INFO neutron.db.ovn_revision_numbers_db [None req-f48d3006-4ce5-443b-a3f5-86b4faac07d4 3354a6d47cf84be7882e8967b3475a76 eb3b14e346ca444782c31b5c3e13e4a3 - - default default] Successfully bumped revision number for resource d29cc25a-8f9e-4372-9dc0-d4438ab239c7 (type: security_groups) to 1
2026-07-02 06:19:08.412 10 INFO neutron.db.ovn_revision_numbers_db [None req-f48d3006-4ce5-443b-a3f5-86b4faac07d4 3354a6d47cf84be7882e8967b3475a76 eb3b14e346ca444782c31b5c3e13e4a3 - - default default] Successfully bumped revision number for resource 4a3d7385-60fe-496d-8b43-c7a02a51e79f (type: security_group_rules) to 0
2026-07-02 06:19:08.436 10 INFO neutron.db.ovn_revision_numbers_db [None req-f48d3006-4ce5-443b-a3f5-86b4faac07d4 3354a6d47cf84be7882e8967b3475a76 eb3b14e346ca444782c31b5c3e13e4a3 - - default default] Successfully bumped revision number for resource 5704990f-4e29-404e-a8bf-4fe126bd40bc (type: security_group_rules) to 0
2026-07-02 06:19:08.470 10 INFO neutron.db.ovn_revision_numbers_db [None req-f48d3006-4ce5-443b-a3f5-86b4faac07d4 3354a6d47cf84be7882e8967b3475a76 eb3b14e346ca444782c31b5c3e13e4a3 - - default default] Successfully bumped revision number for resource 5deb9322-6055-49a0-87a8-ba8dc12d7f05 (type: security_group_rules) to 0
2026-07-02 06:19:08.500 10 INFO neutron.wsgi [None req-0b9f347f-db81-44de-8a25-290584b4db05 08eaea9dda05478d8a4f325105a88ac4 c26847186ffe49e2abbe620129b16308 - - default default] 10.0.0.113 "DELETE /v2.0/networks/7aa10fea-0e12-4d76-8fa2-731e4a24001a HTTP/1.1" status: 204 len: 168 time: 0.5010967
2026-07-02 06:19:08.500 10 INFO neutron.db.ovn_revision_numbers_db [None req-f48d3006-4ce5-443b-a3f5-86b4faac07d4 3354a6d47cf84be7882e8967b3475a76 eb3b14e346ca444782c31b5c3e13e4a3 - - default default] Successfully bumped revision number for resource 6b6fc4c3-33e0-4403-948f-5720b289f753 (type: security_group_rules) to 0
2026-07-02 06:19:08.519 10 WARNING neutron_lib.context [None req-3e82ee74-52d5-4884-a24d-e5cd36a521b0 08eaea9dda05478d8a4f325105a88ac4 c26847186ffe49e2abbe620129b16308 - - default default] Method 'is_advsvc' is deprecated since 2023.2 release (neutron-lib 3.8.0) and will be removed once support for the old RBAC API policies will be removed from Neutron. Please use method 'is_service_role' instead.
2026-07-02 06:19:08.579 10 INFO neutron.db.segments_db [None req-f48d3006-4ce5-443b-a3f5-86b4faac07d4 3354a6d47cf84be7882e8967b3475a76 eb3b14e346ca444782c31b5c3e13e4a3 - - default default] Added segment e1b47bb8-29d6-4bee-87ae-14f33566e4f8 of type geneve for network f76c8109-33ca-47aa-b003-181a0e23d807
2026-07-02 06:19:08.633 10 INFO neutron.db.segments_db [None req-3e82ee74-52d5-4884-a24d-e5cd36a521b0 08eaea9dda05478d8a4f325105a88ac4 c26847186ffe49e2abbe620129b16308 - - default default] Added segment 7179c00d-718f-401d-8cdd-33067f27af56 of type geneve for network ccdaf631-a9d5-4db5-9a5c-53c343a70ea6
2026-07-02 06:19:08.780 9 INFO neutron.db.ovn_revision_numbers_db [None req-a12ed035-e845-4f3a-b61e-b4ffe5d55251 44f9fc947be441caab831b744dde8ad6 431f6c9a3dcd4add9521adb805be1cd6 - - default default] Successfully bumped revision number for resource fa7e03be-0ee3-42eb-84c2-c026b7813699 (type: ports) to 1
2026-07-02 06:19:08.785 10 INFO neutron.db.ovn_revision_numbers_db [None req-f48d3006-4ce5-443b-a3f5-86b4faac07d4 3354a6d47cf84be7882e8967b3475a76 eb3b14e346ca444782c31b5c3e13e4a3 - - default default] Successfully bumped revision number for resource f76c8109-33ca-47aa-b003-181a0e23d807 (type: networks) to 1
2026-07-02 06:19:08.804 9 INFO neutron.wsgi [None req-a12ed035-e845-4f3a-b61e-b4ffe5d55251 44f9fc947be441caab831b744dde8ad6 431f6c9a3dcd4add9521adb805be1cd6 - - default default] 10.0.0.113 "POST /v2.0/networks HTTP/1.1" status: 201 len: 946 time: 1.4964230
2026-07-02 06:19:08.831 9 INFO neutron.wsgi [None req-897df864-2dcd-49d4-ad2b-199138ba7528 59dbb801f090496290b96e204b837d93 1ba6def273cf473eab920a9b4e3664c4 - - default default] 10.0.0.113 "DELETE /v2.0/subnets/33702dda-f1af-4825-b16f-64653543eb72 HTTP/1.1" status: 204 len: 168 time: 0.6125793
2026-07-02 06:19:08.857 10 INFO neutron.db.ovn_revision_numbers_db [None req-3e82ee74-52d5-4884-a24d-e5cd36a521b0 08eaea9dda05478d8a4f325105a88ac4 c26847186ffe49e2abbe620129b16308 - - default default] Successfully bumped revision number for resource ccdaf631-a9d5-4db5-9a5c-53c343a70ea6 (type: networks) to 1
2026-07-02 06:19:09.066 9 WARNING neutron.scheduler.dhcp_agent_scheduler [None req-bc8852ff-9ab6-4506-8fe3-f9fdf3e5721b 44f9fc947be441caab831b744dde8ad6 431f6c9a3dcd4add9521adb805be1cd6 - - default default] No more DHCP agents
2026-07-02 06:19:09.070 9 WARNING neutron.api.rpc.agentnotifiers.dhcp_rpc_agent_api [None req-bc8852ff-9ab6-4506-8fe3-f9fdf3e5721b 44f9fc947be441caab831b744dde8ad6 431f6c9a3dcd4add9521adb805be1cd6 - - default default] Unable to schedule network 008895eb-d6b6-40ab-bd41-13e7ffdb6aa1: no agents available; will retry on subsequent port and subnet creation events.
2026-07-02 06:19:09.073 10 WARNING neutron.scheduler.dhcp_agent_scheduler [None req-f48d3006-4ce5-443b-a3f5-86b4faac07d4 3354a6d47cf84be7882e8967b3475a76 eb3b14e346ca444782c31b5c3e13e4a3 - - default default] No more DHCP agents
2026-07-02 06:19:09.077 10 WARNING neutron.api.rpc.agentnotifiers.dhcp_rpc_agent_api [None req-f48d3006-4ce5-443b-a3f5-86b4faac07d4 3354a6d47cf84be7882e8967b3475a76 eb3b14e346ca444782c31b5c3e13e4a3 - - default default] Unable to schedule network f76c8109-33ca-47aa-b003-181a0e23d807: no agents available; will retry on subsequent port and subnet creation events.
2026-07-02 06:19:09.108 9 INFO neutron.wsgi [None req-6901c3f2-34bc-4586-9f93-57735b45e3cc 59dbb801f090496290b96e204b837d93 1ba6def273cf473eab920a9b4e3664c4 - - default default] 10.0.0.113 "DELETE /v2.0/subnets/4dabaf24-3717-436c-8a63-de48b6da1857 HTTP/1.1" status: 204 len: 168 time: 0.2711229
2026-07-02 06:19:09.119 10 WARNING neutron.scheduler.dhcp_agent_scheduler [None req-3e82ee74-52d5-4884-a24d-e5cd36a521b0 08eaea9dda05478d8a4f325105a88ac4 c26847186ffe49e2abbe620129b16308 - - default default] No more DHCP agents
2026-07-02 06:19:09.125 10 WARNING neutron.api.rpc.agentnotifiers.dhcp_rpc_agent_api [None req-3e82ee74-52d5-4884-a24d-e5cd36a521b0 08eaea9dda05478d8a4f325105a88ac4 c26847186ffe49e2abbe620129b16308 - - default default] Unable to schedule network ccdaf631-a9d5-4db5-9a5c-53c343a70ea6: no agents available; will retry on subsequent port and subnet creation events.
2026-07-02 06:19:09.174 9 INFO neutron.wsgi [None req-1e1d3b08-d0d7-4d8c-b4e6-119d73d2388b 59dbb801f090496290b96e204b837d93 1ba6def273cf473eab920a9b4e3664c4 - - default default] 10.0.0.113 "GET /v2.0/subnets HTTP/1.1" status: 200 len: 820 time: 0.0593779
2026-07-02 06:19:09.502 10 INFO neutron.db.ovn_revision_numbers_db [None req-f48d3006-4ce5-443b-a3f5-86b4faac07d4 3354a6d47cf84be7882e8967b3475a76 eb3b14e346ca444782c31b5c3e13e4a3 - - default default] Successfully bumped revision number for resource d9b2e018-1294-43bf-80fb-2f83ba1740ac (type: ports) to 1
2026-07-02 06:19:09.534 10 INFO neutron.wsgi [None req-f48d3006-4ce5-443b-a3f5-86b4faac07d4 3354a6d47cf84be7882e8967b3475a76 eb3b14e346ca444782c31b5c3e13e4a3 - - default default] 10.0.0.113 "POST /v2.0/networks HTTP/1.1" status: 201 len: 844 time: 1.5257721
2026-07-02 06:19:09.535 10 INFO neutron.db.ovn_revision_numbers_db [None req-3e82ee74-52d5-4884-a24d-e5cd36a521b0 08eaea9dda05478d8a4f325105a88ac4 c26847186ffe49e2abbe620129b16308 - - default default] Successfully bumped revision number for resource 1e03abca-f20b-4e50-bdcd-08e285c33ad8 (type: ports) to 1
2026-07-02 06:19:09.545 10 WARNING neutron_lib.context [None req-8bb4c65a-a1dd-478b-aa8d-af929d95bde3 3354a6d47cf84be7882e8967b3475a76 eb3b14e346ca444782c31b5c3e13e4a3 - - default default] Method 'is_advsvc' is deprecated since 2023.2 release (neutron-lib 3.8.0) and will be removed once support for the old RBAC API policies will be removed from Neutron. Please use method 'is_service_role' instead.
2026-07-02 06:19:09.570 10 INFO neutron.wsgi [None req-3e82ee74-52d5-4884-a24d-e5cd36a521b0 08eaea9dda05478d8a4f325105a88ac4 c26847186ffe49e2abbe620129b16308 - - default default] 10.0.0.113 "POST /v2.0/networks HTTP/1.1" status: 201 len: 833 time: 1.0582902
2026-07-02 06:19:09.592 9 WARNING neutron_lib.context [None req-1585e2d3-a0ae-4f4d-935b-654e76518685 08eaea9dda05478d8a4f325105a88ac4 c26847186ffe49e2abbe620129b16308 - - default default] Method 'is_advsvc' is deprecated since 2023.2 release (neutron-lib 3.8.0) and will be removed once support for the old RBAC API policies will be removed from Neutron. Please use method 'is_service_role' instead.
2026-07-02 06:19:09.688 10 WARNING neutron.plugins.ml2.drivers.ovn.mech_driver.ovsdb.ovn_client [None req-f958670b-66e1-475f-b8d2-1c6e6d4a10aa - - - - - -] No port found with ID 7572957f-5494-4dda-9c2e-5422f91799af: RuntimeError: No port found with ID 7572957f-5494-4dda-9c2e-5422f91799af
2026-07-02 06:19:09.783 9 INFO neutron.services.segments.plugin [-] Segment 079327b3-5b45-4bd9-a330-fcb3ef6755bb resource provider aggregate not found
2026-07-02 06:19:09.791 9 INFO neutron.services.segments.plugin [-] Segment 079327b3-5b45-4bd9-a330-fcb3ef6755bb resource provider aggregate not found
2026-07-02 06:19:09.805 9 INFO neutron.services.segments.plugin [-] Segment 079327b3-5b45-4bd9-a330-fcb3ef6755bb resource provider not found; error: Placement Client Error (4xx): {"errors": [{"status": 404, "title": "Not Found", "detail": "The resource could not be found.\n\n No resource provider with uuid 079327b3-5b45-4bd9-a330-fcb3ef6755bb found for delete ", "request_id": "req-15d8ca9d-2666-44f5-bec2-0aa93025d38f"}]}
2026-07-02 06:19:09.811 9 INFO neutron.services.segments.plugin [-] Segment 079327b3-5b45-4bd9-a330-fcb3ef6755bb resource provider not found; error: Placement Client Error (4xx): {"errors": [{"status": 404, "title": "Not Found", "detail": "The resource could not be found.\n\n No resource provider with uuid 079327b3-5b45-4bd9-a330-fcb3ef6755bb found for delete ", "request_id": "req-dd60510e-8155-421f-80a8-548e8bb42c9f"}]}
2026-07-02 06:19:09.835 10 WARNING neutron.scheduler.dhcp_agent_scheduler [None req-8bb4c65a-a1dd-478b-aa8d-af929d95bde3 3354a6d47cf84be7882e8967b3475a76 eb3b14e346ca444782c31b5c3e13e4a3 - - default default] No more DHCP agents
2026-07-02 06:19:09.838 10 WARNING neutron.api.rpc.agentnotifiers.dhcp_rpc_agent_api [None req-8bb4c65a-a1dd-478b-aa8d-af929d95bde3 3354a6d47cf84be7882e8967b3475a76 eb3b14e346ca444782c31b5c3e13e4a3 - - default default] Unable to schedule network f76c8109-33ca-47aa-b003-181a0e23d807: no agents available; will retry on subsequent port and subnet creation events.
2026-07-02 06:19:09.849 9 INFO neutron.wsgi [None req-546754e8-6560-4282-afa8-aa3a0560c46d 59dbb801f090496290b96e204b837d93 1ba6def273cf473eab920a9b4e3664c4 - - default default] 10.0.0.113 "DELETE /v2.0/networks/5f59d7dc-184f-449e-b885-80d5be976d14 HTTP/1.1" status: 204 len: 168 time: 0.6544509 /var/lib/openstack/lib/python3.10/site-packages/pycadf/identifier.py:71: UserWarning: Invalid uuid: neutron. To ensure interoperability, identifiers should be a valid uuid. warnings.warn(('Invalid uuid: %s. To ensure interoperability, '
2026-07-02 06:19:09.938 9 INFO neutron.db.ovn_revision_numbers_db [None req-bc8852ff-9ab6-4506-8fe3-f9fdf3e5721b 44f9fc947be441caab831b744dde8ad6 431f6c9a3dcd4add9521adb805be1cd6 - - default default] Successfully bumped revision number for resource fa7e03be-0ee3-42eb-84c2-c026b7813699 (type: ports) to 2
2026-07-02 06:19:09.980 10 INFO neutron.db.ovn_revision_numbers_db [None req-8bb4c65a-a1dd-478b-aa8d-af929d95bde3 3354a6d47cf84be7882e8967b3475a76 eb3b14e346ca444782c31b5c3e13e4a3 - - default default] Successfully bumped revision number for resource 56652baa-cf36-4bb8-8e72-e630903e89bf (type: ports) to 1
2026-07-02 06:19:09.993 10 INFO neutron.services.segments.plugin [-] Segment 82351c56-f36c-4471-a712-60bd5638614b resource provider aggregate not found
2026-07-02 06:19:10.005 9 INFO neutron.db.ovn_revision_numbers_db [None req-bc8852ff-9ab6-4506-8fe3-f9fdf3e5721b 44f9fc947be441caab831b744dde8ad6 431f6c9a3dcd4add9521adb805be1cd6 - - default default] Successfully bumped revision number for resource 8d4e7c87-a183-4381-801d-8b9e097fc337 (type: subnets) to 0
2026-07-02 06:19:10.006 10 INFO neutron.services.segments.plugin [-] Segment 82351c56-f36c-4471-a712-60bd5638614b resource provider aggregate not found
2026-07-02 06:19:10.014 10 INFO neutron.services.segments.plugin [-] Segment 82351c56-f36c-4471-a712-60bd5638614b resource provider not found; error: Placement Client Error (4xx): {"errors": [{"status": 404, "title": "Not Found", "detail": "The resource could not be found.\n\n No resource provider with uuid 82351c56-f36c-4471-a712-60bd5638614b found for delete ", "request_id": "req-5bdb877c-1e97-4cf3-a555-f579f217b9ed"}]}
2026-07-02 06:19:10.017 9 WARNING neutron.scheduler.dhcp_agent_scheduler [None req-1585e2d3-a0ae-4f4d-935b-654e76518685 08eaea9dda05478d8a4f325105a88ac4 c26847186ffe49e2abbe620129b16308 - - default default] No more DHCP agents
2026-07-02 06:19:10.020 9 WARNING neutron.api.rpc.agentnotifiers.dhcp_rpc_agent_api [None req-1585e2d3-a0ae-4f4d-935b-654e76518685 08eaea9dda05478d8a4f325105a88ac4 c26847186ffe49e2abbe620129b16308 - - default default] Unable to schedule network ccdaf631-a9d5-4db5-9a5c-53c343a70ea6: no agents available; will retry on subsequent port and subnet creation events.
2026-07-02 06:19:10.028 9 INFO neutron.wsgi [None req-bc8852ff-9ab6-4506-8fe3-f9fdf3e5721b 44f9fc947be441caab831b744dde8ad6 431f6c9a3dcd4add9521adb805be1cd6 - - default default] 10.0.0.113 "POST /v2.0/subnets HTTP/1.1" status: 201 len: 866 time: 1.2173212
2026-07-02 06:19:10.030 10 INFO neutron.services.segments.plugin [-] Segment 82351c56-f36c-4471-a712-60bd5638614b resource provider not found; error: Placement Client Error (4xx): {"errors": [{"status": 404, "title": "Not Found", "detail": "The resource could not be found.\n\n No resource provider with uuid 82351c56-f36c-4471-a712-60bd5638614b found for delete ", "request_id": "req-b096b7f3-fe83-4af0-a8f8-e03241dca73d"}]}
2026-07-02 06:19:10.033 10 INFO neutron.wsgi [None req-8bb4c65a-a1dd-478b-aa8d-af929d95bde3 3354a6d47cf84be7882e8967b3475a76 eb3b14e346ca444782c31b5c3e13e4a3 - - default default] 10.0.0.113 "POST /v2.0/ports HTTP/1.1" status: 201 len: 974 time: 0.4937408
2026-07-02 06:19:10.044 9 WARNING neutron_lib.context [None req-912a1440-9fbf-43d6-9346-cf576ad3a09f 3354a6d47cf84be7882e8967b3475a76 eb3b14e346ca444782c31b5c3e13e4a3 - - default default] Method 'is_advsvc' is deprecated since 2023.2 release (neutron-lib 3.8.0) and will be removed once support for the old RBAC API policies will be removed from Neutron. Please use method 'is_service_role' instead.
2026-07-02 06:19:10.070 9 INFO neutron.db.ovn_revision_numbers_db [None req-1585e2d3-a0ae-4f4d-935b-654e76518685 08eaea9dda05478d8a4f325105a88ac4 c26847186ffe49e2abbe620129b16308 - - default default] Successfully bumped revision number for resource 22e4aa75-6321-4e95-98ec-f47cd8ab53f4 (type: subnets) to 0
2026-07-02 06:19:10.090 9 INFO neutron.wsgi [None req-1585e2d3-a0ae-4f4d-935b-654e76518685 08eaea9dda05478d8a4f325105a88ac4 c26847186ffe49e2abbe620129b16308 - - default default] 10.0.0.113 "POST /v2.0/subnets HTTP/1.1" status: 201 len: 821 time: 0.5074959
