2026-07-02 06:20:13.994 9 INFO neutron.wsgi [None req-ecf0254b-e3d8-45a9-923b-327cb0304cde 44f9fc947be441caab831b744dde8ad6 431f6c9a3dcd4add9521adb805be1cd6 - - default default] 10.0.0.113 "DELETE /v2.0/security-groups/0376265b-0888-4f29-b135-de49b7cdd46d HTTP/1.1" status: 204 len: 168 time: 0.8584564
2026-07-02 06:20:14.090 10 INFO neutron.db.ovn_revision_numbers_db [None req-573837d0-6a3e-4fd9-ae57-6cb8df1d80b3 b582fc2e75f94459906dffb5e8a94c0f effe0de92263445882ef221ade172aba - - default default] Successfully bumped revision number for resource c13a7010-2fa1-4384-a2a6-0ece6635b193 (type: router_ports) to 2
2026-07-02 06:20:14.093 10 INFO neutron.wsgi [None req-573837d0-6a3e-4fd9-ae57-6cb8df1d80b3 b582fc2e75f94459906dffb5e8a94c0f effe0de92263445882ef221ade172aba - - default default] 10.0.0.113 "PUT /v2.0/routers/e7441f75-d95c-4a24-8843-3438f63919eb/add_router_interface HTTP/1.1" status: 200 len: 503 time: 1.9969380
2026-07-02 06:20:14.139 9 INFO neutron.db.ovn_revision_numbers_db [None req-d3e58004-f11d-43a1-9798-4df2b9b02531 - - - - - -] Successfully bumped revision number for resource a0872d75-9d99-4a82-81cd-27fc890e7158 (type: ports) to 2
2026-07-02 06:20:14.265 9 WARNING neutron.scheduler.dhcp_agent_scheduler [None req-44359e35-ad7b-40db-8790-af1feba97501 44f9fc947be441caab831b744dde8ad6 431f6c9a3dcd4add9521adb805be1cd6 - - default default] No more DHCP agents
2026-07-02 06:20:14.274 9 WARNING neutron.api.rpc.agentnotifiers.dhcp_rpc_agent_api [None req-44359e35-ad7b-40db-8790-af1feba97501 44f9fc947be441caab831b744dde8ad6 431f6c9a3dcd4add9521adb805be1cd6 - - default default] Unable to schedule network d14d59ba-d9f0-446c-b406-8a6f388e7fa7: no agents available; will retry on subsequent port and subnet creation events.
2026-07-02 06:20:14.436 9 INFO neutron.db.ovn_revision_numbers_db [None req-902ca5a3-0dcd-44e0-aa42-7d850841d516 44f9fc947be441caab831b744dde8ad6 431f6c9a3dcd4add9521adb805be1cd6 - - default default] Successfully bumped revision number for resource 259ce432-2c05-425d-a49d-977732d06b88 (type: security_groups) to 1
2026-07-02 06:20:14.479 9 INFO neutron.db.ovn_revision_numbers_db [None req-902ca5a3-0dcd-44e0-aa42-7d850841d516 44f9fc947be441caab831b744dde8ad6 431f6c9a3dcd4add9521adb805be1cd6 - - default default] Successfully bumped revision number for resource 6462e8cf-265e-400d-8783-47392426c54f (type: security_group_rules) to 0
2026-07-02 06:20:14.528 9 INFO neutron.db.ovn_revision_numbers_db [None req-902ca5a3-0dcd-44e0-aa42-7d850841d516 44f9fc947be441caab831b744dde8ad6 431f6c9a3dcd4add9521adb805be1cd6 - - default default] Successfully bumped revision number for resource 89620271-0563-489d-8661-f74ecf3420f6 (type: security_group_rules) to 0
2026-07-02 06:20:14.589 9 INFO neutron.db.ovn_revision_numbers_db [None req-902ca5a3-0dcd-44e0-aa42-7d850841d516 44f9fc947be441caab831b744dde8ad6 431f6c9a3dcd4add9521adb805be1cd6 - - default default] Successfully bumped revision number for resource 98a378bc-cc07-4802-82e1-925b1a333645 (type: security_group_rules) to 0
2026-07-02 06:20:14.593 9 INFO neutron.db.ovn_revision_numbers_db [None req-44359e35-ad7b-40db-8790-af1feba97501 44f9fc947be441caab831b744dde8ad6 431f6c9a3dcd4add9521adb805be1cd6 - - default default] Successfully bumped revision number for resource 8afaf5de-9918-40d9-9ae5-31901cbdb306 (type: ports) to 1
2026-07-02 06:20:14.645 9 INFO neutron.db.ovn_revision_numbers_db [None req-902ca5a3-0dcd-44e0-aa42-7d850841d516 44f9fc947be441caab831b744dde8ad6 431f6c9a3dcd4add9521adb805be1cd6 - - default default] Successfully bumped revision number for resource bb28aa8b-8b14-423c-9774-9047aa739e7b (type: security_group_rules) to 0
2026-07-02 06:20:14.664 9 INFO neutron.db.ovn_revision_numbers_db [None req-d3e58004-f11d-43a1-9798-4df2b9b02531 - - - - - -] Successfully bumped revision number for resource a0872d75-9d99-4a82-81cd-27fc890e7158 (type: ports) to 4
2026-07-02 06:20:14.696 9 INFO neutron.plugins.ml2.drivers.ovn.mech_driver.mech_driver [None req-474cecf2-bd82-41f3-916e-ad8bc4a73b8f - - - - - -] OVN reports status up for port: dd9682ee-6422-4a87-8f74-a71068fb7d5a
2026-07-02 06:20:14.706 9 INFO neutron.wsgi [None req-902ca5a3-0dcd-44e0-aa42-7d850841d516 44f9fc947be441caab831b744dde8ad6 431f6c9a3dcd4add9521adb805be1cd6 - - default default] 10.0.0.113 "GET /v2.0/security-groups?tenant_id=cb21e61051f54f19b21619eefc41ded4&name=default HTTP/1.1" status: 200 len: 2996 time: 0.5329506
2026-07-02 06:20:14.779 9 INFO neutron.db.ovn_revision_numbers_db [None req-9407a084-9331-4356-bf1d-b54ad2deaa78 44f9fc947be441caab831b744dde8ad6 431f6c9a3dcd4add9521adb805be1cd6 - - default default] Successfully bumped revision number for resource 6f5bd147-3b16-4143-9c40-da834a92c0ff (type: security_groups) to 1
2026-07-02 06:20:14.825 9 INFO neutron.db.ovn_revision_numbers_db [None req-9407a084-9331-4356-bf1d-b54ad2deaa78 44f9fc947be441caab831b744dde8ad6 431f6c9a3dcd4add9521adb805be1cd6 - - default default] Successfully bumped revision number for resource 1374388e-41c0-4f6e-b441-24d86e90ff7a (type: security_group_rules) to 0
2026-07-02 06:20:14.828 9 INFO neutron.plugins.ml2.plugin [None req-474cecf2-bd82-41f3-916e-ad8bc4a73b8f - - - - - -] Attempt 1 to provision port dd9682ee-6422-4a87-8f74-a71068fb7d5a
2026-07-02 06:20:14.895 9 INFO neutron.db.ovn_revision_numbers_db [None req-9407a084-9331-4356-bf1d-b54ad2deaa78 44f9fc947be441caab831b744dde8ad6 431f6c9a3dcd4add9521adb805be1cd6 - - default default] Successfully bumped revision number for resource 9cef3421-562a-431c-9986-83c5e8bdfd32 (type: security_group_rules) to 0
2026-07-02 06:20:14.927 10 WARNING neutron.scheduler.dhcp_agent_scheduler [None req-91e274f3-b8bd-4a53-b694-56414c1edf22 b582fc2e75f94459906dffb5e8a94c0f effe0de92263445882ef221ade172aba - - default default] No more DHCP agents
2026-07-02 06:20:14.929 10 WARNING neutron.api.rpc.agentnotifiers.dhcp_rpc_agent_api [None req-91e274f3-b8bd-4a53-b694-56414c1edf22 b582fc2e75f94459906dffb5e8a94c0f effe0de92263445882ef221ade172aba - - default default] Unable to schedule network dc63388d-2470-4da2-b959-c9f1abc8d29b: no agents available; will retry on subsequent port and subnet creation events.
2026-07-02 06:20:14.938 9 INFO neutron.db.ovn_revision_numbers_db [None req-9407a084-9331-4356-bf1d-b54ad2deaa78 44f9fc947be441caab831b744dde8ad6 431f6c9a3dcd4add9521adb805be1cd6 - - default default] Successfully bumped revision number for resource bf81a4bd-5e49-49aa-80db-02fb6d116170 (type: security_group_rules) to 0
2026-07-02 06:20:14.989 9 INFO neutron.db.ovn_revision_numbers_db [None req-9407a084-9331-4356-bf1d-b54ad2deaa78 44f9fc947be441caab831b744dde8ad6 431f6c9a3dcd4add9521adb805be1cd6 - - default default] Successfully bumped revision number for resource fa26a1fd-d587-4c66-b8f1-f53327f9215c (type: security_group_rules) to 0
2026-07-02 06:20:15.049 9 INFO neutron.wsgi [None req-9407a084-9331-4356-bf1d-b54ad2deaa78 44f9fc947be441caab831b744dde8ad6 431f6c9a3dcd4add9521adb805be1cd6 - - default default] 10.0.0.113 "GET /v2.0/security-groups?tenant_id=9d36cda765d04f0195b4cb9966a5be65&name=default HTTP/1.1" status: 200 len: 2996 time: 0.8888273
2026-07-02 06:20:15.097 10 INFO neutron.db.ovn_revision_numbers_db [None req-91e274f3-b8bd-4a53-b694-56414c1edf22 b582fc2e75f94459906dffb5e8a94c0f effe0de92263445882ef221ade172aba - - default default] Successfully bumped revision number for resource 5934728a-d4b9-4341-9926-e696ace5d223 (type: ports) to 1
2026-07-02 06:20:15.137 9 INFO neutron.db.ovn_revision_numbers_db [None req-d3e58004-f11d-43a1-9798-4df2b9b02531 - - - - - -] Successfully bumped revision number for resource a0872d75-9d99-4a82-81cd-27fc890e7158 (type: router_ports) to 4
2026-07-02 06:20:15.205 9 INFO neutron.plugins.ml2.drivers.ovn.mech_driver.ovsdb.ovsdb_monitor [None req-d3e58004-f11d-43a1-9798-4df2b9b02531 - - - - - -] Router 94d02605-63a1-4018-bcfc-a45ed6b4ccb7 is bound to host instance
2026-07-02 06:20:15.335 10 INFO neutron.wsgi [None req-c90e059c-05c4-45d8-acde-c093fc0e1b6a 44f9fc947be441caab831b744dde8ad6 431f6c9a3dcd4add9521adb805be1cd6 - - default default] 10.0.0.113 "DELETE /v2.0/security-groups/6f5bd147-3b16-4143-9c40-da834a92c0ff HTTP/1.1" status: 204 len: 168 time: 0.2658668
2026-07-02 06:20:15.623 9 INFO neutron.wsgi [None req-cd6b014c-67d2-4870-8110-7ad62d08dcef 44f9fc947be441caab831b744dde8ad6 431f6c9a3dcd4add9521adb805be1cd6 - - default default] 10.0.0.113 "DELETE /v2.0/security-groups/259ce432-2c05-425d-a49d-977732d06b88 HTTP/1.1" status: 204 len: 168 time: 0.9085989
2026-07-02 06:20:15.677 10 INFO neutron.db.ovn_revision_numbers_db [None req-91e274f3-b8bd-4a53-b694-56414c1edf22 b582fc2e75f94459906dffb5e8a94c0f effe0de92263445882ef221ade172aba - - default default] Successfully bumped revision number for resource 5934728a-d4b9-4341-9926-e696ace5d223 (type: router_ports) to 1
2026-07-02 06:20:15.740 9 INFO neutron.db.ovn_revision_numbers_db [None req-44359e35-ad7b-40db-8790-af1feba97501 44f9fc947be441caab831b744dde8ad6 431f6c9a3dcd4add9521adb805be1cd6 - - default default] Successfully bumped revision number for resource 8afaf5de-9918-40d9-9ae5-31901cbdb306 (type: router_ports) to 1
2026-07-02 06:20:15.846 10 INFO neutron.db.ovn_revision_numbers_db [None req-91e274f3-b8bd-4a53-b694-56414c1edf22 b582fc2e75f94459906dffb5e8a94c0f effe0de92263445882ef221ade172aba - - default default] Successfully bumped revision number for resource 5934728a-d4b9-4341-9926-e696ace5d223 (type: ports) to 1
2026-07-02 06:20:15.950 10 WARNING neutron.scheduler.dhcp_agent_scheduler [None req-91e274f3-b8bd-4a53-b694-56414c1edf22 b582fc2e75f94459906dffb5e8a94c0f effe0de92263445882ef221ade172aba - - default default] No more DHCP agents
2026-07-02 06:20:15.951 10 WARNING neutron.api.rpc.agentnotifiers.dhcp_rpc_agent_api [None req-91e274f3-b8bd-4a53-b694-56414c1edf22 b582fc2e75f94459906dffb5e8a94c0f effe0de92263445882ef221ade172aba - - default default] Unable to schedule network dc63388d-2470-4da2-b959-c9f1abc8d29b: no agents available; will retry on subsequent port and subnet creation events.
2026-07-02 06:20:15.958 9 INFO neutron.db.ovn_revision_numbers_db [None req-44359e35-ad7b-40db-8790-af1feba97501 44f9fc947be441caab831b744dde8ad6 431f6c9a3dcd4add9521adb805be1cd6 - - default default] Successfully bumped revision number for resource 8afaf5de-9918-40d9-9ae5-31901cbdb306 (type: ports) to 1
2026-07-02 06:20:16.055 9 WARNING neutron.scheduler.dhcp_agent_scheduler [None req-44359e35-ad7b-40db-8790-af1feba97501 44f9fc947be441caab831b744dde8ad6 431f6c9a3dcd4add9521adb805be1cd6 - - default default] No more DHCP agents
2026-07-02 06:20:16.057 9 WARNING neutron.api.rpc.agentnotifiers.dhcp_rpc_agent_api [None req-44359e35-ad7b-40db-8790-af1feba97501 44f9fc947be441caab831b744dde8ad6 431f6c9a3dcd4add9521adb805be1cd6 - - default default] Unable to schedule network d14d59ba-d9f0-446c-b406-8a6f388e7fa7: no agents available; will retry on subsequent port and subnet creation events.
2026-07-02 06:20:16.231 10 INFO neutron.db.ovn_revision_numbers_db [None req-91e274f3-b8bd-4a53-b694-56414c1edf22 b582fc2e75f94459906dffb5e8a94c0f effe0de92263445882ef221ade172aba - - default default] Successfully bumped revision number for resource 5934728a-d4b9-4341-9926-e696ace5d223 (type: router_ports) to 1
2026-07-02 06:20:16.234 10 INFO neutron.wsgi [None req-91e274f3-b8bd-4a53-b694-56414c1edf22 b582fc2e75f94459906dffb5e8a94c0f effe0de92263445882ef221ade172aba - - default default] 10.0.0.113 "PUT /v2.0/routers/e7441f75-d95c-4a24-8843-3438f63919eb/add_router_interface HTTP/1.1" status: 200 len: 503 time: 2.1344016
2026-07-02 06:20:16.246 9 INFO neutron.db.ovn_revision_numbers_db [None req-d3e58004-f11d-43a1-9798-4df2b9b02531 - - - - - -] Successfully bumped revision number for resource dd9682ee-6422-4a87-8f74-a71068fb7d5a (type: ports) to 1
2026-07-02 06:20:16.649 9 INFO neutron.db.ovn_revision_numbers_db [None req-d3e58004-f11d-43a1-9798-4df2b9b02531 - - - - - -] Successfully bumped revision number for resource dd9682ee-6422-4a87-8f74-a71068fb7d5a (type: router_ports) to 3
2026-07-02 06:20:16.777 9 INFO neutron.db.ovn_revision_numbers_db [None req-44359e35-ad7b-40db-8790-af1feba97501 44f9fc947be441caab831b744dde8ad6 431f6c9a3dcd4add9521adb805be1cd6 - - default default] Successfully bumped revision number for resource 8afaf5de-9918-40d9-9ae5-31901cbdb306 (type: router_ports) to 1
2026-07-02 06:20:16.779 9 INFO neutron.wsgi [None req-44359e35-ad7b-40db-8790-af1feba97501 44f9fc947be441caab831b744dde8ad6 431f6c9a3dcd4add9521adb805be1cd6 - - default default] 10.0.0.113 "PUT /v2.0/routers/94d02605-63a1-4018-bcfc-a45ed6b4ccb7/add_router_interface HTTP/1.1" status: 200 len: 503 time: 3.6102288
2026-07-02 06:20:16.857 10 WARNING neutron.scheduler.dhcp_agent_scheduler [None req-215f1c5d-2efd-4267-bfe0-5281239b24bf b582fc2e75f94459906dffb5e8a94c0f effe0de92263445882ef221ade172aba - - default default] No more DHCP agents
2026-07-02 06:20:16.860 10 WARNING neutron.api.rpc.agentnotifiers.dhcp_rpc_agent_api [None req-215f1c5d-2efd-4267-bfe0-5281239b24bf b582fc2e75f94459906dffb5e8a94c0f effe0de92263445882ef221ade172aba - - default default] Unable to schedule network 899ed298-f96a-4512-a5f5-67879f411077: no agents available; will retry on subsequent port and subnet creation events.
2026-07-02 06:20:16.875 9 INFO neutron.db.ovn_revision_numbers_db [None req-d3e58004-f11d-43a1-9798-4df2b9b02531 - - - - - -] Successfully bumped revision number for resource dd9682ee-6422-4a87-8f74-a71068fb7d5a (type: ports) to 2
2026-07-02 06:20:17.083 10 INFO neutron.db.ovn_revision_numbers_db [None req-215f1c5d-2efd-4267-bfe0-5281239b24bf b582fc2e75f94459906dffb5e8a94c0f effe0de92263445882ef221ade172aba - - default default] Successfully bumped revision number for resource ce76c980-6344-4dcd-a066-6a31f8441a7d (type: ports) to 1
2026-07-02 06:20:17.145 9 INFO neutron.db.ovn_revision_numbers_db [None req-d3e58004-f11d-43a1-9798-4df2b9b02531 - - - - - -] Successfully bumped revision number for resource dd9682ee-6422-4a87-8f74-a71068fb7d5a (type: ports) to 4
2026-07-02 06:20:17.596 9 INFO neutron.db.ovn_revision_numbers_db [None req-d3e58004-f11d-43a1-9798-4df2b9b02531 - - - - - -] Successfully bumped revision number for resource dd9682ee-6422-4a87-8f74-a71068fb7d5a (type: router_ports) to 4
2026-07-02 06:20:17.724 10 INFO neutron.db.ovn_revision_numbers_db [None req-215f1c5d-2efd-4267-bfe0-5281239b24bf b582fc2e75f94459906dffb5e8a94c0f effe0de92263445882ef221ade172aba - - default default] Successfully bumped revision number for resource ce76c980-6344-4dcd-a066-6a31f8441a7d (type: router_ports) to 1
2026-07-02 06:20:17.872 9 INFO neutron.plugins.ml2.drivers.ovn.mech_driver.mech_driver [None req-474cecf2-bd82-41f3-916e-ad8bc4a73b8f - - - - - -] OVN reports status up for port: 8afaf5de-9918-40d9-9ae5-31901cbdb306
2026-07-02 06:20:17.880 9 INFO neutron.plugins.ml2.plugin [None req-474cecf2-bd82-41f3-916e-ad8bc4a73b8f - - - - - -] Attempt 1 to provision port 8afaf5de-9918-40d9-9ae5-31901cbdb306
2026-07-02 06:20:17.886 10 INFO neutron.db.ovn_revision_numbers_db [None req-215f1c5d-2efd-4267-bfe0-5281239b24bf b582fc2e75f94459906dffb5e8a94c0f effe0de92263445882ef221ade172aba - - default default] Successfully bumped revision number for resource ce76c980-6344-4dcd-a066-6a31f8441a7d (type: ports) to 1
2026-07-02 06:20:17.963 10 WARNING neutron.scheduler.dhcp_agent_scheduler [None req-215f1c5d-2efd-4267-bfe0-5281239b24bf b582fc2e75f94459906dffb5e8a94c0f effe0de92263445882ef221ade172aba - - default default] No more DHCP agents
2026-07-02 06:20:17.964 10 WARNING neutron.api.rpc.agentnotifiers.dhcp_rpc_agent_api [None req-215f1c5d-2efd-4267-bfe0-5281239b24bf b582fc2e75f94459906dffb5e8a94c0f effe0de92263445882ef221ade172aba - - default default] Unable to schedule network 899ed298-f96a-4512-a5f5-67879f411077: no agents available; will retry on subsequent port and subnet creation events.
2026-07-02 06:20:18.162 9 INFO neutron.db.ovn_revision_numbers_db [None req-474cecf2-bd82-41f3-916e-ad8bc4a73b8f - - - - - -] Successfully bumped revision number for resource 8afaf5de-9918-40d9-9ae5-31901cbdb306 (type: ports) to 2
2026-07-02 06:20:18.248 9 INFO neutron.db.ovn_revision_numbers_db [None req-474cecf2-bd82-41f3-916e-ad8bc4a73b8f - - - - - -] Successfully bumped revision number for resource 8afaf5de-9918-40d9-9ae5-31901cbdb306 (type: router_ports) to 2
2026-07-02 06:20:18.350 10 WARNING neutron.plugins.ml2.drivers.ovn.mech_driver.ovsdb.ovn_client [None req-f958670b-66e1-475f-b8d2-1c6e6d4a10aa - - - - - -] No hosting information found for port c13a7010-2fa1-4384-a2a6-0ece6635b193: RuntimeError: No hosting information found for port c13a7010-2fa1-4384-a2a6-0ece6635b193
2026-07-02 06:20:18.351 10 INFO neutron.plugins.ml2.drivers.ovn.mech_driver.mech_driver [None req-f958670b-66e1-475f-b8d2-1c6e6d4a10aa - - - - - -] OVN reports status up for port: 5934728a-d4b9-4341-9926-e696ace5d223
2026-07-02 06:20:18.366 10 INFO neutron.plugins.ml2.plugin [None req-f958670b-66e1-475f-b8d2-1c6e6d4a10aa - - - - - -] Attempt 1 to provision port 5934728a-d4b9-4341-9926-e696ace5d223
2026-07-02 06:20:18.676 10 INFO neutron.db.ovn_revision_numbers_db [None req-215f1c5d-2efd-4267-bfe0-5281239b24bf b582fc2e75f94459906dffb5e8a94c0f effe0de92263445882ef221ade172aba - - default default] Successfully bumped revision number for resource ce76c980-6344-4dcd-a066-6a31f8441a7d (type: router_ports) to 1
2026-07-02 06:20:18.679 10 INFO neutron.wsgi [None req-215f1c5d-2efd-4267-bfe0-5281239b24bf b582fc2e75f94459906dffb5e8a94c0f effe0de92263445882ef221ade172aba - - default default] 10.0.0.113 "PUT /v2.0/routers/e7441f75-d95c-4a24-8843-3438f63919eb/add_router_interface HTTP/1.1" status: 200 len: 503 time: 2.4389343
2026-07-02 06:20:18.736 10 INFO neutron.db.ovn_revision_numbers_db [None req-f958670b-66e1-475f-b8d2-1c6e6d4a10aa - - - - - -] Successfully bumped revision number for resource 5934728a-d4b9-4341-9926-e696ace5d223 (type: ports) to 2
2026-07-02 06:20:18.751 9 WARNING neutron_lib.context [None req-81ab3255-ee6a-4ef9-840b-d4df6a8b23ce b582fc2e75f94459906dffb5e8a94c0f effe0de92263445882ef221ade172aba - - default default] Method 'is_advsvc' is deprecated since 2023.2 release (neutron-lib 3.8.0) and will be removed once support for the old RBAC API policies will be removed from Neutron. Please use method 'is_service_role' instead.
2026-07-02 06:20:18.877 10 INFO neutron.db.ovn_revision_numbers_db [None req-f958670b-66e1-475f-b8d2-1c6e6d4a10aa - - - - - -] Successfully bumped revision number for resource 5934728a-d4b9-4341-9926-e696ace5d223 (type: router_ports) to 2
2026-07-02 06:20:18.911 9 INFO neutron.db.ovn_revision_numbers_db [None req-81ab3255-ee6a-4ef9-840b-d4df6a8b23ce b582fc2e75f94459906dffb5e8a94c0f effe0de92263445882ef221ade172aba - - default default] Successfully bumped revision number for resource 1ec4160f-6285-4572-bc8b-06d851fc68a2 (type: security_groups) to 1
2026-07-02 06:20:18.927 9 INFO neutron.db.ovn_revision_numbers_db [None req-81ab3255-ee6a-4ef9-840b-d4df6a8b23ce b582fc2e75f94459906dffb5e8a94c0f effe0de92263445882ef221ade172aba - - default default] Successfully bumped revision number for resource 0f7d59a5-bd6a-4be4-a944-719aed1e9c9f (type: security_group_rules) to 0
2026-07-02 06:20:18.940 9 INFO neutron.db.ovn_revision_numbers_db [None req-81ab3255-ee6a-4ef9-840b-d4df6a8b23ce b582fc2e75f94459906dffb5e8a94c0f effe0de92263445882ef221ade172aba - - default default] Successfully bumped revision number for resource 11787728-1946-4b0b-84a9-591f57bd8f54 (type: security_group_rules) to 0
2026-07-02 06:20:18.968 9 INFO neutron.wsgi [None req-81ab3255-ee6a-4ef9-840b-d4df6a8b23ce b582fc2e75f94459906dffb5e8a94c0f effe0de92263445882ef221ade172aba - - default default] 10.0.0.113 "POST /v2.0/security-groups HTTP/1.1" status: 201 len: 1763 time: 0.2229621
2026-07-02 06:20:18.981 10 WARNING neutron_lib.context [None req-fc6accf7-63e6-4361-a2b9-8e96c19ce7e1 b582fc2e75f94459906dffb5e8a94c0f effe0de92263445882ef221ade172aba - - default default] Method 'is_advsvc' is deprecated since 2023.2 release (neutron-lib 3.8.0) and will be removed once support for the old RBAC API policies will be removed from Neutron. Please use method 'is_service_role' instead.
2026-07-02 06:20:19.098 9 WARNING neutron_lib.context [None req-b99d1e98-a657-484f-8bd9-46baae1f3112 74bebf2c2d31489c82b92276632e899b 9f868ce19392411abb843a8ed2037fa7 - - default default] Method 'is_advsvc' is deprecated since 2023.2 release (neutron-lib 3.8.0) and will be removed once support for the old RBAC API policies will be removed from Neutron. Please use method 'is_service_role' instead.
2026-07-02 06:20:19.138 10 INFO neutron.db.ovn_revision_numbers_db [None req-fc6accf7-63e6-4361-a2b9-8e96c19ce7e1 b582fc2e75f94459906dffb5e8a94c0f effe0de92263445882ef221ade172aba - - default default] Successfully bumped revision number for resource a7286245-7a34-4bd7-8cbe-b9034f3312be (type: security_group_rules) to 0
2026-07-02 06:20:19.165 10 INFO neutron.wsgi [None req-fc6accf7-63e6-4361-a2b9-8e96c19ce7e1 b582fc2e75f94459906dffb5e8a94c0f effe0de92263445882ef221ade172aba - - default default] 10.0.0.113 "POST /v2.0/security-group-rules HTTP/1.1" status: 201 len: 764 time: 0.1906464
2026-07-02 06:20:19.175 10 WARNING neutron_lib.context [None req-9fce69ae-ac68-451b-af99-97c458ff9648 b582fc2e75f94459906dffb5e8a94c0f effe0de92263445882ef221ade172aba - - default default] Method 'is_advsvc' is deprecated since 2023.2 release (neutron-lib 3.8.0) and will be removed once support for the old RBAC API policies will be removed from Neutron. Please use method 'is_service_role' instead.
2026-07-02 06:20:19.314 9 INFO neutron.db.ovn_revision_numbers_db [None req-b99d1e98-a657-484f-8bd9-46baae1f3112 74bebf2c2d31489c82b92276632e899b 9f868ce19392411abb843a8ed2037fa7 - - default default] Successfully bumped revision number for resource 44f91a63-cc29-45d9-913f-17051730962b (type: routers) to 1
2026-07-02 06:20:19.325 10 INFO neutron.db.ovn_revision_numbers_db [None req-9fce69ae-ac68-451b-af99-97c458ff9648 b582fc2e75f94459906dffb5e8a94c0f effe0de92263445882ef221ade172aba - - default default] Successfully bumped revision number for resource d040e01d-2d03-4fcf-bb7d-cf71171a0cbb (type: security_group_rules) to 0
2026-07-02 06:20:19.354 9 INFO neutron.wsgi [None req-b99d1e98-a657-484f-8bd9-46baae1f3112 74bebf2c2d31489c82b92276632e899b 9f868ce19392411abb843a8ed2037fa7 - - default default] 10.0.0.113 "POST /v2.0/routers HTTP/1.1" status: 201 len: 654 time: 0.3509529
2026-07-02 06:20:19.355 10 INFO neutron.wsgi [None req-9fce69ae-ac68-451b-af99-97c458ff9648 b582fc2e75f94459906dffb5e8a94c0f effe0de92263445882ef221ade172aba - - default default] 10.0.0.113 "POST /v2.0/security-group-rules HTTP/1.1" status: 201 len: 764 time: 0.1860306
2026-07-02 06:20:19.369 9 WARNING neutron_lib.context [None req-25740e11-f8a8-494f-a9b6-1502c85ed6d4 b582fc2e75f94459906dffb5e8a94c0f effe0de92263445882ef221ade172aba - - default default] Method 'is_advsvc' is deprecated since 2023.2 release (neutron-lib 3.8.0) and will be removed once support for the old RBAC API policies will be removed from Neutron. Please use method 'is_service_role' instead.
2026-07-02 06:20:19.410 9 INFO neutron.wsgi [req-cd625bed-7b19-456e-8989-112043caff8d req-55b8cb68-0682-49b2-807e-b19e57fe5527 6cc44fb6b8134b10ae08b534fc0f2e45 37cce26ecd2a46acb44141b14316a756 - - default default] 10.0.0.239 "GET /v2.0/networks?id=d14d59ba-d9f0-446c-b406-8a6f388e7fa7 HTTP/1.1" status: 200 len: 871 time: 0.1593237
2026-07-02 06:20:19.427 10 INFO neutron.wsgi [None req-d79ff873-37a1-48d1-8928-e566d201cad4 74bebf2c2d31489c82b92276632e899b 9f868ce19392411abb843a8ed2037fa7 - - default default] 10.0.0.113 "PUT /v2.0/routers/44f91a63-cc29-45d9-913f-17051730962b/tags HTTP/1.1" status: 200 len: 218 time: 0.0653000
2026-07-02 06:20:19.428 9 INFO neutron.wsgi [req-cd625bed-7b19-456e-8989-112043caff8d req-ecda50b4-ab95-4bee-be8d-f970d8d2ad7f 6cc44fb6b8134b10ae08b534fc0f2e45 37cce26ecd2a46acb44141b14316a756 - - default default] 10.0.0.239 "GET /v2.0/quotas/37cce26ecd2a46acb44141b14316a756 HTTP/1.1" status: 200 len: 386 time: 0.0127969
2026-07-02 06:20:19.486 10 INFO neutron.wsgi [None req-d4ee658b-2cfe-46b9-9d62-f12520da53f7 74bebf2c2d31489c82b92276632e899b 9f868ce19392411abb843a8ed2037fa7 - - default default] 10.0.0.113 "GET /v2.0/routers/44f91a63-cc29-45d9-913f-17051730962b/tags HTTP/1.1" status: 200 len: 218 time: 0.0541208
2026-07-02 06:20:19.549 9 INFO neutron.wsgi [req-cd625bed-7b19-456e-8989-112043caff8d req-9a817bdf-fbb9-46d2-a5d4-8f9c8d19be77 6cc44fb6b8134b10ae08b534fc0f2e45 37cce26ecd2a46acb44141b14316a756 - - default default] 10.0.0.239 "GET /v2.0/ports?tenant_id=37cce26ecd2a46acb44141b14316a756&fields=id HTTP/1.1" status: 200 len: 302 time: 0.1136715
2026-07-02 06:20:19.556 10 INFO neutron.wsgi [None req-f8096963-4dc1-4881-8a7a-d22f69041d99 74bebf2c2d31489c82b92276632e899b 9f868ce19392411abb843a8ed2037fa7 - - default default] 10.0.0.113 "PUT /v2.0/routers/44f91a63-cc29-45d9-913f-17051730962b/tags/green HTTP/1.1" status: 201 len: 201 time: 0.0647848
2026-07-02 06:20:19.582 9 INFO neutron.db.ovn_revision_numbers_db [None req-25740e11-f8a8-494f-a9b6-1502c85ed6d4 b582fc2e75f94459906dffb5e8a94c0f effe0de92263445882ef221ade172aba - - default default] Successfully bumped revision number for resource 85e75f2d-f75d-42b4-a2e6-1dd1b75b5f0f (type: security_group_rules) to 0
2026-07-02 06:20:19.611 10 INFO neutron.wsgi [None req-5c14eca5-bb4c-42e0-9d38-0b58ffbfef14 74bebf2c2d31489c82b92276632e899b 9f868ce19392411abb843a8ed2037fa7 - - default default] 10.0.0.113 "GET /v2.0/routers/44f91a63-cc29-45d9-913f-17051730962b/tags HTTP/1.1" status: 200 len: 227 time: 0.0504048
2026-07-02 06:20:19.619 9 INFO neutron.wsgi [req-cd625bed-7b19-456e-8989-112043caff8d req-d3d4e599-4361-47d4-b542-d9e2e288a27c 36cb207628f24e0bb91735a54da13e4f 9bbd05abb27045078316e40e7d0fef1e - - d806d7c638f94797abab49074542b48d d806d7c638f94797abab49074542b48d] 10.0.0.239 "GET /v2.0/networks/d14d59ba-d9f0-446c-b406-8a6f388e7fa7?fields=segments HTTP/1.1" status: 200 len: 212 time: 0.0593340
2026-07-02 06:20:19.622 9 INFO neutron.wsgi [None req-25740e11-f8a8-494f-a9b6-1502c85ed6d4 b582fc2e75f94459906dffb5e8a94c0f effe0de92263445882ef221ade172aba - - default default] 10.0.0.113 "POST /v2.0/security-group-rules HTTP/1.1" status: 201 len: 766 time: 0.2626951
2026-07-02 06:20:19.630 9 WARNING neutron_lib.context [None req-91948298-4572-4298-906d-0de53c673b91 b582fc2e75f94459906dffb5e8a94c0f effe0de92263445882ef221ade172aba - - default default] Method 'is_advsvc' is deprecated since 2023.2 release (neutron-lib 3.8.0) and will be removed once support for the old RBAC API policies will be removed from Neutron. Please use method 'is_service_role' instead.
2026-07-02 06:20:19.671 10 INFO neutron.wsgi [None req-e6632c3a-e723-45e8-a5ca-ae074773a5ad 74bebf2c2d31489c82b92276632e899b 9f868ce19392411abb843a8ed2037fa7 - - default default] 10.0.0.113 "PUT /v2.0/routers/44f91a63-cc29-45d9-913f-17051730962b/tags/red HTTP/1.1" status: 201 len: 201 time: 0.0543282
2026-07-02 06:20:19.700 9 INFO neutron.wsgi [req-cd625bed-7b19-456e-8989-112043caff8d req-117d9f6d-52c1-4f5e-ac1c-966c8bb58777 36cb207628f24e0bb91735a54da13e4f 9bbd05abb27045078316e40e7d0fef1e - - d806d7c638f94797abab49074542b48d d806d7c638f94797abab49074542b48d] 10.0.0.239 "GET /v2.0/networks/d14d59ba-d9f0-446c-b406-8a6f388e7fa7?fields=provider%3Aphysical_network&fields=provider%3Anetwork_type HTTP/1.1" status: 200 len: 277 time: 0.0737395
2026-07-02 06:20:19.727 10 INFO neutron.wsgi [None req-577f7ebd-04c3-4247-bbc5-c25ab4138081 74bebf2c2d31489c82b92276632e899b 9f868ce19392411abb843a8ed2037fa7 - - default default] 10.0.0.113 "GET /v2.0/routers/44f91a63-cc29-45d9-913f-17051730962b/tags HTTP/1.1" status: 200 len: 227 time: 0.0516031
2026-07-02 06:20:19.810 9 INFO neutron.wsgi [None req-6a014220-68f1-4557-9913-71063cc38258 74bebf2c2d31489c82b92276632e899b 9f868ce19392411abb843a8ed2037fa7 - - default default] 10.0.0.113 "PUT /v2.0/routers/44f91a63-cc29-45d9-913f-17051730962b/tags/black.or.white HTTP/1.1" status: 201 len: 201 time: 0.0776410
2026-07-02 06:20:19.828 9 INFO neutron.db.ovn_revision_numbers_db [None req-91948298-4572-4298-906d-0de53c673b91 b582fc2e75f94459906dffb5e8a94c0f effe0de92263445882ef221ade172aba - - default default] Successfully bumped revision number for resource 1d6186c1-370d-4685-9748-e016488f0295 (type: security_group_rules) to 0
2026-07-02 06:20:19.882 9 INFO neutron.wsgi [req-803ee683-c3ba-40db-97e6-93c2f1ba4d2d req-c0993d65-fb2e-496e-b586-2d887e26e4c9 6cc44fb6b8134b10ae08b534fc0f2e45 37cce26ecd2a46acb44141b14316a756 - - default default] 10.0.0.239 "GET /v2.0/ports?device_id=4b9d8c4e-ffc7-46e9-8027-bc2a34f9cb8b HTTP/1.1" status: 200 len: 210 time: 0.0384862
2026-07-02 06:20:19.885 9 INFO neutron.wsgi [None req-2ecfc1eb-a9d7-4697-a4c0-411d9e303c90 74bebf2c2d31489c82b92276632e899b 9f868ce19392411abb843a8ed2037fa7 - - default default] 10.0.0.113 "GET /v2.0/routers/44f91a63-cc29-45d9-913f-17051730962b/tags HTTP/1.1" status: 200 len: 245 time: 0.0691152
2026-07-02 06:20:19.893 9 INFO neutron.wsgi [None req-91948298-4572-4298-906d-0de53c673b91 b582fc2e75f94459906dffb5e8a94c0f effe0de92263445882ef221ade172aba - - default default] 10.0.0.113 "POST /v2.0/security-group-rules HTTP/1.1" status: 201 len: 768 time: 0.2667880
2026-07-02 06:20:19.905 10 WARNING neutron_lib.context [None req-2fb40d9b-14e5-4283-9f91-f523918a7900 b582fc2e75f94459906dffb5e8a94c0f effe0de92263445882ef221ade172aba - - default default] Method 'is_advsvc' is deprecated since 2023.2 release (neutron-lib 3.8.0) and will be removed once support for the old RBAC API policies will be removed from Neutron. Please use method 'is_service_role' instead.
2026-07-02 06:20:19.968 9 INFO neutron.wsgi [None req-534f7ea4-a7b1-4ee0-a476-694867133ab1 74bebf2c2d31489c82b92276632e899b 9f868ce19392411abb843a8ed2037fa7 - - default default] 10.0.0.113 "PUT /v2.0/routers/44f91a63-cc29-45d9-913f-17051730962b/tags HTTP/1.1" status: 200 len: 230 time: 0.0741878
2026-07-02 06:20:20.044 10 INFO neutron.wsgi [None req-d7c2e84c-8967-4d35-a810-9f1d9e31f7e1 74bebf2c2d31489c82b92276632e899b 9f868ce19392411abb843a8ed2037fa7 - - default default] 10.0.0.113 "GET /v2.0/routers/44f91a63-cc29-45d9-913f-17051730962b/tags HTTP/1.1" status: 200 len: 230 time: 0.0691032
2026-07-02 06:20:20.065 9 INFO neutron.wsgi [-] 10.0.0.111 "GET / HTTP/1.1" status: 200 len: 246 time: 0.0029259
2026-07-02 06:20:20.067 9 INFO neutron.wsgi [-] 10.0.0.111 "GET / HTTP/1.1" status: 200 len: 246 time: 0.0013874
2026-07-02 06:20:20.070 10 INFO neutron.db.ovn_revision_numbers_db [None req-2fb40d9b-14e5-4283-9f91-f523918a7900 b582fc2e75f94459906dffb5e8a94c0f effe0de92263445882ef221ade172aba - - default default] Successfully bumped revision number for resource a7e58503-7a82-4fbe-96ec-7cc0e74a0233 (type: security_group_rules) to 0
2026-07-02 06:20:20.096 10 INFO neutron.wsgi [None req-2fb40d9b-14e5-4283-9f91-f523918a7900 b582fc2e75f94459906dffb5e8a94c0f effe0de92263445882ef221ade172aba - - default default] 10.0.0.113 "POST /v2.0/security-group-rules HTTP/1.1" status: 201 len: 768 time: 0.1961858
2026-07-02 06:20:20.106 10 WARNING neutron_lib.context [None req-f440b278-b028-414c-a8bc-1009b0fe80af b582fc2e75f94459906dffb5e8a94c0f effe0de92263445882ef221ade172aba - - default default] Method 'is_advsvc' is deprecated since 2023.2 release (neutron-lib 3.8.0) and will be removed once support for the old RBAC API policies will be removed from Neutron. Please use method 'is_service_role' instead.
2026-07-02 06:20:20.108 9 INFO neutron.wsgi [None req-75b81482-009d-4f15-8a0f-aaa1c4c55988 74bebf2c2d31489c82b92276632e899b 9f868ce19392411abb843a8ed2037fa7 - - default default] 10.0.0.113 "GET /v2.0/routers/44f91a63-cc29-45d9-913f-17051730962b/tags/red HTTP/1.1" status: 204 len: 168 time: 0.0574925
2026-07-02 06:20:20.161 9 INFO neutron.api.v2.resource [None req-83895c0c-ec82-4cec-a9ca-f3851a7b9d88 74bebf2c2d31489c82b92276632e899b 9f868ce19392411abb843a8ed2037fa7 - - default default] show failed (client error): The resource could not be found.
2026-07-02 06:20:20.162 9 INFO neutron.wsgi [None req-83895c0c-ec82-4cec-a9ca-f3851a7b9d88 74bebf2c2d31489c82b92276632e899b 9f868ce19392411abb843a8ed2037fa7 - - default default] 10.0.0.113 "GET /v2.0/routers/44f91a63-cc29-45d9-913f-17051730962b/tags/green HTTP/1.1" status: 404 len: 299 time: 0.0480099
2026-07-02 06:20:20.239 10 INFO neutron.db.ovn_revision_numbers_db [None req-f440b278-b028-414c-a8bc-1009b0fe80af b582fc2e75f94459906dffb5e8a94c0f effe0de92263445882ef221ade172aba - - default default] Successfully bumped revision number for resource c047131b-6b51-4353-98f9-dbe5ff5939a1 (type: security_group_rules) to 0
2026-07-02 06:20:20.266 9 INFO neutron.wsgi [None req-ff4573c3-9d97-4259-a116-3c2587349cd1 74bebf2c2d31489c82b92276632e899b 9f868ce19392411abb843a8ed2037fa7 - - default default] 10.0.0.113 "DELETE /v2.0/routers/44f91a63-cc29-45d9-913f-17051730962b/tags/red HTTP/1.1" status: 204 len: 168 time: 0.0982296
2026-07-02 06:20:20.278 10 INFO neutron.wsgi [None req-f440b278-b028-414c-a8bc-1009b0fe80af b582fc2e75f94459906dffb5e8a94c0f effe0de92263445882ef221ade172aba - - default default] 10.0.0.113 "POST /v2.0/security-group-rules HTTP/1.1" status: 201 len: 764 time: 0.1759074
2026-07-02 06:20:20.288 10 WARNING neutron_lib.context [None req-243f67fa-ea89-452c-a725-103fbcef12c0 b582fc2e75f94459906dffb5e8a94c0f effe0de92263445882ef221ade172aba - - default default] Method 'is_advsvc' is deprecated since 2023.2 release (neutron-lib 3.8.0) and will be removed once support for the old RBAC API policies will be removed from Neutron. Please use method 'is_service_role' instead.
2026-07-02 06:20:20.355 10 INFO neutron.wsgi [None req-96d00212-1e6f-4c00-8174-7728961b7a9e 74bebf2c2d31489c82b92276632e899b 9f868ce19392411abb843a8ed2037fa7 - - default default] 10.0.0.113 "GET /v2.0/routers/44f91a63-cc29-45d9-913f-17051730962b/tags HTTP/1.1" status: 200 len: 223 time: 0.0814817
2026-07-02 06:20:20.449 10 INFO neutron.api.v2.resource [None req-b360b748-9d56-484f-a87c-36099a7d247f 74bebf2c2d31489c82b92276632e899b 9f868ce19392411abb843a8ed2037fa7 - - default default] delete failed (client error): The resource could not be found.
2026-07-02 06:20:20.451 10 INFO neutron.wsgi [None req-b360b748-9d56-484f-a87c-36099a7d247f 74bebf2c2d31489c82b92276632e899b 9f868ce19392411abb843a8ed2037fa7 - - default default] 10.0.0.113 "DELETE /v2.0/routers/44f91a63-cc29-45d9-913f-17051730962b/tags/green HTTP/1.1" status: 404 len: 299 time: 0.0879850
2026-07-02 06:20:20.532 10 INFO neutron.wsgi [None req-5d73f107-d428-4772-af5f-da90cdbc1b3d 74bebf2c2d31489c82b92276632e899b 9f868ce19392411abb843a8ed2037fa7 - - default default] 10.0.0.113 "DELETE /v2.0/routers/44f91a63-cc29-45d9-913f-17051730962b/tags HTTP/1.1" status: 204 len: 168 time: 0.0760653
2026-07-02 06:20:20.544 10 INFO neutron.db.ovn_revision_numbers_db [None req-243f67fa-ea89-452c-a725-103fbcef12c0 b582fc2e75f94459906dffb5e8a94c0f effe0de92263445882ef221ade172aba - - default default] Successfully bumped revision number for resource de001fd0-accd-4714-a1d5-e32a9f49ccca (type: security_group_rules) to 0
2026-07-02 06:20:20.594 10 INFO neutron.wsgi [None req-56a6b325-66c5-4b88-9fab-8be2c8592fed 74bebf2c2d31489c82b92276632e899b 9f868ce19392411abb843a8ed2037fa7 - - default default] 10.0.0.113 "GET /v2.0/routers/44f91a63-cc29-45d9-913f-17051730962b/tags HTTP/1.1" status: 200 len: 205 time: 0.0551469
2026-07-02 06:20:20.597 10 INFO neutron.wsgi [None req-243f67fa-ea89-452c-a725-103fbcef12c0 b582fc2e75f94459906dffb5e8a94c0f effe0de92263445882ef221ade172aba - - default default] 10.0.0.113 "POST /v2.0/security-group-rules HTTP/1.1" status: 201 len: 764 time: 0.3135695
2026-07-02 06:20:20.600 9 INFO neutron.wsgi [req-cd625bed-7b19-456e-8989-112043caff8d req-6033a804-11eb-4e94-b40c-38e9e0e0237f 6cc44fb6b8134b10ae08b534fc0f2e45 37cce26ecd2a46acb44141b14316a756 - - default default] 199.204.45.116 "GET /v2.0/networks?id=d14d59ba-d9f0-446c-b406-8a6f388e7fa7 HTTP/1.1" status: 200 len: 871 time: 0.0887637
2026-07-02 06:20:20.608 9 WARNING neutron_lib.context [None req-102f964b-1ae3-47d6-9b6f-8d007d461e85 b582fc2e75f94459906dffb5e8a94c0f effe0de92263445882ef221ade172aba - - default default] Method 'is_advsvc' is deprecated since 2023.2 release (neutron-lib 3.8.0) and will be removed once support for the old RBAC API policies will be removed from Neutron. Please use method 'is_service_role' instead.
2026-07-02 06:20:20.621 9 WARNING neutron_lib.context [req-cd625bed-7b19-456e-8989-112043caff8d req-bdb74c7c-1ca9-4b1f-86b1-618394cebf5b 6cc44fb6b8134b10ae08b534fc0f2e45 37cce26ecd2a46acb44141b14316a756 - - default default] Method 'is_advsvc' is deprecated since 2023.2 release (neutron-lib 3.8.0) and will be removed once support for the old RBAC API policies will be removed from Neutron. Please use method 'is_service_role' instead.
2026-07-02 06:20:20.654 10 INFO neutron.wsgi [None req-b98b0f87-0ab6-4aaf-b19e-2d5700e98d88 74bebf2c2d31489c82b92276632e899b 9f868ce19392411abb843a8ed2037fa7 - - default default] 10.0.0.113 "GET /v2.0/routers/44f91a63-cc29-45d9-913f-17051730962b HTTP/1.1" status: 200 len: 655 time: 0.0527518
2026-07-02 06:20:20.818 9 INFO neutron.db.ovn_revision_numbers_db [None req-102f964b-1ae3-47d6-9b6f-8d007d461e85 b582fc2e75f94459906dffb5e8a94c0f effe0de92263445882ef221ade172aba - - default default] Successfully bumped revision number for resource bcdfeb47-f920-46ce-9f03-acac568cf5e6 (type: security_group_rules) to 0
2026-07-02 06:20:20.862 9 INFO neutron.wsgi [None req-102f964b-1ae3-47d6-9b6f-8d007d461e85 b582fc2e75f94459906dffb5e8a94c0f effe0de92263445882ef221ade172aba - - default default] 10.0.0.113 "POST /v2.0/security-group-rules HTTP/1.1" status: 201 len: 764 time: 0.2589557
2026-07-02 06:20:20.874 9 WARNING neutron_lib.context [None req-aabfeebe-58b0-468b-8537-d16e7ee1be41 b582fc2e75f94459906dffb5e8a94c0f effe0de92263445882ef221ade172aba - - default default] Method 'is_advsvc' is deprecated since 2023.2 release (neutron-lib 3.8.0) and will be removed once support for the old RBAC API policies will be removed from Neutron. Please use method 'is_service_role' instead.
2026-07-02 06:20:21.204 9 INFO neutron.wsgi [req-1e9fec10-61f8-40af-b9ba-c4e619ee4bce req-320a60ca-91f0-48d9-9e3e-10051b31e234 6cc44fb6b8134b10ae08b534fc0f2e45 37cce26ecd2a46acb44141b14316a756 - - default default] 10.0.0.239 "GET /v2.0/ports?device_id=4b9d8c4e-ffc7-46e9-8027-bc2a34f9cb8b HTTP/1.1" status: 200 len: 210 time: 0.0382845
2026-07-02 06:20:21.357 9 WARNING neutron.scheduler.dhcp_agent_scheduler [req-cd625bed-7b19-456e-8989-112043caff8d req-bdb74c7c-1ca9-4b1f-86b1-618394cebf5b 6cc44fb6b8134b10ae08b534fc0f2e45 37cce26ecd2a46acb44141b14316a756 - - default default] No more DHCP agents
2026-07-02 06:20:21.363 9 INFO neutron.db.ovn_revision_numbers_db [None req-aabfeebe-58b0-468b-8537-d16e7ee1be41 b582fc2e75f94459906dffb5e8a94c0f effe0de92263445882ef221ade172aba - - default default] Successfully bumped revision number for resource bf76a3c3-570e-4248-a7b8-e3337e6efdda (type: security_group_rules) to 0 /var/lib/openstack/lib/python3.10/site-packages/pycadf/identifier.py:71: UserWarning: Invalid uuid: neutron. To ensure interoperability, identifiers should be a valid uuid. warnings.warn(('Invalid uuid: %s. To ensure interoperability, '
2026-07-02 06:20:21.372 9 WARNING neutron.api.rpc.agentnotifiers.dhcp_rpc_agent_api [req-cd625bed-7b19-456e-8989-112043caff8d req-bdb74c7c-1ca9-4b1f-86b1-618394cebf5b 6cc44fb6b8134b10ae08b534fc0f2e45 37cce26ecd2a46acb44141b14316a756 - - default default] Unable to schedule network d14d59ba-d9f0-446c-b406-8a6f388e7fa7: no agents available; will retry on subsequent port and subnet creation events.
2026-07-02 06:20:21.422 9 INFO neutron.wsgi [None req-aabfeebe-58b0-468b-8537-d16e7ee1be41 b582fc2e75f94459906dffb5e8a94c0f effe0de92263445882ef221ade172aba - - default default] 10.0.0.113 "POST /v2.0/security-group-rules HTTP/1.1" status: 201 len: 766 time: 0.5539875 /var/lib/openstack/lib/python3.10/site-packages/pycadf/identifier.py:71: UserWarning: Invalid uuid: neutron. To ensure interoperability, identifiers should be a valid uuid. warnings.warn(('Invalid uuid: %s. To ensure interoperability, '
2026-07-02 06:20:21.435 9 WARNING neutron_lib.context [None req-e9dd23d4-8bb5-42e0-9a58-482a25875d90 b582fc2e75f94459906dffb5e8a94c0f effe0de92263445882ef221ade172aba - - default default] Method 'is_advsvc' is deprecated since 2023.2 release (neutron-lib 3.8.0) and will be removed once support for the old RBAC API policies will be removed from Neutron. Please use method 'is_service_role' instead.
2026-07-02 06:20:21.439 10 INFO neutron.db.ovn_revision_numbers_db [None req-865fb7b5-74c0-491a-93ff-28fc818c488d 74bebf2c2d31489c82b92276632e899b 9f868ce19392411abb843a8ed2037fa7 - - default default] Successfully bumped revision number for resource 44f91a63-cc29-45d9-913f-17051730962b (type: routers) to 7
2026-07-02 06:20:21.443 10 INFO neutron.wsgi [None req-865fb7b5-74c0-491a-93ff-28fc818c488d 74bebf2c2d31489c82b92276632e899b 9f868ce19392411abb843a8ed2037fa7 - - default default] 10.0.0.113 "PUT /v2.0/routers/44f91a63-cc29-45d9-913f-17051730962b HTTP/1.1" status: 200 len: 655 time: 0.7838075
2026-07-02 06:20:21.469 10 INFO neutron.wsgi [None req-5efb5a83-ce1d-45c7-a1aa-147c5fffd88a 74bebf2c2d31489c82b92276632e899b 9f868ce19392411abb843a8ed2037fa7 - - default default] 10.0.0.113 "GET /v2.0/ports?device_id=44f91a63-cc29-45d9-913f-17051730962b HTTP/1.1" status: 200 len: 205 time: 0.0207036
2026-07-02 06:20:21.582 9 INFO neutron.db.ovn_revision_numbers_db [None req-6f35f944-ea64-4b40-acaf-f92c541e5116 44f9fc947be441caab831b744dde8ad6 431f6c9a3dcd4add9521adb805be1cd6 - - default default] Successfully bumped revision number for resource bc41cebd-ae58-4e45-b9b6-8f871fd18377 (type: security_groups) to 1
2026-07-02 06:20:21.621 9 INFO neutron.db.ovn_revision_numbers_db [None req-6f35f944-ea64-4b40-acaf-f92c541e5116 44f9fc947be441caab831b744dde8ad6 431f6c9a3dcd4add9521adb805be1cd6 - - default default] Successfully bumped revision number for resource 22091f07-b9fd-4c24-a909-cccea47b08cf (type: security_group_rules) to 0
2026-07-02 06:20:21.637 9 INFO neutron.db.ovn_revision_numbers_db [req-cd625bed-7b19-456e-8989-112043caff8d req-bdb74c7c-1ca9-4b1f-86b1-618394cebf5b 6cc44fb6b8134b10ae08b534fc0f2e45 37cce26ecd2a46acb44141b14316a756 - - default default] Successfully bumped revision number for resource 722f5a13-1766-4adb-a4e0-32926e18a7ef (type: ports) to 1
2026-07-02 06:20:21.643 9 INFO neutron.db.ovn_revision_numbers_db [None req-6f35f944-ea64-4b40-acaf-f92c541e5116 44f9fc947be441caab831b744dde8ad6 431f6c9a3dcd4add9521adb805be1cd6 - - default default] Successfully bumped revision number for resource 2d6d73bf-87d7-4731-8b35-a50fefbc4caf (type: security_group_rules) to 0
2026-07-02 06:20:21.662 9 INFO neutron.db.ovn_revision_numbers_db [None req-e9dd23d4-8bb5-42e0-9a58-482a25875d90 b582fc2e75f94459906dffb5e8a94c0f effe0de92263445882ef221ade172aba - - default default] Successfully bumped revision number for resource 10edd0c1-909b-4743-9185-e25c8c4b8d4b (type: security_group_rules) to 0
2026-07-02 06:20:21.668 9 INFO neutron.wsgi [req-cd625bed-7b19-456e-8989-112043caff8d req-bdb74c7c-1ca9-4b1f-86b1-618394cebf5b 6cc44fb6b8134b10ae08b534fc0f2e45 37cce26ecd2a46acb44141b14316a756 - - default default] 199.204.45.116 "POST /v2.0/ports HTTP/1.1" status: 201 len: 1162 time: 1.0556784
2026-07-02 06:20:21.670 9 INFO neutron.db.ovn_revision_numbers_db [None req-6f35f944-ea64-4b40-acaf-f92c541e5116 44f9fc947be441caab831b744dde8ad6 431f6c9a3dcd4add9521adb805be1cd6 - - default default] Successfully bumped revision number for resource 8ef00208-f269-431a-8015-1911b139da34 (type: security_group_rules) to 0
2026-07-02 06:20:21.713 9 INFO neutron.db.ovn_revision_numbers_db [None req-6f35f944-ea64-4b40-acaf-f92c541e5116 44f9fc947be441caab831b744dde8ad6 431f6c9a3dcd4add9521adb805be1cd6 - - default default] Successfully bumped revision number for resource cf51751c-0c91-4d0c-a520-35b080854156 (type: security_group_rules) to 0
2026-07-02 06:20:21.720 9 INFO neutron.wsgi [None req-e9dd23d4-8bb5-42e0-9a58-482a25875d90 b582fc2e75f94459906dffb5e8a94c0f effe0de92263445882ef221ade172aba - - default default] 10.0.0.113 "POST /v2.0/security-group-rules HTTP/1.1" status: 201 len: 768 time: 0.2915189
2026-07-02 06:20:21.739 9 WARNING neutron_lib.context [None req-8b757641-746c-461e-99c6-1d6e186a3d48 b582fc2e75f94459906dffb5e8a94c0f effe0de92263445882ef221ade172aba - - default default] Method 'is_advsvc' is deprecated since 2023.2 release (neutron-lib 3.8.0) and will be removed once support for the old RBAC API policies will be removed from Neutron. Please use method 'is_service_role' instead.
2026-07-02 06:20:21.756 9 INFO neutron.wsgi [None req-6f35f944-ea64-4b40-acaf-f92c541e5116 44f9fc947be441caab831b744dde8ad6 431f6c9a3dcd4add9521adb805be1cd6 - - default default] 10.0.0.113 "GET /v2.0/security-groups?tenant_id=3bc398bd20df4d69850ada6589a5fca5&name=default HTTP/1.1" status: 200 len: 2996 time: 0.5899096
2026-07-02 06:20:21.788 10 INFO neutron.wsgi [None req-0d967af2-5d24-4e6f-873f-9898b792fede 74bebf2c2d31489c82b92276632e899b 9f868ce19392411abb843a8ed2037fa7 - - default default] 10.0.0.113 "DELETE /v2.0/routers/44f91a63-cc29-45d9-913f-17051730962b HTTP/1.1" status: 204 len: 168 time: 0.3153961
2026-07-02 06:20:21.968 9 INFO neutron.db.ovn_revision_numbers_db [None req-8b757641-746c-461e-99c6-1d6e186a3d48 b582fc2e75f94459906dffb5e8a94c0f effe0de92263445882ef221ade172aba - - default default] Successfully bumped revision number for resource cfd60c54-30de-4b71-bbf6-c73a247d1f54 (type: security_group_rules) to 0
2026-07-02 06:20:22.007 9 INFO neutron.wsgi [None req-8b757641-746c-461e-99c6-1d6e186a3d48 b582fc2e75f94459906dffb5e8a94c0f effe0de92263445882ef221ade172aba - - default default] 10.0.0.113 "POST /v2.0/security-group-rules HTTP/1.1" status: 201 len: 764 time: 0.2762437
2026-07-02 06:20:22.014 10 INFO neutron.wsgi [None req-8dc38b35-fa80-4bfe-b677-b8ce78e6628b 44f9fc947be441caab831b744dde8ad6 431f6c9a3dcd4add9521adb805be1cd6 - - default default] 10.0.0.113 "DELETE /v2.0/security-groups/bc41cebd-ae58-4e45-b9b6-8f871fd18377 HTTP/1.1" status: 204 len: 168 time: 0.2526610 /var/lib/openstack/lib/python3.10/site-packages/pycadf/identifier.py:71: UserWarning: Invalid uuid: neutron. To ensure interoperability, identifiers should be a valid uuid. warnings.warn(('Invalid uuid: %s. To ensure interoperability, '
2026-07-02 06:20:22.246 9 INFO neutron.wsgi [req-a20fdcb7-462d-49ef-b408-b1df94b5528d req-b81dc44f-5019-4bd1-a2f1-41a2d99f122a b582fc2e75f94459906dffb5e8a94c0f effe0de92263445882ef221ade172aba - - default default] 10.0.0.239 "GET /v2.0/security-groups?name=tempest-lb_member_SG-578610434&fields=id&tenant_id=effe0de92263445882ef221ade172aba HTTP/1.1" status: 200 len: 267 time: 0.0753763
2026-07-02 06:20:22.312 9 INFO neutron.db.ovn_revision_numbers_db [req-cd625bed-7b19-456e-8989-112043caff8d req-557eb2f2-b612-4f2a-a2b5-7faef5452dd5 36cb207628f24e0bb91735a54da13e4f 9bbd05abb27045078316e40e7d0fef1e - - d806d7c638f94797abab49074542b48d d806d7c638f94797abab49074542b48d] Successfully bumped revision number for resource 722f5a13-1766-4adb-a4e0-32926e18a7ef (type: ports) to 2
2026-07-02 06:20:22.362 9 INFO neutron.wsgi [req-112eaaa3-0946-467f-91c3-ae4abd3d865f req-a0de3e01-bb87-49db-9ce2-a6893c29de34 6cc44fb6b8134b10ae08b534fc0f2e45 37cce26ecd2a46acb44141b14316a756 - - default default] 10.0.0.239 "GET /v2.0/ports?device_id=4b9d8c4e-ffc7-46e9-8027-bc2a34f9cb8b HTTP/1.1" status: 200 len: 1172 time: 0.0606058
2026-07-02 06:20:22.389 9 INFO neutron.wsgi [req-a20fdcb7-462d-49ef-b408-b1df94b5528d req-1a158e92-c546-4c3f-aff9-8e780b08bd36 b582fc2e75f94459906dffb5e8a94c0f effe0de92263445882ef221ade172aba - - default default] 10.0.0.239 "GET /v2.0/networks?id=dc63388d-2470-4da2-b959-c9f1abc8d29b HTTP/1.1" status: 200 len: 903 time: 0.1330798
2026-07-02 06:20:22.423 9 INFO neutron.wsgi [req-a20fdcb7-462d-49ef-b408-b1df94b5528d req-99ea8539-40c2-4bd9-b008-e85824d054e0 b582fc2e75f94459906dffb5e8a94c0f effe0de92263445882ef221ade172aba - - default default] 10.0.0.239 "GET /v2.0/quotas/effe0de92263445882ef221ade172aba HTTP/1.1" status: 200 len: 386 time: 0.0186601
2026-07-02 06:20:22.470 9 INFO neutron.wsgi [req-112eaaa3-0946-467f-91c3-ae4abd3d865f req-943b3568-264b-4636-8b88-fc00f0a2261d 6cc44fb6b8134b10ae08b534fc0f2e45 37cce26ecd2a46acb44141b14316a756 - - default default] 10.0.0.239 "GET /v2.0/security-groups?id=162cf32b-7136-48ca-965b-4c3aee0baed1&fields=id&fields=name HTTP/1.1" status: 200 len: 286 time: 0.0995793
2026-07-02 06:20:22.479 9 INFO neutron.db.ovn_revision_numbers_db [None req-600762af-e68b-47a9-a50d-cab43e552f49 44f9fc947be441caab831b744dde8ad6 431f6c9a3dcd4add9521adb805be1cd6 - - default default] Successfully bumped revision number for resource 89d55720-f096-4506-9b3d-d04bcd5cfc35 (type: security_groups) to 1
2026-07-02 06:20:22.508 9 INFO neutron.db.ovn_revision_numbers_db [None req-600762af-e68b-47a9-a50d-cab43e552f49 44f9fc947be441caab831b744dde8ad6 431f6c9a3dcd4add9521adb805be1cd6 - - default default] Successfully bumped revision number for resource 0eeeefa4-8a09-45f4-9235-da7cf3ef4a46 (type: security_group_rules) to 0
2026-07-02 06:20:22.559 9 INFO neutron.db.ovn_revision_numbers_db [None req-600762af-e68b-47a9-a50d-cab43e552f49 44f9fc947be441caab831b744dde8ad6 431f6c9a3dcd4add9521adb805be1cd6 - - default default] Successfully bumped revision number for resource 2673578e-a653-4913-9a13-192650feaad3 (type: security_group_rules) to 0
2026-07-02 06:20:22.601 9 INFO neutron.db.ovn_revision_numbers_db [None req-600762af-e68b-47a9-a50d-cab43e552f49 44f9fc947be441caab831b744dde8ad6 431f6c9a3dcd4add9521adb805be1cd6 - - default default] Successfully bumped revision number for resource 2dc6083f-5578-461e-b6f6-b38c25a4c3d0 (type: security_group_rules) to 0
