2026-07-02 06:22:28.457 10 WARNING neutron.api.rpc.agentnotifiers.dhcp_rpc_agent_api [None req-79e0ae02-1db1-459c-8620-ad77b388b504 ea6767e83ef44f75a4c6b7277cee73b9 85061f278e714a998998c9a6ede45e56 - - default default] Unable to schedule network fb8d2e05-74d9-4a5c-ad8b-1ff379e183d6: no agents available; will retry on subsequent port and subnet creation events.
2026-07-02 06:22:28.564 10 INFO neutron.db.ovn_revision_numbers_db [None req-79e0ae02-1db1-459c-8620-ad77b388b504 ea6767e83ef44f75a4c6b7277cee73b9 85061f278e714a998998c9a6ede45e56 - - default default] Successfully bumped revision number for resource 346d6225-9a74-42b4-ae15-9757cfddaf4f (type: ports) to 1
2026-07-02 06:22:28.567 9 INFO neutron.wsgi [None req-5ce12755-a213-4273-aac2-7249874d56e3 036efefbfb204158888dca74a5e46a2b 20127052bb7245d28de39c5feb52d1b9 - - default default] 10.0.0.113 "DELETE /v2.0/floatingips/4b1edebd-ba21-448f-8f8a-465c27fe6084 HTTP/1.1" status: 204 len: 168 time: 0.4049661
2026-07-02 06:22:28.592 10 INFO neutron.wsgi [None req-79e0ae02-1db1-459c-8620-ad77b388b504 ea6767e83ef44f75a4c6b7277cee73b9 85061f278e714a998998c9a6ede45e56 - - default default] 10.0.0.113 "POST /v2.0/networks HTTP/1.1" status: 201 len: 831 time: 0.5703905
2026-07-02 06:22:28.944 10 INFO neutron.wsgi [None req-2dc56cbe-b651-4653-8c26-104b25c4b877 ea6767e83ef44f75a4c6b7277cee73b9 85061f278e714a998998c9a6ede45e56 - - default default] 10.0.0.113 "PUT /v2.0/networks/4cecb79b-fb41-4a8d-9d3e-13cab44eab86/tags HTTP/1.1" status: 200 len: 210 time: 0.3456531
2026-07-02 06:22:28.958 9 INFO neutron.wsgi [None req-e9028297-032a-4c20-bc4c-6546e9a1a47b 036efefbfb204158888dca74a5e46a2b 20127052bb7245d28de39c5feb52d1b9 - - default default] 10.0.0.113 "DELETE /v2.0/floatingips/0a081bc2-69a7-4bd6-9886-191721d103a8 HTTP/1.1" status: 204 len: 168 time: 0.3865039
2026-07-02 06:22:29.029 10 INFO neutron.wsgi [None req-ba13db82-70d4-4b4c-bbf2-4eeb247d81aa ea6767e83ef44f75a4c6b7277cee73b9 85061f278e714a998998c9a6ede45e56 - - default default] 10.0.0.113 "PUT /v2.0/networks/6da9d837-2382-4377-9d4a-a9056c86d08d/tags HTTP/1.1" status: 200 len: 218 time: 0.0782869
2026-07-02 06:22:29.084 9 INFO neutron.wsgi [None req-cdb455a6-d80c-4e26-aba3-2d42bcf6cec3 ea6767e83ef44f75a4c6b7277cee73b9 85061f278e714a998998c9a6ede45e56 - - default default] 10.0.0.113 "PUT /v2.0/networks/7639e541-9f41-43ee-a6e1-38b27543fa14/tags HTTP/1.1" status: 200 len: 227 time: 0.0480027
2026-07-02 06:22:29.153 9 INFO neutron.wsgi [None req-b7179d11-8b77-4764-b015-304c0016a554 ea6767e83ef44f75a4c6b7277cee73b9 85061f278e714a998998c9a6ede45e56 - - default default] 10.0.0.113 "PUT /v2.0/networks/2e8885de-487d-46d8-9449-8a7bacc35270/tags HTTP/1.1" status: 200 len: 212 time: 0.0609298
2026-07-02 06:22:29.256 10 INFO neutron.wsgi [None req-a757b171-9747-465a-8fd6-4b29f3b5e10f ea6767e83ef44f75a4c6b7277cee73b9 85061f278e714a998998c9a6ede45e56 - - default default] 10.0.0.113 "GET /v2.0/networks?tags=red HTTP/1.1" status: 200 len: 2068 time: 0.0984259
2026-07-02 06:22:29.348 9 INFO neutron.wsgi [None req-4d182e80-db66-438e-b55e-de6e05ee1afd ea6767e83ef44f75a4c6b7277cee73b9 85061f278e714a998998c9a6ede45e56 - - default default] 10.0.0.113 "GET /v2.0/networks?tags=red%2Cblue HTTP/1.1" status: 200 len: 1455 time: 0.0867105
2026-07-02 06:22:29.436 9 INFO neutron.wsgi [None req-481bc6b0-727d-4ce2-9ba0-89811d8fb86c ea6767e83ef44f75a4c6b7277cee73b9 85061f278e714a998998c9a6ede45e56 - - default default] 10.0.0.113 "GET /v2.0/networks?tags-any=blue HTTP/1.1" status: 200 len: 1455 time: 0.0819473
2026-07-02 06:22:29.444 10 INFO neutron.wsgi [None req-6c71028c-cf35-4cf6-b115-408b71c2f5e7 036efefbfb204158888dca74a5e46a2b 20127052bb7245d28de39c5feb52d1b9 - - default default] 10.0.0.113 "DELETE /v2.0/floatingips/f8502ce8-434e-43a2-9d86-abe8b63d36fc HTTP/1.1" status: 204 len: 168 time: 0.4801872
2026-07-02 06:22:29.508 9 INFO neutron.wsgi [None req-fc2e734a-7fde-4c17-8a6e-41e1e0a37c2f ea6767e83ef44f75a4c6b7277cee73b9 85061f278e714a998998c9a6ede45e56 - - default default] 10.0.0.113 "GET /v2.0/networks?tags-any=red%2Cblue HTTP/1.1" status: 200 len: 2068 time: 0.0659103
2026-07-02 06:22:29.626 9 INFO neutron.wsgi [None req-d34ef474-eafd-4cc6-8cbf-515aaeae323b ea6767e83ef44f75a4c6b7277cee73b9 85061f278e714a998998c9a6ede45e56 - - default default] 10.0.0.113 "GET /v2.0/networks?not-tags=red HTTP/1.1" status: 200 len: 2068 time: 0.1126409
2026-07-02 06:22:29.728 9 INFO neutron.wsgi [None req-e1e22bfb-e896-45cc-b936-22a487624e89 ea6767e83ef44f75a4c6b7277cee73b9 85061f278e714a998998c9a6ede45e56 - - default default] 10.0.0.113 "GET /v2.0/networks?not-tags=red%2Cblue HTTP/1.1" status: 200 len: 2681 time: 0.0983465
2026-07-02 06:22:29.769 10 INFO neutron.wsgi [None req-dbaa9727-b10c-437b-bc99-4de5b5c4689f 036efefbfb204158888dca74a5e46a2b 20127052bb7245d28de39c5feb52d1b9 - - default default] 10.0.0.113 "DELETE /v2.0/floatingips/5a8b1ca9-9eb6-4036-acba-076957078019 HTTP/1.1" status: 204 len: 168 time: 0.3205142
2026-07-02 06:22:29.861 9 INFO neutron.wsgi [None req-7718348c-554f-4718-a044-68c29b4e686e ea6767e83ef44f75a4c6b7277cee73b9 85061f278e714a998998c9a6ede45e56 - - default default] 10.0.0.113 "GET /v2.0/networks?not-tags-any=blue HTTP/1.1" status: 200 len: 2681 time: 0.1259735
2026-07-02 06:22:29.946 9 INFO neutron.wsgi [None req-f56d6365-2b2a-40b6-a81d-7cc1cf0ac556 ea6767e83ef44f75a4c6b7277cee73b9 85061f278e714a998998c9a6ede45e56 - - default default] 10.0.0.113 "GET /v2.0/networks?not-tags-any=red%2Cblue HTTP/1.1" status: 200 len: 2068 time: 0.0800421
2026-07-02 06:22:30.134 10 INFO neutron.wsgi [None req-0226b7fe-e74a-41a0-822c-2b1080b46cd2 036efefbfb204158888dca74a5e46a2b 20127052bb7245d28de39c5feb52d1b9 - - default default] 10.0.0.113 "DELETE /v2.0/floatingips/1c4b3423-7ab9-445a-9572-d73818901511 HTTP/1.1" status: 204 len: 168 time: 0.3593144
2026-07-02 06:22:30.354 9 INFO neutron.services.segments.plugin [-] Segment e7c722ea-ee1d-49fc-9bf9-73caeba24e93 resource provider aggregate not found
2026-07-02 06:22:30.363 9 INFO neutron.services.segments.plugin [-] Segment e7c722ea-ee1d-49fc-9bf9-73caeba24e93 resource provider aggregate not found
2026-07-02 06:22:30.376 9 INFO neutron.services.segments.plugin [-] Segment e7c722ea-ee1d-49fc-9bf9-73caeba24e93 resource provider not found; error: Placement Client Error (4xx): {"errors": [{"status": 404, "title": "Not Found", "detail": "The resource could not be found.\n\n No resource provider with uuid e7c722ea-ee1d-49fc-9bf9-73caeba24e93 found for delete ", "request_id": "req-1b47995b-d2c0-4f84-9dd0-46058f5d8477"}]}
2026-07-02 06:22:30.386 9 INFO neutron.services.segments.plugin [-] Segment e7c722ea-ee1d-49fc-9bf9-73caeba24e93 resource provider not found; error: Placement Client Error (4xx): {"errors": [{"status": 404, "title": "Not Found", "detail": "The resource could not be found.\n\n No resource provider with uuid e7c722ea-ee1d-49fc-9bf9-73caeba24e93 found for delete ", "request_id": "req-70dc5b64-7a1f-4568-b77c-56016edbbdec"}]}
2026-07-02 06:22:30.402 9 INFO neutron.wsgi [None req-93452e87-6f14-4aee-8197-f02df1af5d49 ea6767e83ef44f75a4c6b7277cee73b9 85061f278e714a998998c9a6ede45e56 - - default default] 10.0.0.113 "DELETE /v2.0/networks/4cecb79b-fb41-4a8d-9d3e-13cab44eab86 HTTP/1.1" status: 204 len: 168 time: 0.4468467
2026-07-02 06:22:30.867 10 INFO neutron.services.segments.plugin [-] Segment 04383d17-f8a5-48ad-95e9-43dcb6949ba6 resource provider aggregate not found
2026-07-02 06:22:30.887 10 INFO neutron.services.segments.plugin [-] Segment 04383d17-f8a5-48ad-95e9-43dcb6949ba6 resource provider not found; error: Placement Client Error (4xx): {"errors": [{"status": 404, "title": "Not Found", "detail": "The resource could not be found.\n\n No resource provider with uuid 04383d17-f8a5-48ad-95e9-43dcb6949ba6 found for delete ", "request_id": "req-3d7a448f-0b18-4e20-ab60-2ed68bc64f38"}]}
2026-07-02 06:22:30.890 10 INFO neutron.services.segments.plugin [-] Segment 04383d17-f8a5-48ad-95e9-43dcb6949ba6 resource provider aggregate not found
2026-07-02 06:22:30.910 10 INFO neutron.services.segments.plugin [-] Segment 04383d17-f8a5-48ad-95e9-43dcb6949ba6 resource provider not found; error: Placement Client Error (4xx): {"errors": [{"status": 404, "title": "Not Found", "detail": "The resource could not be found.\n\n No resource provider with uuid 04383d17-f8a5-48ad-95e9-43dcb6949ba6 found for delete ", "request_id": "req-3d3a4b3b-77a2-48d6-a741-308ace000ddd"}]}
2026-07-02 06:22:30.940 10 INFO neutron.wsgi [None req-1469da97-3e21-41bd-b103-789924eef2a1 ea6767e83ef44f75a4c6b7277cee73b9 85061f278e714a998998c9a6ede45e56 - - default default] 10.0.0.113 "DELETE /v2.0/networks/6da9d837-2382-4377-9d4a-a9056c86d08d HTTP/1.1" status: 204 len: 168 time: 0.5299580
2026-07-02 06:22:31.415 9 INFO neutron.db.ovn_revision_numbers_db [None req-b6d23a5a-74ae-4ef3-aac6-62884a661d0d 44f9fc947be441caab831b744dde8ad6 431f6c9a3dcd4add9521adb805be1cd6 - - default default] Successfully bumped revision number for resource bff4cb9d-0d59-476d-a0f4-7a21bb3026f5 (type: security_groups) to 1
2026-07-02 06:22:31.433 9 INFO neutron.db.ovn_revision_numbers_db [None req-b6d23a5a-74ae-4ef3-aac6-62884a661d0d 44f9fc947be441caab831b744dde8ad6 431f6c9a3dcd4add9521adb805be1cd6 - - default default] Successfully bumped revision number for resource 519a1c9c-6cc4-4bed-8067-01f5ef7e9389 (type: security_group_rules) to 0
2026-07-02 06:22:31.444 9 INFO neutron.wsgi [None req-0bb8f927-63ed-4428-9e3b-26de2d77be23 ea6767e83ef44f75a4c6b7277cee73b9 85061f278e714a998998c9a6ede45e56 - - default default] 10.0.0.113 "DELETE /v2.0/networks/7639e541-9f41-43ee-a6e1-38b27543fa14 HTTP/1.1" status: 204 len: 168 time: 0.4988291
2026-07-02 06:22:31.471 9 INFO neutron.db.ovn_revision_numbers_db [None req-b6d23a5a-74ae-4ef3-aac6-62884a661d0d 44f9fc947be441caab831b744dde8ad6 431f6c9a3dcd4add9521adb805be1cd6 - - default default] Successfully bumped revision number for resource c8fee24b-8f06-41e8-aa6f-7a4503424b2f (type: security_group_rules) to 0
2026-07-02 06:22:31.499 9 INFO neutron.db.ovn_revision_numbers_db [None req-b6d23a5a-74ae-4ef3-aac6-62884a661d0d 44f9fc947be441caab831b744dde8ad6 431f6c9a3dcd4add9521adb805be1cd6 - - default default] Successfully bumped revision number for resource e1fcd4f8-addd-4831-a6cd-2bc02764a064 (type: security_group_rules) to 0
2026-07-02 06:22:31.521 9 INFO neutron.db.ovn_revision_numbers_db [None req-b6d23a5a-74ae-4ef3-aac6-62884a661d0d 44f9fc947be441caab831b744dde8ad6 431f6c9a3dcd4add9521adb805be1cd6 - - default default] Successfully bumped revision number for resource fa302d68-74b0-46a7-a8ef-4d9cf783d977 (type: security_group_rules) to 0
2026-07-02 06:22:31.558 9 INFO neutron.wsgi [None req-b6d23a5a-74ae-4ef3-aac6-62884a661d0d 44f9fc947be441caab831b744dde8ad6 431f6c9a3dcd4add9521adb805be1cd6 - - default default] 10.0.0.113 "GET /v2.0/security-groups?tenant_id=20127052bb7245d28de39c5feb52d1b9&name=default HTTP/1.1" status: 200 len: 2996 time: 0.5481100
2026-07-02 06:22:31.942 9 INFO neutron.wsgi [None req-6d285563-d697-4fe5-9a66-175890bbbdab 44f9fc947be441caab831b744dde8ad6 431f6c9a3dcd4add9521adb805be1cd6 - - default default] 10.0.0.113 "DELETE /v2.0/security-groups/bff4cb9d-0d59-476d-a0f4-7a21bb3026f5 HTTP/1.1" status: 204 len: 168 time: 0.3786352
2026-07-02 06:22:31.964 9 INFO neutron.wsgi [None req-e099e478-7f8f-4f66-8ddb-04b589032f19 ea6767e83ef44f75a4c6b7277cee73b9 85061f278e714a998998c9a6ede45e56 - - default default] 10.0.0.113 "DELETE /v2.0/networks/2e8885de-487d-46d8-9449-8a7bacc35270 HTTP/1.1" status: 204 len: 168 time: 0.5106344
2026-07-02 06:22:32.184 10 INFO neutron.db.ovn_revision_numbers_db [None req-84b1dad4-249a-4b88-82fd-8d0745282a08 44f9fc947be441caab831b744dde8ad6 431f6c9a3dcd4add9521adb805be1cd6 - - default default] Successfully bumped revision number for resource a2802481-e79f-4fbd-b272-3094e62de6d9 (type: security_groups) to 1
2026-07-02 06:22:32.199 10 INFO neutron.db.ovn_revision_numbers_db [None req-84b1dad4-249a-4b88-82fd-8d0745282a08 44f9fc947be441caab831b744dde8ad6 431f6c9a3dcd4add9521adb805be1cd6 - - default default] Successfully bumped revision number for resource ada0ed0c-8b13-4cfe-99eb-c38fb3c961ad (type: security_group_rules) to 0
2026-07-02 06:22:32.214 10 INFO neutron.db.ovn_revision_numbers_db [None req-84b1dad4-249a-4b88-82fd-8d0745282a08 44f9fc947be441caab831b744dde8ad6 431f6c9a3dcd4add9521adb805be1cd6 - - default default] Successfully bumped revision number for resource be48cd83-d353-479a-911e-3fd8f2058555 (type: security_group_rules) to 0
2026-07-02 06:22:32.234 10 INFO neutron.db.ovn_revision_numbers_db [None req-84b1dad4-249a-4b88-82fd-8d0745282a08 44f9fc947be441caab831b744dde8ad6 431f6c9a3dcd4add9521adb805be1cd6 - - default default] Successfully bumped revision number for resource be78d02b-b2f5-4ae2-a876-501b7be1573e (type: security_group_rules) to 0
2026-07-02 06:22:32.266 10 INFO neutron.db.ovn_revision_numbers_db [None req-84b1dad4-249a-4b88-82fd-8d0745282a08 44f9fc947be441caab831b744dde8ad6 431f6c9a3dcd4add9521adb805be1cd6 - - default default] Successfully bumped revision number for resource da8614be-c075-4f48-bfa2-aa1c58924c16 (type: security_group_rules) to 0
2026-07-02 06:22:32.311 10 INFO neutron.wsgi [None req-84b1dad4-249a-4b88-82fd-8d0745282a08 44f9fc947be441caab831b744dde8ad6 431f6c9a3dcd4add9521adb805be1cd6 - - default default] 10.0.0.113 "GET /v2.0/security-groups?tenant_id=983b733308ac4afc9ed460f7b4bf3e5b&name=default HTTP/1.1" status: 200 len: 2996 time: 0.2642870
2026-07-02 06:22:32.396 9 INFO neutron.services.segments.plugin [-] Segment 2a09b5ba-5785-4dfc-88d7-5fc01f63f3b5 resource provider aggregate not found
2026-07-02 06:22:32.403 9 INFO neutron.services.segments.plugin [-] Segment 2a09b5ba-5785-4dfc-88d7-5fc01f63f3b5 resource provider aggregate not found
2026-07-02 06:22:32.413 9 INFO neutron.services.segments.plugin [-] Segment 2a09b5ba-5785-4dfc-88d7-5fc01f63f3b5 resource provider not found; error: Placement Client Error (4xx): {"errors": [{"status": 404, "title": "Not Found", "detail": "The resource could not be found.\n\n No resource provider with uuid 2a09b5ba-5785-4dfc-88d7-5fc01f63f3b5 found for delete ", "request_id": "req-32004ef4-70d1-4021-94d2-e291bc3c15d7"}]}
2026-07-02 06:22:32.423 9 INFO neutron.services.segments.plugin [-] Segment 2a09b5ba-5785-4dfc-88d7-5fc01f63f3b5 resource provider not found; error: Placement Client Error (4xx): {"errors": [{"status": 404, "title": "Not Found", "detail": "The resource could not be found.\n\n No resource provider with uuid 2a09b5ba-5785-4dfc-88d7-5fc01f63f3b5 found for delete ", "request_id": "req-5aa7c533-a080-4d70-b641-df01c0a82ff0"}]}
2026-07-02 06:22:32.433 9 INFO neutron.services.segments.plugin [-] Segment 966ce280-57ca-44c6-929b-d83b45a54a82 resource provider aggregate not found
2026-07-02 06:22:32.442 9 INFO neutron.services.segments.plugin [-] Segment 966ce280-57ca-44c6-929b-d83b45a54a82 resource provider aggregate not found
2026-07-02 06:22:32.452 9 INFO neutron.wsgi [None req-0f446c19-214d-4071-8b99-c5fa7395cfb0 ea6767e83ef44f75a4c6b7277cee73b9 85061f278e714a998998c9a6ede45e56 - - default default] 10.0.0.113 "DELETE /v2.0/networks/fb8d2e05-74d9-4a5c-ad8b-1ff379e183d6 HTTP/1.1" status: 204 len: 168 time: 0.4829018
2026-07-02 06:22:32.456 9 INFO neutron.services.segments.plugin [-] Segment 966ce280-57ca-44c6-929b-d83b45a54a82 resource provider not found; error: Placement Client Error (4xx): {"errors": [{"status": 404, "title": "Not Found", "detail": "The resource could not be found.\n\n No resource provider with uuid 966ce280-57ca-44c6-929b-d83b45a54a82 found for delete ", "request_id": "req-7b5d0a12-4411-4564-870d-ad5bef43723b"}]}
2026-07-02 06:22:32.468 9 INFO neutron.services.segments.plugin [-] Segment 966ce280-57ca-44c6-929b-d83b45a54a82 resource provider not found; error: Placement Client Error (4xx): {"errors": [{"status": 404, "title": "Not Found", "detail": "The resource could not be found.\n\n No resource provider with uuid 966ce280-57ca-44c6-929b-d83b45a54a82 found for delete ", "request_id": "req-725ab584-0df3-4e30-ae1f-71e4a91aca33"}]}
2026-07-02 06:22:32.479 9 INFO neutron.services.segments.plugin [-] Segment 12c4a1dd-5537-4451-ae7f-430c3339fb27 resource provider aggregate not found
2026-07-02 06:22:32.492 9 INFO neutron.services.segments.plugin [-] Segment 12c4a1dd-5537-4451-ae7f-430c3339fb27 resource provider aggregate not found
2026-07-02 06:22:32.497 9 INFO neutron.services.segments.plugin [-] Segment 12c4a1dd-5537-4451-ae7f-430c3339fb27 resource provider not found; error: Placement Client Error (4xx): {"errors": [{"status": 404, "title": "Not Found", "detail": "The resource could not be found.\n\n No resource provider with uuid 12c4a1dd-5537-4451-ae7f-430c3339fb27 found for delete ", "request_id": "req-29c911bf-738c-4637-8819-11de502211f6"}]}
2026-07-02 06:22:32.514 9 INFO neutron.services.segments.plugin [-] Segment 12c4a1dd-5537-4451-ae7f-430c3339fb27 resource provider not found; error: Placement Client Error (4xx): {"errors": [{"status": 404, "title": "Not Found", "detail": "The resource could not be found.\n\n No resource provider with uuid 12c4a1dd-5537-4451-ae7f-430c3339fb27 found for delete ", "request_id": "req-2bbc79ca-ba15-4f61-86e7-1fd8e5d19069"}]}
2026-07-02 06:22:32.650 9 INFO neutron.wsgi [None req-4c2a3be8-28e9-4cc1-ba71-45e1e8166a79 44f9fc947be441caab831b744dde8ad6 431f6c9a3dcd4add9521adb805be1cd6 - - default default] 10.0.0.113 "DELETE /v2.0/security-groups/a2802481-e79f-4fbd-b272-3094e62de6d9 HTTP/1.1" status: 204 len: 168 time: 0.3348787
2026-07-02 06:22:32.950 10 INFO neutron.db.ovn_revision_numbers_db [None req-4a82f85a-a6ca-4f76-9b9e-438dd635cad0 44f9fc947be441caab831b744dde8ad6 431f6c9a3dcd4add9521adb805be1cd6 - - default default] Successfully bumped revision number for resource a294a69d-a2eb-4790-a9ae-e0066c324c55 (type: security_groups) to 1
2026-07-02 06:22:32.963 10 INFO neutron.db.ovn_revision_numbers_db [None req-4a82f85a-a6ca-4f76-9b9e-438dd635cad0 44f9fc947be441caab831b744dde8ad6 431f6c9a3dcd4add9521adb805be1cd6 - - default default] Successfully bumped revision number for resource 0ed47563-2184-40f1-b6f6-120ab1cce6fc (type: security_group_rules) to 0
2026-07-02 06:22:32.978 10 INFO neutron.db.ovn_revision_numbers_db [None req-4a82f85a-a6ca-4f76-9b9e-438dd635cad0 44f9fc947be441caab831b744dde8ad6 431f6c9a3dcd4add9521adb805be1cd6 - - default default] Successfully bumped revision number for resource 6011d840-0fd5-4dad-9937-3190413b45be (type: security_group_rules) to 0
2026-07-02 06:22:32.993 10 INFO neutron.db.ovn_revision_numbers_db [None req-4a82f85a-a6ca-4f76-9b9e-438dd635cad0 44f9fc947be441caab831b744dde8ad6 431f6c9a3dcd4add9521adb805be1cd6 - - default default] Successfully bumped revision number for resource 9adc858b-2344-485d-902d-55a362e2ced8 (type: security_group_rules) to 0
2026-07-02 06:22:33.014 10 INFO neutron.db.ovn_revision_numbers_db [None req-4a82f85a-a6ca-4f76-9b9e-438dd635cad0 44f9fc947be441caab831b744dde8ad6 431f6c9a3dcd4add9521adb805be1cd6 - - default default] Successfully bumped revision number for resource d5f43ea1-f29f-4b1b-a147-41c6f54ce174 (type: security_group_rules) to 0
2026-07-02 06:22:33.039 10 INFO neutron.wsgi [None req-4a82f85a-a6ca-4f76-9b9e-438dd635cad0 44f9fc947be441caab831b744dde8ad6 431f6c9a3dcd4add9521adb805be1cd6 - - default default] 10.0.0.113 "GET /v2.0/security-groups?tenant_id=27be30eb9d7a4a238c2a157984a7b9f1&name=default HTTP/1.1" status: 200 len: 2996 time: 0.2029874
2026-07-02 06:22:33.322 10 INFO neutron.wsgi [None req-c8bbee58-d8db-4e4a-9a9a-cf449781892c 44f9fc947be441caab831b744dde8ad6 431f6c9a3dcd4add9521adb805be1cd6 - - default default] 10.0.0.113 "DELETE /v2.0/security-groups/a294a69d-a2eb-4790-a9ae-e0066c324c55 HTTP/1.1" status: 204 len: 168 time: 0.2760558
2026-07-02 06:22:33.775 10 INFO neutron.db.ovn_revision_numbers_db [None req-797b7b69-f1ad-4358-90c4-01e361e8bb31 44f9fc947be441caab831b744dde8ad6 431f6c9a3dcd4add9521adb805be1cd6 - - default default] Successfully bumped revision number for resource 5a32bd80-1a1f-4071-8f02-173458c23036 (type: security_groups) to 1
2026-07-02 06:22:33.787 10 INFO neutron.db.ovn_revision_numbers_db [None req-797b7b69-f1ad-4358-90c4-01e361e8bb31 44f9fc947be441caab831b744dde8ad6 431f6c9a3dcd4add9521adb805be1cd6 - - default default] Successfully bumped revision number for resource 425b3b4a-e991-4b41-909c-0852c57c3c72 (type: security_group_rules) to 0
2026-07-02 06:22:33.802 10 INFO neutron.db.ovn_revision_numbers_db [None req-797b7b69-f1ad-4358-90c4-01e361e8bb31 44f9fc947be441caab831b744dde8ad6 431f6c9a3dcd4add9521adb805be1cd6 - - default default] Successfully bumped revision number for resource 750af5d9-19cb-4b61-ab09-c044c2dec087 (type: security_group_rules) to 0
2026-07-02 06:22:33.820 10 INFO neutron.db.ovn_revision_numbers_db [None req-797b7b69-f1ad-4358-90c4-01e361e8bb31 44f9fc947be441caab831b744dde8ad6 431f6c9a3dcd4add9521adb805be1cd6 - - default default] Successfully bumped revision number for resource 77a388b8-c43e-41ab-b843-115b07c460c9 (type: security_group_rules) to 0
2026-07-02 06:22:33.836 10 INFO neutron.db.ovn_revision_numbers_db [None req-797b7b69-f1ad-4358-90c4-01e361e8bb31 44f9fc947be441caab831b744dde8ad6 431f6c9a3dcd4add9521adb805be1cd6 - - default default] Successfully bumped revision number for resource 935c944d-ce5d-487a-b4e6-13b37055f4ec (type: security_group_rules) to 0
2026-07-02 06:22:33.858 10 INFO neutron.wsgi [None req-797b7b69-f1ad-4358-90c4-01e361e8bb31 44f9fc947be441caab831b744dde8ad6 431f6c9a3dcd4add9521adb805be1cd6 - - default default] 10.0.0.113 "GET /v2.0/security-groups?tenant_id=46b181321fa647aa8842096bc514e475&name=default HTTP/1.1" status: 200 len: 2996 time: 0.4538810
2026-07-02 06:22:34.075 10 INFO neutron.wsgi [None req-61594726-503b-4953-94c2-e57c684bc522 44f9fc947be441caab831b744dde8ad6 431f6c9a3dcd4add9521adb805be1cd6 - - default default] 10.0.0.113 "DELETE /v2.0/security-groups/5a32bd80-1a1f-4071-8f02-173458c23036 HTTP/1.1" status: 204 len: 168 time: 0.2111719
2026-07-02 06:22:34.217 10 INFO neutron.wsgi [None req-fa5b3528-c0ee-46d7-b03c-8d0fbd332986 44f9fc947be441caab831b744dde8ad6 431f6c9a3dcd4add9521adb805be1cd6 - - default default] 10.0.0.113 "GET /v2.0/security-groups?tenant_id=85061f278e714a998998c9a6ede45e56&name=default HTTP/1.1" status: 200 len: 2996 time: 0.0464275
2026-07-02 06:22:34.473 10 INFO neutron.wsgi [None req-daf7dec9-9ec8-48d7-8398-0da3534bc096 44f9fc947be441caab831b744dde8ad6 431f6c9a3dcd4add9521adb805be1cd6 - - default default] 10.0.0.113 "DELETE /v2.0/security-groups/0dc81b16-1e5c-4071-b11a-b6215e1193eb HTTP/1.1" status: 204 len: 168 time: 0.2521093
2026-07-02 06:22:34.546 10 INFO neutron.wsgi [None req-6b173606-8e6d-4478-936d-357387b36b76 44f9fc947be441caab831b744dde8ad6 431f6c9a3dcd4add9521adb805be1cd6 - - default default] 10.0.0.226 "GET /v2.0/floatingips HTTP/1.1" status: 200 len: 2764 time: 0.2774823
2026-07-02 06:22:34.650 10 INFO neutron.wsgi [None req-32cadda4-b312-447a-bf5b-b7ec7e49b1ef 44f9fc947be441caab831b744dde8ad6 431f6c9a3dcd4add9521adb805be1cd6 - - default default] 10.0.0.226 "GET /v2.0/networks HTTP/1.1" status: 200 len: 4720 time: 0.1011760
2026-07-02 06:22:34.703 9 INFO neutron.db.ovn_revision_numbers_db [None req-898b9cba-08d0-45f3-a49a-b486e6ae19e9 44f9fc947be441caab831b744dde8ad6 431f6c9a3dcd4add9521adb805be1cd6 - - default default] Successfully bumped revision number for resource 6d59b03a-f1eb-4ead-bd30-a377b3bcb5dd (type: security_groups) to 1
2026-07-02 06:22:34.721 9 INFO neutron.db.ovn_revision_numbers_db [None req-898b9cba-08d0-45f3-a49a-b486e6ae19e9 44f9fc947be441caab831b744dde8ad6 431f6c9a3dcd4add9521adb805be1cd6 - - default default] Successfully bumped revision number for resource 21508912-0f97-458d-bad4-13ee096abed4 (type: security_group_rules) to 0
2026-07-02 06:22:34.744 9 INFO neutron.db.ovn_revision_numbers_db [None req-898b9cba-08d0-45f3-a49a-b486e6ae19e9 44f9fc947be441caab831b744dde8ad6 431f6c9a3dcd4add9521adb805be1cd6 - - default default] Successfully bumped revision number for resource 308f9513-dae6-47a6-8cd5-0dd06a541218 (type: security_group_rules) to 0
2026-07-02 06:22:34.762 9 INFO neutron.db.ovn_revision_numbers_db [None req-898b9cba-08d0-45f3-a49a-b486e6ae19e9 44f9fc947be441caab831b744dde8ad6 431f6c9a3dcd4add9521adb805be1cd6 - - default default] Successfully bumped revision number for resource 5afb51bc-5a13-4a42-96ac-d1158a9ab952 (type: security_group_rules) to 0
2026-07-02 06:22:34.777 10 INFO neutron.wsgi [None req-9bee0a2c-db9c-42de-ba9f-1be8fa3f2112 44f9fc947be441caab831b744dde8ad6 431f6c9a3dcd4add9521adb805be1cd6 - - default default] 10.0.0.226 "GET /v2.0/ports HTTP/1.1" status: 200 len: 22217 time: 0.1231847
2026-07-02 06:22:34.782 9 INFO neutron.db.ovn_revision_numbers_db [None req-898b9cba-08d0-45f3-a49a-b486e6ae19e9 44f9fc947be441caab831b744dde8ad6 431f6c9a3dcd4add9521adb805be1cd6 - - default default] Successfully bumped revision number for resource 863a47e0-a547-4018-91e6-40b594b77861 (type: security_group_rules) to 0
2026-07-02 06:22:34.808 9 INFO neutron.wsgi [None req-898b9cba-08d0-45f3-a49a-b486e6ae19e9 44f9fc947be441caab831b744dde8ad6 431f6c9a3dcd4add9521adb805be1cd6 - - default default] 10.0.0.113 "GET /v2.0/security-groups?tenant_id=9887c4267f5242b5ab2c8741f6ab497b&name=default HTTP/1.1" status: 200 len: 2996 time: 0.2282090
2026-07-02 06:22:34.850 10 INFO neutron.wsgi [None req-cea2bcb1-1a6e-4d3f-9f89-2daa4c22efc8 44f9fc947be441caab831b744dde8ad6 431f6c9a3dcd4add9521adb805be1cd6 - - default default] 10.0.0.226 "GET /v2.0/subnets HTTP/1.1" status: 200 len: 5495 time: 0.0611398
2026-07-02 06:22:34.865 10 INFO neutron.wsgi [None req-2ed16f8c-ac7d-4088-b0c0-a85fa4b09e10 44f9fc947be441caab831b744dde8ad6 431f6c9a3dcd4add9521adb805be1cd6 - - default default] 10.0.0.226 "GET /v2.0/subnetpools HTTP/1.1" status: 200 len: 193 time: 0.0126002
2026-07-02 06:22:34.987 10 INFO neutron.wsgi [None req-406b8016-9f1e-4ecb-814a-9ffa873dd008 44f9fc947be441caab831b744dde8ad6 431f6c9a3dcd4add9521adb805be1cd6 - - default default] 10.0.0.226 "GET /v2.0/routers HTTP/1.1" status: 200 len: 850 time: 0.1206520
2026-07-02 06:22:35.002 10 INFO neutron.wsgi [None req-1126ed2b-e015-4a91-814f-47fadf57e993 44f9fc947be441caab831b744dde8ad6 431f6c9a3dcd4add9521adb805be1cd6 - - default default] 10.0.0.226 "GET /v2.0/agents?binary=ovn-controller HTTP/1.1" status: 200 len: 591 time: 0.0146828
2026-07-02 06:22:35.027 10 INFO neutron.wsgi [None req-5f5d99f1-ee20-420c-a6b4-6300720020a8 44f9fc947be441caab831b744dde8ad6 431f6c9a3dcd4add9521adb805be1cd6 - - default default] 10.0.0.226 "GET /v2.0/agents HTTP/1.1" status: 200 len: 997 time: 0.0199931
2026-07-02 06:22:35.059 9 INFO neutron.wsgi [None req-3c1bd9f8-05d3-4e08-a1a8-33a8b7eba02b 44f9fc947be441caab831b744dde8ad6 431f6c9a3dcd4add9521adb805be1cd6 - - default default] 10.0.0.113 "DELETE /v2.0/security-groups/6d59b03a-f1eb-4ead-bd30-a377b3bcb5dd HTTP/1.1" status: 204 len: 168 time: 0.2465706
2026-07-02 06:22:35.061 9 INFO neutron.wsgi [-] 10.0.0.111 "GET / HTTP/1.1" status: 200 len: 246 time: 0.0012157
2026-07-02 06:22:35.062 10 INFO neutron.wsgi [-] 10.0.0.111 "GET / HTTP/1.1" status: 200 len: 246 time: 0.0020521
2026-07-02 06:22:35.102 10 INFO neutron.wsgi [None req-1bf417ba-8a48-49bb-ae0c-30844c0b36c0 44f9fc947be441caab831b744dde8ad6 431f6c9a3dcd4add9521adb805be1cd6 - - default default] 10.0.0.226 "GET /v2.0/security-groups HTTP/1.1" status: 200 len: 30226 time: 0.0737994
2026-07-02 06:22:35.159 10 INFO neutron.wsgi [None req-9536825f-a088-4621-9aa3-9048492a6a66 44f9fc947be441caab831b744dde8ad6 431f6c9a3dcd4add9521adb805be1cd6 - - default default] 10.0.0.226 "GET /v2.0/subnets HTTP/1.1" status: 200 len: 5495 time: 0.0463643
2026-07-02 06:22:35.184 10 INFO neutron.wsgi [None req-0057c766-7e38-4174-9fb8-069170e12e04 44f9fc947be441caab831b744dde8ad6 431f6c9a3dcd4add9521adb805be1cd6 - - default default] 10.0.0.226 "GET /v2.0/network-ip-availabilities HTTP/1.1" status: 200 len: 3361 time: 0.0221908
2026-07-02 06:22:37.866 9 INFO neutron.wsgi [None req-3349fa44-6c10-4e22-b704-ff4219874bad 37784cb9bc8b47079986b9411d077228 1ca173bbd6e440d4a114d8d59a528e27 - - default default] 10.0.0.113 "POST /v2.0/qos/policies HTTP/1.1" status: 201 len: 558 time: 0.2362492
2026-07-02 06:22:37.886 10 INFO neutron.wsgi [None req-033fa1de-4c28-406b-a4e6-4ab6d974ddc6 44f9fc947be441caab831b744dde8ad6 431f6c9a3dcd4add9521adb805be1cd6 - - default default] 10.0.0.12 "GET /v2.0/extensions/security-group HTTP/1.1" status: 200 len: 369 time: 0.0099480
2026-07-02 06:22:37.899 10 INFO neutron.wsgi [None req-8398bd23-f40f-48a8-bac1-afd4a45692ab 44f9fc947be441caab831b744dde8ad6 431f6c9a3dcd4add9521adb805be1cd6 - - default default] 10.0.0.12 "GET /v2.0/extensions/dns-integration HTTP/1.1" status: 200 len: 371 time: 0.0070169
2026-07-02 06:22:37.917 10 INFO neutron.wsgi [None req-51074d6b-9691-4fec-bf25-c17d828372c4 44f9fc947be441caab831b744dde8ad6 431f6c9a3dcd4add9521adb805be1cd6 - - default default] 10.0.0.12 "GET /v2.0/extensions/qos HTTP/1.1" status: 200 len: 365 time: 0.0067394
2026-07-02 06:22:37.918 9 INFO neutron.wsgi [None req-ea188bb1-2360-4b43-88c6-d68d20700a75 37784cb9bc8b47079986b9411d077228 1ca173bbd6e440d4a114d8d59a528e27 - - default default] 10.0.0.113 "POST /v2.0/qos/policies HTTP/1.1" status: 201 len: 558 time: 0.0467317
2026-07-02 06:22:37.931 10 INFO neutron.wsgi [None req-2d727781-f094-48f6-804e-2ce6fde78af0 44f9fc947be441caab831b744dde8ad6 431f6c9a3dcd4add9521adb805be1cd6 - - default default] 10.0.0.12 "GET /v2.0/extensions/allowed-address-pairs HTTP/1.1" status: 200 len: 383 time: 0.0066519
2026-07-02 06:22:37.997 9 INFO neutron.wsgi [None req-b62175bb-62a6-4271-b318-21a72b1195e2 37784cb9bc8b47079986b9411d077228 1ca173bbd6e440d4a114d8d59a528e27 - - default default] 10.0.0.113 "POST /v2.0/qos/policies HTTP/1.1" status: 201 len: 558 time: 0.0733669
2026-07-02 06:22:38.050 9 INFO neutron.wsgi [None req-0c9c0a80-6f5c-4e2a-98ca-fc043f0e62ad 37784cb9bc8b47079986b9411d077228 1ca173bbd6e440d4a114d8d59a528e27 - - default default] 10.0.0.113 "POST /v2.0/qos/policies HTTP/1.1" status: 201 len: 558 time: 0.0493155
2026-07-02 06:22:38.100 9 INFO neutron.wsgi [None req-7fd9a274-f5a8-4564-80e3-c82ab2f7b637 37784cb9bc8b47079986b9411d077228 1ca173bbd6e440d4a114d8d59a528e27 - - default default] 10.0.0.113 "POST /v2.0/qos/policies HTTP/1.1" status: 201 len: 558 time: 0.0452268
2026-07-02 06:22:38.140 9 INFO neutron.wsgi [None req-110eef9c-2475-451b-9d99-80a73ed9160d 37784cb9bc8b47079986b9411d077228 1ca173bbd6e440d4a114d8d59a528e27 - - default default] 10.0.0.113 "PUT /v2.0/policies/7e65cc29-1878-41f9-8684-ddccebd7d99e/tags HTTP/1.1" status: 200 len: 210 time: 0.0354202
2026-07-02 06:22:38.178 9 INFO neutron.wsgi [None req-f768b59b-edf8-44f3-baf9-04d7a17b8677 37784cb9bc8b47079986b9411d077228 1ca173bbd6e440d4a114d8d59a528e27 - - default default] 10.0.0.113 "PUT /v2.0/policies/5726a00c-a8cb-44b4-9df6-c95f9670f955/tags HTTP/1.1" status: 200 len: 218 time: 0.0295136
2026-07-02 06:22:38.243 9 INFO neutron.wsgi [None req-e62d7f42-6f70-4732-8d05-5e77e532bcc8 37784cb9bc8b47079986b9411d077228 1ca173bbd6e440d4a114d8d59a528e27 - - default default] 10.0.0.113 "PUT /v2.0/policies/9c6bc98e-ef25-4835-b332-8f6fd886e400/tags HTTP/1.1" status: 200 len: 227 time: 0.0581903
2026-07-02 06:22:38.316 10 INFO neutron.wsgi [None req-58389bf2-03fa-42ae-93cf-a32ce80523cb 37784cb9bc8b47079986b9411d077228 1ca173bbd6e440d4a114d8d59a528e27 - - default default] 10.0.0.113 "PUT /v2.0/policies/03193d0e-37e0-49ab-91f0-aa93f521399f/tags HTTP/1.1" status: 200 len: 212 time: 0.0639331
2026-07-02 06:22:38.327 10 INFO neutron.wsgi [-] 10.0.0.12 "GET / HTTP/1.1" status: 200 len: 284 time: 0.0031152
2026-07-02 06:22:38.410 10 INFO neutron.wsgi [None req-fa365de4-75b1-4ee3-b768-7c043756ed31 b582fc2e75f94459906dffb5e8a94c0f effe0de92263445882ef221ade172aba - - default default] 10.0.0.12 "GET /v2.0/subnets/cdeb6ff0-2750-43cc-909d-5a8f42259291 HTTP/1.1" status: 200 len: 831 time: 0.0644271
2026-07-02 06:22:38.423 9 WARNING neutron_lib.context [None req-851d59f7-acf5-4272-9d54-d12aad182cf1 6652d1a75da24b978f1ffade6cd89e07 79454355386e4b6fa549c4d1b13953ec - - default default] Method 'is_advsvc' is deprecated since 2023.2 release (neutron-lib 3.8.0) and will be removed once support for the old RBAC API policies will be removed from Neutron. Please use method 'is_service_role' instead.
2026-07-02 06:22:38.863 10 INFO neutron.wsgi [None req-16374a24-2744-4521-b8ea-45fbbd4fada8 bc140916654846fcb5cb6d5de07a5c44 8c682092b5eb44149da7b436762da487 - - default default] 10.0.0.113 "GET /v2.0/qos/policies?tags=red HTTP/1.1" status: 200 len: 1296 time: 0.1558571
2026-07-02 06:22:38.959 10 INFO neutron.wsgi [None req-ed6cdb95-9dbd-442f-8a24-a5e49e317a41 bc140916654846fcb5cb6d5de07a5c44 8c682092b5eb44149da7b436762da487 - - default default] 10.0.0.113 "GET /v2.0/qos/policies?tags=red%2Cblue HTTP/1.1" status: 200 len: 941 time: 0.0901165
2026-07-02 06:22:39.025 10 INFO neutron.wsgi [None req-4e460d31-ef57-4022-b2e2-1616d8273a0c bc140916654846fcb5cb6d5de07a5c44 8c682092b5eb44149da7b436762da487 - - default default] 10.0.0.113 "GET /v2.0/qos/policies?tags-any=blue HTTP/1.1" status: 200 len: 941 time: 0.0593395
2026-07-02 06:22:39.104 10 INFO neutron.wsgi [None req-033f9a8a-c61a-4fc7-ac2f-d5c1eee23fec bc140916654846fcb5cb6d5de07a5c44 8c682092b5eb44149da7b436762da487 - - default default] 10.0.0.113 "GET /v2.0/qos/policies?tags-any=red%2Cblue HTTP/1.1" status: 200 len: 1296 time: 0.0713267
2026-07-02 06:22:39.170 9 WARNING neutron.scheduler.dhcp_agent_scheduler [None req-851d59f7-acf5-4272-9d54-d12aad182cf1 6652d1a75da24b978f1ffade6cd89e07 79454355386e4b6fa549c4d1b13953ec - - default default] No more DHCP agents
2026-07-02 06:22:39.173 9 WARNING neutron.api.rpc.agentnotifiers.dhcp_rpc_agent_api [None req-851d59f7-acf5-4272-9d54-d12aad182cf1 6652d1a75da24b978f1ffade6cd89e07 79454355386e4b6fa549c4d1b13953ec - - default default] Unable to schedule network 434026b2-6e27-4ded-bc50-5dd99f22e9f7: no agents available; will retry on subsequent port and subnet creation events.
2026-07-02 06:22:39.284 9 INFO neutron.wsgi [None req-a39d91fa-0086-4e3b-9f73-9918d9e33de6 44f9fc947be441caab831b744dde8ad6 431f6c9a3dcd4add9521adb805be1cd6 - - default default] 199.204.45.116 "GET /v2.0/extensions/security-group HTTP/1.1" status: 200 len: 369 time: 0.0064692
2026-07-02 06:22:39.295 9 INFO neutron.wsgi [None req-69b6d90c-e8af-4240-86eb-2f20804156be 44f9fc947be441caab831b744dde8ad6 431f6c9a3dcd4add9521adb805be1cd6 - - default default] 199.204.45.116 "GET /v2.0/extensions/dns-integration HTTP/1.1" status: 200 len: 371 time: 0.0039096
2026-07-02 06:22:39.307 9 INFO neutron.wsgi [None req-95723752-ff4f-4df2-8e87-43186a5e880a 44f9fc947be441caab831b744dde8ad6 431f6c9a3dcd4add9521adb805be1cd6 - - default default] 199.204.45.116 "GET /v2.0/extensions/qos HTTP/1.1" status: 200 len: 365 time: 0.0052347
2026-07-02 06:22:39.317 9 INFO neutron.wsgi [None req-2ea74a80-cf2b-423e-983f-ff5c66b86a63 44f9fc947be441caab831b744dde8ad6 431f6c9a3dcd4add9521adb805be1cd6 - - default default] 199.204.45.116 "GET /v2.0/extensions/allowed-address-pairs HTTP/1.1" status: 200 len: 383 time: 0.0048859
2026-07-02 06:22:39.370 9 INFO neutron.wsgi [None req-5f4e8979-276c-4859-97e8-6d9974aa3abd 44f9fc947be441caab831b744dde8ad6 431f6c9a3dcd4add9521adb805be1cd6 - - default default] 199.204.45.116 "GET /v2.0/subnets/cdeb6ff0-2750-43cc-909d-5a8f42259291 HTTP/1.1" status: 200 len: 849 time: 0.0465200
2026-07-02 06:22:39.439 9 INFO neutron.wsgi [None req-a892ca6d-5d6c-458a-ba97-37ce0aea2b1a 44f9fc947be441caab831b744dde8ad6 431f6c9a3dcd4add9521adb805be1cd6 - - default default] 199.204.45.116 "GET /v2.0/ports?device_id=c7838531-849d-43e4-9459-af24666fb906 HTTP/1.1" status: 200 len: 2727 time: 0.0536590
2026-07-02 06:22:39.443 10 INFO neutron.wsgi [None req-c7ef8f8c-256f-4dd0-b857-c4bb354b067d bc140916654846fcb5cb6d5de07a5c44 8c682092b5eb44149da7b436762da487 - - default default] 10.0.0.113 "GET /v2.0/qos/policies?not-tags=red HTTP/1.1" status: 200 len: 913 time: 0.3304284
2026-07-02 06:22:39.526 10 INFO neutron.wsgi [None req-2038e02f-d0b4-4e0c-a70e-b30071f74d62 bc140916654846fcb5cb6d5de07a5c44 8c682092b5eb44149da7b436762da487 - - default default] 10.0.0.113 "GET /v2.0/qos/policies?not-tags=red%2Cblue HTTP/1.1" status: 200 len: 1268 time: 0.0772128
2026-07-02 06:22:39.587 9 INFO neutron.db.ovn_revision_numbers_db [None req-851d59f7-acf5-4272-9d54-d12aad182cf1 6652d1a75da24b978f1ffade6cd89e07 79454355386e4b6fa549c4d1b13953ec - - default default] Successfully bumped revision number for resource ebf9350f-1664-4c52-8263-bba7126fceaa (type: floatingips) to 0
2026-07-02 06:22:39.599 10 INFO neutron.wsgi [None req-550f142d-3da8-41a5-8488-c5e4fe2a8e59 bc140916654846fcb5cb6d5de07a5c44 8c682092b5eb44149da7b436762da487 - - default default] 10.0.0.113 "GET /v2.0/qos/policies?not-tags-any=blue HTTP/1.1" status: 200 len: 1268 time: 0.0685358
2026-07-02 06:22:39.600 9 INFO neutron.wsgi [None req-8af63438-1fbf-4b84-a299-a647a3bd1507 44f9fc947be441caab831b744dde8ad6 431f6c9a3dcd4add9521adb805be1cd6 - - default default] 199.204.45.116 "GET /v2.0/extensions/security-group HTTP/1.1" status: 200 len: 369 time: 0.0058470
2026-07-02 06:22:39.619 9 INFO neutron.wsgi [None req-4023b336-3325-4797-85e9-b44741347359 44f9fc947be441caab831b744dde8ad6 431f6c9a3dcd4add9521adb805be1cd6 - - default default] 199.204.45.116 "GET /v2.0/extensions/dns-integration HTTP/1.1" status: 200 len: 371 time: 0.0062246
2026-07-02 06:22:39.626 9 INFO neutron.wsgi [None req-851d59f7-acf5-4272-9d54-d12aad182cf1 6652d1a75da24b978f1ffade6cd89e07 79454355386e4b6fa549c4d1b13953ec - - default default] 10.0.0.113 "POST /v2.0/floatingips HTTP/1.1" status: 201 len: 751 time: 1.2698343
2026-07-02 06:22:39.634 9 INFO neutron.wsgi [None req-6d3a9d2d-258e-4b2a-91ac-a755dce548bb 44f9fc947be441caab831b744dde8ad6 431f6c9a3dcd4add9521adb805be1cd6 - - default default] 199.204.45.116 "GET /v2.0/extensions/qos HTTP/1.1" status: 200 len: 365 time: 0.0044267
2026-07-02 06:22:39.645 9 INFO neutron.wsgi [None req-6473aa97-2744-48a7-a645-8682333764fd 44f9fc947be441caab831b744dde8ad6 431f6c9a3dcd4add9521adb805be1cd6 - - default default] 199.204.45.116 "GET /v2.0/extensions/allowed-address-pairs HTTP/1.1" status: 200 len: 383 time: 0.0083737
2026-07-02 06:22:39.693 10 INFO neutron.wsgi [None req-a24cf06a-e716-4248-a62d-fc2ec3817f28 6652d1a75da24b978f1ffade6cd89e07 79454355386e4b6fa549c4d1b13953ec - - default default] 10.0.0.113 "PUT /v2.0/floatingips/ebf9350f-1664-4c52-8263-bba7126fceaa/tags HTTP/1.1" status: 200 len: 218 time: 0.0617130
2026-07-02 06:22:39.704 9 INFO neutron.wsgi [None req-d8d976c4-a5dc-495e-89c9-90440935b38c bc140916654846fcb5cb6d5de07a5c44 8c682092b5eb44149da7b436762da487 - - default default] 10.0.0.113 "GET /v2.0/qos/policies?not-tags-any=red%2Cblue HTTP/1.1" status: 200 len: 913 time: 0.0992064
2026-07-02 06:22:39.746 10 INFO neutron.wsgi [None req-8e614eba-794a-42e8-b5a1-ad9e6768e75c 6652d1a75da24b978f1ffade6cd89e07 79454355386e4b6fa549c4d1b13953ec - - default default] 10.0.0.113 "GET /v2.0/floatingips/ebf9350f-1664-4c52-8263-bba7126fceaa/tags HTTP/1.1" status: 200 len: 218 time: 0.0419164
2026-07-02 06:22:39.794 10 INFO neutron.wsgi [None req-fd7ee291-5ab5-4c8a-ba9b-a3848c0362a6 37784cb9bc8b47079986b9411d077228 1ca173bbd6e440d4a114d8d59a528e27 - - default default] 10.0.0.113 "DELETE /v2.0/qos/policies/7e65cc29-1878-41f9-8684-ddccebd7d99e HTTP/1.1" status: 204 len: 168 time: 0.0833864
2026-07-02 06:22:39.800 10 INFO neutron.wsgi [None req-bf4b5660-aeaa-4b41-b0c7-d025a392d06e 6652d1a75da24b978f1ffade6cd89e07 79454355386e4b6fa549c4d1b13953ec - - default default] 10.0.0.113 "PUT /v2.0/floatingips/ebf9350f-1664-4c52-8263-bba7126fceaa/tags/green HTTP/1.1" status: 201 len: 201 time: 0.0449898
2026-07-02 06:22:39.842 10 INFO neutron.wsgi [None req-797016cc-bfdd-4822-af26-17d4b7ba8d41 6652d1a75da24b978f1ffade6cd89e07 79454355386e4b6fa549c4d1b13953ec - - default default] 10.0.0.113 "GET /v2.0/floatingips/ebf9350f-1664-4c52-8263-bba7126fceaa/tags HTTP/1.1" status: 200 len: 227 time: 0.0288458
2026-07-02 06:22:39.862 9 INFO neutron.wsgi [req-a9cc8ce6-9c9a-4164-ab0c-7e62ff55c825 req-090f1415-b590-458b-b215-3ac5d23b5757 36cb207628f24e0bb91735a54da13e4f 9bbd05abb27045078316e40e7d0fef1e - - d806d7c638f94797abab49074542b48d d806d7c638f94797abab49074542b48d] 199.204.45.116 "GET /v2.0/networks/dc63388d-2470-4da2-b959-c9f1abc8d29b?fields=segments HTTP/1.1" status: 200 len: 212 time: 0.0730681
2026-07-02 06:22:39.878 10 INFO neutron.wsgi [None req-1ea6b495-3fe5-4aee-9acc-8aceac0af417 6652d1a75da24b978f1ffade6cd89e07 79454355386e4b6fa549c4d1b13953ec - - default default] 10.0.0.113 "PUT /v2.0/floatingips/ebf9350f-1664-4c52-8263-bba7126fceaa/tags/red HTTP/1.1" status: 201 len: 201 time: 0.0296609
2026-07-02 06:22:39.881 10 INFO neutron.wsgi [None req-8ce8ef4a-305e-41a3-b3c3-0b51ccf383e1 37784cb9bc8b47079986b9411d077228 1ca173bbd6e440d4a114d8d59a528e27 - - default default] 10.0.0.113 "DELETE /v2.0/qos/policies/5726a00c-a8cb-44b4-9df6-c95f9670f955 HTTP/1.1" status: 204 len: 168 time: 0.0801735
2026-07-02 06:22:39.926 10 INFO neutron.wsgi [None req-a4db4348-a9dc-4882-9a04-8760935ebc58 6652d1a75da24b978f1ffade6cd89e07 79454355386e4b6fa549c4d1b13953ec - - default default] 10.0.0.113 "GET /v2.0/floatingips/ebf9350f-1664-4c52-8263-bba7126fceaa/tags HTTP/1.1" status: 200 len: 227 time: 0.0401785
2026-07-02 06:22:39.957 9 INFO neutron.wsgi [req-a9cc8ce6-9c9a-4164-ab0c-7e62ff55c825 req-67cba9f7-84cc-4759-9976-5fafceff32d6 36cb207628f24e0bb91735a54da13e4f 9bbd05abb27045078316e40e7d0fef1e - - d806d7c638f94797abab49074542b48d d806d7c638f94797abab49074542b48d] 199.204.45.116 "GET /v2.0/networks/dc63388d-2470-4da2-b959-c9f1abc8d29b?fields=provider%3Aphysical_network&fields=provider%3Anetwork_type HTTP/1.1" status: 200 len: 277 time: 0.0885801
2026-07-02 06:22:39.966 10 INFO neutron.wsgi [None req-46661865-1b22-48d5-956b-839fbd35a0ed 37784cb9bc8b47079986b9411d077228 1ca173bbd6e440d4a114d8d59a528e27 - - default default] 10.0.0.113 "DELETE /v2.0/qos/policies/9c6bc98e-ef25-4835-b332-8f6fd886e400 HTTP/1.1" status: 204 len: 168 time: 0.0797527
2026-07-02 06:22:40.013 9 INFO neutron.wsgi [None req-1be70731-4a24-470b-9ca0-8ffce8e9a225 6652d1a75da24b978f1ffade6cd89e07 79454355386e4b6fa549c4d1b13953ec - - default default] 10.0.0.113 "PUT /v2.0/floatingips/ebf9350f-1664-4c52-8263-bba7126fceaa/tags/black.or.white HTTP/1.1" status: 201 len: 201 time: 0.0790472
2026-07-02 06:22:40.029 10 INFO neutron.wsgi [None req-5e5c1b61-6046-4c12-8f4a-c76f3c9e609e 37784cb9bc8b47079986b9411d077228 1ca173bbd6e440d4a114d8d59a528e27 - - default default] 10.0.0.113 "DELETE /v2.0/qos/policies/03193d0e-37e0-49ab-91f0-aa93f521399f HTTP/1.1" status: 204 len: 168 time: 0.0578172
2026-07-02 06:22:40.057 10 INFO neutron.wsgi [None req-20a50f9b-eef4-48b8-9a63-a084a5de3d66 6652d1a75da24b978f1ffade6cd89e07 79454355386e4b6fa549c4d1b13953ec - - default default] 10.0.0.113 "GET /v2.0/floatingips/ebf9350f-1664-4c52-8263-bba7126fceaa/tags HTTP/1.1" status: 200 len: 245 time: 0.0368669
2026-07-02 06:22:40.078 9 INFO neutron.wsgi [req-a9cc8ce6-9c9a-4164-ab0c-7e62ff55c825 req-92ccf68b-eea8-469a-9a6d-432bfd1775ec 44f9fc947be441caab831b744dde8ad6 431f6c9a3dcd4add9521adb805be1cd6 - - default default] 199.204.45.116 "GET /v2.0/networks?id=dc63388d-2470-4da2-b959-c9f1abc8d29b HTTP/1.1" status: 200 len: 1002 time: 0.1025388
2026-07-02 06:22:40.115 10 INFO neutron.wsgi [None req-9b52d23d-1686-48a7-b607-3100c972130b 6652d1a75da24b978f1ffade6cd89e07 79454355386e4b6fa549c4d1b13953ec - - default default] 10.0.0.113 "PUT /v2.0/floatingips/ebf9350f-1664-4c52-8263-bba7126fceaa/tags HTTP/1.1" status: 200 len: 230 time: 0.0476995
2026-07-02 06:22:40.134 10 INFO neutron.wsgi [None req-2aaa4dfd-2716-42c9-af77-fefac50e5dfc 37784cb9bc8b47079986b9411d077228 1ca173bbd6e440d4a114d8d59a528e27 - - default default] 10.0.0.113 "DELETE /v2.0/qos/policies/bdf400a4-15da-4fbb-8322-9972fe7c1eee HTTP/1.1" status: 204 len: 168 time: 0.0997884
2026-07-02 06:22:40.151 10 INFO neutron.wsgi [None req-b38b0b1c-87f2-4aa1-9365-fabb21403ce7 6652d1a75da24b978f1ffade6cd89e07 79454355386e4b6fa549c4d1b13953ec - - default default] 10.0.0.113 "GET /v2.0/floatingips/ebf9350f-1664-4c52-8263-bba7126fceaa/tags HTTP/1.1" status: 200 len: 230 time: 0.0293124
2026-07-02 06:22:40.198 10 INFO neutron.wsgi [None req-f0ad3cf6-1d45-495a-92c4-fe1ee89f1290 6652d1a75da24b978f1ffade6cd89e07 79454355386e4b6fa549c4d1b13953ec - - default default] 10.0.0.113 "GET /v2.0/floatingips/ebf9350f-1664-4c52-8263-bba7126fceaa/tags/red HTTP/1.1" status: 204 len: 168 time: 0.0412633
2026-07-02 06:22:40.251 10 INFO neutron.api.v2.resource [None req-5a28cef7-9ed3-4696-9ab4-39cb3ff9c412 6652d1a75da24b978f1ffade6cd89e07 79454355386e4b6fa549c4d1b13953ec - - default default] show failed (client error): The resource could not be found.
2026-07-02 06:22:40.253 10 INFO neutron.wsgi [None req-5a28cef7-9ed3-4696-9ab4-39cb3ff9c412 6652d1a75da24b978f1ffade6cd89e07 79454355386e4b6fa549c4d1b13953ec - - default default] 10.0.0.113 "GET /v2.0/floatingips/ebf9350f-1664-4c52-8263-bba7126fceaa/tags/green HTTP/1.1" status: 404 len: 299 time: 0.0477779
2026-07-02 06:22:40.323 10 INFO neutron.wsgi [None req-fbd935be-9b2b-4ca9-9d34-be90f5f0c848 6652d1a75da24b978f1ffade6cd89e07 79454355386e4b6fa549c4d1b13953ec - - default default] 10.0.0.113 "DELETE /v2.0/floatingips/ebf9350f-1664-4c52-8263-bba7126fceaa/tags/red HTTP/1.1" status: 204 len: 168 time: 0.0642254
2026-07-02 06:22:40.367 10 INFO neutron.wsgi [None req-9e9e6583-5dea-4be7-a02b-2bd0e8084c1a 6652d1a75da24b978f1ffade6cd89e07 79454355386e4b6fa549c4d1b13953ec - - default default] 10.0.0.113 "GET /v2.0/floatingips/ebf9350f-1664-4c52-8263-bba7126fceaa/tags HTTP/1.1" status: 200 len: 223 time: 0.0373561
2026-07-02 06:22:40.441 9 INFO neutron.api.v2.resource [None req-80ea4fbd-9ffe-4150-8821-072d7395af8b 6652d1a75da24b978f1ffade6cd89e07 79454355386e4b6fa549c4d1b13953ec - - default default] delete failed (client error): The resource could not be found.
2026-07-02 06:22:40.443 9 INFO neutron.wsgi [None req-80ea4fbd-9ffe-4150-8821-072d7395af8b 6652d1a75da24b978f1ffade6cd89e07 79454355386e4b6fa549c4d1b13953ec - - default default] 10.0.0.113 "DELETE /v2.0/floatingips/ebf9350f-1664-4c52-8263-bba7126fceaa/tags/green HTTP/1.1" status: 404 len: 299 time: 0.0502448
2026-07-02 06:22:40.503 10 INFO neutron.wsgi [None req-767f8475-91a3-43bd-b204-b91ed41bf882 6652d1a75da24b978f1ffade6cd89e07 79454355386e4b6fa549c4d1b13953ec - - default default] 10.0.0.113 "DELETE /v2.0/floatingips/ebf9350f-1664-4c52-8263-bba7126fceaa/tags HTTP/1.1" status: 204 len: 168 time: 0.0546076
2026-07-02 06:22:40.508 9 WARNING neutron.scheduler.dhcp_agent_scheduler [req-a9cc8ce6-9c9a-4164-ab0c-7e62ff55c825 req-029f0dd6-6c22-4578-8fee-4f680ab384d2 44f9fc947be441caab831b744dde8ad6 431f6c9a3dcd4add9521adb805be1cd6 - - default default] No more DHCP agents
2026-07-02 06:22:40.514 9 WARNING neutron.api.rpc.agentnotifiers.dhcp_rpc_agent_api [req-a9cc8ce6-9c9a-4164-ab0c-7e62ff55c825 req-029f0dd6-6c22-4578-8fee-4f680ab384d2 44f9fc947be441caab831b744dde8ad6 431f6c9a3dcd4add9521adb805be1cd6 - - default default] Unable to schedule network dc63388d-2470-4da2-b959-c9f1abc8d29b: no agents available; will retry on subsequent port and subnet creation events.
2026-07-02 06:22:40.569 10 INFO neutron.wsgi [None req-53c3bf85-fb0c-4e5e-b151-0217166eeecd 6652d1a75da24b978f1ffade6cd89e07 79454355386e4b6fa549c4d1b13953ec - - default default] 10.0.0.113 "GET /v2.0/floatingips/ebf9350f-1664-4c52-8263-bba7126fceaa/tags HTTP/1.1" status: 200 len: 205 time: 0.0619831
2026-07-02 06:22:40.741 9 INFO neutron.db.ovn_revision_numbers_db [req-a9cc8ce6-9c9a-4164-ab0c-7e62ff55c825 req-029f0dd6-6c22-4578-8fee-4f680ab384d2 44f9fc947be441caab831b744dde8ad6 431f6c9a3dcd4add9521adb805be1cd6 - - default default] Successfully bumped revision number for resource b5bf3cf2-0da7-4b4e-a5a4-7005fb3a6801 (type: ports) to 1
2026-07-02 06:22:40.775 9 INFO neutron.wsgi [req-a9cc8ce6-9c9a-4164-ab0c-7e62ff55c825 req-029f0dd6-6c22-4578-8fee-4f680ab384d2 44f9fc947be441caab831b744dde8ad6 431f6c9a3dcd4add9521adb805be1cd6 - - default default] 199.204.45.116 "POST /v2.0/ports HTTP/1.1" status: 201 len: 1504 time: 0.6903460 /var/lib/openstack/lib/python3.10/site-packages/pycadf/identifier.py:71: UserWarning: Invalid uuid: neutron. To ensure interoperability, identifiers should be a valid uuid. warnings.warn(('Invalid uuid: %s. To ensure interoperability, '
2026-07-02 06:22:41.009 10 INFO neutron.wsgi [None req-d95e4152-84dc-40bc-ae0b-08e8b03690b5 6652d1a75da24b978f1ffade6cd89e07 79454355386e4b6fa549c4d1b13953ec - - default default] 10.0.0.113 "DELETE /v2.0/floatingips/ebf9350f-1664-4c52-8263-bba7126fceaa HTTP/1.1" status: 204 len: 168 time: 0.4330211
2026-07-02 06:22:41.399 9 INFO neutron.db.ovn_revision_numbers_db [req-a9cc8ce6-9c9a-4164-ab0c-7e62ff55c825 req-bc9de473-2505-4073-b250-4313c0bb4606 36cb207628f24e0bb91735a54da13e4f 9bbd05abb27045078316e40e7d0fef1e - - d806d7c638f94797abab49074542b48d d806d7c638f94797abab49074542b48d] Successfully bumped revision number for resource b5bf3cf2-0da7-4b4e-a5a4-7005fb3a6801 (type: ports) to 2
2026-07-02 06:22:41.510 10 INFO neutron.db.ovn_revision_numbers_db [None req-cffb9219-2730-4a1c-b16a-fa4bc8900b5e 44f9fc947be441caab831b744dde8ad6 431f6c9a3dcd4add9521adb805be1cd6 - - default default] Successfully bumped revision number for resource 5d3b4da0-17e1-4dc3-b8a8-7b53a671193b (type: security_groups) to 1
2026-07-02 06:22:41.528 10 INFO neutron.db.ovn_revision_numbers_db [None req-cffb9219-2730-4a1c-b16a-fa4bc8900b5e 44f9fc947be441caab831b744dde8ad6 431f6c9a3dcd4add9521adb805be1cd6 - - default default] Successfully bumped revision number for resource 22210d7e-47c0-42a9-9813-bc0480b0c88d (type: security_group_rules) to 0
