2026-07-02 06:21:03.068 10 INFO neutron.db.ovn_revision_numbers_db [None req-66d1a36a-7866-4045-8a4d-6df0f8440b09 44f9fc947be441caab831b744dde8ad6 431f6c9a3dcd4add9521adb805be1cd6 - - default default] Successfully bumped revision number for resource 9b4580c1-0820-4e78-b51a-131453c42a0b (type: security_group_rules) to 0
2026-07-02 06:21:03.090 10 INFO neutron.wsgi [None req-66d1a36a-7866-4045-8a4d-6df0f8440b09 44f9fc947be441caab831b744dde8ad6 431f6c9a3dcd4add9521adb805be1cd6 - - default default] 10.0.0.113 "GET /v2.0/security-groups?tenant_id=cd6234aeb3584574b78404d1098c42c8&name=default HTTP/1.1" status: 200 len: 2996 time: 0.3747282
2026-07-02 06:21:03.166 9 INFO neutron.db.ovn_revision_numbers_db [None req-a0a867f8-36de-4d27-859c-f7649191e03f 44f9fc947be441caab831b744dde8ad6 431f6c9a3dcd4add9521adb805be1cd6 - - default default] Successfully bumped revision number for resource 9600f2c5-902f-4fa7-bc76-a7c32db1fcfa (type: ports) to 2
2026-07-02 06:21:03.178 9 INFO neutron.wsgi [None req-a0a867f8-36de-4d27-859c-f7649191e03f 44f9fc947be441caab831b744dde8ad6 431f6c9a3dcd4add9521adb805be1cd6 - - default default] 199.204.45.116 "PUT /v2.0/ports/9600f2c5-902f-4fa7-bc76-a7c32db1fcfa HTTP/1.1" status: 200 len: 1328 time: 0.3511679 /var/lib/openstack/lib/python3.10/site-packages/pycadf/identifier.py:71: UserWarning: Invalid uuid: neutron. To ensure interoperability, identifiers should be a valid uuid. warnings.warn(('Invalid uuid: %s. To ensure interoperability, '
2026-07-02 06:21:03.255 9 INFO neutron.wsgi [None req-9ac11596-dadb-4097-ac05-fb959f01cd78 44f9fc947be441caab831b744dde8ad6 431f6c9a3dcd4add9521adb805be1cd6 - - default default] 199.204.45.116 "GET /v2.0/extensions/security-group HTTP/1.1" status: 200 len: 369 time: 0.0081344
2026-07-02 06:21:03.275 9 INFO neutron.wsgi [None req-53a8455d-c7d7-4fe9-853e-ead4dddc569b 44f9fc947be441caab831b744dde8ad6 431f6c9a3dcd4add9521adb805be1cd6 - - default default] 199.204.45.116 "GET /v2.0/extensions/dns-integration HTTP/1.1" status: 200 len: 371 time: 0.0098598
2026-07-02 06:21:03.294 9 INFO neutron.wsgi [None req-a561091a-b5a3-4b6c-9289-621ecff3ff02 44f9fc947be441caab831b744dde8ad6 431f6c9a3dcd4add9521adb805be1cd6 - - default default] 199.204.45.116 "GET /v2.0/extensions/qos HTTP/1.1" status: 200 len: 365 time: 0.0083237
2026-07-02 06:21:03.305 9 INFO neutron.wsgi [None req-cae71a82-9b9c-4519-8769-c165297559bf 44f9fc947be441caab831b744dde8ad6 431f6c9a3dcd4add9521adb805be1cd6 - - default default] 199.204.45.116 "GET /v2.0/extensions/allowed-address-pairs HTTP/1.1" status: 200 len: 383 time: 0.0058711
2026-07-02 06:21:03.339 10 INFO neutron.wsgi [None req-a9f0871b-900e-49c7-9b7e-487f3a6263ba 44f9fc947be441caab831b744dde8ad6 431f6c9a3dcd4add9521adb805be1cd6 - - default default] 10.0.0.113 "DELETE /v2.0/security-groups/4741ffe7-41ec-452e-92d3-db93da7fff10 HTTP/1.1" status: 204 len: 168 time: 0.2412651
2026-07-02 06:21:03.369 9 INFO neutron.wsgi [None req-455d4594-fdbf-4511-aa20-b96797bbf638 44f9fc947be441caab831b744dde8ad6 431f6c9a3dcd4add9521adb805be1cd6 - - default default] 199.204.45.116 "GET /v2.0/subnets/01016e13-103c-46b4-913c-c9a0cec9801e HTTP/1.1" status: 200 len: 851 time: 0.0508454
2026-07-02 06:21:03.613 9 INFO neutron.db.ovn_revision_numbers_db [None req-14a7ce79-cab2-4073-aca2-acb458363261 44f9fc947be441caab831b744dde8ad6 431f6c9a3dcd4add9521adb805be1cd6 - - default default] Successfully bumped revision number for resource 48801867-f871-4cd9-929d-9ee4cf241a2a (type: security_groups) to 1
2026-07-02 06:21:03.643 9 INFO neutron.db.ovn_revision_numbers_db [None req-14a7ce79-cab2-4073-aca2-acb458363261 44f9fc947be441caab831b744dde8ad6 431f6c9a3dcd4add9521adb805be1cd6 - - default default] Successfully bumped revision number for resource 093b15fe-7de7-4409-9a32-fece5cd7fe0c (type: security_group_rules) to 0
2026-07-02 06:21:03.687 9 INFO neutron.db.ovn_revision_numbers_db [None req-14a7ce79-cab2-4073-aca2-acb458363261 44f9fc947be441caab831b744dde8ad6 431f6c9a3dcd4add9521adb805be1cd6 - - default default] Successfully bumped revision number for resource 33af80d3-705f-4e89-85ab-f7b678aacd95 (type: security_group_rules) to 0
2026-07-02 06:21:03.711 9 INFO neutron.db.ovn_revision_numbers_db [None req-14a7ce79-cab2-4073-aca2-acb458363261 44f9fc947be441caab831b744dde8ad6 431f6c9a3dcd4add9521adb805be1cd6 - - default default] Successfully bumped revision number for resource c035632f-b644-44b9-95dd-cf80dd23c4c0 (type: security_group_rules) to 0
2026-07-02 06:21:03.732 9 INFO neutron.db.ovn_revision_numbers_db [None req-14a7ce79-cab2-4073-aca2-acb458363261 44f9fc947be441caab831b744dde8ad6 431f6c9a3dcd4add9521adb805be1cd6 - - default default] Successfully bumped revision number for resource de89003f-8dd1-4d35-9b91-fd86674d27f8 (type: security_group_rules) to 0
2026-07-02 06:21:03.773 9 INFO neutron.wsgi [None req-14a7ce79-cab2-4073-aca2-acb458363261 44f9fc947be441caab831b744dde8ad6 431f6c9a3dcd4add9521adb805be1cd6 - - default default] 10.0.0.113 "GET /v2.0/security-groups?tenant_id=dc3676121d504fd183cddf23a8433489&name=default HTTP/1.1" status: 200 len: 2996 time: 0.4621422
2026-07-02 06:21:03.987 10 INFO neutron.wsgi [None req-abaa6a4d-c4fe-4c53-ba64-56683015988a 44f9fc947be441caab831b744dde8ad6 431f6c9a3dcd4add9521adb805be1cd6 - - default default] 10.0.0.113 "DELETE /v2.0/security-groups/48801867-f871-4cd9-929d-9ee4cf241a2a HTTP/1.1" status: 204 len: 168 time: 0.2093437
2026-07-02 06:21:05.061 9 INFO neutron.wsgi [-] 10.0.0.111 "GET / HTTP/1.1" status: 200 len: 246 time: 0.0015168
2026-07-02 06:21:05.065 10 INFO neutron.wsgi [-] 10.0.0.111 "GET / HTTP/1.1" status: 200 len: 246 time: 0.0052731
2026-07-02 06:21:05.490 9 INFO neutron.db.ovn_revision_numbers_db [None req-2bcdc048-e86c-42c2-943e-a66ed123ba3b 44f9fc947be441caab831b744dde8ad6 431f6c9a3dcd4add9521adb805be1cd6 - - default default] Successfully bumped revision number for resource 1d5e61cb-67b7-4217-a927-eeff874a3097 (type: security_groups) to 1
2026-07-02 06:21:05.509 9 INFO neutron.db.ovn_revision_numbers_db [None req-2bcdc048-e86c-42c2-943e-a66ed123ba3b 44f9fc947be441caab831b744dde8ad6 431f6c9a3dcd4add9521adb805be1cd6 - - default default] Successfully bumped revision number for resource 0fc9fb81-f291-4698-8422-51738b5189ca (type: security_group_rules) to 0
2026-07-02 06:21:05.524 9 INFO neutron.db.ovn_revision_numbers_db [None req-2bcdc048-e86c-42c2-943e-a66ed123ba3b 44f9fc947be441caab831b744dde8ad6 431f6c9a3dcd4add9521adb805be1cd6 - - default default] Successfully bumped revision number for resource 2088ef36-c060-47cb-9fcd-cab7f21066b7 (type: security_group_rules) to 0
2026-07-02 06:21:05.543 9 INFO neutron.db.ovn_revision_numbers_db [None req-2bcdc048-e86c-42c2-943e-a66ed123ba3b 44f9fc947be441caab831b744dde8ad6 431f6c9a3dcd4add9521adb805be1cd6 - - default default] Successfully bumped revision number for resource b556a261-dc20-4f93-aed3-facc21840751 (type: security_group_rules) to 0
2026-07-02 06:21:05.572 9 INFO neutron.db.ovn_revision_numbers_db [None req-2bcdc048-e86c-42c2-943e-a66ed123ba3b 44f9fc947be441caab831b744dde8ad6 431f6c9a3dcd4add9521adb805be1cd6 - - default default] Successfully bumped revision number for resource daf7b9ef-4b6e-4a77-82c2-856abbc8162a (type: security_group_rules) to 0
2026-07-02 06:21:05.632 9 INFO neutron.db.segments_db [None req-2bcdc048-e86c-42c2-943e-a66ed123ba3b 44f9fc947be441caab831b744dde8ad6 431f6c9a3dcd4add9521adb805be1cd6 - - default default] Added segment 8058612c-5075-4db1-9494-2fbd4dd01d60 of type geneve for network a3a28305-89c5-43a0-adbe-979536fa682e
2026-07-02 06:21:05.856 9 INFO neutron.db.ovn_revision_numbers_db [None req-2bcdc048-e86c-42c2-943e-a66ed123ba3b 44f9fc947be441caab831b744dde8ad6 431f6c9a3dcd4add9521adb805be1cd6 - - default default] Successfully bumped revision number for resource a3a28305-89c5-43a0-adbe-979536fa682e (type: networks) to 1
2026-07-02 06:21:06.056 9 WARNING neutron.scheduler.dhcp_agent_scheduler [None req-2bcdc048-e86c-42c2-943e-a66ed123ba3b 44f9fc947be441caab831b744dde8ad6 431f6c9a3dcd4add9521adb805be1cd6 - - default default] No more DHCP agents
2026-07-02 06:21:06.058 9 WARNING neutron.api.rpc.agentnotifiers.dhcp_rpc_agent_api [None req-2bcdc048-e86c-42c2-943e-a66ed123ba3b 44f9fc947be441caab831b744dde8ad6 431f6c9a3dcd4add9521adb805be1cd6 - - default default] Unable to schedule network a3a28305-89c5-43a0-adbe-979536fa682e: no agents available; will retry on subsequent port and subnet creation events.
2026-07-02 06:21:06.180 9 INFO neutron.db.ovn_revision_numbers_db [None req-2bcdc048-e86c-42c2-943e-a66ed123ba3b 44f9fc947be441caab831b744dde8ad6 431f6c9a3dcd4add9521adb805be1cd6 - - default default] Successfully bumped revision number for resource c0fe7375-7d82-46c5-9db7-5d7086d29f39 (type: ports) to 1
2026-07-02 06:21:06.217 9 INFO neutron.wsgi [None req-2bcdc048-e86c-42c2-943e-a66ed123ba3b 44f9fc947be441caab831b744dde8ad6 431f6c9a3dcd4add9521adb805be1cd6 - - default default] 10.0.0.113 "POST /v2.0/networks HTTP/1.1" status: 201 len: 943 time: 1.0481465
2026-07-02 06:21:06.444 10 WARNING neutron.scheduler.dhcp_agent_scheduler [None req-6e8f7dc5-2dc7-4e54-99d0-bd5e550d15f2 44f9fc947be441caab831b744dde8ad6 431f6c9a3dcd4add9521adb805be1cd6 - - default default] No more DHCP agents
2026-07-02 06:21:06.446 10 WARNING neutron.api.rpc.agentnotifiers.dhcp_rpc_agent_api [None req-6e8f7dc5-2dc7-4e54-99d0-bd5e550d15f2 44f9fc947be441caab831b744dde8ad6 431f6c9a3dcd4add9521adb805be1cd6 - - default default] Unable to schedule network a3a28305-89c5-43a0-adbe-979536fa682e: no agents available; will retry on subsequent port and subnet creation events.
2026-07-02 06:21:06.994 10 INFO neutron.db.ovn_revision_numbers_db [None req-6e8f7dc5-2dc7-4e54-99d0-bd5e550d15f2 44f9fc947be441caab831b744dde8ad6 431f6c9a3dcd4add9521adb805be1cd6 - - default default] Successfully bumped revision number for resource c0fe7375-7d82-46c5-9db7-5d7086d29f39 (type: ports) to 2
2026-07-02 06:21:07.034 10 INFO neutron.db.ovn_revision_numbers_db [None req-6e8f7dc5-2dc7-4e54-99d0-bd5e550d15f2 44f9fc947be441caab831b744dde8ad6 431f6c9a3dcd4add9521adb805be1cd6 - - default default] Successfully bumped revision number for resource 4284a650-3de8-431f-8a1d-14001faf2971 (type: subnets) to 0
2026-07-02 06:21:07.052 10 INFO neutron.wsgi [None req-6e8f7dc5-2dc7-4e54-99d0-bd5e550d15f2 44f9fc947be441caab831b744dde8ad6 431f6c9a3dcd4add9521adb805be1cd6 - - default default] 10.0.0.113 "POST /v2.0/subnets HTTP/1.1" status: 201 len: 863 time: 0.8212018
2026-07-02 06:21:07.142 10 WARNING neutron_lib.context [None req-39196676-5560-4fe0-95ab-a5ee86ffbc56 50be945b60ac4a31b879962372c0e69c d66cf89f4ffb4347a455629c108c3058 - - default default] Method 'is_advsvc' is deprecated since 2023.2 release (neutron-lib 3.8.0) and will be removed once support for the old RBAC API policies will be removed from Neutron. Please use method 'is_service_role' instead.
2026-07-02 06:21:07.445 10 INFO neutron.db.ovn_revision_numbers_db [None req-39196676-5560-4fe0-95ab-a5ee86ffbc56 50be945b60ac4a31b879962372c0e69c d66cf89f4ffb4347a455629c108c3058 - - default default] Successfully bumped revision number for resource 15c625ca-00fe-4d08-a0bb-6cb6fad4ee9a (type: security_groups) to 1
2026-07-02 06:21:07.474 10 INFO neutron.db.ovn_revision_numbers_db [None req-39196676-5560-4fe0-95ab-a5ee86ffbc56 50be945b60ac4a31b879962372c0e69c d66cf89f4ffb4347a455629c108c3058 - - default default] Successfully bumped revision number for resource 367f9ba2-9195-4786-af64-bce3db869008 (type: security_group_rules) to 0
2026-07-02 06:21:07.491 10 INFO neutron.db.ovn_revision_numbers_db [None req-39196676-5560-4fe0-95ab-a5ee86ffbc56 50be945b60ac4a31b879962372c0e69c d66cf89f4ffb4347a455629c108c3058 - - default default] Successfully bumped revision number for resource 55b41919-8584-46f0-a15e-ee4d8381dcc0 (type: security_group_rules) to 0
2026-07-02 06:21:07.522 10 INFO neutron.db.ovn_revision_numbers_db [None req-39196676-5560-4fe0-95ab-a5ee86ffbc56 50be945b60ac4a31b879962372c0e69c d66cf89f4ffb4347a455629c108c3058 - - default default] Successfully bumped revision number for resource 8d26f795-2f1a-445b-b633-7be87bb23478 (type: security_group_rules) to 0
2026-07-02 06:21:07.552 10 INFO neutron.db.ovn_revision_numbers_db [None req-39196676-5560-4fe0-95ab-a5ee86ffbc56 50be945b60ac4a31b879962372c0e69c d66cf89f4ffb4347a455629c108c3058 - - default default] Successfully bumped revision number for resource dee0d367-2dd4-485e-b291-09558fce19ba (type: security_group_rules) to 0
2026-07-02 06:21:07.605 10 INFO neutron.db.segments_db [None req-39196676-5560-4fe0-95ab-a5ee86ffbc56 50be945b60ac4a31b879962372c0e69c d66cf89f4ffb4347a455629c108c3058 - - default default] Added segment 39754e00-83b7-42da-bf31-254874ac0152 of type geneve for network c6b12523-c454-451d-8ce9-54f1c1852e9d
2026-07-02 06:21:07.661 10 WARNING neutron.scheduler.dhcp_agent_scheduler [None req-a057bb2d-f228-469d-82a3-8262aab25875 44f9fc947be441caab831b744dde8ad6 431f6c9a3dcd4add9521adb805be1cd6 - - default default] No more DHCP agents
2026-07-02 06:21:07.668 10 WARNING neutron.api.rpc.agentnotifiers.dhcp_rpc_agent_api [None req-a057bb2d-f228-469d-82a3-8262aab25875 44f9fc947be441caab831b744dde8ad6 431f6c9a3dcd4add9521adb805be1cd6 - - default default] Unable to schedule network 434026b2-6e27-4ded-bc50-5dd99f22e9f7: no agents available; will retry on subsequent port and subnet creation events.
2026-07-02 06:21:07.826 10 INFO neutron.db.ovn_revision_numbers_db [None req-39196676-5560-4fe0-95ab-a5ee86ffbc56 50be945b60ac4a31b879962372c0e69c d66cf89f4ffb4347a455629c108c3058 - - default default] Successfully bumped revision number for resource c6b12523-c454-451d-8ce9-54f1c1852e9d (type: networks) to 1
2026-07-02 06:21:07.944 10 INFO neutron.db.ovn_revision_numbers_db [None req-a057bb2d-f228-469d-82a3-8262aab25875 44f9fc947be441caab831b744dde8ad6 431f6c9a3dcd4add9521adb805be1cd6 - - default default] Successfully bumped revision number for resource 9c756391-e1d0-4e31-b472-e66a451c6d68 (type: ports) to 1
2026-07-02 06:21:08.064 10 WARNING neutron.scheduler.dhcp_agent_scheduler [None req-39196676-5560-4fe0-95ab-a5ee86ffbc56 50be945b60ac4a31b879962372c0e69c d66cf89f4ffb4347a455629c108c3058 - - default default] No more DHCP agents
2026-07-02 06:21:08.079 10 WARNING neutron.api.rpc.agentnotifiers.dhcp_rpc_agent_api [None req-39196676-5560-4fe0-95ab-a5ee86ffbc56 50be945b60ac4a31b879962372c0e69c d66cf89f4ffb4347a455629c108c3058 - - default default] Unable to schedule network c6b12523-c454-451d-8ce9-54f1c1852e9d: no agents available; will retry on subsequent port and subnet creation events.
2026-07-02 06:21:08.452 10 INFO neutron.db.ovn_revision_numbers_db [None req-39196676-5560-4fe0-95ab-a5ee86ffbc56 50be945b60ac4a31b879962372c0e69c d66cf89f4ffb4347a455629c108c3058 - - default default] Successfully bumped revision number for resource 9947aa1a-c7cb-4056-af04-47baf9d5a725 (type: ports) to 1
2026-07-02 06:21:08.484 10 INFO neutron.wsgi [None req-39196676-5560-4fe0-95ab-a5ee86ffbc56 50be945b60ac4a31b879962372c0e69c d66cf89f4ffb4347a455629c108c3058 - - default default] 10.0.0.113 "POST /v2.0/networks HTTP/1.1" status: 201 len: 832 time: 1.6002054
2026-07-02 06:21:08.493 10 WARNING neutron_lib.context [None req-7b0062fd-f652-45fc-9ebd-571154a5e9b9 50be945b60ac4a31b879962372c0e69c d66cf89f4ffb4347a455629c108c3058 - - default default] Method 'is_advsvc' is deprecated since 2023.2 release (neutron-lib 3.8.0) and will be removed once support for the old RBAC API policies will be removed from Neutron. Please use method 'is_service_role' instead.
2026-07-02 06:21:09.006 9 INFO neutron.plugins.ml2.drivers.ovn.mech_driver.mech_driver [None req-474cecf2-bd82-41f3-916e-ad8bc4a73b8f - - - - - -] OVN reports status up for port: 9c756391-e1d0-4e31-b472-e66a451c6d68
2026-07-02 06:21:09.009 9 INFO neutron.plugins.ml2.drivers.ovn.mech_driver.ovsdb.ovsdb_monitor [None req-d3e58004-f11d-43a1-9798-4df2b9b02531 - - - - - -] Router 1b620ec6-d7fa-4cf3-8d46-2df5f84ef0eb is bound to host instance
2026-07-02 06:21:09.038 9 INFO neutron.plugins.ml2.plugin [None req-474cecf2-bd82-41f3-916e-ad8bc4a73b8f - - - - - -] Attempt 1 to provision port 9c756391-e1d0-4e31-b472-e66a451c6d68
2026-07-02 06:21:09.061 10 INFO neutron.db.ovn_revision_numbers_db [None req-a057bb2d-f228-469d-82a3-8262aab25875 44f9fc947be441caab831b744dde8ad6 431f6c9a3dcd4add9521adb805be1cd6 - - default default] Successfully bumped revision number for resource 9c756391-e1d0-4e31-b472-e66a451c6d68 (type: router_ports) to 1
2026-07-02 06:21:09.144 10 WARNING neutron.scheduler.dhcp_agent_scheduler [None req-7b0062fd-f652-45fc-9ebd-571154a5e9b9 50be945b60ac4a31b879962372c0e69c d66cf89f4ffb4347a455629c108c3058 - - default default] No more DHCP agents
2026-07-02 06:21:09.149 10 WARNING neutron.api.rpc.agentnotifiers.dhcp_rpc_agent_api [None req-7b0062fd-f652-45fc-9ebd-571154a5e9b9 50be945b60ac4a31b879962372c0e69c d66cf89f4ffb4347a455629c108c3058 - - default default] Unable to schedule network 434026b2-6e27-4ded-bc50-5dd99f22e9f7: no agents available; will retry on subsequent port and subnet creation events.
2026-07-02 06:21:09.165 10 INFO neutron.db.ovn_revision_numbers_db [None req-a057bb2d-f228-469d-82a3-8262aab25875 44f9fc947be441caab831b744dde8ad6 431f6c9a3dcd4add9521adb805be1cd6 - - default default] Successfully bumped revision number for resource 1b620ec6-d7fa-4cf3-8d46-2df5f84ef0eb (type: routers) to 2
2026-07-02 06:21:09.184 10 INFO neutron.wsgi [None req-a057bb2d-f228-469d-82a3-8262aab25875 44f9fc947be441caab831b744dde8ad6 431f6c9a3dcd4add9521adb805be1cd6 - - default default] 10.0.0.113 "POST /v2.0/routers HTTP/1.1" status: 201 len: 874 time: 2.1268716
2026-07-02 06:21:09.420 10 INFO neutron.db.ovn_revision_numbers_db [None req-7b0062fd-f652-45fc-9ebd-571154a5e9b9 50be945b60ac4a31b879962372c0e69c d66cf89f4ffb4347a455629c108c3058 - - default default] Successfully bumped revision number for resource cc3d17bd-41b9-41fc-9374-41216ae21076 (type: ports) to 1
2026-07-02 06:21:10.007 9 INFO neutron.db.ovn_revision_numbers_db [None req-d3e58004-f11d-43a1-9798-4df2b9b02531 - - - - - -] Successfully bumped revision number for resource 9c756391-e1d0-4e31-b472-e66a451c6d68 (type: ports) to 1
2026-07-02 06:21:10.089 10 INFO neutron.wsgi [req-b477070b-e2b8-4ccb-a44d-ec344247a934 req-9fa906d1-289b-472e-9933-bb8268eee57c 36cb207628f24e0bb91735a54da13e4f 9bbd05abb27045078316e40e7d0fef1e - - d806d7c638f94797abab49074542b48d d806d7c638f94797abab49074542b48d] 199.204.45.116 "GET /v2.0/ports?device_id=4655986d-34c4-41e7-8c24-03cab871e7b8&fields=binding%3Ahost_id&fields=binding%3Avif_type HTTP/1.1" status: 200 len: 265 time: 0.4041793
2026-07-02 06:21:10.223 10 WARNING neutron.scheduler.dhcp_agent_scheduler [None req-dba6d8a9-16d3-48fc-933f-2b987aacfcbf 44f9fc947be441caab831b744dde8ad6 431f6c9a3dcd4add9521adb805be1cd6 - - default default] No more DHCP agents
2026-07-02 06:21:10.229 10 WARNING neutron.api.rpc.agentnotifiers.dhcp_rpc_agent_api [None req-dba6d8a9-16d3-48fc-933f-2b987aacfcbf 44f9fc947be441caab831b744dde8ad6 431f6c9a3dcd4add9521adb805be1cd6 - - default default] Unable to schedule network a3a28305-89c5-43a0-adbe-979536fa682e: no agents available; will retry on subsequent port and subnet creation events.
2026-07-02 06:21:10.247 9 INFO neutron.db.ovn_revision_numbers_db [None req-d3e58004-f11d-43a1-9798-4df2b9b02531 - - - - - -] Successfully bumped revision number for resource 9c756391-e1d0-4e31-b472-e66a451c6d68 (type: router_ports) to 3
2026-07-02 06:21:10.260 10 INFO neutron.wsgi [req-b477070b-e2b8-4ccb-a44d-ec344247a934 req-b71fddfa-141a-466a-bb19-e84e1d085818 36cb207628f24e0bb91735a54da13e4f 9bbd05abb27045078316e40e7d0fef1e - - d806d7c638f94797abab49074542b48d d806d7c638f94797abab49074542b48d] 199.204.45.116 "GET /v2.0/ports?tenant_id=effe0de92263445882ef221ade172aba&device_id=4655986d-34c4-41e7-8c24-03cab871e7b8 HTTP/1.1" status: 200 len: 1634 time: 0.0801320
2026-07-02 06:21:10.405 10 INFO neutron.wsgi [req-b477070b-e2b8-4ccb-a44d-ec344247a934 req-b27f12e6-1f9c-4ad6-b2a5-839451c05fcf 36cb207628f24e0bb91735a54da13e4f 9bbd05abb27045078316e40e7d0fef1e - - d806d7c638f94797abab49074542b48d d806d7c638f94797abab49074542b48d] 199.204.45.116 "GET /v2.0/networks?id=dc63388d-2470-4da2-b959-c9f1abc8d29b HTTP/1.1" status: 200 len: 1002 time: 0.1207423
2026-07-02 06:21:10.451 9 INFO neutron.db.ovn_revision_numbers_db [None req-d3e58004-f11d-43a1-9798-4df2b9b02531 - - - - - -] Successfully bumped revision number for resource 9c756391-e1d0-4e31-b472-e66a451c6d68 (type: ports) to 2
2026-07-02 06:21:10.497 10 INFO neutron.wsgi [req-b477070b-e2b8-4ccb-a44d-ec344247a934 req-03b87b49-8365-42cf-9ac4-d98b3cc20c7f 36cb207628f24e0bb91735a54da13e4f 9bbd05abb27045078316e40e7d0fef1e - - d806d7c638f94797abab49074542b48d d806d7c638f94797abab49074542b48d] 199.204.45.116 "GET /v2.0/floatingips?fixed_ip_address=10.2.1.29&port_id=eba5e90a-9d75-4d9e-93cf-977893b6a2c6 HTTP/1.1" status: 200 len: 1058 time: 0.0857503
2026-07-02 06:21:10.555 10 INFO neutron.wsgi [req-b477070b-e2b8-4ccb-a44d-ec344247a934 req-9ed6996d-1088-45bf-a38d-5ef44b5b5b2f 36cb207628f24e0bb91735a54da13e4f 9bbd05abb27045078316e40e7d0fef1e - - d806d7c638f94797abab49074542b48d d806d7c638f94797abab49074542b48d] 199.204.45.116 "GET /v2.0/floatingips?fixed_ip_address=fd7b%3Af9f7%3Afff%3A4eca%3A%3A131&port_id=eba5e90a-9d75-4d9e-93cf-977893b6a2c6 HTTP/1.1" status: 200 len: 217 time: 0.0525515
2026-07-02 06:21:10.609 10 INFO neutron.db.ovn_revision_numbers_db [None req-dba6d8a9-16d3-48fc-933f-2b987aacfcbf 44f9fc947be441caab831b744dde8ad6 431f6c9a3dcd4add9521adb805be1cd6 - - default default] Successfully bumped revision number for resource 400d7656-faf8-4f9b-bde8-111c5657b9b6 (type: ports) to 1
2026-07-02 06:21:10.620 10 INFO neutron.wsgi [req-b477070b-e2b8-4ccb-a44d-ec344247a934 req-30738824-9765-444a-8461-f6e7a129c5e6 36cb207628f24e0bb91735a54da13e4f 9bbd05abb27045078316e40e7d0fef1e - - d806d7c638f94797abab49074542b48d d806d7c638f94797abab49074542b48d] 199.204.45.116 "GET /v2.0/subnets?id=cdeb6ff0-2750-43cc-909d-5a8f42259291&id=38af8c6b-bf42-441c-a7f2-05a4456f7b69 HTTP/1.1" status: 200 len: 1562 time: 0.0556800
2026-07-02 06:21:10.671 10 INFO neutron.wsgi [req-b477070b-e2b8-4ccb-a44d-ec344247a934 req-1582ad85-f650-49ea-a744-8a6d626e2ef9 36cb207628f24e0bb91735a54da13e4f 9bbd05abb27045078316e40e7d0fef1e - - d806d7c638f94797abab49074542b48d d806d7c638f94797abab49074542b48d] 199.204.45.116 "GET /v2.0/ports?network_id=dc63388d-2470-4da2-b959-c9f1abc8d29b&device_owner=network%3Adhcp HTTP/1.1" status: 200 len: 210 time: 0.0379846
2026-07-02 06:21:10.709 10 INFO neutron.wsgi [req-b477070b-e2b8-4ccb-a44d-ec344247a934 req-d72bb02d-bfa4-44af-adda-68657ee04792 36cb207628f24e0bb91735a54da13e4f 9bbd05abb27045078316e40e7d0fef1e - - d806d7c638f94797abab49074542b48d d806d7c638f94797abab49074542b48d] 199.204.45.116 "GET /v2.0/ports?network_id=dc63388d-2470-4da2-b959-c9f1abc8d29b&device_owner=network%3Adhcp HTTP/1.1" status: 200 len: 210 time: 0.0290308
2026-07-02 06:21:10.809 10 INFO neutron.db.ovn_revision_numbers_db [None req-7b0062fd-f652-45fc-9ebd-571154a5e9b9 50be945b60ac4a31b879962372c0e69c d66cf89f4ffb4347a455629c108c3058 - - default default] Successfully bumped revision number for resource cc3d17bd-41b9-41fc-9374-41216ae21076 (type: router_ports) to 1
2026-07-02 06:21:10.813 9 INFO neutron.db.ovn_revision_numbers_db [None req-d3e58004-f11d-43a1-9798-4df2b9b02531 - - - - - -] Successfully bumped revision number for resource 9c756391-e1d0-4e31-b472-e66a451c6d68 (type: ports) to 4
2026-07-02 06:21:10.818 10 INFO neutron.wsgi [req-b477070b-e2b8-4ccb-a44d-ec344247a934 req-0a8a0b84-5977-4c06-b454-84af4e4c7191 36cb207628f24e0bb91735a54da13e4f 9bbd05abb27045078316e40e7d0fef1e - - d806d7c638f94797abab49074542b48d d806d7c638f94797abab49074542b48d] 199.204.45.116 "GET /v2.0/networks/dc63388d-2470-4da2-b959-c9f1abc8d29b?fields=segments HTTP/1.1" status: 200 len: 212 time: 0.1021745
2026-07-02 06:21:10.926 10 INFO neutron.wsgi [req-b477070b-e2b8-4ccb-a44d-ec344247a934 req-a7fcf157-4787-4138-9453-674b9f0ef17f 36cb207628f24e0bb91735a54da13e4f 9bbd05abb27045078316e40e7d0fef1e - - d806d7c638f94797abab49074542b48d d806d7c638f94797abab49074542b48d] 199.204.45.116 "GET /v2.0/networks/dc63388d-2470-4da2-b959-c9f1abc8d29b?fields=provider%3Aphysical_network&fields=provider%3Anetwork_type HTTP/1.1" status: 200 len: 277 time: 0.0906446
2026-07-02 06:21:10.933 10 INFO neutron.db.ovn_revision_numbers_db [None req-7b0062fd-f652-45fc-9ebd-571154a5e9b9 50be945b60ac4a31b879962372c0e69c d66cf89f4ffb4347a455629c108c3058 - - default default] Successfully bumped revision number for resource 47896a0d-a425-4ec6-8d0b-dd9bdf5e21ba (type: routers) to 2
2026-07-02 06:21:10.953 10 INFO neutron.wsgi [None req-7b0062fd-f652-45fc-9ebd-571154a5e9b9 50be945b60ac4a31b879962372c0e69c d66cf89f4ffb4347a455629c108c3058 - - default default] 10.0.0.113 "POST /v2.0/routers HTTP/1.1" status: 201 len: 874 time: 2.4646158
2026-07-02 06:21:11.025 10 INFO neutron.wsgi [None req-c1c63d83-e026-422e-8a1b-bce1eebdcc6c a7deb3012a424a3bb702a2970cc4ad8b cd3e383f5a374e56a63359dfdd9ba1f8 - - default default] 10.0.0.113 "GET /v2.0/subnets?project_id=d66cf89f4ffb4347a455629c108c3058&cidr=10.100.0.0%2F28 HTTP/1.1" status: 200 len: 207 time: 0.0653677
2026-07-02 06:21:11.046 9 INFO neutron.db.ovn_revision_numbers_db [None req-d3e58004-f11d-43a1-9798-4df2b9b02531 - - - - - -] Successfully bumped revision number for resource 9c756391-e1d0-4e31-b472-e66a451c6d68 (type: router_ports) to 4
2026-07-02 06:21:11.093 9 INFO neutron.plugins.ml2.drivers.ovn.mech_driver.ovsdb.ovsdb_monitor [None req-d3e58004-f11d-43a1-9798-4df2b9b02531 - - - - - -] Router 47896a0d-a425-4ec6-8d0b-dd9bdf5e21ba is bound to host instance
2026-07-02 06:21:11.144 10 INFO neutron.wsgi [None req-6c9e186a-db5d-4270-b180-7e76e02c892c a7deb3012a424a3bb702a2970cc4ad8b cd3e383f5a374e56a63359dfdd9ba1f8 - - default default] 10.0.0.113 "GET /v2.0/networks?router%3Aexternal=True HTTP/1.1" status: 200 len: 947 time: 0.0987282
2026-07-02 06:21:11.176 10 INFO neutron.wsgi [None req-2e9903cb-a46a-4656-92a4-3d6eeaec0e90 a7deb3012a424a3bb702a2970cc4ad8b cd3e383f5a374e56a63359dfdd9ba1f8 - - default default] 10.0.0.113 "GET /v2.0/subnets?network_id=434026b2-6e27-4ded-bc50-5dd99f22e9f7&cidr=10.100.0.0%2F28 HTTP/1.1" status: 200 len: 207 time: 0.0237405
2026-07-02 06:21:11.185 10 WARNING neutron_lib.context [None req-a268db7c-0d59-40fe-b21c-c82e5933f729 50be945b60ac4a31b879962372c0e69c d66cf89f4ffb4347a455629c108c3058 - - default default] Method 'is_advsvc' is deprecated since 2023.2 release (neutron-lib 3.8.0) and will be removed once support for the old RBAC API policies will be removed from Neutron. Please use method 'is_service_role' instead.
2026-07-02 06:21:11.263 10 INFO neutron.plugins.ml2.drivers.ovn.mech_driver.mech_driver [None req-f958670b-66e1-475f-b8d2-1c6e6d4a10aa - - - - - -] OVN reports status up for port: 400d7656-faf8-4f9b-bde8-111c5657b9b6
2026-07-02 06:21:11.287 10 INFO neutron.plugins.ml2.plugin [None req-f958670b-66e1-475f-b8d2-1c6e6d4a10aa - - - - - -] Attempt 1 to provision port 400d7656-faf8-4f9b-bde8-111c5657b9b6
2026-07-02 06:21:11.312 9 INFO neutron.plugins.ml2.drivers.ovn.mech_driver.mech_driver [None req-474cecf2-bd82-41f3-916e-ad8bc4a73b8f - - - - - -] OVN reports status up for port: cc3d17bd-41b9-41fc-9374-41216ae21076
2026-07-02 06:21:11.314 10 INFO neutron.db.ovn_revision_numbers_db [None req-dba6d8a9-16d3-48fc-933f-2b987aacfcbf 44f9fc947be441caab831b744dde8ad6 431f6c9a3dcd4add9521adb805be1cd6 - - default default] Successfully bumped revision number for resource 400d7656-faf8-4f9b-bde8-111c5657b9b6 (type: router_ports) to 1
2026-07-02 06:21:11.327 9 INFO neutron.plugins.ml2.plugin [None req-474cecf2-bd82-41f3-916e-ad8bc4a73b8f - - - - - -] Attempt 1 to provision port cc3d17bd-41b9-41fc-9374-41216ae21076
2026-07-02 06:21:11.626 10 WARNING neutron.scheduler.dhcp_agent_scheduler [None req-a268db7c-0d59-40fe-b21c-c82e5933f729 50be945b60ac4a31b879962372c0e69c d66cf89f4ffb4347a455629c108c3058 - - default default] No more DHCP agents
2026-07-02 06:21:11.634 10 WARNING neutron.api.rpc.agentnotifiers.dhcp_rpc_agent_api [None req-a268db7c-0d59-40fe-b21c-c82e5933f729 50be945b60ac4a31b879962372c0e69c d66cf89f4ffb4347a455629c108c3058 - - default default] Unable to schedule network c6b12523-c454-451d-8ce9-54f1c1852e9d: no agents available; will retry on subsequent port and subnet creation events.
2026-07-02 06:21:11.659 10 INFO neutron.db.ovn_revision_numbers_db [None req-dba6d8a9-16d3-48fc-933f-2b987aacfcbf 44f9fc947be441caab831b744dde8ad6 431f6c9a3dcd4add9521adb805be1cd6 - - default default] Successfully bumped revision number for resource 400d7656-faf8-4f9b-bde8-111c5657b9b6 (type: ports) to 1
2026-07-02 06:21:11.732 9 INFO neutron.db.ovn_revision_numbers_db [None req-d3e58004-f11d-43a1-9798-4df2b9b02531 - - - - - -] Successfully bumped revision number for resource cc3d17bd-41b9-41fc-9374-41216ae21076 (type: ports) to 1
2026-07-02 06:21:11.775 10 WARNING neutron.scheduler.dhcp_agent_scheduler [None req-dba6d8a9-16d3-48fc-933f-2b987aacfcbf 44f9fc947be441caab831b744dde8ad6 431f6c9a3dcd4add9521adb805be1cd6 - - default default] No more DHCP agents
2026-07-02 06:21:11.776 10 WARNING neutron.api.rpc.agentnotifiers.dhcp_rpc_agent_api [None req-dba6d8a9-16d3-48fc-933f-2b987aacfcbf 44f9fc947be441caab831b744dde8ad6 431f6c9a3dcd4add9521adb805be1cd6 - - default default] Unable to schedule network a3a28305-89c5-43a0-adbe-979536fa682e: no agents available; will retry on subsequent port and subnet creation events.
2026-07-02 06:21:11.942 9 INFO neutron.wsgi [req-73aec6c0-d03b-45d5-b671-906d9e772240 req-9ec49272-4255-42d5-8d00-3a4b7edae02a 44f9fc947be441caab831b744dde8ad6 431f6c9a3dcd4add9521adb805be1cd6 - - default default] 10.0.0.239 "GET /v2.0/security-groups?id=271f74d3-749c-43a8-885e-e7c051e64bd1&fields=id HTTP/1.1" status: 200 len: 267 time: 0.0989153
2026-07-02 06:21:12.025 9 INFO neutron.wsgi [req-73aec6c0-d03b-45d5-b671-906d9e772240 req-308626d8-8d5e-4f7b-b843-7b37104dc121 44f9fc947be441caab831b744dde8ad6 431f6c9a3dcd4add9521adb805be1cd6 - - default default] 10.0.0.239 "GET /v2.0/networks?id=04369f4a-b420-4a8c-b848-44fbf9da8e40 HTTP/1.1" status: 200 len: 937 time: 0.0678167
2026-07-02 06:21:12.060 9 INFO neutron.wsgi [req-73aec6c0-d03b-45d5-b671-906d9e772240 req-6b2397d4-39b4-4c40-826c-13294fc0bfbd 44f9fc947be441caab831b744dde8ad6 431f6c9a3dcd4add9521adb805be1cd6 - - default default] 10.0.0.239 "GET /v2.0/quotas/431f6c9a3dcd4add9521adb805be1cd6 HTTP/1.1" status: 200 len: 385 time: 0.0263071
2026-07-02 06:21:12.111 9 INFO neutron.db.ovn_revision_numbers_db [None req-d3e58004-f11d-43a1-9798-4df2b9b02531 - - - - - -] Successfully bumped revision number for resource cc3d17bd-41b9-41fc-9374-41216ae21076 (type: router_ports) to 3
2026-07-02 06:21:12.135 9 INFO neutron.wsgi [req-73aec6c0-d03b-45d5-b671-906d9e772240 req-ac619d86-f6b6-43e5-b87c-b3978493f01e 44f9fc947be441caab831b744dde8ad6 431f6c9a3dcd4add9521adb805be1cd6 - - default default] 10.0.0.239 "GET /v2.0/ports?tenant_id=431f6c9a3dcd4add9521adb805be1cd6&fields=id HTTP/1.1" status: 200 len: 348 time: 0.0678496
2026-07-02 06:21:12.195 10 INFO neutron.db.ovn_revision_numbers_db [None req-f958670b-66e1-475f-b8d2-1c6e6d4a10aa - - - - - -] Successfully bumped revision number for resource 400d7656-faf8-4f9b-bde8-111c5657b9b6 (type: ports) to 2
2026-07-02 06:21:12.230 9 INFO neutron.wsgi [req-73aec6c0-d03b-45d5-b671-906d9e772240 req-6d7a397d-b6d8-49f7-bd2c-a09ab213b54f 36cb207628f24e0bb91735a54da13e4f 9bbd05abb27045078316e40e7d0fef1e - - d806d7c638f94797abab49074542b48d d806d7c638f94797abab49074542b48d] 10.0.0.239 "GET /v2.0/networks/04369f4a-b420-4a8c-b848-44fbf9da8e40?fields=segments HTTP/1.1" status: 200 len: 212 time: 0.0775459
2026-07-02 06:21:12.364 9 INFO neutron.wsgi [req-73aec6c0-d03b-45d5-b671-906d9e772240 req-c7ccd6b2-ed71-4fb2-9af7-55c12a26189d 36cb207628f24e0bb91735a54da13e4f 9bbd05abb27045078316e40e7d0fef1e - - d806d7c638f94797abab49074542b48d d806d7c638f94797abab49074542b48d] 10.0.0.239 "GET /v2.0/networks/04369f4a-b420-4a8c-b848-44fbf9da8e40?fields=provider%3Aphysical_network&fields=provider%3Anetwork_type HTTP/1.1" status: 200 len: 277 time: 0.1255550
2026-07-02 06:21:12.364 10 INFO neutron.db.ovn_revision_numbers_db [None req-f958670b-66e1-475f-b8d2-1c6e6d4a10aa - - - - - -] Successfully bumped revision number for resource 400d7656-faf8-4f9b-bde8-111c5657b9b6 (type: router_ports) to 2
2026-07-02 06:21:12.397 9 INFO neutron.db.ovn_revision_numbers_db [None req-d3e58004-f11d-43a1-9798-4df2b9b02531 - - - - - -] Successfully bumped revision number for resource cc3d17bd-41b9-41fc-9374-41216ae21076 (type: ports) to 2
2026-07-02 06:21:12.673 9 INFO neutron.db.ovn_revision_numbers_db [None req-d3e58004-f11d-43a1-9798-4df2b9b02531 - - - - - -] Successfully bumped revision number for resource cc3d17bd-41b9-41fc-9374-41216ae21076 (type: ports) to 4
2026-07-02 06:21:12.810 10 INFO neutron.db.ovn_revision_numbers_db [None req-a268db7c-0d59-40fe-b21c-c82e5933f729 50be945b60ac4a31b879962372c0e69c d66cf89f4ffb4347a455629c108c3058 - - default default] Successfully bumped revision number for resource 9947aa1a-c7cb-4056-af04-47baf9d5a725 (type: ports) to 2
2026-07-02 06:21:12.907 10 INFO neutron.db.ovn_revision_numbers_db [None req-a268db7c-0d59-40fe-b21c-c82e5933f729 50be945b60ac4a31b879962372c0e69c d66cf89f4ffb4347a455629c108c3058 - - default default] Successfully bumped revision number for resource ec8450f8-7f26-49e2-a7a1-986b1deac2f6 (type: subnets) to 0
2026-07-02 06:21:12.932 10 INFO neutron.wsgi [None req-a268db7c-0d59-40fe-b21c-c82e5933f729 50be945b60ac4a31b879962372c0e69c d66cf89f4ffb4347a455629c108c3058 - - default default] 10.0.0.113 "POST /v2.0/subnets HTTP/1.1" status: 201 len: 831 time: 1.7508974
2026-07-02 06:21:13.053 9 INFO neutron.wsgi [req-267fed71-341f-4aad-afee-66f3f0cc4a06 req-5cce5bae-feba-48f3-8819-452835e4a4be 44f9fc947be441caab831b744dde8ad6 431f6c9a3dcd4add9521adb805be1cd6 - - default default] 10.0.0.239 "GET /v2.0/ports?device_id=c7838531-849d-43e4-9459-af24666fb906 HTTP/1.1" status: 200 len: 210 time: 0.0188472
2026-07-02 06:21:13.060 10 INFO neutron.db.ovn_revision_numbers_db [None req-dba6d8a9-16d3-48fc-933f-2b987aacfcbf 44f9fc947be441caab831b744dde8ad6 431f6c9a3dcd4add9521adb805be1cd6 - - default default] Successfully bumped revision number for resource 400d7656-faf8-4f9b-bde8-111c5657b9b6 (type: router_ports) to 2
2026-07-02 06:21:13.063 10 INFO neutron.wsgi [None req-dba6d8a9-16d3-48fc-933f-2b987aacfcbf 44f9fc947be441caab831b744dde8ad6 431f6c9a3dcd4add9521adb805be1cd6 - - default default] 10.0.0.113 "PUT /v2.0/routers/1b620ec6-d7fa-4cf3-8d46-2df5f84ef0eb/add_router_interface HTTP/1.1" status: 200 len: 503 time: 3.8730319
2026-07-02 06:21:13.065 9 INFO neutron.db.ovn_revision_numbers_db [None req-d3e58004-f11d-43a1-9798-4df2b9b02531 - - - - - -] Successfully bumped revision number for resource cc3d17bd-41b9-41fc-9374-41216ae21076 (type: router_ports) to 4
2026-07-02 06:21:13.136 9 INFO neutron.wsgi [req-37b8243b-b787-4cc3-93ab-a25354b5bca9 req-d799ac49-6f20-4204-b11b-4ea2d71f7332 44f9fc947be441caab831b744dde8ad6 431f6c9a3dcd4add9521adb805be1cd6 - - default default] 10.0.0.239 "GET /v2.0/ports?device_id=c7838531-849d-43e4-9459-af24666fb906 HTTP/1.1" status: 200 len: 210 time: 0.0251088
2026-07-02 06:21:13.559 10 WARNING neutron.scheduler.dhcp_agent_scheduler [None req-3b75c6e3-660d-40cc-a4b9-d48c2c82855c 50be945b60ac4a31b879962372c0e69c d66cf89f4ffb4347a455629c108c3058 - - default default] No more DHCP agents
2026-07-02 06:21:13.561 10 WARNING neutron.api.rpc.agentnotifiers.dhcp_rpc_agent_api [None req-3b75c6e3-660d-40cc-a4b9-d48c2c82855c 50be945b60ac4a31b879962372c0e69c d66cf89f4ffb4347a455629c108c3058 - - default default] Unable to schedule network c6b12523-c454-451d-8ce9-54f1c1852e9d: no agents available; will retry on subsequent port and subnet creation events.
2026-07-02 06:21:13.704 10 INFO neutron.wsgi [req-73aec6c0-d03b-45d5-b671-906d9e772240 req-6370c6b3-467d-43cd-9714-5cd5c99d99f0 44f9fc947be441caab831b744dde8ad6 431f6c9a3dcd4add9521adb805be1cd6 - - default default] 199.204.45.116 "GET /v2.0/networks?id=04369f4a-b420-4a8c-b848-44fbf9da8e40 HTTP/1.1" status: 200 len: 937 time: 0.0852680
2026-07-02 06:21:13.803 10 INFO neutron.wsgi [req-73aec6c0-d03b-45d5-b671-906d9e772240 req-ea30868e-60fb-41a0-aa64-23ffb1267b87 44f9fc947be441caab831b744dde8ad6 431f6c9a3dcd4add9521adb805be1cd6 - - default default] 199.204.45.116 "GET /v2.0/security-groups?fields=id&fields=name&tenant_id=431f6c9a3dcd4add9521adb805be1cd6 HTTP/1.1" status: 200 len: 542 time: 0.0863316
2026-07-02 06:21:13.815 10 INFO neutron.db.ovn_revision_numbers_db [None req-3b75c6e3-660d-40cc-a4b9-d48c2c82855c 50be945b60ac4a31b879962372c0e69c d66cf89f4ffb4347a455629c108c3058 - - default default] Successfully bumped revision number for resource 217422ca-1c57-40ee-92d0-952733e38f93 (type: ports) to 1
2026-07-02 06:21:14.175 10 WARNING neutron.scheduler.dhcp_agent_scheduler [req-73aec6c0-d03b-45d5-b671-906d9e772240 req-b0db973a-f4ca-44ae-8307-f4d8cab0fadc 44f9fc947be441caab831b744dde8ad6 431f6c9a3dcd4add9521adb805be1cd6 - - default default] No more DHCP agents
2026-07-02 06:21:14.178 10 WARNING neutron.api.rpc.agentnotifiers.dhcp_rpc_agent_api [req-73aec6c0-d03b-45d5-b671-906d9e772240 req-b0db973a-f4ca-44ae-8307-f4d8cab0fadc 44f9fc947be441caab831b744dde8ad6 431f6c9a3dcd4add9521adb805be1cd6 - - default default] Unable to schedule network 04369f4a-b420-4a8c-b848-44fbf9da8e40: no agents available; will retry on subsequent port and subnet creation events.
2026-07-02 06:21:14.429 9 INFO neutron.db.ovn_revision_numbers_db [None req-685a2366-6f5d-4141-9c90-70ca87cce54b 44f9fc947be441caab831b744dde8ad6 431f6c9a3dcd4add9521adb805be1cd6 - - default default] Successfully bumped revision number for resource 4848ac97-3acc-4962-a3ec-8a7af1d59827 (type: security_groups) to 1
2026-07-02 06:21:14.441 10 INFO neutron.db.ovn_revision_numbers_db [req-73aec6c0-d03b-45d5-b671-906d9e772240 req-b0db973a-f4ca-44ae-8307-f4d8cab0fadc 44f9fc947be441caab831b744dde8ad6 431f6c9a3dcd4add9521adb805be1cd6 - - default default] Successfully bumped revision number for resource 4e8fc3ea-6325-4703-9991-9e0993f73af4 (type: ports) to 1
2026-07-02 06:21:14.455 9 INFO neutron.db.ovn_revision_numbers_db [None req-685a2366-6f5d-4141-9c90-70ca87cce54b 44f9fc947be441caab831b744dde8ad6 431f6c9a3dcd4add9521adb805be1cd6 - - default default] Successfully bumped revision number for resource 1af447f4-9223-4f76-8ab8-c510049ca293 (type: security_group_rules) to 0
2026-07-02 06:21:14.474 9 INFO neutron.db.ovn_revision_numbers_db [None req-685a2366-6f5d-4141-9c90-70ca87cce54b 44f9fc947be441caab831b744dde8ad6 431f6c9a3dcd4add9521adb805be1cd6 - - default default] Successfully bumped revision number for resource 763cccf0-91aa-40c4-b722-c8accb32cdf1 (type: security_group_rules) to 0
2026-07-02 06:21:14.492 9 INFO neutron.db.ovn_revision_numbers_db [None req-685a2366-6f5d-4141-9c90-70ca87cce54b 44f9fc947be441caab831b744dde8ad6 431f6c9a3dcd4add9521adb805be1cd6 - - default default] Successfully bumped revision number for resource c59706e3-c8bd-4007-9d21-8dbca424f2d2 (type: security_group_rules) to 0
2026-07-02 06:21:14.493 10 INFO neutron.wsgi [req-73aec6c0-d03b-45d5-b671-906d9e772240 req-b0db973a-f4ca-44ae-8307-f4d8cab0fadc 44f9fc947be441caab831b744dde8ad6 431f6c9a3dcd4add9521adb805be1cd6 - - default default] 199.204.45.116 "POST /v2.0/ports HTTP/1.1" status: 201 len: 1287 time: 0.6864591 /var/lib/openstack/lib/python3.10/site-packages/pycadf/identifier.py:71: UserWarning: Invalid uuid: neutron. To ensure interoperability, identifiers should be a valid uuid. warnings.warn(('Invalid uuid: %s. To ensure interoperability, '
2026-07-02 06:21:14.519 9 INFO neutron.db.ovn_revision_numbers_db [None req-685a2366-6f5d-4141-9c90-70ca87cce54b 44f9fc947be441caab831b744dde8ad6 431f6c9a3dcd4add9521adb805be1cd6 - - default default] Successfully bumped revision number for resource f70c5a90-74fb-482b-8286-b73a754ead1a (type: security_group_rules) to 0
2026-07-02 06:21:14.547 10 INFO neutron.db.ovn_revision_numbers_db [None req-3b75c6e3-660d-40cc-a4b9-d48c2c82855c 50be945b60ac4a31b879962372c0e69c d66cf89f4ffb4347a455629c108c3058 - - default default] Successfully bumped revision number for resource 217422ca-1c57-40ee-92d0-952733e38f93 (type: router_ports) to 1
2026-07-02 06:21:14.581 9 INFO neutron.db.segments_db [None req-685a2366-6f5d-4141-9c90-70ca87cce54b 44f9fc947be441caab831b744dde8ad6 431f6c9a3dcd4add9521adb805be1cd6 - - default default] Added segment e52eb284-cb73-41c5-b776-92b9f4cbc1cc of type geneve for network fa402f25-839d-49f0-9d81-bb6482ee1a75
2026-07-02 06:21:14.738 9 INFO neutron.db.ovn_revision_numbers_db [None req-685a2366-6f5d-4141-9c90-70ca87cce54b 44f9fc947be441caab831b744dde8ad6 431f6c9a3dcd4add9521adb805be1cd6 - - default default] Successfully bumped revision number for resource fa402f25-839d-49f0-9d81-bb6482ee1a75 (type: networks) to 1
2026-07-02 06:21:14.884 9 WARNING neutron.scheduler.dhcp_agent_scheduler [None req-685a2366-6f5d-4141-9c90-70ca87cce54b 44f9fc947be441caab831b744dde8ad6 431f6c9a3dcd4add9521adb805be1cd6 - - default default] No more DHCP agents
2026-07-02 06:21:14.885 9 WARNING neutron.api.rpc.agentnotifiers.dhcp_rpc_agent_api [None req-685a2366-6f5d-4141-9c90-70ca87cce54b 44f9fc947be441caab831b744dde8ad6 431f6c9a3dcd4add9521adb805be1cd6 - - default default] Unable to schedule network fa402f25-839d-49f0-9d81-bb6482ee1a75: no agents available; will retry on subsequent port and subnet creation events.
2026-07-02 06:21:14.969 9 INFO neutron.db.ovn_revision_numbers_db [None req-685a2366-6f5d-4141-9c90-70ca87cce54b 44f9fc947be441caab831b744dde8ad6 431f6c9a3dcd4add9521adb805be1cd6 - - default default] Successfully bumped revision number for resource 46688942-2014-481d-a880-c5c13aad46af (type: ports) to 1
2026-07-02 06:21:14.998 9 INFO neutron.wsgi [None req-685a2366-6f5d-4141-9c90-70ca87cce54b 44f9fc947be441caab831b744dde8ad6 431f6c9a3dcd4add9521adb805be1cd6 - - default default] 10.0.0.113 "POST /v2.0/networks HTTP/1.1" status: 201 len: 943 time: 0.7415929
2026-07-02 06:21:15.110 10 INFO neutron.db.ovn_revision_numbers_db [None req-3b75c6e3-660d-40cc-a4b9-d48c2c82855c 50be945b60ac4a31b879962372c0e69c d66cf89f4ffb4347a455629c108c3058 - - default default] Successfully bumped revision number for resource 217422ca-1c57-40ee-92d0-952733e38f93 (type: ports) to 1
2026-07-02 06:21:15.171 9 WARNING neutron.scheduler.dhcp_agent_scheduler [None req-94f59241-2949-443f-91ba-066361656f6a 44f9fc947be441caab831b744dde8ad6 431f6c9a3dcd4add9521adb805be1cd6 - - default default] No more DHCP agents
2026-07-02 06:21:15.173 9 WARNING neutron.api.rpc.agentnotifiers.dhcp_rpc_agent_api [None req-94f59241-2949-443f-91ba-066361656f6a 44f9fc947be441caab831b744dde8ad6 431f6c9a3dcd4add9521adb805be1cd6 - - default default] Unable to schedule network fa402f25-839d-49f0-9d81-bb6482ee1a75: no agents available; will retry on subsequent port and subnet creation events.
2026-07-02 06:21:15.229 10 WARNING neutron.scheduler.dhcp_agent_scheduler [None req-3b75c6e3-660d-40cc-a4b9-d48c2c82855c 50be945b60ac4a31b879962372c0e69c d66cf89f4ffb4347a455629c108c3058 - - default default] No more DHCP agents
2026-07-02 06:21:15.231 10 WARNING neutron.api.rpc.agentnotifiers.dhcp_rpc_agent_api [None req-3b75c6e3-660d-40cc-a4b9-d48c2c82855c 50be945b60ac4a31b879962372c0e69c d66cf89f4ffb4347a455629c108c3058 - - default default] Unable to schedule network c6b12523-c454-451d-8ce9-54f1c1852e9d: no agents available; will retry on subsequent port and subnet creation events.
2026-07-02 06:21:15.397 10 INFO neutron.db.ovn_revision_numbers_db [req-73aec6c0-d03b-45d5-b671-906d9e772240 req-9b44f17b-2505-4b86-830d-e756c8f31e39 36cb207628f24e0bb91735a54da13e4f 9bbd05abb27045078316e40e7d0fef1e - - d806d7c638f94797abab49074542b48d d806d7c638f94797abab49074542b48d] Successfully bumped revision number for resource 4e8fc3ea-6325-4703-9991-9e0993f73af4 (type: ports) to 2
2026-07-02 06:21:15.629 10 INFO neutron.db.ovn_revision_numbers_db [None req-3b75c6e3-660d-40cc-a4b9-d48c2c82855c 50be945b60ac4a31b879962372c0e69c d66cf89f4ffb4347a455629c108c3058 - - default default] Successfully bumped revision number for resource 217422ca-1c57-40ee-92d0-952733e38f93 (type: router_ports) to 1
2026-07-02 06:21:15.631 10 INFO neutron.wsgi [None req-3b75c6e3-660d-40cc-a4b9-d48c2c82855c 50be945b60ac4a31b879962372c0e69c d66cf89f4ffb4347a455629c108c3058 - - default default] 10.0.0.113 "PUT /v2.0/routers/47896a0d-a425-4ec6-8d0b-dd9bdf5e21ba/add_router_interface HTTP/1.1" status: 200 len: 503 time: 2.6931708
2026-07-02 06:21:15.706 10 INFO neutron.db.ovn_revision_numbers_db [req-73aec6c0-d03b-45d5-b671-906d9e772240 req-9b44f17b-2505-4b86-830d-e756c8f31e39 36cb207628f24e0bb91735a54da13e4f 9bbd05abb27045078316e40e7d0fef1e - - d806d7c638f94797abab49074542b48d d806d7c638f94797abab49074542b48d] Successfully bumped revision number for resource 4e8fc3ea-6325-4703-9991-9e0993f73af4 (type: ports) to 2
2026-07-02 06:21:15.725 10 INFO neutron.wsgi [req-73aec6c0-d03b-45d5-b671-906d9e772240 req-9b44f17b-2505-4b86-830d-e756c8f31e39 36cb207628f24e0bb91735a54da13e4f 9bbd05abb27045078316e40e7d0fef1e - - d806d7c638f94797abab49074542b48d d806d7c638f94797abab49074542b48d] 199.204.45.116 "PUT /v2.0/ports/4e8fc3ea-6325-4703-9991-9e0993f73af4 HTTP/1.1" status: 200 len: 1384 time: 1.2226422
2026-07-02 06:21:15.764 9 INFO neutron.wsgi [None req-496c0e66-0370-4db8-9db9-66c8ea8df3eb a7deb3012a424a3bb702a2970cc4ad8b cd3e383f5a374e56a63359dfdd9ba1f8 - - default default] 10.0.0.113 "GET /v2.0/networks HTTP/1.1" status: 200 len: 7001 time: 0.1264369
2026-07-02 06:21:15.769 10 INFO neutron.notifiers.nova [-] Nova event matching ['req-0d9aac51-6d38-416b-9ef3-8732462fe0f7'] response: {'name': 'network-changed', 'server_uuid': 'c7838531-849d-43e4-9459-af24666fb906', 'tag': '4e8fc3ea-6325-4703-9991-9e0993f73af4', 'status': 'completed', 'code': 200} /var/lib/openstack/lib/python3.10/site-packages/pycadf/identifier.py:71: UserWarning: Invalid uuid: neutron. To ensure interoperability, identifiers should be a valid uuid. warnings.warn(('Invalid uuid: %s. To ensure interoperability, '
2026-07-02 06:21:15.835 9 INFO neutron.db.ovn_revision_numbers_db [None req-94f59241-2949-443f-91ba-066361656f6a 44f9fc947be441caab831b744dde8ad6 431f6c9a3dcd4add9521adb805be1cd6 - - default default] Successfully bumped revision number for resource 46688942-2014-481d-a880-c5c13aad46af (type: ports) to 2
2026-07-02 06:21:15.881 9 INFO neutron.db.ovn_revision_numbers_db [None req-94f59241-2949-443f-91ba-066361656f6a 44f9fc947be441caab831b744dde8ad6 431f6c9a3dcd4add9521adb805be1cd6 - - default default] Successfully bumped revision number for resource 51503fdd-8e13-4758-a800-5ac161db4399 (type: subnets) to 0
2026-07-02 06:21:15.889 10 INFO neutron.wsgi [None req-057b1c92-ef41-4727-8b76-ff769e33f6c8 a7deb3012a424a3bb702a2970cc4ad8b cd3e383f5a374e56a63359dfdd9ba1f8 - - default default] 10.0.0.113 "GET /v2.0/subnets HTTP/1.1" status: 200 len: 7462 time: 0.1165922
2026-07-02 06:21:15.896 10 INFO neutron.wsgi [req-73aec6c0-d03b-45d5-b671-906d9e772240 req-725ecd65-1986-40df-8c5f-a2c1f8694a93 36cb207628f24e0bb91735a54da13e4f 9bbd05abb27045078316e40e7d0fef1e - - d806d7c638f94797abab49074542b48d d806d7c638f94797abab49074542b48d] 199.204.45.116 "GET /v2.0/ports?tenant_id=431f6c9a3dcd4add9521adb805be1cd6&device_id=c7838531-849d-43e4-9459-af24666fb906 HTTP/1.1" status: 200 len: 1415 time: 0.1080916
2026-07-02 06:21:15.917 9 INFO neutron.wsgi [None req-94f59241-2949-443f-91ba-066361656f6a 44f9fc947be441caab831b744dde8ad6 431f6c9a3dcd4add9521adb805be1cd6 - - default default] 10.0.0.113 "POST /v2.0/subnets HTTP/1.1" status: 201 len: 863 time: 0.9132555
2026-07-02 06:21:15.941 10 INFO neutron.wsgi [req-73aec6c0-d03b-45d5-b671-906d9e772240 req-61f95be9-6626-4845-be80-8cc1d853171b 36cb207628f24e0bb91735a54da13e4f 9bbd05abb27045078316e40e7d0fef1e - - d806d7c638f94797abab49074542b48d d806d7c638f94797abab49074542b48d] 199.204.45.116 "GET /v2.0/floatingips?fixed_ip_address=172.24.3.100&port_id=4e8fc3ea-6325-4703-9991-9e0993f73af4 HTTP/1.1" status: 200 len: 217 time: 0.0396612
2026-07-02 06:21:16.003 10 INFO neutron.wsgi [req-73aec6c0-d03b-45d5-b671-906d9e772240 req-86fdf015-142b-4ece-9fed-9fcf7ad30f27 36cb207628f24e0bb91735a54da13e4f 9bbd05abb27045078316e40e7d0fef1e - - d806d7c638f94797abab49074542b48d d806d7c638f94797abab49074542b48d] 199.204.45.116 "GET /v2.0/subnets?id=a81386bd-3575-4069-ad68-d8e2847bc277 HTTP/1.1" status: 200 len: 829 time: 0.0503364
2026-07-02 06:21:16.043 10 INFO neutron.wsgi [req-73aec6c0-d03b-45d5-b671-906d9e772240 req-8a1e922c-766a-4be1-a115-76d746a23480 36cb207628f24e0bb91735a54da13e4f 9bbd05abb27045078316e40e7d0fef1e - - d806d7c638f94797abab49074542b48d d806d7c638f94797abab49074542b48d] 199.204.45.116 "GET /v2.0/ports?network_id=04369f4a-b420-4a8c-b848-44fbf9da8e40&device_owner=network%3Adhcp HTTP/1.1" status: 200 len: 210 time: 0.0331542
2026-07-02 06:21:16.079 9 INFO neutron.wsgi [None req-cfd627cd-7804-4942-ac5e-cc5bfa104417 a7deb3012a424a3bb702a2970cc4ad8b cd3e383f5a374e56a63359dfdd9ba1f8 - - default default] 10.0.0.113 "GET /v2.0/routers HTTP/1.1" status: 200 len: 2212 time: 0.1829348
2026-07-02 06:21:16.155 10 INFO neutron.wsgi [req-73aec6c0-d03b-45d5-b671-906d9e772240 req-c5415cac-1342-4cac-9ab0-9643da93386e 36cb207628f24e0bb91735a54da13e4f 9bbd05abb27045078316e40e7d0fef1e - - d806d7c638f94797abab49074542b48d d806d7c638f94797abab49074542b48d] 199.204.45.116 "GET /v2.0/networks/04369f4a-b420-4a8c-b848-44fbf9da8e40?fields=segments HTTP/1.1" status: 200 len: 212 time: 0.0974402
2026-07-02 06:21:16.182 10 WARNING neutron_lib.context [None req-7321e3ca-93e5-40d2-9555-ac81ab020d33 50be945b60ac4a31b879962372c0e69c d66cf89f4ffb4347a455629c108c3058 - - default default] Method 'is_advsvc' is deprecated since 2023.2 release (neutron-lib 3.8.0) and will be removed once support for the old RBAC API policies will be removed from Neutron. Please use method 'is_service_role' instead.
