2026-07-02 06:20:29.585 9 WARNING neutron.plugins.ml2.drivers.ovn.mech_driver.ovsdb.ovn_client [None req-474cecf2-bd82-41f3-916e-ad8bc4a73b8f - - - - - -] No hosting information found for port ce76c980-6344-4dcd-a066-6a31f8441a7d: RuntimeError: No hosting information found for port ce76c980-6344-4dcd-a066-6a31f8441a7d
2026-07-02 06:20:29.586 9 INFO neutron.plugins.ml2.drivers.ovn.mech_driver.mech_driver [None req-474cecf2-bd82-41f3-916e-ad8bc4a73b8f - - - - - -] OVN reports status up for port: 722f5a13-1766-4adb-a4e0-32926e18a7ef
2026-07-02 06:20:29.590 10 INFO neutron.db.ovn_revision_numbers_db [None req-edff813c-9957-4b21-bc88-d75fac28cfde 44f9fc947be441caab831b744dde8ad6 431f6c9a3dcd4add9521adb805be1cd6 - - default default] Successfully bumped revision number for resource 508edbaf-b239-4ba9-b740-44eb25ea582b (type: security_group_rules) to 0
2026-07-02 06:20:29.606 10 INFO neutron.db.ovn_revision_numbers_db [None req-edff813c-9957-4b21-bc88-d75fac28cfde 44f9fc947be441caab831b744dde8ad6 431f6c9a3dcd4add9521adb805be1cd6 - - default default] Successfully bumped revision number for resource 737e8b24-3288-4355-b179-9dd55c6d63f6 (type: security_group_rules) to 0
2026-07-02 06:20:29.614 9 INFO neutron.plugins.ml2.plugin [None req-474cecf2-bd82-41f3-916e-ad8bc4a73b8f - - - - - -] Attempt 1 to provision port 722f5a13-1766-4adb-a4e0-32926e18a7ef
2026-07-02 06:20:29.632 10 INFO neutron.wsgi [None req-edff813c-9957-4b21-bc88-d75fac28cfde 44f9fc947be441caab831b744dde8ad6 431f6c9a3dcd4add9521adb805be1cd6 - - default default] 10.0.0.113 "GET /v2.0/security-groups?tenant_id=71a99182fa2843708f46943e459567ce&name=default HTTP/1.1" status: 200 len: 2996 time: 0.2065351
2026-07-02 06:20:29.758 9 INFO neutron.notifiers.nova [-] Nova event matching ['req-3c6af2b2-4fc7-497a-b596-789bef37f6a3'] response: {'server_uuid': '4b9d8c4e-ffc7-46e9-8027-bc2a34f9cb8b', 'name': 'network-vif-plugged', 'status': 'completed', 'tag': '722f5a13-1766-4adb-a4e0-32926e18a7ef', 'code': 200}
2026-07-02 06:20:29.773 9 INFO neutron.db.l3_db [None req-033cc304-abd4-4858-867a-c058efcee702 b582fc2e75f94459906dffb5e8a94c0f effe0de92263445882ef221ade172aba - - default default] Floating IP 2f0c0f40-4260-45c1-8b28-1285b7b39a7c associated. External IP: 10.96.250.212, port: eba5e90a-9d75-4d9e-93cf-977893b6a2c6.
2026-07-02 06:20:29.879 9 INFO neutron.wsgi [None req-377d600b-fb9b-4174-8858-c57956fd2948 44f9fc947be441caab831b744dde8ad6 431f6c9a3dcd4add9521adb805be1cd6 - - default default] 10.0.0.113 "GET /v2.0/security-groups?tenant_id=f6ff14ddaa0240b38b313fecfdc1a54d&name=default HTTP/1.1" status: 200 len: 2996 time: 0.2809610
2026-07-02 06:20:29.883 10 INFO neutron.wsgi [None req-efe3a827-f01a-41eb-ab5a-24634be0f968 44f9fc947be441caab831b744dde8ad6 431f6c9a3dcd4add9521adb805be1cd6 - - default default] 10.0.0.113 "DELETE /v2.0/security-groups/13f46c19-e1d9-4319-be96-34dd88e1da4f HTTP/1.1" status: 204 len: 168 time: 0.2466984
2026-07-02 06:20:30.069 9 INFO neutron.wsgi [req-2a2c2c2e-40f7-4c5d-8718-217e85608b4d req-87e277a9-3078-41ef-9fe4-173445b066ee 6cc44fb6b8134b10ae08b534fc0f2e45 37cce26ecd2a46acb44141b14316a756 - - default default] 10.0.0.239 "GET /v2.0/ports?device_id=4b9d8c4e-ffc7-46e9-8027-bc2a34f9cb8b HTTP/1.1" status: 200 len: 1174 time: 0.0846438
2026-07-02 06:20:30.150 9 INFO neutron.db.ovn_revision_numbers_db [None req-474cecf2-bd82-41f3-916e-ad8bc4a73b8f - - - - - -] Successfully bumped revision number for resource 722f5a13-1766-4adb-a4e0-32926e18a7ef (type: ports) to 4
2026-07-02 06:20:30.221 9 INFO neutron.wsgi [req-2a2c2c2e-40f7-4c5d-8718-217e85608b4d req-c9b20d29-34a9-42cc-bd17-5260dfa2da5b 6cc44fb6b8134b10ae08b534fc0f2e45 37cce26ecd2a46acb44141b14316a756 - - default default] 10.0.0.239 "GET /v2.0/security-groups?id=162cf32b-7136-48ca-965b-4c3aee0baed1&fields=id&fields=name HTTP/1.1" status: 200 len: 286 time: 0.1410766
2026-07-02 06:20:30.303 9 INFO neutron.db.ovn_revision_numbers_db [None req-033cc304-abd4-4858-867a-c058efcee702 b582fc2e75f94459906dffb5e8a94c0f effe0de92263445882ef221ade172aba - - default default] Successfully bumped revision number for resource 2f0c0f40-4260-45c1-8b28-1285b7b39a7c (type: floatingips) to 0
2026-07-02 06:20:30.457 9 INFO neutron.db.ovn_revision_numbers_db [None req-033cc304-abd4-4858-867a-c058efcee702 b582fc2e75f94459906dffb5e8a94c0f effe0de92263445882ef221ade172aba - - default default] Successfully bumped revision number for resource 2f0c0f40-4260-45c1-8b28-1285b7b39a7c (type: floatingips) to 1
2026-07-02 06:20:30.475 9 INFO neutron.wsgi [None req-77cd443c-20b1-4acd-bf74-d378c8cf427a 44f9fc947be441caab831b744dde8ad6 431f6c9a3dcd4add9521adb805be1cd6 - - default default] 10.0.0.113 "DELETE /v2.0/security-groups/8ae1c2a5-0fd8-4f0c-aaaf-043e7724477e HTTP/1.1" status: 204 len: 168 time: 0.5905747
2026-07-02 06:20:30.497 9 INFO neutron.wsgi [None req-033cc304-abd4-4858-867a-c058efcee702 b582fc2e75f94459906dffb5e8a94c0f effe0de92263445882ef221ade172aba - - default default] 10.0.0.113 "POST /v2.0/floatingips HTTP/1.1" status: 201 len: 1053 time: 1.9433212 /var/lib/openstack/lib/python3.10/site-packages/pycadf/identifier.py:71: UserWarning: Invalid uuid: neutron. To ensure interoperability, identifiers should be a valid uuid. warnings.warn(('Invalid uuid: %s. To ensure interoperability, ' /var/lib/openstack/lib/python3.10/site-packages/pycadf/identifier.py:71: UserWarning: Invalid uuid: neutron. To ensure interoperability, identifiers should be a valid uuid. warnings.warn(('Invalid uuid: %s. To ensure interoperability, '
2026-07-02 06:20:30.634 9 INFO neutron.wsgi [req-886525b8-f70c-4b36-8c5a-56113464f24e req-211bc6d4-d62f-42f4-be4a-3f39e4c6c3e0 b582fc2e75f94459906dffb5e8a94c0f effe0de92263445882ef221ade172aba - - default default] 10.0.0.239 "GET /v2.0/security-groups?name=tempest-lb_member_SG-578610434&fields=id&tenant_id=effe0de92263445882ef221ade172aba HTTP/1.1" status: 200 len: 267 time: 0.0503399
2026-07-02 06:20:30.733 9 INFO neutron.wsgi [req-886525b8-f70c-4b36-8c5a-56113464f24e req-a1e2b723-711f-48c6-a8ef-463cac72f7bc b582fc2e75f94459906dffb5e8a94c0f effe0de92263445882ef221ade172aba - - default default] 10.0.0.239 "GET /v2.0/networks?id=899ed298-f96a-4512-a5f5-67879f411077 HTTP/1.1" status: 200 len: 903 time: 0.0895448
2026-07-02 06:20:30.748 9 INFO neutron.wsgi [req-886525b8-f70c-4b36-8c5a-56113464f24e req-47de7a0c-9531-4a88-ba44-d24a1c092012 b582fc2e75f94459906dffb5e8a94c0f effe0de92263445882ef221ade172aba - - default default] 10.0.0.239 "GET /v2.0/quotas/effe0de92263445882ef221ade172aba HTTP/1.1" status: 200 len: 386 time: 0.0095737
2026-07-02 06:20:30.825 9 INFO neutron.plugins.ml2.drivers.ovn.mech_driver.mech_driver [None req-474cecf2-bd82-41f3-916e-ad8bc4a73b8f - - - - - -] OVN reports status down for port: 722f5a13-1766-4adb-a4e0-32926e18a7ef
2026-07-02 06:20:30.841 10 INFO neutron.db.ovn_revision_numbers_db [None req-197e467c-7678-4d18-a3df-b1c732da7876 44f9fc947be441caab831b744dde8ad6 431f6c9a3dcd4add9521adb805be1cd6 - - default default] Successfully bumped revision number for resource f1cac8b7-95f0-44c7-96c9-ed2901d67083 (type: security_groups) to 1
2026-07-02 06:20:30.859 10 INFO neutron.db.ovn_revision_numbers_db [None req-197e467c-7678-4d18-a3df-b1c732da7876 44f9fc947be441caab831b744dde8ad6 431f6c9a3dcd4add9521adb805be1cd6 - - default default] Successfully bumped revision number for resource 4f953a9e-7081-4538-86c9-eb7e4876076b (type: security_group_rules) to 0
2026-07-02 06:20:30.901 10 INFO neutron.db.ovn_revision_numbers_db [None req-197e467c-7678-4d18-a3df-b1c732da7876 44f9fc947be441caab831b744dde8ad6 431f6c9a3dcd4add9521adb805be1cd6 - - default default] Successfully bumped revision number for resource 67643402-3c93-4e11-8d7c-9c2ec9a48850 (type: security_group_rules) to 0
2026-07-02 06:20:30.921 10 INFO neutron.db.ovn_revision_numbers_db [None req-197e467c-7678-4d18-a3df-b1c732da7876 44f9fc947be441caab831b744dde8ad6 431f6c9a3dcd4add9521adb805be1cd6 - - default default] Successfully bumped revision number for resource 9e2ae6af-923d-479e-8e29-c3662004e8f4 (type: security_group_rules) to 0
2026-07-02 06:20:30.952 10 INFO neutron.db.ovn_revision_numbers_db [None req-197e467c-7678-4d18-a3df-b1c732da7876 44f9fc947be441caab831b744dde8ad6 431f6c9a3dcd4add9521adb805be1cd6 - - default default] Successfully bumped revision number for resource a09f15d9-65e5-4c71-92a3-7ebf20bf486a (type: security_group_rules) to 0
2026-07-02 06:20:30.956 9 INFO neutron.wsgi [req-fde736e1-a9c1-4f24-bdb7-e3c14fac83f7 req-e39c812f-84d2-49b6-9a64-2faa8f90892a 6cc44fb6b8134b10ae08b534fc0f2e45 37cce26ecd2a46acb44141b14316a756 - - default default] 10.0.0.239 "GET /v2.0/ports?device_id=4b9d8c4e-ffc7-46e9-8027-bc2a34f9cb8b HTTP/1.1" status: 200 len: 1174 time: 0.1568892
2026-07-02 06:20:30.989 10 INFO neutron.wsgi [None req-197e467c-7678-4d18-a3df-b1c732da7876 44f9fc947be441caab831b744dde8ad6 431f6c9a3dcd4add9521adb805be1cd6 - - default default] 10.0.0.113 "GET /v2.0/security-groups?tenant_id=31bcb09874704b2a9545e695d9a9a3ce&name=default HTTP/1.1" status: 200 len: 2996 time: 0.3667474
2026-07-02 06:20:31.068 9 INFO neutron.wsgi [req-fde736e1-a9c1-4f24-bdb7-e3c14fac83f7 req-2305e36d-d386-4687-a3fd-0a401f053ec8 6cc44fb6b8134b10ae08b534fc0f2e45 37cce26ecd2a46acb44141b14316a756 - - default default] 10.0.0.239 "GET /v2.0/security-groups?id=162cf32b-7136-48ca-965b-4c3aee0baed1&fields=id&fields=name HTTP/1.1" status: 200 len: 286 time: 0.1046643
2026-07-02 06:20:31.073 9 INFO neutron.wsgi [req-886525b8-f70c-4b36-8c5a-56113464f24e req-4609dcd7-a2da-4161-95cf-8ebed46bb4b9 b582fc2e75f94459906dffb5e8a94c0f effe0de92263445882ef221ade172aba - - default default] 10.0.0.239 "GET /v2.0/ports?tenant_id=effe0de92263445882ef221ade172aba&fields=id HTTP/1.1" status: 200 len: 532 time: 0.3158021
2026-07-02 06:20:31.173 9 INFO neutron.wsgi [req-d48db378-ad71-4346-8c83-374815cd1acb req-f1ce5881-9c64-4f43-8e6e-12f06e757f94 6cc44fb6b8134b10ae08b534fc0f2e45 37cce26ecd2a46acb44141b14316a756 - - default default] 199.204.45.116 "GET /v2.0/ports?device_id=4b9d8c4e-ffc7-46e9-8027-bc2a34f9cb8b HTTP/1.1" status: 200 len: 1172 time: 0.0618498
2026-07-02 06:20:31.232 9 INFO neutron.wsgi [req-886525b8-f70c-4b36-8c5a-56113464f24e req-e9ce23e6-96c1-4200-8321-6240f46c58ad 36cb207628f24e0bb91735a54da13e4f 9bbd05abb27045078316e40e7d0fef1e - - d806d7c638f94797abab49074542b48d d806d7c638f94797abab49074542b48d] 10.0.0.239 "GET /v2.0/networks/899ed298-f96a-4512-a5f5-67879f411077?fields=segments HTTP/1.1" status: 200 len: 212 time: 0.1445868
2026-07-02 06:20:31.652 9 INFO neutron.wsgi [req-886525b8-f70c-4b36-8c5a-56113464f24e req-1406b3f2-cc76-4ea1-a1e4-1449718e2978 36cb207628f24e0bb91735a54da13e4f 9bbd05abb27045078316e40e7d0fef1e - - d806d7c638f94797abab49074542b48d d806d7c638f94797abab49074542b48d] 10.0.0.239 "GET /v2.0/networks/899ed298-f96a-4512-a5f5-67879f411077?fields=provider%3Aphysical_network&fields=provider%3Anetwork_type HTTP/1.1" status: 200 len: 277 time: 0.4048142
2026-07-02 06:20:31.756 9 INFO neutron.db.ovn_revision_numbers_db [None req-474cecf2-bd82-41f3-916e-ad8bc4a73b8f - - - - - -] Successfully bumped revision number for resource 722f5a13-1766-4adb-a4e0-32926e18a7ef (type: ports) to 5
2026-07-02 06:20:31.789 9 INFO neutron.wsgi [None req-31ed6d65-160c-4621-8138-972182d2d3d5 44f9fc947be441caab831b744dde8ad6 431f6c9a3dcd4add9521adb805be1cd6 - - default default] 10.0.0.113 "DELETE /v2.0/security-groups/f1cac8b7-95f0-44c7-96c9-ed2901d67083 HTTP/1.1" status: 204 len: 168 time: 0.7932963
2026-07-02 06:20:31.808 9 INFO neutron.notifiers.nova [-] Nova event matching ['req-90bbecc1-d159-41c7-aada-f1d4db537ec5'] response: {'server_uuid': '4b9d8c4e-ffc7-46e9-8027-bc2a34f9cb8b', 'name': 'network-vif-plugged', 'status': 'completed', 'tag': '722f5a13-1766-4adb-a4e0-32926e18a7ef', 'code': 200}
2026-07-02 06:20:31.808 9 INFO neutron.notifiers.nova [-] Nova event matching ['req-90bbecc1-d159-41c7-aada-f1d4db537ec5'] response: {'name': 'network-changed', 'server_uuid': '4655986d-34c4-41e7-8c24-03cab871e7b8', 'tag': 'eba5e90a-9d75-4d9e-93cf-977893b6a2c6', 'status': 'completed', 'code': 200}
2026-07-02 06:20:31.808 9 INFO neutron.notifiers.nova [-] Nova event matching ['req-90bbecc1-d159-41c7-aada-f1d4db537ec5'] response: {'server_uuid': '4b9d8c4e-ffc7-46e9-8027-bc2a34f9cb8b', 'name': 'network-vif-unplugged', 'status': 'completed', 'tag': '722f5a13-1766-4adb-a4e0-32926e18a7ef', 'code': 200}
2026-07-02 06:20:31.827 9 INFO neutron.wsgi [req-fc38d6c7-97f2-4fc1-a6fc-ab9b2954aabf req-e88889c6-a4f1-4adb-a291-3a9a039d9325 b582fc2e75f94459906dffb5e8a94c0f effe0de92263445882ef221ade172aba - - default default] 10.0.0.239 "GET /v2.0/ports?device_id=ac22bfde-9d82-4d44-95f6-c7c2657b4427 HTTP/1.1" status: 200 len: 210 time: 0.0364933
2026-07-02 06:20:31.890 10 INFO neutron.wsgi [req-b27ea9ed-7adf-41a2-977b-dcd76f239067 req-be400d7d-a8a0-435c-b3d6-845b23c8c0a0 36cb207628f24e0bb91735a54da13e4f 9bbd05abb27045078316e40e7d0fef1e - - d806d7c638f94797abab49074542b48d d806d7c638f94797abab49074542b48d] 199.204.45.116 "GET /v2.0/ports?tenant_id=effe0de92263445882ef221ade172aba&device_id=4655986d-34c4-41e7-8c24-03cab871e7b8 HTTP/1.1" status: 200 len: 1634 time: 0.0602520
2026-07-02 06:20:31.969 9 INFO neutron.wsgi [req-d48db378-ad71-4346-8c83-374815cd1acb req-72f1e012-2ee6-4f4c-908c-1d82d28d6ccc 6cc44fb6b8134b10ae08b534fc0f2e45 37cce26ecd2a46acb44141b14316a756 - - default default] 199.204.45.116 "DELETE /v2.0/ports/722f5a13-1766-4adb-a4e0-32926e18a7ef HTTP/1.1" status: 204 len: 173 time: 0.7908082
2026-07-02 06:20:31.982 10 INFO neutron.wsgi [req-b27ea9ed-7adf-41a2-977b-dcd76f239067 req-db3041b7-a6bb-42e6-bda8-12d489b2fda1 36cb207628f24e0bb91735a54da13e4f 9bbd05abb27045078316e40e7d0fef1e - - d806d7c638f94797abab49074542b48d d806d7c638f94797abab49074542b48d] 199.204.45.116 "GET /v2.0/networks?id=dc63388d-2470-4da2-b959-c9f1abc8d29b HTTP/1.1" status: 200 len: 1002 time: 0.0838990
2026-07-02 06:20:32.060 10 INFO neutron.wsgi [req-b27ea9ed-7adf-41a2-977b-dcd76f239067 req-a35105ea-8724-484b-a9a9-9c63e4b56d0d 36cb207628f24e0bb91735a54da13e4f 9bbd05abb27045078316e40e7d0fef1e - - d806d7c638f94797abab49074542b48d d806d7c638f94797abab49074542b48d] 199.204.45.116 "GET /v2.0/floatingips?fixed_ip_address=10.2.1.29&port_id=eba5e90a-9d75-4d9e-93cf-977893b6a2c6 HTTP/1.1" status: 200 len: 1058 time: 0.0723219
2026-07-02 06:20:32.091 10 INFO neutron.wsgi [req-b27ea9ed-7adf-41a2-977b-dcd76f239067 req-6842c8d0-acfb-49a9-9ba2-548930a2a886 36cb207628f24e0bb91735a54da13e4f 9bbd05abb27045078316e40e7d0fef1e - - d806d7c638f94797abab49074542b48d d806d7c638f94797abab49074542b48d] 199.204.45.116 "GET /v2.0/floatingips?fixed_ip_address=fd7b%3Af9f7%3Afff%3A4eca%3A%3A131&port_id=eba5e90a-9d75-4d9e-93cf-977893b6a2c6 HTTP/1.1" status: 200 len: 217 time: 0.0262001
2026-07-02 06:20:32.141 10 INFO neutron.wsgi [req-b27ea9ed-7adf-41a2-977b-dcd76f239067 req-5d7318bc-8ca4-4c25-84f6-293bfa89c360 36cb207628f24e0bb91735a54da13e4f 9bbd05abb27045078316e40e7d0fef1e - - d806d7c638f94797abab49074542b48d d806d7c638f94797abab49074542b48d] 199.204.45.116 "GET /v2.0/subnets?id=cdeb6ff0-2750-43cc-909d-5a8f42259291&id=38af8c6b-bf42-441c-a7f2-05a4456f7b69 HTTP/1.1" status: 200 len: 1562 time: 0.0425954 /var/lib/openstack/lib/python3.10/site-packages/pycadf/identifier.py:71: UserWarning: Invalid uuid: neutron. To ensure interoperability, identifiers should be a valid uuid. warnings.warn(('Invalid uuid: %s. To ensure interoperability, '
2026-07-02 06:20:32.180 9 INFO neutron.wsgi [req-eb1ac73a-ff93-4dee-9186-d0af9423ff2d req-d9befef7-87fb-4a3e-92a2-4cfaeb3bfaff 6cc44fb6b8134b10ae08b534fc0f2e45 37cce26ecd2a46acb44141b14316a756 - - default default] 10.0.0.239 "GET /v2.0/ports?device_id=4b9d8c4e-ffc7-46e9-8027-bc2a34f9cb8b HTTP/1.1" status: 200 len: 210 time: 0.0317633
2026-07-02 06:20:32.185 10 INFO neutron.wsgi [req-b27ea9ed-7adf-41a2-977b-dcd76f239067 req-a03457e0-6555-4de2-8566-0dfacf367d29 36cb207628f24e0bb91735a54da13e4f 9bbd05abb27045078316e40e7d0fef1e - - d806d7c638f94797abab49074542b48d d806d7c638f94797abab49074542b48d] 199.204.45.116 "GET /v2.0/ports?network_id=dc63388d-2470-4da2-b959-c9f1abc8d29b&device_owner=network%3Adhcp HTTP/1.1" status: 200 len: 210 time: 0.0348709
2026-07-02 06:20:32.224 10 INFO neutron.wsgi [req-b27ea9ed-7adf-41a2-977b-dcd76f239067 req-f5dae513-6db8-4a43-a3c6-651fc2ce2f9c 36cb207628f24e0bb91735a54da13e4f 9bbd05abb27045078316e40e7d0fef1e - - d806d7c638f94797abab49074542b48d d806d7c638f94797abab49074542b48d] 199.204.45.116 "GET /v2.0/ports?network_id=dc63388d-2470-4da2-b959-c9f1abc8d29b&device_owner=network%3Adhcp HTTP/1.1" status: 200 len: 210 time: 0.0286453
2026-07-02 06:20:32.303 10 INFO neutron.wsgi [req-b27ea9ed-7adf-41a2-977b-dcd76f239067 req-74c3ff8c-216f-4513-8e46-cc91dd2dd99c 36cb207628f24e0bb91735a54da13e4f 9bbd05abb27045078316e40e7d0fef1e - - d806d7c638f94797abab49074542b48d d806d7c638f94797abab49074542b48d] 199.204.45.116 "GET /v2.0/networks/dc63388d-2470-4da2-b959-c9f1abc8d29b?fields=segments HTTP/1.1" status: 200 len: 212 time: 0.0737860
2026-07-02 06:20:32.393 10 INFO neutron.wsgi [req-b27ea9ed-7adf-41a2-977b-dcd76f239067 req-d040d16b-165f-409f-b822-5038a091669b 36cb207628f24e0bb91735a54da13e4f 9bbd05abb27045078316e40e7d0fef1e - - d806d7c638f94797abab49074542b48d d806d7c638f94797abab49074542b48d] 199.204.45.116 "GET /v2.0/networks/dc63388d-2470-4da2-b959-c9f1abc8d29b?fields=provider%3Aphysical_network&fields=provider%3Anetwork_type HTTP/1.1" status: 200 len: 277 time: 0.0777829
2026-07-02 06:20:32.741 10 INFO neutron.wsgi [req-886525b8-f70c-4b36-8c5a-56113464f24e req-89115e30-8e2d-4543-9d76-4786b040616b b582fc2e75f94459906dffb5e8a94c0f effe0de92263445882ef221ade172aba - - default default] 199.204.45.116 "GET /v2.0/networks?id=899ed298-f96a-4512-a5f5-67879f411077 HTTP/1.1" status: 200 len: 903 time: 0.1249325
2026-07-02 06:20:32.790 9 INFO neutron.db.ovn_revision_numbers_db [None req-db4fdd2f-dcff-4aa0-83ed-8356ac5b6d19 44f9fc947be441caab831b744dde8ad6 431f6c9a3dcd4add9521adb805be1cd6 - - default default] Successfully bumped revision number for resource bdcd6094-0a8c-4d7e-a375-200b58ee09e8 (type: security_groups) to 1
2026-07-02 06:20:32.808 9 INFO neutron.db.ovn_revision_numbers_db [None req-db4fdd2f-dcff-4aa0-83ed-8356ac5b6d19 44f9fc947be441caab831b744dde8ad6 431f6c9a3dcd4add9521adb805be1cd6 - - default default] Successfully bumped revision number for resource 4cab8739-53cb-45c1-9d38-003638b5e50e (type: security_group_rules) to 0
2026-07-02 06:20:32.817 10 INFO neutron.wsgi [req-886525b8-f70c-4b36-8c5a-56113464f24e req-5791d837-3d6f-4d78-bb1b-93f661ba0b4c b582fc2e75f94459906dffb5e8a94c0f effe0de92263445882ef221ade172aba - - default default] 199.204.45.116 "GET /v2.0/security-groups?fields=id&fields=name&tenant_id=effe0de92263445882ef221ade172aba HTTP/1.1" status: 200 len: 377 time: 0.0705192
2026-07-02 06:20:32.825 9 INFO neutron.db.ovn_revision_numbers_db [None req-db4fdd2f-dcff-4aa0-83ed-8356ac5b6d19 44f9fc947be441caab831b744dde8ad6 431f6c9a3dcd4add9521adb805be1cd6 - - default default] Successfully bumped revision number for resource 80ae0311-b1f9-4248-9a86-dcecb97bf300 (type: security_group_rules) to 0
2026-07-02 06:20:32.829 10 WARNING neutron_lib.context [req-886525b8-f70c-4b36-8c5a-56113464f24e req-57488b16-a7ca-4a92-a429-f1918acbb2e1 b582fc2e75f94459906dffb5e8a94c0f effe0de92263445882ef221ade172aba - - default default] Method 'is_advsvc' is deprecated since 2023.2 release (neutron-lib 3.8.0) and will be removed once support for the old RBAC API policies will be removed from Neutron. Please use method 'is_service_role' instead.
2026-07-02 06:20:32.843 9 INFO neutron.db.ovn_revision_numbers_db [None req-db4fdd2f-dcff-4aa0-83ed-8356ac5b6d19 44f9fc947be441caab831b744dde8ad6 431f6c9a3dcd4add9521adb805be1cd6 - - default default] Successfully bumped revision number for resource a6db5d09-a9c1-4bba-bd06-7552cb68e0c7 (type: security_group_rules) to 0
2026-07-02 06:20:32.858 9 INFO neutron.db.ovn_revision_numbers_db [None req-db4fdd2f-dcff-4aa0-83ed-8356ac5b6d19 44f9fc947be441caab831b744dde8ad6 431f6c9a3dcd4add9521adb805be1cd6 - - default default] Successfully bumped revision number for resource fca65c65-5746-4036-8d07-e1f5e54115a9 (type: security_group_rules) to 0
2026-07-02 06:20:32.882 9 INFO neutron.wsgi [None req-db4fdd2f-dcff-4aa0-83ed-8356ac5b6d19 44f9fc947be441caab831b744dde8ad6 431f6c9a3dcd4add9521adb805be1cd6 - - default default] 10.0.0.113 "GET /v2.0/security-groups?tenant_id=6b9e9558d80f4770b2ac5431a51c4611&name=default HTTP/1.1" status: 200 len: 2996 time: 0.3454959
2026-07-02 06:20:33.119 9 INFO neutron.wsgi [None req-f8fee46c-80ef-428a-97da-a51a90057af4 44f9fc947be441caab831b744dde8ad6 431f6c9a3dcd4add9521adb805be1cd6 - - default default] 10.0.0.113 "DELETE /v2.0/security-groups/bdcd6094-0a8c-4d7e-a375-200b58ee09e8 HTTP/1.1" status: 204 len: 168 time: 0.2285852
2026-07-02 06:20:33.206 10 WARNING neutron.scheduler.dhcp_agent_scheduler [req-886525b8-f70c-4b36-8c5a-56113464f24e req-57488b16-a7ca-4a92-a429-f1918acbb2e1 b582fc2e75f94459906dffb5e8a94c0f effe0de92263445882ef221ade172aba - - default default] No more DHCP agents
2026-07-02 06:20:33.208 10 WARNING neutron.api.rpc.agentnotifiers.dhcp_rpc_agent_api [req-886525b8-f70c-4b36-8c5a-56113464f24e req-57488b16-a7ca-4a92-a429-f1918acbb2e1 b582fc2e75f94459906dffb5e8a94c0f effe0de92263445882ef221ade172aba - - default default] Unable to schedule network 899ed298-f96a-4512-a5f5-67879f411077: no agents available; will retry on subsequent port and subnet creation events.
2026-07-02 06:20:33.404 10 INFO neutron.db.ovn_revision_numbers_db [req-886525b8-f70c-4b36-8c5a-56113464f24e req-57488b16-a7ca-4a92-a429-f1918acbb2e1 b582fc2e75f94459906dffb5e8a94c0f effe0de92263445882ef221ade172aba - - default default] Successfully bumped revision number for resource 1ad9f61a-005b-4dfb-80f3-4d50e1083d23 (type: ports) to 1
2026-07-02 06:20:33.436 10 INFO neutron.wsgi [req-886525b8-f70c-4b36-8c5a-56113464f24e req-57488b16-a7ca-4a92-a429-f1918acbb2e1 b582fc2e75f94459906dffb5e8a94c0f effe0de92263445882ef221ade172aba - - default default] 199.204.45.116 "POST /v2.0/ports HTTP/1.1" status: 201 len: 1392 time: 0.6131825 /var/lib/openstack/lib/python3.10/site-packages/pycadf/identifier.py:71: UserWarning: Invalid uuid: neutron. To ensure interoperability, identifiers should be a valid uuid. warnings.warn(('Invalid uuid: %s. To ensure interoperability, '
2026-07-02 06:20:33.846 9 INFO neutron.notifiers.nova [-] Nova event matching ['req-138475c5-8e69-4a6d-8d7a-a36ead040f19'] response: {'server_uuid': '4b9d8c4e-ffc7-46e9-8027-bc2a34f9cb8b', 'name': 'network-vif-plugged', 'status': 'completed', 'tag': '722f5a13-1766-4adb-a4e0-32926e18a7ef', 'code': 200}
2026-07-02 06:20:33.846 9 INFO neutron.notifiers.nova [-] Nova event matching ['req-138475c5-8e69-4a6d-8d7a-a36ead040f19'] response: {'server_uuid': '4b9d8c4e-ffc7-46e9-8027-bc2a34f9cb8b', 'name': 'network-vif-deleted', 'tag': '722f5a13-1766-4adb-a4e0-32926e18a7ef', 'status': 'completed', 'code': 200}
2026-07-02 06:20:34.183 10 INFO neutron.db.ovn_revision_numbers_db [req-886525b8-f70c-4b36-8c5a-56113464f24e req-2e1be6b0-c35e-4da9-8ce3-07e5fc07b712 36cb207628f24e0bb91735a54da13e4f 9bbd05abb27045078316e40e7d0fef1e - - d806d7c638f94797abab49074542b48d d806d7c638f94797abab49074542b48d] Successfully bumped revision number for resource 1ad9f61a-005b-4dfb-80f3-4d50e1083d23 (type: ports) to 2
2026-07-02 06:20:34.520 10 INFO neutron.db.ovn_revision_numbers_db [req-886525b8-f70c-4b36-8c5a-56113464f24e req-2e1be6b0-c35e-4da9-8ce3-07e5fc07b712 36cb207628f24e0bb91735a54da13e4f 9bbd05abb27045078316e40e7d0fef1e - - d806d7c638f94797abab49074542b48d d806d7c638f94797abab49074542b48d] Successfully bumped revision number for resource 1ad9f61a-005b-4dfb-80f3-4d50e1083d23 (type: ports) to 2 /var/lib/openstack/lib/python3.10/site-packages/pycadf/identifier.py:71: UserWarning: Invalid uuid: neutron. To ensure interoperability, identifiers should be a valid uuid. warnings.warn(('Invalid uuid: %s. To ensure interoperability, '
2026-07-02 06:20:34.545 10 INFO neutron.wsgi [req-886525b8-f70c-4b36-8c5a-56113464f24e req-2e1be6b0-c35e-4da9-8ce3-07e5fc07b712 36cb207628f24e0bb91735a54da13e4f 9bbd05abb27045078316e40e7d0fef1e - - d806d7c638f94797abab49074542b48d d806d7c638f94797abab49074542b48d] 199.204.45.116 "PUT /v2.0/ports/1ad9f61a-005b-4dfb-80f3-4d50e1083d23 HTTP/1.1" status: 200 len: 1609 time: 1.0883803
2026-07-02 06:20:34.629 10 INFO neutron.wsgi [None req-599d345b-c253-4dd1-b745-a3c83155bf7e 44f9fc947be441caab831b744dde8ad6 431f6c9a3dcd4add9521adb805be1cd6 - - default default] 10.0.0.226 "GET /v2.0/ports HTTP/1.1" status: 200 len: 19808 time: 0.3658483
2026-07-02 06:20:34.630 10 INFO neutron.notifiers.nova [-] Nova event matching ['req-708248cc-5cba-405c-ac34-2fff23c37951'] response: {'name': 'network-changed', 'server_uuid': 'ac22bfde-9d82-4d44-95f6-c7c2657b4427', 'tag': '1ad9f61a-005b-4dfb-80f3-4d50e1083d23', 'status': 'completed', 'code': 200}
2026-07-02 06:20:34.666 10 INFO neutron.wsgi [None req-d065f4de-4f6a-43b3-8f1f-e6e4a2dbf845 44f9fc947be441caab831b744dde8ad6 431f6c9a3dcd4add9521adb805be1cd6 - - default default] 10.0.0.226 "GET /v2.0/agents HTTP/1.1" status: 200 len: 997 time: 0.0214036
2026-07-02 06:20:34.672 10 INFO neutron.wsgi [req-886525b8-f70c-4b36-8c5a-56113464f24e req-91a0661f-31ee-4850-985e-13032b37fe41 36cb207628f24e0bb91735a54da13e4f 9bbd05abb27045078316e40e7d0fef1e - - d806d7c638f94797abab49074542b48d d806d7c638f94797abab49074542b48d] 199.204.45.116 "GET /v2.0/ports?tenant_id=effe0de92263445882ef221ade172aba&device_id=ac22bfde-9d82-4d44-95f6-c7c2657b4427 HTTP/1.1" status: 200 len: 1640 time: 0.0411332
2026-07-02 06:20:34.702 10 INFO neutron.wsgi [req-886525b8-f70c-4b36-8c5a-56113464f24e req-79196032-3d50-4a1c-8745-5cfaa8b206e0 36cb207628f24e0bb91735a54da13e4f 9bbd05abb27045078316e40e7d0fef1e - - d806d7c638f94797abab49074542b48d d806d7c638f94797abab49074542b48d] 199.204.45.116 "GET /v2.0/floatingips?fixed_ip_address=10.2.2.181&port_id=1ad9f61a-005b-4dfb-80f3-4d50e1083d23 HTTP/1.1" status: 200 len: 217 time: 0.0249531
2026-07-02 06:20:34.730 10 INFO neutron.wsgi [None req-743134eb-90ef-4c6a-a5f9-91144e0d8b6b 44f9fc947be441caab831b744dde8ad6 431f6c9a3dcd4add9521adb805be1cd6 - - default default] 10.0.0.226 "GET /v2.0/subnets HTTP/1.1" status: 200 len: 6148 time: 0.0574789
2026-07-02 06:20:34.746 10 INFO neutron.wsgi [req-886525b8-f70c-4b36-8c5a-56113464f24e req-67b1c104-df6e-45fa-8e73-6d9fe4258cb6 36cb207628f24e0bb91735a54da13e4f 9bbd05abb27045078316e40e7d0fef1e - - d806d7c638f94797abab49074542b48d d806d7c638f94797abab49074542b48d] 199.204.45.116 "GET /v2.0/floatingips?fixed_ip_address=fd77%3A1457%3A4cf0%3A26a8%3A%3A292&port_id=1ad9f61a-005b-4dfb-80f3-4d50e1083d23 HTTP/1.1" status: 200 len: 217 time: 0.0367527
2026-07-02 06:20:34.749 10 INFO neutron.wsgi [None req-ce065746-59d1-4f4b-a4e4-f4ea5a27c72b 44f9fc947be441caab831b744dde8ad6 431f6c9a3dcd4add9521adb805be1cd6 - - default default] 10.0.0.226 "GET /v2.0/subnetpools HTTP/1.1" status: 200 len: 193 time: 0.0174167
2026-07-02 06:20:34.810 10 INFO neutron.wsgi [req-886525b8-f70c-4b36-8c5a-56113464f24e req-78d9989b-3aff-41f8-a7c2-e5557d541ed3 36cb207628f24e0bb91735a54da13e4f 9bbd05abb27045078316e40e7d0fef1e - - d806d7c638f94797abab49074542b48d d806d7c638f94797abab49074542b48d] 199.204.45.116 "GET /v2.0/subnets?id=37d87410-e1eb-4df5-8c4d-d06ddb6c040c&id=353132a2-ee16-4b44-b459-435d8da586bd HTTP/1.1" status: 200 len: 1565 time: 0.0563936
2026-07-02 06:20:34.837 10 INFO neutron.wsgi [req-886525b8-f70c-4b36-8c5a-56113464f24e req-416ddb30-3515-441a-bca9-091c58b93b2b 36cb207628f24e0bb91735a54da13e4f 9bbd05abb27045078316e40e7d0fef1e - - d806d7c638f94797abab49074542b48d d806d7c638f94797abab49074542b48d] 199.204.45.116 "GET /v2.0/ports?network_id=899ed298-f96a-4512-a5f5-67879f411077&device_owner=network%3Adhcp HTTP/1.1" status: 200 len: 210 time: 0.0201561
2026-07-02 06:20:34.852 10 INFO neutron.wsgi [None req-dddf0ec2-e3d2-42f4-a4fc-cd28f8012f3e 44f9fc947be441caab831b744dde8ad6 431f6c9a3dcd4add9521adb805be1cd6 - - default default] 10.0.0.226 "GET /v2.0/routers HTTP/1.1" status: 200 len: 1521 time: 0.1026607
2026-07-02 06:20:34.873 10 INFO neutron.wsgi [req-886525b8-f70c-4b36-8c5a-56113464f24e req-4da3d1e4-9357-46a5-a3dd-7b000938f2b2 36cb207628f24e0bb91735a54da13e4f 9bbd05abb27045078316e40e7d0fef1e - - d806d7c638f94797abab49074542b48d d806d7c638f94797abab49074542b48d] 199.204.45.116 "GET /v2.0/ports?network_id=899ed298-f96a-4512-a5f5-67879f411077&device_owner=network%3Adhcp HTTP/1.1" status: 200 len: 210 time: 0.0241766
2026-07-02 06:20:34.878 10 INFO neutron.wsgi [None req-80691eb6-c9f2-423d-9219-2f5ce26a8c75 44f9fc947be441caab831b744dde8ad6 431f6c9a3dcd4add9521adb805be1cd6 - - default default] 10.0.0.226 "GET /v2.0/agents?binary=ovn-controller HTTP/1.1" status: 200 len: 591 time: 0.0203431
2026-07-02 06:20:34.972 10 INFO neutron.wsgi [None req-d06336a8-8e06-477d-8604-3328dbf8059f 44f9fc947be441caab831b744dde8ad6 431f6c9a3dcd4add9521adb805be1cd6 - - default default] 10.0.0.226 "GET /v2.0/security-groups HTTP/1.1" status: 200 len: 30290 time: 0.0910702
2026-07-02 06:20:34.978 10 INFO neutron.wsgi [req-886525b8-f70c-4b36-8c5a-56113464f24e req-7682dc20-8725-4a44-8682-502782655f4c 36cb207628f24e0bb91735a54da13e4f 9bbd05abb27045078316e40e7d0fef1e - - d806d7c638f94797abab49074542b48d d806d7c638f94797abab49074542b48d] 199.204.45.116 "GET /v2.0/networks/899ed298-f96a-4512-a5f5-67879f411077?fields=segments HTTP/1.1" status: 200 len: 212 time: 0.0919306
2026-07-02 06:20:35.047 10 INFO neutron.wsgi [None req-02cdfec7-0b9b-4cbd-a2fa-c7d2e9046cda 44f9fc947be441caab831b744dde8ad6 431f6c9a3dcd4add9521adb805be1cd6 - - default default] 10.0.0.226 "GET /v2.0/subnets HTTP/1.1" status: 200 len: 6148 time: 0.0570867
2026-07-02 06:20:35.060 9 INFO neutron.wsgi [-] 10.0.0.111 "GET / HTTP/1.1" status: 200 len: 246 time: 0.0013378
2026-07-02 06:20:35.062 9 INFO neutron.wsgi [-] 10.0.0.111 "GET / HTTP/1.1" status: 200 len: 246 time: 0.0009279
2026-07-02 06:20:35.089 10 INFO neutron.wsgi [None req-197581b9-d507-4e39-aff5-2a2761e9d62d 44f9fc947be441caab831b744dde8ad6 431f6c9a3dcd4add9521adb805be1cd6 - - default default] 10.0.0.226 "GET /v2.0/network-ip-availabilities HTTP/1.1" status: 200 len: 3831 time: 0.0374718
2026-07-02 06:20:35.122 9 WARNING neutron_lib.context [None req-c3d10c63-e751-4c50-87cd-5007c5699b9c 3a38bc5fa5864b76a9299c1535d31416 ccf6e813fccb4b99b5a44714fd8a705e - - default default] Method 'is_advsvc' is deprecated since 2023.2 release (neutron-lib 3.8.0) and will be removed once support for the old RBAC API policies will be removed from Neutron. Please use method 'is_service_role' instead.
2026-07-02 06:20:35.136 10 INFO neutron.wsgi [req-886525b8-f70c-4b36-8c5a-56113464f24e req-a381b5a8-899a-4ab7-8f5e-76103a62ecb8 36cb207628f24e0bb91735a54da13e4f 9bbd05abb27045078316e40e7d0fef1e - - d806d7c638f94797abab49074542b48d d806d7c638f94797abab49074542b48d] 199.204.45.116 "GET /v2.0/networks/899ed298-f96a-4512-a5f5-67879f411077?fields=provider%3Aphysical_network&fields=provider%3Anetwork_type HTTP/1.1" status: 200 len: 277 time: 0.1539545
2026-07-02 06:20:35.154 10 INFO neutron.wsgi [None req-7a70f08d-e32d-4a4a-a9f3-ba642902c994 44f9fc947be441caab831b744dde8ad6 431f6c9a3dcd4add9521adb805be1cd6 - - default default] 10.0.0.226 "GET /v2.0/floatingips HTTP/1.1" status: 200 len: 1034 time: 0.0612991
2026-07-02 06:20:35.240 10 INFO neutron.wsgi [req-be1f7e69-0fc7-4e8c-87b0-25e3876db753 req-5a6abb0f-c164-4e5c-a1d9-e930b61d703f 36cb207628f24e0bb91735a54da13e4f 9bbd05abb27045078316e40e7d0fef1e - - d806d7c638f94797abab49074542b48d d806d7c638f94797abab49074542b48d] 199.204.45.116 "GET /v2.0/ports?tenant_id=effe0de92263445882ef221ade172aba&device_id=ac22bfde-9d82-4d44-95f6-c7c2657b4427 HTTP/1.1" status: 200 len: 1640 time: 0.0512080
2026-07-02 06:20:35.269 10 INFO neutron.wsgi [None req-3fac47a3-b04e-4f56-820b-fb8f4e2e0705 44f9fc947be441caab831b744dde8ad6 431f6c9a3dcd4add9521adb805be1cd6 - - default default] 10.0.0.226 "GET /v2.0/networks HTTP/1.1" status: 200 len: 5477 time: 0.1138434
2026-07-02 06:20:35.324 10 INFO neutron.wsgi [req-be1f7e69-0fc7-4e8c-87b0-25e3876db753 req-041aec5a-bc7d-45d7-b4ea-1fe491a9fd51 36cb207628f24e0bb91735a54da13e4f 9bbd05abb27045078316e40e7d0fef1e - - d806d7c638f94797abab49074542b48d d806d7c638f94797abab49074542b48d] 199.204.45.116 "GET /v2.0/networks?id=899ed298-f96a-4512-a5f5-67879f411077 HTTP/1.1" status: 200 len: 1002 time: 0.0782282
2026-07-02 06:20:35.336 9 WARNING neutron_lib.context [None req-1ae38824-aa34-426d-a67d-05c5aa866392 e883fdc3500841d7929c54737208bc36 0a0eb22783594c46bdd959a0b5569000 - - default default] Method 'is_advsvc' is deprecated since 2023.2 release (neutron-lib 3.8.0) and will be removed once support for the old RBAC API policies will be removed from Neutron. Please use method 'is_service_role' instead.
2026-07-02 06:20:35.371 10 INFO neutron.wsgi [req-be1f7e69-0fc7-4e8c-87b0-25e3876db753 req-2dc3ad8f-36b3-47b9-a755-b4f090b03d7e 36cb207628f24e0bb91735a54da13e4f 9bbd05abb27045078316e40e7d0fef1e - - d806d7c638f94797abab49074542b48d d806d7c638f94797abab49074542b48d] 199.204.45.116 "GET /v2.0/floatingips?fixed_ip_address=10.2.2.181&port_id=1ad9f61a-005b-4dfb-80f3-4d50e1083d23 HTTP/1.1" status: 200 len: 217 time: 0.0362542
2026-07-02 06:20:35.378 9 INFO neutron.plugins.ml2.drivers.ovn.mech_driver.mech_driver [None req-474cecf2-bd82-41f3-916e-ad8bc4a73b8f - - - - - -] OVN reports status up for port: 1ad9f61a-005b-4dfb-80f3-4d50e1083d23
2026-07-02 06:20:35.413 9 INFO neutron.plugins.ml2.plugin [None req-474cecf2-bd82-41f3-916e-ad8bc4a73b8f - - - - - -] Attempt 1 to provision port 1ad9f61a-005b-4dfb-80f3-4d50e1083d23
2026-07-02 06:20:35.415 10 INFO neutron.wsgi [req-be1f7e69-0fc7-4e8c-87b0-25e3876db753 req-e83d4507-6d1f-4cb8-abbc-1d0dfb5b1461 36cb207628f24e0bb91735a54da13e4f 9bbd05abb27045078316e40e7d0fef1e - - d806d7c638f94797abab49074542b48d d806d7c638f94797abab49074542b48d] 199.204.45.116 "GET /v2.0/floatingips?fixed_ip_address=fd77%3A1457%3A4cf0%3A26a8%3A%3A292&port_id=1ad9f61a-005b-4dfb-80f3-4d50e1083d23 HTTP/1.1" status: 200 len: 217 time: 0.0387030
2026-07-02 06:20:35.432 9 INFO neutron.db.ovn_revision_numbers_db [None req-c3d10c63-e751-4c50-87cd-5007c5699b9c 3a38bc5fa5864b76a9299c1535d31416 ccf6e813fccb4b99b5a44714fd8a705e - - default default] Successfully bumped revision number for resource 2a69c402-c1e0-41ca-991e-8421962ec0d0 (type: security_groups) to 1
2026-07-02 06:20:35.461 9 INFO neutron.db.ovn_revision_numbers_db [None req-c3d10c63-e751-4c50-87cd-5007c5699b9c 3a38bc5fa5864b76a9299c1535d31416 ccf6e813fccb4b99b5a44714fd8a705e - - default default] Successfully bumped revision number for resource 04263892-4f05-46f0-85b9-509ae1a19333 (type: security_group_rules) to 0
2026-07-02 06:20:35.473 9 INFO neutron.wsgi [None req-1ae38824-aa34-426d-a67d-05c5aa866392 e883fdc3500841d7929c54737208bc36 0a0eb22783594c46bdd959a0b5569000 - - default default] 10.0.0.113 "POST /v2.0/subnetpools HTTP/1.1" status: 201 len: 715 time: 0.2089932
2026-07-02 06:20:35.478 10 INFO neutron.wsgi [req-be1f7e69-0fc7-4e8c-87b0-25e3876db753 req-ff7d1f2a-3b18-4ab7-8ac3-be68e20aa77f 36cb207628f24e0bb91735a54da13e4f 9bbd05abb27045078316e40e7d0fef1e - - d806d7c638f94797abab49074542b48d d806d7c638f94797abab49074542b48d] 199.204.45.116 "GET /v2.0/subnets?id=37d87410-e1eb-4df5-8c4d-d06ddb6c040c&id=353132a2-ee16-4b44-b459-435d8da586bd HTTP/1.1" status: 200 len: 1565 time: 0.0573604
2026-07-02 06:20:35.510 9 INFO neutron.db.ovn_revision_numbers_db [None req-c3d10c63-e751-4c50-87cd-5007c5699b9c 3a38bc5fa5864b76a9299c1535d31416 ccf6e813fccb4b99b5a44714fd8a705e - - default default] Successfully bumped revision number for resource 587dd97d-b967-4585-9888-5535bb6f7edb (type: security_group_rules) to 0
2026-07-02 06:20:35.512 10 INFO neutron.wsgi [req-be1f7e69-0fc7-4e8c-87b0-25e3876db753 req-e7445da1-045e-4f99-a32b-477e0f572840 36cb207628f24e0bb91735a54da13e4f 9bbd05abb27045078316e40e7d0fef1e - - d806d7c638f94797abab49074542b48d d806d7c638f94797abab49074542b48d] 199.204.45.116 "GET /v2.0/ports?network_id=899ed298-f96a-4512-a5f5-67879f411077&device_owner=network%3Adhcp HTTP/1.1" status: 200 len: 210 time: 0.0263679
2026-07-02 06:20:35.543 9 INFO neutron.db.ovn_revision_numbers_db [None req-c3d10c63-e751-4c50-87cd-5007c5699b9c 3a38bc5fa5864b76a9299c1535d31416 ccf6e813fccb4b99b5a44714fd8a705e - - default default] Successfully bumped revision number for resource 5e1d7494-bd84-4696-9dcd-760a3189ccd1 (type: security_group_rules) to 0
2026-07-02 06:20:35.545 10 INFO neutron.wsgi [None req-ff909f84-3a87-4515-be74-4ef9ca52b75a e883fdc3500841d7929c54737208bc36 0a0eb22783594c46bdd959a0b5569000 - - default default] 10.0.0.113 "PUT /v2.0/subnetpools/fb93f90f-2478-4f62-b0ff-7c07e3d783bb/tags HTTP/1.1" status: 200 len: 218 time: 0.0650558
2026-07-02 06:20:35.547 10 INFO neutron.wsgi [req-be1f7e69-0fc7-4e8c-87b0-25e3876db753 req-a95842b6-938d-4779-81b9-3895d0a001a9 36cb207628f24e0bb91735a54da13e4f 9bbd05abb27045078316e40e7d0fef1e - - d806d7c638f94797abab49074542b48d d806d7c638f94797abab49074542b48d] 199.204.45.116 "GET /v2.0/ports?network_id=899ed298-f96a-4512-a5f5-67879f411077&device_owner=network%3Adhcp HTTP/1.1" status: 200 len: 210 time: 0.0265985
2026-07-02 06:20:35.589 9 INFO neutron.db.ovn_revision_numbers_db [None req-c3d10c63-e751-4c50-87cd-5007c5699b9c 3a38bc5fa5864b76a9299c1535d31416 ccf6e813fccb4b99b5a44714fd8a705e - - default default] Successfully bumped revision number for resource ccc1d9f7-22aa-4358-8a51-7adcf3b18646 (type: security_group_rules) to 0
2026-07-02 06:20:35.624 9 INFO neutron.wsgi [None req-7f939dfd-db05-42c2-aeac-efef457d5edf e883fdc3500841d7929c54737208bc36 0a0eb22783594c46bdd959a0b5569000 - - default default] 10.0.0.113 "GET /v2.0/subnetpools/fb93f90f-2478-4f62-b0ff-7c07e3d783bb/tags HTTP/1.1" status: 200 len: 218 time: 0.0735078
2026-07-02 06:20:35.642 10 INFO neutron.wsgi [req-be1f7e69-0fc7-4e8c-87b0-25e3876db753 req-cdd3adac-5121-4379-b771-2565019d91cb 36cb207628f24e0bb91735a54da13e4f 9bbd05abb27045078316e40e7d0fef1e - - d806d7c638f94797abab49074542b48d d806d7c638f94797abab49074542b48d] 199.204.45.116 "GET /v2.0/networks/899ed298-f96a-4512-a5f5-67879f411077?fields=segments HTTP/1.1" status: 200 len: 212 time: 0.0886261
2026-07-02 06:20:35.685 9 INFO neutron.db.segments_db [None req-c3d10c63-e751-4c50-87cd-5007c5699b9c 3a38bc5fa5864b76a9299c1535d31416 ccf6e813fccb4b99b5a44714fd8a705e - - default default] Added segment 5cf7ebec-ff31-4b4b-8d26-884084129c33 of type geneve for network 4537e0d4-c455-42d1-9159-d10b1bd5626d
2026-07-02 06:20:35.709 10 INFO neutron.wsgi [None req-d0d18c01-18ec-4046-89ae-a33e694c91d0 e883fdc3500841d7929c54737208bc36 0a0eb22783594c46bdd959a0b5569000 - - default default] 10.0.0.113 "PUT /v2.0/subnetpools/fb93f90f-2478-4f62-b0ff-7c07e3d783bb/tags/green HTTP/1.1" status: 201 len: 201 time: 0.0760324
2026-07-02 06:20:35.750 10 INFO neutron.wsgi [None req-54d999e1-6216-415d-afea-eece1a95acd1 e883fdc3500841d7929c54737208bc36 0a0eb22783594c46bdd959a0b5569000 - - default default] 10.0.0.113 "GET /v2.0/subnetpools/fb93f90f-2478-4f62-b0ff-7c07e3d783bb/tags HTTP/1.1" status: 200 len: 227 time: 0.0292406
2026-07-02 06:20:35.754 10 INFO neutron.wsgi [req-be1f7e69-0fc7-4e8c-87b0-25e3876db753 req-1b1fc7e7-8045-49a8-bf25-7b1ef5637973 36cb207628f24e0bb91735a54da13e4f 9bbd05abb27045078316e40e7d0fef1e - - d806d7c638f94797abab49074542b48d d806d7c638f94797abab49074542b48d] 199.204.45.116 "GET /v2.0/networks/899ed298-f96a-4512-a5f5-67879f411077?fields=provider%3Aphysical_network&fields=provider%3Anetwork_type HTTP/1.1" status: 200 len: 277 time: 0.1052549
2026-07-02 06:20:35.785 10 INFO neutron.wsgi [None req-05008b89-b9dc-411c-9c7d-e47c029fc242 e883fdc3500841d7929c54737208bc36 0a0eb22783594c46bdd959a0b5569000 - - default default] 10.0.0.113 "PUT /v2.0/subnetpools/fb93f90f-2478-4f62-b0ff-7c07e3d783bb/tags/red HTTP/1.1" status: 201 len: 201 time: 0.0282903
2026-07-02 06:20:35.815 10 INFO neutron.wsgi [None req-da13d4b8-7a7b-4d2c-8192-6a35db35cbd3 e883fdc3500841d7929c54737208bc36 0a0eb22783594c46bdd959a0b5569000 - - default default] 10.0.0.113 "GET /v2.0/subnetpools/fb93f90f-2478-4f62-b0ff-7c07e3d783bb/tags HTTP/1.1" status: 200 len: 227 time: 0.0233052
2026-07-02 06:20:35.857 10 INFO neutron.wsgi [None req-d886aaaa-8416-4a32-a27b-afd9458a3c75 e883fdc3500841d7929c54737208bc36 0a0eb22783594c46bdd959a0b5569000 - - default default] 10.0.0.113 "PUT /v2.0/subnetpools/fb93f90f-2478-4f62-b0ff-7c07e3d783bb/tags/black.or.white HTTP/1.1" status: 201 len: 201 time: 0.0368581
2026-07-02 06:20:35.883 10 INFO neutron.wsgi [None req-0ea9bf91-c9d2-4907-b996-56d94e67f9cd e883fdc3500841d7929c54737208bc36 0a0eb22783594c46bdd959a0b5569000 - - default default] 10.0.0.113 "GET /v2.0/subnetpools/fb93f90f-2478-4f62-b0ff-7c07e3d783bb/tags HTTP/1.1" status: 200 len: 245 time: 0.0207083
2026-07-02 06:20:35.893 9 INFO neutron.notifiers.nova [-] Nova event matching ['req-134a6ff4-d6da-465c-8d56-96024fec23b9'] response: {'server_uuid': 'ac22bfde-9d82-4d44-95f6-c7c2657b4427', 'name': 'network-vif-plugged', 'status': 'completed', 'tag': '1ad9f61a-005b-4dfb-80f3-4d50e1083d23', 'code': 200}
2026-07-02 06:20:35.927 10 INFO neutron.wsgi [None req-3a6f54b1-a056-4b77-9712-6b95c85a6562 e883fdc3500841d7929c54737208bc36 0a0eb22783594c46bdd959a0b5569000 - - default default] 10.0.0.113 "PUT /v2.0/subnetpools/fb93f90f-2478-4f62-b0ff-7c07e3d783bb/tags HTTP/1.1" status: 200 len: 230 time: 0.0372653
2026-07-02 06:20:35.946 9 INFO neutron.db.ovn_revision_numbers_db [None req-c3d10c63-e751-4c50-87cd-5007c5699b9c 3a38bc5fa5864b76a9299c1535d31416 ccf6e813fccb4b99b5a44714fd8a705e - - default default] Successfully bumped revision number for resource 4537e0d4-c455-42d1-9159-d10b1bd5626d (type: networks) to 1
2026-07-02 06:20:35.957 10 INFO neutron.wsgi [None req-2358d54e-0d30-4419-9043-a6f5c1128397 e883fdc3500841d7929c54737208bc36 0a0eb22783594c46bdd959a0b5569000 - - default default] 10.0.0.113 "GET /v2.0/subnetpools/fb93f90f-2478-4f62-b0ff-7c07e3d783bb/tags HTTP/1.1" status: 200 len: 230 time: 0.0258846
2026-07-02 06:20:35.983 10 INFO neutron.wsgi [None req-0963d0fb-e163-4422-ac1f-9356c01a5fa4 e883fdc3500841d7929c54737208bc36 0a0eb22783594c46bdd959a0b5569000 - - default default] 10.0.0.113 "GET /v2.0/subnetpools/fb93f90f-2478-4f62-b0ff-7c07e3d783bb/tags/red HTTP/1.1" status: 204 len: 168 time: 0.0211060
2026-07-02 06:20:36.012 10 INFO neutron.api.v2.resource [None req-78848430-f4d9-4e23-a7e6-e0017fcc6250 e883fdc3500841d7929c54737208bc36 0a0eb22783594c46bdd959a0b5569000 - - default default] show failed (client error): The resource could not be found.
2026-07-02 06:20:36.013 10 INFO neutron.wsgi [None req-78848430-f4d9-4e23-a7e6-e0017fcc6250 e883fdc3500841d7929c54737208bc36 0a0eb22783594c46bdd959a0b5569000 - - default default] 10.0.0.113 "GET /v2.0/subnetpools/fb93f90f-2478-4f62-b0ff-7c07e3d783bb/tags/green HTTP/1.1" status: 404 len: 299 time: 0.0250041
2026-07-02 06:20:36.034 9 INFO neutron.wsgi [None req-67bf01d6-f780-4691-9860-0c698a4aed6a 44f9fc947be441caab831b744dde8ad6 431f6c9a3dcd4add9521adb805be1cd6 - - default default] 10.0.0.113 "PUT /v2.0/routers/94d02605-63a1-4018-bcfc-a45ed6b4ccb7/remove_router_interface HTTP/1.1" status: 200 len: 503 time: 1.5340352
2026-07-02 06:20:36.040 9 INFO neutron.db.ovn_revision_numbers_db [None req-474cecf2-bd82-41f3-916e-ad8bc4a73b8f - - - - - -] Successfully bumped revision number for resource 1ad9f61a-005b-4dfb-80f3-4d50e1083d23 (type: ports) to 4
2026-07-02 06:20:36.090 10 INFO neutron.wsgi [None req-6a562608-3d6d-42e0-b8e3-87e557c3d523 e883fdc3500841d7929c54737208bc36 0a0eb22783594c46bdd959a0b5569000 - - default default] 10.0.0.113 "DELETE /v2.0/subnetpools/fb93f90f-2478-4f62-b0ff-7c07e3d783bb/tags/red HTTP/1.1" status: 204 len: 168 time: 0.0702581
2026-07-02 06:20:36.172 10 INFO neutron.wsgi [None req-9dd47678-4465-4d03-ba36-75eeba84ef8a e883fdc3500841d7929c54737208bc36 0a0eb22783594c46bdd959a0b5569000 - - default default] 10.0.0.113 "GET /v2.0/subnetpools/fb93f90f-2478-4f62-b0ff-7c07e3d783bb/tags HTTP/1.1" status: 200 len: 223 time: 0.0740542 /var/lib/openstack/lib/python3.10/site-packages/pycadf/identifier.py:71: UserWarning: Invalid uuid: neutron. To ensure interoperability, identifiers should be a valid uuid. warnings.warn(('Invalid uuid: %s. To ensure interoperability, '
2026-07-02 06:20:36.261 9 INFO neutron.api.v2.resource [None req-f76dc8a6-e781-4053-aa24-9974e192b4a1 e883fdc3500841d7929c54737208bc36 0a0eb22783594c46bdd959a0b5569000 - - default default] delete failed (client error): The resource could not be found.
2026-07-02 06:20:36.265 9 INFO neutron.wsgi [None req-f76dc8a6-e781-4053-aa24-9974e192b4a1 e883fdc3500841d7929c54737208bc36 0a0eb22783594c46bdd959a0b5569000 - - default default] 10.0.0.113 "DELETE /v2.0/subnetpools/fb93f90f-2478-4f62-b0ff-7c07e3d783bb/tags/green HTTP/1.1" status: 404 len: 299 time: 0.0825264
2026-07-02 06:20:36.288 9 WARNING neutron.scheduler.dhcp_agent_scheduler [None req-c3d10c63-e751-4c50-87cd-5007c5699b9c 3a38bc5fa5864b76a9299c1535d31416 ccf6e813fccb4b99b5a44714fd8a705e - - default default] No more DHCP agents
2026-07-02 06:20:36.290 9 WARNING neutron.api.rpc.agentnotifiers.dhcp_rpc_agent_api [None req-c3d10c63-e751-4c50-87cd-5007c5699b9c 3a38bc5fa5864b76a9299c1535d31416 ccf6e813fccb4b99b5a44714fd8a705e - - default default] Unable to schedule network 4537e0d4-c455-42d1-9159-d10b1bd5626d: no agents available; will retry on subsequent port and subnet creation events.
2026-07-02 06:20:36.363 10 INFO neutron.wsgi [None req-150218b1-38a3-4585-b418-d72bafe19416 e883fdc3500841d7929c54737208bc36 0a0eb22783594c46bdd959a0b5569000 - - default default] 10.0.0.113 "DELETE /v2.0/subnetpools/fb93f90f-2478-4f62-b0ff-7c07e3d783bb/tags HTTP/1.1" status: 204 len: 168 time: 0.0933549
2026-07-02 06:20:36.402 9 INFO neutron.wsgi [None req-c9abf99e-e62c-4977-b223-e1710646467b e883fdc3500841d7929c54737208bc36 0a0eb22783594c46bdd959a0b5569000 - - default default] 10.0.0.113 "GET /v2.0/subnetpools/fb93f90f-2478-4f62-b0ff-7c07e3d783bb/tags HTTP/1.1" status: 200 len: 205 time: 0.0260980
2026-07-02 06:20:36.403 9 INFO neutron.db.ovn_revision_numbers_db [None req-c3d10c63-e751-4c50-87cd-5007c5699b9c 3a38bc5fa5864b76a9299c1535d31416 ccf6e813fccb4b99b5a44714fd8a705e - - default default] Successfully bumped revision number for resource 8c944b93-09ba-42a3-8b77-ec1be8008277 (type: ports) to 1
2026-07-02 06:20:36.438 9 INFO neutron.wsgi [None req-c3d10c63-e751-4c50-87cd-5007c5699b9c 3a38bc5fa5864b76a9299c1535d31416 ccf6e813fccb4b99b5a44714fd8a705e - - default default] 10.0.0.113 "POST /v2.0/networks HTTP/1.1" status: 201 len: 848 time: 1.4754851
2026-07-02 06:20:36.450 9 WARNING neutron_lib.context [None req-858db137-3cdd-4d50-ae09-b361201566f3 3a38bc5fa5864b76a9299c1535d31416 ccf6e813fccb4b99b5a44714fd8a705e - - default default] Method 'is_advsvc' is deprecated since 2023.2 release (neutron-lib 3.8.0) and will be removed once support for the old RBAC API policies will be removed from Neutron. Please use method 'is_service_role' instead.
2026-07-02 06:20:36.499 9 INFO neutron.wsgi [None req-4b95d7a3-9ab7-4aca-88fa-9a6fc2570bdf e883fdc3500841d7929c54737208bc36 0a0eb22783594c46bdd959a0b5569000 - - default default] 10.0.0.113 "DELETE /v2.0/subnetpools/fb93f90f-2478-4f62-b0ff-7c07e3d783bb HTTP/1.1" status: 204 len: 168 time: 0.0905592
2026-07-02 06:20:36.728 9 WARNING neutron.scheduler.dhcp_agent_scheduler [None req-858db137-3cdd-4d50-ae09-b361201566f3 3a38bc5fa5864b76a9299c1535d31416 ccf6e813fccb4b99b5a44714fd8a705e - - default default] No more DHCP agents
2026-07-02 06:20:36.731 9 WARNING neutron.api.rpc.agentnotifiers.dhcp_rpc_agent_api [None req-858db137-3cdd-4d50-ae09-b361201566f3 3a38bc5fa5864b76a9299c1535d31416 ccf6e813fccb4b99b5a44714fd8a705e - - default default] Unable to schedule network 4537e0d4-c455-42d1-9159-d10b1bd5626d: no agents available; will retry on subsequent port and subnet creation events.
2026-07-02 06:20:36.816 9 INFO neutron.db.ovn_revision_numbers_db [None req-858db137-3cdd-4d50-ae09-b361201566f3 3a38bc5fa5864b76a9299c1535d31416 ccf6e813fccb4b99b5a44714fd8a705e - - default default] Successfully bumped revision number for resource cf07fb0f-7d9c-4815-bdce-5814bfa5f26d (type: ports) to 1
2026-07-02 06:20:36.839 9 INFO neutron.wsgi [None req-858db137-3cdd-4d50-ae09-b361201566f3 3a38bc5fa5864b76a9299c1535d31416 ccf6e813fccb4b99b5a44714fd8a705e - - default default] 10.0.0.113 "POST /v2.0/ports HTTP/1.1" status: 201 len: 978 time: 0.3944862 /var/lib/openstack/lib/python3.10/site-packages/pycadf/identifier.py:71: UserWarning: Invalid uuid: neutron. To ensure interoperability, identifiers should be a valid uuid. warnings.warn(('Invalid uuid: %s. To ensure interoperability, '
2026-07-02 06:20:36.862 9 WARNING neutron_lib.context [None req-7bfd79e7-c311-4edd-bec5-466e63c559e4 3a38bc5fa5864b76a9299c1535d31416 ccf6e813fccb4b99b5a44714fd8a705e - - default default] Method 'is_advsvc' is deprecated since 2023.2 release (neutron-lib 3.8.0) and will be removed once support for the old RBAC API policies will be removed from Neutron. Please use method 'is_service_role' instead.
2026-07-02 06:20:37.057 10 INFO neutron.wsgi [None req-2e30ad6f-39b5-41dd-bdc9-bbcd125a648f 44f9fc947be441caab831b744dde8ad6 431f6c9a3dcd4add9521adb805be1cd6 - - default default] 10.0.0.113 "DELETE /v2.0/routers/94d02605-63a1-4018-bcfc-a45ed6b4ccb7 HTTP/1.1" status: 204 len: 168 time: 1.0169835
2026-07-02 06:20:37.279 9 INFO neutron.db.segments_db [None req-7bfd79e7-c311-4edd-bec5-466e63c559e4 3a38bc5fa5864b76a9299c1535d31416 ccf6e813fccb4b99b5a44714fd8a705e - - default default] Added segment 822147db-b201-4344-b930-5a58070f12e2 of type geneve for network 0ff49bed-6ffe-4c3c-b743-1de8f740ed8f
2026-07-02 06:20:37.285 10 INFO neutron.wsgi [None req-03c38875-032b-4dbe-84f9-4b6c1a25500e 44f9fc947be441caab831b744dde8ad6 431f6c9a3dcd4add9521adb805be1cd6 - - default default] 10.0.0.113 "DELETE /v2.0/subnets/c8cae070-4ea4-4754-ae6f-7427a2e2c852 HTTP/1.1" status: 204 len: 168 time: 0.2225630
