2026-07-02 06:18:16.596 9 WARNING neutron_lib.context [req-d49f35a6-6e7f-410c-b189-8db4b29974e3 req-7ebb3237-b936-4e55-86ad-10961a7947c3 1865aeade7d54b8da085562f2fcf6aa6 d9b7657ae60d46439be2c6d51b63eda8 - - default default] Method 'is_advsvc' is deprecated since 2023.2 release (neutron-lib 3.8.0) and will be removed once support for the old RBAC API policies will be removed from Neutron. Please use method 'is_service_role' instead.
2026-07-02 06:18:16.765 9 INFO neutron.wsgi [req-3db322d8-08bf-4971-b0a7-98a5a64ad9bf req-13a9b60f-349f-448d-bc0a-58696862a894 03387d4563784a5b8503cb14f6bec95f 00ef10b6a21849e693ecb5d39ca009e8 - - default default] 10.0.0.239 "GET /v2.0/ports?device_id=ed3dd79e-e199-4a1e-9c39-a0329e54e853 HTTP/1.1" status: 200 len: 1172 time: 0.1371408
2026-07-02 06:18:16.817 9 INFO neutron.wsgi [req-a134f402-d898-4798-9fa4-53f469523402 req-c4ef358c-c20e-484b-b3c3-2e439ff0487f 1865aeade7d54b8da085562f2fcf6aa6 d9b7657ae60d46439be2c6d51b63eda8 - - default default] 10.0.0.239 "GET /v2.0/ports?device_id=f9ad85c9-d2e5-4e86-b6c0-dd79a22fbf40 HTTP/1.1" status: 200 len: 210 time: 0.0460501
2026-07-02 06:18:16.869 9 INFO neutron.wsgi [req-3db322d8-08bf-4971-b0a7-98a5a64ad9bf req-c10ff0d4-219d-4e6e-b986-be56341060b5 03387d4563784a5b8503cb14f6bec95f 00ef10b6a21849e693ecb5d39ca009e8 - - default default] 10.0.0.239 "GET /v2.0/security-groups?id=4e0005ed-dc24-4795-aae4-142504ca5c1b&fields=id&fields=name HTTP/1.1" status: 200 len: 313 time: 0.0920298
2026-07-02 06:18:16.886 10 INFO neutron.wsgi [None req-fd9a3103-1d9c-4975-a012-8c3b8d17a491 44f9fc947be441caab831b744dde8ad6 431f6c9a3dcd4add9521adb805be1cd6 - - default default] 10.0.0.113 "DELETE /v2.0/networks/b473e7b1-08e1-4df5-9611-652f59a6e83e HTTP/1.1" status: 204 len: 168 time: 0.4807570
2026-07-02 06:18:17.061 9 WARNING neutron.scheduler.dhcp_agent_scheduler [req-d49f35a6-6e7f-410c-b189-8db4b29974e3 req-7ebb3237-b936-4e55-86ad-10961a7947c3 1865aeade7d54b8da085562f2fcf6aa6 d9b7657ae60d46439be2c6d51b63eda8 - - default default] No more DHCP agents
2026-07-02 06:18:17.065 9 WARNING neutron.api.rpc.agentnotifiers.dhcp_rpc_agent_api [req-d49f35a6-6e7f-410c-b189-8db4b29974e3 req-7ebb3237-b936-4e55-86ad-10961a7947c3 1865aeade7d54b8da085562f2fcf6aa6 d9b7657ae60d46439be2c6d51b63eda8 - - default default] Unable to schedule network 78b1a37b-350d-4abd-9dce-4ef05913e5bf: no agents available; will retry on subsequent port and subnet creation events.
2026-07-02 06:18:17.095 10 INFO neutron.wsgi [None req-3154f056-b0e6-481e-a126-5a23c662b9a8 44f9fc947be441caab831b744dde8ad6 431f6c9a3dcd4add9521adb805be1cd6 - - default default] 10.0.0.113 "GET /v2.0/security-groups?tenant_id=1c00a6d48ce34e64b287a0aacf1d3c58&name=default HTTP/1.1" status: 200 len: 2992 time: 0.0440807
2026-07-02 06:18:17.238 9 INFO neutron.db.ovn_revision_numbers_db [req-d49f35a6-6e7f-410c-b189-8db4b29974e3 req-7ebb3237-b936-4e55-86ad-10961a7947c3 1865aeade7d54b8da085562f2fcf6aa6 d9b7657ae60d46439be2c6d51b63eda8 - - default default] Successfully bumped revision number for resource 35296a58-949f-4968-8327-c41154550298 (type: ports) to 1
2026-07-02 06:18:17.278 9 INFO neutron.wsgi [req-d49f35a6-6e7f-410c-b189-8db4b29974e3 req-7ebb3237-b936-4e55-86ad-10961a7947c3 1865aeade7d54b8da085562f2fcf6aa6 d9b7657ae60d46439be2c6d51b63eda8 - - default default] 199.204.45.116 "POST /v2.0/ports HTTP/1.1" status: 201 len: 1162 time: 0.6896379 /var/lib/openstack/lib/python3.10/site-packages/pycadf/identifier.py:71: UserWarning: Invalid uuid: neutron. To ensure interoperability, identifiers should be a valid uuid. warnings.warn(('Invalid uuid: %s. To ensure interoperability, '
2026-07-02 06:18:17.361 10 INFO neutron.services.segments.plugin [-] Segment 40de9204-e055-488a-8183-35ace387d1ba resource provider aggregate not found
2026-07-02 06:18:17.368 10 INFO neutron.services.segments.plugin [-] Segment 40de9204-e055-488a-8183-35ace387d1ba resource provider aggregate not found
2026-07-02 06:18:17.385 10 INFO neutron.services.segments.plugin [-] Segment 40de9204-e055-488a-8183-35ace387d1ba resource provider not found; error: Placement Client Error (4xx): {"errors": [{"status": 404, "title": "Not Found", "detail": "The resource could not be found.\n\n No resource provider with uuid 40de9204-e055-488a-8183-35ace387d1ba found for delete ", "request_id": "req-d86a6ca3-fda1-48d8-b9fb-2ede79aa4baf"}]}
2026-07-02 06:18:17.386 10 INFO neutron.services.segments.plugin [-] Segment 40de9204-e055-488a-8183-35ace387d1ba resource provider not found; error: Placement Client Error (4xx): {"errors": [{"status": 404, "title": "Not Found", "detail": "The resource could not be found.\n\n No resource provider with uuid 40de9204-e055-488a-8183-35ace387d1ba found for delete ", "request_id": "req-4c38fab0-3a1e-4509-a7b7-7f7fabe8b7a2"}]}
2026-07-02 06:18:17.418 10 INFO neutron.wsgi [None req-0f467782-c89c-4bbb-91b1-b688c21eab43 44f9fc947be441caab831b744dde8ad6 431f6c9a3dcd4add9521adb805be1cd6 - - default default] 10.0.0.113 "DELETE /v2.0/security-groups/f5fc461f-b2f0-46eb-bb1b-58f02a8e9ea0 HTTP/1.1" status: 204 len: 168 time: 0.3149359
2026-07-02 06:18:17.690 9 INFO neutron.db.ovn_revision_numbers_db [req-d49f35a6-6e7f-410c-b189-8db4b29974e3 req-2cde9960-a9c6-422e-8dbf-7d52b0544411 36cb207628f24e0bb91735a54da13e4f 9bbd05abb27045078316e40e7d0fef1e - - d806d7c638f94797abab49074542b48d d806d7c638f94797abab49074542b48d] Successfully bumped revision number for resource 35296a58-949f-4968-8327-c41154550298 (type: ports) to 2 /var/lib/openstack/lib/python3.10/site-packages/pycadf/identifier.py:71: UserWarning: Invalid uuid: neutron. To ensure interoperability, identifiers should be a valid uuid. warnings.warn(('Invalid uuid: %s. To ensure interoperability, '
2026-07-02 06:18:17.916 9 INFO neutron.db.ovn_revision_numbers_db [req-d49f35a6-6e7f-410c-b189-8db4b29974e3 req-2cde9960-a9c6-422e-8dbf-7d52b0544411 36cb207628f24e0bb91735a54da13e4f 9bbd05abb27045078316e40e7d0fef1e - - d806d7c638f94797abab49074542b48d d806d7c638f94797abab49074542b48d] Successfully bumped revision number for resource 35296a58-949f-4968-8327-c41154550298 (type: ports) to 2
2026-07-02 06:18:17.958 9 INFO neutron.wsgi [req-d49f35a6-6e7f-410c-b189-8db4b29974e3 req-2cde9960-a9c6-422e-8dbf-7d52b0544411 36cb207628f24e0bb91735a54da13e4f 9bbd05abb27045078316e40e7d0fef1e - - d806d7c638f94797abab49074542b48d d806d7c638f94797abab49074542b48d] 199.204.45.116 "PUT /v2.0/ports/35296a58-949f-4968-8327-c41154550298 HTTP/1.1" status: 200 len: 1380 time: 0.6701777
2026-07-02 06:18:17.972 9 INFO neutron.wsgi [req-9b5fcbfa-4209-4d12-b647-a2969d47dbfb req-40e63677-1f59-47fa-9b09-8555e2757584 1865aeade7d54b8da085562f2fcf6aa6 d9b7657ae60d46439be2c6d51b63eda8 - - default default] 10.0.0.239 "GET /v2.0/ports?device_id=f9ad85c9-d2e5-4e86-b6c0-dd79a22fbf40 HTTP/1.1" status: 200 len: 1172 time: 0.0679173
2026-07-02 06:18:17.994 9 INFO neutron.wsgi [req-54671cb2-c236-45f4-85b7-c2e6cd55bc72 req-ffc701e7-f539-4650-b84e-2d458c954623 03387d4563784a5b8503cb14f6bec95f 00ef10b6a21849e693ecb5d39ca009e8 - - default default] 10.0.0.239 "GET /v2.0/ports?device_id=ed3dd79e-e199-4a1e-9c39-a0329e54e853 HTTP/1.1" status: 200 len: 1172 time: 0.0607975
2026-07-02 06:18:18.052 9 INFO neutron.wsgi [req-d49f35a6-6e7f-410c-b189-8db4b29974e3 req-3d933794-9bd0-4c39-8c11-48214c56b2a7 36cb207628f24e0bb91735a54da13e4f 9bbd05abb27045078316e40e7d0fef1e - - d806d7c638f94797abab49074542b48d d806d7c638f94797abab49074542b48d] 199.204.45.116 "GET /v2.0/ports?tenant_id=d9b7657ae60d46439be2c6d51b63eda8&device_id=f9ad85c9-d2e5-4e86-b6c0-dd79a22fbf40 HTTP/1.1" status: 200 len: 1411 time: 0.0516694
2026-07-02 06:18:18.055 9 INFO neutron.wsgi [req-9b5fcbfa-4209-4d12-b647-a2969d47dbfb req-a40a5331-d3e9-48a7-81ab-09b2bbe93650 1865aeade7d54b8da085562f2fcf6aa6 d9b7657ae60d46439be2c6d51b63eda8 - - default default] 10.0.0.239 "GET /v2.0/security-groups?id=e173ebff-1b0a-4dfb-80ed-8d6f111046ff&fields=id&fields=name HTTP/1.1" status: 200 len: 286 time: 0.0740252
2026-07-02 06:18:18.071 9 INFO neutron.wsgi [req-54671cb2-c236-45f4-85b7-c2e6cd55bc72 req-49ff0dd8-933f-468a-8671-d6d334cce779 03387d4563784a5b8503cb14f6bec95f 00ef10b6a21849e693ecb5d39ca009e8 - - default default] 10.0.0.239 "GET /v2.0/security-groups?id=4e0005ed-dc24-4795-aae4-142504ca5c1b&fields=id&fields=name HTTP/1.1" status: 200 len: 313 time: 0.0689967
2026-07-02 06:18:18.083 9 INFO neutron.wsgi [req-d49f35a6-6e7f-410c-b189-8db4b29974e3 req-5660127a-a911-4798-a9b8-3f48085e17d3 36cb207628f24e0bb91735a54da13e4f 9bbd05abb27045078316e40e7d0fef1e - - d806d7c638f94797abab49074542b48d d806d7c638f94797abab49074542b48d] 199.204.45.116 "GET /v2.0/floatingips?fixed_ip_address=10.100.0.12&port_id=35296a58-949f-4968-8327-c41154550298 HTTP/1.1" status: 200 len: 217 time: 0.0227492
2026-07-02 06:18:18.090 9 INFO neutron.notifiers.nova [-] Nova event matching ['req-1315535d-25a5-4122-af95-1f827a092c49'] response: {'name': 'network-changed', 'server_uuid': 'f9ad85c9-d2e5-4e86-b6c0-dd79a22fbf40', 'tag': '35296a58-949f-4968-8327-c41154550298', 'status': 'completed', 'code': 200}
2026-07-02 06:18:18.127 9 INFO neutron.wsgi [req-d49f35a6-6e7f-410c-b189-8db4b29974e3 req-a0cd7a4d-3b62-4f90-b878-4a6e82226919 36cb207628f24e0bb91735a54da13e4f 9bbd05abb27045078316e40e7d0fef1e - - d806d7c638f94797abab49074542b48d d806d7c638f94797abab49074542b48d] 199.204.45.116 "GET /v2.0/subnets?id=6c0b5816-c861-4d42-bf4c-9f42ddf9fb49 HTTP/1.1" status: 200 len: 870 time: 0.0300441
2026-07-02 06:18:18.152 9 INFO neutron.wsgi [req-d49f35a6-6e7f-410c-b189-8db4b29974e3 req-9698755d-f156-45b0-b958-9a282acdfffa 36cb207628f24e0bb91735a54da13e4f 9bbd05abb27045078316e40e7d0fef1e - - d806d7c638f94797abab49074542b48d d806d7c638f94797abab49074542b48d] 199.204.45.116 "GET /v2.0/ports?network_id=78b1a37b-350d-4abd-9dce-4ef05913e5bf&device_owner=network%3Adhcp HTTP/1.1" status: 200 len: 210 time: 0.0191150
2026-07-02 06:18:18.221 9 INFO neutron.wsgi [req-d49f35a6-6e7f-410c-b189-8db4b29974e3 req-5bb4d325-6889-4374-8400-9fc67bec17b3 36cb207628f24e0bb91735a54da13e4f 9bbd05abb27045078316e40e7d0fef1e - - d806d7c638f94797abab49074542b48d d806d7c638f94797abab49074542b48d] 199.204.45.116 "GET /v2.0/networks/78b1a37b-350d-4abd-9dce-4ef05913e5bf?fields=segments HTTP/1.1" status: 200 len: 212 time: 0.0615849
2026-07-02 06:18:18.303 9 INFO neutron.wsgi [req-d49f35a6-6e7f-410c-b189-8db4b29974e3 req-cf321bcb-4226-4a15-9627-d6fc44b344d2 36cb207628f24e0bb91735a54da13e4f 9bbd05abb27045078316e40e7d0fef1e - - d806d7c638f94797abab49074542b48d d806d7c638f94797abab49074542b48d] 199.204.45.116 "GET /v2.0/networks/78b1a37b-350d-4abd-9dce-4ef05913e5bf?fields=provider%3Aphysical_network&fields=provider%3Anetwork_type HTTP/1.1" status: 200 len: 277 time: 0.0731831
2026-07-02 06:18:18.358 9 WARNING neutron.plugins.ml2.drivers.ovn.mech_driver.ovsdb.ovn_client [None req-474cecf2-bd82-41f3-916e-ad8bc4a73b8f - - - - - -] No hosting information found for port d88da5f7-7ef1-4200-a041-779d7309de28: RuntimeError: No hosting information found for port d88da5f7-7ef1-4200-a041-779d7309de28
2026-07-02 06:18:18.359 9 INFO neutron.plugins.ml2.drivers.ovn.mech_driver.mech_driver [None req-474cecf2-bd82-41f3-916e-ad8bc4a73b8f - - - - - -] OVN reports status up for port: 44182142-b21b-491e-8f22-ae8925997ed0
2026-07-02 06:18:18.393 9 INFO neutron.plugins.ml2.plugin [None req-474cecf2-bd82-41f3-916e-ad8bc4a73b8f - - - - - -] Attempt 1 to provision port 44182142-b21b-491e-8f22-ae8925997ed0
2026-07-02 06:18:18.420 9 INFO neutron.wsgi [req-16e414af-b1d9-4567-8ed7-6bd0fc67b309 req-81be5bc1-7dc3-4565-9876-97ccbc7e3273 36cb207628f24e0bb91735a54da13e4f 9bbd05abb27045078316e40e7d0fef1e - - d806d7c638f94797abab49074542b48d d806d7c638f94797abab49074542b48d] 199.204.45.116 "GET /v2.0/ports?tenant_id=d9b7657ae60d46439be2c6d51b63eda8&device_id=f9ad85c9-d2e5-4e86-b6c0-dd79a22fbf40 HTTP/1.1" status: 200 len: 1411 time: 0.0570607
2026-07-02 06:18:18.524 9 INFO neutron.wsgi [req-16e414af-b1d9-4567-8ed7-6bd0fc67b309 req-b10ab8b5-b42e-40b3-8d17-47702a2d2e13 36cb207628f24e0bb91735a54da13e4f 9bbd05abb27045078316e40e7d0fef1e - - d806d7c638f94797abab49074542b48d d806d7c638f94797abab49074542b48d] 199.204.45.116 "GET /v2.0/networks?id=78b1a37b-350d-4abd-9dce-4ef05913e5bf HTTP/1.1" status: 200 len: 975 time: 0.0992873
2026-07-02 06:18:18.562 9 INFO neutron.wsgi [req-16e414af-b1d9-4567-8ed7-6bd0fc67b309 req-a796fd98-d424-41ee-ad0e-0fd269803738 36cb207628f24e0bb91735a54da13e4f 9bbd05abb27045078316e40e7d0fef1e - - d806d7c638f94797abab49074542b48d d806d7c638f94797abab49074542b48d] 199.204.45.116 "GET /v2.0/floatingips?fixed_ip_address=10.100.0.12&port_id=35296a58-949f-4968-8327-c41154550298 HTTP/1.1" status: 200 len: 217 time: 0.0295284
2026-07-02 06:18:18.620 9 INFO neutron.wsgi [req-16e414af-b1d9-4567-8ed7-6bd0fc67b309 req-0f774265-fc99-4797-82e7-60635c8f9489 36cb207628f24e0bb91735a54da13e4f 9bbd05abb27045078316e40e7d0fef1e - - d806d7c638f94797abab49074542b48d d806d7c638f94797abab49074542b48d] 199.204.45.116 "GET /v2.0/subnets?id=6c0b5816-c861-4d42-bf4c-9f42ddf9fb49 HTTP/1.1" status: 200 len: 870 time: 0.0507233
2026-07-02 06:18:18.650 9 INFO neutron.wsgi [req-16e414af-b1d9-4567-8ed7-6bd0fc67b309 req-89a96ef1-5ed6-4817-b545-03f947f665d8 36cb207628f24e0bb91735a54da13e4f 9bbd05abb27045078316e40e7d0fef1e - - d806d7c638f94797abab49074542b48d d806d7c638f94797abab49074542b48d] 199.204.45.116 "GET /v2.0/ports?network_id=78b1a37b-350d-4abd-9dce-4ef05913e5bf&device_owner=network%3Adhcp HTTP/1.1" status: 200 len: 210 time: 0.0231409
2026-07-02 06:18:18.741 9 INFO neutron.wsgi [req-16e414af-b1d9-4567-8ed7-6bd0fc67b309 req-6b79d3be-9e3f-4f28-862c-abec120013d3 36cb207628f24e0bb91735a54da13e4f 9bbd05abb27045078316e40e7d0fef1e - - d806d7c638f94797abab49074542b48d d806d7c638f94797abab49074542b48d] 199.204.45.116 "GET /v2.0/networks/78b1a37b-350d-4abd-9dce-4ef05913e5bf?fields=segments HTTP/1.1" status: 200 len: 212 time: 0.0823410
2026-07-02 06:18:18.813 9 INFO neutron.db.ovn_revision_numbers_db [None req-474cecf2-bd82-41f3-916e-ad8bc4a73b8f - - - - - -] Successfully bumped revision number for resource 44182142-b21b-491e-8f22-ae8925997ed0 (type: ports) to 4
2026-07-02 06:18:18.823 9 INFO neutron.wsgi [req-16e414af-b1d9-4567-8ed7-6bd0fc67b309 req-fe341597-7ba4-4718-a6fa-60f56178d5a0 36cb207628f24e0bb91735a54da13e4f 9bbd05abb27045078316e40e7d0fef1e - - d806d7c638f94797abab49074542b48d d806d7c638f94797abab49074542b48d] 199.204.45.116 "GET /v2.0/networks/78b1a37b-350d-4abd-9dce-4ef05913e5bf?fields=provider%3Aphysical_network&fields=provider%3Anetwork_type HTTP/1.1" status: 200 len: 277 time: 0.0740564
2026-07-02 06:18:18.866 9 INFO neutron.plugins.ml2.drivers.ovn.mech_driver.mech_driver [None req-474cecf2-bd82-41f3-916e-ad8bc4a73b8f - - - - - -] OVN reports status up for port: 35296a58-949f-4968-8327-c41154550298
2026-07-02 06:18:18.878 9 INFO neutron.plugins.ml2.plugin [None req-474cecf2-bd82-41f3-916e-ad8bc4a73b8f - - - - - -] Attempt 1 to provision port 35296a58-949f-4968-8327-c41154550298
2026-07-02 06:18:19.130 9 INFO neutron.db.ovn_revision_numbers_db [None req-474cecf2-bd82-41f3-916e-ad8bc4a73b8f - - - - - -] Successfully bumped revision number for resource 35296a58-949f-4968-8327-c41154550298 (type: ports) to 4 /var/lib/openstack/lib/python3.10/site-packages/pycadf/identifier.py:71: UserWarning: Invalid uuid: neutron. To ensure interoperability, identifiers should be a valid uuid. warnings.warn(('Invalid uuid: %s. To ensure interoperability, '
2026-07-02 06:18:19.472 9 INFO neutron.wsgi [req-e8dc0c83-ac98-48ab-8e9e-d0843928a67f req-7060c56a-ad17-4747-8c76-af99a909f7ed 1865aeade7d54b8da085562f2fcf6aa6 d9b7657ae60d46439be2c6d51b63eda8 - - default default] 10.0.0.239 "GET /v2.0/ports?device_id=f9ad85c9-d2e5-4e86-b6c0-dd79a22fbf40 HTTP/1.1" status: 200 len: 1174 time: 0.3387542
2026-07-02 06:18:19.484 9 INFO neutron.wsgi [req-d0dc9ef8-0397-41bf-96f5-ba42d57bc98f req-705a992b-4d8d-4d25-a467-cc36961d40d6 03387d4563784a5b8503cb14f6bec95f 00ef10b6a21849e693ecb5d39ca009e8 - - default default] 10.0.0.239 "GET /v2.0/ports?device_id=ed3dd79e-e199-4a1e-9c39-a0329e54e853 HTTP/1.1" status: 200 len: 1174 time: 0.3373225 /var/lib/openstack/lib/python3.10/site-packages/pycadf/identifier.py:71: UserWarning: Invalid uuid: neutron. To ensure interoperability, identifiers should be a valid uuid. warnings.warn(('Invalid uuid: %s. To ensure interoperability, '
2026-07-02 06:18:19.529 9 INFO neutron.wsgi [req-e8dc0c83-ac98-48ab-8e9e-d0843928a67f req-d54a2de5-88bc-4810-b937-3799450f8730 1865aeade7d54b8da085562f2fcf6aa6 d9b7657ae60d46439be2c6d51b63eda8 - - default default] 10.0.0.239 "GET /v2.0/security-groups?id=e173ebff-1b0a-4dfb-80ed-8d6f111046ff&fields=id&fields=name HTTP/1.1" status: 200 len: 286 time: 0.0425990
2026-07-02 06:18:19.538 9 INFO neutron.wsgi [req-d0dc9ef8-0397-41bf-96f5-ba42d57bc98f req-df9a3616-ec1a-4729-ab09-318edb965e16 03387d4563784a5b8503cb14f6bec95f 00ef10b6a21849e693ecb5d39ca009e8 - - default default] 10.0.0.239 "GET /v2.0/security-groups?id=4e0005ed-dc24-4795-aae4-142504ca5c1b&fields=id&fields=name HTTP/1.1" status: 200 len: 313 time: 0.0440049
2026-07-02 06:18:20.061 9 INFO neutron.wsgi [-] 10.0.0.111 "GET / HTTP/1.1" status: 200 len: 246 time: 0.0021579
2026-07-02 06:18:20.063 10 INFO neutron.wsgi [-] 10.0.0.111 "GET / HTTP/1.1" status: 200 len: 246 time: 0.0036488
2026-07-02 06:18:20.137 9 INFO neutron.notifiers.nova [-] Nova event matching ['req-5ea52509-6350-4dd4-9562-46e01e5b1e35'] response: {'server_uuid': 'ed3dd79e-e199-4a1e-9c39-a0329e54e853', 'name': 'network-vif-plugged', 'status': 'completed', 'tag': '44182142-b21b-491e-8f22-ae8925997ed0', 'code': 200}
2026-07-02 06:18:20.138 9 INFO neutron.notifiers.nova [-] Nova event matching ['req-5ea52509-6350-4dd4-9562-46e01e5b1e35'] response: {'server_uuid': 'ed3dd79e-e199-4a1e-9c39-a0329e54e853', 'name': 'network-vif-plugged', 'status': 'completed', 'tag': '44182142-b21b-491e-8f22-ae8925997ed0', 'code': 200}
2026-07-02 06:18:20.138 9 INFO neutron.notifiers.nova [-] Nova event matching ['req-5ea52509-6350-4dd4-9562-46e01e5b1e35'] response: {'server_uuid': 'f9ad85c9-d2e5-4e86-b6c0-dd79a22fbf40', 'name': 'network-vif-plugged', 'status': 'completed', 'tag': '35296a58-949f-4968-8327-c41154550298', 'code': 200}
2026-07-02 06:18:20.138 9 INFO neutron.notifiers.nova [-] Nova event matching ['req-5ea52509-6350-4dd4-9562-46e01e5b1e35'] response: {'server_uuid': 'f9ad85c9-d2e5-4e86-b6c0-dd79a22fbf40', 'name': 'network-vif-plugged', 'status': 'completed', 'tag': '35296a58-949f-4968-8327-c41154550298', 'code': 200}
2026-07-02 06:18:20.679 9 INFO neutron.wsgi [req-cacdbfcf-fd6d-41ac-a4ce-ab8ce8606cee req-d2cfe66e-e786-4b44-8624-bbbb9e270451 03387d4563784a5b8503cb14f6bec95f 00ef10b6a21849e693ecb5d39ca009e8 - - default default] 10.0.0.239 "GET /v2.0/ports?device_id=ed3dd79e-e199-4a1e-9c39-a0329e54e853 HTTP/1.1" status: 200 len: 1174 time: 0.0549483
2026-07-02 06:18:20.747 9 INFO neutron.wsgi [req-8904a863-f731-493e-a8f3-6f60275e5b0b req-a3a70aa1-a7e1-4b1f-9424-146a42485eb5 1865aeade7d54b8da085562f2fcf6aa6 d9b7657ae60d46439be2c6d51b63eda8 - - default default] 10.0.0.239 "GET /v2.0/ports?device_id=f9ad85c9-d2e5-4e86-b6c0-dd79a22fbf40 HTTP/1.1" status: 200 len: 1174 time: 0.1377275
2026-07-02 06:18:20.753 9 INFO neutron.wsgi [req-cacdbfcf-fd6d-41ac-a4ce-ab8ce8606cee req-249c1593-9229-43c5-91ca-916548a71fb6 03387d4563784a5b8503cb14f6bec95f 00ef10b6a21849e693ecb5d39ca009e8 - - default default] 10.0.0.239 "GET /v2.0/security-groups?id=4e0005ed-dc24-4795-aae4-142504ca5c1b&fields=id&fields=name HTTP/1.1" status: 200 len: 313 time: 0.0638995
2026-07-02 06:18:20.797 9 INFO neutron.wsgi [req-8904a863-f731-493e-a8f3-6f60275e5b0b req-df459ea5-fb30-4d9a-82d7-03b9febc263a 1865aeade7d54b8da085562f2fcf6aa6 d9b7657ae60d46439be2c6d51b63eda8 - - default default] 10.0.0.239 "GET /v2.0/security-groups?id=e173ebff-1b0a-4dfb-80ed-8d6f111046ff&fields=id&fields=name HTTP/1.1" status: 200 len: 286 time: 0.0420380
2026-07-02 06:18:20.900 9 INFO neutron.wsgi [req-1d01569a-5b9c-42ea-a722-cd64c7ceb788 req-ba91f5f0-154a-46ca-aa97-160eb40def5b 03387d4563784a5b8503cb14f6bec95f 00ef10b6a21849e693ecb5d39ca009e8 - - default default] 10.0.0.239 "GET /v2.0/ports?device_id=ed3dd79e-e199-4a1e-9c39-a0329e54e853 HTTP/1.1" status: 200 len: 1174 time: 0.0414205
2026-07-02 06:18:20.992 9 INFO neutron.wsgi [req-f7f5d703-06a0-442b-9986-7ce1dbd6bf07 req-698b616d-e426-4f25-ba9f-88298eafc8f0 ae0535d96b8d4fe7bf99aea402b0ec7f 8aa8630ebf094196bc9e6d38f6e9ad2f - - default default] 10.0.0.239 "GET /v2.0/ports?device_id=533ced9e-e86e-4e96-9157-8ceba633e97a HTTP/1.1" status: 200 len: 1170 time: 0.1589355
2026-07-02 06:18:21.089 9 INFO neutron.wsgi [req-9b6c2e2b-e4ab-43ae-8332-954b8af9549f req-c67cdade-8e2f-4c04-b04f-a0a79ff7d239 ae0535d96b8d4fe7bf99aea402b0ec7f 8aa8630ebf094196bc9e6d38f6e9ad2f - - default default] 10.0.0.239 "GET /v2.0/ports/91698729-f9ce-4d30-8983-7822f4b3afe4 HTTP/1.1" status: 200 len: 1167 time: 0.0477436
2026-07-02 06:18:21.275 9 INFO neutron.plugins.ml2.drivers.ovn.mech_driver.mech_driver [None req-474cecf2-bd82-41f3-916e-ad8bc4a73b8f - - - - - -] OVN reports status down for port: 35296a58-949f-4968-8327-c41154550298
2026-07-02 06:18:21.285 9 INFO neutron.wsgi [req-0d1c9fa0-a7c2-411a-b310-a6d607abc77b req-e1748a2b-0c60-4fdb-ad60-71dc91a8166f 1865aeade7d54b8da085562f2fcf6aa6 d9b7657ae60d46439be2c6d51b63eda8 - - default default] 10.0.0.239 "GET /v2.0/ports?device_id=f9ad85c9-d2e5-4e86-b6c0-dd79a22fbf40 HTTP/1.1" status: 200 len: 1174 time: 0.0895717
2026-07-02 06:18:21.370 9 INFO neutron.wsgi [req-1189f7ae-f3f0-4f11-b4c2-ee5be04ec3c7 req-5101a77b-3ac9-40b3-9432-361277a072b2 ae0535d96b8d4fe7bf99aea402b0ec7f 8aa8630ebf094196bc9e6d38f6e9ad2f - - default default] 199.204.45.116 "GET /v2.0/subnets?network_id=45329ed6-0db4-45f3-b33f-53a36f949788 HTTP/1.1" status: 200 len: 858 time: 0.1296046
2026-07-02 06:18:21.409 9 INFO neutron.wsgi [req-0d1c9fa0-a7c2-411a-b310-a6d607abc77b req-8c9fef5a-b934-4785-bd51-66095f211bf4 1865aeade7d54b8da085562f2fcf6aa6 d9b7657ae60d46439be2c6d51b63eda8 - - default default] 10.0.0.239 "GET /v2.0/security-groups?id=e173ebff-1b0a-4dfb-80ed-8d6f111046ff&fields=id&fields=name HTTP/1.1" status: 200 len: 286 time: 0.1022127
2026-07-02 06:18:21.451 9 INFO neutron.wsgi [req-1189f7ae-f3f0-4f11-b4c2-ee5be04ec3c7 req-83771c65-0766-4869-abdc-21ba41b49c9b ae0535d96b8d4fe7bf99aea402b0ec7f 8aa8630ebf094196bc9e6d38f6e9ad2f - - default default] 199.204.45.116 "GET /v2.0/ports?device_id=533ced9e-e86e-4e96-9157-8ceba633e97a&device_owner=compute%3Anova&network_id=45329ed6-0db4-45f3-b33f-53a36f949788 HTTP/1.1" status: 200 len: 1170 time: 0.0703456
2026-07-02 06:18:21.484 10 INFO neutron.db.l3_db [None req-a7acade6-88ac-4224-bf8a-4761d041a1b1 03387d4563784a5b8503cb14f6bec95f 00ef10b6a21849e693ecb5d39ca009e8 - - default default] Floating IP 9d1906b1-5b91-47ff-8c12-57de6e49f777 associated. External IP: 10.96.250.206, port: 44182142-b21b-491e-8f22-ae8925997ed0.
2026-07-02 06:18:21.782 10 INFO neutron.wsgi [req-1e79dba0-eb04-47c0-8d33-02cf794b234b req-454f38ea-89b8-44c1-a604-b5fbe164583f 1865aeade7d54b8da085562f2fcf6aa6 d9b7657ae60d46439be2c6d51b63eda8 - - default default] 199.204.45.116 "GET /v2.0/ports?device_id=f9ad85c9-d2e5-4e86-b6c0-dd79a22fbf40 HTTP/1.1" status: 200 len: 1172 time: 0.1860600
2026-07-02 06:18:21.824 9 INFO neutron.db.ovn_revision_numbers_db [None req-474cecf2-bd82-41f3-916e-ad8bc4a73b8f - - - - - -] Successfully bumped revision number for resource 35296a58-949f-4968-8327-c41154550298 (type: ports) to 5
2026-07-02 06:18:21.863 10 INFO neutron.db.ovn_revision_numbers_db [None req-a7acade6-88ac-4224-bf8a-4761d041a1b1 03387d4563784a5b8503cb14f6bec95f 00ef10b6a21849e693ecb5d39ca009e8 - - default default] Successfully bumped revision number for resource 9d1906b1-5b91-47ff-8c12-57de6e49f777 (type: floatingips) to 1
2026-07-02 06:18:22.061 10 INFO neutron.db.ovn_revision_numbers_db [None req-a7acade6-88ac-4224-bf8a-4761d041a1b1 03387d4563784a5b8503cb14f6bec95f 00ef10b6a21849e693ecb5d39ca009e8 - - default default] Successfully bumped revision number for resource 9d1906b1-5b91-47ff-8c12-57de6e49f777 (type: floatingips) to 2
2026-07-02 06:18:22.068 9 INFO neutron.db.ovn_revision_numbers_db [req-1189f7ae-f3f0-4f11-b4c2-ee5be04ec3c7 req-7b1d325b-392e-487c-8c35-b97b96d95a0d ae0535d96b8d4fe7bf99aea402b0ec7f 8aa8630ebf094196bc9e6d38f6e9ad2f - - default default] Successfully bumped revision number for resource 91698729-f9ce-4d30-8983-7822f4b3afe4 (type: ports) to 5
2026-07-02 06:18:22.078 9 INFO neutron.wsgi [req-1189f7ae-f3f0-4f11-b4c2-ee5be04ec3c7 req-7b1d325b-392e-487c-8c35-b97b96d95a0d ae0535d96b8d4fe7bf99aea402b0ec7f 8aa8630ebf094196bc9e6d38f6e9ad2f - - default default] 199.204.45.116 "PUT /v2.0/ports/91698729-f9ce-4d30-8983-7822f4b3afe4 HTTP/1.1" status: 200 len: 1349 time: 0.6248276
2026-07-02 06:18:22.099 10 INFO neutron.wsgi [None req-a7acade6-88ac-4224-bf8a-4761d041a1b1 03387d4563784a5b8503cb14f6bec95f 00ef10b6a21849e693ecb5d39ca009e8 - - default default] 10.0.0.113 "PUT /v2.0/floatingips/9d1906b1-5b91-47ff-8c12-57de6e49f777 HTTP/1.1" status: 200 len: 1050 time: 1.1858389 /var/lib/openstack/lib/python3.10/site-packages/pycadf/identifier.py:71: UserWarning: Invalid uuid: neutron. To ensure interoperability, identifiers should be a valid uuid. warnings.warn(('Invalid uuid: %s. To ensure interoperability, '
2026-07-02 06:18:22.135 10 INFO neutron.notifiers.nova [-] Nova event matching ['req-c257a645-d186-4f5a-bc25-b34d912facee'] response: {'name': 'network-changed', 'server_uuid': 'ed3dd79e-e199-4a1e-9c39-a0329e54e853', 'tag': '44182142-b21b-491e-8f22-ae8925997ed0', 'status': 'completed', 'code': 200}
2026-07-02 06:18:22.155 9 INFO neutron.wsgi [req-1189f7ae-f3f0-4f11-b4c2-ee5be04ec3c7 req-7acc23da-2f78-4614-97eb-88c1aed94129 36cb207628f24e0bb91735a54da13e4f 9bbd05abb27045078316e40e7d0fef1e - - d806d7c638f94797abab49074542b48d d806d7c638f94797abab49074542b48d] 199.204.45.116 "GET /v2.0/ports?tenant_id=8aa8630ebf094196bc9e6d38f6e9ad2f&device_id=533ced9e-e86e-4e96-9157-8ceba633e97a HTTP/1.1" status: 200 len: 1590 time: 0.0547004
2026-07-02 06:18:22.186 9 INFO neutron.notifiers.nova [-] Nova event matching ['req-7b6c87ba-db2f-4f84-8720-58ebc8661709'] response: {'server_uuid': 'f9ad85c9-d2e5-4e86-b6c0-dd79a22fbf40', 'name': 'network-vif-unplugged', 'status': 'completed', 'tag': '35296a58-949f-4968-8327-c41154550298', 'code': 200}
2026-07-02 06:18:22.187 9 INFO neutron.notifiers.nova [-] Nova event matching ['req-7b6c87ba-db2f-4f84-8720-58ebc8661709'] response: {'server_uuid': 'f9ad85c9-d2e5-4e86-b6c0-dd79a22fbf40', 'name': 'network-vif-plugged', 'status': 'completed', 'tag': '35296a58-949f-4968-8327-c41154550298', 'code': 200}
2026-07-02 06:18:22.187 9 INFO neutron.notifiers.nova [-] Nova event matching ['req-7b6c87ba-db2f-4f84-8720-58ebc8661709'] response: {'name': 'network-changed', 'server_uuid': '533ced9e-e86e-4e96-9157-8ceba633e97a', 'tag': '91698729-f9ce-4d30-8983-7822f4b3afe4', 'status': 'completed', 'code': 200}
2026-07-02 06:18:22.244 10 INFO neutron.wsgi [req-2347739f-fa11-4e62-892b-49e36ffad6e2 req-1ddb48ee-e628-49dd-9b30-f03984ce0743 36cb207628f24e0bb91735a54da13e4f 9bbd05abb27045078316e40e7d0fef1e - - d806d7c638f94797abab49074542b48d d806d7c638f94797abab49074542b48d] 199.204.45.116 "GET /v2.0/ports?tenant_id=00ef10b6a21849e693ecb5d39ca009e8&device_id=ed3dd79e-e199-4a1e-9c39-a0329e54e853 HTTP/1.1" status: 200 len: 1413 time: 0.0848577
2026-07-02 06:18:22.257 9 INFO neutron.wsgi [req-1189f7ae-f3f0-4f11-b4c2-ee5be04ec3c7 req-888fa418-f929-4fe6-8838-89541ffb4726 36cb207628f24e0bb91735a54da13e4f 9bbd05abb27045078316e40e7d0fef1e - - d806d7c638f94797abab49074542b48d d806d7c638f94797abab49074542b48d] 199.204.45.116 "GET /v2.0/networks?id=45329ed6-0db4-45f3-b33f-53a36f949788 HTTP/1.1" status: 200 len: 981 time: 0.0968716
2026-07-02 06:18:22.262 10 INFO neutron.wsgi [req-1e79dba0-eb04-47c0-8d33-02cf794b234b req-26a46238-ddb7-413d-96c5-a0313e788fcc 1865aeade7d54b8da085562f2fcf6aa6 d9b7657ae60d46439be2c6d51b63eda8 - - default default] 199.204.45.116 "DELETE /v2.0/ports/35296a58-949f-4968-8327-c41154550298 HTTP/1.1" status: 204 len: 173 time: 0.4744751
2026-07-02 06:18:22.287 9 INFO neutron.wsgi [req-1189f7ae-f3f0-4f11-b4c2-ee5be04ec3c7 req-8a8be4b7-7153-4bee-b4e8-cb22b21c79c5 36cb207628f24e0bb91735a54da13e4f 9bbd05abb27045078316e40e7d0fef1e - - d806d7c638f94797abab49074542b48d d806d7c638f94797abab49074542b48d] 199.204.45.116 "GET /v2.0/floatingips?fixed_ip_address=10.100.0.12&port_id=91698729-f9ce-4d30-8983-7822f4b3afe4 HTTP/1.1" status: 200 len: 217 time: 0.0266249
2026-07-02 06:18:22.316 9 INFO neutron.wsgi [req-52b8cedd-b67c-4e1c-8b18-a076849861c6 req-7b989546-56a6-4496-b577-874b87d9e8d3 03387d4563784a5b8503cb14f6bec95f 00ef10b6a21849e693ecb5d39ca009e8 - - default default] 10.0.0.239 "GET /v2.0/ports?device_id=ed3dd79e-e199-4a1e-9c39-a0329e54e853 HTTP/1.1" status: 200 len: 1174 time: 0.1685338
2026-07-02 06:18:22.327 10 INFO neutron.wsgi [req-2347739f-fa11-4e62-892b-49e36ffad6e2 req-ef9b8471-cbdb-4961-9447-4e3405f84ec3 36cb207628f24e0bb91735a54da13e4f 9bbd05abb27045078316e40e7d0fef1e - - d806d7c638f94797abab49074542b48d d806d7c638f94797abab49074542b48d] 199.204.45.116 "GET /v2.0/networks?id=77091bc5-a0af-4305-ae1d-d08308ad9994 HTTP/1.1" status: 200 len: 967 time: 0.0778913
2026-07-02 06:18:22.377 9 INFO neutron.wsgi [req-1189f7ae-f3f0-4f11-b4c2-ee5be04ec3c7 req-b454d288-4f48-43aa-bc92-90fb988e9d89 36cb207628f24e0bb91735a54da13e4f 9bbd05abb27045078316e40e7d0fef1e - - d806d7c638f94797abab49074542b48d d806d7c638f94797abab49074542b48d] 199.204.45.116 "GET /v2.0/floatingips?fixed_ip_address=10.100.0.4&port_id=91698729-f9ce-4d30-8983-7822f4b3afe4 HTTP/1.1" status: 200 len: 1059 time: 0.0761039
2026-07-02 06:18:22.384 9 INFO neutron.wsgi [req-52b8cedd-b67c-4e1c-8b18-a076849861c6 req-b4f3d1be-d2cb-46f6-bbd3-444ca7fac074 03387d4563784a5b8503cb14f6bec95f 00ef10b6a21849e693ecb5d39ca009e8 - - default default] 10.0.0.239 "GET /v2.0/security-groups?id=4e0005ed-dc24-4795-aae4-142504ca5c1b&fields=id&fields=name HTTP/1.1" status: 200 len: 313 time: 0.0538990
2026-07-02 06:18:22.422 9 INFO neutron.wsgi [req-1189f7ae-f3f0-4f11-b4c2-ee5be04ec3c7 req-7427dc01-a1b6-4665-92c5-1c4ca639c2ad 36cb207628f24e0bb91735a54da13e4f 9bbd05abb27045078316e40e7d0fef1e - - d806d7c638f94797abab49074542b48d d806d7c638f94797abab49074542b48d] 199.204.45.116 "GET /v2.0/subnets?id=4e03bded-77e8-4d6d-a3e7-506beecc691f HTTP/1.1" status: 200 len: 876 time: 0.0365548
2026-07-02 06:18:22.461 9 INFO neutron.wsgi [req-1189f7ae-f3f0-4f11-b4c2-ee5be04ec3c7 req-99a3200f-6253-460f-b9c9-e8ed3f716261 36cb207628f24e0bb91735a54da13e4f 9bbd05abb27045078316e40e7d0fef1e - - d806d7c638f94797abab49074542b48d d806d7c638f94797abab49074542b48d] 199.204.45.116 "GET /v2.0/ports?network_id=45329ed6-0db4-45f3-b33f-53a36f949788&device_owner=network%3Adhcp HTTP/1.1" status: 200 len: 210 time: 0.0297761
2026-07-02 06:18:22.618 9 INFO neutron.wsgi [req-1189f7ae-f3f0-4f11-b4c2-ee5be04ec3c7 req-8cf35b38-3c2d-4213-93d3-697aad8a12f7 36cb207628f24e0bb91735a54da13e4f 9bbd05abb27045078316e40e7d0fef1e - - d806d7c638f94797abab49074542b48d d806d7c638f94797abab49074542b48d] 199.204.45.116 "GET /v2.0/networks/45329ed6-0db4-45f3-b33f-53a36f949788?fields=segments HTTP/1.1" status: 200 len: 212 time: 0.1511378
2026-07-02 06:18:22.640 10 INFO neutron.wsgi [req-2347739f-fa11-4e62-892b-49e36ffad6e2 req-88f06e94-767d-4eac-b74d-3acdee9bc3a8 36cb207628f24e0bb91735a54da13e4f 9bbd05abb27045078316e40e7d0fef1e - - d806d7c638f94797abab49074542b48d d806d7c638f94797abab49074542b48d] 199.204.45.116 "GET /v2.0/floatingips?fixed_ip_address=10.100.0.13&port_id=44182142-b21b-491e-8f22-ae8925997ed0 HTTP/1.1" status: 200 len: 1060 time: 0.3070886
2026-07-02 06:18:22.651 9 INFO neutron.wsgi [req-2d239e74-bfb4-4b5b-881d-12f5e0c7ca5b req-ec8ca31d-69bb-4bdb-8e2d-0e4e11d62f53 1865aeade7d54b8da085562f2fcf6aa6 d9b7657ae60d46439be2c6d51b63eda8 - - default default] 10.0.0.239 "GET /v2.0/ports?device_id=f9ad85c9-d2e5-4e86-b6c0-dd79a22fbf40 HTTP/1.1" status: 200 len: 210 time: 0.0277064
2026-07-02 06:18:22.696 10 INFO neutron.wsgi [req-2347739f-fa11-4e62-892b-49e36ffad6e2 req-fec0610b-1fd1-413d-87b0-cd7b1dc24840 36cb207628f24e0bb91735a54da13e4f 9bbd05abb27045078316e40e7d0fef1e - - d806d7c638f94797abab49074542b48d d806d7c638f94797abab49074542b48d] 199.204.45.116 "GET /v2.0/subnets?id=dbf31aba-c61c-40b9-a24c-7cb747796515 HTTP/1.1" status: 200 len: 863 time: 0.0453525
2026-07-02 06:18:22.703 9 INFO neutron.wsgi [req-1189f7ae-f3f0-4f11-b4c2-ee5be04ec3c7 req-8eba8608-63be-4393-91cd-98fc35edbaad 36cb207628f24e0bb91735a54da13e4f 9bbd05abb27045078316e40e7d0fef1e - - d806d7c638f94797abab49074542b48d d806d7c638f94797abab49074542b48d] 199.204.45.116 "GET /v2.0/networks/45329ed6-0db4-45f3-b33f-53a36f949788?fields=provider%3Aphysical_network&fields=provider%3Anetwork_type HTTP/1.1" status: 200 len: 277 time: 0.0688004
2026-07-02 06:18:22.740 10 INFO neutron.wsgi [req-2347739f-fa11-4e62-892b-49e36ffad6e2 req-3bb5ea42-269a-4c7d-82df-b54e098014c0 36cb207628f24e0bb91735a54da13e4f 9bbd05abb27045078316e40e7d0fef1e - - d806d7c638f94797abab49074542b48d d806d7c638f94797abab49074542b48d] 199.204.45.116 "GET /v2.0/ports?network_id=77091bc5-a0af-4305-ae1d-d08308ad9994&device_owner=network%3Adhcp HTTP/1.1" status: 200 len: 210 time: 0.0368173
2026-07-02 06:18:22.771 10 INFO neutron.db.ovn_revision_numbers_db [None req-fe3dc8ef-b0b8-4a6c-b008-dc35e40b7d12 44f9fc947be441caab831b744dde8ad6 431f6c9a3dcd4add9521adb805be1cd6 - - default default] Successfully bumped revision number for resource 13daa869-cd22-4cd4-bac1-47ea58ce69eb (type: security_groups) to 1
2026-07-02 06:18:22.804 10 INFO neutron.db.ovn_revision_numbers_db [None req-fe3dc8ef-b0b8-4a6c-b008-dc35e40b7d12 44f9fc947be441caab831b744dde8ad6 431f6c9a3dcd4add9521adb805be1cd6 - - default default] Successfully bumped revision number for resource 1dc3fe93-2320-4c1a-9b1d-f938e37a9c94 (type: security_group_rules) to 0
2026-07-02 06:18:22.814 9 INFO neutron.wsgi [req-1eed6f16-51e5-4556-9219-e89311c86366 req-bd08fa03-fca5-4023-9318-c2abe86ece27 36cb207628f24e0bb91735a54da13e4f 9bbd05abb27045078316e40e7d0fef1e - - d806d7c638f94797abab49074542b48d d806d7c638f94797abab49074542b48d] 199.204.45.116 "GET /v2.0/ports?tenant_id=8aa8630ebf094196bc9e6d38f6e9ad2f&device_id=533ced9e-e86e-4e96-9157-8ceba633e97a HTTP/1.1" status: 200 len: 1590 time: 0.0511248
2026-07-02 06:18:22.822 10 INFO neutron.db.ovn_revision_numbers_db [None req-fe3dc8ef-b0b8-4a6c-b008-dc35e40b7d12 44f9fc947be441caab831b744dde8ad6 431f6c9a3dcd4add9521adb805be1cd6 - - default default] Successfully bumped revision number for resource 7c23551d-f6a5-4959-9a1a-10b0708a0c74 (type: security_group_rules) to 0
2026-07-02 06:18:22.835 10 INFO neutron.wsgi [req-2347739f-fa11-4e62-892b-49e36ffad6e2 req-03882160-1bd1-491b-bfaa-4f528c30793b 36cb207628f24e0bb91735a54da13e4f 9bbd05abb27045078316e40e7d0fef1e - - d806d7c638f94797abab49074542b48d d806d7c638f94797abab49074542b48d] 199.204.45.116 "GET /v2.0/networks/77091bc5-a0af-4305-ae1d-d08308ad9994?fields=segments HTTP/1.1" status: 200 len: 212 time: 0.0748644
2026-07-02 06:18:22.848 10 INFO neutron.db.ovn_revision_numbers_db [None req-fe3dc8ef-b0b8-4a6c-b008-dc35e40b7d12 44f9fc947be441caab831b744dde8ad6 431f6c9a3dcd4add9521adb805be1cd6 - - default default] Successfully bumped revision number for resource 97001c2c-9bd7-49f5-9a67-9e3fadaf7f86 (type: security_group_rules) to 0
2026-07-02 06:18:22.864 9 INFO neutron.wsgi [req-3caf3e9c-c450-4dbb-ae32-6ca5f9f3aef5 req-c7678755-66b5-4f9c-8c4c-8cdf0178933e 03387d4563784a5b8503cb14f6bec95f 00ef10b6a21849e693ecb5d39ca009e8 - - default default] 10.0.0.239 "GET /v2.0/ports?device_id=ed3dd79e-e199-4a1e-9c39-a0329e54e853 HTTP/1.1" status: 200 len: 1174 time: 0.0461938
2026-07-02 06:18:22.875 10 INFO neutron.db.ovn_revision_numbers_db [None req-fe3dc8ef-b0b8-4a6c-b008-dc35e40b7d12 44f9fc947be441caab831b744dde8ad6 431f6c9a3dcd4add9521adb805be1cd6 - - default default] Successfully bumped revision number for resource ae6b7c45-29fa-4cca-b391-e847c7e33b2c (type: security_group_rules) to 0
2026-07-02 06:18:22.887 9 INFO neutron.plugins.ml2.drivers.ovn.mech_driver.mech_driver [None req-474cecf2-bd82-41f3-916e-ad8bc4a73b8f - - - - - -] OVN reports status down for port: 44182142-b21b-491e-8f22-ae8925997ed0
2026-07-02 06:18:22.906 10 INFO neutron.wsgi [None req-fe3dc8ef-b0b8-4a6c-b008-dc35e40b7d12 44f9fc947be441caab831b744dde8ad6 431f6c9a3dcd4add9521adb805be1cd6 - - default default] 10.0.0.113 "GET /v2.0/security-groups?tenant_id=0f0385e599604344b03570d2eaaa3b62&name=default HTTP/1.1" status: 200 len: 2996 time: 0.7830813
2026-07-02 06:18:22.913 10 INFO neutron.wsgi [req-2347739f-fa11-4e62-892b-49e36ffad6e2 req-b711680a-0135-4a82-8156-9e842f660302 36cb207628f24e0bb91735a54da13e4f 9bbd05abb27045078316e40e7d0fef1e - - d806d7c638f94797abab49074542b48d d806d7c638f94797abab49074542b48d] 199.204.45.116 "GET /v2.0/networks/77091bc5-a0af-4305-ae1d-d08308ad9994?fields=provider%3Aphysical_network&fields=provider%3Anetwork_type HTTP/1.1" status: 200 len: 277 time: 0.0725608
2026-07-02 06:18:22.947 9 INFO neutron.wsgi [req-1eed6f16-51e5-4556-9219-e89311c86366 req-62d170c9-4dc2-41ce-ba2c-abf6e91f9fdb 36cb207628f24e0bb91735a54da13e4f 9bbd05abb27045078316e40e7d0fef1e - - d806d7c638f94797abab49074542b48d d806d7c638f94797abab49074542b48d] 199.204.45.116 "GET /v2.0/networks?id=45329ed6-0db4-45f3-b33f-53a36f949788 HTTP/1.1" status: 200 len: 981 time: 0.1219931
2026-07-02 06:18:22.965 9 INFO neutron.wsgi [req-3caf3e9c-c450-4dbb-ae32-6ca5f9f3aef5 req-2b27d247-bc5d-4627-89dc-f5836dd9337e 03387d4563784a5b8503cb14f6bec95f 00ef10b6a21849e693ecb5d39ca009e8 - - default default] 10.0.0.239 "GET /v2.0/security-groups?id=4e0005ed-dc24-4795-aae4-142504ca5c1b&fields=id&fields=name HTTP/1.1" status: 200 len: 313 time: 0.0890961
2026-07-02 06:18:22.985 9 INFO neutron.wsgi [req-1eed6f16-51e5-4556-9219-e89311c86366 req-2c7cdfca-49f2-4957-b2e2-10eeae82fce7 36cb207628f24e0bb91735a54da13e4f 9bbd05abb27045078316e40e7d0fef1e - - d806d7c638f94797abab49074542b48d d806d7c638f94797abab49074542b48d] 199.204.45.116 "GET /v2.0/floatingips?fixed_ip_address=10.100.0.12&port_id=91698729-f9ce-4d30-8983-7822f4b3afe4 HTTP/1.1" status: 200 len: 217 time: 0.0319910
2026-07-02 06:18:23.082 9 INFO neutron.wsgi [req-1eed6f16-51e5-4556-9219-e89311c86366 req-c535fdfd-412c-420f-8d1e-e870fab21180 36cb207628f24e0bb91735a54da13e4f 9bbd05abb27045078316e40e7d0fef1e - - d806d7c638f94797abab49074542b48d d806d7c638f94797abab49074542b48d] 199.204.45.116 "GET /v2.0/floatingips?fixed_ip_address=10.100.0.4&port_id=91698729-f9ce-4d30-8983-7822f4b3afe4 HTTP/1.1" status: 200 len: 1059 time: 0.0842543
2026-07-02 06:18:23.149 9 INFO neutron.wsgi [req-1eed6f16-51e5-4556-9219-e89311c86366 req-0abedbaa-fdfc-4afe-94c1-827ba0e328d5 36cb207628f24e0bb91735a54da13e4f 9bbd05abb27045078316e40e7d0fef1e - - d806d7c638f94797abab49074542b48d d806d7c638f94797abab49074542b48d] 199.204.45.116 "GET /v2.0/subnets?id=4e03bded-77e8-4d6d-a3e7-506beecc691f HTTP/1.1" status: 200 len: 876 time: 0.0607681
2026-07-02 06:18:23.192 9 INFO neutron.wsgi [req-1eed6f16-51e5-4556-9219-e89311c86366 req-b969fe7a-743c-4c14-b351-9e706e64950c 36cb207628f24e0bb91735a54da13e4f 9bbd05abb27045078316e40e7d0fef1e - - d806d7c638f94797abab49074542b48d d806d7c638f94797abab49074542b48d] 199.204.45.116 "GET /v2.0/ports?network_id=45329ed6-0db4-45f3-b33f-53a36f949788&device_owner=network%3Adhcp HTTP/1.1" status: 200 len: 210 time: 0.0365570
2026-07-02 06:18:23.288 10 INFO neutron.wsgi [req-db84a51d-3f6a-46b4-9594-e84805c70b71 req-afd59ac0-43a1-47db-b6e1-285876faf739 03387d4563784a5b8503cb14f6bec95f 00ef10b6a21849e693ecb5d39ca009e8 - - default default] 199.204.45.116 "GET /v2.0/ports?device_id=ed3dd79e-e199-4a1e-9c39-a0329e54e853 HTTP/1.1" status: 200 len: 1172 time: 0.1277528
2026-07-02 06:18:23.315 9 INFO neutron.wsgi [req-1eed6f16-51e5-4556-9219-e89311c86366 req-6fb2f909-01bd-441c-88dc-8442050116d0 36cb207628f24e0bb91735a54da13e4f 9bbd05abb27045078316e40e7d0fef1e - - d806d7c638f94797abab49074542b48d d806d7c638f94797abab49074542b48d] 199.204.45.116 "GET /v2.0/networks/45329ed6-0db4-45f3-b33f-53a36f949788?fields=segments HTTP/1.1" status: 200 len: 212 time: 0.1165056
2026-07-02 06:18:23.394 9 INFO neutron.db.ovn_revision_numbers_db [None req-474cecf2-bd82-41f3-916e-ad8bc4a73b8f - - - - - -] Successfully bumped revision number for resource 44182142-b21b-491e-8f22-ae8925997ed0 (type: ports) to 5
2026-07-02 06:18:23.402 9 INFO neutron.wsgi [None req-409b140e-ff32-4604-8d5c-6e9e693a695f 44f9fc947be441caab831b744dde8ad6 431f6c9a3dcd4add9521adb805be1cd6 - - default default] 10.0.0.113 "DELETE /v2.0/security-groups/13daa869-cd22-4cd4-bac1-47ea58ce69eb HTTP/1.1" status: 204 len: 168 time: 0.4857721
2026-07-02 06:18:23.415 9 INFO neutron.wsgi [req-1eed6f16-51e5-4556-9219-e89311c86366 req-efe3db0a-8b31-43d4-9359-34003274d97f 36cb207628f24e0bb91735a54da13e4f 9bbd05abb27045078316e40e7d0fef1e - - d806d7c638f94797abab49074542b48d d806d7c638f94797abab49074542b48d] 199.204.45.116 "GET /v2.0/networks/45329ed6-0db4-45f3-b33f-53a36f949788?fields=provider%3Aphysical_network&fields=provider%3Anetwork_type HTTP/1.1" status: 200 len: 277 time: 0.0943370
2026-07-02 06:18:23.457 9 INFO neutron.wsgi [req-37f3a182-3c24-472d-be20-4906d75d8d44 req-71b45c2b-64b5-4520-9d34-f150357f7603 ae0535d96b8d4fe7bf99aea402b0ec7f 8aa8630ebf094196bc9e6d38f6e9ad2f - - default default] 10.0.0.239 "GET /v2.0/ports?device_id=533ced9e-e86e-4e96-9157-8ceba633e97a HTTP/1.1" status: 200 len: 1352 time: 0.0520761
2026-07-02 06:18:23.504 9 INFO neutron.wsgi [req-37f3a182-3c24-472d-be20-4906d75d8d44 req-a5dd48d3-3fe2-43bb-9d5b-579f40d440aa ae0535d96b8d4fe7bf99aea402b0ec7f 8aa8630ebf094196bc9e6d38f6e9ad2f - - default default] 10.0.0.239 "GET /v2.0/security-groups?id=40d546e4-13bd-4abf-ae19-c40eb108821c&fields=id&fields=name HTTP/1.1" status: 200 len: 311 time: 0.0402241 /var/lib/openstack/lib/python3.10/site-packages/pycadf/identifier.py:71: UserWarning: Invalid uuid: neutron. To ensure interoperability, identifiers should be a valid uuid. warnings.warn(('Invalid uuid: %s. To ensure interoperability, '
2026-07-02 06:18:23.633 9 INFO neutron.db.ovn_revision_numbers_db [None req-bb41da41-64f3-43d6-b056-7de9fc21b0f4 44f9fc947be441caab831b744dde8ad6 431f6c9a3dcd4add9521adb805be1cd6 - - default default] Successfully bumped revision number for resource 2231369f-a0e8-48c3-83f1-34b0a26cbb2e (type: security_groups) to 1
2026-07-02 06:18:23.648 10 INFO neutron.db.l3_db [req-db84a51d-3f6a-46b4-9594-e84805c70b71 req-ae2ee4b4-4829-48c7-acc3-a4db20107cec 03387d4563784a5b8503cb14f6bec95f 00ef10b6a21849e693ecb5d39ca009e8 - - default default] Floating IP 9d1906b1-5b91-47ff-8c12-57de6e49f777 disassociated. External IP: 10.96.250.206, port: 44182142-b21b-491e-8f22-ae8925997ed0.
2026-07-02 06:18:23.914 10 INFO neutron.wsgi [req-db84a51d-3f6a-46b4-9594-e84805c70b71 req-ae2ee4b4-4829-48c7-acc3-a4db20107cec 03387d4563784a5b8503cb14f6bec95f 00ef10b6a21849e693ecb5d39ca009e8 - - default default] 199.204.45.116 "DELETE /v2.0/ports/44182142-b21b-491e-8f22-ae8925997ed0 HTTP/1.1" status: 204 len: 173 time: 0.6204712
2026-07-02 06:18:23.926 9 INFO neutron.db.ovn_revision_numbers_db [None req-bb41da41-64f3-43d6-b056-7de9fc21b0f4 44f9fc947be441caab831b744dde8ad6 431f6c9a3dcd4add9521adb805be1cd6 - - default default] Successfully bumped revision number for resource 954b212d-0974-4e91-9071-a5c9e1828766 (type: security_group_rules) to 0
2026-07-02 06:18:23.954 9 INFO neutron.wsgi [req-6f931b84-d3fb-45f1-9e80-7982c33c7f73 req-cfb7881c-41e4-469a-9816-b75cc9a0b1c6 ae0535d96b8d4fe7bf99aea402b0ec7f 8aa8630ebf094196bc9e6d38f6e9ad2f - - default default] 199.204.45.116 "GET /v2.0/ports?device_id=533ced9e-e86e-4e96-9157-8ceba633e97a&device_owner=compute%3Anova&fixed_ips=ip_address%3D10.100.0.12 HTTP/1.1" status: 200 len: 1352 time: 0.3132415
2026-07-02 06:18:23.958 9 INFO neutron.db.ovn_revision_numbers_db [None req-bb41da41-64f3-43d6-b056-7de9fc21b0f4 44f9fc947be441caab831b744dde8ad6 431f6c9a3dcd4add9521adb805be1cd6 - - default default] Successfully bumped revision number for resource b1e48a06-46b2-4b09-9b78-3d0aca9712ff (type: security_group_rules) to 0 /var/lib/openstack/lib/python3.10/site-packages/pycadf/identifier.py:71: UserWarning: Invalid uuid: neutron. To ensure interoperability, identifiers should be a valid uuid. warnings.warn(('Invalid uuid: %s. To ensure interoperability, '
2026-07-02 06:18:23.991 9 INFO neutron.db.ovn_revision_numbers_db [None req-bb41da41-64f3-43d6-b056-7de9fc21b0f4 44f9fc947be441caab831b744dde8ad6 431f6c9a3dcd4add9521adb805be1cd6 - - default default] Successfully bumped revision number for resource c19e859a-3e79-4d6d-b0cd-0da470f64eb4 (type: security_group_rules) to 0
2026-07-02 06:18:24.031 9 INFO neutron.db.ovn_revision_numbers_db [None req-bb41da41-64f3-43d6-b056-7de9fc21b0f4 44f9fc947be441caab831b744dde8ad6 431f6c9a3dcd4add9521adb805be1cd6 - - default default] Successfully bumped revision number for resource c79b9614-693d-4bda-aa0b-52d520d63ec8 (type: security_group_rules) to 0
2026-07-02 06:18:24.061 9 INFO neutron.wsgi [None req-bb41da41-64f3-43d6-b056-7de9fc21b0f4 44f9fc947be441caab831b744dde8ad6 431f6c9a3dcd4add9521adb805be1cd6 - - default default] 10.0.0.113 "GET /v2.0/security-groups?tenant_id=81785c1c1d7a41ed83948d645aa2fc2f&name=default HTTP/1.1" status: 200 len: 2996 time: 0.5492322
2026-07-02 06:18:24.111 9 INFO neutron.wsgi [req-5d2da232-a456-497a-809b-630310a07fda req-9a194aed-3790-456c-8dd3-40e20832432b 03387d4563784a5b8503cb14f6bec95f 00ef10b6a21849e693ecb5d39ca009e8 - - default default] 10.0.0.239 "GET /v2.0/ports?device_id=ed3dd79e-e199-4a1e-9c39-a0329e54e853 HTTP/1.1" status: 200 len: 210 time: 0.0369556
2026-07-02 06:18:24.192 10 INFO neutron.notifiers.nova [-] Nova event matching ['req-24387841-39be-41d6-ad37-d137052d9ae1'] response: {'server_uuid': 'f9ad85c9-d2e5-4e86-b6c0-dd79a22fbf40', 'name': 'network-vif-deleted', 'tag': '35296a58-949f-4968-8327-c41154550298', 'status': 'completed', 'code': 200}
2026-07-02 06:18:24.193 10 INFO neutron.notifiers.nova [-] Nova event matching ['req-24387841-39be-41d6-ad37-d137052d9ae1'] response: {'server_uuid': 'ed3dd79e-e199-4a1e-9c39-a0329e54e853', 'name': 'network-vif-deleted', 'tag': '44182142-b21b-491e-8f22-ae8925997ed0', 'status': 'completed', 'code': 200}
2026-07-02 06:18:24.251 9 INFO neutron.notifiers.nova [-] Nova event matching ['req-acfee90b-d921-4637-a3f5-eb3d3dd319f3'] response: {'server_uuid': 'ed3dd79e-e199-4a1e-9c39-a0329e54e853', 'name': 'network-vif-unplugged', 'status': 'completed', 'tag': '44182142-b21b-491e-8f22-ae8925997ed0', 'code': 200}
2026-07-02 06:18:24.251 9 INFO neutron.notifiers.nova [-] Nova event matching ['req-acfee90b-d921-4637-a3f5-eb3d3dd319f3'] response: {'server_uuid': 'ed3dd79e-e199-4a1e-9c39-a0329e54e853', 'name': 'network-vif-plugged', 'status': 'completed', 'tag': '44182142-b21b-491e-8f22-ae8925997ed0', 'code': 200}
2026-07-02 06:18:24.446 10 INFO neutron.wsgi [None req-b09bfc51-adc1-43f6-beb1-fb0b0ace8bbb 44f9fc947be441caab831b744dde8ad6 431f6c9a3dcd4add9521adb805be1cd6 - - default default] 10.0.0.113 "DELETE /v2.0/security-groups/2231369f-a0e8-48c3-83f1-34b0a26cbb2e HTTP/1.1" status: 204 len: 168 time: 0.3776836
2026-07-02 06:18:24.575 9 INFO neutron.db.ovn_revision_numbers_db [req-6f931b84-d3fb-45f1-9e80-7982c33c7f73 req-016e7874-1294-4171-bb39-cb8cbccbbc4b ae0535d96b8d4fe7bf99aea402b0ec7f 8aa8630ebf094196bc9e6d38f6e9ad2f - - default default] Successfully bumped revision number for resource 91698729-f9ce-4d30-8983-7822f4b3afe4 (type: ports) to 6
2026-07-02 06:18:24.593 9 INFO neutron.wsgi [req-6f931b84-d3fb-45f1-9e80-7982c33c7f73 req-016e7874-1294-4171-bb39-cb8cbccbbc4b ae0535d96b8d4fe7bf99aea402b0ec7f 8aa8630ebf094196bc9e6d38f6e9ad2f - - default default] 199.204.45.116 "PUT /v2.0/ports/91698729-f9ce-4d30-8983-7822f4b3afe4 HTTP/1.1" status: 200 len: 1167 time: 0.6309288 /var/lib/openstack/lib/python3.10/site-packages/pycadf/identifier.py:71: UserWarning: Invalid uuid: neutron. To ensure interoperability, identifiers should be a valid uuid. warnings.warn(('Invalid uuid: %s. To ensure interoperability, '
2026-07-02 06:18:24.655 9 INFO neutron.wsgi [req-6f931b84-d3fb-45f1-9e80-7982c33c7f73 req-90f66ad1-788b-4e78-a30c-d87dc10b165c 36cb207628f24e0bb91735a54da13e4f 9bbd05abb27045078316e40e7d0fef1e - - d806d7c638f94797abab49074542b48d d806d7c638f94797abab49074542b48d] 199.204.45.116 "GET /v2.0/ports?tenant_id=8aa8630ebf094196bc9e6d38f6e9ad2f&device_id=533ced9e-e86e-4e96-9157-8ceba633e97a HTTP/1.1" status: 200 len: 1409 time: 0.0440326
2026-07-02 06:18:24.720 9 INFO neutron.wsgi [req-6f931b84-d3fb-45f1-9e80-7982c33c7f73 req-e7a8808e-cb73-41a8-8702-43d38f9120cb 36cb207628f24e0bb91735a54da13e4f 9bbd05abb27045078316e40e7d0fef1e - - d806d7c638f94797abab49074542b48d d806d7c638f94797abab49074542b48d] 199.204.45.116 "GET /v2.0/networks?id=45329ed6-0db4-45f3-b33f-53a36f949788 HTTP/1.1" status: 200 len: 981 time: 0.0604432
2026-07-02 06:18:24.769 9 INFO neutron.wsgi [req-6f931b84-d3fb-45f1-9e80-7982c33c7f73 req-432d5332-a067-4bfa-acf3-d49c29a310b2 36cb207628f24e0bb91735a54da13e4f 9bbd05abb27045078316e40e7d0fef1e - - d806d7c638f94797abab49074542b48d d806d7c638f94797abab49074542b48d] 199.204.45.116 "GET /v2.0/floatingips?fixed_ip_address=10.100.0.4&port_id=91698729-f9ce-4d30-8983-7822f4b3afe4 HTTP/1.1" status: 200 len: 1059 time: 0.0421898
2026-07-02 06:18:24.813 9 INFO neutron.wsgi [req-6f931b84-d3fb-45f1-9e80-7982c33c7f73 req-9eeee082-72b3-49a1-9673-8801ffe6e25f 36cb207628f24e0bb91735a54da13e4f 9bbd05abb27045078316e40e7d0fef1e - - d806d7c638f94797abab49074542b48d d806d7c638f94797abab49074542b48d] 199.204.45.116 "GET /v2.0/subnets?id=4e03bded-77e8-4d6d-a3e7-506beecc691f HTTP/1.1" status: 200 len: 876 time: 0.0345061
