2026-07-02 06:22:04.193 10 INFO neutron.wsgi [req-56179774-8ad1-45e0-9e52-aad0e18bc738 req-dbfc5bd7-368c-44c1-b74c-9cacc99a55ad 36cb207628f24e0bb91735a54da13e4f 9bbd05abb27045078316e40e7d0fef1e - - d806d7c638f94797abab49074542b48d d806d7c638f94797abab49074542b48d] 199.204.45.116 "GET /v2.0/networks/155366d8-4246-45f3-9f17-7ff0659e35ff?fields=segments HTTP/1.1" status: 200 len: 212 time: 0.4084358
2026-07-02 06:22:04.284 10 INFO neutron.wsgi [req-56179774-8ad1-45e0-9e52-aad0e18bc738 req-4b617d81-26a3-4bfd-aa00-71c9af978fd0 36cb207628f24e0bb91735a54da13e4f 9bbd05abb27045078316e40e7d0fef1e - - d806d7c638f94797abab49074542b48d d806d7c638f94797abab49074542b48d] 199.204.45.116 "GET /v2.0/networks/155366d8-4246-45f3-9f17-7ff0659e35ff?fields=provider%3Aphysical_network&fields=provider%3Anetwork_type HTTP/1.1" status: 200 len: 277 time: 0.0821521
2026-07-02 06:22:04.363 10 INFO neutron.wsgi [req-56179774-8ad1-45e0-9e52-aad0e18bc738 req-1248811b-0b81-4a5f-8667-a6c09b4ef984 36cb207628f24e0bb91735a54da13e4f 9bbd05abb27045078316e40e7d0fef1e - - d806d7c638f94797abab49074542b48d d806d7c638f94797abab49074542b48d] 199.204.45.116 "GET /v2.0/ports/7ce470bf-f18a-4024-b4e2-7c62959d0b94 HTTP/1.1" status: 200 len: 1297 time: 0.0493243
2026-07-02 06:22:04.444 10 INFO neutron.wsgi [req-56179774-8ad1-45e0-9e52-aad0e18bc738 req-8af68d38-4f6f-45d3-b01d-ac31a8fa1b37 44f9fc947be441caab831b744dde8ad6 431f6c9a3dcd4add9521adb805be1cd6 - - default default] 199.204.45.116 "GET /v2.0/networks?id=155366d8-4246-45f3-9f17-7ff0659e35ff HTTP/1.1" status: 200 len: 1005 time: 0.0739379
2026-07-02 06:22:04.935 10 INFO neutron.db.ovn_revision_numbers_db [req-56179774-8ad1-45e0-9e52-aad0e18bc738 req-dfeb3833-106e-4748-bb6c-9369c5bb91bf 36cb207628f24e0bb91735a54da13e4f 9bbd05abb27045078316e40e7d0fef1e - - d806d7c638f94797abab49074542b48d d806d7c638f94797abab49074542b48d] Successfully bumped revision number for resource 7ce470bf-f18a-4024-b4e2-7c62959d0b94 (type: ports) to 2
2026-07-02 06:22:05.070 9 INFO neutron.wsgi [-] 10.0.0.111 "GET / HTTP/1.1" status: 200 len: 246 time: 0.0090170
2026-07-02 06:22:05.072 9 INFO neutron.wsgi [-] 10.0.0.111 "GET / HTTP/1.1" status: 200 len: 246 time: 0.0010285
2026-07-02 06:22:05.140 10 INFO neutron.db.ovn_revision_numbers_db [req-56179774-8ad1-45e0-9e52-aad0e18bc738 req-dfeb3833-106e-4748-bb6c-9369c5bb91bf 36cb207628f24e0bb91735a54da13e4f 9bbd05abb27045078316e40e7d0fef1e - - d806d7c638f94797abab49074542b48d d806d7c638f94797abab49074542b48d] Successfully bumped revision number for resource 7ce470bf-f18a-4024-b4e2-7c62959d0b94 (type: ports) to 2
2026-07-02 06:22:05.157 10 INFO neutron.wsgi [req-56179774-8ad1-45e0-9e52-aad0e18bc738 req-dfeb3833-106e-4748-bb6c-9369c5bb91bf 36cb207628f24e0bb91735a54da13e4f 9bbd05abb27045078316e40e7d0fef1e - - d806d7c638f94797abab49074542b48d d806d7c638f94797abab49074542b48d] 199.204.45.116 "PUT /v2.0/ports/7ce470bf-f18a-4024-b4e2-7c62959d0b94 HTTP/1.1" status: 200 len: 1428 time: 0.7077065
2026-07-02 06:22:05.200 10 INFO neutron.notifiers.nova [-] Nova event matching ['req-7b3c5acd-b441-4052-a648-68f7a291d262'] response: {'name': 'network-changed', 'server_uuid': 'c7838531-849d-43e4-9459-af24666fb906', 'tag': '7ce470bf-f18a-4024-b4e2-7c62959d0b94', 'status': 'completed', 'code': 200} /var/lib/openstack/lib/python3.10/site-packages/pycadf/identifier.py:71: UserWarning: Invalid uuid: neutron. To ensure interoperability, identifiers should be a valid uuid. warnings.warn(('Invalid uuid: %s. To ensure interoperability, '
2026-07-02 06:22:05.246 10 INFO neutron.wsgi [req-56179774-8ad1-45e0-9e52-aad0e18bc738 req-dcd9bf31-fc76-424c-ba20-0e7fd58c391c 36cb207628f24e0bb91735a54da13e4f 9bbd05abb27045078316e40e7d0fef1e - - d806d7c638f94797abab49074542b48d d806d7c638f94797abab49074542b48d] 199.204.45.116 "GET /v2.0/ports?tenant_id=431f6c9a3dcd4add9521adb805be1cd6&device_id=c7838531-849d-43e4-9459-af24666fb906 HTTP/1.1" status: 200 len: 2665 time: 0.0478055
2026-07-02 06:22:05.281 10 INFO neutron.wsgi [req-56179774-8ad1-45e0-9e52-aad0e18bc738 req-c53e3def-1a72-4a76-9377-e801bb61165e 36cb207628f24e0bb91735a54da13e4f 9bbd05abb27045078316e40e7d0fef1e - - d806d7c638f94797abab49074542b48d d806d7c638f94797abab49074542b48d] 199.204.45.116 "GET /v2.0/floatingips?fixed_ip_address=172.24.3.100&port_id=4e8fc3ea-6325-4703-9991-9e0993f73af4 HTTP/1.1" status: 200 len: 217 time: 0.0275977
2026-07-02 06:22:05.330 10 INFO neutron.wsgi [req-56179774-8ad1-45e0-9e52-aad0e18bc738 req-a06d3f8e-0279-4a03-88e3-5494ceafb70a 36cb207628f24e0bb91735a54da13e4f 9bbd05abb27045078316e40e7d0fef1e - - d806d7c638f94797abab49074542b48d d806d7c638f94797abab49074542b48d] 199.204.45.116 "GET /v2.0/subnets?id=a81386bd-3575-4069-ad68-d8e2847bc277 HTTP/1.1" status: 200 len: 829 time: 0.0421362
2026-07-02 06:22:05.369 10 INFO neutron.wsgi [req-56179774-8ad1-45e0-9e52-aad0e18bc738 req-30a3945a-7eaf-44c1-8ff3-70b66dee45a4 36cb207628f24e0bb91735a54da13e4f 9bbd05abb27045078316e40e7d0fef1e - - d806d7c638f94797abab49074542b48d d806d7c638f94797abab49074542b48d] 199.204.45.116 "GET /v2.0/ports?network_id=04369f4a-b420-4a8c-b848-44fbf9da8e40&device_owner=network%3Adhcp HTTP/1.1" status: 200 len: 210 time: 0.0333378
2026-07-02 06:22:05.459 10 INFO neutron.wsgi [req-56179774-8ad1-45e0-9e52-aad0e18bc738 req-e82efb05-2206-4e80-a198-b0b1fde554a5 36cb207628f24e0bb91735a54da13e4f 9bbd05abb27045078316e40e7d0fef1e - - d806d7c638f94797abab49074542b48d d806d7c638f94797abab49074542b48d] 199.204.45.116 "GET /v2.0/networks/04369f4a-b420-4a8c-b848-44fbf9da8e40?fields=segments HTTP/1.1" status: 200 len: 212 time: 0.0791683
2026-07-02 06:22:05.559 10 INFO neutron.wsgi [req-56179774-8ad1-45e0-9e52-aad0e18bc738 req-15e3cb14-8043-46ed-adf9-381043e5e6d4 36cb207628f24e0bb91735a54da13e4f 9bbd05abb27045078316e40e7d0fef1e - - d806d7c638f94797abab49074542b48d d806d7c638f94797abab49074542b48d] 199.204.45.116 "GET /v2.0/networks/04369f4a-b420-4a8c-b848-44fbf9da8e40?fields=provider%3Aphysical_network&fields=provider%3Anetwork_type HTTP/1.1" status: 200 len: 277 time: 0.0899882
2026-07-02 06:22:05.593 10 INFO neutron.wsgi [req-56179774-8ad1-45e0-9e52-aad0e18bc738 req-c5bbea8d-06a2-46ef-b9e5-b33dab7563d9 36cb207628f24e0bb91735a54da13e4f 9bbd05abb27045078316e40e7d0fef1e - - d806d7c638f94797abab49074542b48d d806d7c638f94797abab49074542b48d] 199.204.45.116 "GET /v2.0/floatingips?fixed_ip_address=10.1.1.245&port_id=7ce470bf-f18a-4024-b4e2-7c62959d0b94 HTTP/1.1" status: 200 len: 217 time: 0.0269995
2026-07-02 06:22:05.636 10 INFO neutron.wsgi [req-56179774-8ad1-45e0-9e52-aad0e18bc738 req-04176009-af1a-4e42-8578-a4616d1b84db 36cb207628f24e0bb91735a54da13e4f 9bbd05abb27045078316e40e7d0fef1e - - d806d7c638f94797abab49074542b48d d806d7c638f94797abab49074542b48d] 199.204.45.116 "GET /v2.0/subnets?id=01016e13-103c-46b4-913c-c9a0cec9801e HTTP/1.1" status: 200 len: 854 time: 0.0360043
2026-07-02 06:22:05.662 10 INFO neutron.wsgi [req-56179774-8ad1-45e0-9e52-aad0e18bc738 req-13a37e78-b2c2-4fd3-b08c-535320e35c2f 36cb207628f24e0bb91735a54da13e4f 9bbd05abb27045078316e40e7d0fef1e - - d806d7c638f94797abab49074542b48d d806d7c638f94797abab49074542b48d] 199.204.45.116 "GET /v2.0/ports?network_id=155366d8-4246-45f3-9f17-7ff0659e35ff&device_owner=network%3Adhcp HTTP/1.1" status: 200 len: 210 time: 0.0211825
2026-07-02 06:22:05.734 10 INFO neutron.wsgi [req-56179774-8ad1-45e0-9e52-aad0e18bc738 req-4b3b734a-6fef-471c-ba93-a6c5c5035a2e 36cb207628f24e0bb91735a54da13e4f 9bbd05abb27045078316e40e7d0fef1e - - d806d7c638f94797abab49074542b48d d806d7c638f94797abab49074542b48d] 199.204.45.116 "GET /v2.0/networks/155366d8-4246-45f3-9f17-7ff0659e35ff?fields=segments HTTP/1.1" status: 200 len: 212 time: 0.0662880
2026-07-02 06:22:05.813 10 INFO neutron.wsgi [req-56179774-8ad1-45e0-9e52-aad0e18bc738 req-ffa6850d-ca78-4d63-b56b-48143210ac7f 36cb207628f24e0bb91735a54da13e4f 9bbd05abb27045078316e40e7d0fef1e - - d806d7c638f94797abab49074542b48d d806d7c638f94797abab49074542b48d] 199.204.45.116 "GET /v2.0/networks/155366d8-4246-45f3-9f17-7ff0659e35ff?fields=provider%3Aphysical_network&fields=provider%3Anetwork_type HTTP/1.1" status: 200 len: 277 time: 0.0723596
2026-07-02 06:22:05.916 10 INFO neutron.plugins.ml2.drivers.ovn.mech_driver.mech_driver [None req-f958670b-66e1-475f-b8d2-1c6e6d4a10aa - - - - - -] OVN reports status up for port: 7ce470bf-f18a-4024-b4e2-7c62959d0b94
2026-07-02 06:22:05.946 10 INFO neutron.wsgi [req-802c77b8-07ac-4dd7-a030-6280a575c10d req-5aa4ea57-43e7-43e2-a743-39595c875f72 36cb207628f24e0bb91735a54da13e4f 9bbd05abb27045078316e40e7d0fef1e - - d806d7c638f94797abab49074542b48d d806d7c638f94797abab49074542b48d] 199.204.45.116 "GET /v2.0/ports?tenant_id=431f6c9a3dcd4add9521adb805be1cd6&device_id=c7838531-849d-43e4-9459-af24666fb906 HTTP/1.1" status: 200 len: 2665 time: 0.0831604
2026-07-02 06:22:05.952 10 INFO neutron.plugins.ml2.plugin [None req-f958670b-66e1-475f-b8d2-1c6e6d4a10aa - - - - - -] Attempt 1 to provision port 7ce470bf-f18a-4024-b4e2-7c62959d0b94
2026-07-02 06:22:06.047 10 INFO neutron.wsgi [req-802c77b8-07ac-4dd7-a030-6280a575c10d req-074fa39a-be18-4166-8e02-532fe16666bd 36cb207628f24e0bb91735a54da13e4f 9bbd05abb27045078316e40e7d0fef1e - - d806d7c638f94797abab49074542b48d d806d7c638f94797abab49074542b48d] 199.204.45.116 "GET /v2.0/networks?id=155366d8-4246-45f3-9f17-7ff0659e35ff HTTP/1.1" status: 200 len: 1005 time: 0.0915711
2026-07-02 06:22:06.080 10 INFO neutron.wsgi [req-802c77b8-07ac-4dd7-a030-6280a575c10d req-e13776a0-3fb8-44a3-a4a1-800af09dd1f7 36cb207628f24e0bb91735a54da13e4f 9bbd05abb27045078316e40e7d0fef1e - - d806d7c638f94797abab49074542b48d d806d7c638f94797abab49074542b48d] 199.204.45.116 "GET /v2.0/floatingips?fixed_ip_address=10.1.1.245&port_id=7ce470bf-f18a-4024-b4e2-7c62959d0b94 HTTP/1.1" status: 200 len: 217 time: 0.0278523
2026-07-02 06:22:06.133 10 INFO neutron.wsgi [req-802c77b8-07ac-4dd7-a030-6280a575c10d req-728bd9c0-4b97-4edb-8842-3541d58fcc39 36cb207628f24e0bb91735a54da13e4f 9bbd05abb27045078316e40e7d0fef1e - - d806d7c638f94797abab49074542b48d d806d7c638f94797abab49074542b48d] 199.204.45.116 "GET /v2.0/subnets?id=01016e13-103c-46b4-913c-c9a0cec9801e HTTP/1.1" status: 200 len: 854 time: 0.0466959
2026-07-02 06:22:06.134 9 INFO neutron.wsgi [req-56179774-8ad1-45e0-9e52-aad0e18bc738 req-2f2461bd-129e-48bd-837d-c4736e1b9b14 44f9fc947be441caab831b744dde8ad6 431f6c9a3dcd4add9521adb805be1cd6 - - default default] 10.0.0.239 "GET /v2.0/ports/7ce470bf-f18a-4024-b4e2-7c62959d0b94 HTTP/1.1" status: 200 len: 1456 time: 0.0394804
2026-07-02 06:22:06.169 10 INFO neutron.wsgi [req-802c77b8-07ac-4dd7-a030-6280a575c10d req-f5de2fda-d68f-498d-8eda-7468e2c10973 36cb207628f24e0bb91735a54da13e4f 9bbd05abb27045078316e40e7d0fef1e - - d806d7c638f94797abab49074542b48d d806d7c638f94797abab49074542b48d] 199.204.45.116 "GET /v2.0/ports?network_id=155366d8-4246-45f3-9f17-7ff0659e35ff&device_owner=network%3Adhcp HTTP/1.1" status: 200 len: 210 time: 0.0225003
2026-07-02 06:22:06.271 10 INFO neutron.wsgi [req-802c77b8-07ac-4dd7-a030-6280a575c10d req-3c0b79ca-f7eb-4c31-82b9-d69859febfbe 36cb207628f24e0bb91735a54da13e4f 9bbd05abb27045078316e40e7d0fef1e - - d806d7c638f94797abab49074542b48d d806d7c638f94797abab49074542b48d] 199.204.45.116 "GET /v2.0/networks/155366d8-4246-45f3-9f17-7ff0659e35ff?fields=segments HTTP/1.1" status: 200 len: 212 time: 0.0930445
2026-07-02 06:22:06.382 10 INFO neutron.wsgi [req-802c77b8-07ac-4dd7-a030-6280a575c10d req-a32a8a3f-4378-41bb-99bf-ec22a5de06be 36cb207628f24e0bb91735a54da13e4f 9bbd05abb27045078316e40e7d0fef1e - - d806d7c638f94797abab49074542b48d d806d7c638f94797abab49074542b48d] 199.204.45.116 "GET /v2.0/networks/155366d8-4246-45f3-9f17-7ff0659e35ff?fields=provider%3Aphysical_network&fields=provider%3Anetwork_type HTTP/1.1" status: 200 len: 277 time: 0.1046839
2026-07-02 06:22:06.416 10 INFO neutron.db.ovn_revision_numbers_db [None req-f958670b-66e1-475f-b8d2-1c6e6d4a10aa - - - - - -] Successfully bumped revision number for resource 7ce470bf-f18a-4024-b4e2-7c62959d0b94 (type: ports) to 4 /var/lib/openstack/lib/python3.10/site-packages/pycadf/identifier.py:71: UserWarning: Invalid uuid: neutron. To ensure interoperability, identifiers should be a valid uuid. warnings.warn(('Invalid uuid: %s. To ensure interoperability, '
2026-07-02 06:22:06.602 9 INFO neutron.db.ovn_revision_numbers_db [None req-bd4c1c1b-e409-48d5-aafd-2df2726418e4 44f9fc947be441caab831b744dde8ad6 431f6c9a3dcd4add9521adb805be1cd6 - - default default] Successfully bumped revision number for resource 7ce470bf-f18a-4024-b4e2-7c62959d0b94 (type: ports) to 5
2026-07-02 06:22:06.616 9 INFO neutron.wsgi [None req-bd4c1c1b-e409-48d5-aafd-2df2726418e4 44f9fc947be441caab831b744dde8ad6 431f6c9a3dcd4add9521adb805be1cd6 - - default default] 199.204.45.116 "PUT /v2.0/ports/7ce470bf-f18a-4024-b4e2-7c62959d0b94 HTTP/1.1" status: 200 len: 1490 time: 0.4655571
2026-07-02 06:22:06.640 9 INFO neutron.api.v2.resource [None req-1698c78a-ed93-4e44-9e28-f8690ba0a9d8 44f9fc947be441caab831b744dde8ad6 431f6c9a3dcd4add9521adb805be1cd6 - - default default] show failed (client error): The resource could not be found.
2026-07-02 06:22:06.641 9 INFO neutron.wsgi [None req-1698c78a-ed93-4e44-9e28-f8690ba0a9d8 44f9fc947be441caab831b744dde8ad6 431f6c9a3dcd4add9521adb805be1cd6 - - default default] 199.204.45.116 "GET /v2.0/security-groups/lb-629e9e77-f7dd-4131-bdd8-bb18b4476b88 HTTP/1.1" status: 404 len: 355 time: 0.0163236
2026-07-02 06:22:06.661 9 INFO neutron.notifiers.nova [-] Nova event matching ['req-261e911e-61d2-4fc4-bb95-a5d75ffcaf3e'] response: {'name': 'network-changed', 'server_uuid': 'c7838531-849d-43e4-9459-af24666fb906', 'tag': '7ce470bf-f18a-4024-b4e2-7c62959d0b94', 'status': 'completed', 'code': 200}
2026-07-02 06:22:06.691 9 INFO neutron.wsgi [None req-6ab035a2-54cf-4a6e-a470-2852dd27d0f6 44f9fc947be441caab831b744dde8ad6 431f6c9a3dcd4add9521adb805be1cd6 - - default default] 199.204.45.116 "GET /v2.0/security-groups?name=lb-629e9e77-f7dd-4131-bdd8-bb18b4476b88 HTTP/1.1" status: 200 len: 1775 time: 0.0445063 /var/lib/openstack/lib/python3.10/site-packages/pycadf/identifier.py:71: UserWarning: Invalid uuid: neutron. To ensure interoperability, identifiers should be a valid uuid. warnings.warn(('Invalid uuid: %s. To ensure interoperability, '
2026-07-02 06:22:06.736 10 INFO neutron.wsgi [req-c5c1732b-1d97-43ab-84f6-2113271135e3 req-9c554011-eb44-4b14-929c-4438939e7997 36cb207628f24e0bb91735a54da13e4f 9bbd05abb27045078316e40e7d0fef1e - - d806d7c638f94797abab49074542b48d d806d7c638f94797abab49074542b48d] 199.204.45.116 "GET /v2.0/ports?tenant_id=431f6c9a3dcd4add9521adb805be1cd6&device_id=c7838531-849d-43e4-9459-af24666fb906 HTTP/1.1" status: 200 len: 2727 time: 0.0473330
2026-07-02 06:22:06.812 9 INFO neutron.db.ovn_revision_numbers_db [None req-41c35f0a-e720-4662-a159-54f9a8e288da 78188d99e62d44e2b8ae66e38b408181 8377b9fcf4d44ddeb74a69858d83ab68 - - default default] Successfully bumped revision number for resource 3cc38d0a-24c7-4416-affe-977b75a1f377 (type: security_groups) to 1
2026-07-02 06:22:06.818 10 INFO neutron.wsgi [req-c5c1732b-1d97-43ab-84f6-2113271135e3 req-f99bf886-45cd-4259-a346-a5b8148f76c2 36cb207628f24e0bb91735a54da13e4f 9bbd05abb27045078316e40e7d0fef1e - - d806d7c638f94797abab49074542b48d d806d7c638f94797abab49074542b48d] 199.204.45.116 "GET /v2.0/networks?id=155366d8-4246-45f3-9f17-7ff0659e35ff HTTP/1.1" status: 200 len: 1005 time: 0.0759051
2026-07-02 06:22:06.859 10 INFO neutron.wsgi [req-c5c1732b-1d97-43ab-84f6-2113271135e3 req-c1960c5c-caad-4a1f-9403-2459410b86e8 36cb207628f24e0bb91735a54da13e4f 9bbd05abb27045078316e40e7d0fef1e - - d806d7c638f94797abab49074542b48d d806d7c638f94797abab49074542b48d] 199.204.45.116 "GET /v2.0/floatingips?fixed_ip_address=10.1.1.245&port_id=7ce470bf-f18a-4024-b4e2-7c62959d0b94 HTTP/1.1" status: 200 len: 217 time: 0.0335355
2026-07-02 06:22:06.861 9 INFO neutron.db.ovn_revision_numbers_db [None req-41c35f0a-e720-4662-a159-54f9a8e288da 78188d99e62d44e2b8ae66e38b408181 8377b9fcf4d44ddeb74a69858d83ab68 - - default default] Successfully bumped revision number for resource 3af8f9b6-37f2-48a2-b08e-36eeb31e3d67 (type: security_group_rules) to 0
2026-07-02 06:22:06.880 9 INFO neutron.wsgi [req-05f9a332-af04-47ae-b644-7a8c37926f42 req-e641f4d9-165a-4b80-87ce-ae31bd461a47 36cb207628f24e0bb91735a54da13e4f 9bbd05abb27045078316e40e7d0fef1e - - d806d7c638f94797abab49074542b48d d806d7c638f94797abab49074542b48d] 10.0.0.57 "GET /v2.0/ports?device_id=b41d7a50-285c-43fa-a745-031185051891 HTTP/1.1" status: 200 len: 1409 time: 0.0622821
2026-07-02 06:22:06.909 10 INFO neutron.wsgi [req-c5c1732b-1d97-43ab-84f6-2113271135e3 req-2a94889a-fc9b-464e-b416-5816d51c2b69 36cb207628f24e0bb91735a54da13e4f 9bbd05abb27045078316e40e7d0fef1e - - d806d7c638f94797abab49074542b48d d806d7c638f94797abab49074542b48d] 199.204.45.116 "GET /v2.0/subnets?id=01016e13-103c-46b4-913c-c9a0cec9801e HTTP/1.1" status: 200 len: 854 time: 0.0431702
2026-07-02 06:22:06.919 9 INFO neutron.db.ovn_revision_numbers_db [None req-41c35f0a-e720-4662-a159-54f9a8e288da 78188d99e62d44e2b8ae66e38b408181 8377b9fcf4d44ddeb74a69858d83ab68 - - default default] Successfully bumped revision number for resource 57f91d1d-36d7-45a5-a91f-c77d7742c58a (type: security_group_rules) to 0
2026-07-02 06:22:06.945 10 INFO neutron.wsgi [req-c5c1732b-1d97-43ab-84f6-2113271135e3 req-94a5f468-db51-4fbf-b6b3-b731cfcbc365 36cb207628f24e0bb91735a54da13e4f 9bbd05abb27045078316e40e7d0fef1e - - d806d7c638f94797abab49074542b48d d806d7c638f94797abab49074542b48d] 199.204.45.116 "GET /v2.0/ports?network_id=155366d8-4246-45f3-9f17-7ff0659e35ff&device_owner=network%3Adhcp HTTP/1.1" status: 200 len: 210 time: 0.0265651
2026-07-02 06:22:06.955 9 INFO neutron.wsgi [req-05f9a332-af04-47ae-b644-7a8c37926f42 req-aa4fc531-e7ad-4d31-b4f2-ff58620801fe 36cb207628f24e0bb91735a54da13e4f 9bbd05abb27045078316e40e7d0fef1e - - d806d7c638f94797abab49074542b48d d806d7c638f94797abab49074542b48d] 10.0.0.57 "GET /v2.0/security-groups?id=c12781b4-faa4-47ab-bf58-ff031200dbc1&fields=id&fields=name HTTP/1.1" status: 200 len: 313 time: 0.0633583
2026-07-02 06:22:06.957 9 INFO neutron.db.ovn_revision_numbers_db [None req-41c35f0a-e720-4662-a159-54f9a8e288da 78188d99e62d44e2b8ae66e38b408181 8377b9fcf4d44ddeb74a69858d83ab68 - - default default] Successfully bumped revision number for resource f935678a-1018-4cb8-8501-585e8886a553 (type: security_group_rules) to 0
2026-07-02 06:22:06.989 9 INFO neutron.db.ovn_revision_numbers_db [None req-41c35f0a-e720-4662-a159-54f9a8e288da 78188d99e62d44e2b8ae66e38b408181 8377b9fcf4d44ddeb74a69858d83ab68 - - default default] Successfully bumped revision number for resource f9d02b43-818a-49dd-8e41-2ef197c05510 (type: security_group_rules) to 0
2026-07-02 06:22:07.041 10 INFO neutron.wsgi [req-c5c1732b-1d97-43ab-84f6-2113271135e3 req-8bae7936-0c5b-4a2b-9431-76f46e856003 36cb207628f24e0bb91735a54da13e4f 9bbd05abb27045078316e40e7d0fef1e - - d806d7c638f94797abab49074542b48d d806d7c638f94797abab49074542b48d] 199.204.45.116 "GET /v2.0/networks/155366d8-4246-45f3-9f17-7ff0659e35ff?fields=segments HTTP/1.1" status: 200 len: 212 time: 0.0869989
2026-07-02 06:22:07.053 9 INFO neutron.db.segments_db [None req-41c35f0a-e720-4662-a159-54f9a8e288da 78188d99e62d44e2b8ae66e38b408181 8377b9fcf4d44ddeb74a69858d83ab68 - - default default] Added segment b432944a-5cec-4077-8cb3-ad4157691216 of type geneve for network 673c07ec-60af-423b-afbd-33bf050a5d68
2026-07-02 06:22:07.128 10 INFO neutron.wsgi [req-c5c1732b-1d97-43ab-84f6-2113271135e3 req-e0b53781-41d0-40ff-ad53-e6afcf79706d 36cb207628f24e0bb91735a54da13e4f 9bbd05abb27045078316e40e7d0fef1e - - d806d7c638f94797abab49074542b48d d806d7c638f94797abab49074542b48d] 199.204.45.116 "GET /v2.0/networks/155366d8-4246-45f3-9f17-7ff0659e35ff?fields=provider%3Aphysical_network&fields=provider%3Anetwork_type HTTP/1.1" status: 200 len: 277 time: 0.0795157
2026-07-02 06:22:07.228 9 INFO neutron.db.ovn_revision_numbers_db [None req-5a400547-87d1-4b77-93e9-343807bd7f5f 44f9fc947be441caab831b744dde8ad6 431f6c9a3dcd4add9521adb805be1cd6 - - default default] Successfully bumped revision number for resource 7ce470bf-f18a-4024-b4e2-7c62959d0b94 (type: ports) to 6
2026-07-02 06:22:07.251 9 INFO neutron.wsgi [None req-5a400547-87d1-4b77-93e9-343807bd7f5f 44f9fc947be441caab831b744dde8ad6 431f6c9a3dcd4add9521adb805be1cd6 - - default default] 199.204.45.116 "PUT /v2.0/ports/7ce470bf-f18a-4024-b4e2-7c62959d0b94 HTTP/1.1" status: 200 len: 1490 time: 0.5502110
2026-07-02 06:22:07.254 9 INFO neutron.db.ovn_revision_numbers_db [None req-41c35f0a-e720-4662-a159-54f9a8e288da 78188d99e62d44e2b8ae66e38b408181 8377b9fcf4d44ddeb74a69858d83ab68 - - default default] Successfully bumped revision number for resource 673c07ec-60af-423b-afbd-33bf050a5d68 (type: networks) to 1
2026-07-02 06:22:07.265 10 INFO neutron.notifiers.nova [-] Nova event matching ['req-8491111c-04e9-4f32-bb5d-e34e3907db47'] response: {'server_uuid': 'c7838531-849d-43e4-9459-af24666fb906', 'name': 'network-vif-plugged', 'status': 'completed', 'tag': '7ce470bf-f18a-4024-b4e2-7c62959d0b94', 'code': 200}
2026-07-02 06:22:07.265 10 INFO neutron.notifiers.nova [-] Nova event matching ['req-8491111c-04e9-4f32-bb5d-e34e3907db47'] response: {'server_uuid': 'c7838531-849d-43e4-9459-af24666fb906', 'name': 'network-vif-plugged', 'status': 'completed', 'tag': '7ce470bf-f18a-4024-b4e2-7c62959d0b94', 'code': 200}
2026-07-02 06:22:07.476 9 WARNING neutron.scheduler.dhcp_agent_scheduler [None req-41c35f0a-e720-4662-a159-54f9a8e288da 78188d99e62d44e2b8ae66e38b408181 8377b9fcf4d44ddeb74a69858d83ab68 - - default default] No more DHCP agents
2026-07-02 06:22:07.480 9 WARNING neutron.api.rpc.agentnotifiers.dhcp_rpc_agent_api [None req-41c35f0a-e720-4662-a159-54f9a8e288da 78188d99e62d44e2b8ae66e38b408181 8377b9fcf4d44ddeb74a69858d83ab68 - - default default] Unable to schedule network 673c07ec-60af-423b-afbd-33bf050a5d68: no agents available; will retry on subsequent port and subnet creation events. /var/lib/openstack/lib/python3.10/site-packages/pycadf/identifier.py:71: UserWarning: Invalid uuid: neutron. To ensure interoperability, identifiers should be a valid uuid. warnings.warn(('Invalid uuid: %s. To ensure interoperability, '
2026-07-02 06:22:07.539 9 INFO neutron.wsgi [None req-c01285b2-6bac-4701-9b93-f9b9b8c0d432 44f9fc947be441caab831b744dde8ad6 431f6c9a3dcd4add9521adb805be1cd6 - - default default] 199.204.45.116 "GET /v2.0/extensions/security-group HTTP/1.1" status: 200 len: 369 time: 0.0045660
2026-07-02 06:22:07.547 9 INFO neutron.wsgi [None req-71ea5322-c708-4bad-ba8b-b75ab7e6b333 44f9fc947be441caab831b744dde8ad6 431f6c9a3dcd4add9521adb805be1cd6 - - default default] 199.204.45.116 "GET /v2.0/extensions/dns-integration HTTP/1.1" status: 200 len: 371 time: 0.0040555
2026-07-02 06:22:07.559 9 INFO neutron.wsgi [None req-981c1ed6-232c-4033-a360-8e987cf30b4f 44f9fc947be441caab831b744dde8ad6 431f6c9a3dcd4add9521adb805be1cd6 - - default default] 199.204.45.116 "GET /v2.0/extensions/qos HTTP/1.1" status: 200 len: 365 time: 0.0063500
2026-07-02 06:22:07.573 9 INFO neutron.wsgi [None req-fbfca1c8-aef2-4d3a-b835-e3b42d5200c7 44f9fc947be441caab831b744dde8ad6 431f6c9a3dcd4add9521adb805be1cd6 - - default default] 199.204.45.116 "GET /v2.0/extensions/allowed-address-pairs HTTP/1.1" status: 200 len: 383 time: 0.0048609
2026-07-02 06:22:07.608 9 INFO neutron.db.ovn_revision_numbers_db [None req-41c35f0a-e720-4662-a159-54f9a8e288da 78188d99e62d44e2b8ae66e38b408181 8377b9fcf4d44ddeb74a69858d83ab68 - - default default] Successfully bumped revision number for resource de0c6072-e8ad-47af-b66b-81753afdf92e (type: ports) to 1
2026-07-02 06:22:07.619 9 INFO neutron.wsgi [None req-eee1385f-b1b3-4603-8dbb-bac08c0e9569 44f9fc947be441caab831b744dde8ad6 431f6c9a3dcd4add9521adb805be1cd6 - - default default] 199.204.45.116 "GET /v2.0/subnets/01016e13-103c-46b4-913c-c9a0cec9801e HTTP/1.1" status: 200 len: 851 time: 0.0368652
2026-07-02 06:22:07.646 9 INFO neutron.wsgi [None req-41c35f0a-e720-4662-a159-54f9a8e288da 78188d99e62d44e2b8ae66e38b408181 8377b9fcf4d44ddeb74a69858d83ab68 - - default default] 10.0.0.113 "POST /v2.0/networks HTTP/1.1" status: 201 len: 927 time: 1.2465799
2026-07-02 06:22:07.658 9 INFO neutron.wsgi [None req-0258fc7d-ab43-4cee-864f-90cb7e930baf 44f9fc947be441caab831b744dde8ad6 431f6c9a3dcd4add9521adb805be1cd6 - - default default] 199.204.45.116 "GET /v2.0/ports/9600f2c5-902f-4fa7-bc76-a7c32db1fcfa HTTP/1.1" status: 200 len: 1328 time: 0.0338011
2026-07-02 06:22:07.723 9 INFO neutron.wsgi [None req-381ff9d3-c273-40d6-a282-ff91798d8a8a 44f9fc947be441caab831b744dde8ad6 431f6c9a3dcd4add9521adb805be1cd6 - - default default] 199.204.45.116 "GET /v2.0/ports/7ce470bf-f18a-4024-b4e2-7c62959d0b94 HTTP/1.1" status: 200 len: 1518 time: 0.0500550
2026-07-02 06:22:07.769 9 INFO neutron.wsgi [None req-82781a1c-ac0b-4414-86bc-294339b5274b 44f9fc947be441caab831b744dde8ad6 431f6c9a3dcd4add9521adb805be1cd6 - - default default] 199.204.45.116 "GET /v2.0/subnets/01016e13-103c-46b4-913c-c9a0cec9801e HTTP/1.1" status: 200 len: 851 time: 0.0366976
2026-07-02 06:22:07.818 10 WARNING neutron.scheduler.dhcp_agent_scheduler [None req-4c0716c1-5919-4eec-b034-742ff2964e29 78188d99e62d44e2b8ae66e38b408181 8377b9fcf4d44ddeb74a69858d83ab68 - - default default] No more DHCP agents
2026-07-02 06:22:07.821 10 WARNING neutron.api.rpc.agentnotifiers.dhcp_rpc_agent_api [None req-4c0716c1-5919-4eec-b034-742ff2964e29 78188d99e62d44e2b8ae66e38b408181 8377b9fcf4d44ddeb74a69858d83ab68 - - default default] Unable to schedule network 673c07ec-60af-423b-afbd-33bf050a5d68: no agents available; will retry on subsequent port and subnet creation events.
2026-07-02 06:22:07.860 9 INFO neutron.wsgi [None req-af3a16fd-4623-4fc5-8097-ce0c9f0e06d5 44f9fc947be441caab831b744dde8ad6 431f6c9a3dcd4add9521adb805be1cd6 - - default default] 199.204.45.116 "GET /v2.0/networks/155366d8-4246-45f3-9f17-7ff0659e35ff HTTP/1.1" status: 200 len: 1002 time: 0.0843756
2026-07-02 06:22:07.902 9 INFO neutron.wsgi [None req-3bc779b0-0377-40f4-acb9-20623c8c2ab5 44f9fc947be441caab831b744dde8ad6 431f6c9a3dcd4add9521adb805be1cd6 - - default default] 199.204.45.116 "GET /v2.0/ports/9600f2c5-902f-4fa7-bc76-a7c32db1fcfa HTTP/1.1" status: 200 len: 1328 time: 0.0332553
2026-07-02 06:22:07.947 9 INFO neutron.wsgi [None req-f4dbb779-1b33-4d63-ac15-f95c6652995c 44f9fc947be441caab831b744dde8ad6 431f6c9a3dcd4add9521adb805be1cd6 - - default default] 199.204.45.116 "GET /v2.0/subnets/01016e13-103c-46b4-913c-c9a0cec9801e HTTP/1.1" status: 200 len: 851 time: 0.0347438
2026-07-02 06:22:08.486 10 INFO neutron.db.ovn_revision_numbers_db [None req-4c0716c1-5919-4eec-b034-742ff2964e29 78188d99e62d44e2b8ae66e38b408181 8377b9fcf4d44ddeb74a69858d83ab68 - - default default] Successfully bumped revision number for resource de0c6072-e8ad-47af-b66b-81753afdf92e (type: ports) to 2
2026-07-02 06:22:08.520 10 INFO neutron.db.ovn_revision_numbers_db [None req-4c0716c1-5919-4eec-b034-742ff2964e29 78188d99e62d44e2b8ae66e38b408181 8377b9fcf4d44ddeb74a69858d83ab68 - - default default] Successfully bumped revision number for resource 883b5844-e726-4504-8d9a-45c550a30133 (type: subnets) to 0
2026-07-02 06:22:08.538 10 INFO neutron.wsgi [None req-4c0716c1-5919-4eec-b034-742ff2964e29 78188d99e62d44e2b8ae66e38b408181 8377b9fcf4d44ddeb74a69858d83ab68 - - default default] 10.0.0.113 "POST /v2.0/subnets HTTP/1.1" status: 201 len: 819 time: 0.8861747
2026-07-02 06:22:08.553 10 WARNING neutron.api.v2.base [None req-4585b6fe-6c72-492f-9414-a2b442d31671 78188d99e62d44e2b8ae66e38b408181 8377b9fcf4d44ddeb74a69858d83ab68 - - default default] An exception happened while processing the request body. The exception message is [Invalid input for target_tenant. Reason: 'None' is not a valid string.].: webob.exc.HTTPBadRequest: Invalid input for target_tenant. Reason: 'None' is not a valid string.
2026-07-02 06:22:08.554 10 INFO neutron.api.v2.resource [None req-4585b6fe-6c72-492f-9414-a2b442d31671 78188d99e62d44e2b8ae66e38b408181 8377b9fcf4d44ddeb74a69858d83ab68 - - default default] create failed (client error): Invalid input for target_tenant. Reason: 'None' is not a valid string.
2026-07-02 06:22:08.557 10 INFO neutron.wsgi [None req-4585b6fe-6c72-492f-9414-a2b442d31671 78188d99e62d44e2b8ae66e38b408181 8377b9fcf4d44ddeb74a69858d83ab68 - - default default] 10.0.0.113 "POST /v2.0/rbac-policies HTTP/1.1" status: 400 len: 346 time: 0.0105400
2026-07-02 06:22:08.713 9 INFO neutron.notifiers.nova [-] Nova event matching ['req-ccfeeafc-411f-4cdd-93f3-c083da4841e0'] response: {'name': 'network-changed', 'server_uuid': 'c7838531-849d-43e4-9459-af24666fb906', 'tag': '7ce470bf-f18a-4024-b4e2-7c62959d0b94', 'status': 'completed', 'code': 200}
2026-07-02 06:22:08.781 10 INFO neutron.wsgi [req-fc48f639-4b81-4e19-a729-b2ee88736f39 req-40c67e1c-ba3d-4f69-9cb6-1e480e8f95a0 36cb207628f24e0bb91735a54da13e4f 9bbd05abb27045078316e40e7d0fef1e - - d806d7c638f94797abab49074542b48d d806d7c638f94797abab49074542b48d] 199.204.45.116 "GET /v2.0/ports?tenant_id=431f6c9a3dcd4add9521adb805be1cd6&device_id=c7838531-849d-43e4-9459-af24666fb906 HTTP/1.1" status: 200 len: 2727 time: 0.0461388
2026-07-02 06:22:08.890 10 INFO neutron.wsgi [req-fc48f639-4b81-4e19-a729-b2ee88736f39 req-4f7df4d6-3a7c-403a-bb37-5fc7e04a8730 36cb207628f24e0bb91735a54da13e4f 9bbd05abb27045078316e40e7d0fef1e - - d806d7c638f94797abab49074542b48d d806d7c638f94797abab49074542b48d] 199.204.45.116 "GET /v2.0/networks?id=155366d8-4246-45f3-9f17-7ff0659e35ff HTTP/1.1" status: 200 len: 1005 time: 0.1010611
2026-07-02 06:22:08.932 10 INFO neutron.wsgi [req-fc48f639-4b81-4e19-a729-b2ee88736f39 req-4c807c89-fb9f-45cc-9710-d2df376135cd 36cb207628f24e0bb91735a54da13e4f 9bbd05abb27045078316e40e7d0fef1e - - d806d7c638f94797abab49074542b48d d806d7c638f94797abab49074542b48d] 199.204.45.116 "GET /v2.0/floatingips?fixed_ip_address=10.1.1.245&port_id=7ce470bf-f18a-4024-b4e2-7c62959d0b94 HTTP/1.1" status: 200 len: 217 time: 0.0324838
2026-07-02 06:22:08.979 10 INFO neutron.wsgi [req-fc48f639-4b81-4e19-a729-b2ee88736f39 req-0c4c2b18-9590-4f31-9f3e-b2cf151a95f9 36cb207628f24e0bb91735a54da13e4f 9bbd05abb27045078316e40e7d0fef1e - - d806d7c638f94797abab49074542b48d d806d7c638f94797abab49074542b48d] 199.204.45.116 "GET /v2.0/subnets?id=01016e13-103c-46b4-913c-c9a0cec9801e HTTP/1.1" status: 200 len: 854 time: 0.0402222
2026-07-02 06:22:09.014 10 INFO neutron.wsgi [req-fc48f639-4b81-4e19-a729-b2ee88736f39 req-05eb7d61-a047-4d3f-9b4f-d9dd81fc5dd2 36cb207628f24e0bb91735a54da13e4f 9bbd05abb27045078316e40e7d0fef1e - - d806d7c638f94797abab49074542b48d d806d7c638f94797abab49074542b48d] 199.204.45.116 "GET /v2.0/ports?network_id=155366d8-4246-45f3-9f17-7ff0659e35ff&device_owner=network%3Adhcp HTTP/1.1" status: 200 len: 210 time: 0.0273051
2026-07-02 06:22:09.105 10 INFO neutron.wsgi [req-fc48f639-4b81-4e19-a729-b2ee88736f39 req-86baf42c-f913-4c1a-b94b-a23c068bfe8a 36cb207628f24e0bb91735a54da13e4f 9bbd05abb27045078316e40e7d0fef1e - - d806d7c638f94797abab49074542b48d d806d7c638f94797abab49074542b48d] 199.204.45.116 "GET /v2.0/networks/155366d8-4246-45f3-9f17-7ff0659e35ff?fields=segments HTTP/1.1" status: 200 len: 212 time: 0.0834174
2026-07-02 06:22:09.193 10 INFO neutron.wsgi [req-fc48f639-4b81-4e19-a729-b2ee88736f39 req-db3e3f79-b8e1-462e-ae3b-a1bc1938df8d 36cb207628f24e0bb91735a54da13e4f 9bbd05abb27045078316e40e7d0fef1e - - d806d7c638f94797abab49074542b48d d806d7c638f94797abab49074542b48d] 199.204.45.116 "GET /v2.0/networks/155366d8-4246-45f3-9f17-7ff0659e35ff?fields=provider%3Aphysical_network&fields=provider%3Anetwork_type HTTP/1.1" status: 200 len: 277 time: 0.0795608
2026-07-02 06:22:09.356 10 INFO neutron.services.segments.plugin [-] Segment b432944a-5cec-4077-8cb3-ad4157691216 resource provider aggregate not found
2026-07-02 06:22:09.361 10 INFO neutron.services.segments.plugin [-] Segment b432944a-5cec-4077-8cb3-ad4157691216 resource provider aggregate not found
2026-07-02 06:22:09.378 10 INFO neutron.services.segments.plugin [-] Segment b432944a-5cec-4077-8cb3-ad4157691216 resource provider not found; error: Placement Client Error (4xx): {"errors": [{"status": 404, "title": "Not Found", "detail": "The resource could not be found.\n\n No resource provider with uuid b432944a-5cec-4077-8cb3-ad4157691216 found for delete ", "request_id": "req-b2586deb-7f71-43e9-895b-f036e5c51afa"}]}
2026-07-02 06:22:09.381 10 INFO neutron.services.segments.plugin [-] Segment b432944a-5cec-4077-8cb3-ad4157691216 resource provider not found; error: Placement Client Error (4xx): {"errors": [{"status": 404, "title": "Not Found", "detail": "The resource could not be found.\n\n No resource provider with uuid b432944a-5cec-4077-8cb3-ad4157691216 found for delete ", "request_id": "req-e8041e6b-4c01-4f13-a995-11d9e5288c7c"}]}
2026-07-02 06:22:09.409 10 INFO neutron.wsgi [None req-83e93431-fa7d-46ec-88ff-c0a528b02781 78188d99e62d44e2b8ae66e38b408181 8377b9fcf4d44ddeb74a69858d83ab68 - - default default] 10.0.0.113 "DELETE /v2.0/networks/673c07ec-60af-423b-afbd-33bf050a5d68 HTTP/1.1" status: 204 len: 168 time: 0.8475122
2026-07-02 06:22:09.513 9 INFO neutron.db.segments_db [None req-2a38a47c-a91b-4983-b1f8-ef6f803bac58 78188d99e62d44e2b8ae66e38b408181 8377b9fcf4d44ddeb74a69858d83ab68 - - default default] Added segment fe343b7d-d971-4e52-b05b-8a9b610e2626 of type geneve for network c41e7a63-e30c-45e0-8162-09ec35d1f899
2026-07-02 06:22:09.672 9 INFO neutron.db.ovn_revision_numbers_db [None req-2a38a47c-a91b-4983-b1f8-ef6f803bac58 78188d99e62d44e2b8ae66e38b408181 8377b9fcf4d44ddeb74a69858d83ab68 - - default default] Successfully bumped revision number for resource c41e7a63-e30c-45e0-8162-09ec35d1f899 (type: networks) to 1
2026-07-02 06:22:09.745 10 INFO neutron.wsgi [req-3934ce95-7746-4045-83d2-143ae4e5acb6 req-ea171b90-29bb-4815-9fc8-3c423e1371f7 36cb207628f24e0bb91735a54da13e4f 9bbd05abb27045078316e40e7d0fef1e - - d806d7c638f94797abab49074542b48d d806d7c638f94797abab49074542b48d] 199.204.45.116 "GET /v2.0/ports?device_id=ac22bfde-9d82-4d44-95f6-c7c2657b4427&fields=binding%3Ahost_id&fields=binding%3Avif_type HTTP/1.1" status: 200 len: 265 time: 0.0382359
2026-07-02 06:22:09.797 9 INFO neutron.plugins.ml2.drivers.ovn.mech_driver.mech_driver [None req-474cecf2-bd82-41f3-916e-ad8bc4a73b8f - - - - - -] OVN reports status down for port: acc3599f-6053-4f24-9311-19b7ee378554
2026-07-02 06:22:09.818 10 INFO neutron.wsgi [req-3934ce95-7746-4045-83d2-143ae4e5acb6 req-2292e46f-dce7-4dee-9a5c-5035581a4bd9 36cb207628f24e0bb91735a54da13e4f 9bbd05abb27045078316e40e7d0fef1e - - d806d7c638f94797abab49074542b48d d806d7c638f94797abab49074542b48d] 199.204.45.116 "GET /v2.0/ports?tenant_id=effe0de92263445882ef221ade172aba&device_id=ac22bfde-9d82-4d44-95f6-c7c2657b4427 HTTP/1.1" status: 200 len: 1642 time: 0.0520198
2026-07-02 06:22:09.868 9 INFO neutron.wsgi [req-577a0b07-c319-47f5-8845-e9a9fe5e3dad req-1c5a956b-1747-4826-88fd-57a8e57c4d50 50be945b60ac4a31b879962372c0e69c d66cf89f4ffb4347a455629c108c3058 - - default default] 10.0.0.239 "GET /v2.0/ports?device_id=b41d7a50-285c-43fa-a745-031185051891 HTTP/1.1" status: 200 len: 1170 time: 0.1316631
2026-07-02 06:22:09.921 10 INFO neutron.wsgi [req-3934ce95-7746-4045-83d2-143ae4e5acb6 req-2b8458c0-3339-457d-894c-8b05a9a2dd80 36cb207628f24e0bb91735a54da13e4f 9bbd05abb27045078316e40e7d0fef1e - - d806d7c638f94797abab49074542b48d d806d7c638f94797abab49074542b48d] 199.204.45.116 "GET /v2.0/networks?id=899ed298-f96a-4512-a5f5-67879f411077 HTTP/1.1" status: 200 len: 1002 time: 0.0786927
2026-07-02 06:22:09.927 9 WARNING neutron.scheduler.dhcp_agent_scheduler [None req-2a38a47c-a91b-4983-b1f8-ef6f803bac58 78188d99e62d44e2b8ae66e38b408181 8377b9fcf4d44ddeb74a69858d83ab68 - - default default] No more DHCP agents
2026-07-02 06:22:09.933 9 WARNING neutron.api.rpc.agentnotifiers.dhcp_rpc_agent_api [None req-2a38a47c-a91b-4983-b1f8-ef6f803bac58 78188d99e62d44e2b8ae66e38b408181 8377b9fcf4d44ddeb74a69858d83ab68 - - default default] Unable to schedule network c41e7a63-e30c-45e0-8162-09ec35d1f899: no agents available; will retry on subsequent port and subnet creation events.
2026-07-02 06:22:09.954 9 INFO neutron.wsgi [req-577a0b07-c319-47f5-8845-e9a9fe5e3dad req-94f162e8-da43-4c8c-b90d-e160e64a0334 50be945b60ac4a31b879962372c0e69c d66cf89f4ffb4347a455629c108c3058 - - default default] 10.0.0.239 "GET /v2.0/security-groups?id=c12781b4-faa4-47ab-bf58-ff031200dbc1&fields=id&fields=name HTTP/1.1" status: 200 len: 313 time: 0.0763316
2026-07-02 06:22:09.988 10 INFO neutron.wsgi [req-3934ce95-7746-4045-83d2-143ae4e5acb6 req-573afff4-67b0-47cd-954d-677f17beefc3 36cb207628f24e0bb91735a54da13e4f 9bbd05abb27045078316e40e7d0fef1e - - d806d7c638f94797abab49074542b48d d806d7c638f94797abab49074542b48d] 199.204.45.116 "GET /v2.0/floatingips?fixed_ip_address=10.2.2.181&port_id=1ad9f61a-005b-4dfb-80f3-4d50e1083d23 HTTP/1.1" status: 200 len: 1059 time: 0.0572810
2026-07-02 06:22:10.037 10 INFO neutron.wsgi [req-3934ce95-7746-4045-83d2-143ae4e5acb6 req-04dc1af8-9460-4d59-a9e9-1527da0dbe88 36cb207628f24e0bb91735a54da13e4f 9bbd05abb27045078316e40e7d0fef1e - - d806d7c638f94797abab49074542b48d d806d7c638f94797abab49074542b48d] 199.204.45.116 "GET /v2.0/floatingips?fixed_ip_address=fd77%3A1457%3A4cf0%3A26a8%3A%3A292&port_id=1ad9f61a-005b-4dfb-80f3-4d50e1083d23 HTTP/1.1" status: 200 len: 217 time: 0.0438564
2026-07-02 06:22:10.062 9 INFO neutron.db.ovn_revision_numbers_db [None req-2a38a47c-a91b-4983-b1f8-ef6f803bac58 78188d99e62d44e2b8ae66e38b408181 8377b9fcf4d44ddeb74a69858d83ab68 - - default default] Successfully bumped revision number for resource 22c41205-9ce2-4e1a-b139-32b3c02b836c (type: ports) to 1
2026-07-02 06:22:10.108 10 INFO neutron.wsgi [req-3934ce95-7746-4045-83d2-143ae4e5acb6 req-2784673f-97dc-414b-93ec-710a6f9a1200 36cb207628f24e0bb91735a54da13e4f 9bbd05abb27045078316e40e7d0fef1e - - d806d7c638f94797abab49074542b48d d806d7c638f94797abab49074542b48d] 199.204.45.116 "GET /v2.0/subnets?id=37d87410-e1eb-4df5-8c4d-d06ddb6c040c&id=353132a2-ee16-4b44-b459-435d8da586bd HTTP/1.1" status: 200 len: 1565 time: 0.0676773
2026-07-02 06:22:10.130 9 INFO neutron.wsgi [None req-2a38a47c-a91b-4983-b1f8-ef6f803bac58 78188d99e62d44e2b8ae66e38b408181 8377b9fcf4d44ddeb74a69858d83ab68 - - default default] 10.0.0.113 "POST /v2.0/networks HTTP/1.1" status: 201 len: 928 time: 0.7163467
2026-07-02 06:22:10.138 10 INFO neutron.wsgi [req-3934ce95-7746-4045-83d2-143ae4e5acb6 req-b67beba6-f228-494c-809e-6b566e44f0d4 36cb207628f24e0bb91735a54da13e4f 9bbd05abb27045078316e40e7d0fef1e - - d806d7c638f94797abab49074542b48d d806d7c638f94797abab49074542b48d] 199.204.45.116 "GET /v2.0/ports?network_id=899ed298-f96a-4512-a5f5-67879f411077&device_owner=network%3Adhcp HTTP/1.1" status: 200 len: 210 time: 0.0229411
2026-07-02 06:22:10.163 9 INFO neutron.wsgi [req-9d486159-cc2e-4ad9-a61d-35dff66f33d3 req-a609fb27-7a92-4ce3-b3e2-be8d6ade9422 50be945b60ac4a31b879962372c0e69c d66cf89f4ffb4347a455629c108c3058 - - default default] 199.204.45.116 "GET /v2.0/ports?device_id=b41d7a50-285c-43fa-a745-031185051891 HTTP/1.1" status: 200 len: 1168 time: 0.0673921
2026-07-02 06:22:10.164 10 INFO neutron.wsgi [req-3934ce95-7746-4045-83d2-143ae4e5acb6 req-57a58c23-d7cc-4f1e-acf8-8d14060c320f 36cb207628f24e0bb91735a54da13e4f 9bbd05abb27045078316e40e7d0fef1e - - d806d7c638f94797abab49074542b48d d806d7c638f94797abab49074542b48d] 199.204.45.116 "GET /v2.0/ports?network_id=899ed298-f96a-4512-a5f5-67879f411077&device_owner=network%3Adhcp HTTP/1.1" status: 200 len: 210 time: 0.0186818
2026-07-02 06:22:10.276 10 INFO neutron.wsgi [req-3934ce95-7746-4045-83d2-143ae4e5acb6 req-9d5746fc-ae22-461f-b11a-705764a1fd49 36cb207628f24e0bb91735a54da13e4f 9bbd05abb27045078316e40e7d0fef1e - - d806d7c638f94797abab49074542b48d d806d7c638f94797abab49074542b48d] 199.204.45.116 "GET /v2.0/networks/899ed298-f96a-4512-a5f5-67879f411077?fields=segments HTTP/1.1" status: 200 len: 212 time: 0.1023684
2026-07-02 06:22:10.361 10 INFO neutron.wsgi [req-3934ce95-7746-4045-83d2-143ae4e5acb6 req-5261fea3-43e1-4eeb-b214-1060caf69d79 36cb207628f24e0bb91735a54da13e4f 9bbd05abb27045078316e40e7d0fef1e - - d806d7c638f94797abab49074542b48d d806d7c638f94797abab49074542b48d] 199.204.45.116 "GET /v2.0/networks/899ed298-f96a-4512-a5f5-67879f411077?fields=provider%3Aphysical_network&fields=provider%3Anetwork_type HTTP/1.1" status: 200 len: 277 time: 0.0760093
2026-07-02 06:22:10.643 9 INFO neutron.db.ovn_revision_numbers_db [None req-474cecf2-bd82-41f3-916e-ad8bc4a73b8f - - - - - -] Successfully bumped revision number for resource acc3599f-6053-4f24-9311-19b7ee378554 (type: ports) to 5
2026-07-02 06:22:10.757 9 INFO neutron.notifiers.nova [-] Nova event matching ['req-4f9a8357-d3de-4c96-99cb-26dc864e52c9'] response: {'server_uuid': 'b41d7a50-285c-43fa-a745-031185051891', 'name': 'network-vif-unplugged', 'status': 'completed', 'tag': 'acc3599f-6053-4f24-9311-19b7ee378554', 'code': 200}
2026-07-02 06:22:10.758 9 INFO neutron.notifiers.nova [-] Nova event matching ['req-4f9a8357-d3de-4c96-99cb-26dc864e52c9'] response: {'server_uuid': 'b41d7a50-285c-43fa-a745-031185051891', 'name': 'network-vif-plugged', 'status': 'completed', 'tag': 'acc3599f-6053-4f24-9311-19b7ee378554', 'code': 200}
2026-07-02 06:22:10.770 9 WARNING neutron.scheduler.dhcp_agent_scheduler [None req-74237907-48fc-491d-af49-ad5743afd726 78188d99e62d44e2b8ae66e38b408181 8377b9fcf4d44ddeb74a69858d83ab68 - - default default] No more DHCP agents
2026-07-02 06:22:10.778 9 WARNING neutron.api.rpc.agentnotifiers.dhcp_rpc_agent_api [None req-74237907-48fc-491d-af49-ad5743afd726 78188d99e62d44e2b8ae66e38b408181 8377b9fcf4d44ddeb74a69858d83ab68 - - default default] Unable to schedule network c41e7a63-e30c-45e0-8162-09ec35d1f899: no agents available; will retry on subsequent port and subnet creation events.
2026-07-02 06:22:11.026 9 INFO neutron.db.l3_db [req-9d486159-cc2e-4ad9-a61d-35dff66f33d3 req-b5933251-c68b-4423-a631-6e1ea9a9e35c 50be945b60ac4a31b879962372c0e69c d66cf89f4ffb4347a455629c108c3058 - - default default] Floating IP 525a0d66-b03d-4019-bb91-99f559d86b0e disassociated. External IP: 10.96.250.218, port: acc3599f-6053-4f24-9311-19b7ee378554. /var/lib/openstack/lib/python3.10/site-packages/pycadf/identifier.py:71: UserWarning: Invalid uuid: neutron. To ensure interoperability, identifiers should be a valid uuid. warnings.warn(('Invalid uuid: %s. To ensure interoperability, '
2026-07-02 06:22:11.133 9 INFO neutron.wsgi [req-e7a3c7f1-cb04-4ae5-9cff-07b74f20ed6d req-c88563e8-cf40-4775-8394-95bed51eacf5 50be945b60ac4a31b879962372c0e69c d66cf89f4ffb4347a455629c108c3058 - - default default] 10.0.0.239 "GET /v2.0/ports?device_id=b41d7a50-285c-43fa-a745-031185051891 HTTP/1.1" status: 200 len: 1168 time: 0.0658307
2026-07-02 06:22:11.208 9 INFO neutron.wsgi [req-e7a3c7f1-cb04-4ae5-9cff-07b74f20ed6d req-8b10dd34-d35a-482a-8355-4a9501da4dc2 50be945b60ac4a31b879962372c0e69c d66cf89f4ffb4347a455629c108c3058 - - default default] 10.0.0.239 "GET /v2.0/security-groups?id=c12781b4-faa4-47ab-bf58-ff031200dbc1&fields=id&fields=name HTTP/1.1" status: 200 len: 313 time: 0.0638785
2026-07-02 06:22:11.309 9 INFO neutron.wsgi [req-9d486159-cc2e-4ad9-a61d-35dff66f33d3 req-b5933251-c68b-4423-a631-6e1ea9a9e35c 50be945b60ac4a31b879962372c0e69c d66cf89f4ffb4347a455629c108c3058 - - default default] 199.204.45.116 "DELETE /v2.0/ports/acc3599f-6053-4f24-9311-19b7ee378554 HTTP/1.1" status: 204 len: 173 time: 1.1344090
2026-07-02 06:22:11.505 9 INFO neutron.db.ovn_revision_numbers_db [None req-74237907-48fc-491d-af49-ad5743afd726 78188d99e62d44e2b8ae66e38b408181 8377b9fcf4d44ddeb74a69858d83ab68 - - default default] Successfully bumped revision number for resource 22c41205-9ce2-4e1a-b139-32b3c02b836c (type: ports) to 2
2026-07-02 06:22:11.540 9 INFO neutron.db.ovn_revision_numbers_db [None req-74237907-48fc-491d-af49-ad5743afd726 78188d99e62d44e2b8ae66e38b408181 8377b9fcf4d44ddeb74a69858d83ab68 - - default default] Successfully bumped revision number for resource 2f4be274-b993-48cd-b8a3-5a456da2d22c (type: subnets) to 0
2026-07-02 06:22:11.556 9 INFO neutron.wsgi [None req-74237907-48fc-491d-af49-ad5743afd726 78188d99e62d44e2b8ae66e38b408181 8377b9fcf4d44ddeb74a69858d83ab68 - - default default] 10.0.0.113 "POST /v2.0/subnets HTTP/1.1" status: 201 len: 822 time: 1.4170868 /var/lib/openstack/lib/python3.10/site-packages/pycadf/identifier.py:71: UserWarning: Invalid uuid: neutron. To ensure interoperability, identifiers should be a valid uuid. warnings.warn(('Invalid uuid: %s. To ensure interoperability, '
2026-07-02 06:22:11.574 10 WARNING neutron.api.v2.base [None req-00210584-286a-42e0-9ff5-88dd823e3c5a 78188d99e62d44e2b8ae66e38b408181 8377b9fcf4d44ddeb74a69858d83ab68 - - default default] An exception happened while processing the request body. The exception message is [Invalid input for target_tenant. Reason: '1234123412341234123412341234123412341234123412341234123412341234123412341234123412341234123412341234123412341234123412341234123412341234123412341234123412341234123412341234123412341234123412341234123412341234123412341234123412341234123412341234123412341234123412341234123412341234123412341234123412341234123412341234123412341234123412341234123412341234123412341234123412341234123412341234123412341234' exceeds maximum length of 255.].: webob.exc.HTTPBadRequest: Invalid input for target_tenant. Reason: '1234123412341234123412341234123412341234123412341234123412341234123412341234123412341234123412341234123412341234123412341234123412341234123412341234123412341234123412341234123412341234123412341234123412341234123412341234123412341234123412341234123412341234123412341234123412341234123412341234123412341234123412341234123412341234123412341234123412341234123412341234123412341234123412341234123412341234' exceeds maximum length of 255.
2026-07-02 06:22:11.575 10 INFO neutron.api.v2.resource [None req-00210584-286a-42e0-9ff5-88dd823e3c5a 78188d99e62d44e2b8ae66e38b408181 8377b9fcf4d44ddeb74a69858d83ab68 - - default default] create failed (client error): Invalid input for target_tenant. Reason: '1234123412341234123412341234123412341234123412341234123412341234123412341234123412341234123412341234123412341234123412341234123412341234123412341234123412341234123412341234123412341234123412341234123412341234123412341234123412341234123412341234123412341234123412341234123412341234123412341234123412341234123412341234123412341234123412341234123412341234123412341234123412341234123412341234123412341234' exceeds maximum length of 255.
2026-07-02 06:22:11.576 10 INFO neutron.wsgi [None req-00210584-286a-42e0-9ff5-88dd823e3c5a 78188d99e62d44e2b8ae66e38b408181 8377b9fcf4d44ddeb74a69858d83ab68 - - default default] 10.0.0.113 "POST /v2.0/rbac-policies HTTP/1.1" status: 400 len: 750 time: 0.0130501
2026-07-02 06:22:12.226 10 INFO neutron.services.segments.plugin [-] Segment fe343b7d-d971-4e52-b05b-8a9b610e2626 resource provider aggregate not found
2026-07-02 06:22:12.242 10 INFO neutron.services.segments.plugin [-] Segment fe343b7d-d971-4e52-b05b-8a9b610e2626 resource provider aggregate not found
2026-07-02 06:22:12.268 10 INFO neutron.services.segments.plugin [-] Segment fe343b7d-d971-4e52-b05b-8a9b610e2626 resource provider not found; error: Placement Client Error (4xx): {"errors": [{"status": 404, "title": "Not Found", "detail": "The resource could not be found.\n\n No resource provider with uuid fe343b7d-d971-4e52-b05b-8a9b610e2626 found for delete ", "request_id": "req-a164be53-fc1b-4a36-8aa6-7970a455aefe"}]}
2026-07-02 06:22:12.272 10 INFO neutron.services.segments.plugin [-] Segment fe343b7d-d971-4e52-b05b-8a9b610e2626 resource provider not found; error: Placement Client Error (4xx): {"errors": [{"status": 404, "title": "Not Found", "detail": "The resource could not be found.\n\n No resource provider with uuid fe343b7d-d971-4e52-b05b-8a9b610e2626 found for delete ", "request_id": "req-4ad9a05b-bb79-4183-a841-8d2b23cc128a"}]}
2026-07-02 06:22:12.326 10 INFO neutron.wsgi [None req-9964a213-f998-40a5-8fa2-7f92dc0d9d6d 78188d99e62d44e2b8ae66e38b408181 8377b9fcf4d44ddeb74a69858d83ab68 - - default default] 10.0.0.113 "DELETE /v2.0/networks/c41e7a63-e30c-45e0-8162-09ec35d1f899 HTTP/1.1" status: 204 len: 168 time: 0.7426219
2026-07-02 06:22:12.431 9 INFO neutron.db.segments_db [None req-4add564e-c92d-43c8-bdd5-d3b1d6d7307c 78188d99e62d44e2b8ae66e38b408181 8377b9fcf4d44ddeb74a69858d83ab68 - - default default] Added segment 3c719c4e-6448-474f-8d66-84674e80e3a4 of type geneve for network 610abaee-bb8c-48c7-b84f-c8b05932f8ec
2026-07-02 06:22:12.455 10 INFO neutron.wsgi [None req-3e5dda44-4a1f-4d0a-bdf9-116dba9061e0 50be945b60ac4a31b879962372c0e69c d66cf89f4ffb4347a455629c108c3058 - - default default] 10.0.0.113 "DELETE /v2.0/security-groups/c12781b4-faa4-47ab-bf58-ff031200dbc1 HTTP/1.1" status: 204 len: 168 time: 0.1778355
2026-07-02 06:22:12.594 9 INFO neutron.db.ovn_revision_numbers_db [None req-4add564e-c92d-43c8-bdd5-d3b1d6d7307c 78188d99e62d44e2b8ae66e38b408181 8377b9fcf4d44ddeb74a69858d83ab68 - - default default] Successfully bumped revision number for resource 610abaee-bb8c-48c7-b84f-c8b05932f8ec (type: networks) to 1
2026-07-02 06:22:12.802 9 INFO neutron.notifiers.nova [-] Nova event matching ['req-a7358e17-f3f4-4051-8d67-4b40c1205787'] response: {'server_uuid': 'b41d7a50-285c-43fa-a745-031185051891', 'name': 'network-vif-deleted', 'tag': 'acc3599f-6053-4f24-9311-19b7ee378554', 'status': 'completed', 'code': 200}
2026-07-02 06:22:12.809 9 WARNING neutron.scheduler.dhcp_agent_scheduler [None req-4add564e-c92d-43c8-bdd5-d3b1d6d7307c 78188d99e62d44e2b8ae66e38b408181 8377b9fcf4d44ddeb74a69858d83ab68 - - default default] No more DHCP agents
2026-07-02 06:22:12.811 9 WARNING neutron.api.rpc.agentnotifiers.dhcp_rpc_agent_api [None req-4add564e-c92d-43c8-bdd5-d3b1d6d7307c 78188d99e62d44e2b8ae66e38b408181 8377b9fcf4d44ddeb74a69858d83ab68 - - default default] Unable to schedule network 610abaee-bb8c-48c7-b84f-c8b05932f8ec: no agents available; will retry on subsequent port and subnet creation events.
