2026-07-02 06:19:17.703 9 INFO neutron.wsgi [None req-371f52c3-991c-45f2-af7d-984a98fad042 08eaea9dda05478d8a4f325105a88ac4 c26847186ffe49e2abbe620129b16308 - - default default] 10.0.0.113 "POST /v2.0/routers HTTP/1.1" status: 201 len: 691 time: 0.2565081
2026-07-02 06:19:17.706 9 INFO neutron.wsgi [req-5f13fffb-434f-4254-9935-355221b8af69 req-74c88468-ccc7-413a-ad02-6cffb6858df9 4fe50d88ee0d4df2871ff0604ac41094 7f29f076a5d4434f9d44a52bef2874aa - - default default] 10.0.0.239 "GET /v2.0/quotas/7f29f076a5d4434f9d44a52bef2874aa HTTP/1.1" status: 200 len: 386 time: 0.0188806
2026-07-02 06:19:17.753 10 INFO neutron.db.ovn_revision_numbers_db [None req-e4acd098-8ca7-4371-8bbb-24b805cf408a d3134424407941038596824c9c7320a3 d93faf4491d445cbbf501e09880ec993 - - default default] Successfully bumped revision number for resource a00b3c80-be27-4716-81ba-fcafca5b6156 (type: ports) to 1
2026-07-02 06:19:17.791 10 INFO neutron.wsgi [None req-e4acd098-8ca7-4371-8bbb-24b805cf408a d3134424407941038596824c9c7320a3 d93faf4491d445cbbf501e09880ec993 - - default default] 10.0.0.113 "POST /v2.0/networks HTTP/1.1" status: 201 len: 1445 time: 1.9937174
2026-07-02 06:19:17.888 10 INFO neutron.wsgi [None req-ee6fb53d-f2f7-4edf-87bb-f9cd4e70c536 d3134424407941038596824c9c7320a3 d93faf4491d445cbbf501e09880ec993 - - default default] 10.0.0.113 "GET /v2.0/networks HTTP/1.1" status: 200 len: 2051 time: 0.0909190
2026-07-02 06:19:18.015 10 INFO neutron.db.ovn_revision_numbers_db [None req-af033d97-c94f-41ad-aaba-154c1703038c 3354a6d47cf84be7882e8967b3475a76 eb3b14e346ca444782c31b5c3e13e4a3 - - default default] Successfully bumped revision number for resource 8523a283-d64f-45bc-bd8a-98dbc6d380e6 (type: ports) to 2
2026-07-02 06:19:18.068 10 INFO neutron.db.ovn_revision_numbers_db [None req-af033d97-c94f-41ad-aaba-154c1703038c 3354a6d47cf84be7882e8967b3475a76 eb3b14e346ca444782c31b5c3e13e4a3 - - default default] Successfully bumped revision number for resource a144b3dc-5bfa-4137-b217-47a7910b4846 (type: subnets) to 0
2026-07-02 06:19:18.098 10 INFO neutron.wsgi [None req-af033d97-c94f-41ad-aaba-154c1703038c 3354a6d47cf84be7882e8967b3475a76 eb3b14e346ca444782c31b5c3e13e4a3 - - default default] 10.0.0.113 "POST /v2.0/subnets HTTP/1.1" status: 201 len: 801 time: 1.1086204
2026-07-02 06:19:18.113 10 WARNING neutron_lib.context [None req-a4f17b76-a1a0-4a4f-b77e-9676f148dbfc 3354a6d47cf84be7882e8967b3475a76 eb3b14e346ca444782c31b5c3e13e4a3 - - default default] Method 'is_advsvc' is deprecated since 2023.2 release (neutron-lib 3.8.0) and will be removed once support for the old RBAC API policies will be removed from Neutron. Please use method 'is_service_role' instead.
2026-07-02 06:19:18.177 9 INFO neutron.wsgi [req-5f13fffb-434f-4254-9935-355221b8af69 req-3de61b57-3b7f-42c8-8421-d067ef542137 4fe50d88ee0d4df2871ff0604ac41094 7f29f076a5d4434f9d44a52bef2874aa - - default default] 10.0.0.239 "GET /v2.0/ports?tenant_id=7f29f076a5d4434f9d44a52bef2874aa&fields=id HTTP/1.1" status: 200 len: 302 time: 0.4633489
2026-07-02 06:19:18.327 10 INFO neutron.services.segments.plugin [-] Segment ef39f6bc-9b8f-43ae-ad91-7181e17c86d2 resource provider aggregate not found
2026-07-02 06:19:18.344 10 INFO neutron.services.segments.plugin [-] Segment ef39f6bc-9b8f-43ae-ad91-7181e17c86d2 resource provider aggregate not found
2026-07-02 06:19:18.347 9 INFO neutron.wsgi [req-5f13fffb-434f-4254-9935-355221b8af69 req-34351572-1d19-4e11-b2d1-f9e1f530b226 36cb207628f24e0bb91735a54da13e4f 9bbd05abb27045078316e40e7d0fef1e - - d806d7c638f94797abab49074542b48d d806d7c638f94797abab49074542b48d] 10.0.0.239 "GET /v2.0/networks/008895eb-d6b6-40ab-bd41-13e7ffdb6aa1?fields=segments HTTP/1.1" status: 200 len: 212 time: 0.1578968
2026-07-02 06:19:18.363 10 INFO neutron.services.segments.plugin [-] Segment ef39f6bc-9b8f-43ae-ad91-7181e17c86d2 resource provider not found; error: Placement Client Error (4xx): {"errors": [{"status": 404, "title": "Not Found", "detail": "The resource could not be found.\n\n No resource provider with uuid ef39f6bc-9b8f-43ae-ad91-7181e17c86d2 found for delete ", "request_id": "req-d4427aa3-e596-4981-b152-ae3bfdf01c1c"}]}
2026-07-02 06:19:18.366 10 INFO neutron.services.segments.plugin [-] Segment ef39f6bc-9b8f-43ae-ad91-7181e17c86d2 resource provider not found; error: Placement Client Error (4xx): {"errors": [{"status": 404, "title": "Not Found", "detail": "The resource could not be found.\n\n No resource provider with uuid ef39f6bc-9b8f-43ae-ad91-7181e17c86d2 found for delete ", "request_id": "req-ceb9c998-1b3e-4f6e-a352-2e7346f94f2c"}]}
2026-07-02 06:19:18.422 10 INFO neutron.wsgi [None req-e315acf7-6162-4646-bb3c-d4e7cca41cbe d3134424407941038596824c9c7320a3 d93faf4491d445cbbf501e09880ec993 - - default default] 10.0.0.113 "DELETE /v2.0/networks/e7211ad8-7f84-4545-b0d7-859c40059b57 HTTP/1.1" status: 204 len: 168 time: 0.5281248
2026-07-02 06:19:18.483 9 INFO neutron.wsgi [req-5f13fffb-434f-4254-9935-355221b8af69 req-00e47940-7d44-4e01-b6b7-7124802fb0f5 36cb207628f24e0bb91735a54da13e4f 9bbd05abb27045078316e40e7d0fef1e - - d806d7c638f94797abab49074542b48d d806d7c638f94797abab49074542b48d] 10.0.0.239 "GET /v2.0/networks/008895eb-d6b6-40ab-bd41-13e7ffdb6aa1?fields=provider%3Aphysical_network&fields=provider%3Anetwork_type HTTP/1.1" status: 200 len: 277 time: 0.1202140
2026-07-02 06:19:18.607 10 WARNING neutron.scheduler.dhcp_agent_scheduler [None req-a4f17b76-a1a0-4a4f-b77e-9676f148dbfc 3354a6d47cf84be7882e8967b3475a76 eb3b14e346ca444782c31b5c3e13e4a3 - - default default] No more DHCP agents
2026-07-02 06:19:18.612 10 WARNING neutron.api.rpc.agentnotifiers.dhcp_rpc_agent_api [None req-a4f17b76-a1a0-4a4f-b77e-9676f148dbfc 3354a6d47cf84be7882e8967b3475a76 eb3b14e346ca444782c31b5c3e13e4a3 - - default default] Unable to schedule network 3a037014-2934-4241-a6a5-7a2b5fe14d9c: no agents available; will retry on subsequent port and subnet creation events.
2026-07-02 06:19:18.644 9 INFO neutron.wsgi [req-660aa57a-4436-47c6-85e4-3a6219520eee req-4a1ce760-0144-460f-9fed-545aadcacafb 4fe50d88ee0d4df2871ff0604ac41094 7f29f076a5d4434f9d44a52bef2874aa - - default default] 10.0.0.239 "GET /v2.0/ports?device_id=74311eee-5ca0-4132-807e-cf1918fc0564 HTTP/1.1" status: 200 len: 210 time: 0.0349057
2026-07-02 06:19:18.651 9 WARNING neutron.scheduler.dhcp_agent_scheduler [None req-67e9c516-3b29-4410-b924-61d1f15af475 08eaea9dda05478d8a4f325105a88ac4 c26847186ffe49e2abbe620129b16308 - - default default] No more DHCP agents
2026-07-02 06:19:18.653 9 WARNING neutron.api.rpc.agentnotifiers.dhcp_rpc_agent_api [None req-67e9c516-3b29-4410-b924-61d1f15af475 08eaea9dda05478d8a4f325105a88ac4 c26847186ffe49e2abbe620129b16308 - - default default] Unable to schedule network c50c53b0-570c-4fe5-94fc-46b45819ad37: no agents available; will retry on subsequent port and subnet creation events.
2026-07-02 06:19:18.791 9 INFO neutron.db.ovn_revision_numbers_db [None req-67e9c516-3b29-4410-b924-61d1f15af475 08eaea9dda05478d8a4f325105a88ac4 c26847186ffe49e2abbe620129b16308 - - default default] Successfully bumped revision number for resource 19fca5ef-64ef-4324-b4bd-05ebcf3c5362 (type: ports) to 1
2026-07-02 06:19:18.851 10 INFO neutron.db.ovn_revision_numbers_db [None req-a4f17b76-a1a0-4a4f-b77e-9676f148dbfc 3354a6d47cf84be7882e8967b3475a76 eb3b14e346ca444782c31b5c3e13e4a3 - - default default] Successfully bumped revision number for resource 298f889b-8d8f-40d9-b28d-56c88b2b3e98 (type: ports) to 1
2026-07-02 06:19:18.906 10 INFO neutron.wsgi [None req-a4f17b76-a1a0-4a4f-b77e-9676f148dbfc 3354a6d47cf84be7882e8967b3475a76 eb3b14e346ca444782c31b5c3e13e4a3 - - default default] 10.0.0.113 "POST /v2.0/ports HTTP/1.1" status: 201 len: 1110 time: 0.8012736
2026-07-02 06:19:18.969 10 INFO neutron.wsgi [None req-0ab72ba1-76b5-41a9-b642-f04af76caaf3 d3134424407941038596824c9c7320a3 d93faf4491d445cbbf501e09880ec993 - - default default] 10.0.0.113 "DELETE /v2.0/networks/690c7e31-129b-4d2b-bead-f2e07be48470 HTTP/1.1" status: 204 len: 168 time: 0.5377121
2026-07-02 06:19:19.061 10 INFO neutron.wsgi [None req-5ff2fe3f-1c65-4dd9-a76d-a99c54fbb31c d3134424407941038596824c9c7320a3 d93faf4491d445cbbf501e09880ec993 - - default default] 10.0.0.113 "GET /v2.0/networks HTTP/1.1" status: 200 len: 845 time: 0.0839286
2026-07-02 06:19:19.083 10 WARNING neutron_lib.context [None req-c5a9eae9-e847-43a7-92f9-f3c5a75b723f d3134424407941038596824c9c7320a3 d93faf4491d445cbbf501e09880ec993 - - default default] Method 'is_advsvc' is deprecated since 2023.2 release (neutron-lib 3.8.0) and will be removed once support for the old RBAC API policies will be removed from Neutron. Please use method 'is_service_role' instead.
2026-07-02 06:19:19.172 10 INFO neutron.db.segments_db [None req-c5a9eae9-e847-43a7-92f9-f3c5a75b723f d3134424407941038596824c9c7320a3 d93faf4491d445cbbf501e09880ec993 - - default default] Added segment e7d73101-58b5-4fdd-9b47-5775de5f7e2c of type geneve for network 2cf87584-1dcb-4fa4-be6a-5d42f1b5e185
2026-07-02 06:19:19.240 9 INFO neutron.plugins.ml2.drivers.ovn.mech_driver.mech_driver [None req-474cecf2-bd82-41f3-916e-ad8bc4a73b8f - - - - - -] OVN reports status up for port: 19fca5ef-64ef-4324-b4bd-05ebcf3c5362
2026-07-02 06:19:19.266 9 INFO neutron.plugins.ml2.plugin [None req-474cecf2-bd82-41f3-916e-ad8bc4a73b8f - - - - - -] Attempt 1 to provision port 19fca5ef-64ef-4324-b4bd-05ebcf3c5362
2026-07-02 06:19:19.315 9 INFO neutron.db.ovn_revision_numbers_db [None req-67e9c516-3b29-4410-b924-61d1f15af475 08eaea9dda05478d8a4f325105a88ac4 c26847186ffe49e2abbe620129b16308 - - default default] Successfully bumped revision number for resource 19fca5ef-64ef-4324-b4bd-05ebcf3c5362 (type: router_ports) to 1
2026-07-02 06:19:19.356 10 INFO neutron.db.ovn_revision_numbers_db [None req-c5a9eae9-e847-43a7-92f9-f3c5a75b723f d3134424407941038596824c9c7320a3 d93faf4491d445cbbf501e09880ec993 - - default default] Successfully bumped revision number for resource 2cf87584-1dcb-4fa4-be6a-5d42f1b5e185 (type: networks) to 1
2026-07-02 06:19:19.450 9 INFO neutron.wsgi [req-5f13fffb-434f-4254-9935-355221b8af69 req-7f254f78-d210-480c-965b-ec7d534dee92 4fe50d88ee0d4df2871ff0604ac41094 7f29f076a5d4434f9d44a52bef2874aa - - default default] 199.204.45.116 "GET /v2.0/networks?id=008895eb-d6b6-40ab-bd41-13e7ffdb6aa1 HTTP/1.1" status: 200 len: 875 time: 0.1604500
2026-07-02 06:19:19.460 9 INFO neutron.wsgi [None req-c9a3b698-54d5-4be0-ad90-b33f65095d85 3354a6d47cf84be7882e8967b3475a76 eb3b14e346ca444782c31b5c3e13e4a3 - - default default] 10.0.0.113 "DELETE /v2.0/ports/298f889b-8d8f-40d9-b28d-56c88b2b3e98 HTTP/1.1" status: 204 len: 168 time: 0.5479205
2026-07-02 06:19:19.493 10 INFO neutron.pecan_wsgi.hooks.translation [None req-b718b8ce-bee8-480a-a828-ffbdb4bd6fa5 3354a6d47cf84be7882e8967b3475a76 eb3b14e346ca444782c31b5c3e13e4a3 - - default default] GET failed (client error): The resource could not be found.
2026-07-02 06:19:19.495 10 INFO neutron.wsgi [None req-b718b8ce-bee8-480a-a828-ffbdb4bd6fa5 3354a6d47cf84be7882e8967b3475a76 eb3b14e346ca444782c31b5c3e13e4a3 - - default default] 10.0.0.113 "GET /v2.0/ports/298f889b-8d8f-40d9-b28d-56c88b2b3e98 HTTP/1.1" status: 404 len: 333 time: 0.0233059
2026-07-02 06:19:19.527 9 INFO neutron.db.ovn_revision_numbers_db [None req-67e9c516-3b29-4410-b924-61d1f15af475 08eaea9dda05478d8a4f325105a88ac4 c26847186ffe49e2abbe620129b16308 - - default default] Successfully bumped revision number for resource 19fca5ef-64ef-4324-b4bd-05ebcf3c5362 (type: ports) to 1
2026-07-02 06:19:19.537 9 INFO neutron.wsgi [req-5f13fffb-434f-4254-9935-355221b8af69 req-2dac79c1-89cd-4bbc-856b-2ef7ed6ab518 4fe50d88ee0d4df2871ff0604ac41094 7f29f076a5d4434f9d44a52bef2874aa - - default default] 199.204.45.116 "GET /v2.0/security-groups?fields=id&fields=name&tenant_id=7f29f076a5d4434f9d44a52bef2874aa HTTP/1.1" status: 200 len: 380 time: 0.0744693
2026-07-02 06:19:19.558 9 WARNING neutron_lib.context [req-5f13fffb-434f-4254-9935-355221b8af69 req-bc1f3fc8-2add-481f-80ac-aaed6a17d3c8 4fe50d88ee0d4df2871ff0604ac41094 7f29f076a5d4434f9d44a52bef2874aa - - default default] Method 'is_advsvc' is deprecated since 2023.2 release (neutron-lib 3.8.0) and will be removed once support for the old RBAC API policies will be removed from Neutron. Please use method 'is_service_role' instead.
2026-07-02 06:19:19.568 10 WARNING neutron.scheduler.dhcp_agent_scheduler [None req-c5a9eae9-e847-43a7-92f9-f3c5a75b723f d3134424407941038596824c9c7320a3 d93faf4491d445cbbf501e09880ec993 - - default default] No more DHCP agents
2026-07-02 06:19:19.570 10 WARNING neutron.api.rpc.agentnotifiers.dhcp_rpc_agent_api [None req-c5a9eae9-e847-43a7-92f9-f3c5a75b723f d3134424407941038596824c9c7320a3 d93faf4491d445cbbf501e09880ec993 - - default default] Unable to schedule network 2cf87584-1dcb-4fa4-be6a-5d42f1b5e185: no agents available; will retry on subsequent port and subnet creation events.
2026-07-02 06:19:19.677 10 INFO neutron.db.ovn_revision_numbers_db [None req-c5a9eae9-e847-43a7-92f9-f3c5a75b723f d3134424407941038596824c9c7320a3 d93faf4491d445cbbf501e09880ec993 - - default default] Successfully bumped revision number for resource 4f3e19c1-285c-4631-bbad-ff5449759311 (type: ports) to 1
2026-07-02 06:19:19.692 9 WARNING neutron.scheduler.dhcp_agent_scheduler [None req-67e9c516-3b29-4410-b924-61d1f15af475 08eaea9dda05478d8a4f325105a88ac4 c26847186ffe49e2abbe620129b16308 - - default default] No more DHCP agents
2026-07-02 06:19:19.696 9 WARNING neutron.api.rpc.agentnotifiers.dhcp_rpc_agent_api [None req-67e9c516-3b29-4410-b924-61d1f15af475 08eaea9dda05478d8a4f325105a88ac4 c26847186ffe49e2abbe620129b16308 - - default default] Unable to schedule network c50c53b0-570c-4fe5-94fc-46b45819ad37: no agents available; will retry on subsequent port and subnet creation events.
2026-07-02 06:19:19.708 10 INFO neutron.wsgi [None req-c5a9eae9-e847-43a7-92f9-f3c5a75b723f d3134424407941038596824c9c7320a3 d93faf4491d445cbbf501e09880ec993 - - default default] 10.0.0.113 "POST /v2.0/networks HTTP/1.1" status: 201 len: 849 time: 0.6332836
2026-07-02 06:19:19.719 10 WARNING neutron_lib.context [None req-d7dcf1e0-4db6-441d-9d99-f4cf97c88371 d3134424407941038596824c9c7320a3 d93faf4491d445cbbf501e09880ec993 - - default default] Method 'is_advsvc' is deprecated since 2023.2 release (neutron-lib 3.8.0) and will be removed once support for the old RBAC API policies will be removed from Neutron. Please use method 'is_service_role' instead.
2026-07-02 06:19:19.754 10 INFO neutron.wsgi [None req-d158edc0-a292-4c89-8b9d-771264164f1b 3354a6d47cf84be7882e8967b3475a76 eb3b14e346ca444782c31b5c3e13e4a3 - - default default] 10.0.0.113 "DELETE /v2.0/subnets/a144b3dc-5bfa-4137-b217-47a7910b4846 HTTP/1.1" status: 204 len: 168 time: 0.2538457
2026-07-02 06:19:19.825 10 INFO neutron.db.segments_db [None req-d7dcf1e0-4db6-441d-9d99-f4cf97c88371 d3134424407941038596824c9c7320a3 d93faf4491d445cbbf501e09880ec993 - - default default] Added segment cd0fe864-1d90-4086-a519-5ba3aac58597 of type geneve for network ac161cb6-92f3-4f4a-a526-12cf47359914
2026-07-02 06:19:20.022 9 INFO neutron.wsgi [req-dba6465a-767d-473f-b8d8-81cdca40e8cb req-1a88ef86-8eb8-4123-854d-3e3a6d7f4820 4fe50d88ee0d4df2871ff0604ac41094 7f29f076a5d4434f9d44a52bef2874aa - - default default] 10.0.0.239 "GET /v2.0/ports?device_id=74311eee-5ca0-4132-807e-cf1918fc0564 HTTP/1.1" status: 200 len: 210 time: 0.2886212
2026-07-02 06:19:20.023 10 INFO neutron.db.ovn_revision_numbers_db [None req-d7dcf1e0-4db6-441d-9d99-f4cf97c88371 d3134424407941038596824c9c7320a3 d93faf4491d445cbbf501e09880ec993 - - default default] Successfully bumped revision number for resource ac161cb6-92f3-4f4a-a526-12cf47359914 (type: networks) to 1
2026-07-02 06:19:20.065 9 INFO neutron.wsgi [-] 10.0.0.111 "GET / HTTP/1.1" status: 200 len: 246 time: 0.0013561
2026-07-02 06:19:20.067 9 INFO neutron.wsgi [-] 10.0.0.111 "GET / HTTP/1.1" status: 200 len: 246 time: 0.0009272
2026-07-02 06:19:20.131 9 INFO neutron.db.ovn_revision_numbers_db [None req-474cecf2-bd82-41f3-916e-ad8bc4a73b8f - - - - - -] Successfully bumped revision number for resource 19fca5ef-64ef-4324-b4bd-05ebcf3c5362 (type: ports) to 2
2026-07-02 06:19:20.246 9 INFO neutron.db.ovn_revision_numbers_db [None req-67e9c516-3b29-4410-b924-61d1f15af475 08eaea9dda05478d8a4f325105a88ac4 c26847186ffe49e2abbe620129b16308 - - default default] Successfully bumped revision number for resource 19fca5ef-64ef-4324-b4bd-05ebcf3c5362 (type: router_ports) to 2
2026-07-02 06:19:20.249 9 INFO neutron.wsgi [None req-67e9c516-3b29-4410-b924-61d1f15af475 08eaea9dda05478d8a4f325105a88ac4 c26847186ffe49e2abbe620129b16308 - - default default] 10.0.0.113 "PUT /v2.0/routers/e4c7cc8e-93e4-4636-858d-4f7a34b57d90/add_router_interface HTTP/1.1" status: 200 len: 503 time: 2.5400093
2026-07-02 06:19:20.375 9 WARNING neutron.scheduler.dhcp_agent_scheduler [req-5f13fffb-434f-4254-9935-355221b8af69 req-bc1f3fc8-2add-481f-80ac-aaed6a17d3c8 4fe50d88ee0d4df2871ff0604ac41094 7f29f076a5d4434f9d44a52bef2874aa - - default default] No more DHCP agents
2026-07-02 06:19:20.376 9 WARNING neutron.api.rpc.agentnotifiers.dhcp_rpc_agent_api [req-5f13fffb-434f-4254-9935-355221b8af69 req-bc1f3fc8-2add-481f-80ac-aaed6a17d3c8 4fe50d88ee0d4df2871ff0604ac41094 7f29f076a5d4434f9d44a52bef2874aa - - default default] Unable to schedule network 008895eb-d6b6-40ab-bd41-13e7ffdb6aa1: no agents available; will retry on subsequent port and subnet creation events.
2026-07-02 06:19:20.546 9 INFO neutron.db.ovn_revision_numbers_db [req-5f13fffb-434f-4254-9935-355221b8af69 req-bc1f3fc8-2add-481f-80ac-aaed6a17d3c8 4fe50d88ee0d4df2871ff0604ac41094 7f29f076a5d4434f9d44a52bef2874aa - - default default] Successfully bumped revision number for resource e9f64023-276b-46be-bd81-17357e9314c8 (type: ports) to 1
2026-07-02 06:19:20.575 9 INFO neutron.wsgi [req-5f13fffb-434f-4254-9935-355221b8af69 req-bc1f3fc8-2add-481f-80ac-aaed6a17d3c8 4fe50d88ee0d4df2871ff0604ac41094 7f29f076a5d4434f9d44a52bef2874aa - - default default] 199.204.45.116 "POST /v2.0/ports HTTP/1.1" status: 201 len: 1162 time: 1.0233841 /var/lib/openstack/lib/python3.10/site-packages/pycadf/identifier.py:71: UserWarning: Invalid uuid: neutron. To ensure interoperability, identifiers should be a valid uuid. warnings.warn(('Invalid uuid: %s. To ensure interoperability, '
2026-07-02 06:19:20.627 10 WARNING neutron.scheduler.dhcp_agent_scheduler [None req-d7dcf1e0-4db6-441d-9d99-f4cf97c88371 d3134424407941038596824c9c7320a3 d93faf4491d445cbbf501e09880ec993 - - default default] No more DHCP agents
2026-07-02 06:19:20.635 10 INFO neutron.services.segments.plugin [-] Segment 616ef302-118b-4845-b7d0-6996905c7d2a resource provider aggregate not found
2026-07-02 06:19:20.640 10 WARNING neutron.api.rpc.agentnotifiers.dhcp_rpc_agent_api [None req-d7dcf1e0-4db6-441d-9d99-f4cf97c88371 d3134424407941038596824c9c7320a3 d93faf4491d445cbbf501e09880ec993 - - default default] Unable to schedule network ac161cb6-92f3-4f4a-a526-12cf47359914: no agents available; will retry on subsequent port and subnet creation events.
2026-07-02 06:19:20.643 10 INFO neutron.services.segments.plugin [-] Segment 616ef302-118b-4845-b7d0-6996905c7d2a resource provider aggregate not found
2026-07-02 06:19:20.665 10 INFO neutron.services.segments.plugin [-] Segment 616ef302-118b-4845-b7d0-6996905c7d2a resource provider not found; error: Placement Client Error (4xx): {"errors": [{"status": 404, "title": "Not Found", "detail": "The resource could not be found.\n\n No resource provider with uuid 616ef302-118b-4845-b7d0-6996905c7d2a found for delete ", "request_id": "req-8081c240-81a9-4d7b-88a2-9e5dee58fc36"}]}
2026-07-02 06:19:20.669 10 INFO neutron.services.segments.plugin [-] Segment 616ef302-118b-4845-b7d0-6996905c7d2a resource provider not found; error: Placement Client Error (4xx): {"errors": [{"status": 404, "title": "Not Found", "detail": "The resource could not be found.\n\n No resource provider with uuid 616ef302-118b-4845-b7d0-6996905c7d2a found for delete ", "request_id": "req-4e70eb94-97d4-435e-9865-3581e943c48a"}]}
2026-07-02 06:19:20.698 10 INFO neutron.services.segments.plugin [-] Segment 284ffddd-0aeb-4dbd-9dd1-d34e97f97906 resource provider aggregate not found
2026-07-02 06:19:20.703 10 INFO neutron.services.segments.plugin [-] Segment 284ffddd-0aeb-4dbd-9dd1-d34e97f97906 resource provider aggregate not found
2026-07-02 06:19:20.718 10 INFO neutron.services.segments.plugin [-] Segment 284ffddd-0aeb-4dbd-9dd1-d34e97f97906 resource provider not found; error: Placement Client Error (4xx): {"errors": [{"status": 404, "title": "Not Found", "detail": "The resource could not be found.\n\n No resource provider with uuid 284ffddd-0aeb-4dbd-9dd1-d34e97f97906 found for delete ", "request_id": "req-f5ccda4f-03f2-4732-93b5-343f4ca64a79"}]}
2026-07-02 06:19:20.721 10 INFO neutron.wsgi [None req-f671b923-94c4-4153-8c4e-eabc4502607f 3354a6d47cf84be7882e8967b3475a76 eb3b14e346ca444782c31b5c3e13e4a3 - - default default] 10.0.0.113 "DELETE /v2.0/networks/3a037014-2934-4241-a6a5-7a2b5fe14d9c HTTP/1.1" status: 204 len: 168 time: 0.9570556
2026-07-02 06:19:20.731 10 INFO neutron.services.segments.plugin [-] Segment 284ffddd-0aeb-4dbd-9dd1-d34e97f97906 resource provider not found; error: Placement Client Error (4xx): {"errors": [{"status": 404, "title": "Not Found", "detail": "The resource could not be found.\n\n No resource provider with uuid 284ffddd-0aeb-4dbd-9dd1-d34e97f97906 found for delete ", "request_id": "req-4e6d72ec-9f46-4671-b284-35152616f298"}]}
2026-07-02 06:19:20.735 9 WARNING neutron_lib.context [None req-4f3e8c02-27ae-465c-8c41-452388141f0e 3354a6d47cf84be7882e8967b3475a76 eb3b14e346ca444782c31b5c3e13e4a3 - - default default] Method 'is_advsvc' is deprecated since 2023.2 release (neutron-lib 3.8.0) and will be removed once support for the old RBAC API policies will be removed from Neutron. Please use method 'is_service_role' instead.
2026-07-02 06:19:20.795 10 INFO neutron.wsgi [None req-0b7ed0df-cb58-45c0-8e78-efa79e66e676 08eaea9dda05478d8a4f325105a88ac4 c26847186ffe49e2abbe620129b16308 - - default default] 10.0.0.113 "GET /v2.0/ports/19fca5ef-64ef-4324-b4bd-05ebcf3c5362 HTTP/1.1" status: 200 len: 1141 time: 0.5285664
2026-07-02 06:19:20.826 10 INFO neutron.db.ovn_revision_numbers_db [None req-d7dcf1e0-4db6-441d-9d99-f4cf97c88371 d3134424407941038596824c9c7320a3 d93faf4491d445cbbf501e09880ec993 - - default default] Successfully bumped revision number for resource 5684c1f3-fb62-425f-8866-686d3363bae2 (type: ports) to 1
2026-07-02 06:19:20.838 10 INFO neutron.wsgi [None req-a081249e-db03-406e-9af4-406faaf1d144 08eaea9dda05478d8a4f325105a88ac4 c26847186ffe49e2abbe620129b16308 - - default default] 10.0.0.113 "GET /v2.0/ports/19fca5ef-64ef-4324-b4bd-05ebcf3c5362 HTTP/1.1" status: 200 len: 1141 time: 0.0361145
2026-07-02 06:19:20.884 10 INFO neutron.wsgi [None req-d7dcf1e0-4db6-441d-9d99-f4cf97c88371 d3134424407941038596824c9c7320a3 d93faf4491d445cbbf501e09880ec993 - - default default] 10.0.0.113 "POST /v2.0/networks HTTP/1.1" status: 201 len: 847 time: 1.1701951
2026-07-02 06:19:20.905 10 WARNING neutron_lib.context [None req-3cc08393-c412-49a1-a7dd-08f6416ca0b5 d3134424407941038596824c9c7320a3 d93faf4491d445cbbf501e09880ec993 - - default default] Method 'is_advsvc' is deprecated since 2023.2 release (neutron-lib 3.8.0) and will be removed once support for the old RBAC API policies will be removed from Neutron. Please use method 'is_service_role' instead.
2026-07-02 06:19:20.909 10 WARNING neutron.plugins.ml2.drivers.ovn.mech_driver.ovsdb.ovn_client [None req-f958670b-66e1-475f-b8d2-1c6e6d4a10aa - - - - - -] No hosting information found for port be04e97a-2b5d-4fa8-8ad3-a430d5999553: RuntimeError: No hosting information found for port be04e97a-2b5d-4fa8-8ad3-a430d5999553
2026-07-02 06:19:20.955 10 WARNING neutron_lib.context [None req-3cc08393-c412-49a1-a7dd-08f6416ca0b5 d3134424407941038596824c9c7320a3 d93faf4491d445cbbf501e09880ec993 - - default default] Method 'is_advsvc' is deprecated since 2023.2 release (neutron-lib 3.8.0) and will be removed once support for the old RBAC API policies will be removed from Neutron. Please use method 'is_service_role' instead.
2026-07-02 06:19:21.053 9 WARNING neutron.scheduler.dhcp_agent_scheduler [None req-4f3e8c02-27ae-465c-8c41-452388141f0e 3354a6d47cf84be7882e8967b3475a76 eb3b14e346ca444782c31b5c3e13e4a3 - - default default] No more DHCP agents
2026-07-02 06:19:21.057 9 WARNING neutron.api.rpc.agentnotifiers.dhcp_rpc_agent_api [None req-4f3e8c02-27ae-465c-8c41-452388141f0e 3354a6d47cf84be7882e8967b3475a76 eb3b14e346ca444782c31b5c3e13e4a3 - - default default] Unable to schedule network f76c8109-33ca-47aa-b003-181a0e23d807: no agents available; will retry on subsequent port and subnet creation events. /var/lib/openstack/lib/python3.10/site-packages/pycadf/identifier.py:71: UserWarning: Invalid uuid: neutron. To ensure interoperability, identifiers should be a valid uuid. warnings.warn(('Invalid uuid: %s. To ensure interoperability, '
2026-07-02 06:19:21.148 9 INFO neutron.wsgi [req-d104f643-5856-413c-a188-27e3523b1ec9 req-dc3debd2-b5cd-480c-b33a-2c7df80ff7c4 4fe50d88ee0d4df2871ff0604ac41094 7f29f076a5d4434f9d44a52bef2874aa - - default default] 10.0.0.239 "GET /v2.0/ports?device_id=74311eee-5ca0-4132-807e-cf1918fc0564 HTTP/1.1" status: 200 len: 1172 time: 0.0554056
2026-07-02 06:19:21.165 9 INFO neutron.db.ovn_revision_numbers_db [req-5f13fffb-434f-4254-9935-355221b8af69 req-da0272e1-ef7d-4b64-a44f-526ea8dbd2b2 36cb207628f24e0bb91735a54da13e4f 9bbd05abb27045078316e40e7d0fef1e - - d806d7c638f94797abab49074542b48d d806d7c638f94797abab49074542b48d] Successfully bumped revision number for resource e9f64023-276b-46be-bd81-17357e9314c8 (type: ports) to 2
2026-07-02 06:19:21.194 9 INFO neutron.db.ovn_revision_numbers_db [None req-4f3e8c02-27ae-465c-8c41-452388141f0e 3354a6d47cf84be7882e8967b3475a76 eb3b14e346ca444782c31b5c3e13e4a3 - - default default] Successfully bumped revision number for resource 8641cf77-f0b0-483c-b437-a5e9966446f8 (type: ports) to 1
2026-07-02 06:19:21.213 9 INFO neutron.wsgi [req-d104f643-5856-413c-a188-27e3523b1ec9 req-0a1feed0-a571-46db-9b8c-acde6165903d 4fe50d88ee0d4df2871ff0604ac41094 7f29f076a5d4434f9d44a52bef2874aa - - default default] 10.0.0.239 "GET /v2.0/security-groups?id=83cf7436-53dc-4e7c-8dd4-1a6869ada258&fields=id&fields=name HTTP/1.1" status: 200 len: 313 time: 0.0542846
2026-07-02 06:19:21.238 9 INFO neutron.wsgi [None req-4f3e8c02-27ae-465c-8c41-452388141f0e 3354a6d47cf84be7882e8967b3475a76 eb3b14e346ca444782c31b5c3e13e4a3 - - default default] 10.0.0.113 "POST /v2.0/ports HTTP/1.1" status: 201 len: 973 time: 0.5089309
2026-07-02 06:19:21.405 9 INFO neutron.db.ovn_revision_numbers_db [req-5f13fffb-434f-4254-9935-355221b8af69 req-da0272e1-ef7d-4b64-a44f-526ea8dbd2b2 36cb207628f24e0bb91735a54da13e4f 9bbd05abb27045078316e40e7d0fef1e - - d806d7c638f94797abab49074542b48d d806d7c638f94797abab49074542b48d] Successfully bumped revision number for resource e9f64023-276b-46be-bd81-17357e9314c8 (type: ports) to 2
2026-07-02 06:19:21.425 9 INFO neutron.wsgi [req-5f13fffb-434f-4254-9935-355221b8af69 req-da0272e1-ef7d-4b64-a44f-526ea8dbd2b2 36cb207628f24e0bb91735a54da13e4f 9bbd05abb27045078316e40e7d0fef1e - - d806d7c638f94797abab49074542b48d d806d7c638f94797abab49074542b48d] 199.204.45.116 "PUT /v2.0/ports/e9f64023-276b-46be-bd81-17357e9314c8 HTTP/1.1" status: 200 len: 1380 time: 0.8407273
2026-07-02 06:19:21.463 9 INFO neutron.notifiers.nova [-] Nova event matching ['req-38d271f6-b2b3-4d46-bc50-baac6977e1b1'] response: {'name': 'network-changed', 'server_uuid': '74311eee-5ca0-4132-807e-cf1918fc0564', 'tag': 'e9f64023-276b-46be-bd81-17357e9314c8', 'status': 'completed', 'code': 200} /var/lib/openstack/lib/python3.10/site-packages/pycadf/identifier.py:71: UserWarning: Invalid uuid: neutron. To ensure interoperability, identifiers should be a valid uuid. warnings.warn(('Invalid uuid: %s. To ensure interoperability, '
2026-07-02 06:19:21.511 9 INFO neutron.wsgi [req-5f13fffb-434f-4254-9935-355221b8af69 req-e7fdeb99-a8c7-48f2-95ff-3e42c7a1c7e2 36cb207628f24e0bb91735a54da13e4f 9bbd05abb27045078316e40e7d0fef1e - - d806d7c638f94797abab49074542b48d d806d7c638f94797abab49074542b48d] 199.204.45.116 "GET /v2.0/ports?tenant_id=7f29f076a5d4434f9d44a52bef2874aa&device_id=74311eee-5ca0-4132-807e-cf1918fc0564 HTTP/1.1" status: 200 len: 1411 time: 0.0433254
2026-07-02 06:19:21.556 9 INFO neutron.wsgi [req-5f13fffb-434f-4254-9935-355221b8af69 req-218f71d4-2b78-48db-8ea8-fe8e4f5c9fff 36cb207628f24e0bb91735a54da13e4f 9bbd05abb27045078316e40e7d0fef1e - - d806d7c638f94797abab49074542b48d d806d7c638f94797abab49074542b48d] 199.204.45.116 "GET /v2.0/floatingips?fixed_ip_address=10.100.0.14&port_id=e9f64023-276b-46be-bd81-17357e9314c8 HTTP/1.1" status: 200 len: 217 time: 0.0337164
2026-07-02 06:19:21.598 9 INFO neutron.wsgi [req-5f13fffb-434f-4254-9935-355221b8af69 req-31a4863f-6716-4203-8355-3e02e40441b8 36cb207628f24e0bb91735a54da13e4f 9bbd05abb27045078316e40e7d0fef1e - - d806d7c638f94797abab49074542b48d d806d7c638f94797abab49074542b48d] 199.204.45.116 "GET /v2.0/subnets?id=8d4e7c87-a183-4381-801d-8b9e097fc337 HTTP/1.1" status: 200 len: 869 time: 0.0336311
2026-07-02 06:19:21.627 9 INFO neutron.wsgi [req-5f13fffb-434f-4254-9935-355221b8af69 req-204a21ae-e972-44f9-a6e1-9e5df24d2a1a 36cb207628f24e0bb91735a54da13e4f 9bbd05abb27045078316e40e7d0fef1e - - d806d7c638f94797abab49074542b48d d806d7c638f94797abab49074542b48d] 199.204.45.116 "GET /v2.0/ports?network_id=008895eb-d6b6-40ab-bd41-13e7ffdb6aa1&device_owner=network%3Adhcp HTTP/1.1" status: 200 len: 210 time: 0.0216925
2026-07-02 06:19:21.695 9 INFO neutron.wsgi [req-5f13fffb-434f-4254-9935-355221b8af69 req-0fb5dc27-dd7e-4b61-b180-e6c670d02735 36cb207628f24e0bb91735a54da13e4f 9bbd05abb27045078316e40e7d0fef1e - - d806d7c638f94797abab49074542b48d d806d7c638f94797abab49074542b48d] 199.204.45.116 "GET /v2.0/networks/008895eb-d6b6-40ab-bd41-13e7ffdb6aa1?fields=segments HTTP/1.1" status: 200 len: 212 time: 0.0621665
2026-07-02 06:19:21.700 10 INFO neutron.db.ovn_revision_numbers_db [None req-a54dc0a5-377d-4b38-bfe8-7cd0dd2a6598 3354a6d47cf84be7882e8967b3475a76 eb3b14e346ca444782c31b5c3e13e4a3 - - default default] Successfully bumped revision number for resource 8641cf77-f0b0-483c-b437-a5e9966446f8 (type: ports) to 2
2026-07-02 06:19:21.722 10 WARNING neutron.scheduler.dhcp_agent_scheduler [None req-3cc08393-c412-49a1-a7dd-08f6416ca0b5 d3134424407941038596824c9c7320a3 d93faf4491d445cbbf501e09880ec993 - - default default] No more DHCP agents
2026-07-02 06:19:21.727 10 WARNING neutron.api.rpc.agentnotifiers.dhcp_rpc_agent_api [None req-3cc08393-c412-49a1-a7dd-08f6416ca0b5 d3134424407941038596824c9c7320a3 d93faf4491d445cbbf501e09880ec993 - - default default] Unable to schedule network 2cf87584-1dcb-4fa4-be6a-5d42f1b5e185: no agents available; will retry on subsequent port and subnet creation events.
2026-07-02 06:19:21.735 10 INFO neutron.wsgi [None req-a54dc0a5-377d-4b38-bfe8-7cd0dd2a6598 3354a6d47cf84be7882e8967b3475a76 eb3b14e346ca444782c31b5c3e13e4a3 - - default default] 10.0.0.113 "PUT /v2.0/ports/8641cf77-f0b0-483c-b437-a5e9966446f8 HTTP/1.1" status: 200 len: 946 time: 0.4897196 /var/lib/openstack/lib/python3.10/site-packages/pycadf/identifier.py:71: UserWarning: Invalid uuid: neutron. To ensure interoperability, identifiers should be a valid uuid. warnings.warn(('Invalid uuid: %s. To ensure interoperability, '
2026-07-02 06:19:21.782 9 INFO neutron.wsgi [req-5f13fffb-434f-4254-9935-355221b8af69 req-d9005b08-46af-4168-b515-de056ec247e9 36cb207628f24e0bb91735a54da13e4f 9bbd05abb27045078316e40e7d0fef1e - - d806d7c638f94797abab49074542b48d d806d7c638f94797abab49074542b48d] 199.204.45.116 "GET /v2.0/networks/008895eb-d6b6-40ab-bd41-13e7ffdb6aa1?fields=provider%3Aphysical_network&fields=provider%3Anetwork_type HTTP/1.1" status: 200 len: 277 time: 0.0768933
2026-07-02 06:19:21.888 9 INFO neutron.wsgi [req-dfc8da41-5a55-4971-8d0d-af3a6c98289c req-91e2bfc9-5e01-4cfc-8ad1-94b329f2a1c3 36cb207628f24e0bb91735a54da13e4f 9bbd05abb27045078316e40e7d0fef1e - - d806d7c638f94797abab49074542b48d d806d7c638f94797abab49074542b48d] 199.204.45.116 "GET /v2.0/ports?tenant_id=7f29f076a5d4434f9d44a52bef2874aa&device_id=74311eee-5ca0-4132-807e-cf1918fc0564 HTTP/1.1" status: 200 len: 1411 time: 0.0475416
2026-07-02 06:19:21.914 10 INFO neutron.wsgi [None req-5857149d-3133-4c95-8a7b-a7db888333c6 08eaea9dda05478d8a4f325105a88ac4 c26847186ffe49e2abbe620129b16308 - - default default] 10.0.0.113 "PUT /v2.0/routers/e4c7cc8e-93e4-4636-858d-4f7a34b57d90/remove_router_interface HTTP/1.1" status: 200 len: 503 time: 1.0649385 /var/lib/openstack/lib/python3.10/site-packages/pycadf/identifier.py:71: UserWarning: Invalid uuid: neutron. To ensure interoperability, identifiers should be a valid uuid. warnings.warn(('Invalid uuid: %s. To ensure interoperability, '
2026-07-02 06:19:21.942 10 INFO neutron.db.ovn_revision_numbers_db [None req-3cc08393-c412-49a1-a7dd-08f6416ca0b5 d3134424407941038596824c9c7320a3 d93faf4491d445cbbf501e09880ec993 - - default default] Successfully bumped revision number for resource 9eb7de03-73d0-4169-b045-dbb3eb813be8 (type: ports) to 1
2026-07-02 06:19:21.945 10 INFO neutron.wsgi [None req-be0c04eb-3298-4878-ac3d-169f8fbcd084 08eaea9dda05478d8a4f325105a88ac4 c26847186ffe49e2abbe620129b16308 - - default default] 10.0.0.113 "GET /v2.0/ports?device_id=e4c7cc8e-93e4-4636-858d-4f7a34b57d90 HTTP/1.1" status: 200 len: 205 time: 0.0243878
2026-07-02 06:19:21.993 9 INFO neutron.wsgi [req-dfc8da41-5a55-4971-8d0d-af3a6c98289c req-8859aa4c-677c-452b-b492-567c3236332d 36cb207628f24e0bb91735a54da13e4f 9bbd05abb27045078316e40e7d0fef1e - - d806d7c638f94797abab49074542b48d d806d7c638f94797abab49074542b48d] 199.204.45.116 "GET /v2.0/networks?id=008895eb-d6b6-40ab-bd41-13e7ffdb6aa1 HTTP/1.1" status: 200 len: 974 time: 0.1001620
2026-07-02 06:19:22.014 10 WARNING neutron.scheduler.dhcp_agent_scheduler [None req-3cc08393-c412-49a1-a7dd-08f6416ca0b5 d3134424407941038596824c9c7320a3 d93faf4491d445cbbf501e09880ec993 - - default default] No more DHCP agents
2026-07-02 06:19:22.016 10 WARNING neutron.api.rpc.agentnotifiers.dhcp_rpc_agent_api [None req-3cc08393-c412-49a1-a7dd-08f6416ca0b5 d3134424407941038596824c9c7320a3 d93faf4491d445cbbf501e09880ec993 - - default default] Unable to schedule network ac161cb6-92f3-4f4a-a526-12cf47359914: no agents available; will retry on subsequent port and subnet creation events.
2026-07-02 06:19:22.066 9 INFO neutron.wsgi [req-dfc8da41-5a55-4971-8d0d-af3a6c98289c req-89c165fe-fbfb-4f40-a9f8-1513c5ef144a 36cb207628f24e0bb91735a54da13e4f 9bbd05abb27045078316e40e7d0fef1e - - d806d7c638f94797abab49074542b48d d806d7c638f94797abab49074542b48d] 199.204.45.116 "GET /v2.0/floatingips?fixed_ip_address=10.100.0.14&port_id=e9f64023-276b-46be-bd81-17357e9314c8 HTTP/1.1" status: 200 len: 217 time: 0.0455816
2026-07-02 06:19:22.152 9 INFO neutron.wsgi [req-dfc8da41-5a55-4971-8d0d-af3a6c98289c req-7242ba68-e71b-4ec3-8cf6-6823dae092ed 36cb207628f24e0bb91735a54da13e4f 9bbd05abb27045078316e40e7d0fef1e - - d806d7c638f94797abab49074542b48d d806d7c638f94797abab49074542b48d] 199.204.45.116 "GET /v2.0/subnets?id=8d4e7c87-a183-4381-801d-8b9e097fc337 HTTP/1.1" status: 200 len: 869 time: 0.0725336
2026-07-02 06:19:22.155 10 INFO neutron.db.ovn_revision_numbers_db [None req-3cc08393-c412-49a1-a7dd-08f6416ca0b5 d3134424407941038596824c9c7320a3 d93faf4491d445cbbf501e09880ec993 - - default default] Successfully bumped revision number for resource b145413f-5e73-4ac8-9cd4-ea5a25a8df30 (type: ports) to 1
2026-07-02 06:19:22.188 10 INFO neutron.wsgi [None req-a6cf046b-b61b-47c8-946b-337b191c137c 3354a6d47cf84be7882e8967b3475a76 eb3b14e346ca444782c31b5c3e13e4a3 - - default default] 10.0.0.113 "DELETE /v2.0/ports/8641cf77-f0b0-483c-b437-a5e9966446f8 HTTP/1.1" status: 204 len: 168 time: 0.4358447
2026-07-02 06:19:22.191 10 INFO neutron.wsgi [None req-3cc08393-c412-49a1-a7dd-08f6416ca0b5 d3134424407941038596824c9c7320a3 d93faf4491d445cbbf501e09880ec993 - - default default] 10.0.0.113 "POST /v2.0/ports HTTP/1.1" status: 201 len: 1706 time: 1.3016458
2026-07-02 06:19:22.202 9 INFO neutron.wsgi [req-dfc8da41-5a55-4971-8d0d-af3a6c98289c req-5e1531ea-89c8-49e0-95bc-326f0d502a51 36cb207628f24e0bb91735a54da13e4f 9bbd05abb27045078316e40e7d0fef1e - - d806d7c638f94797abab49074542b48d d806d7c638f94797abab49074542b48d] 199.204.45.116 "GET /v2.0/ports?network_id=008895eb-d6b6-40ab-bd41-13e7ffdb6aa1&device_owner=network%3Adhcp HTTP/1.1" status: 200 len: 210 time: 0.0294673 /var/lib/openstack/lib/python3.10/site-packages/pycadf/identifier.py:71: UserWarning: Invalid uuid: neutron. To ensure interoperability, identifiers should be a valid uuid. warnings.warn(('Invalid uuid: %s. To ensure interoperability, '
2026-07-02 06:19:22.325 10 INFO neutron.wsgi [None req-742fb86a-3c15-457f-9b9e-ef74dd395ea9 3354a6d47cf84be7882e8967b3475a76 eb3b14e346ca444782c31b5c3e13e4a3 - - default default] 10.0.0.113 "GET /v2.0/ports HTTP/1.1" status: 200 len: 1729 time: 0.1282914
2026-07-02 06:19:22.334 9 INFO neutron.wsgi [None req-c47025aa-160e-4834-ae6d-a739b1aab060 08eaea9dda05478d8a4f325105a88ac4 c26847186ffe49e2abbe620129b16308 - - default default] 10.0.0.113 "DELETE /v2.0/routers/e4c7cc8e-93e4-4636-858d-4f7a34b57d90 HTTP/1.1" status: 204 len: 168 time: 0.3837264
2026-07-02 06:19:22.357 9 INFO neutron.pecan_wsgi.hooks.translation [None req-17bbeff2-5998-4540-b7a8-58b34793e6b9 3354a6d47cf84be7882e8967b3475a76 eb3b14e346ca444782c31b5c3e13e4a3 - - default default] GET failed (client error): The resource could not be found.
2026-07-02 06:19:22.359 9 INFO neutron.wsgi [None req-17bbeff2-5998-4540-b7a8-58b34793e6b9 3354a6d47cf84be7882e8967b3475a76 eb3b14e346ca444782c31b5c3e13e4a3 - - default default] 10.0.0.113 "GET /v2.0/ports/8641cf77-f0b0-483c-b437-a5e9966446f8 HTTP/1.1" status: 404 len: 333 time: 0.0285418
2026-07-02 06:19:22.361 9 INFO neutron.wsgi [req-dfc8da41-5a55-4971-8d0d-af3a6c98289c req-e93f3298-8c03-49f2-b32b-b57246930ad6 36cb207628f24e0bb91735a54da13e4f 9bbd05abb27045078316e40e7d0fef1e - - d806d7c638f94797abab49074542b48d d806d7c638f94797abab49074542b48d] 199.204.45.116 "GET /v2.0/networks/008895eb-d6b6-40ab-bd41-13e7ffdb6aa1?fields=segments HTTP/1.1" status: 200 len: 212 time: 0.1513910
2026-07-02 06:19:22.407 10 INFO neutron.wsgi [None req-b70f7de8-0929-4a91-a4d1-d2c0bf212e17 d3134424407941038596824c9c7320a3 d93faf4491d445cbbf501e09880ec993 - - default default] 10.0.0.113 "GET /v2.0/ports HTTP/1.1" status: 200 len: 3213 time: 0.2106698
2026-07-02 06:19:22.420 9 INFO neutron.wsgi [req-ef40c20e-a72f-4bff-936c-33b09ef59d4b req-1888de65-879a-4839-abca-97e9f6ad84dd 4fe50d88ee0d4df2871ff0604ac41094 7f29f076a5d4434f9d44a52bef2874aa - - default default] 10.0.0.239 "GET /v2.0/ports?device_id=74311eee-5ca0-4132-807e-cf1918fc0564 HTTP/1.1" status: 200 len: 1172 time: 0.0778110
2026-07-02 06:19:22.512 9 INFO neutron.wsgi [req-dfc8da41-5a55-4971-8d0d-af3a6c98289c req-de5b7f22-7dcb-4575-868a-3024a10ad44f 36cb207628f24e0bb91735a54da13e4f 9bbd05abb27045078316e40e7d0fef1e - - d806d7c638f94797abab49074542b48d d806d7c638f94797abab49074542b48d] 199.204.45.116 "GET /v2.0/networks/008895eb-d6b6-40ab-bd41-13e7ffdb6aa1?fields=provider%3Aphysical_network&fields=provider%3Anetwork_type HTTP/1.1" status: 200 len: 277 time: 0.1446867
2026-07-02 06:19:22.518 9 INFO neutron.wsgi [req-ef40c20e-a72f-4bff-936c-33b09ef59d4b req-d427c9ac-ec9b-439e-8df3-cd0369f36410 4fe50d88ee0d4df2871ff0604ac41094 7f29f076a5d4434f9d44a52bef2874aa - - default default] 10.0.0.239 "GET /v2.0/security-groups?id=83cf7436-53dc-4e7c-8dd4-1a6869ada258&fields=id&fields=name HTTP/1.1" status: 200 len: 313 time: 0.0827265
2026-07-02 06:19:22.528 9 INFO neutron.wsgi [None req-f2d68f48-27f1-46e4-9739-c9a0a365673f 3354a6d47cf84be7882e8967b3475a76 eb3b14e346ca444782c31b5c3e13e4a3 - - default default] 10.0.0.113 "GET /v2.0/ports HTTP/1.1" status: 200 len: 1729 time: 0.1606698
2026-07-02 06:19:22.585 9 INFO neutron.wsgi [None req-d54d43e9-a78d-47e8-aa7c-0a2c736ba4f0 3354a6d47cf84be7882e8967b3475a76 eb3b14e346ca444782c31b5c3e13e4a3 - - default default] 10.0.0.113 "GET /v2.0/ports/56652baa-cf36-4bb8-8e72-e630903e89bf HTTP/1.1" status: 200 len: 969 time: 0.0490010
2026-07-02 06:19:22.614 10 INFO neutron.pecan_wsgi.hooks.translation [None req-e9e293f6-acd5-4b68-8918-9abef1d1600a 3354a6d47cf84be7882e8967b3475a76 eb3b14e346ca444782c31b5c3e13e4a3 - - default default] DELETE failed (client error): The resource could not be found.
2026-07-02 06:19:22.617 10 INFO neutron.wsgi [None req-e9e293f6-acd5-4b68-8918-9abef1d1600a 3354a6d47cf84be7882e8967b3475a76 eb3b14e346ca444782c31b5c3e13e4a3 - - default default] 10.0.0.113 "DELETE /v2.0/ports/298f889b-8d8f-40d9-b28d-56c88b2b3e98 HTTP/1.1" status: 404 len: 333 time: 0.0274723
2026-07-02 06:19:22.643 9 INFO neutron.pecan_wsgi.hooks.translation [None req-ebc83d44-c252-4c21-9f46-4a2acc7ebad3 3354a6d47cf84be7882e8967b3475a76 eb3b14e346ca444782c31b5c3e13e4a3 - - default default] DELETE failed (client error): The resource could not be found.
2026-07-02 06:19:22.645 9 INFO neutron.wsgi [None req-ebc83d44-c252-4c21-9f46-4a2acc7ebad3 3354a6d47cf84be7882e8967b3475a76 eb3b14e346ca444782c31b5c3e13e4a3 - - default default] 10.0.0.113 "DELETE /v2.0/subnets/a144b3dc-5bfa-4137-b217-47a7910b4846 HTTP/1.1" status: 404 len: 337 time: 0.0201559
2026-07-02 06:19:22.669 9 INFO neutron.pecan_wsgi.hooks.translation [None req-e1ee3c79-5e11-4683-8740-44440305bf0f 3354a6d47cf84be7882e8967b3475a76 eb3b14e346ca444782c31b5c3e13e4a3 - - default default] DELETE failed (client error): The resource could not be found.
2026-07-02 06:19:22.672 9 INFO neutron.wsgi [None req-e1ee3c79-5e11-4683-8740-44440305bf0f 3354a6d47cf84be7882e8967b3475a76 eb3b14e346ca444782c31b5c3e13e4a3 - - default default] 10.0.0.113 "DELETE /v2.0/subnets/053a1f3d-e17a-4fde-bcdb-3136991f7713 HTTP/1.1" status: 404 len: 337 time: 0.0194266
2026-07-02 06:19:22.677 10 INFO neutron.wsgi [None req-025dc229-4fd3-4e4c-8428-1a5e27730386 08eaea9dda05478d8a4f325105a88ac4 c26847186ffe49e2abbe620129b16308 - - default default] 10.0.0.113 "DELETE /v2.0/subnets/82579e8a-a4eb-46ea-af0b-adb885d8bb88 HTTP/1.1" status: 204 len: 168 time: 0.3373079
2026-07-02 06:19:22.784 10 INFO neutron.wsgi [None req-9359cefb-f9d3-46df-babf-a13c3bfd1c54 d3134424407941038596824c9c7320a3 d93faf4491d445cbbf501e09880ec993 - - default default] 10.0.0.113 "DELETE /v2.0/ports/9eb7de03-73d0-4169-b045-dbb3eb813be8 HTTP/1.1" status: 204 len: 168 time: 0.3705070
2026-07-02 06:19:23.115 10 INFO neutron.services.segments.plugin [-] Segment fcc8047b-0a66-414a-902e-221874da066c resource provider aggregate not found
2026-07-02 06:19:23.120 10 INFO neutron.services.segments.plugin [-] Segment fcc8047b-0a66-414a-902e-221874da066c resource provider aggregate not found
2026-07-02 06:19:23.137 10 INFO neutron.services.segments.plugin [-] Segment fcc8047b-0a66-414a-902e-221874da066c resource provider not found; error: Placement Client Error (4xx): {"errors": [{"status": 404, "title": "Not Found", "detail": "The resource could not be found.\n\n No resource provider with uuid fcc8047b-0a66-414a-902e-221874da066c found for delete ", "request_id": "req-051eb090-aec7-4aaf-b340-e3a8d7303d7e"}]}
2026-07-02 06:19:23.140 10 INFO neutron.services.segments.plugin [-] Segment fcc8047b-0a66-414a-902e-221874da066c resource provider not found; error: Placement Client Error (4xx): {"errors": [{"status": 404, "title": "Not Found", "detail": "The resource could not be found.\n\n No resource provider with uuid fcc8047b-0a66-414a-902e-221874da066c found for delete ", "request_id": "req-caeda56f-fb40-48ef-9748-9736a85f209c"}]}
2026-07-02 06:19:23.176 10 INFO neutron.wsgi [None req-ebe986a0-7029-4f87-be93-f05892d1b264 08eaea9dda05478d8a4f325105a88ac4 c26847186ffe49e2abbe620129b16308 - - default default] 10.0.0.113 "DELETE /v2.0/networks/c50c53b0-570c-4fe5-94fc-46b45819ad37 HTTP/1.1" status: 204 len: 168 time: 0.4942560
2026-07-02 06:19:23.197 10 WARNING neutron_lib.context [None req-23207cd4-105f-4122-b519-8223bc95376e 08eaea9dda05478d8a4f325105a88ac4 c26847186ffe49e2abbe620129b16308 - - default default] Method 'is_advsvc' is deprecated since 2023.2 release (neutron-lib 3.8.0) and will be removed once support for the old RBAC API policies will be removed from Neutron. Please use method 'is_service_role' instead.
2026-07-02 06:19:23.276 9 INFO neutron.wsgi [None req-e3d9a3b0-27c7-4ace-a7ee-5774da8494a5 3354a6d47cf84be7882e8967b3475a76 eb3b14e346ca444782c31b5c3e13e4a3 - - default default] 10.0.0.113 "DELETE /v2.0/ports/56652baa-cf36-4bb8-8e72-e630903e89bf HTTP/1.1" status: 204 len: 168 time: 0.5986445
2026-07-02 06:19:23.361 9 INFO neutron.wsgi [None req-342558ea-8445-481b-bb60-155d5a25251e d3134424407941038596824c9c7320a3 d93faf4491d445cbbf501e09880ec993 - - default default] 10.0.0.113 "DELETE /v2.0/ports/b145413f-5e73-4ac8-9cd4-ea5a25a8df30 HTTP/1.1" status: 204 len: 168 time: 0.5704374
2026-07-02 06:19:23.486 9 INFO neutron.wsgi [None req-0fa66caa-314e-46cd-9fdf-b2097c80161a d3134424407941038596824c9c7320a3 d93faf4491d445cbbf501e09880ec993 - - default default] 10.0.0.113 "GET /v2.0/ports HTTP/1.1" status: 200 len: 1718 time: 0.1183944
2026-07-02 06:19:23.499 9 WARNING neutron_lib.context [None req-b94cc0c8-732e-47d3-943f-3846b54306a5 d3134424407941038596824c9c7320a3 d93faf4491d445cbbf501e09880ec993 - - default default] Method 'is_advsvc' is deprecated since 2023.2 release (neutron-lib 3.8.0) and will be removed once support for the old RBAC API policies will be removed from Neutron. Please use method 'is_service_role' instead.
2026-07-02 06:19:23.588 9 INFO neutron.db.segments_db [None req-b94cc0c8-732e-47d3-943f-3846b54306a5 d3134424407941038596824c9c7320a3 d93faf4491d445cbbf501e09880ec993 - - default default] Added segment fba48e76-439f-4b1d-8cf4-125844f07f5b of type geneve for network 60cc0926-a19b-450f-9c4c-5ac74aa62cfe
2026-07-02 06:19:23.751 9 INFO neutron.wsgi [req-6cf26372-6956-4b6d-b416-fe40924fc87c req-3f6208bb-2933-4ba3-b63c-28f2e7169d9e 4fe50d88ee0d4df2871ff0604ac41094 7f29f076a5d4434f9d44a52bef2874aa - - default default] 10.0.0.239 "GET /v2.0/ports?device_id=74311eee-5ca0-4132-807e-cf1918fc0564 HTTP/1.1" status: 200 len: 1172 time: 0.1450355
2026-07-02 06:19:23.785 9 INFO neutron.db.ovn_revision_numbers_db [None req-b94cc0c8-732e-47d3-943f-3846b54306a5 d3134424407941038596824c9c7320a3 d93faf4491d445cbbf501e09880ec993 - - default default] Successfully bumped revision number for resource 60cc0926-a19b-450f-9c4c-5ac74aa62cfe (type: networks) to 1
2026-07-02 06:19:23.814 9 INFO neutron.wsgi [req-6cf26372-6956-4b6d-b416-fe40924fc87c req-51b9ff11-f6e4-4550-bd88-38e8c6e6cb50 4fe50d88ee0d4df2871ff0604ac41094 7f29f076a5d4434f9d44a52bef2874aa - - default default] 10.0.0.239 "GET /v2.0/security-groups?id=83cf7436-53dc-4e7c-8dd4-1a6869ada258&fields=id&fields=name HTTP/1.1" status: 200 len: 313 time: 0.0500283
2026-07-02 06:19:24.005 10 WARNING neutron.scheduler.dhcp_agent_scheduler [None req-23207cd4-105f-4122-b519-8223bc95376e 08eaea9dda05478d8a4f325105a88ac4 c26847186ffe49e2abbe620129b16308 - - default default] No more DHCP agents
2026-07-02 06:19:24.012 9 WARNING neutron.scheduler.dhcp_agent_scheduler [None req-b94cc0c8-732e-47d3-943f-3846b54306a5 d3134424407941038596824c9c7320a3 d93faf4491d445cbbf501e09880ec993 - - default default] No more DHCP agents
2026-07-02 06:19:24.015 10 WARNING neutron.api.rpc.agentnotifiers.dhcp_rpc_agent_api [None req-23207cd4-105f-4122-b519-8223bc95376e 08eaea9dda05478d8a4f325105a88ac4 c26847186ffe49e2abbe620129b16308 - - default default] Unable to schedule network 434026b2-6e27-4ded-bc50-5dd99f22e9f7: no agents available; will retry on subsequent port and subnet creation events.
2026-07-02 06:19:24.017 9 WARNING neutron.api.rpc.agentnotifiers.dhcp_rpc_agent_api [None req-b94cc0c8-732e-47d3-943f-3846b54306a5 d3134424407941038596824c9c7320a3 d93faf4491d445cbbf501e09880ec993 - - default default] Unable to schedule network 60cc0926-a19b-450f-9c4c-5ac74aa62cfe: no agents available; will retry on subsequent port and subnet creation events.
2026-07-02 06:19:24.074 10 INFO neutron.wsgi [None req-a297c664-f9e7-46cd-9d7d-17ccb81f78d1 3354a6d47cf84be7882e8967b3475a76 eb3b14e346ca444782c31b5c3e13e4a3 - - default default] 10.0.0.113 "DELETE /v2.0/networks/f76c8109-33ca-47aa-b003-181a0e23d807 HTTP/1.1" status: 204 len: 168 time: 0.7829206
2026-07-02 06:19:24.115 9 INFO neutron.db.ovn_revision_numbers_db [None req-b94cc0c8-732e-47d3-943f-3846b54306a5 d3134424407941038596824c9c7320a3 d93faf4491d445cbbf501e09880ec993 - - default default] Successfully bumped revision number for resource 6b0aa585-e684-48cb-9937-8cdba8acdb6a (type: ports) to 1
2026-07-02 06:19:24.135 9 INFO neutron.wsgi [None req-b94cc0c8-732e-47d3-943f-3846b54306a5 d3134424407941038596824c9c7320a3 d93faf4491d445cbbf501e09880ec993 - - default default] 10.0.0.113 "POST /v2.0/networks HTTP/1.1" status: 201 len: 848 time: 0.6403747
2026-07-02 06:19:24.146 9 WARNING neutron_lib.context [None req-56fadfcd-4895-4c9f-a8dc-63e96830180d d3134424407941038596824c9c7320a3 d93faf4491d445cbbf501e09880ec993 - - default default] Method 'is_advsvc' is deprecated since 2023.2 release (neutron-lib 3.8.0) and will be removed once support for the old RBAC API policies will be removed from Neutron. Please use method 'is_service_role' instead.
2026-07-02 06:19:24.190 10 INFO neutron.db.ovn_revision_numbers_db [None req-23207cd4-105f-4122-b519-8223bc95376e 08eaea9dda05478d8a4f325105a88ac4 c26847186ffe49e2abbe620129b16308 - - default default] Successfully bumped revision number for resource 2b968ab0-d543-427c-bad2-0fb5a8d4c2fa (type: ports) to 1
2026-07-02 06:19:24.223 9 INFO neutron.db.segments_db [None req-56fadfcd-4895-4c9f-a8dc-63e96830180d d3134424407941038596824c9c7320a3 d93faf4491d445cbbf501e09880ec993 - - default default] Added segment f5485135-71d5-4346-85ec-7d585f4c8f5e of type geneve for network 18d296ed-8752-4624-a976-2be20a2bfccd
