2026-07-02 06:19:41.534 10 INFO neutron.services.segments.plugin [-] Segment e6316b88-2fd9-4f42-9edd-bd9d349b7a9c resource provider not found; error: Placement Client Error (4xx): {"errors": [{"status": 404, "title": "Not Found", "detail": "The resource could not be found.\n\n No resource provider with uuid e6316b88-2fd9-4f42-9edd-bd9d349b7a9c found for delete ", "request_id": "req-670bfc5c-f224-489a-8f0b-0dc69476dfc2"}]}
2026-07-02 06:19:41.635 9 INFO neutron.db.ovn_revision_numbers_db [None req-e36eccd1-68a1-4e4d-b939-77ccc6bb7746 44f9fc947be441caab831b744dde8ad6 431f6c9a3dcd4add9521adb805be1cd6 - - default default] Successfully bumped revision number for resource ec3537ef-b61a-4ddb-a200-af42d3005518 (type: security_groups) to 1
2026-07-02 06:19:41.654 9 INFO neutron.db.ovn_revision_numbers_db [None req-e36eccd1-68a1-4e4d-b939-77ccc6bb7746 44f9fc947be441caab831b744dde8ad6 431f6c9a3dcd4add9521adb805be1cd6 - - default default] Successfully bumped revision number for resource 16dacf23-c870-4c4a-947d-363dbaf8ebff (type: security_group_rules) to 0
2026-07-02 06:19:41.672 9 INFO neutron.db.ovn_revision_numbers_db [None req-e36eccd1-68a1-4e4d-b939-77ccc6bb7746 44f9fc947be441caab831b744dde8ad6 431f6c9a3dcd4add9521adb805be1cd6 - - default default] Successfully bumped revision number for resource 868ced7e-8261-475a-bbc6-cc04a2e85502 (type: security_group_rules) to 0
2026-07-02 06:19:41.701 9 INFO neutron.db.ovn_revision_numbers_db [None req-e36eccd1-68a1-4e4d-b939-77ccc6bb7746 44f9fc947be441caab831b744dde8ad6 431f6c9a3dcd4add9521adb805be1cd6 - - default default] Successfully bumped revision number for resource 96bb093e-a6d6-4c9a-908d-bf10b334e52a (type: security_group_rules) to 0
2026-07-02 06:19:41.707 10 INFO neutron.db.ovn_revision_numbers_db [None req-3eae7a4f-77c2-4f0a-b74c-4de4d773cc88 621aa77ae2d74da5bb5cd3d0fb766cc2 fd1f3925b562455d9e9282052b127e81 - - default default] Successfully bumped revision number for resource 01ce25b1-1653-48f8-b3f6-009b10469f38 (type: ports) to 2
2026-07-02 06:19:41.732 9 INFO neutron.db.ovn_revision_numbers_db [None req-e36eccd1-68a1-4e4d-b939-77ccc6bb7746 44f9fc947be441caab831b744dde8ad6 431f6c9a3dcd4add9521adb805be1cd6 - - default default] Successfully bumped revision number for resource f947dbd7-2886-4048-a731-9a201fb62252 (type: security_group_rules) to 0
2026-07-02 06:19:41.765 9 INFO neutron.wsgi [None req-e36eccd1-68a1-4e4d-b939-77ccc6bb7746 44f9fc947be441caab831b744dde8ad6 431f6c9a3dcd4add9521adb805be1cd6 - - default default] 10.0.0.113 "GET /v2.0/security-groups?tenant_id=dd02ef6962824794bd8c15af0523cd03&name=default HTTP/1.1" status: 200 len: 2996 time: 0.4346540
2026-07-02 06:19:41.778 10 INFO neutron.db.ovn_revision_numbers_db [None req-3eae7a4f-77c2-4f0a-b74c-4de4d773cc88 621aa77ae2d74da5bb5cd3d0fb766cc2 fd1f3925b562455d9e9282052b127e81 - - default default] Successfully bumped revision number for resource 3cabfa67-cee8-48a3-a4ea-d93ecbf81404 (type: subnets) to 0
2026-07-02 06:19:41.796 10 INFO neutron.wsgi [None req-3eae7a4f-77c2-4f0a-b74c-4de4d773cc88 621aa77ae2d74da5bb5cd3d0fb766cc2 fd1f3925b562455d9e9282052b127e81 - - default default] 10.0.0.113 "POST /v2.0/subnets HTTP/1.1" status: 201 len: 801 time: 1.0284071
2026-07-02 06:19:41.809 10 WARNING neutron_lib.context [None req-73debad5-deed-43b0-82df-7c22a0f3857a 621aa77ae2d74da5bb5cd3d0fb766cc2 fd1f3925b562455d9e9282052b127e81 - - default default] Method 'is_advsvc' is deprecated since 2023.2 release (neutron-lib 3.8.0) and will be removed once support for the old RBAC API policies will be removed from Neutron. Please use method 'is_service_role' instead.
2026-07-02 06:19:41.987 10 INFO neutron.db.ovn_revision_numbers_db [None req-73debad5-deed-43b0-82df-7c22a0f3857a 621aa77ae2d74da5bb5cd3d0fb766cc2 fd1f3925b562455d9e9282052b127e81 - - default default] Successfully bumped revision number for resource cf991491-80da-4cf3-8cd9-6c6e772a5cdc (type: routers) to 1
2026-07-02 06:19:41.999 9 INFO neutron.wsgi [None req-5e7b7a84-3af9-456f-8b52-6ccb586d1306 44f9fc947be441caab831b744dde8ad6 431f6c9a3dcd4add9521adb805be1cd6 - - default default] 10.0.0.113 "DELETE /v2.0/security-groups/ec3537ef-b61a-4ddb-a200-af42d3005518 HTTP/1.1" status: 204 len: 168 time: 0.2282441
2026-07-02 06:19:42.008 10 INFO neutron.wsgi [None req-73debad5-deed-43b0-82df-7c22a0f3857a 621aa77ae2d74da5bb5cd3d0fb766cc2 fd1f3925b562455d9e9282052b127e81 - - default default] 10.0.0.113 "POST /v2.0/routers HTTP/1.1" status: 201 len: 686 time: 0.2051942
2026-07-02 06:19:42.018 9 WARNING neutron_lib.context [None req-2b37bf02-b569-4b91-82e7-8e5b5e43a85a 621aa77ae2d74da5bb5cd3d0fb766cc2 fd1f3925b562455d9e9282052b127e81 - - default default] Method 'is_advsvc' is deprecated since 2023.2 release (neutron-lib 3.8.0) and will be removed once support for the old RBAC API policies will be removed from Neutron. Please use method 'is_service_role' instead.
2026-07-02 06:19:42.338 9 WARNING neutron.scheduler.dhcp_agent_scheduler [None req-2b37bf02-b569-4b91-82e7-8e5b5e43a85a 621aa77ae2d74da5bb5cd3d0fb766cc2 fd1f3925b562455d9e9282052b127e81 - - default default] No more DHCP agents
2026-07-02 06:19:42.340 9 WARNING neutron.api.rpc.agentnotifiers.dhcp_rpc_agent_api [None req-2b37bf02-b569-4b91-82e7-8e5b5e43a85a 621aa77ae2d74da5bb5cd3d0fb766cc2 fd1f3925b562455d9e9282052b127e81 - - default default] Unable to schedule network ac2ba348-5bc8-4d1f-92c1-d2054b99fae6: no agents available; will retry on subsequent port and subnet creation events.
2026-07-02 06:19:42.550 9 INFO neutron.db.ovn_revision_numbers_db [None req-2b37bf02-b569-4b91-82e7-8e5b5e43a85a 621aa77ae2d74da5bb5cd3d0fb766cc2 fd1f3925b562455d9e9282052b127e81 - - default default] Successfully bumped revision number for resource bfa0799e-c4a3-4e97-9a83-b84c7d282c48 (type: ports) to 1
2026-07-02 06:19:42.575 9 INFO neutron.wsgi [None req-2b37bf02-b569-4b91-82e7-8e5b5e43a85a 621aa77ae2d74da5bb5cd3d0fb766cc2 fd1f3925b562455d9e9282052b127e81 - - default default] 10.0.0.113 "POST /v2.0/ports HTTP/1.1" status: 201 len: 1150 time: 0.5623736 /var/lib/openstack/lib/python3.10/site-packages/pycadf/identifier.py:71: UserWarning: Invalid uuid: neutron. To ensure interoperability, identifiers should be a valid uuid. warnings.warn(('Invalid uuid: %s. To ensure interoperability, '
2026-07-02 06:19:43.275 9 INFO neutron.wsgi [req-63c546a0-1d92-4911-8a1f-639bf713fb11 req-d8d38c3b-f306-4f7e-b8e4-ffadb103c3eb 4fe50d88ee0d4df2871ff0604ac41094 7f29f076a5d4434f9d44a52bef2874aa - - default default] 10.0.0.239 "GET /v2.0/ports?device_id=74311eee-5ca0-4132-807e-cf1918fc0564 HTTP/1.1" status: 200 len: 1174 time: 0.1945810
2026-07-02 06:19:43.369 9 INFO neutron.wsgi [req-63c546a0-1d92-4911-8a1f-639bf713fb11 req-95992941-1178-4a7b-9174-6ca45affb9dd 4fe50d88ee0d4df2871ff0604ac41094 7f29f076a5d4434f9d44a52bef2874aa - - default default] 10.0.0.239 "GET /v2.0/security-groups?id=83cf7436-53dc-4e7c-8dd4-1a6869ada258&fields=id&fields=name HTTP/1.1" status: 200 len: 313 time: 0.0861115
2026-07-02 06:19:43.382 10 WARNING neutron_lib.context [None req-26549686-73ee-485c-a0af-7e254a9f9173 faf66270869c4117be065211887f715e 039eb320fd72459d9386a642b0b0105d - - default default] Method 'is_advsvc' is deprecated since 2023.2 release (neutron-lib 3.8.0) and will be removed once support for the old RBAC API policies will be removed from Neutron. Please use method 'is_service_role' instead.
2026-07-02 06:19:43.426 9 INFO neutron.plugins.ml2.drivers.ovn.mech_driver.mech_driver [None req-474cecf2-bd82-41f3-916e-ad8bc4a73b8f - - - - - -] OVN reports status up for port: bfa0799e-c4a3-4e97-9a83-b84c7d282c48 /var/lib/openstack/lib/python3.10/site-packages/pycadf/identifier.py:71: UserWarning: Invalid uuid: neutron. To ensure interoperability, identifiers should be a valid uuid. warnings.warn(('Invalid uuid: %s. To ensure interoperability, '
2026-07-02 06:19:43.458 9 INFO neutron.plugins.ml2.plugin [None req-474cecf2-bd82-41f3-916e-ad8bc4a73b8f - - - - - -] Attempt 1 to provision port bfa0799e-c4a3-4e97-9a83-b84c7d282c48
2026-07-02 06:19:43.508 9 INFO neutron.db.ovn_revision_numbers_db [None req-7058d776-bdf9-4ed1-8496-89613dcb6678 621aa77ae2d74da5bb5cd3d0fb766cc2 fd1f3925b562455d9e9282052b127e81 - - default default] Successfully bumped revision number for resource bfa0799e-c4a3-4e97-9a83-b84c7d282c48 (type: router_ports) to 2
2026-07-02 06:19:43.517 10 INFO neutron.db.ovn_revision_numbers_db [None req-26549686-73ee-485c-a0af-7e254a9f9173 faf66270869c4117be065211887f715e 039eb320fd72459d9386a642b0b0105d - - default default] Successfully bumped revision number for resource c83a903f-0415-43e6-a4fa-82bd65bc4321 (type: security_groups) to 1
2026-07-02 06:19:43.520 9 INFO neutron.wsgi [req-b8a5197f-0490-40ae-91e9-b3d28f73017d req-34ddeb91-96ab-4a74-8e8f-7443edc9fffe 4fe50d88ee0d4df2871ff0604ac41094 7f29f076a5d4434f9d44a52bef2874aa - - default default] 10.0.0.239 "GET /v2.0/ports?device_id=74311eee-5ca0-4132-807e-cf1918fc0564 HTTP/1.1" status: 200 len: 1174 time: 0.0768027
2026-07-02 06:19:43.539 10 INFO neutron.db.ovn_revision_numbers_db [None req-26549686-73ee-485c-a0af-7e254a9f9173 faf66270869c4117be065211887f715e 039eb320fd72459d9386a642b0b0105d - - default default] Successfully bumped revision number for resource 0ec9336c-395a-40d5-a364-c9a8ce3e3776 (type: security_group_rules) to 0
2026-07-02 06:19:43.564 10 INFO neutron.db.ovn_revision_numbers_db [None req-26549686-73ee-485c-a0af-7e254a9f9173 faf66270869c4117be065211887f715e 039eb320fd72459d9386a642b0b0105d - - default default] Successfully bumped revision number for resource 855cceca-29a4-4ca4-b91f-5f9ed4b66804 (type: security_group_rules) to 0
2026-07-02 06:19:43.583 10 INFO neutron.db.ovn_revision_numbers_db [None req-26549686-73ee-485c-a0af-7e254a9f9173 faf66270869c4117be065211887f715e 039eb320fd72459d9386a642b0b0105d - - default default] Successfully bumped revision number for resource 92acdc40-104d-44ea-b17e-088a3988b04a (type: security_group_rules) to 0
2026-07-02 06:19:43.600 10 INFO neutron.db.ovn_revision_numbers_db [None req-26549686-73ee-485c-a0af-7e254a9f9173 faf66270869c4117be065211887f715e 039eb320fd72459d9386a642b0b0105d - - default default] Successfully bumped revision number for resource b3a9bc33-8213-42c8-b38b-6f7cdcf34f31 (type: security_group_rules) to 0
2026-07-02 06:19:43.602 9 INFO neutron.wsgi [req-b8a5197f-0490-40ae-91e9-b3d28f73017d req-b2cfd2b9-9f4c-4e46-9280-2ce6c9b5ca53 4fe50d88ee0d4df2871ff0604ac41094 7f29f076a5d4434f9d44a52bef2874aa - - default default] 10.0.0.239 "GET /v2.0/security-groups?id=83cf7436-53dc-4e7c-8dd4-1a6869ada258&fields=id&fields=name HTTP/1.1" status: 200 len: 313 time: 0.0607629
2026-07-02 06:19:43.697 10 INFO neutron.db.ovn_revision_numbers_db [None req-26549686-73ee-485c-a0af-7e254a9f9173 faf66270869c4117be065211887f715e 039eb320fd72459d9386a642b0b0105d - - default default] Successfully bumped revision number for resource 3024eb07-6b4d-413a-aeb0-825d52bb2aca (type: security_groups) to 1
2026-07-02 06:19:43.712 10 INFO neutron.db.ovn_revision_numbers_db [None req-26549686-73ee-485c-a0af-7e254a9f9173 faf66270869c4117be065211887f715e 039eb320fd72459d9386a642b0b0105d - - default default] Successfully bumped revision number for resource a64f8097-2b2b-4fff-88a4-e226a783de91 (type: security_group_rules) to 0
2026-07-02 06:19:43.726 10 INFO neutron.db.ovn_revision_numbers_db [None req-26549686-73ee-485c-a0af-7e254a9f9173 faf66270869c4117be065211887f715e 039eb320fd72459d9386a642b0b0105d - - default default] Successfully bumped revision number for resource c8fd6df3-8162-44fd-bbb0-0dff7d4ad7bd (type: security_group_rules) to 0
2026-07-02 06:19:43.751 10 INFO neutron.wsgi [None req-26549686-73ee-485c-a0af-7e254a9f9173 faf66270869c4117be065211887f715e 039eb320fd72459d9386a642b0b0105d - - default default] 10.0.0.113 "POST /v2.0/security-groups HTTP/1.1" status: 201 len: 1759 time: 0.6595535
2026-07-02 06:19:43.808 10 INFO neutron.wsgi [None req-5061878f-12e1-4ad5-baf7-406da416a9c5 faf66270869c4117be065211887f715e 039eb320fd72459d9386a642b0b0105d - - default default] 10.0.0.113 "GET /v2.0/security-groups HTTP/1.1" status: 200 len: 4537 time: 0.0467825
2026-07-02 06:19:43.835 9 INFO neutron.db.ovn_revision_numbers_db [None req-7058d776-bdf9-4ed1-8496-89613dcb6678 621aa77ae2d74da5bb5cd3d0fb766cc2 fd1f3925b562455d9e9282052b127e81 - - default default] Successfully bumped revision number for resource bfa0799e-c4a3-4e97-9a83-b84c7d282c48 (type: ports) to 2
2026-07-02 06:19:43.906 10 INFO neutron.db.ovn_revision_numbers_db [None req-da675a19-15af-41f1-bba8-2ba0e2548aa3 faf66270869c4117be065211887f715e 039eb320fd72459d9386a642b0b0105d - - default default] Successfully bumped revision number for resource 3024eb07-6b4d-413a-aeb0-825d52bb2aca (type: security_groups) to 2
2026-07-02 06:19:43.910 10 INFO neutron.wsgi [None req-da675a19-15af-41f1-bba8-2ba0e2548aa3 faf66270869c4117be065211887f715e 039eb320fd72459d9386a642b0b0105d - - default default] 10.0.0.113 "PUT /v2.0/security-groups/3024eb07-6b4d-413a-aeb0-825d52bb2aca HTTP/1.1" status: 200 len: 1794 time: 0.0940962
2026-07-02 06:19:43.950 9 INFO neutron.db.ovn_revision_numbers_db [None req-474cecf2-bd82-41f3-916e-ad8bc4a73b8f - - - - - -] Successfully bumped revision number for resource bfa0799e-c4a3-4e97-9a83-b84c7d282c48 (type: ports) to 3
2026-07-02 06:19:43.956 10 INFO neutron.wsgi [None req-85c852dc-4228-4aba-8d9d-eab2834b21be faf66270869c4117be065211887f715e 039eb320fd72459d9386a642b0b0105d - - default default] 10.0.0.113 "GET /v2.0/security-groups/3024eb07-6b4d-413a-aeb0-825d52bb2aca HTTP/1.1" status: 200 len: 1794 time: 0.0399218
2026-07-02 06:19:44.073 9 INFO neutron.wsgi [req-440ee949-b77b-4be7-aba3-226f56946e98 req-269b5d79-c5fc-47ac-8185-10e83821d2b0 4fe50d88ee0d4df2871ff0604ac41094 7f29f076a5d4434f9d44a52bef2874aa - - default default] 10.0.0.239 "GET /v2.0/ports?device_id=74311eee-5ca0-4132-807e-cf1918fc0564 HTTP/1.1" status: 200 len: 1174 time: 0.1011987 /var/lib/openstack/lib/python3.10/site-packages/pycadf/identifier.py:71: UserWarning: Invalid uuid: neutron. To ensure interoperability, identifiers should be a valid uuid. warnings.warn(('Invalid uuid: %s. To ensure interoperability, '
2026-07-02 06:19:44.095 10 INFO neutron.wsgi [None req-29980933-600c-4b42-b06e-0eb2c4c968c9 faf66270869c4117be065211887f715e 039eb320fd72459d9386a642b0b0105d - - default default] 10.0.0.113 "DELETE /v2.0/security-groups/3024eb07-6b4d-413a-aeb0-825d52bb2aca HTTP/1.1" status: 204 len: 168 time: 0.1350427
2026-07-02 06:19:44.104 9 INFO neutron.wsgi [req-0804444a-84f1-4a82-a25c-284c225d2737 req-a9b885a0-07d3-4f35-98f6-765761082ee5 36cb207628f24e0bb91735a54da13e4f 9bbd05abb27045078316e40e7d0fef1e - - d806d7c638f94797abab49074542b48d d806d7c638f94797abab49074542b48d] 199.204.45.116 "GET /v2.0/ports?tenant_id=7f29f076a5d4434f9d44a52bef2874aa&device_id=74311eee-5ca0-4132-807e-cf1918fc0564 HTTP/1.1" status: 200 len: 1413 time: 0.0970411
2026-07-02 06:19:44.140 10 INFO neutron.wsgi [None req-bbafedeb-8ea7-4e63-88c9-f0d3ee0c32e2 faf66270869c4117be065211887f715e 039eb320fd72459d9386a642b0b0105d - - default default] 10.0.0.113 "GET /v2.0/security-groups HTTP/1.1" status: 200 len: 2996 time: 0.0377030
2026-07-02 06:19:44.158 10 INFO neutron.api.v2.resource [None req-74ca6bde-8092-478f-95b4-4189c99a10b6 faf66270869c4117be065211887f715e 039eb320fd72459d9386a642b0b0105d - - default default] delete failed (client error): The resource could not be found.
2026-07-02 06:19:44.160 10 INFO neutron.wsgi [None req-74ca6bde-8092-478f-95b4-4189c99a10b6 faf66270869c4117be065211887f715e 039eb320fd72459d9386a642b0b0105d - - default default] 10.0.0.113 "DELETE /v2.0/security-groups/3024eb07-6b4d-413a-aeb0-825d52bb2aca HTTP/1.1" status: 404 len: 347 time: 0.0141087
2026-07-02 06:19:44.175 10 WARNING neutron_lib.context [None req-149c538e-d018-4c8a-843a-92583cc8ca90 faf66270869c4117be065211887f715e 039eb320fd72459d9386a642b0b0105d - - default default] Method 'is_advsvc' is deprecated since 2023.2 release (neutron-lib 3.8.0) and will be removed once support for the old RBAC API policies will be removed from Neutron. Please use method 'is_service_role' instead.
2026-07-02 06:19:44.198 9 INFO neutron.wsgi [req-440ee949-b77b-4be7-aba3-226f56946e98 req-3c8aaf3f-5bba-41e7-b809-9ac2e70cef44 4fe50d88ee0d4df2871ff0604ac41094 7f29f076a5d4434f9d44a52bef2874aa - - default default] 10.0.0.239 "GET /v2.0/security-groups?id=83cf7436-53dc-4e7c-8dd4-1a6869ada258&fields=id&fields=name HTTP/1.1" status: 200 len: 313 time: 0.1147470
2026-07-02 06:19:44.208 9 INFO neutron.db.ovn_revision_numbers_db [None req-474cecf2-bd82-41f3-916e-ad8bc4a73b8f - - - - - -] Successfully bumped revision number for resource bfa0799e-c4a3-4e97-9a83-b84c7d282c48 (type: router_ports) to 3
2026-07-02 06:19:44.252 9 INFO neutron.wsgi [req-0804444a-84f1-4a82-a25c-284c225d2737 req-b8f65ba0-b110-496c-b10c-d179c699136e 36cb207628f24e0bb91735a54da13e4f 9bbd05abb27045078316e40e7d0fef1e - - d806d7c638f94797abab49074542b48d d806d7c638f94797abab49074542b48d] 199.204.45.116 "GET /v2.0/networks?id=008895eb-d6b6-40ab-bd41-13e7ffdb6aa1 HTTP/1.1" status: 200 len: 974 time: 0.1426616
2026-07-02 06:19:44.292 10 INFO neutron.db.ovn_revision_numbers_db [None req-149c538e-d018-4c8a-843a-92583cc8ca90 faf66270869c4117be065211887f715e 039eb320fd72459d9386a642b0b0105d - - default default] Successfully bumped revision number for resource 5dd70ace-0779-4142-a27f-e941c0e12bb7 (type: security_groups) to 1
2026-07-02 06:19:44.309 10 INFO neutron.db.ovn_revision_numbers_db [None req-149c538e-d018-4c8a-843a-92583cc8ca90 faf66270869c4117be065211887f715e 039eb320fd72459d9386a642b0b0105d - - default default] Successfully bumped revision number for resource 39456f07-8ce2-4a34-b3bf-47ee6559d6dd (type: security_group_rules) to 0
2026-07-02 06:19:44.327 10 INFO neutron.db.ovn_revision_numbers_db [None req-149c538e-d018-4c8a-843a-92583cc8ca90 faf66270869c4117be065211887f715e 039eb320fd72459d9386a642b0b0105d - - default default] Successfully bumped revision number for resource 8ad3fc9f-e16e-4e01-8329-431d229ba4b0 (type: security_group_rules) to 0
2026-07-02 06:19:44.359 10 INFO neutron.wsgi [None req-149c538e-d018-4c8a-843a-92583cc8ca90 faf66270869c4117be065211887f715e 039eb320fd72459d9386a642b0b0105d - - default default] 10.0.0.113 "POST /v2.0/security-groups HTTP/1.1" status: 201 len: 1761 time: 0.1927302
2026-07-02 06:19:44.375 10 WARNING neutron_lib.context [None req-cf36c781-bb72-44e9-8a6e-18750eb2ba3b faf66270869c4117be065211887f715e 039eb320fd72459d9386a642b0b0105d - - default default] Method 'is_advsvc' is deprecated since 2023.2 release (neutron-lib 3.8.0) and will be removed once support for the old RBAC API policies will be removed from Neutron. Please use method 'is_service_role' instead.
2026-07-02 06:19:44.394 9 INFO neutron.wsgi [req-0804444a-84f1-4a82-a25c-284c225d2737 req-cb735bf0-ad53-49eb-9c55-e1953c566dcb 36cb207628f24e0bb91735a54da13e4f 9bbd05abb27045078316e40e7d0fef1e - - d806d7c638f94797abab49074542b48d d806d7c638f94797abab49074542b48d] 199.204.45.116 "GET /v2.0/floatingips?fixed_ip_address=10.100.0.14&port_id=e9f64023-276b-46be-bd81-17357e9314c8 HTTP/1.1" status: 200 len: 1060 time: 0.1211612
2026-07-02 06:19:44.446 9 INFO neutron.wsgi [req-0804444a-84f1-4a82-a25c-284c225d2737 req-b7c973cf-644c-4355-9252-04547869e0a4 36cb207628f24e0bb91735a54da13e4f 9bbd05abb27045078316e40e7d0fef1e - - d806d7c638f94797abab49074542b48d d806d7c638f94797abab49074542b48d] 199.204.45.116 "GET /v2.0/subnets?id=8d4e7c87-a183-4381-801d-8b9e097fc337 HTTP/1.1" status: 200 len: 869 time: 0.0459037
2026-07-02 06:19:44.485 9 INFO neutron.wsgi [req-0804444a-84f1-4a82-a25c-284c225d2737 req-7a52d0e6-4d60-4066-b0bc-4386a43b2612 36cb207628f24e0bb91735a54da13e4f 9bbd05abb27045078316e40e7d0fef1e - - d806d7c638f94797abab49074542b48d d806d7c638f94797abab49074542b48d] 199.204.45.116 "GET /v2.0/ports?network_id=008895eb-d6b6-40ab-bd41-13e7ffdb6aa1&device_owner=network%3Adhcp HTTP/1.1" status: 200 len: 210 time: 0.0260942
2026-07-02 06:19:44.544 10 INFO neutron.db.ovn_revision_numbers_db [None req-cf36c781-bb72-44e9-8a6e-18750eb2ba3b faf66270869c4117be065211887f715e 039eb320fd72459d9386a642b0b0105d - - default default] Successfully bumped revision number for resource b5548590-f33a-457d-936b-dab5a546652d (type: security_group_rules) to 0
2026-07-02 06:19:44.572 10 INFO neutron.wsgi [None req-cf36c781-bb72-44e9-8a6e-18750eb2ba3b faf66270869c4117be065211887f715e 039eb320fd72459d9386a642b0b0105d - - default default] 10.0.0.113 "POST /v2.0/security-group-rules HTTP/1.1" status: 201 len: 768 time: 0.2080183
2026-07-02 06:19:44.582 9 INFO neutron.wsgi [req-0804444a-84f1-4a82-a25c-284c225d2737 req-a45a14ae-32f9-4287-9380-d0c2a15aa074 36cb207628f24e0bb91735a54da13e4f 9bbd05abb27045078316e40e7d0fef1e - - d806d7c638f94797abab49074542b48d d806d7c638f94797abab49074542b48d] 199.204.45.116 "GET /v2.0/networks/008895eb-d6b6-40ab-bd41-13e7ffdb6aa1?fields=segments HTTP/1.1" status: 200 len: 212 time: 0.0926881
2026-07-02 06:19:44.598 10 INFO neutron.wsgi [None req-9d13a4b2-2647-49ea-a015-7f2d6dbf471a faf66270869c4117be065211887f715e 039eb320fd72459d9386a642b0b0105d - - default default] 10.0.0.113 "GET /v2.0/security-group-rules/b5548590-f33a-457d-936b-dab5a546652d HTTP/1.1" status: 200 len: 763 time: 0.0210371
2026-07-02 06:19:44.667 10 INFO neutron.wsgi [None req-24d3e332-72d9-41c3-94c7-6ba432f4a387 faf66270869c4117be065211887f715e 039eb320fd72459d9386a642b0b0105d - - default default] 10.0.0.113 "GET /v2.0/security-group-rules HTTP/1.1" status: 200 len: 4113 time: 0.0642567
2026-07-02 06:19:44.693 9 INFO neutron.wsgi [req-0804444a-84f1-4a82-a25c-284c225d2737 req-2d5efae6-8d1e-4b7f-a0d7-186ca1bc5658 36cb207628f24e0bb91735a54da13e4f 9bbd05abb27045078316e40e7d0fef1e - - d806d7c638f94797abab49074542b48d d806d7c638f94797abab49074542b48d] 199.204.45.116 "GET /v2.0/networks/008895eb-d6b6-40ab-bd41-13e7ffdb6aa1?fields=provider%3Aphysical_network&fields=provider%3Anetwork_type HTTP/1.1" status: 200 len: 277 time: 0.1056406
2026-07-02 06:19:44.820 10 INFO neutron.wsgi [None req-f3a62fef-8622-4d87-8616-a6dfbe18c0ed faf66270869c4117be065211887f715e 039eb320fd72459d9386a642b0b0105d - - default default] 10.0.0.113 "DELETE /v2.0/security-group-rules/b5548590-f33a-457d-936b-dab5a546652d HTTP/1.1" status: 204 len: 168 time: 0.1445515
2026-07-02 06:19:44.850 9 INFO neutron.db.ovn_revision_numbers_db [None req-7058d776-bdf9-4ed1-8496-89613dcb6678 621aa77ae2d74da5bb5cd3d0fb766cc2 fd1f3925b562455d9e9282052b127e81 - - default default] Successfully bumped revision number for resource bfa0799e-c4a3-4e97-9a83-b84c7d282c48 (type: ports) to 3
2026-07-02 06:19:44.867 10 INFO neutron.wsgi [None req-4dc94a0b-d1a6-461e-9917-42fdb475317f faf66270869c4117be065211887f715e 039eb320fd72459d9386a642b0b0105d - - default default] 10.0.0.113 "GET /v2.0/security-group-rules HTTP/1.1" status: 200 len: 3567 time: 0.0416956
2026-07-02 06:19:44.875 10 WARNING neutron_lib.context [None req-e5cd8fc7-6971-40ef-bc68-87d4911970fe faf66270869c4117be065211887f715e 039eb320fd72459d9386a642b0b0105d - - default default] Method 'is_advsvc' is deprecated since 2023.2 release (neutron-lib 3.8.0) and will be removed once support for the old RBAC API policies will be removed from Neutron. Please use method 'is_service_role' instead.
2026-07-02 06:19:44.915 9 WARNING neutron.scheduler.dhcp_agent_scheduler [None req-7058d776-bdf9-4ed1-8496-89613dcb6678 621aa77ae2d74da5bb5cd3d0fb766cc2 fd1f3925b562455d9e9282052b127e81 - - default default] No more DHCP agents
2026-07-02 06:19:44.917 9 WARNING neutron.api.rpc.agentnotifiers.dhcp_rpc_agent_api [None req-7058d776-bdf9-4ed1-8496-89613dcb6678 621aa77ae2d74da5bb5cd3d0fb766cc2 fd1f3925b562455d9e9282052b127e81 - - default default] Unable to schedule network ac2ba348-5bc8-4d1f-92c1-d2054b99fae6: no agents available; will retry on subsequent port and subnet creation events.
2026-07-02 06:19:45.017 10 INFO neutron.db.ovn_revision_numbers_db [None req-e5cd8fc7-6971-40ef-bc68-87d4911970fe faf66270869c4117be065211887f715e 039eb320fd72459d9386a642b0b0105d - - default default] Successfully bumped revision number for resource 6f45b864-ab4c-4d7c-94c1-11e9cc615f62 (type: security_group_rules) to 0
2026-07-02 06:19:45.046 10 INFO neutron.wsgi [None req-e5cd8fc7-6971-40ef-bc68-87d4911970fe faf66270869c4117be065211887f715e 039eb320fd72459d9386a642b0b0105d - - default default] 10.0.0.113 "POST /v2.0/security-group-rules HTTP/1.1" status: 201 len: 768 time: 0.1751077 /var/lib/openstack/lib/python3.10/site-packages/pycadf/identifier.py:71: UserWarning: Invalid uuid: neutron. To ensure interoperability, identifiers should be a valid uuid. warnings.warn(('Invalid uuid: %s. To ensure interoperability, '
2026-07-02 06:19:45.101 9 INFO neutron.db.ovn_revision_numbers_db [None req-7058d776-bdf9-4ed1-8496-89613dcb6678 621aa77ae2d74da5bb5cd3d0fb766cc2 fd1f3925b562455d9e9282052b127e81 - - default default] Successfully bumped revision number for resource bfa0799e-c4a3-4e97-9a83-b84c7d282c48 (type: router_ports) to 3
2026-07-02 06:19:45.103 9 INFO neutron.wsgi [None req-7058d776-bdf9-4ed1-8496-89613dcb6678 621aa77ae2d74da5bb5cd3d0fb766cc2 fd1f3925b562455d9e9282052b127e81 - - default default] 10.0.0.113 "PUT /v2.0/routers/cf991491-80da-4cf3-8cd9-6c6e772a5cdc/add_router_interface HTTP/1.1" status: 200 len: 503 time: 2.5238304
2026-07-02 06:19:45.105 9 INFO neutron.wsgi [None req-ddf21c3b-e2e6-4f6b-851f-ce671ed9801d faf66270869c4117be065211887f715e 039eb320fd72459d9386a642b0b0105d - - default default] 10.0.0.113 "GET /v2.0/security-group-rules/6f45b864-ab4c-4d7c-94c1-11e9cc615f62 HTTP/1.1" status: 200 len: 763 time: 0.0499814
2026-07-02 06:19:45.154 10 INFO neutron.wsgi [None req-77926521-1948-4ac6-8b1f-7740c71b9c0b 621aa77ae2d74da5bb5cd3d0fb766cc2 fd1f3925b562455d9e9282052b127e81 - - default default] 10.0.0.113 "GET /v2.0/ports/bfa0799e-c4a3-4e97-9a83-b84c7d282c48 HTTP/1.1" status: 200 len: 1208 time: 0.0424562
2026-07-02 06:19:45.171 9 INFO neutron.wsgi [None req-4395e3fa-c55a-40ca-9185-8a5e919c00bf faf66270869c4117be065211887f715e 039eb320fd72459d9386a642b0b0105d - - default default] 10.0.0.113 "GET /v2.0/security-group-rules HTTP/1.1" status: 200 len: 4113 time: 0.0609508
2026-07-02 06:19:45.328 9 INFO neutron.wsgi [None req-dd12c423-04ed-4833-a570-c62e746abd69 faf66270869c4117be065211887f715e 039eb320fd72459d9386a642b0b0105d - - default default] 10.0.0.113 "DELETE /v2.0/security-group-rules/6f45b864-ab4c-4d7c-94c1-11e9cc615f62 HTTP/1.1" status: 204 len: 168 time: 0.1509120
2026-07-02 06:19:45.335 9 INFO neutron.wsgi [req-7e2f507f-134b-4f94-8ecc-c44ede9a2892 req-36f0c642-37dc-42d9-81c2-9409442f5dbf 4fe50d88ee0d4df2871ff0604ac41094 7f29f076a5d4434f9d44a52bef2874aa - - default default] 10.0.0.239 "GET /v2.0/ports?device_id=74311eee-5ca0-4132-807e-cf1918fc0564 HTTP/1.1" status: 200 len: 1174 time: 0.0554211 /var/lib/openstack/lib/python3.10/site-packages/pycadf/identifier.py:71: UserWarning: Invalid uuid: neutron. To ensure interoperability, identifiers should be a valid uuid. warnings.warn(('Invalid uuid: %s. To ensure interoperability, '
2026-07-02 06:19:45.380 9 INFO neutron.wsgi [req-7e2f507f-134b-4f94-8ecc-c44ede9a2892 req-b19d531b-0209-4fb3-a8bf-8ee44047b0c4 4fe50d88ee0d4df2871ff0604ac41094 7f29f076a5d4434f9d44a52bef2874aa - - default default] 10.0.0.239 "GET /v2.0/security-groups?id=83cf7436-53dc-4e7c-8dd4-1a6869ada258&fields=id&fields=name HTTP/1.1" status: 200 len: 313 time: 0.0391939
2026-07-02 06:19:45.403 10 INFO neutron.wsgi [None req-fcd899d2-1a2a-4b2b-b630-3b905fef52e4 faf66270869c4117be065211887f715e 039eb320fd72459d9386a642b0b0105d - - default default] 10.0.0.113 "GET /v2.0/security-group-rules HTTP/1.1" status: 200 len: 3567 time: 0.0670786
2026-07-02 06:19:45.414 10 WARNING neutron_lib.context [None req-f0163426-eaa9-4813-91dd-31f2f4cfb01a faf66270869c4117be065211887f715e 039eb320fd72459d9386a642b0b0105d - - default default] Method 'is_advsvc' is deprecated since 2023.2 release (neutron-lib 3.8.0) and will be removed once support for the old RBAC API policies will be removed from Neutron. Please use method 'is_service_role' instead.
2026-07-02 06:19:45.565 9 INFO neutron.wsgi [None req-0106c79e-044c-4a4c-a9f5-4f9961f203ff 904adb6371384afb94afe1df788d8c46 18198c55da934ffe9f6640b965efaec5 - - default default] 10.0.0.99 "GET /v2.0/extensions HTTP/1.1" status: 200 len: 16980 time: 0.1435139
2026-07-02 06:19:45.691 10 INFO neutron.db.ovn_revision_numbers_db [None req-f0163426-eaa9-4813-91dd-31f2f4cfb01a faf66270869c4117be065211887f715e 039eb320fd72459d9386a642b0b0105d - - default default] Successfully bumped revision number for resource f0862c4b-89be-4ca0-9105-0ec51ca37053 (type: security_group_rules) to 0
2026-07-02 06:19:45.718 9 INFO neutron.wsgi [None req-0188eef3-b272-4111-a899-cbf5505e6865 904adb6371384afb94afe1df788d8c46 18198c55da934ffe9f6640b965efaec5 - - default default] 10.0.0.99 "GET /v2.0/quotas/18198c55da934ffe9f6640b965efaec5/details HTTP/1.1" status: 200 len: 756 time: 0.1281796
2026-07-02 06:19:45.736 10 INFO neutron.wsgi [None req-f0163426-eaa9-4813-91dd-31f2f4cfb01a faf66270869c4117be065211887f715e 039eb320fd72459d9386a642b0b0105d - - default default] 10.0.0.113 "POST /v2.0/security-group-rules HTTP/1.1" status: 201 len: 769 time: 0.3276095
2026-07-02 06:19:45.761 9 INFO neutron.wsgi [None req-942b346e-904d-46f0-a8df-434c5d2a9153 faf66270869c4117be065211887f715e 039eb320fd72459d9386a642b0b0105d - - default default] 10.0.0.113 "GET /v2.0/security-group-rules/f0862c4b-89be-4ca0-9105-0ec51ca37053 HTTP/1.1" status: 200 len: 764 time: 0.0196428
2026-07-02 06:19:45.831 9 INFO neutron.wsgi [None req-bb662030-f7c7-48a3-b793-cea2bccca4ac faf66270869c4117be065211887f715e 039eb320fd72459d9386a642b0b0105d - - default default] 10.0.0.113 "GET /v2.0/security-group-rules HTTP/1.1" status: 200 len: 4114 time: 0.0630913
2026-07-02 06:19:45.994 9 INFO neutron.wsgi [None req-980388c4-3fde-40ea-8d3a-171534ddabf9 faf66270869c4117be065211887f715e 039eb320fd72459d9386a642b0b0105d - - default default] 10.0.0.113 "DELETE /v2.0/security-group-rules/f0862c4b-89be-4ca0-9105-0ec51ca37053 HTTP/1.1" status: 204 len: 168 time: 0.1566505
2026-07-02 06:19:46.015 10 INFO neutron.wsgi [None req-a800f1f7-3fed-4139-8cbc-5eb1a11d5f51 621aa77ae2d74da5bb5cd3d0fb766cc2 fd1f3925b562455d9e9282052b127e81 - - default default] 10.0.0.113 "PUT /v2.0/routers/cf991491-80da-4cf3-8cd9-6c6e772a5cdc/remove_router_interface HTTP/1.1" status: 200 len: 503 time: 0.8568666 /var/lib/openstack/lib/python3.10/site-packages/pycadf/identifier.py:71: UserWarning: Invalid uuid: neutron. To ensure interoperability, identifiers should be a valid uuid. warnings.warn(('Invalid uuid: %s. To ensure interoperability, '
2026-07-02 06:19:46.042 9 INFO neutron.wsgi [None req-4fc5f94e-bbea-40bd-b1df-5b89ba79879a faf66270869c4117be065211887f715e 039eb320fd72459d9386a642b0b0105d - - default default] 10.0.0.113 "GET /v2.0/security-group-rules HTTP/1.1" status: 200 len: 3567 time: 0.0428779
2026-07-02 06:19:46.090 10 INFO neutron.api.v2.resource [None req-4edc9fd3-0798-43e2-842b-1f40df3ff1a0 621aa77ae2d74da5bb5cd3d0fb766cc2 fd1f3925b562455d9e9282052b127e81 - - default default] remove_router_interface failed (client error): The resource could not be found.
2026-07-02 06:19:46.092 10 INFO neutron.wsgi [None req-4edc9fd3-0798-43e2-842b-1f40df3ff1a0 621aa77ae2d74da5bb5cd3d0fb766cc2 fd1f3925b562455d9e9282052b127e81 - - default default] 10.0.0.113 "PUT /v2.0/routers/cf991491-80da-4cf3-8cd9-6c6e772a5cdc/remove_router_interface HTTP/1.1" status: 404 len: 398 time: 0.0706806
2026-07-02 06:19:46.125 10 INFO neutron.wsgi [None req-61857dd0-2eb4-45df-9162-bfcd35ef5074 621aa77ae2d74da5bb5cd3d0fb766cc2 fd1f3925b562455d9e9282052b127e81 - - default default] 10.0.0.113 "GET /v2.0/ports?device_id=cf991491-80da-4cf3-8cd9-6c6e772a5cdc HTTP/1.1" status: 200 len: 205 time: 0.0267913
2026-07-02 06:19:46.219 9 INFO neutron.wsgi [None req-e9265383-c32b-439d-a93e-c692e17da735 faf66270869c4117be065211887f715e 039eb320fd72459d9386a642b0b0105d - - default default] 10.0.0.113 "DELETE /v2.0/security-groups/5dd70ace-0779-4142-a27f-e941c0e12bb7 HTTP/1.1" status: 204 len: 168 time: 0.1733916
2026-07-02 06:19:46.279 9 INFO neutron.wsgi [None req-29145c7f-e1ad-4973-88cd-07d4aa8d959e faf66270869c4117be065211887f715e 039eb320fd72459d9386a642b0b0105d - - default default] 10.0.0.113 "GET /v2.0/security-groups HTTP/1.1" status: 200 len: 2996 time: 0.0537944
2026-07-02 06:19:46.351 9 INFO neutron.wsgi [None req-39be7e1c-da65-40e8-bdce-92c3d7b235b6 faf66270869c4117be065211887f715e 039eb320fd72459d9386a642b0b0105d - - default default] 10.0.0.113 "GET /v2.0/security-groups HTTP/1.1" status: 200 len: 2996 time: 0.0447078
2026-07-02 06:19:46.505 9 INFO neutron.wsgi [req-2762ab41-ecc3-4b7c-9fc0-6c63eb8e3712 req-55f544fb-5713-468a-9b91-094ebd4c1a27 4fe50d88ee0d4df2871ff0604ac41094 7f29f076a5d4434f9d44a52bef2874aa - - default default] 10.0.0.239 "GET /v2.0/ports?device_id=74311eee-5ca0-4132-807e-cf1918fc0564 HTTP/1.1" status: 200 len: 1174 time: 0.0565791
2026-07-02 06:19:46.574 9 INFO neutron.wsgi [req-2762ab41-ecc3-4b7c-9fc0-6c63eb8e3712 req-cc2956a7-facd-4b0c-ba2c-50c6964b33ca 4fe50d88ee0d4df2871ff0604ac41094 7f29f076a5d4434f9d44a52bef2874aa - - default default] 10.0.0.239 "GET /v2.0/security-groups?id=83cf7436-53dc-4e7c-8dd4-1a6869ada258&fields=id&fields=name HTTP/1.1" status: 200 len: 313 time: 0.0600407
2026-07-02 06:19:46.709 10 INFO neutron.wsgi [None req-e5bae7c7-00ec-46c8-a5f6-41a916be589c 621aa77ae2d74da5bb5cd3d0fb766cc2 fd1f3925b562455d9e9282052b127e81 - - default default] 10.0.0.113 "DELETE /v2.0/routers/cf991491-80da-4cf3-8cd9-6c6e772a5cdc HTTP/1.1" status: 204 len: 168 time: 0.5790195
2026-07-02 06:19:46.925 10 INFO neutron.wsgi [None req-9d184e03-7770-4c75-bccf-31f3900cb47e 621aa77ae2d74da5bb5cd3d0fb766cc2 fd1f3925b562455d9e9282052b127e81 - - default default] 10.0.0.113 "DELETE /v2.0/subnets/3cabfa67-cee8-48a3-a4ea-d93ecbf81404 HTTP/1.1" status: 204 len: 168 time: 0.2088068
2026-07-02 06:19:47.346 9 INFO neutron.wsgi [None req-f79ea2f1-1604-489c-ae72-38c554068540 44f9fc947be441caab831b744dde8ad6 431f6c9a3dcd4add9521adb805be1cd6 - - default default] 10.0.0.113 "GET /v2.0/security-groups?tenant_id=039eb320fd72459d9386a642b0b0105d&name=default HTTP/1.1" status: 200 len: 2996 time: 0.3896434
2026-07-02 06:19:47.428 10 INFO neutron.services.segments.plugin [-] Segment 17fc7f0f-3a51-4e81-98d9-57d3b2b45442 resource provider aggregate not found
2026-07-02 06:19:47.435 10 INFO neutron.services.segments.plugin [-] Segment 17fc7f0f-3a51-4e81-98d9-57d3b2b45442 resource provider aggregate not found
2026-07-02 06:19:47.453 10 INFO neutron.services.segments.plugin [-] Segment 17fc7f0f-3a51-4e81-98d9-57d3b2b45442 resource provider not found; error: Placement Client Error (4xx): {"errors": [{"status": 404, "title": "Not Found", "detail": "The resource could not be found.\n\n No resource provider with uuid 17fc7f0f-3a51-4e81-98d9-57d3b2b45442 found for delete ", "request_id": "req-45872df8-798f-45c9-8de9-eabddaa8038e"}]}
2026-07-02 06:19:47.455 10 INFO neutron.services.segments.plugin [-] Segment 17fc7f0f-3a51-4e81-98d9-57d3b2b45442 resource provider not found; error: Placement Client Error (4xx): {"errors": [{"status": 404, "title": "Not Found", "detail": "The resource could not be found.\n\n No resource provider with uuid 17fc7f0f-3a51-4e81-98d9-57d3b2b45442 found for delete ", "request_id": "req-7ba6bfb7-ca7b-4ed2-86f4-a27fb637a872"}]}
2026-07-02 06:19:47.497 10 INFO neutron.wsgi [None req-1b5f5c36-9fdf-4d96-897f-e126a04fe643 621aa77ae2d74da5bb5cd3d0fb766cc2 fd1f3925b562455d9e9282052b127e81 - - default default] 10.0.0.113 "DELETE /v2.0/networks/ac2ba348-5bc8-4d1f-92c1-d2054b99fae6 HTTP/1.1" status: 204 len: 168 time: 0.5661442
2026-07-02 06:19:47.511 9 WARNING neutron_lib.context [None req-849eb7e5-7ddd-4e33-b8a9-8f7ecf8adf8d 621aa77ae2d74da5bb5cd3d0fb766cc2 fd1f3925b562455d9e9282052b127e81 - - default default] Method 'is_advsvc' is deprecated since 2023.2 release (neutron-lib 3.8.0) and will be removed once support for the old RBAC API policies will be removed from Neutron. Please use method 'is_service_role' instead.
2026-07-02 06:19:47.619 9 INFO neutron.wsgi [None req-ed34dfb4-9d1f-4e30-9fb1-eb84fad3c478 44f9fc947be441caab831b744dde8ad6 431f6c9a3dcd4add9521adb805be1cd6 - - default default] 10.0.0.113 "DELETE /v2.0/security-groups/c83a903f-0415-43e6-a4fa-82bd65bc4321 HTTP/1.1" status: 204 len: 168 time: 0.2668025
2026-07-02 06:19:47.626 9 INFO neutron.db.segments_db [None req-849eb7e5-7ddd-4e33-b8a9-8f7ecf8adf8d 621aa77ae2d74da5bb5cd3d0fb766cc2 fd1f3925b562455d9e9282052b127e81 - - default default] Added segment 54aa4abf-f787-4f42-9cd2-24ceeb98dca3 of type geneve for network 9796e1cc-6b46-44b9-ba11-623abaea6085
2026-07-02 06:19:48.073 9 INFO neutron.db.ovn_revision_numbers_db [None req-849eb7e5-7ddd-4e33-b8a9-8f7ecf8adf8d 621aa77ae2d74da5bb5cd3d0fb766cc2 fd1f3925b562455d9e9282052b127e81 - - default default] Successfully bumped revision number for resource 9796e1cc-6b46-44b9-ba11-623abaea6085 (type: networks) to 1
2026-07-02 06:19:48.324 9 WARNING neutron.scheduler.dhcp_agent_scheduler [None req-849eb7e5-7ddd-4e33-b8a9-8f7ecf8adf8d 621aa77ae2d74da5bb5cd3d0fb766cc2 fd1f3925b562455d9e9282052b127e81 - - default default] No more DHCP agents
2026-07-02 06:19:48.328 9 WARNING neutron.api.rpc.agentnotifiers.dhcp_rpc_agent_api [None req-849eb7e5-7ddd-4e33-b8a9-8f7ecf8adf8d 621aa77ae2d74da5bb5cd3d0fb766cc2 fd1f3925b562455d9e9282052b127e81 - - default default] Unable to schedule network 9796e1cc-6b46-44b9-ba11-623abaea6085: no agents available; will retry on subsequent port and subnet creation events.
2026-07-02 06:19:48.345 10 INFO neutron.wsgi [None req-1c2edae0-81ab-4d4c-a386-1cae14db41ef 904adb6371384afb94afe1df788d8c46 18198c55da934ffe9f6640b965efaec5 - - default default] 10.0.0.99 "GET /v2.0/extensions HTTP/1.1" status: 200 len: 16980 time: 0.0096703
2026-07-02 06:19:48.452 9 INFO neutron.db.ovn_revision_numbers_db [None req-849eb7e5-7ddd-4e33-b8a9-8f7ecf8adf8d 621aa77ae2d74da5bb5cd3d0fb766cc2 fd1f3925b562455d9e9282052b127e81 - - default default] Successfully bumped revision number for resource cb4286c6-d52d-4dc5-b32b-ff82671ce457 (type: ports) to 1
2026-07-02 06:19:48.476 9 INFO neutron.wsgi [None req-849eb7e5-7ddd-4e33-b8a9-8f7ecf8adf8d 621aa77ae2d74da5bb5cd3d0fb766cc2 fd1f3925b562455d9e9282052b127e81 - - default default] 10.0.0.113 "POST /v2.0/networks HTTP/1.1" status: 201 len: 828 time: 0.9713812
2026-07-02 06:19:48.489 9 WARNING neutron_lib.context [None req-730bee80-5e23-4c44-af6e-19ed086f9c11 621aa77ae2d74da5bb5cd3d0fb766cc2 fd1f3925b562455d9e9282052b127e81 - - default default] Method 'is_advsvc' is deprecated since 2023.2 release (neutron-lib 3.8.0) and will be removed once support for the old RBAC API policies will be removed from Neutron. Please use method 'is_service_role' instead.
2026-07-02 06:19:48.498 10 INFO neutron.wsgi [None req-216fe504-d3ce-463a-a945-ce0d42a4bb32 904adb6371384afb94afe1df788d8c46 18198c55da934ffe9f6640b965efaec5 - - default default] 10.0.0.99 "GET /v2.0/quotas/18198c55da934ffe9f6640b965efaec5/details HTTP/1.1" status: 200 len: 756 time: 0.1282127
2026-07-02 06:19:48.737 9 WARNING neutron.scheduler.dhcp_agent_scheduler [None req-730bee80-5e23-4c44-af6e-19ed086f9c11 621aa77ae2d74da5bb5cd3d0fb766cc2 fd1f3925b562455d9e9282052b127e81 - - default default] No more DHCP agents
2026-07-02 06:19:48.739 9 WARNING neutron.api.rpc.agentnotifiers.dhcp_rpc_agent_api [None req-730bee80-5e23-4c44-af6e-19ed086f9c11 621aa77ae2d74da5bb5cd3d0fb766cc2 fd1f3925b562455d9e9282052b127e81 - - default default] Unable to schedule network 9796e1cc-6b46-44b9-ba11-623abaea6085: no agents available; will retry on subsequent port and subnet creation events.
2026-07-02 06:19:49.293 9 INFO neutron.db.ovn_revision_numbers_db [None req-730bee80-5e23-4c44-af6e-19ed086f9c11 621aa77ae2d74da5bb5cd3d0fb766cc2 fd1f3925b562455d9e9282052b127e81 - - default default] Successfully bumped revision number for resource cb4286c6-d52d-4dc5-b32b-ff82671ce457 (type: ports) to 2
2026-07-02 06:19:49.349 9 INFO neutron.db.ovn_revision_numbers_db [None req-730bee80-5e23-4c44-af6e-19ed086f9c11 621aa77ae2d74da5bb5cd3d0fb766cc2 fd1f3925b562455d9e9282052b127e81 - - default default] Successfully bumped revision number for resource 3f040d5a-0c2e-4cfc-9a0a-fe88d769aa43 (type: subnets) to 0
2026-07-02 06:19:49.371 9 INFO neutron.wsgi [None req-730bee80-5e23-4c44-af6e-19ed086f9c11 621aa77ae2d74da5bb5cd3d0fb766cc2 fd1f3925b562455d9e9282052b127e81 - - default default] 10.0.0.113 "POST /v2.0/subnets HTTP/1.1" status: 201 len: 801 time: 0.8881915
2026-07-02 06:19:49.383 9 WARNING neutron_lib.context [None req-dff7f0cc-e4da-4177-87d7-c0267f6d893b 621aa77ae2d74da5bb5cd3d0fb766cc2 fd1f3925b562455d9e9282052b127e81 - - default default] Method 'is_advsvc' is deprecated since 2023.2 release (neutron-lib 3.8.0) and will be removed once support for the old RBAC API policies will be removed from Neutron. Please use method 'is_service_role' instead.
2026-07-02 06:19:49.536 9 INFO neutron.db.ovn_revision_numbers_db [None req-dff7f0cc-e4da-4177-87d7-c0267f6d893b 621aa77ae2d74da5bb5cd3d0fb766cc2 fd1f3925b562455d9e9282052b127e81 - - default default] Successfully bumped revision number for resource 55c6034e-65d4-4c41-8e0a-f9bad9b175d3 (type: routers) to 1
2026-07-02 06:19:49.556 9 INFO neutron.wsgi [None req-dff7f0cc-e4da-4177-87d7-c0267f6d893b 621aa77ae2d74da5bb5cd3d0fb766cc2 fd1f3925b562455d9e9282052b127e81 - - default default] 10.0.0.113 "POST /v2.0/routers HTTP/1.1" status: 201 len: 687 time: 0.1793616
2026-07-02 06:19:49.578 9 WARNING neutron.plugins.ml2.drivers.ovn.mech_driver.ovsdb.ovn_client [None req-474cecf2-bd82-41f3-916e-ad8bc4a73b8f - - - - - -] No port found with ID bfa0799e-c4a3-4e97-9a83-b84c7d282c48: RuntimeError: No port found with ID bfa0799e-c4a3-4e97-9a83-b84c7d282c48
2026-07-02 06:19:49.578 9 INFO neutron.plugins.ml2.drivers.ovn.mech_driver.mech_driver [None req-474cecf2-bd82-41f3-916e-ad8bc4a73b8f - - - - - -] OVN reports status down for port: e9f64023-276b-46be-bd81-17357e9314c8
2026-07-02 06:19:49.735 9 INFO neutron.notifiers.nova [-] Nova event matching ['req-87fc4b58-66fd-45c1-961e-29056455e9bc'] response: {'server_uuid': '74311eee-5ca0-4132-807e-cf1918fc0564', 'name': 'network-vif-unplugged', 'status': 'completed', 'tag': 'e9f64023-276b-46be-bd81-17357e9314c8', 'code': 200}
2026-07-02 06:19:49.898 9 INFO neutron.db.ovn_revision_numbers_db [None req-474cecf2-bd82-41f3-916e-ad8bc4a73b8f - - - - - -] Successfully bumped revision number for resource e9f64023-276b-46be-bd81-17357e9314c8 (type: ports) to 5
2026-07-02 06:19:49.919 9 WARNING neutron.plugins.ml2.drivers.ovn.mech_driver.ovsdb.ovn_client [None req-474cecf2-bd82-41f3-916e-ad8bc4a73b8f - - - - - -] Logical_Switch_Port %s host information not removed, the port state is up
2026-07-02 06:19:49.919 9 INFO neutron.plugins.ml2.drivers.ovn.mech_driver.mech_driver [None req-474cecf2-bd82-41f3-916e-ad8bc4a73b8f - - - - - -] OVN reports status up for port: e9f64023-276b-46be-bd81-17357e9314c8
2026-07-02 06:19:49.950 9 INFO neutron.plugins.ml2.plugin [None req-474cecf2-bd82-41f3-916e-ad8bc4a73b8f - - - - - -] Attempt 1 to provision port e9f64023-276b-46be-bd81-17357e9314c8
2026-07-02 06:19:50.062 9 INFO neutron.wsgi [-] 10.0.0.111 "GET / HTTP/1.1" status: 200 len: 246 time: 0.0020974
2026-07-02 06:19:50.064 9 INFO neutron.wsgi [-] 10.0.0.111 "GET / HTTP/1.1" status: 200 len: 246 time: 0.0013437
2026-07-02 06:19:50.102 10 WARNING neutron.scheduler.dhcp_agent_scheduler [None req-df545f5d-2c1d-41e1-92f2-6e30a039589d 621aa77ae2d74da5bb5cd3d0fb766cc2 fd1f3925b562455d9e9282052b127e81 - - default default] No more DHCP agents
2026-07-02 06:19:50.107 10 WARNING neutron.api.rpc.agentnotifiers.dhcp_rpc_agent_api [None req-df545f5d-2c1d-41e1-92f2-6e30a039589d 621aa77ae2d74da5bb5cd3d0fb766cc2 fd1f3925b562455d9e9282052b127e81 - - default default] Unable to schedule network 9796e1cc-6b46-44b9-ba11-623abaea6085: no agents available; will retry on subsequent port and subnet creation events.
2026-07-02 06:19:50.302 10 INFO neutron.db.ovn_revision_numbers_db [None req-df545f5d-2c1d-41e1-92f2-6e30a039589d 621aa77ae2d74da5bb5cd3d0fb766cc2 fd1f3925b562455d9e9282052b127e81 - - default default] Successfully bumped revision number for resource 425d5b17-b07a-4c14-b36d-9e282f74a761 (type: ports) to 1
2026-07-02 06:19:50.325 9 INFO neutron.db.ovn_revision_numbers_db [None req-474cecf2-bd82-41f3-916e-ad8bc4a73b8f - - - - - -] Successfully bumped revision number for resource e9f64023-276b-46be-bd81-17357e9314c8 (type: ports) to 6
2026-07-02 06:19:50.733 9 INFO neutron.plugins.ml2.drivers.ovn.mech_driver.mech_driver [None req-474cecf2-bd82-41f3-916e-ad8bc4a73b8f - - - - - -] OVN reports status up for port: 425d5b17-b07a-4c14-b36d-9e282f74a761
2026-07-02 06:19:50.740 9 INFO neutron.plugins.ml2.plugin [None req-474cecf2-bd82-41f3-916e-ad8bc4a73b8f - - - - - -] Attempt 1 to provision port 425d5b17-b07a-4c14-b36d-9e282f74a761
2026-07-02 06:19:50.778 10 INFO neutron.db.ovn_revision_numbers_db [None req-df545f5d-2c1d-41e1-92f2-6e30a039589d 621aa77ae2d74da5bb5cd3d0fb766cc2 fd1f3925b562455d9e9282052b127e81 - - default default] Successfully bumped revision number for resource 425d5b17-b07a-4c14-b36d-9e282f74a761 (type: router_ports) to 1
2026-07-02 06:19:50.996 10 INFO neutron.db.ovn_revision_numbers_db [None req-df545f5d-2c1d-41e1-92f2-6e30a039589d 621aa77ae2d74da5bb5cd3d0fb766cc2 fd1f3925b562455d9e9282052b127e81 - - default default] Successfully bumped revision number for resource 425d5b17-b07a-4c14-b36d-9e282f74a761 (type: ports) to 1
2026-07-02 06:19:51.031 9 INFO neutron.db.ovn_revision_numbers_db [None req-474cecf2-bd82-41f3-916e-ad8bc4a73b8f - - - - - -] Successfully bumped revision number for resource 425d5b17-b07a-4c14-b36d-9e282f74a761 (type: ports) to 2
2026-07-02 06:19:51.069 10 WARNING neutron.scheduler.dhcp_agent_scheduler [None req-df545f5d-2c1d-41e1-92f2-6e30a039589d 621aa77ae2d74da5bb5cd3d0fb766cc2 fd1f3925b562455d9e9282052b127e81 - - default default] No more DHCP agents
2026-07-02 06:19:51.071 10 WARNING neutron.api.rpc.agentnotifiers.dhcp_rpc_agent_api [None req-df545f5d-2c1d-41e1-92f2-6e30a039589d 621aa77ae2d74da5bb5cd3d0fb766cc2 fd1f3925b562455d9e9282052b127e81 - - default default] Unable to schedule network 9796e1cc-6b46-44b9-ba11-623abaea6085: no agents available; will retry on subsequent port and subnet creation events.
2026-07-02 06:19:51.102 9 INFO neutron.db.ovn_revision_numbers_db [None req-474cecf2-bd82-41f3-916e-ad8bc4a73b8f - - - - - -] Successfully bumped revision number for resource 425d5b17-b07a-4c14-b36d-9e282f74a761 (type: router_ports) to 2
2026-07-02 06:19:51.227 10 INFO neutron.db.ovn_revision_numbers_db [None req-df545f5d-2c1d-41e1-92f2-6e30a039589d 621aa77ae2d74da5bb5cd3d0fb766cc2 fd1f3925b562455d9e9282052b127e81 - - default default] Successfully bumped revision number for resource 425d5b17-b07a-4c14-b36d-9e282f74a761 (type: router_ports) to 2
2026-07-02 06:19:51.230 10 INFO neutron.wsgi [None req-df545f5d-2c1d-41e1-92f2-6e30a039589d 621aa77ae2d74da5bb5cd3d0fb766cc2 fd1f3925b562455d9e9282052b127e81 - - default default] 10.0.0.113 "PUT /v2.0/routers/55c6034e-65d4-4c41-8e0a-f9bad9b175d3/add_router_interface HTTP/1.1" status: 200 len: 503 time: 1.6505096 /var/lib/openstack/lib/python3.10/site-packages/pycadf/identifier.py:71: UserWarning: Invalid uuid: neutron. To ensure interoperability, identifiers should be a valid uuid. warnings.warn(('Invalid uuid: %s. To ensure interoperability, '
2026-07-02 06:19:51.316 9 INFO neutron.wsgi [None req-e832648a-d60f-4190-b76d-e50376c6ef70 621aa77ae2d74da5bb5cd3d0fb766cc2 fd1f3925b562455d9e9282052b127e81 - - default default] 10.0.0.113 "GET /v2.0/ports/425d5b17-b07a-4c14-b36d-9e282f74a761 HTTP/1.1" status: 200 len: 1137 time: 0.0791321
2026-07-02 06:19:51.417 10 INFO neutron.wsgi [None req-1fa5542e-5b92-4dbb-ab4b-96a60eb2a045 621aa77ae2d74da5bb5cd3d0fb766cc2 fd1f3925b562455d9e9282052b127e81 - - default default] 10.0.0.113 "GET /v2.0/ports/425d5b17-b07a-4c14-b36d-9e282f74a761 HTTP/1.1" status: 200 len: 1137 time: 0.0950978
2026-07-02 06:19:51.457 9 INFO neutron.db.ovn_revision_numbers_db [None req-0f7a6e41-c190-435c-bbfd-9b09518c7821 44f9fc947be441caab831b744dde8ad6 431f6c9a3dcd4add9521adb805be1cd6 - - default default] Successfully bumped revision number for resource 8c8a91bb-1d77-4ee4-9788-321173f75669 (type: security_groups) to 1
2026-07-02 06:19:51.460 9 INFO neutron.db.ovn_revision_numbers_db [None req-8b1ff1df-bfe6-40b3-adfb-362a61285977 44f9fc947be441caab831b744dde8ad6 431f6c9a3dcd4add9521adb805be1cd6 - - default default] Successfully bumped revision number for resource ce88c3f9-afdb-4aae-9c5f-3a4e3271ac95 (type: security_groups) to 1
2026-07-02 06:19:51.473 9 INFO neutron.db.ovn_revision_numbers_db [None req-0f7a6e41-c190-435c-bbfd-9b09518c7821 44f9fc947be441caab831b744dde8ad6 431f6c9a3dcd4add9521adb805be1cd6 - - default default] Successfully bumped revision number for resource 69b7e449-5511-4bdc-ab47-a70a57213531 (type: security_group_rules) to 0
2026-07-02 06:19:51.483 9 INFO neutron.db.ovn_revision_numbers_db [None req-8b1ff1df-bfe6-40b3-adfb-362a61285977 44f9fc947be441caab831b744dde8ad6 431f6c9a3dcd4add9521adb805be1cd6 - - default default] Successfully bumped revision number for resource 821443bc-2171-4f27-a45e-9e00bc56dd4d (type: security_group_rules) to 0
2026-07-02 06:19:51.500 9 INFO neutron.db.ovn_revision_numbers_db [None req-0f7a6e41-c190-435c-bbfd-9b09518c7821 44f9fc947be441caab831b744dde8ad6 431f6c9a3dcd4add9521adb805be1cd6 - - default default] Successfully bumped revision number for resource ba07c7f1-e248-43ec-b42a-11ae8f218cfa (type: security_group_rules) to 0
2026-07-02 06:19:51.502 9 INFO neutron.db.ovn_revision_numbers_db [None req-8b1ff1df-bfe6-40b3-adfb-362a61285977 44f9fc947be441caab831b744dde8ad6 431f6c9a3dcd4add9521adb805be1cd6 - - default default] Successfully bumped revision number for resource 8ebf1474-4c2e-4be4-a1de-7d01dfbcea6d (type: security_group_rules) to 0
