2026-07-01 12:13:48.517 7 INFO cinder.api.openstack.wsgi [None req-795deafb-c323-43b0-9e43-8a446dfa3be9 5a40a2ff78bd43be89d2721d50930310 ad274800de564c87a202711135e44121 - - default default] http://cinder-api.openstack.svc.cluster.local:8776/v3/volumes/4bf707b5-2f4c-4837-a5e9-636ccdbb0f29 returned with HTTP 200 [pid: 7|app: 0|req: 426/855] 10.0.0.94 () {32 vars in 708 bytes} [Wed Jul 1 12:13:48 2026] GET /v3/volumes/4bf707b5-2f4c-4837-a5e9-636ccdbb0f29 => generated 903 bytes in 26 msecs (HTTP/1.1 200) 7 headers in 285 bytes (1 switches on core 0)
2026-07-01 12:13:48.544 8 INFO cinder.api.openstack.wsgi [None req-a789a477-3079-4d69-bed7-219c3e9d82c1 5a40a2ff78bd43be89d2721d50930310 ad274800de564c87a202711135e44121 - - default default] DELETE http://cinder-api.openstack.svc.cluster.local:8776/v3/volumes/4bf707b5-2f4c-4837-a5e9-636ccdbb0f29
2026-07-01 12:13:48.545 8 INFO cinder.api.v3.volumes [None req-a789a477-3079-4d69-bed7-219c3e9d82c1 5a40a2ff78bd43be89d2721d50930310 ad274800de564c87a202711135e44121 - - default default] Delete volume with id: 4bf707b5-2f4c-4837-a5e9-636ccdbb0f29 /var/lib/openstack/lib/python3.12/site-packages/oslo_context/context.py:100: DeprecationWarning: Policy enforcement is depending on the value of is_admin. This key is deprecated. Please update your policy file to use the standard policy values. warnings.warn('Policy enforcement is depending on the value of '
2026-07-01 12:13:48.556 8 INFO cinder.volume.api [None req-a789a477-3079-4d69-bed7-219c3e9d82c1 5a40a2ff78bd43be89d2721d50930310 ad274800de564c87a202711135e44121 - - default default] Volume info retrieved successfully.
2026-07-01 12:13:48.579 8 INFO cinder.volume.api [None req-a789a477-3079-4d69-bed7-219c3e9d82c1 5a40a2ff78bd43be89d2721d50930310 ad274800de564c87a202711135e44121 - - default default] Delete volume request issued successfully.
2026-07-01 12:13:48.580 8 INFO cinder.api.openstack.wsgi [None req-a789a477-3079-4d69-bed7-219c3e9d82c1 5a40a2ff78bd43be89d2721d50930310 ad274800de564c87a202711135e44121 - - default default] http://cinder-api.openstack.svc.cluster.local:8776/v3/volumes/4bf707b5-2f4c-4837-a5e9-636ccdbb0f29 returned with HTTP 202 [pid: 8|app: 0|req: 430/856] 10.0.0.94 () {32 vars in 711 bytes} [Wed Jul 1 12:13:48 2026] DELETE /v3/volumes/4bf707b5-2f4c-4837-a5e9-636ccdbb0f29 => generated 0 bytes in 45 msecs (HTTP/1.1 202) 6 headers in 233 bytes (1 switches on core 0) /var/lib/openstack/lib/python3.12/site-packages/pycadf/identifier.py:70: UserWarning: Invalid uuid: cinderv3. To ensure interoperability, identifiers should be a valid uuid. warnings.warn(('Invalid uuid: %s. To ensure interoperability, '
2026-07-01 12:13:48.594 7 INFO cinder.api.openstack.wsgi [None req-81e1c4bb-fa34-490e-aea3-36293c9adf00 5a40a2ff78bd43be89d2721d50930310 ad274800de564c87a202711135e44121 - - default default] GET http://cinder-api.openstack.svc.cluster.local:8776/v3/volumes/4bf707b5-2f4c-4837-a5e9-636ccdbb0f29 /var/lib/openstack/lib/python3.12/site-packages/oslo_context/context.py:100: DeprecationWarning: Policy enforcement is depending on the value of is_admin. This key is deprecated. Please update your policy file to use the standard policy values. warnings.warn('Policy enforcement is depending on the value of '
2026-07-01 12:13:48.610 7 INFO cinder.volume.api [None req-81e1c4bb-fa34-490e-aea3-36293c9adf00 5a40a2ff78bd43be89d2721d50930310 ad274800de564c87a202711135e44121 - - default default] Volume info retrieved successfully.
2026-07-01 12:13:48.616 7 INFO cinder.api.openstack.wsgi [None req-81e1c4bb-fa34-490e-aea3-36293c9adf00 5a40a2ff78bd43be89d2721d50930310 ad274800de564c87a202711135e44121 - - default default] http://cinder-api.openstack.svc.cluster.local:8776/v3/volumes/4bf707b5-2f4c-4837-a5e9-636ccdbb0f29 returned with HTTP 200 [pid: 7|app: 0|req: 427/857] 10.0.0.94 () {32 vars in 708 bytes} [Wed Jul 1 12:13:48 2026] GET /v3/volumes/4bf707b5-2f4c-4837-a5e9-636ccdbb0f29 => generated 902 bytes in 30 msecs (HTTP/1.1 200) 7 headers in 285 bytes (1 switches on core 0) /var/lib/openstack/lib/python3.12/site-packages/pycadf/identifier.py:70: UserWarning: Invalid uuid: cinderv3. To ensure interoperability, identifiers should be a valid uuid. warnings.warn(('Invalid uuid: %s. To ensure interoperability, '
2026-07-01 12:13:49.639 8 INFO cinder.api.openstack.wsgi [None req-e00fc465-9ba9-49a3-8e37-5efae92e603d 5a40a2ff78bd43be89d2721d50930310 ad274800de564c87a202711135e44121 - - default default] GET http://cinder-api.openstack.svc.cluster.local:8776/v3/volumes/4bf707b5-2f4c-4837-a5e9-636ccdbb0f29
2026-07-01 12:13:49.648 8 INFO cinder.api.openstack.wsgi [None req-e00fc465-9ba9-49a3-8e37-5efae92e603d 5a40a2ff78bd43be89d2721d50930310 ad274800de564c87a202711135e44121 - - default default] http://cinder-api.openstack.svc.cluster.local:8776/v3/volumes/4bf707b5-2f4c-4837-a5e9-636ccdbb0f29 returned with HTTP 404 [pid: 8|app: 0|req: 431/858] 10.0.0.94 () {32 vars in 708 bytes} [Wed Jul 1 12:13:49 2026] GET /v3/volumes/4bf707b5-2f4c-4837-a5e9-636ccdbb0f29 => generated 109 bytes in 17 msecs (HTTP/1.1 404) 7 headers in 292 bytes (1 switches on core 0) /var/lib/openstack/lib/python3.12/site-packages/pycadf/identifier.py:70: UserWarning: Invalid uuid: cinderv3. To ensure interoperability, identifiers should be a valid uuid. warnings.warn(('Invalid uuid: %s. To ensure interoperability, '
2026-07-01 12:13:49.660 7 INFO cinder.api.openstack.wsgi [None req-58808cd3-3988-47cc-82f1-c9133f91f70e 5a40a2ff78bd43be89d2721d50930310 ad274800de564c87a202711135e44121 - - default default] GET http://cinder-api.openstack.svc.cluster.local:8776/v3/volumes/6ab81284-37ce-4fc4-a011-3a547aec053c /var/lib/openstack/lib/python3.12/site-packages/oslo_context/context.py:100: DeprecationWarning: Policy enforcement is depending on the value of is_admin. This key is deprecated. Please update your policy file to use the standard policy values. warnings.warn('Policy enforcement is depending on the value of '
2026-07-01 12:13:49.680 7 INFO cinder.volume.api [None req-58808cd3-3988-47cc-82f1-c9133f91f70e 5a40a2ff78bd43be89d2721d50930310 ad274800de564c87a202711135e44121 - - default default] Volume info retrieved successfully.
2026-07-01 12:13:49.686 7 INFO cinder.api.openstack.wsgi [None req-58808cd3-3988-47cc-82f1-c9133f91f70e 5a40a2ff78bd43be89d2721d50930310 ad274800de564c87a202711135e44121 - - default default] http://cinder-api.openstack.svc.cluster.local:8776/v3/volumes/6ab81284-37ce-4fc4-a011-3a547aec053c returned with HTTP 200 [pid: 7|app: 0|req: 428/859] 10.0.0.94 () {32 vars in 708 bytes} [Wed Jul 1 12:13:49 2026] GET /v3/volumes/6ab81284-37ce-4fc4-a011-3a547aec053c => generated 903 bytes in 34 msecs (HTTP/1.1 200) 7 headers in 285 bytes (1 switches on core 0)
2026-07-01 12:13:49.706 8 INFO cinder.api.openstack.wsgi [None req-9d689a92-66de-48ed-8157-098bccdf7f07 5a40a2ff78bd43be89d2721d50930310 ad274800de564c87a202711135e44121 - - default default] DELETE http://cinder-api.openstack.svc.cluster.local:8776/v3/volumes/6ab81284-37ce-4fc4-a011-3a547aec053c
2026-07-01 12:13:49.707 8 INFO cinder.api.v3.volumes [None req-9d689a92-66de-48ed-8157-098bccdf7f07 5a40a2ff78bd43be89d2721d50930310 ad274800de564c87a202711135e44121 - - default default] Delete volume with id: 6ab81284-37ce-4fc4-a011-3a547aec053c /var/lib/openstack/lib/python3.12/site-packages/oslo_context/context.py:100: DeprecationWarning: Policy enforcement is depending on the value of is_admin. This key is deprecated. Please update your policy file to use the standard policy values. warnings.warn('Policy enforcement is depending on the value of '
2026-07-01 12:13:49.719 8 INFO cinder.volume.api [None req-9d689a92-66de-48ed-8157-098bccdf7f07 5a40a2ff78bd43be89d2721d50930310 ad274800de564c87a202711135e44121 - - default default] Volume info retrieved successfully.
2026-07-01 12:13:49.742 8 INFO cinder.volume.api [None req-9d689a92-66de-48ed-8157-098bccdf7f07 5a40a2ff78bd43be89d2721d50930310 ad274800de564c87a202711135e44121 - - default default] Delete volume request issued successfully.
2026-07-01 12:13:49.742 8 INFO cinder.api.openstack.wsgi [None req-9d689a92-66de-48ed-8157-098bccdf7f07 5a40a2ff78bd43be89d2721d50930310 ad274800de564c87a202711135e44121 - - default default] http://cinder-api.openstack.svc.cluster.local:8776/v3/volumes/6ab81284-37ce-4fc4-a011-3a547aec053c returned with HTTP 202 [pid: 8|app: 0|req: 432/860] 10.0.0.94 () {32 vars in 711 bytes} [Wed Jul 1 12:13:49 2026] DELETE /v3/volumes/6ab81284-37ce-4fc4-a011-3a547aec053c => generated 0 bytes in 45 msecs (HTTP/1.1 202) 6 headers in 233 bytes (1 switches on core 0) /var/lib/openstack/lib/python3.12/site-packages/pycadf/identifier.py:70: UserWarning: Invalid uuid: cinderv3. To ensure interoperability, identifiers should be a valid uuid. warnings.warn(('Invalid uuid: %s. To ensure interoperability, '
2026-07-01 12:13:49.757 7 INFO cinder.api.openstack.wsgi [None req-2543b3a1-67cd-45b2-ac59-b56dbf9100c6 5a40a2ff78bd43be89d2721d50930310 ad274800de564c87a202711135e44121 - - default default] GET http://cinder-api.openstack.svc.cluster.local:8776/v3/volumes/6ab81284-37ce-4fc4-a011-3a547aec053c /var/lib/openstack/lib/python3.12/site-packages/oslo_context/context.py:100: DeprecationWarning: Policy enforcement is depending on the value of is_admin. This key is deprecated. Please update your policy file to use the standard policy values. warnings.warn('Policy enforcement is depending on the value of '
2026-07-01 12:13:49.772 7 INFO cinder.volume.api [None req-2543b3a1-67cd-45b2-ac59-b56dbf9100c6 5a40a2ff78bd43be89d2721d50930310 ad274800de564c87a202711135e44121 - - default default] Volume info retrieved successfully.
2026-07-01 12:13:49.781 7 INFO cinder.api.openstack.wsgi [None req-2543b3a1-67cd-45b2-ac59-b56dbf9100c6 5a40a2ff78bd43be89d2721d50930310 ad274800de564c87a202711135e44121 - - default default] http://cinder-api.openstack.svc.cluster.local:8776/v3/volumes/6ab81284-37ce-4fc4-a011-3a547aec053c returned with HTTP 200 [pid: 7|app: 0|req: 429/861] 10.0.0.94 () {32 vars in 708 bytes} [Wed Jul 1 12:13:49 2026] GET /v3/volumes/6ab81284-37ce-4fc4-a011-3a547aec053c => generated 902 bytes in 32 msecs (HTTP/1.1 200) 7 headers in 285 bytes (1 switches on core 0) /var/lib/openstack/lib/python3.12/site-packages/pycadf/identifier.py:70: UserWarning: Invalid uuid: cinderv3. To ensure interoperability, identifiers should be a valid uuid. warnings.warn(('Invalid uuid: %s. To ensure interoperability, '
2026-07-01 12:13:50.806 8 INFO cinder.api.openstack.wsgi [None req-b7a398a4-2d97-46b8-bb5c-8d001dff85e2 5a40a2ff78bd43be89d2721d50930310 ad274800de564c87a202711135e44121 - - default default] GET http://cinder-api.openstack.svc.cluster.local:8776/v3/volumes/6ab81284-37ce-4fc4-a011-3a547aec053c
2026-07-01 12:13:50.815 8 INFO cinder.api.openstack.wsgi [None req-b7a398a4-2d97-46b8-bb5c-8d001dff85e2 5a40a2ff78bd43be89d2721d50930310 ad274800de564c87a202711135e44121 - - default default] http://cinder-api.openstack.svc.cluster.local:8776/v3/volumes/6ab81284-37ce-4fc4-a011-3a547aec053c returned with HTTP 404 [pid: 8|app: 0|req: 434/864] 10.0.0.94 () {32 vars in 708 bytes} [Wed Jul 1 12:13:50 2026] GET /v3/volumes/6ab81284-37ce-4fc4-a011-3a547aec053c => generated 109 bytes in 16 msecs (HTTP/1.1 404) 7 headers in 292 bytes (1 switches on core 0)
2026-07-01 12:13:54.972 7 INFO cinder.api.openstack.wsgi [None req-2543b3a1-67cd-45b2-ac59-b56dbf9100c6 5a40a2ff78bd43be89d2721d50930310 ad274800de564c87a202711135e44121 - - default default] GET http://cinder-api.openstack.svc.cluster.local:8776/
2026-07-01 12:13:54.973 7 INFO cinder.api.openstack.wsgi [None req-2543b3a1-67cd-45b2-ac59-b56dbf9100c6 5a40a2ff78bd43be89d2721d50930310 ad274800de564c87a202711135e44121 - - default default] http://cinder-api.openstack.svc.cluster.local:8776/ returned with HTTP 300 [pid: 7|app: 0|req: 431/865] 10.0.0.240 () {28 vars in 376 bytes} [Wed Jul 1 12:13:54 2026] GET / => generated 411 bytes in 2 msecs (HTTP/1.1 300) 5 headers in 169 bytes (1 switches on core 0)
2026-07-01 12:13:54.986 8 INFO cinder.api.openstack.wsgi [None req-9183691b-3751-461c-9497-0986fd66cb63 aee7e2a8831144eb8d2a4fab9adec3c0 42a6c82c6fa74eca907cd8fc6dc91d70 - - default default] GET http://cinder-api.openstack.svc.cluster.local:8776/v3/limits?tenant_id=42a6c82c6fa74eca907cd8fc6dc91d70
2026-07-01 12:13:55.014 8 INFO cinder.api.openstack.wsgi [None req-9183691b-3751-461c-9497-0986fd66cb63 aee7e2a8831144eb8d2a4fab9adec3c0 42a6c82c6fa74eca907cd8fc6dc91d70 - - default default] http://cinder-api.openstack.svc.cluster.local:8776/v3/limits?tenant_id=42a6c82c6fa74eca907cd8fc6dc91d70 returned with HTTP 200 [pid: 8|app: 0|req: 435/866] 10.0.0.240 () {34 vars in 813 bytes} [Wed Jul 1 12:13:54 2026] GET /v3/limits?tenant_id=42a6c82c6fa74eca907cd8fc6dc91d70 => generated 302 bytes in 38 msecs (HTTP/1.1 200) 7 headers in 286 bytes (1 switches on core 0)
2026-07-01 12:13:56.414 7 INFO cinder.api.openstack.wsgi [None req-2543b3a1-67cd-45b2-ac59-b56dbf9100c6 5a40a2ff78bd43be89d2721d50930310 ad274800de564c87a202711135e44121 - - default default] GET http://cinder-api.openstack.svc.cluster.local:8776/
2026-07-01 12:13:56.415 7 INFO cinder.api.openstack.wsgi [None req-2543b3a1-67cd-45b2-ac59-b56dbf9100c6 5a40a2ff78bd43be89d2721d50930310 ad274800de564c87a202711135e44121 - - default default] http://cinder-api.openstack.svc.cluster.local:8776/ returned with HTTP 300 [pid: 7|app: 0|req: 432/867] 10.0.0.240 () {28 vars in 376 bytes} [Wed Jul 1 12:13:56 2026] GET / => generated 411 bytes in 2 msecs (HTTP/1.1 300) 5 headers in 169 bytes (1 switches on core 0)
2026-07-01 12:13:56.421 8 INFO cinder.api.openstack.wsgi [None req-9183691b-3751-461c-9497-0986fd66cb63 aee7e2a8831144eb8d2a4fab9adec3c0 42a6c82c6fa74eca907cd8fc6dc91d70 - - default default] GET http://cinder-api.openstack.svc.cluster.local:8776/
2026-07-01 12:13:56.422 8 INFO cinder.api.openstack.wsgi [None req-9183691b-3751-461c-9497-0986fd66cb63 aee7e2a8831144eb8d2a4fab9adec3c0 42a6c82c6fa74eca907cd8fc6dc91d70 - - default default] http://cinder-api.openstack.svc.cluster.local:8776/ returned with HTTP 300 [pid: 8|app: 0|req: 436/868] 10.0.0.240 () {28 vars in 376 bytes} [Wed Jul 1 12:13:56 2026] GET / => generated 411 bytes in 2 msecs (HTTP/1.1 300) 5 headers in 169 bytes (1 switches on core 0)
2026-07-01 12:13:56.883 7 INFO cinder.api.openstack.wsgi [None req-2543b3a1-67cd-45b2-ac59-b56dbf9100c6 5a40a2ff78bd43be89d2721d50930310 ad274800de564c87a202711135e44121 - - default default] GET http://cinder-api.openstack.svc.cluster.local:8776/
2026-07-01 12:13:56.884 7 INFO cinder.api.openstack.wsgi [None req-2543b3a1-67cd-45b2-ac59-b56dbf9100c6 5a40a2ff78bd43be89d2721d50930310 ad274800de564c87a202711135e44121 - - default default] http://cinder-api.openstack.svc.cluster.local:8776/ returned with HTTP 300 [pid: 7|app: 0|req: 433/869] 10.0.0.240 () {28 vars in 376 bytes} [Wed Jul 1 12:13:56 2026] GET / => generated 411 bytes in 4 msecs (HTTP/1.1 300) 5 headers in 169 bytes (1 switches on core 0)
2026-07-01 12:13:56.897 8 INFO cinder.api.openstack.wsgi [None req-9f788949-3cb6-40b6-bc2b-61bb86904b76 aee7e2a8831144eb8d2a4fab9adec3c0 42a6c82c6fa74eca907cd8fc6dc91d70 - - default default] GET http://cinder-api.openstack.svc.cluster.local:8776/v3/limits?tenant_id=42a6c82c6fa74eca907cd8fc6dc91d70
2026-07-01 12:13:56.929 8 INFO cinder.api.openstack.wsgi [None req-9f788949-3cb6-40b6-bc2b-61bb86904b76 aee7e2a8831144eb8d2a4fab9adec3c0 42a6c82c6fa74eca907cd8fc6dc91d70 - - default default] http://cinder-api.openstack.svc.cluster.local:8776/v3/limits?tenant_id=42a6c82c6fa74eca907cd8fc6dc91d70 returned with HTTP 200 [pid: 8|app: 0|req: 437/870] 10.0.0.240 () {34 vars in 813 bytes} [Wed Jul 1 12:13:56 2026] GET /v3/limits?tenant_id=42a6c82c6fa74eca907cd8fc6dc91d70 => generated 302 bytes in 37 msecs (HTTP/1.1 200) 7 headers in 286 bytes (1 switches on core 0)
2026-07-01 12:13:58.418 7 INFO cinder.api.openstack.wsgi [None req-2543b3a1-67cd-45b2-ac59-b56dbf9100c6 5a40a2ff78bd43be89d2721d50930310 ad274800de564c87a202711135e44121 - - default default] GET http://cinder-api.openstack.svc.cluster.local:8776/
2026-07-01 12:13:58.419 7 INFO cinder.api.openstack.wsgi [None req-2543b3a1-67cd-45b2-ac59-b56dbf9100c6 5a40a2ff78bd43be89d2721d50930310 ad274800de564c87a202711135e44121 - - default default] http://cinder-api.openstack.svc.cluster.local:8776/ returned with HTTP 300 [pid: 7|app: 0|req: 434/871] 10.0.0.240 () {28 vars in 376 bytes} [Wed Jul 1 12:13:58 2026] GET / => generated 411 bytes in 2 msecs (HTTP/1.1 300) 5 headers in 169 bytes (1 switches on core 0)
2026-07-01 12:13:58.426 8 INFO cinder.api.openstack.wsgi [None req-9f788949-3cb6-40b6-bc2b-61bb86904b76 aee7e2a8831144eb8d2a4fab9adec3c0 42a6c82c6fa74eca907cd8fc6dc91d70 - - default default] GET http://cinder-api.openstack.svc.cluster.local:8776/
2026-07-01 12:13:58.427 8 INFO cinder.api.openstack.wsgi [None req-9f788949-3cb6-40b6-bc2b-61bb86904b76 aee7e2a8831144eb8d2a4fab9adec3c0 42a6c82c6fa74eca907cd8fc6dc91d70 - - default default] http://cinder-api.openstack.svc.cluster.local:8776/ returned with HTTP 300 [pid: 8|app: 0|req: 438/872] 10.0.0.240 () {28 vars in 376 bytes} [Wed Jul 1 12:13:58 2026] GET / => generated 411 bytes in 2 msecs (HTTP/1.1 300) 5 headers in 169 bytes (1 switches on core 0) /var/lib/openstack/lib/python3.12/site-packages/pycadf/identifier.py:70: UserWarning: Invalid uuid: cinderv3. To ensure interoperability, identifiers should be a valid uuid. warnings.warn(('Invalid uuid: %s. To ensure interoperability, '
2026-07-01 12:14:06.670 7 INFO cinder.api.openstack.wsgi [None req-72c6b51f-e4c1-4a85-a107-11908328efd0 61cbf4d44b624a44ab935bfe7f4f17e8 6d79d5a111ef4c69bb80d28a471025e1 - - default default] POST http://cinder-api.openstack.svc.cluster.local:8776/v3/volumes
2026-07-01 12:14:07.414 7 INFO cinder.api.v3.volumes [None req-72c6b51f-e4c1-4a85-a107-11908328efd0 61cbf4d44b624a44ab935bfe7f4f17e8 6d79d5a111ef4c69bb80d28a471025e1 - - default default] Create volume of 16 GB
2026-07-01 12:14:07.423 7 INFO cinder.volume.api [None req-72c6b51f-e4c1-4a85-a107-11908328efd0 61cbf4d44b624a44ab935bfe7f4f17e8 6d79d5a111ef4c69bb80d28a471025e1 - - default default] Availability Zones retrieved successfully.
2026-07-01 12:14:07.935 7 INFO cinder.volume.api [None req-72c6b51f-e4c1-4a85-a107-11908328efd0 61cbf4d44b624a44ab935bfe7f4f17e8 6d79d5a111ef4c69bb80d28a471025e1 - - default default] Create volume request issued successfully.
2026-07-01 12:14:07.936 7 INFO cinder.api.openstack.wsgi [None req-72c6b51f-e4c1-4a85-a107-11908328efd0 61cbf4d44b624a44ab935bfe7f4f17e8 6d79d5a111ef4c69bb80d28a471025e1 - - default default] http://cinder-api.openstack.svc.cluster.local:8776/v3/volumes returned with HTTP 202 [pid: 7|app: 0|req: 436/875] 199.204.45.23 () {34 vars in 667 bytes} [Wed Jul 1 12:14:06 2026] POST /v3/volumes => generated 780 bytes in 1488 msecs (HTTP/1.1 202) 7 headers in 291 bytes (1 switches on core 0)
2026-07-01 12:14:07.951 8 INFO cinder.api.openstack.wsgi [req-72c6b51f-e4c1-4a85-a107-11908328efd0 req-b08e64f4-e6ab-4460-aec4-7c098a3711d4 61cbf4d44b624a44ab935bfe7f4f17e8 6d79d5a111ef4c69bb80d28a471025e1 - - default default] GET http://cinder-api.openstack.svc.cluster.local:8776/v3/volumes/0e214ca9-76c1-4903-a128-b7157d463171 /var/lib/openstack/lib/python3.12/site-packages/oslo_context/context.py:100: DeprecationWarning: Policy enforcement is depending on the value of is_admin. This key is deprecated. Please update your policy file to use the standard policy values. warnings.warn('Policy enforcement is depending on the value of '
2026-07-01 12:14:08.000 8 INFO cinder.volume.api [req-72c6b51f-e4c1-4a85-a107-11908328efd0 req-b08e64f4-e6ab-4460-aec4-7c098a3711d4 61cbf4d44b624a44ab935bfe7f4f17e8 6d79d5a111ef4c69bb80d28a471025e1 - - default default] Volume info retrieved successfully.
2026-07-01 12:14:08.005 8 INFO cinder.api.openstack.wsgi [req-72c6b51f-e4c1-4a85-a107-11908328efd0 req-b08e64f4-e6ab-4460-aec4-7c098a3711d4 61cbf4d44b624a44ab935bfe7f4f17e8 6d79d5a111ef4c69bb80d28a471025e1 - - default default] http://cinder-api.openstack.svc.cluster.local:8776/v3/volumes/0e214ca9-76c1-4903-a128-b7157d463171 returned with HTTP 200 [pid: 8|app: 0|req: 440/876] 199.204.45.23 () {32 vars in 758 bytes} [Wed Jul 1 12:14:07 2026] GET /v3/volumes/0e214ca9-76c1-4903-a128-b7157d463171 => generated 959 bytes in 60 msecs (HTTP/1.1 200) 7 headers in 285 bytes (1 switches on core 0) /var/lib/openstack/lib/python3.12/site-packages/pycadf/identifier.py:70: UserWarning: Invalid uuid: cinderv3. To ensure interoperability, identifiers should be a valid uuid. warnings.warn(('Invalid uuid: %s. To ensure interoperability, '
2026-07-01 12:14:12.347 7 INFO cinder.api.openstack.wsgi [None req-2beb3076-233c-4b85-a2a8-01facfaad72f 61cbf4d44b624a44ab935bfe7f4f17e8 6d79d5a111ef4c69bb80d28a471025e1 - - default default] GET http://cinder-api.openstack.svc.cluster.local:8776/v3/scheduler-stats/get_pools?detail=true /var/lib/openstack/lib/python3.12/site-packages/oslo_context/context.py:100: DeprecationWarning: Policy enforcement is depending on the value of is_admin. This key is deprecated. Please update your policy file to use the standard policy values. warnings.warn('Policy enforcement is depending on the value of '
2026-07-01 12:14:12.852 7 INFO cinder.api.openstack.wsgi [None req-2beb3076-233c-4b85-a2a8-01facfaad72f 61cbf4d44b624a44ab935bfe7f4f17e8 6d79d5a111ef4c69bb80d28a471025e1 - - default default] http://cinder-api.openstack.svc.cluster.local:8776/v3/scheduler-stats/get_pools?detail=true returned with HTTP 200 [pid: 7|app: 0|req: 438/879] 10.0.0.48 () {28 vars in 629 bytes} [Wed Jul 1 12:14:12 2026] GET /v3/scheduler-stats/get_pools?detail=true => generated 670 bytes in 620 msecs (HTTP/1.1 200) 7 headers in 285 bytes (1 switches on core 0) /var/lib/openstack/lib/python3.12/site-packages/pycadf/identifier.py:70: UserWarning: Invalid uuid: cinderv3. To ensure interoperability, identifiers should be a valid uuid. warnings.warn(('Invalid uuid: %s. To ensure interoperability, '
2026-07-01 12:14:12.861 8 INFO cinder.api.openstack.wsgi [None req-d8a8aeb4-53fb-4b79-ad63-d35fd3327474 61cbf4d44b624a44ab935bfe7f4f17e8 6d79d5a111ef4c69bb80d28a471025e1 - - default default] GET http://cinder-api.openstack.svc.cluster.local:8776/v3/os-services
2026-07-01 12:14:12.869 8 INFO cinder.api.openstack.wsgi [None req-d8a8aeb4-53fb-4b79-ad63-d35fd3327474 61cbf4d44b624a44ab935bfe7f4f17e8 6d79d5a111ef4c69bb80d28a471025e1 - - default default] http://cinder-api.openstack.svc.cluster.local:8776/v3/os-services returned with HTTP 200 [pid: 8|app: 0|req: 442/880] 10.0.0.48 () {28 vars in 578 bytes} [Wed Jul 1 12:14:12 2026] GET /v3/os-services => generated 646 bytes in 14 msecs (HTTP/1.1 200) 7 headers in 285 bytes (1 switches on core 0)
2026-07-01 12:14:12.910 7 INFO cinder.api.openstack.wsgi [None req-1c224de6-29cd-4116-997f-455a3c05dfc0 61cbf4d44b624a44ab935bfe7f4f17e8 6d79d5a111ef4c69bb80d28a471025e1 - - default default] GET http://cinder-api.openstack.svc.cluster.local:8776/v3/os-quota-sets/233e83db1fe44353bde0ed1132e7ad07?usage=true
2026-07-01 12:14:12.933 7 INFO cinder.api.openstack.wsgi [None req-1c224de6-29cd-4116-997f-455a3c05dfc0 61cbf4d44b624a44ab935bfe7f4f17e8 6d79d5a111ef4c69bb80d28a471025e1 - - default default] http://cinder-api.openstack.svc.cluster.local:8776/v3/os-quota-sets/233e83db1fe44353bde0ed1132e7ad07?usage=true returned with HTTP 200 [pid: 7|app: 0|req: 439/881] 10.0.0.48 () {28 vars in 669 bytes} [Wed Jul 1 12:14:12 2026] GET /v3/os-quota-sets/233e83db1fe44353bde0ed1132e7ad07?usage=true => generated 847 bytes in 30 msecs (HTTP/1.1 200) 7 headers in 285 bytes (1 switches on core 0)
2026-07-01 12:14:12.945 8 INFO cinder.api.openstack.wsgi [None req-730dbb9e-9d57-4c38-8228-53725e248552 61cbf4d44b624a44ab935bfe7f4f17e8 6d79d5a111ef4c69bb80d28a471025e1 - - default default] GET http://cinder-api.openstack.svc.cluster.local:8776/v3/os-quota-sets/45cf9197df5d475ab661a378f1d55b9f?usage=true
2026-07-01 12:14:12.968 8 INFO cinder.api.openstack.wsgi [None req-730dbb9e-9d57-4c38-8228-53725e248552 61cbf4d44b624a44ab935bfe7f4f17e8 6d79d5a111ef4c69bb80d28a471025e1 - - default default] http://cinder-api.openstack.svc.cluster.local:8776/v3/os-quota-sets/45cf9197df5d475ab661a378f1d55b9f?usage=true returned with HTTP 200 [pid: 8|app: 0|req: 443/882] 10.0.0.48 () {28 vars in 669 bytes} [Wed Jul 1 12:14:12 2026] GET /v3/os-quota-sets/45cf9197df5d475ab661a378f1d55b9f?usage=true => generated 847 bytes in 30 msecs (HTTP/1.1 200) 7 headers in 285 bytes (1 switches on core 0)
2026-07-01 12:14:12.979 7 INFO cinder.api.openstack.wsgi [None req-bfcaf27e-9ed8-43f8-b343-e095625e9efb 61cbf4d44b624a44ab935bfe7f4f17e8 6d79d5a111ef4c69bb80d28a471025e1 - - default default] GET http://cinder-api.openstack.svc.cluster.local:8776/v3/os-quota-sets/5e5877ee10bb401abe6d3711e283aeb2?usage=true
2026-07-01 12:14:13.002 7 INFO cinder.api.openstack.wsgi [None req-bfcaf27e-9ed8-43f8-b343-e095625e9efb 61cbf4d44b624a44ab935bfe7f4f17e8 6d79d5a111ef4c69bb80d28a471025e1 - - default default] http://cinder-api.openstack.svc.cluster.local:8776/v3/os-quota-sets/5e5877ee10bb401abe6d3711e283aeb2?usage=true returned with HTTP 200 [pid: 7|app: 0|req: 440/883] 10.0.0.48 () {28 vars in 669 bytes} [Wed Jul 1 12:14:12 2026] GET /v3/os-quota-sets/5e5877ee10bb401abe6d3711e283aeb2?usage=true => generated 847 bytes in 30 msecs (HTTP/1.1 200) 7 headers in 285 bytes (1 switches on core 0)
2026-07-01 12:14:13.013 8 INFO cinder.api.openstack.wsgi [None req-1dec9961-9942-4907-b2f8-d9d1ec46eba2 61cbf4d44b624a44ab935bfe7f4f17e8 6d79d5a111ef4c69bb80d28a471025e1 - - default default] GET http://cinder-api.openstack.svc.cluster.local:8776/v3/os-quota-sets/6172d29672c1478da7eacf983e36bace?usage=true
2026-07-01 12:14:13.018 7 INFO cinder.api.openstack.wsgi [req-72c6b51f-e4c1-4a85-a107-11908328efd0 req-51f607d1-bcfb-45cf-9621-1ae80d24bbbc 61cbf4d44b624a44ab935bfe7f4f17e8 6d79d5a111ef4c69bb80d28a471025e1 - - default default] GET http://cinder-api.openstack.svc.cluster.local:8776/v3/volumes/0e214ca9-76c1-4903-a128-b7157d463171 /var/lib/openstack/lib/python3.12/site-packages/oslo_context/context.py:100: DeprecationWarning: Policy enforcement is depending on the value of is_admin. This key is deprecated. Please update your policy file to use the standard policy values. warnings.warn('Policy enforcement is depending on the value of '
2026-07-01 12:14:13.037 7 INFO cinder.volume.api [req-72c6b51f-e4c1-4a85-a107-11908328efd0 req-51f607d1-bcfb-45cf-9621-1ae80d24bbbc 61cbf4d44b624a44ab935bfe7f4f17e8 6d79d5a111ef4c69bb80d28a471025e1 - - default default] Volume info retrieved successfully.
2026-07-01 12:14:13.042 8 INFO cinder.api.openstack.wsgi [None req-1dec9961-9942-4907-b2f8-d9d1ec46eba2 61cbf4d44b624a44ab935bfe7f4f17e8 6d79d5a111ef4c69bb80d28a471025e1 - - default default] http://cinder-api.openstack.svc.cluster.local:8776/v3/os-quota-sets/6172d29672c1478da7eacf983e36bace?usage=true returned with HTTP 200 [pid: 8|app: 0|req: 444/884] 10.0.0.48 () {28 vars in 669 bytes} [Wed Jul 1 12:14:13 2026] GET /v3/os-quota-sets/6172d29672c1478da7eacf983e36bace?usage=true => generated 847 bytes in 36 msecs (HTTP/1.1 200) 7 headers in 285 bytes (1 switches on core 0)
2026-07-01 12:14:13.045 7 INFO cinder.api.openstack.wsgi [req-72c6b51f-e4c1-4a85-a107-11908328efd0 req-51f607d1-bcfb-45cf-9621-1ae80d24bbbc 61cbf4d44b624a44ab935bfe7f4f17e8 6d79d5a111ef4c69bb80d28a471025e1 - - default default] http://cinder-api.openstack.svc.cluster.local:8776/v3/volumes/0e214ca9-76c1-4903-a128-b7157d463171 returned with HTTP 200 [pid: 7|app: 0|req: 441/885] 199.204.45.23 () {32 vars in 758 bytes} [Wed Jul 1 12:14:13 2026] GET /v3/volumes/0e214ca9-76c1-4903-a128-b7157d463171 => generated 1609 bytes in 34 msecs (HTTP/1.1 200) 7 headers in 286 bytes (1 switches on core 0)
2026-07-01 12:14:13.054 8 INFO cinder.api.openstack.wsgi [None req-c63861bd-c596-47c3-b4ba-eec78eb9b33c 61cbf4d44b624a44ab935bfe7f4f17e8 6d79d5a111ef4c69bb80d28a471025e1 - - default default] GET http://cinder-api.openstack.svc.cluster.local:8776/v3/os-quota-sets/6873496063524a36bbcaa05c596f12c9?usage=true
2026-07-01 12:14:13.076 8 INFO cinder.api.openstack.wsgi [None req-c63861bd-c596-47c3-b4ba-eec78eb9b33c 61cbf4d44b624a44ab935bfe7f4f17e8 6d79d5a111ef4c69bb80d28a471025e1 - - default default] http://cinder-api.openstack.svc.cluster.local:8776/v3/os-quota-sets/6873496063524a36bbcaa05c596f12c9?usage=true returned with HTTP 200 [pid: 8|app: 0|req: 445/886] 10.0.0.48 () {28 vars in 669 bytes} [Wed Jul 1 12:14:13 2026] GET /v3/os-quota-sets/6873496063524a36bbcaa05c596f12c9?usage=true => generated 847 bytes in 29 msecs (HTTP/1.1 200) 7 headers in 285 bytes (1 switches on core 0) /var/lib/openstack/lib/python3.12/site-packages/pycadf/identifier.py:70: UserWarning: Invalid uuid: cinderv3. To ensure interoperability, identifiers should be a valid uuid. warnings.warn(('Invalid uuid: %s. To ensure interoperability, '
2026-07-01 12:14:13.086 7 INFO cinder.api.openstack.wsgi [None req-05620c6c-74ff-41c5-ba08-dbca87c2f99a 61cbf4d44b624a44ab935bfe7f4f17e8 6d79d5a111ef4c69bb80d28a471025e1 - - default default] GET http://cinder-api.openstack.svc.cluster.local:8776/v3/os-quota-sets/6d79d5a111ef4c69bb80d28a471025e1?usage=true
2026-07-01 12:14:13.123 7 INFO cinder.api.openstack.wsgi [None req-05620c6c-74ff-41c5-ba08-dbca87c2f99a 61cbf4d44b624a44ab935bfe7f4f17e8 6d79d5a111ef4c69bb80d28a471025e1 - - default default] http://cinder-api.openstack.svc.cluster.local:8776/v3/os-quota-sets/6d79d5a111ef4c69bb80d28a471025e1?usage=true returned with HTTP 200 [pid: 7|app: 0|req: 442/887] 10.0.0.48 () {28 vars in 669 bytes} [Wed Jul 1 12:14:13 2026] GET /v3/os-quota-sets/6d79d5a111ef4c69bb80d28a471025e1?usage=true => generated 847 bytes in 42 msecs (HTTP/1.1 200) 7 headers in 285 bytes (1 switches on core 0)
2026-07-01 12:14:13.137 8 INFO cinder.api.openstack.wsgi [None req-aeaa0504-3f91-475f-9667-8aaf6d20d7ec 61cbf4d44b624a44ab935bfe7f4f17e8 6d79d5a111ef4c69bb80d28a471025e1 - - default default] GET http://cinder-api.openstack.svc.cluster.local:8776/v3/os-quota-sets/7c5e595613a14fd2a4e1ad4fa5395190?usage=true
2026-07-01 12:14:13.163 8 INFO cinder.api.openstack.wsgi [None req-aeaa0504-3f91-475f-9667-8aaf6d20d7ec 61cbf4d44b624a44ab935bfe7f4f17e8 6d79d5a111ef4c69bb80d28a471025e1 - - default default] http://cinder-api.openstack.svc.cluster.local:8776/v3/os-quota-sets/7c5e595613a14fd2a4e1ad4fa5395190?usage=true returned with HTTP 200 [pid: 8|app: 0|req: 446/888] 10.0.0.48 () {28 vars in 669 bytes} [Wed Jul 1 12:14:13 2026] GET /v3/os-quota-sets/7c5e595613a14fd2a4e1ad4fa5395190?usage=true => generated 847 bytes in 35 msecs (HTTP/1.1 200) 7 headers in 285 bytes (1 switches on core 0)
2026-07-01 12:14:13.174 7 INFO cinder.api.openstack.wsgi [None req-97c440f2-20dc-40bf-9019-96509ece7664 61cbf4d44b624a44ab935bfe7f4f17e8 6d79d5a111ef4c69bb80d28a471025e1 - - default default] GET http://cinder-api.openstack.svc.cluster.local:8776/v3/os-quota-sets/845532c54a4541fd942b2de379f04f3f?usage=true
2026-07-01 12:14:13.193 7 INFO cinder.api.openstack.wsgi [None req-97c440f2-20dc-40bf-9019-96509ece7664 61cbf4d44b624a44ab935bfe7f4f17e8 6d79d5a111ef4c69bb80d28a471025e1 - - default default] http://cinder-api.openstack.svc.cluster.local:8776/v3/os-quota-sets/845532c54a4541fd942b2de379f04f3f?usage=true returned with HTTP 200 [pid: 7|app: 0|req: 443/889] 10.0.0.48 () {28 vars in 669 bytes} [Wed Jul 1 12:14:13 2026] GET /v3/os-quota-sets/845532c54a4541fd942b2de379f04f3f?usage=true => generated 847 bytes in 26 msecs (HTTP/1.1 200) 7 headers in 285 bytes (1 switches on core 0)
2026-07-01 12:14:13.207 8 INFO cinder.api.openstack.wsgi [None req-da99cc6b-cfdf-4461-8d9d-0fdece56713e 61cbf4d44b624a44ab935bfe7f4f17e8 6d79d5a111ef4c69bb80d28a471025e1 - - default default] GET http://cinder-api.openstack.svc.cluster.local:8776/v3/os-quota-sets/89e6bb9cc7384d8eb980f9d69b5b4b7f?usage=true
2026-07-01 12:14:13.238 8 INFO cinder.api.openstack.wsgi [None req-da99cc6b-cfdf-4461-8d9d-0fdece56713e 61cbf4d44b624a44ab935bfe7f4f17e8 6d79d5a111ef4c69bb80d28a471025e1 - - default default] http://cinder-api.openstack.svc.cluster.local:8776/v3/os-quota-sets/89e6bb9cc7384d8eb980f9d69b5b4b7f?usage=true returned with HTTP 200 [pid: 8|app: 0|req: 447/890] 10.0.0.48 () {28 vars in 669 bytes} [Wed Jul 1 12:14:13 2026] GET /v3/os-quota-sets/89e6bb9cc7384d8eb980f9d69b5b4b7f?usage=true => generated 847 bytes in 40 msecs (HTTP/1.1 200) 7 headers in 285 bytes (1 switches on core 0)
2026-07-01 12:14:13.248 7 INFO cinder.api.openstack.wsgi [None req-e7cb29f3-0792-420b-a9a8-ec2f9f7cf6ca 61cbf4d44b624a44ab935bfe7f4f17e8 6d79d5a111ef4c69bb80d28a471025e1 - - default default] GET http://cinder-api.openstack.svc.cluster.local:8776/v3/os-quota-sets/96d5d4e419044120aa3fdb7c299cbd16?usage=true
2026-07-01 12:14:13.274 7 INFO cinder.api.openstack.wsgi [None req-e7cb29f3-0792-420b-a9a8-ec2f9f7cf6ca 61cbf4d44b624a44ab935bfe7f4f17e8 6d79d5a111ef4c69bb80d28a471025e1 - - default default] http://cinder-api.openstack.svc.cluster.local:8776/v3/os-quota-sets/96d5d4e419044120aa3fdb7c299cbd16?usage=true returned with HTTP 200 [pid: 7|app: 0|req: 444/891] 10.0.0.48 () {28 vars in 669 bytes} [Wed Jul 1 12:14:13 2026] GET /v3/os-quota-sets/96d5d4e419044120aa3fdb7c299cbd16?usage=true => generated 847 bytes in 32 msecs (HTTP/1.1 200) 7 headers in 285 bytes (1 switches on core 0)
2026-07-01 12:14:13.286 8 INFO cinder.api.openstack.wsgi [None req-0c33685b-8012-4a44-8dd6-28bb88046459 61cbf4d44b624a44ab935bfe7f4f17e8 6d79d5a111ef4c69bb80d28a471025e1 - - default default] GET http://cinder-api.openstack.svc.cluster.local:8776/v3/os-quota-sets/b0960e21a46344acb00f10fec8091164?usage=true
2026-07-01 12:14:13.307 8 INFO cinder.api.openstack.wsgi [None req-0c33685b-8012-4a44-8dd6-28bb88046459 61cbf4d44b624a44ab935bfe7f4f17e8 6d79d5a111ef4c69bb80d28a471025e1 - - default default] http://cinder-api.openstack.svc.cluster.local:8776/v3/os-quota-sets/b0960e21a46344acb00f10fec8091164?usage=true returned with HTTP 200 [pid: 8|app: 0|req: 448/892] 10.0.0.48 () {28 vars in 669 bytes} [Wed Jul 1 12:14:13 2026] GET /v3/os-quota-sets/b0960e21a46344acb00f10fec8091164?usage=true => generated 847 bytes in 29 msecs (HTTP/1.1 200) 7 headers in 285 bytes (1 switches on core 0)
2026-07-01 12:14:13.321 7 INFO cinder.api.openstack.wsgi [None req-364d0a0a-69d3-4701-a4c7-54a67be73b5b 61cbf4d44b624a44ab935bfe7f4f17e8 6d79d5a111ef4c69bb80d28a471025e1 - - default default] GET http://cinder-api.openstack.svc.cluster.local:8776/v3/os-quota-sets/b11504555dfd49519c2bf466fb23fad7?usage=true
2026-07-01 12:14:13.338 7 INFO cinder.api.openstack.wsgi [None req-364d0a0a-69d3-4701-a4c7-54a67be73b5b 61cbf4d44b624a44ab935bfe7f4f17e8 6d79d5a111ef4c69bb80d28a471025e1 - - default default] http://cinder-api.openstack.svc.cluster.local:8776/v3/os-quota-sets/b11504555dfd49519c2bf466fb23fad7?usage=true returned with HTTP 200 [pid: 7|app: 0|req: 445/893] 10.0.0.48 () {28 vars in 669 bytes} [Wed Jul 1 12:14:13 2026] GET /v3/os-quota-sets/b11504555dfd49519c2bf466fb23fad7?usage=true => generated 847 bytes in 23 msecs (HTTP/1.1 200) 7 headers in 285 bytes (1 switches on core 0)
2026-07-01 12:14:13.349 8 INFO cinder.api.openstack.wsgi [None req-7f4fb853-57df-4b12-a30d-7fdc2a7c5dda 61cbf4d44b624a44ab935bfe7f4f17e8 6d79d5a111ef4c69bb80d28a471025e1 - - default default] GET http://cinder-api.openstack.svc.cluster.local:8776/v3/os-quota-sets/baf60903014040bd8d0111410aec56ee?usage=true
2026-07-01 12:14:13.376 8 INFO cinder.api.openstack.wsgi [None req-7f4fb853-57df-4b12-a30d-7fdc2a7c5dda 61cbf4d44b624a44ab935bfe7f4f17e8 6d79d5a111ef4c69bb80d28a471025e1 - - default default] http://cinder-api.openstack.svc.cluster.local:8776/v3/os-quota-sets/baf60903014040bd8d0111410aec56ee?usage=true returned with HTTP 200 [pid: 8|app: 0|req: 449/894] 10.0.0.48 () {28 vars in 669 bytes} [Wed Jul 1 12:14:13 2026] GET /v3/os-quota-sets/baf60903014040bd8d0111410aec56ee?usage=true => generated 847 bytes in 33 msecs (HTTP/1.1 200) 7 headers in 285 bytes (1 switches on core 0)
2026-07-01 12:14:13.390 7 INFO cinder.api.openstack.wsgi [None req-ccb79938-b75a-45d1-a366-dba88e9a5b70 61cbf4d44b624a44ab935bfe7f4f17e8 6d79d5a111ef4c69bb80d28a471025e1 - - default default] GET http://cinder-api.openstack.svc.cluster.local:8776/v3/os-quota-sets/bee5037024c14ff6899baa9e3fd5136e?usage=true
2026-07-01 12:14:13.410 7 INFO cinder.api.openstack.wsgi [None req-ccb79938-b75a-45d1-a366-dba88e9a5b70 61cbf4d44b624a44ab935bfe7f4f17e8 6d79d5a111ef4c69bb80d28a471025e1 - - default default] http://cinder-api.openstack.svc.cluster.local:8776/v3/os-quota-sets/bee5037024c14ff6899baa9e3fd5136e?usage=true returned with HTTP 200 [pid: 7|app: 0|req: 446/895] 10.0.0.48 () {28 vars in 669 bytes} [Wed Jul 1 12:14:13 2026] GET /v3/os-quota-sets/bee5037024c14ff6899baa9e3fd5136e?usage=true => generated 847 bytes in 29 msecs (HTTP/1.1 200) 7 headers in 285 bytes (1 switches on core 0)
2026-07-01 12:14:13.422 8 INFO cinder.api.openstack.wsgi [None req-8c638360-435c-4e8f-8754-d851a90c0f3e 61cbf4d44b624a44ab935bfe7f4f17e8 6d79d5a111ef4c69bb80d28a471025e1 - - default default] GET http://cinder-api.openstack.svc.cluster.local:8776/v3/os-quota-sets/e6f50120ed454dfaac3b71c9a559f367?usage=true
2026-07-01 12:14:13.444 8 INFO cinder.api.openstack.wsgi [None req-8c638360-435c-4e8f-8754-d851a90c0f3e 61cbf4d44b624a44ab935bfe7f4f17e8 6d79d5a111ef4c69bb80d28a471025e1 - - default default] http://cinder-api.openstack.svc.cluster.local:8776/v3/os-quota-sets/e6f50120ed454dfaac3b71c9a559f367?usage=true returned with HTTP 200 [pid: 8|app: 0|req: 450/896] 10.0.0.48 () {28 vars in 669 bytes} [Wed Jul 1 12:14:13 2026] GET /v3/os-quota-sets/e6f50120ed454dfaac3b71c9a559f367?usage=true => generated 845 bytes in 28 msecs (HTTP/1.1 200) 7 headers in 285 bytes (1 switches on core 0)
2026-07-01 12:14:13.452 7 INFO cinder.api.openstack.wsgi [None req-a54a254e-8d50-41d1-84c6-059d1fbb55f0 61cbf4d44b624a44ab935bfe7f4f17e8 6d79d5a111ef4c69bb80d28a471025e1 - - default default] GET http://cinder-api.openstack.svc.cluster.local:8776/v3/os-quota-sets/ea3993c100434acab260c278bc6738a4?usage=true
2026-07-01 12:14:13.474 7 INFO cinder.api.openstack.wsgi [None req-a54a254e-8d50-41d1-84c6-059d1fbb55f0 61cbf4d44b624a44ab935bfe7f4f17e8 6d79d5a111ef4c69bb80d28a471025e1 - - default default] http://cinder-api.openstack.svc.cluster.local:8776/v3/os-quota-sets/ea3993c100434acab260c278bc6738a4?usage=true returned with HTTP 200 [pid: 7|app: 0|req: 447/897] 10.0.0.48 () {28 vars in 669 bytes} [Wed Jul 1 12:14:13 2026] GET /v3/os-quota-sets/ea3993c100434acab260c278bc6738a4?usage=true => generated 847 bytes in 27 msecs (HTTP/1.1 200) 7 headers in 285 bytes (1 switches on core 0)
2026-07-01 12:14:13.495 8 INFO cinder.api.openstack.wsgi [None req-60f35b9a-5e09-4b51-8803-d5a4a36c0a1a 61cbf4d44b624a44ab935bfe7f4f17e8 6d79d5a111ef4c69bb80d28a471025e1 - - default default] GET http://cinder-api.openstack.svc.cluster.local:8776/v3/os-quota-sets/ff1faa71242e4ec09afda19d3f4f604f?usage=true
2026-07-01 12:14:13.522 8 INFO cinder.api.openstack.wsgi [None req-60f35b9a-5e09-4b51-8803-d5a4a36c0a1a 61cbf4d44b624a44ab935bfe7f4f17e8 6d79d5a111ef4c69bb80d28a471025e1 - - default default] http://cinder-api.openstack.svc.cluster.local:8776/v3/os-quota-sets/ff1faa71242e4ec09afda19d3f4f604f?usage=true returned with HTTP 200 [pid: 8|app: 0|req: 451/898] 10.0.0.48 () {28 vars in 669 bytes} [Wed Jul 1 12:14:13 2026] GET /v3/os-quota-sets/ff1faa71242e4ec09afda19d3f4f604f?usage=true => generated 847 bytes in 37 msecs (HTTP/1.1 200) 7 headers in 285 bytes (1 switches on core 0)
2026-07-01 12:14:13.540 7 INFO cinder.api.openstack.wsgi [None req-addcdad4-01f4-40fa-a031-165e1ca069cf 61cbf4d44b624a44ab935bfe7f4f17e8 6d79d5a111ef4c69bb80d28a471025e1 - - default default] GET http://cinder-api.openstack.svc.cluster.local:8776/v3/snapshots?all_tenants=true
2026-07-01 12:14:13.556 7 INFO cinder.volume.api [None req-addcdad4-01f4-40fa-a031-165e1ca069cf 61cbf4d44b624a44ab935bfe7f4f17e8 6d79d5a111ef4c69bb80d28a471025e1 - - default default] Get all snapshots completed successfully.
2026-07-01 12:14:13.557 7 INFO cinder.api.openstack.wsgi [None req-addcdad4-01f4-40fa-a031-165e1ca069cf 61cbf4d44b624a44ab935bfe7f4f17e8 6d79d5a111ef4c69bb80d28a471025e1 - - default default] http://cinder-api.openstack.svc.cluster.local:8776/v3/snapshots?all_tenants=true returned with HTTP 200 [pid: 7|app: 0|req: 448/899] 10.0.0.48 () {28 vars in 607 bytes} [Wed Jul 1 12:14:13 2026] GET /v3/snapshots?all_tenants=true => generated 17 bytes in 27 msecs (HTTP/1.1 200) 7 headers in 284 bytes (1 switches on core 0)
2026-07-01 12:14:13.566 8 INFO cinder.api.openstack.wsgi [None req-0b969234-dabb-4911-8c0a-9e61827d236d 61cbf4d44b624a44ab935bfe7f4f17e8 6d79d5a111ef4c69bb80d28a471025e1 - - default default] GET http://cinder-api.openstack.svc.cluster.local:8776/v3/volumes/detail?all_tenants=true
2026-07-01 12:14:13.576 8 INFO cinder.volume.api [None req-0b969234-dabb-4911-8c0a-9e61827d236d 61cbf4d44b624a44ab935bfe7f4f17e8 6d79d5a111ef4c69bb80d28a471025e1 - - default default] Get all volumes completed successfully. /var/lib/openstack/lib/python3.12/site-packages/oslo_context/context.py:100: DeprecationWarning: Policy enforcement is depending on the value of is_admin. This key is deprecated. Please update your policy file to use the standard policy values. warnings.warn('Policy enforcement is depending on the value of '
2026-07-01 12:14:13.581 8 INFO cinder.api.openstack.wsgi [None req-0b969234-dabb-4911-8c0a-9e61827d236d 61cbf4d44b624a44ab935bfe7f4f17e8 6d79d5a111ef4c69bb80d28a471025e1 - - default default] http://cinder-api.openstack.svc.cluster.local:8776/v3/volumes/detail?all_tenants=true returned with HTTP 200 [pid: 8|app: 0|req: 452/900] 10.0.0.48 () {28 vars in 617 bytes} [Wed Jul 1 12:14:13 2026] GET /v3/volumes/detail?all_tenants=true => generated 1612 bytes in 21 msecs (HTTP/1.1 200) 7 headers in 286 bytes (1 switches on core 0)
2026-07-01 12:14:13.593 7 INFO cinder.api.openstack.wsgi [None req-37e0294d-2f10-4342-ad13-12a9642e7ae2 61cbf4d44b624a44ab935bfe7f4f17e8 6d79d5a111ef4c69bb80d28a471025e1 - - default default] GET http://cinder-api.openstack.svc.cluster.local:8776/v3/volumes/detail?all_tenants=true /var/lib/openstack/lib/python3.12/site-packages/pycadf/identifier.py:70: UserWarning: Invalid uuid: cinderv3. To ensure interoperability, identifiers should be a valid uuid. warnings.warn(('Invalid uuid: %s. To ensure interoperability, '
2026-07-01 12:14:13.603 7 INFO cinder.volume.api [None req-37e0294d-2f10-4342-ad13-12a9642e7ae2 61cbf4d44b624a44ab935bfe7f4f17e8 6d79d5a111ef4c69bb80d28a471025e1 - - default default] Get all volumes completed successfully. /var/lib/openstack/lib/python3.12/site-packages/oslo_context/context.py:100: DeprecationWarning: Policy enforcement is depending on the value of is_admin. This key is deprecated. Please update your policy file to use the standard policy values. warnings.warn('Policy enforcement is depending on the value of '
2026-07-01 12:14:13.604 8 INFO cinder.api.openstack.wsgi [req-399e5902-2799-455e-bb45-d29f14d14e8b req-81418092-e48e-4b50-abfd-793a5a7de762 61cbf4d44b624a44ab935bfe7f4f17e8 6d79d5a111ef4c69bb80d28a471025e1 - - default default] GET http://cinder-api.openstack.svc.cluster.local:8776/v3/volumes/0e214ca9-76c1-4903-a128-b7157d463171
2026-07-01 12:14:13.609 7 INFO cinder.api.openstack.wsgi [None req-37e0294d-2f10-4342-ad13-12a9642e7ae2 61cbf4d44b624a44ab935bfe7f4f17e8 6d79d5a111ef4c69bb80d28a471025e1 - - default default] http://cinder-api.openstack.svc.cluster.local:8776/v3/volumes/detail?all_tenants=true returned with HTTP 200 [pid: 7|app: 0|req: 449/901] 10.0.0.48 () {28 vars in 617 bytes} [Wed Jul 1 12:14:13 2026] GET /v3/volumes/detail?all_tenants=true => generated 1612 bytes in 23 msecs (HTTP/1.1 200) 7 headers in 286 bytes (1 switches on core 0) /var/lib/openstack/lib/python3.12/site-packages/oslo_context/context.py:100: DeprecationWarning: Policy enforcement is depending on the value of is_admin. This key is deprecated. Please update your policy file to use the standard policy values. warnings.warn('Policy enforcement is depending on the value of '
2026-07-01 12:14:13.618 8 INFO cinder.volume.api [req-399e5902-2799-455e-bb45-d29f14d14e8b req-81418092-e48e-4b50-abfd-793a5a7de762 61cbf4d44b624a44ab935bfe7f4f17e8 6d79d5a111ef4c69bb80d28a471025e1 - - default default] Volume info retrieved successfully.
2026-07-01 12:14:13.631 8 INFO cinder.api.openstack.wsgi [req-399e5902-2799-455e-bb45-d29f14d14e8b req-81418092-e48e-4b50-abfd-793a5a7de762 61cbf4d44b624a44ab935bfe7f4f17e8 6d79d5a111ef4c69bb80d28a471025e1 - - default default] http://cinder-api.openstack.svc.cluster.local:8776/v3/volumes/0e214ca9-76c1-4903-a128-b7157d463171 returned with HTTP 200 [pid: 8|app: 0|req: 453/902] 10.0.0.185 () {34 vars in 962 bytes} [Wed Jul 1 12:14:13 2026] GET /v3/volumes/0e214ca9-76c1-4903-a128-b7157d463171 => generated 1609 bytes in 35 msecs (HTTP/1.1 200) 7 headers in 286 bytes (1 switches on core 0) /var/lib/openstack/lib/python3.12/site-packages/pycadf/identifier.py:70: UserWarning: Invalid uuid: cinderv3. To ensure interoperability, identifiers should be a valid uuid. warnings.warn(('Invalid uuid: %s. To ensure interoperability, '
2026-07-01 12:14:14.513 7 INFO cinder.api.openstack.wsgi [req-399e5902-2799-455e-bb45-d29f14d14e8b req-c24217d5-7635-4b9e-858c-85477c3203ff 61cbf4d44b624a44ab935bfe7f4f17e8 6d79d5a111ef4c69bb80d28a471025e1 - - default default] GET http://cinder-api.openstack.svc.cluster.local:8776/v3/volumes/0e214ca9-76c1-4903-a128-b7157d463171 /var/lib/openstack/lib/python3.12/site-packages/oslo_context/context.py:100: DeprecationWarning: Policy enforcement is depending on the value of is_admin. This key is deprecated. Please update your policy file to use the standard policy values. warnings.warn('Policy enforcement is depending on the value of '
2026-07-01 12:14:14.527 7 INFO cinder.volume.api [req-399e5902-2799-455e-bb45-d29f14d14e8b req-c24217d5-7635-4b9e-858c-85477c3203ff 61cbf4d44b624a44ab935bfe7f4f17e8 6d79d5a111ef4c69bb80d28a471025e1 - - default default] Volume info retrieved successfully.
2026-07-01 12:14:14.532 7 INFO cinder.api.openstack.wsgi [req-399e5902-2799-455e-bb45-d29f14d14e8b req-c24217d5-7635-4b9e-858c-85477c3203ff 61cbf4d44b624a44ab935bfe7f4f17e8 6d79d5a111ef4c69bb80d28a471025e1 - - default default] http://cinder-api.openstack.svc.cluster.local:8776/v3/volumes/0e214ca9-76c1-4903-a128-b7157d463171 returned with HTTP 200 [pid: 7|app: 0|req: 450/903] 10.0.0.185 () {34 vars in 962 bytes} [Wed Jul 1 12:14:14 2026] GET /v3/volumes/0e214ca9-76c1-4903-a128-b7157d463171 => generated 1609 bytes in 27 msecs (HTTP/1.1 200) 7 headers in 286 bytes (1 switches on core 0)
2026-07-01 12:14:14.540 8 INFO cinder.api.openstack.wsgi [req-399e5902-2799-455e-bb45-d29f14d14e8b req-81418092-e48e-4b50-abfd-793a5a7de762 61cbf4d44b624a44ab935bfe7f4f17e8 6d79d5a111ef4c69bb80d28a471025e1 - - default default] GET http://cinder-api.openstack.svc.cluster.local:8776/
2026-07-01 12:14:14.541 8 INFO cinder.api.openstack.wsgi [req-399e5902-2799-455e-bb45-d29f14d14e8b req-81418092-e48e-4b50-abfd-793a5a7de762 61cbf4d44b624a44ab935bfe7f4f17e8 6d79d5a111ef4c69bb80d28a471025e1 - - default default] http://cinder-api.openstack.svc.cluster.local:8776/ returned with HTTP 300 [pid: 8|app: 0|req: 454/904] 10.0.0.185 () {32 vars in 829 bytes} [Wed Jul 1 12:14:14 2026] GET / => generated 411 bytes in 1 msecs (HTTP/1.1 300) 5 headers in 169 bytes (1 switches on core 0) /var/lib/openstack/lib/python3.12/site-packages/pycadf/identifier.py:70: UserWarning: Invalid uuid: cinderv3. To ensure interoperability, identifiers should be a valid uuid. warnings.warn(('Invalid uuid: %s. To ensure interoperability, '
2026-07-01 12:14:14.551 7 INFO cinder.api.openstack.wsgi [req-399e5902-2799-455e-bb45-d29f14d14e8b req-8dbc8f8a-d6c2-44a9-8caa-93ddc46b6ba3 61cbf4d44b624a44ab935bfe7f4f17e8 6d79d5a111ef4c69bb80d28a471025e1 - - default default] POST http://cinder-api.openstack.svc.cluster.local:8776/v3/attachments /var/lib/openstack/lib/python3.12/site-packages/oslo_context/context.py:100: DeprecationWarning: Policy enforcement is depending on the value of is_admin. This key is deprecated. Please update your policy file to use the standard policy values. warnings.warn('Policy enforcement is depending on the value of '
2026-07-01 12:14:14.599 7 INFO cinder.api.openstack.wsgi [req-399e5902-2799-455e-bb45-d29f14d14e8b req-8dbc8f8a-d6c2-44a9-8caa-93ddc46b6ba3 61cbf4d44b624a44ab935bfe7f4f17e8 6d79d5a111ef4c69bb80d28a471025e1 - - default default] http://cinder-api.openstack.svc.cluster.local:8776/v3/attachments returned with HTTP 200 [pid: 7|app: 0|req: 451/905] 10.0.0.185 () {40 vars in 991 bytes} [Wed Jul 1 12:14:14 2026] POST /v3/attachments => generated 273 bytes in 54 msecs (HTTP/1.1 200) 7 headers in 286 bytes (1 switches on core 0) /var/lib/openstack/lib/python3.12/site-packages/pycadf/identifier.py:70: UserWarning: Invalid uuid: cinderv3. To ensure interoperability, identifiers should be a valid uuid. warnings.warn(('Invalid uuid: %s. To ensure interoperability, '
2026-07-01 12:14:17.994 8 INFO cinder.api.openstack.wsgi [req-72c6b51f-e4c1-4a85-a107-11908328efd0 req-e0dc8e33-dc22-4d07-abfc-95d05f1681a5 61cbf4d44b624a44ab935bfe7f4f17e8 6d79d5a111ef4c69bb80d28a471025e1 - - default default] GET http://cinder-api.openstack.svc.cluster.local:8776/v3/volumes/0e214ca9-76c1-4903-a128-b7157d463171 /var/lib/openstack/lib/python3.12/site-packages/oslo_context/context.py:100: DeprecationWarning: Policy enforcement is depending on the value of is_admin. This key is deprecated. Please update your policy file to use the standard policy values. warnings.warn('Policy enforcement is depending on the value of '
2026-07-01 12:14:18.027 8 INFO cinder.volume.api [req-72c6b51f-e4c1-4a85-a107-11908328efd0 req-e0dc8e33-dc22-4d07-abfc-95d05f1681a5 61cbf4d44b624a44ab935bfe7f4f17e8 6d79d5a111ef4c69bb80d28a471025e1 - - default default] Volume info retrieved successfully.
