Jun 26 06:26:15.398574 np0000183139 devstack@neutron-api.service[103259]: DEBUG neutron.plugins.ml2.drivers.ovn.mech_driver.ovsdb.ovsdb_monitor [None req-98a4f3c0-4572-45f3-937b-ebe2f18f8b40 None None] ChassisOVNAgentWriteEvent : Matched Chassis_Private, create, None None {{(pid=103259) matches /opt/stack/neutron/neutron/plugins/ml2/drivers/ovn/mech_driver/ovsdb/ovsdb_monitor.py:64}}
Jun 26 06:26:15.398730 np0000183139 devstack@neutron-api.service[103259]: DEBUG neutron.plugins.ml2.drivers.ovn.mech_driver.ovsdb.ovsdb_monitor [None req-98a4f3c0-4572-45f3-937b-ebe2f18f8b40 None None] ChassisAgentWriteEvent : Matched Chassis_Private, create, None None {{(pid=103259) matches /opt/stack/neutron/neutron/plugins/ml2/drivers/ovn/mech_driver/ovsdb/ovsdb_monitor.py:64}}
Jun 26 06:26:15.400935 np0000183139 devstack@neutron-api.service[103259]: INFO neutron.plugins.ml2.drivers.ovn.mech_driver.mech_driver [None req-98a4f3c0-4572-45f3-937b-ebe2f18f8b40 None None] WorkerService process has finished the post initialization
Jun 26 06:26:15.401315 np0000183139 devstack@neutron-api.service[103259]: DEBUG oslo_concurrency.processutils [None req-98a4f3c0-4572-45f3-937b-ebe2f18f8b40 None None] Running cmd (subprocess): ovsdb-client transact ssl:199.204.45.144:6641 --timeout 180 -p /opt/stack/data/CA/int-ca/private/devstack-cert.key -c /opt/stack/data/CA/int-ca/devstack-cert.crt -C /opt/stack/data/CA/int-ca/ca-chain.pem ["OVN_Northbound", {"op": "wait", "timeout": 0, "table": "Port_Group", "where": [["name", "==", "pvlan_pg_drop"]], "until": "==", "rows": []}, {"op": "insert", "table": "ACL", "row": {"action": "drop", "direction": "to-lport", "match": "outport == @pvlan_pg_drop && ip", "priority": 1010}, "uuid-name": "pvlandroptoport"}, {"op": "insert", "table": "ACL", "row": {"action": "drop", "direction": "from-lport", "match": "inport == @pvlan_pg_drop && ip", "priority": 1010}, "uuid-name": "pvlandropfromport"}, {"op": "insert", "table": "Port_Group", "row": {"name": "pvlan_pg_drop", "acls": ["set", [["named-uuid", "pvlandroptoport"], ["named-uuid", "pvlandropfromport"]]]}}] {{(pid=103259) execute /opt/stack/data/venv/lib/python3.12/site-packages/oslo_concurrency/processutils.py:440}}
Jun 26 06:26:15.420109 np0000183139 devstack@neutron-api.service[103258]: DEBUG oslo_concurrency.processutils [None req-aea25ced-57f3-4d3a-abe7-4e98de483d23 None None] CMD "ovsdb-client transact ssl:199.204.45.144:6641 --timeout 180 -p /opt/stack/data/CA/int-ca/private/devstack-cert.key -c /opt/stack/data/CA/int-ca/devstack-cert.crt -C /opt/stack/data/CA/int-ca/ca-chain.pem ["OVN_Northbound", {"op": "wait", "timeout": 0, "table": "Port_Group", "where": [["name", "==", "pvlan_pg_drop"]], "until": "==", "rows": []}, {"op": "insert", "table": "ACL", "row": {"action": "drop", "direction": "to-lport", "match": "outport == @pvlan_pg_drop && ip", "priority": 1010}, "uuid-name": "pvlandroptoport"}, {"op": "insert", "table": "ACL", "row": {"action": "drop", "direction": "from-lport", "match": "inport == @pvlan_pg_drop && ip", "priority": 1010}, "uuid-name": "pvlandropfromport"}, {"op": "insert", "table": "Port_Group", "row": {"name": "pvlan_pg_drop", "acls": ["set", [["named-uuid", "pvlandroptoport"], ["named-uuid", "pvlandropfromport"]]]}}]" returned: 0 in 0.037s {{(pid=103258) execute /opt/stack/data/venv/lib/python3.12/site-packages/oslo_concurrency/processutils.py:468}}
Jun 26 06:26:15.422502 np0000183139 devstack@neutron-api.service[103258]: WSGI app 0 (mountpoint='') ready in 7 seconds on interpreter 0x7a240c4a3668 pid: 103258 (default app)
Jun 26 06:26:15.439089 np0000183139 devstack@neutron-api.service[103259]: DEBUG oslo_concurrency.processutils [None req-98a4f3c0-4572-45f3-937b-ebe2f18f8b40 None None] CMD "ovsdb-client transact ssl:199.204.45.144:6641 --timeout 180 -p /opt/stack/data/CA/int-ca/private/devstack-cert.key -c /opt/stack/data/CA/int-ca/devstack-cert.crt -C /opt/stack/data/CA/int-ca/ca-chain.pem ["OVN_Northbound", {"op": "wait", "timeout": 0, "table": "Port_Group", "where": [["name", "==", "pvlan_pg_drop"]], "until": "==", "rows": []}, {"op": "insert", "table": "ACL", "row": {"action": "drop", "direction": "to-lport", "match": "outport == @pvlan_pg_drop && ip", "priority": 1010}, "uuid-name": "pvlandroptoport"}, {"op": "insert", "table": "ACL", "row": {"action": "drop", "direction": "from-lport", "match": "inport == @pvlan_pg_drop && ip", "priority": 1010}, "uuid-name": "pvlandropfromport"}, {"op": "insert", "table": "Port_Group", "row": {"name": "pvlan_pg_drop", "acls": ["set", [["named-uuid", "pvlandroptoport"], ["named-uuid", "pvlandropfromport"]]]}}]" returned: 0 in 0.037s {{(pid=103259) execute /opt/stack/data/venv/lib/python3.12/site-packages/oslo_concurrency/processutils.py:468}}
Jun 26 06:26:15.442391 np0000183139 devstack@neutron-api.service[103259]: WSGI app 0 (mountpoint='') ready in 7 seconds on interpreter 0x7a240c4a3668 pid: 103259 (default app)
Jun 26 06:26:17.432574 np0000183139 devstack@neutron-api.service[103257]: DEBUG neutron.plugins.ml2.drivers.ovn.mech_driver.ovsdb.ovsdb_monitor [-] Hash Ring: Node e96079b19ca55d028c5dd697c2d3bd34 (host: np0000183139) handling event "update" for row faa566cd-f650-4d32-acfb-4ea7798a4898 (table: Connection) {{(pid=103257) notify /opt/stack/neutron/neutron/plugins/ml2/drivers/ovn/mech_driver/ovsdb/ovsdb_monitor.py:1015}}
Jun 26 06:26:17.433150 np0000183139 devstack@neutron-api.service[103260]: DEBUG neutron.common.ovn.hash_ring_manager [-] Allow caching, nodes 4>=4 {{(pid=103260) _wait_startup_before_caching /opt/stack/neutron/neutron/common/ovn/hash_ring_manager.py:71}}
Jun 26 06:26:17.433885 np0000183139 devstack@neutron-api.service[103260]: DEBUG neutron.plugins.ml2.drivers.ovn.mech_driver.ovsdb.ovsdb_monitor [-] Hash Ring: Node 604425646bab5bab8f71cecc909d8a11 (host: np0000183139) handling event "update" for row faa566cd-f650-4d32-acfb-4ea7798a4898 (table: Connection) {{(pid=103260) notify /opt/stack/neutron/neutron/plugins/ml2/drivers/ovn/mech_driver/ovsdb/ovsdb_monitor.py:1015}}
Jun 26 06:26:19.930612 np0000183139 devstack@neutron-api.service[103260]: DEBUG neutron.plugins.ml2.drivers.ovn.mech_driver.ovsdb.ovsdb_monitor [-] Hash Ring: Node 604425646bab5bab8f71cecc909d8a11 (host: np0000183139) handling event "update" for row faa566cd-f650-4d32-acfb-4ea7798a4898 (table: Connection) {{(pid=103260) notify /opt/stack/neutron/neutron/plugins/ml2/drivers/ovn/mech_driver/ovsdb/ovsdb_monitor.py:1015}}
Jun 26 06:26:19.932576 np0000183139 devstack@neutron-api.service[103257]: DEBUG neutron.plugins.ml2.drivers.ovn.mech_driver.ovsdb.ovsdb_monitor [-] Hash Ring: Node e96079b19ca55d028c5dd697c2d3bd34 (host: np0000183139) handling event "update" for row faa566cd-f650-4d32-acfb-4ea7798a4898 (table: Connection) {{(pid=103257) notify /opt/stack/neutron/neutron/plugins/ml2/drivers/ovn/mech_driver/ovsdb/ovsdb_monitor.py:1015}}
Jun 26 06:26:21.240908 np0000183139 devstack@neutron-api.service[103260]: DEBUG neutron.api.wsgi [None req-64d36bdb-64dd-44c6-9864-e40956c3e16c admin admin] Missing Content-Type {{(pid=103260) get_content_type /opt/stack/neutron/neutron/api/wsgi.py:80}}
Jun 26 06:26:21.241585 np0000183139 devstack@neutron-api.service[103260]: DEBUG neutron.api.wsgi [None req-64d36bdb-64dd-44c6-9864-e40956c3e16c admin admin] https://199.204.45.144/networking/v2.0/extensions returned with HTTP 200 {{(pid=103260) __call__ /opt/stack/neutron/neutron/api/wsgi.py:540}}
Jun 26 06:26:21.241585 np0000183139 devstack@neutron-api.service[103260]: [pid: 103260|app: 0|req: 2/2] 199.204.45.144 () {64 vars in 1323 bytes} [Fri Jun 26 06:26:20 2026] GET /networking/v2.0/extensions => generated 16171 bytes in 424 msecs (HTTP/1.1 200) 4 headers in 159 bytes (1 switches on core 0)
Jun 26 06:26:21.659250 np0000183139 devstack@neutron-api.service[103257]: DEBUG neutron.api.v2.base [None req-c3bfeeb6-f68e-4f40-bc54-0cb55196b171 admin admin] Request body: {'subnetpool': {'prefixes': ['10.1.0.0/20'], 'name': 'shared-default-subnetpool-v4', 'shared': True, 'is_default': True, 'default_prefixlen': 26}} {{(pid=103257) prepare_request_body /opt/stack/neutron/neutron/api/v2/base.py:727}}
Jun 26 06:26:21.866467 np0000183139 devstack@neutron-api.service[103257]: DEBUG neutron.policy [None req-c3bfeeb6-f68e-4f40-bc54-0cb55196b171 admin admin] Loaded default policies from ['neutron'] under neutron.policies entry points {{(pid=103257) register_rules /opt/stack/neutron/neutron/policy.py:65}}
Jun 26 06:26:22.033217 np0000183139 devstack@neutron-api.service[103257]: DEBUG neutron_lib.callbacks.manager [None req-c3bfeeb6-f68e-4f40-bc54-0cb55196b171 admin admin] Publish callbacks ['neutron.objects.securitygroup.RbacNeutronDbObjectMixin.validate_rbac_policy_change-2212052350381', 'neutron.objects.address_group.RbacNeutronDbObjectMixin.validate_rbac_policy_change-2212052523205', 'neutron.objects.network.RbacNeutronDbObjectMixin.validate_rbac_policy_change-2212052380505', 'neutron.objects.qos.policy.RbacNeutronDbObjectMixin.validate_rbac_policy_change-2212052370605', 'neutron.objects.subnetpool.RbacNeutronDbObjectMixin.validate_rbac_policy_change-2212052422749', 'neutron.objects.address_scope.RbacNeutronDbObjectMixin.validate_rbac_policy_change-2212052370253', 'neutron.plugins.ml2.plugin.External_net_db_mixin._process_ext_policy_create-3156228', 'neutron.plugins.ml2.plugin.NeutronDbPluginV2.validate_network_rbac_policy_change-3161660'] for rbac-policy (None), before_create {{(pid=103257) _notify_loop /opt/stack/data/venv/lib/python3.12/site-packages/neutron_lib/callbacks/manager.py:184}}
Jun 26 06:26:22.086069 np0000183139 devstack@neutron-api.service[103257]: DEBUG neutron_lib.callbacks.manager [None req-c3bfeeb6-f68e-4f40-bc54-0cb55196b171 admin admin] Publish callbacks [] for subnetpool (None), before_response {{(pid=103257) _notify_loop /opt/stack/data/venv/lib/python3.12/site-packages/neutron_lib/callbacks/manager.py:184}}
Jun 26 06:26:22.086725 np0000183139 devstack@neutron-api.service[103257]: [pid: 103257|app: 0|req: 1/3] 199.204.45.144 () {68 vars in 1367 bytes} [Fri Jun 26 06:26:21 2026] POST /networking/v2.0/subnetpools => generated 533 bytes in 555 msecs (HTTP/1.1 201) 4 headers in 162 bytes (1 switches on core 0)
Jun 26 06:26:22.428330 np0000183139 devstack@neutron-api.service[103258]: DEBUG neutron.api.v2.base [None req-75be4d22-f394-487c-889a-de1682ed08df admin admin] Request body: {'subnetpool': {'prefixes': ['fdf4:b161:2ef9::/56'], 'name': 'shared-default-subnetpool-v6', 'shared': True, 'is_default': True, 'default_prefixlen': 64}} {{(pid=103258) prepare_request_body /opt/stack/neutron/neutron/api/v2/base.py:727}}
Jun 26 06:26:22.612019 np0000183139 devstack@neutron-api.service[103258]: DEBUG neutron.policy [None req-75be4d22-f394-487c-889a-de1682ed08df admin admin] Loaded default policies from ['neutron'] under neutron.policies entry points {{(pid=103258) register_rules /opt/stack/neutron/neutron/policy.py:65}}
Jun 26 06:26:22.759827 np0000183139 devstack@neutron-api.service[103258]: DEBUG neutron_lib.callbacks.manager [None req-75be4d22-f394-487c-889a-de1682ed08df admin admin] Publish callbacks ['neutron.objects.securitygroup.RbacNeutronDbObjectMixin.validate_rbac_policy_change-2212052428865', 'neutron.objects.address_group.RbacNeutronDbObjectMixin.validate_rbac_policy_change-2212052406179', 'neutron.objects.network.RbacNeutronDbObjectMixin.validate_rbac_policy_change-2212052452939', 'neutron.objects.qos.policy.RbacNeutronDbObjectMixin.validate_rbac_policy_change-2212052453710', 'neutron.objects.subnetpool.RbacNeutronDbObjectMixin.validate_rbac_policy_change-2212052367852', 'neutron.objects.address_scope.RbacNeutronDbObjectMixin.validate_rbac_policy_change-2212052454399', 'neutron.plugins.ml2.plugin.External_net_db_mixin._process_ext_policy_create-999124', 'neutron.plugins.ml2.plugin.NeutronDbPluginV2.validate_network_rbac_policy_change-989948'] for rbac-policy (None), before_create {{(pid=103258) _notify_loop /opt/stack/data/venv/lib/python3.12/site-packages/neutron_lib/callbacks/manager.py:184}}
Jun 26 06:26:22.804826 np0000183139 devstack@neutron-api.service[103258]: DEBUG neutron_lib.callbacks.manager [None req-75be4d22-f394-487c-889a-de1682ed08df admin admin] Publish callbacks [] for subnetpool (None), before_response {{(pid=103258) _notify_loop /opt/stack/data/venv/lib/python3.12/site-packages/neutron_lib/callbacks/manager.py:184}}
Jun 26 06:26:22.805468 np0000183139 devstack@neutron-api.service[103258]: [pid: 103258|app: 0|req: 1/4] 199.204.45.144 () {68 vars in 1367 bytes} [Fri Jun 26 06:26:22 2026] POST /networking/v2.0/subnetpools => generated 543 bytes in 501 msecs (HTTP/1.1 201) 4 headers in 162 bytes (1 switches on core 0)
Jun 26 06:26:23.234888 np0000183139 devstack@neutron-api.service[103259]: DEBUG neutron.api.v2.base [None req-83310017-21c9-4415-a2af-4d0540a598dc admin admin] Request body: {'network': {'admin_state_up': True, 'name': 'private'}} {{(pid=103259) prepare_request_body /opt/stack/neutron/neutron/api/v2/base.py:727}}
Jun 26 06:26:23.270803 np0000183139 devstack@neutron-api.service[103259]: DEBUG neutron.pecan_wsgi.hooks.quota_enforcement [None req-83310017-21c9-4415-a2af-4d0540a598dc admin admin] Made reservation on behalf of 7b6cb22853474b28be5c7eaa33d4a4ec for: {'network': 1} {{(pid=103259) before /opt/stack/neutron/neutron/pecan_wsgi/hooks/quota_enforcement.py:66}}
Jun 26 06:26:23.454919 np0000183139 devstack@neutron-api.service[103259]: DEBUG neutron.policy [None req-83310017-21c9-4415-a2af-4d0540a598dc admin admin] Loaded default policies from ['neutron'] under neutron.policies entry points {{(pid=103259) register_rules /opt/stack/neutron/neutron/policy.py:65}}
Jun 26 06:26:23.561471 np0000183139 devstack@neutron-api.service[103259]: DEBUG neutron_lib.callbacks.manager [None req-83310017-21c9-4415-a2af-4d0540a598dc admin admin] Publish callbacks ['neutron.plugins.ml2.plugin.SecurityGroupDbMixin._ensure_default_security_group_handler-143062'] for network (None), before_create {{(pid=103259) _notify_loop /opt/stack/data/venv/lib/python3.12/site-packages/neutron_lib/callbacks/manager.py:184}}
Jun 26 06:26:23.583763 np0000183139 devstack@neutron-api.service[103259]: DEBUG neutron_lib.callbacks.manager [None req-83310017-21c9-4415-a2af-4d0540a598dc admin admin] Publish callbacks [] for security_group (None), before_create {{(pid=103259) _notify_loop /opt/stack/data/venv/lib/python3.12/site-packages/neutron_lib/callbacks/manager.py:184}}
Jun 26 06:26:23.685029 np0000183139 devstack@neutron-api.service[103259]: DEBUG neutron_lib.callbacks.manager [None req-83310017-21c9-4415-a2af-4d0540a598dc admin admin] Publish callbacks ['neutron.plugins.ml2.drivers.ovn.mech_driver.mech_driver.OVNMechanismDriver._create_security_group_precommit-351392'] for security_group (d202828f-906a-47f3-9b65-599f0f7035c6), precommit_create {{(pid=103259) _notify_loop /opt/stack/data/venv/lib/python3.12/site-packages/neutron_lib/callbacks/manager.py:184}}
Jun 26 06:26:23.685186 np0000183139 devstack@neutron-api.service[103259]: DEBUG neutron.db.ovn_revision_numbers_db [None req-83310017-21c9-4415-a2af-4d0540a598dc admin admin] create_initial_revision uuid=d202828f-906a-47f3-9b65-599f0f7035c6, type=security_groups, rev=-1 {{(pid=103259) create_initial_revision /opt/stack/neutron/neutron/db/ovn_revision_numbers_db.py:98}}
Jun 26 06:26:23.687592 np0000183139 devstack@neutron-api.service[103259]: DEBUG neutron.db.ovn_revision_numbers_db [None req-83310017-21c9-4415-a2af-4d0540a598dc admin admin] create_initial_revision uuid=39e898a2-9f1d-4e18-8a00-04a8754cc820, type=security_group_rules, rev=-1 {{(pid=103259) create_initial_revision /opt/stack/neutron/neutron/db/ovn_revision_numbers_db.py:98}}
Jun 26 06:26:23.688740 np0000183139 devstack@neutron-api.service[103259]: DEBUG neutron.db.ovn_revision_numbers_db [None req-83310017-21c9-4415-a2af-4d0540a598dc admin admin] create_initial_revision uuid=8aa8f9a1-dad1-41e8-a1c7-4a270fdc3f54, type=security_group_rules, rev=-1 {{(pid=103259) create_initial_revision /opt/stack/neutron/neutron/db/ovn_revision_numbers_db.py:98}}
Jun 26 06:26:23.689811 np0000183139 devstack@neutron-api.service[103259]: DEBUG neutron.db.ovn_revision_numbers_db [None req-83310017-21c9-4415-a2af-4d0540a598dc admin admin] create_initial_revision uuid=dced3d0c-c45b-4ae4-b22b-f94aec52bd24, type=security_group_rules, rev=-1 {{(pid=103259) create_initial_revision /opt/stack/neutron/neutron/db/ovn_revision_numbers_db.py:98}}
Jun 26 06:26:23.690854 np0000183139 devstack@neutron-api.service[103259]: DEBUG neutron.db.ovn_revision_numbers_db [None req-83310017-21c9-4415-a2af-4d0540a598dc admin admin] create_initial_revision uuid=fe0f454d-1646-42e6-8668-25be1c299a9f, type=security_group_rules, rev=-1 {{(pid=103259) create_initial_revision /opt/stack/neutron/neutron/db/ovn_revision_numbers_db.py:98}}
Jun 26 06:26:23.697246 np0000183139 devstack@neutron-api.service[103259]: DEBUG neutron_lib.callbacks.manager [None req-83310017-21c9-4415-a2af-4d0540a598dc admin admin] Publish callbacks ['neutron.plugins.ml2.drivers.ovn.mech_driver.mech_driver.OVNMechanismDriver._create_security_group-351402', 'neutron.plugins.ml2.ovo_rpc._ObjectChangeHandler.handle_event-7250316'] for security_group (d202828f-906a-47f3-9b65-599f0f7035c6), after_create {{(pid=103259) _notify_loop /opt/stack/data/venv/lib/python3.12/site-packages/neutron_lib/callbacks/manager.py:184}}
Jun 26 06:26:23.697389 np0000183139 devstack@neutron-api.service[103259]: INFO neutron.plugins.ml2.drivers.ovn.mech_driver.ovsdb.extensions.qos [None req-83310017-21c9-4415-a2af-4d0540a598dc admin admin] Starting OVNClientQosExtension
Jun 26 06:26:23.697634 np0000183139 devstack@neutron-api.service[103259]: INFO neutron.plugins.ml2.drivers.ovn.mech_driver.ovsdb.extensions.placement [None req-83310017-21c9-4415-a2af-4d0540a598dc admin admin] Starting OVNClientPlacementExtension
Jun 26 06:26:23.699292 np0000183139 devstack@neutron-api.service[103259]: DEBUG ovsdbapp.backend.ovs_idl.transaction [-] Running txn n=1 command(idx=0): PgAddCommand(_result=None, name=pg_d202828f_906a_47f3_9b65_599f0f7035c6, may_exist=False, columns={'acls': [], 'external_ids': {'neutron:security_group_id': 'd202828f-906a-47f3-9b65-599f0f7035c6'}}) {{(pid=103259) do_commit /opt/stack/data/venv/lib/python3.12/site-packages/ovsdbapp/backend/ovs_idl/transaction.py:89}}
Jun 26 06:26:23.703939 np0000183139 devstack@neutron-api.service[103259]: DEBUG ovsdbapp.backend.ovs_idl.transaction [-] Running txn n=1 command(idx=1): PgAclAddCommand(_result=None, entity=pg_d202828f_906a_47f3_9b65_599f0f7035c6, direction=to-lport, priority=1002, match=outport == @pg_d202828f_906a_47f3_9b65_599f0f7035c6 && ip4 && ip4.src == $pg_d202828f_906a_47f3_9b65_599f0f7035c6_ip4, action=allow-related, log=False, may_exist=True, severity=[], name=[], meter=[], external_ids={'neutron:security_group_rule_id': '39e898a2-9f1d-4e18-8a00-04a8754cc820'}) {{(pid=103259) do_commit /opt/stack/data/venv/lib/python3.12/site-packages/ovsdbapp/backend/ovs_idl/transaction.py:89}}
Jun 26 06:26:23.704448 np0000183139 devstack@neutron-api.service[103259]: DEBUG ovsdbapp.backend.ovs_idl.transaction [-] Running txn n=1 command(idx=2): PgAclAddCommand(_result=None, entity=pg_d202828f_906a_47f3_9b65_599f0f7035c6, direction=to-lport, priority=1002, match=outport == @pg_d202828f_906a_47f3_9b65_599f0f7035c6 && ip6 && ip6.src == $pg_d202828f_906a_47f3_9b65_599f0f7035c6_ip6, action=allow-related, log=False, may_exist=True, severity=[], name=[], meter=[], external_ids={'neutron:security_group_rule_id': '8aa8f9a1-dad1-41e8-a1c7-4a270fdc3f54'}) {{(pid=103259) do_commit /opt/stack/data/venv/lib/python3.12/site-packages/ovsdbapp/backend/ovs_idl/transaction.py:89}}
Jun 26 06:26:23.704857 np0000183139 devstack@neutron-api.service[103259]: DEBUG ovsdbapp.backend.ovs_idl.transaction [-] Running txn n=1 command(idx=3): PgAclAddCommand(_result=None, entity=pg_d202828f_906a_47f3_9b65_599f0f7035c6, direction=from-lport, priority=1002, match=inport == @pg_d202828f_906a_47f3_9b65_599f0f7035c6 && ip4, action=allow-related, log=False, may_exist=True, severity=[], name=[], meter=[], external_ids={'neutron:security_group_rule_id': 'dced3d0c-c45b-4ae4-b22b-f94aec52bd24'}) {{(pid=103259) do_commit /opt/stack/data/venv/lib/python3.12/site-packages/ovsdbapp/backend/ovs_idl/transaction.py:89}}
Jun 26 06:26:23.705205 np0000183139 devstack@neutron-api.service[103259]: DEBUG ovsdbapp.backend.ovs_idl.transaction [-] Running txn n=1 command(idx=4): PgAclAddCommand(_result=None, entity=pg_d202828f_906a_47f3_9b65_599f0f7035c6, direction=from-lport, priority=1002, match=inport == @pg_d202828f_906a_47f3_9b65_599f0f7035c6 && ip6, action=allow-related, log=False, may_exist=True, severity=[], name=[], meter=[], external_ids={'neutron:security_group_rule_id': 'fe0f454d-1646-42e6-8668-25be1c299a9f'}) {{(pid=103259) do_commit /opt/stack/data/venv/lib/python3.12/site-packages/ovsdbapp/backend/ovs_idl/transaction.py:89}}
Jun 26 06:26:23.748115 np0000183139 devstack@neutron-api.service[103259]: DEBUG neutron.plugins.ml2.drivers.ovn.mech_driver.ovsdb.ovsdb_monitor [-] Hash Ring: Node 3139b9d31afc511fa501f8cd742ed74d (host: np0000183139) handling event "create" for row 7aa4c297-d1e4-4a9b-af81-b9b90e6b5014 (table: Port_Group) {{(pid=103259) notify /opt/stack/neutron/neutron/plugins/ml2/drivers/ovn/mech_driver/ovsdb/ovsdb_monitor.py:1015}}
Jun 26 06:26:23.749020 np0000183139 devstack@neutron-api.service[103260]: DEBUG neutron.plugins.ml2.drivers.ovn.mech_driver.ovsdb.ovsdb_monitor [-] Hash Ring: Node 604425646bab5bab8f71cecc909d8a11 (host: np0000183139) handling event "create" for row 185d3571-4b85-4e5b-9b0b-8b556ff126c0 (table: ACL) {{(pid=103260) notify /opt/stack/neutron/neutron/plugins/ml2/drivers/ovn/mech_driver/ovsdb/ovsdb_monitor.py:1015}}
Jun 26 06:26:23.749020 np0000183139 devstack@neutron-api.service[103260]: DEBUG neutron.plugins.ml2.drivers.ovn.mech_driver.ovsdb.ovsdb_monitor [-] Hash Ring: Node 604425646bab5bab8f71cecc909d8a11 (host: np0000183139) handling event "create" for row 1e7f3d48-01f3-4640-8356-292e43780209 (table: ACL) {{(pid=103260) notify /opt/stack/neutron/neutron/plugins/ml2/drivers/ovn/mech_driver/ovsdb/ovsdb_monitor.py:1015}}
Jun 26 06:26:23.749020 np0000183139 devstack@neutron-api.service[103260]: DEBUG neutron.plugins.ml2.drivers.ovn.mech_driver.ovsdb.ovsdb_monitor [-] Hash Ring: Node 604425646bab5bab8f71cecc909d8a11 (host: np0000183139) handling event "create" for row c7fc2f3b-2258-4a28-aa2e-5a23f6c89fa3 (table: ACL) {{(pid=103260) notify /opt/stack/neutron/neutron/plugins/ml2/drivers/ovn/mech_driver/ovsdb/ovsdb_monitor.py:1015}}
Jun 26 06:26:23.749020 np0000183139 devstack@neutron-api.service[103260]: DEBUG neutron.plugins.ml2.drivers.ovn.mech_driver.ovsdb.ovsdb_monitor [-] Hash Ring: Node 604425646bab5bab8f71cecc909d8a11 (host: np0000183139) handling event "create" for row d907a423-2bfa-44da-911b-7505cc1a3725 (table: ACL) {{(pid=103260) notify /opt/stack/neutron/neutron/plugins/ml2/drivers/ovn/mech_driver/ovsdb/ovsdb_monitor.py:1015}}
Jun 26 06:26:23.749020 np0000183139 devstack@neutron-api.service[103260]: DEBUG neutron.plugins.ml2.drivers.ovn.mech_driver.ovsdb.ovsdb_monitor [-] Hash Ring: Node 604425646bab5bab8f71cecc909d8a11 (host: np0000183139) handling event "create" for row 7aa4c297-d1e4-4a9b-af81-b9b90e6b5014 (table: Port_Group) {{(pid=103260) notify /opt/stack/neutron/neutron/plugins/ml2/drivers/ovn/mech_driver/ovsdb/ovsdb_monitor.py:1015}}
Jun 26 06:26:23.752120 np0000183139 devstack@neutron-api.service[103257]: DEBUG neutron.plugins.ml2.drivers.ovn.mech_driver.ovsdb.ovsdb_monitor [-] Hash Ring: Node e96079b19ca55d028c5dd697c2d3bd34 (host: np0000183139) handling event "create" for row c7fc2f3b-2258-4a28-aa2e-5a23f6c89fa3 (table: ACL) {{(pid=103257) notify /opt/stack/neutron/neutron/plugins/ml2/drivers/ovn/mech_driver/ovsdb/ovsdb_monitor.py:1015}}
Jun 26 06:26:23.752120 np0000183139 devstack@neutron-api.service[103257]: DEBUG neutron.plugins.ml2.drivers.ovn.mech_driver.ovsdb.ovsdb_monitor [-] Hash Ring: Node e96079b19ca55d028c5dd697c2d3bd34 (host: np0000183139) handling event "create" for row d907a423-2bfa-44da-911b-7505cc1a3725 (table: ACL) {{(pid=103257) notify /opt/stack/neutron/neutron/plugins/ml2/drivers/ovn/mech_driver/ovsdb/ovsdb_monitor.py:1015}}
Jun 26 06:26:23.780499 np0000183139 devstack@neutron-api.service[103259]: INFO neutron.db.ovn_revision_numbers_db [None req-83310017-21c9-4415-a2af-4d0540a598dc admin admin] Successfully bumped revision number for resource d202828f-906a-47f3-9b65-599f0f7035c6 (type: security_groups) to 1
Jun 26 06:26:23.797193 np0000183139 devstack@neutron-api.service[103259]: INFO neutron.db.ovn_revision_numbers_db [None req-83310017-21c9-4415-a2af-4d0540a598dc admin admin] Successfully bumped revision number for resource 39e898a2-9f1d-4e18-8a00-04a8754cc820 (type: security_group_rules) to 0
Jun 26 06:26:23.813653 np0000183139 devstack@neutron-api.service[103259]: INFO neutron.db.ovn_revision_numbers_db [None req-83310017-21c9-4415-a2af-4d0540a598dc admin admin] Successfully bumped revision number for resource 8aa8f9a1-dad1-41e8-a1c7-4a270fdc3f54 (type: security_group_rules) to 0
Jun 26 06:26:23.829297 np0000183139 devstack@neutron-api.service[103259]: INFO neutron.db.ovn_revision_numbers_db [None req-83310017-21c9-4415-a2af-4d0540a598dc admin admin] Successfully bumped revision number for resource dced3d0c-c45b-4ae4-b22b-f94aec52bd24 (type: security_group_rules) to 0
Jun 26 06:26:23.843651 np0000183139 devstack@neutron-api.service[103259]: INFO neutron.db.ovn_revision_numbers_db [None req-83310017-21c9-4415-a2af-4d0540a598dc admin admin] Successfully bumped revision number for resource fe0f454d-1646-42e6-8668-25be1c299a9f (type: security_group_rules) to 0
Jun 26 06:26:23.872097 np0000183139 devstack@neutron-api.service[103259]: DEBUG neutron.api.rpc.handlers.resources_rpc [None req-83310017-21c9-4415-a2af-4d0540a598dc admin admin] Pushing event updated for resources: {'SecurityGroup': ['ID=d202828f-906a-47f3-9b65-599f0f7035c6,revision_number=1']} {{(pid=103259) push /opt/stack/neutron/neutron/api/rpc/handlers/resources_rpc.py:237}}
Jun 26 06:26:23.880851 np0000183139 devstack@neutron-api.service[103259]: DEBUG ovsdbapp.backend.ovs_idl.transaction [-] Running txn n=1 command(idx=0): CheckLivenessCommand(_result=None) {{(pid=103259) do_commit /opt/stack/data/venv/lib/python3.12/site-packages/ovsdbapp/backend/ovs_idl/transaction.py:89}}
Jun 26 06:26:23.883954 np0000183139 devstack@neutron-api.service[103259]: DEBUG neutron.plugins.ml2.drivers.ovn.mech_driver.ovsdb.ovsdb_monitor [-] Hash Ring: Node 3139b9d31afc511fa501f8cd742ed74d (host: np0000183139) handling event "update" for row 20d47089-93e1-4255-a26e-f31f9e79e3ac (table: NB_Global) {{(pid=103259) notify /opt/stack/neutron/neutron/plugins/ml2/drivers/ovn/mech_driver/ovsdb/ovsdb_monitor.py:1015}}
Jun 26 06:26:23.886384 np0000183139 devstack@neutron-api.service[103260]: DEBUG neutron.plugins.ml2.drivers.ovn.mech_driver.ovsdb.ovsdb_monitor [-] Hash Ring: Node 604425646bab5bab8f71cecc909d8a11 (host: np0000183139) handling event "update" for row 20d47089-93e1-4255-a26e-f31f9e79e3ac (table: NB_Global) {{(pid=103260) notify /opt/stack/neutron/neutron/plugins/ml2/drivers/ovn/mech_driver/ovsdb/ovsdb_monitor.py:1015}}
Jun 26 06:26:23.887656 np0000183139 devstack@neutron-api.service[103259]: DEBUG neutron.api.rpc.callbacks.version_manager [None req-83310017-21c9-4415-a2af-4d0540a598dc admin admin] Tracked resource versions report:
Jun 26 06:26:23.887656 np0000183139 devstack@neutron-api.service[103259]: pushed versions:
Jun 26 06:26:23.887656 np0000183139 devstack@neutron-api.service[103259]: { 'AddressGroup': {'1.2'},
Jun 26 06:26:23.887656 np0000183139 devstack@neutron-api.service[103259]: 'Agent': {'1.1'},
Jun 26 06:26:23.887656 np0000183139 devstack@neutron-api.service[103259]: 'ConntrackHelper': {'1.0'},
Jun 26 06:26:23.887656 np0000183139 devstack@neutron-api.service[103259]: 'LocalIPAssociation': {'1.0'},
Jun 26 06:26:23.887656 np0000183139 devstack@neutron-api.service[103259]: 'Log': {'1.0'},
Jun 26 06:26:23.887656 np0000183139 devstack@neutron-api.service[103259]: 'NDPProxy': {'1.0'},
Jun 26 06:26:23.887656 np0000183139 devstack@neutron-api.service[103259]: 'Network': {'1.3'},
Jun 26 06:26:23.887656 np0000183139 devstack@neutron-api.service[103259]: 'Port': {'1.11'},
Jun 26 06:26:23.887656 np0000183139 devstack@neutron-api.service[103259]: 'PortForwarding': {'1.3'},
Jun 26 06:26:23.887656 np0000183139 devstack@neutron-api.service[103259]: 'QosPolicy': {'1.10'},
Jun 26 06:26:23.887656 np0000183139 devstack@neutron-api.service[103259]: 'SecurityGroup': {'1.6'},
Jun 26 06:26:23.887656 np0000183139 devstack@neutron-api.service[103259]: 'SecurityGroupRule': {'1.3'},
Jun 26 06:26:23.887656 np0000183139 devstack@neutron-api.service[103259]: 'SubPort': {'1.0'},
Jun 26 06:26:23.887656 np0000183139 devstack@neutron-api.service[103259]: 'Subnet': {'1.2'},
Jun 26 06:26:23.887656 np0000183139 devstack@neutron-api.service[103259]: 'Trunk': {'1.1'}}
Jun 26 06:26:23.887656 np0000183139 devstack@neutron-api.service[103259]: consumer versions:
Jun 26 06:26:23.887656 np0000183139 devstack@neutron-api.service[103259]: {}
Jun 26 06:26:23.887656 np0000183139 devstack@neutron-api.service[103259]: {{(pid=103259) report /opt/stack/neutron/neutron/api/rpc/callbacks/version_manager.py:183}}
Jun 26 06:26:23.889941 np0000183139 devstack@neutron-api.service[103260]: DEBUG neutron.plugins.ml2.drivers.ovn.mech_driver.ovsdb.ovsdb_monitor [-] ChassisAgentWriteEvent : Matched Chassis_Private, update, None None {{(pid=103260) matches /opt/stack/neutron/neutron/plugins/ml2/drivers/ovn/mech_driver/ovsdb/ovsdb_monitor.py:64}}
Jun 26 06:26:23.890691 np0000183139 devstack@neutron-api.service[103260]: DEBUG neutron.plugins.ml2.drivers.ovn.mech_driver.ovsdb.ovsdb_monitor [-] Hash Ring: Node 604425646bab5bab8f71cecc909d8a11 (host: np0000183139) handling event "update" for row 20d47089-93e1-4255-a26e-f31f9e79e3ac (table: NB_Global) {{(pid=103260) notify /opt/stack/neutron/neutron/plugins/ml2/drivers/ovn/mech_driver/ovsdb/ovsdb_monitor.py:1015}}
Jun 26 06:26:23.892346 np0000183139 devstack@neutron-api.service[103257]: DEBUG neutron.plugins.ml2.drivers.ovn.mech_driver.ovsdb.ovsdb_monitor [-] ChassisAgentWriteEvent : Matched Chassis_Private, update, None None {{(pid=103257) matches /opt/stack/neutron/neutron/plugins/ml2/drivers/ovn/mech_driver/ovsdb/ovsdb_monitor.py:64}}
Jun 26 06:26:23.892346 np0000183139 devstack@neutron-api.service[103257]: DEBUG neutron.plugins.ml2.drivers.ovn.mech_driver.ovsdb.ovsdb_monitor [-] Hash Ring: Node e96079b19ca55d028c5dd697c2d3bd34 (host: np0000183139) handling event "update" for row 7d744287-fd9f-4f6c-a426-dcc605907300 (table: Chassis_Private) {{(pid=103257) notify /opt/stack/neutron/neutron/plugins/ml2/drivers/ovn/mech_driver/ovsdb/ovsdb_monitor.py:1015}}
Jun 26 06:26:23.893196 np0000183139 devstack@neutron-api.service[103258]: DEBUG neutron.plugins.ml2.drivers.ovn.mech_driver.ovsdb.ovsdb_monitor [-] ChassisAgentWriteEvent : Matched Chassis_Private, update, None None {{(pid=103258) matches /opt/stack/neutron/neutron/plugins/ml2/drivers/ovn/mech_driver/ovsdb/ovsdb_monitor.py:64}}
Jun 26 06:26:23.895596 np0000183139 devstack@neutron-api.service[103259]: DEBUG neutron.plugins.ml2.drivers.ovn.mech_driver.ovsdb.ovsdb_monitor [-] Hash Ring: Node 3139b9d31afc511fa501f8cd742ed74d (host: np0000183139) handling event "update" for row 20d47089-93e1-4255-a26e-f31f9e79e3ac (table: NB_Global) {{(pid=103259) notify /opt/stack/neutron/neutron/plugins/ml2/drivers/ovn/mech_driver/ovsdb/ovsdb_monitor.py:1015}}
Jun 26 06:26:23.896314 np0000183139 devstack@neutron-api.service[103259]: DEBUG neutron.plugins.ml2.drivers.ovn.mech_driver.ovsdb.ovsdb_monitor [-] ChassisAgentWriteEvent : Matched Chassis_Private, update, None None {{(pid=103259) matches /opt/stack/neutron/neutron/plugins/ml2/drivers/ovn/mech_driver/ovsdb/ovsdb_monitor.py:64}}
Jun 26 06:26:23.898303 np0000183139 devstack@neutron-api.service[103259]: DEBUG neutron.plugins.ml2.drivers.ovn.mech_driver.ovsdb.ovsdb_monitor [-] ChassisOVNAgentWriteEvent : Matched Chassis_Private, update, None None {{(pid=103259) matches /opt/stack/neutron/neutron/plugins/ml2/drivers/ovn/mech_driver/ovsdb/ovsdb_monitor.py:64}}
Jun 26 06:26:23.900217 np0000183139 devstack@neutron-api.service[103258]: DEBUG neutron.plugins.ml2.drivers.ovn.mech_driver.ovsdb.ovsdb_monitor [-] ChassisOVNAgentWriteEvent : Matched Chassis_Private, update, None None {{(pid=103258) matches /opt/stack/neutron/neutron/plugins/ml2/drivers/ovn/mech_driver/ovsdb/ovsdb_monitor.py:64}}
Jun 26 06:26:23.901392 np0000183139 devstack@neutron-api.service[103257]: DEBUG neutron.plugins.ml2.drivers.ovn.mech_driver.ovsdb.ovsdb_monitor [-] ChassisOVNAgentWriteEvent : Matched Chassis_Private, update, None None {{(pid=103257) matches /opt/stack/neutron/neutron/plugins/ml2/drivers/ovn/mech_driver/ovsdb/ovsdb_monitor.py:64}}
Jun 26 06:26:23.901556 np0000183139 devstack@neutron-api.service[103259]: DEBUG neutron.plugins.ml2.drivers.ovn.mech_driver.ovsdb.ovsdb_monitor [-] Hash Ring: Node 3139b9d31afc511fa501f8cd742ed74d (host: np0000183139) handling event "update" for row 20d47089-93e1-4255-a26e-f31f9e79e3ac (table: NB_Global) {{(pid=103259) notify /opt/stack/neutron/neutron/plugins/ml2/drivers/ovn/mech_driver/ovsdb/ovsdb_monitor.py:1015}}
Jun 26 06:26:23.902137 np0000183139 devstack@neutron-api.service[103257]: DEBUG neutron.plugins.ml2.drivers.ovn.mech_driver.ovsdb.ovsdb_monitor [-] Hash Ring: Node e96079b19ca55d028c5dd697c2d3bd34 (host: np0000183139) handling event "update" for row 7d744287-fd9f-4f6c-a426-dcc605907300 (table: Chassis_Private) {{(pid=103257) notify /opt/stack/neutron/neutron/plugins/ml2/drivers/ovn/mech_driver/ovsdb/ovsdb_monitor.py:1015}}
Jun 26 06:26:23.902238 np0000183139 devstack@neutron-api.service[103260]: DEBUG neutron.plugins.ml2.drivers.ovn.mech_driver.ovsdb.ovsdb_monitor [-] Hash Ring: Node 604425646bab5bab8f71cecc909d8a11 (host: np0000183139) handling event "update" for row 20d47089-93e1-4255-a26e-f31f9e79e3ac (table: NB_Global) {{(pid=103260) notify /opt/stack/neutron/neutron/plugins/ml2/drivers/ovn/mech_driver/ovsdb/ovsdb_monitor.py:1015}}
Jun 26 06:26:23.902736 np0000183139 devstack@neutron-api.service[103259]: DEBUG neutron.plugins.ml2.drivers.ovn.mech_driver.ovsdb.ovsdb_monitor [-] Hash Ring: Node 3139b9d31afc511fa501f8cd742ed74d (host: np0000183139) handling event "update" for row 20d47089-93e1-4255-a26e-f31f9e79e3ac (table: NB_Global) {{(pid=103259) notify /opt/stack/neutron/neutron/plugins/ml2/drivers/ovn/mech_driver/ovsdb/ovsdb_monitor.py:1015}}
Jun 26 06:26:23.903496 np0000183139 devstack@neutron-api.service[103260]: DEBUG neutron.plugins.ml2.drivers.ovn.mech_driver.ovsdb.ovsdb_monitor [-] Hash Ring: Node 604425646bab5bab8f71cecc909d8a11 (host: np0000183139) handling event "update" for row 20d47089-93e1-4255-a26e-f31f9e79e3ac (table: NB_Global) {{(pid=103260) notify /opt/stack/neutron/neutron/plugins/ml2/drivers/ovn/mech_driver/ovsdb/ovsdb_monitor.py:1015}}
Jun 26 06:26:23.903976 np0000183139 devstack@neutron-api.service[103260]: DEBUG neutron.common.ovn.hash_ring_manager [-] Allow caching, nodes 4>=4 {{(pid=103260) _wait_startup_before_caching /opt/stack/neutron/neutron/common/ovn/hash_ring_manager.py:71}}
Jun 26 06:26:23.904323 np0000183139 devstack@neutron-api.service[103260]: DEBUG neutron.plugins.ml2.drivers.ovn.mech_driver.ovsdb.ovsdb_monitor [-] Hash Ring: Node 604425646bab5bab8f71cecc909d8a11 (host: np0000183139) handling event "update" for row 7d744287-fd9f-4f6c-a426-dcc605907300 (table: Chassis_Private) {{(pid=103260) notify /opt/stack/neutron/neutron/plugins/ml2/drivers/ovn/mech_driver/ovsdb/ovsdb_monitor.py:1015}}
Jun 26 06:26:23.905109 np0000183139 devstack@neutron-api.service[103260]: DEBUG neutron.plugins.ml2.drivers.ovn.mech_driver.ovsdb.ovsdb_monitor [-] ChassisOVNAgentWriteEvent : Matched Chassis_Private, update, None None {{(pid=103260) matches /opt/stack/neutron/neutron/plugins/ml2/drivers/ovn/mech_driver/ovsdb/ovsdb_monitor.py:64}}
Jun 26 06:26:23.905518 np0000183139 devstack@neutron-api.service[103260]: DEBUG neutron.plugins.ml2.drivers.ovn.mech_driver.ovsdb.ovsdb_monitor [-] Hash Ring: Node 604425646bab5bab8f71cecc909d8a11 (host: np0000183139) handling event "update" for row 7d744287-fd9f-4f6c-a426-dcc605907300 (table: Chassis_Private) {{(pid=103260) notify /opt/stack/neutron/neutron/plugins/ml2/drivers/ovn/mech_driver/ovsdb/ovsdb_monitor.py:1015}}
Jun 26 06:26:23.960131 np0000183139 devstack@neutron-api.service[103259]: DEBUG neutron.plugins.ml2.drivers.helpers [None req-83310017-21c9-4415-a2af-4d0540a598dc admin admin] geneve segment allocate from pool success with {'geneve_vni': 48608} {{(pid=103259) allocate_partially_specified_segment /opt/stack/neutron/neutron/plugins/ml2/drivers/helpers.py:142}}
Jun 26 06:26:23.973384 np0000183139 devstack@neutron-api.service[103259]: DEBUG neutron_lib.callbacks.manager [None req-83310017-21c9-4415-a2af-4d0540a598dc admin admin] Publish callbacks ['neutron.services.segments.db._add_segment_host_mapping_for_segment-8393445583622', 'neutron.plugins.ml2.plugin.Ml2Plugin._handle_segment_change-974050'] for segment (48b828c5-3da1-433a-a556-a8bfb63b854d), precommit_create {{(pid=103259) _notify_loop /opt/stack/data/venv/lib/python3.12/site-packages/neutron_lib/callbacks/manager.py:184}}
Jun 26 06:26:23.973537 np0000183139 devstack@neutron-api.service[103259]: INFO neutron.db.segments_db [None req-83310017-21c9-4415-a2af-4d0540a598dc admin admin] Added segment 48b828c5-3da1-433a-a556-a8bfb63b854d of type geneve for network eb18a24f-0412-4d3c-a6e1-04a388fcb5c4
Jun 26 06:26:24.029827 np0000183139 devstack@neutron-api.service[103259]: DEBUG neutron_lib.callbacks.manager [None req-83310017-21c9-4415-a2af-4d0540a598dc admin admin] Publish callbacks ['neutron.services.auto_allocate.db._ensure_external_network_default_value_callback-8393442953910'] for network (eb18a24f-0412-4d3c-a6e1-04a388fcb5c4), precommit_create {{(pid=103259) _notify_loop /opt/stack/data/venv/lib/python3.12/site-packages/neutron_lib/callbacks/manager.py:184}}
Jun 26 06:26:24.048230 np0000183139 devstack@neutron-api.service[103259]: DEBUG neutron.plugins.ml2.drivers.ovn.mech_driver.mech_driver [None req-83310017-21c9-4415-a2af-4d0540a598dc admin admin] Validating network segment with type geneve, segmentation ID 48608, physical network None {{(pid=103259) _validate_network_segments /opt/stack/neutron/neutron/plugins/ml2/drivers/ovn/mech_driver/mech_driver.py:646}}
Jun 26 06:26:24.048394 np0000183139 devstack@neutron-api.service[103259]: DEBUG neutron.db.ovn_revision_numbers_db [None req-83310017-21c9-4415-a2af-4d0540a598dc admin admin] create_initial_revision uuid=eb18a24f-0412-4d3c-a6e1-04a388fcb5c4, type=networks, rev=-1 {{(pid=103259) create_initial_revision /opt/stack/neutron/neutron/db/ovn_revision_numbers_db.py:98}}
Jun 26 06:26:24.072353 np0000183139 devstack@neutron-api.service[103259]: DEBUG neutron_lib.callbacks.manager [None req-83310017-21c9-4415-a2af-4d0540a598dc admin admin] Publish callbacks ['neutron.plugins.ml2.ovo_rpc._ObjectChangeHandler.handle_event-7250313'] for network (eb18a24f-0412-4d3c-a6e1-04a388fcb5c4), after_create {{(pid=103259) _notify_loop /opt/stack/data/venv/lib/python3.12/site-packages/neutron_lib/callbacks/manager.py:184}}
Jun 26 06:26:24.129190 np0000183139 devstack@neutron-api.service[103259]: DEBUG neutron.api.rpc.handlers.resources_rpc [None req-83310017-21c9-4415-a2af-4d0540a598dc admin admin] Pushing event updated for resources: {'Network': ['ID=eb18a24f-0412-4d3c-a6e1-04a388fcb5c4,revision_number=1']} {{(pid=103259) push /opt/stack/neutron/neutron/api/rpc/handlers/resources_rpc.py:237}}
Jun 26 06:26:24.137206 np0000183139 devstack@neutron-api.service[103259]: DEBUG ovsdbapp.backend.ovs_idl.transaction [-] Running txn n=1 command(idx=0): AddNetworkCommand(_result=None, network_uuid=eb18a24f-0412-4d3c-a6e1-04a388fcb5c4, may_exist=True, columns={'external_ids': {'neutron:network_name': 'private', 'neutron:mtu': '1372', 'neutron:revision_number': '1', 'neutron:availability_zone_hints': '', 'neutron:provnet-network-type': 'geneve'}, 'other_config': {'mcast_snoop': 'false', 'mcast_flood_unregistered': 'false', 'vlan-passthru': 'false'}}) {{(pid=103259) do_commit /opt/stack/data/venv/lib/python3.12/site-packages/ovsdbapp/backend/ovs_idl/transaction.py:89}}
Jun 26 06:26:24.137807 np0000183139 devstack@neutron-api.service[103259]: DEBUG neutron.common.ovn.utils [-] OVS persist_uuid supported=True {{(pid=103259) ovs_persist_uuid_supported /opt/stack/neutron/neutron/common/ovn/utils.py:1544}}
Jun 26 06:26:24.146790 np0000183139 devstack@neutron-api.service[103258]: DEBUG neutron.plugins.ml2.drivers.ovn.mech_driver.ovsdb.ovsdb_monitor [-] Hash Ring: Node e8f4ec2db5fa500f83169f22c26af738 (host: np0000183139) handling event "create" for row eb18a24f-0412-4d3c-a6e1-04a388fcb5c4 (table: Logical_Switch) {{(pid=103258) notify /opt/stack/neutron/neutron/plugins/ml2/drivers/ovn/mech_driver/ovsdb/ovsdb_monitor.py:1015}}
Jun 26 06:26:24.147587 np0000183139 devstack@neutron-api.service[103260]: DEBUG neutron.plugins.ml2.drivers.ovn.mech_driver.ovsdb.ovsdb_monitor [-] Hash Ring: Node 604425646bab5bab8f71cecc909d8a11 (host: np0000183139) handling event "create" for row eb18a24f-0412-4d3c-a6e1-04a388fcb5c4 (table: Logical_Switch) {{(pid=103260) notify /opt/stack/neutron/neutron/plugins/ml2/drivers/ovn/mech_driver/ovsdb/ovsdb_monitor.py:1015}}
Jun 26 06:26:24.151732 np0000183139 devstack@neutron-api.service[103260]: DEBUG neutron.plugins.ml2.drivers.ovn.mech_driver.ovsdb.ovsdb_monitor [-] Hash Ring: Node 604425646bab5bab8f71cecc909d8a11 (host: np0000183139) handling event "create" for row 699bdd50-114b-4b7b-9e54-bc70298f5a2d (table: Datapath_Binding) {{(pid=103260) notify /opt/stack/neutron/neutron/plugins/ml2/drivers/ovn/mech_driver/ovsdb/ovsdb_monitor.py:1015}}
Jun 26 06:26:24.162999 np0000183139 devstack@neutron-api.service[103259]: DEBUG neutron.plugins.ml2.drivers.ovn.mech_driver.ovsdb.ovsdb_monitor [-] Hash Ring: Node 3139b9d31afc511fa501f8cd742ed74d (host: np0000183139) handling event "create" for row 699bdd50-114b-4b7b-9e54-bc70298f5a2d (table: Datapath_Binding) {{(pid=103259) notify /opt/stack/neutron/neutron/plugins/ml2/drivers/ovn/mech_driver/ovsdb/ovsdb_monitor.py:1015}}
Jun 26 06:26:24.180101 np0000183139 devstack@neutron-api.service[103259]: INFO neutron.db.ovn_revision_numbers_db [None req-83310017-21c9-4415-a2af-4d0540a598dc admin admin] Successfully bumped revision number for resource eb18a24f-0412-4d3c-a6e1-04a388fcb5c4 (type: networks) to 1
Jun 26 06:26:24.252095 np0000183139 devstack@neutron-api.service[103259]: DEBUG neutron_lib.callbacks.manager [None req-83310017-21c9-4415-a2af-4d0540a598dc admin admin] Publish callbacks ['neutron.plugins.ml2.plugin.SecurityGroupDbMixin._ensure_default_security_group_handler-143062'] for port (None), before_create {{(pid=103259) _notify_loop /opt/stack/data/venv/lib/python3.12/site-packages/neutron_lib/callbacks/manager.py:184}}
Jun 26 06:26:24.537037 np0000183139 devstack@neutron-api.service[103259]: DEBUG neutron_lib.callbacks.manager [None req-83310017-21c9-4415-a2af-4d0540a598dc admin admin] Publish callbacks ['neutron.plugins.ml2.drivers.ovn.mech_driver.mech_driver.OVNMechanismDriver._validate_allowed_address_pairs-351448'] for allowed_address_pair (85d606eb-4212-469d-a0ab-09362e1bf5e5), before_create {{(pid=103259) _notify_loop /opt/stack/data/venv/lib/python3.12/site-packages/neutron_lib/callbacks/manager.py:184}}
Jun 26 06:26:24.537422 np0000183139 devstack@neutron-api.service[103259]: DEBUG neutron_lib.callbacks.manager [None req-83310017-21c9-4415-a2af-4d0540a598dc admin admin] Publish callbacks [] for port (85d606eb-4212-469d-a0ab-09362e1bf5e5), precommit_create {{(pid=103259) _notify_loop /opt/stack/data/venv/lib/python3.12/site-packages/neutron_lib/callbacks/manager.py:184}}
Jun 26 06:26:24.537594 np0000183139 devstack@neutron-api.service[103259]: DEBUG neutron.plugins.ml2.drivers.ovn.mech_driver.mech_driver [None req-83310017-21c9-4415-a2af-4d0540a598dc admin admin] No provisioning block for port 85d606eb-4212-469d-a0ab-09362e1bf5e5 since it does not have a host {{(pid=103259) _is_port_provisioning_required /opt/stack/neutron/neutron/plugins/ml2/drivers/ovn/mech_driver/mech_driver.py:899}}
Jun 26 06:26:24.537724 np0000183139 devstack@neutron-api.service[103259]: DEBUG neutron.db.ovn_revision_numbers_db [None req-83310017-21c9-4415-a2af-4d0540a598dc admin admin] create_initial_revision uuid=85d606eb-4212-469d-a0ab-09362e1bf5e5, type=ports, rev=-1 {{(pid=103259) create_initial_revision /opt/stack/neutron/neutron/db/ovn_revision_numbers_db.py:98}}
Jun 26 06:26:24.607506 np0000183139 devstack@neutron-api.service[103259]: DEBUG neutron_lib.callbacks.manager [None req-83310017-21c9-4415-a2af-4d0540a598dc admin admin] Publish callbacks ['neutron.plugins.ml2.ovo_rpc._ObjectChangeHandler.handle_event-7250360'] for port (85d606eb-4212-469d-a0ab-09362e1bf5e5), after_create {{(pid=103259) _notify_loop /opt/stack/data/venv/lib/python3.12/site-packages/neutron_lib/callbacks/manager.py:184}}
Jun 26 06:26:24.667449 np0000183139 devstack@neutron-api.service[103259]: DEBUG neutron.api.rpc.handlers.resources_rpc [None req-83310017-21c9-4415-a2af-4d0540a598dc admin admin] Pushing event updated for resources: {'Port': ['ID=85d606eb-4212-469d-a0ab-09362e1bf5e5,revision_number=1']} {{(pid=103259) push /opt/stack/neutron/neutron/api/rpc/handlers/resources_rpc.py:237}}
Jun 26 06:26:24.710961 np0000183139 devstack@neutron-api.service[103259]: DEBUG neutron.plugins.ml2.drivers.ovn.mech_driver.ovsdb.commands [None req-83310017-21c9-4415-a2af-4d0540a598dc admin admin] Converting tag [] to a tag_request {{(pid=103259) _tag_column_to_tag_request /opt/stack/neutron/neutron/plugins/ml2/drivers/ovn/mech_driver/ovsdb/commands.py:205}}
Jun 26 06:26:24.711990 np0000183139 devstack@neutron-api.service[103259]: DEBUG ovsdbapp.backend.ovs_idl.transaction [-] Running txn n=1 command(idx=0): AddLSwitchPortCommand(_result=None, lport=85d606eb-4212-469d-a0ab-09362e1bf5e5, lswitch=neutron-eb18a24f-0412-4d3c-a6e1-04a388fcb5c4, may_exist=True, network_uuid=eb18a24f-0412-4d3c-a6e1-04a388fcb5c4, columns={'addresses': ['fa:16:3e:40:6d:ce'], 'external_ids': {'neutron:port_name': '', 'neutron:device_id': 'ovnmeta-eb18a24f-0412-4d3c-a6e1-04a388fcb5c4', 'neutron:project_id': '7b6cb22853474b28be5c7eaa33d4a4ec', 'neutron:cidrs': '', 'neutron:device_owner': 'network:distributed', 'neutron:subnet_pool_addr_scope4': '', 'neutron:subnet_pool_addr_scope6': '', 'neutron:network_name': 'neutron-eb18a24f-0412-4d3c-a6e1-04a388fcb5c4', 'neutron:security_group_ids': '', 'neutron:revision_number': '1', 'neutron:vnic_type': 'normal', 'neutron:port_capabilities': '', 'neutron:mtu': '1372'}, 'parent_name': [], 'enabled': True, 'options': {}, 'type': 'localport', 'port_security': [], 'dhcpv4_options': [], 'dhcpv6_options': [], 'tag_request': []}) {{(pid=103259) do_commit /opt/stack/data/venv/lib/python3.12/site-packages/ovsdbapp/backend/ovs_idl/transaction.py:89}}
Jun 26 06:26:24.712941 np0000183139 devstack@neutron-api.service[103259]: DEBUG ovsdbapp.backend.ovs_idl.transaction [-] Running txn n=1 command(idx=1): QoSDelCommand(_result=None, switch=neutron-eb18a24f-0412-4d3c-a6e1-04a388fcb5c4, conditions=[('direction', '=', 'to-lport'), ('priority', '=', 2002), ('match', '=', 'outport == "85d606eb-4212-469d-a0ab-09362e1bf5e5"')], if_exists=True) {{(pid=103259) do_commit /opt/stack/data/venv/lib/python3.12/site-packages/ovsdbapp/backend/ovs_idl/transaction.py:89}}
Jun 26 06:26:24.713323 np0000183139 devstack@neutron-api.service[103259]: DEBUG ovsdbapp.backend.ovs_idl.transaction [-] Running txn n=1 command(idx=2): QoSDelCommand(_result=None, switch=neutron-eb18a24f-0412-4d3c-a6e1-04a388fcb5c4, conditions=[('direction', '=', 'from-lport'), ('priority', '=', 2002), ('match', '=', 'inport == "85d606eb-4212-469d-a0ab-09362e1bf5e5"')], if_exists=True) {{(pid=103259) do_commit /opt/stack/data/venv/lib/python3.12/site-packages/ovsdbapp/backend/ovs_idl/transaction.py:89}}
Jun 26 06:26:24.720733 np0000183139 devstack@neutron-api.service[103258]: DEBUG neutron.plugins.ml2.drivers.ovn.mech_driver.ovsdb.ovsdb_monitor [-] Hash Ring: Node e8f4ec2db5fa500f83169f22c26af738 (host: np0000183139) handling event "update" for row eb18a24f-0412-4d3c-a6e1-04a388fcb5c4 (table: Logical_Switch) {{(pid=103258) notify /opt/stack/neutron/neutron/plugins/ml2/drivers/ovn/mech_driver/ovsdb/ovsdb_monitor.py:1015}}
Jun 26 06:26:24.721299 np0000183139 devstack@neutron-api.service[103258]: DEBUG neutron.plugins.ml2.drivers.ovn.mech_driver.ovsdb.ovsdb_monitor [-] Hash Ring: Node e8f4ec2db5fa500f83169f22c26af738 (host: np0000183139) handling event "create" for row 991a62ba-be65-471f-8861-a4f5fbec59b0 (table: Logical_Switch_Port) {{(pid=103258) notify /opt/stack/neutron/neutron/plugins/ml2/drivers/ovn/mech_driver/ovsdb/ovsdb_monitor.py:1015}}
Jun 26 06:26:24.723407 np0000183139 devstack@neutron-api.service[103260]: DEBUG neutron.plugins.ml2.drivers.ovn.mech_driver.ovsdb.ovsdb_monitor [-] Hash Ring: Node 604425646bab5bab8f71cecc909d8a11 (host: np0000183139) handling event "create" for row 57b93d8c-948c-445b-9a0f-e04cff41a38b (table: Port_Binding) {{(pid=103260) notify /opt/stack/neutron/neutron/plugins/ml2/drivers/ovn/mech_driver/ovsdb/ovsdb_monitor.py:1015}}
