Jun 26 06:29:54.936149 np0000183139 devstack@neutron-api.service[103260]: DEBUG neutron.pecan_wsgi.hooks.policy_enforcement [None req-61f42d4a-7bba-408d-b1d4-094ab4b2ec10 admin admin] Attributes excluded by policy engine: ['standard_attr_id'] {{(pid=103260) _exclude_attributes_by_policy /opt/stack/neutron/neutron/pecan_wsgi/hooks/policy_enforcement.py:259}}
Jun 26 06:29:54.937598 np0000183139 devstack@neutron-api.service[103260]: [pid: 103260|app: 0|req: 26/98] 199.204.45.144 () {64 vars in 1415 bytes} [Fri Jun 26 06:29:54 2026] GET /networking/v2.0/networks/9c8c4663-b1f5-4f66-9492-1fe5c30e4ff1 => generated 664 bytes in 34 msecs (HTTP/1.1 200) 4 headers in 157 bytes (1 switches on core 0)
Jun 26 06:29:54.957379 np0000183139 devstack@neutron-api.service[103257]: DEBUG neutron.api.v2.base [None req-c10851fd-8ce6-4fd9-83a9-8ffd91d661e2 admin admin] Request body: {'subnet': {'project_id': '9bb3d76e5c5e4cf0a2a1c2dfb9c2c567', 'network_id': '9c8c4663-b1f5-4f66-9492-1fe5c30e4ff1', 'cidr': '10.2.5.0/24', 'name': 'admin_subnet', 'gateway_ip': None, 'ip_version': 4}} {{(pid=103257) prepare_request_body /opt/stack/neutron/neutron/api/v2/base.py:727}}
Jun 26 06:29:54.974853 np0000183139 devstack@neutron-api.service[103257]: DEBUG neutron.pecan_wsgi.hooks.quota_enforcement [None req-c10851fd-8ce6-4fd9-83a9-8ffd91d661e2 admin admin] Made reservation on behalf of 9bb3d76e5c5e4cf0a2a1c2dfb9c2c567 for: {'subnet': 1} {{(pid=103257) before /opt/stack/neutron/neutron/pecan_wsgi/hooks/quota_enforcement.py:66}}
Jun 26 06:29:54.977671 np0000183139 devstack@neutron-api.service[103257]: DEBUG neutron_lib.callbacks.manager [None req-c10851fd-8ce6-4fd9-83a9-8ffd91d661e2 admin admin] Publish callbacks [] for subnet (None), before_create {{(pid=103257) _notify_loop /opt/stack/data/venv/lib/python3.12/site-packages/neutron_lib/callbacks/manager.py:184}}
Jun 26 06:29:55.044260 np0000183139 devstack@neutron-api.service[103257]: DEBUG neutron.db.ovn_revision_numbers_db [None req-c10851fd-8ce6-4fd9-83a9-8ffd91d661e2 admin admin] create_initial_revision uuid=63136c1e-9a10-4648-82a5-f5ef399e3ed4, type=subnets, rev=-1 {{(pid=103257) create_initial_revision /opt/stack/neutron/neutron/db/ovn_revision_numbers_db.py:98}}
Jun 26 06:29:55.052170 np0000183139 devstack@neutron-api.service[103257]: DEBUG neutron_lib.callbacks.manager [None req-c10851fd-8ce6-4fd9-83a9-8ffd91d661e2 admin admin] Publish callbacks ['neutron.plugins.ml2.ovo_rpc._ObjectChangeHandler.handle_event-7252001'] for subnet (63136c1e-9a10-4648-82a5-f5ef399e3ed4), after_create {{(pid=103257) _notify_loop /opt/stack/data/venv/lib/python3.12/site-packages/neutron_lib/callbacks/manager.py:184}}
Jun 26 06:29:55.065403 np0000183139 devstack@neutron-api.service[103257]: DEBUG neutron.api.rpc.handlers.resources_rpc [None req-c10851fd-8ce6-4fd9-83a9-8ffd91d661e2 admin admin] Pushing event updated for resources: {'Subnet': ['ID=63136c1e-9a10-4648-82a5-f5ef399e3ed4,revision_number=0']} {{(pid=103257) push /opt/stack/neutron/neutron/api/rpc/handlers/resources_rpc.py:237}}
Jun 26 06:29:55.070353 np0000183139 devstack@neutron-api.service[103257]: DEBUG neutron.api.rpc.callbacks.version_manager [None req-c10851fd-8ce6-4fd9-83a9-8ffd91d661e2 admin admin] Tracked resource versions report:
Jun 26 06:29:55.070353 np0000183139 devstack@neutron-api.service[103257]: pushed versions:
Jun 26 06:29:55.070353 np0000183139 devstack@neutron-api.service[103257]: { 'AddressGroup': {'1.2'},
Jun 26 06:29:55.070353 np0000183139 devstack@neutron-api.service[103257]: 'Agent': {'1.1'},
Jun 26 06:29:55.070353 np0000183139 devstack@neutron-api.service[103257]: 'ConntrackHelper': {'1.0'},
Jun 26 06:29:55.070353 np0000183139 devstack@neutron-api.service[103257]: 'LocalIPAssociation': {'1.0'},
Jun 26 06:29:55.070353 np0000183139 devstack@neutron-api.service[103257]: 'Log': {'1.0'},
Jun 26 06:29:55.070353 np0000183139 devstack@neutron-api.service[103257]: 'NDPProxy': {'1.0'},
Jun 26 06:29:55.070353 np0000183139 devstack@neutron-api.service[103257]: 'Network': {'1.3'},
Jun 26 06:29:55.070353 np0000183139 devstack@neutron-api.service[103257]: 'Port': {'1.11'},
Jun 26 06:29:55.070353 np0000183139 devstack@neutron-api.service[103257]: 'PortForwarding': {'1.3'},
Jun 26 06:29:55.070353 np0000183139 devstack@neutron-api.service[103257]: 'QosPolicy': {'1.10'},
Jun 26 06:29:55.070353 np0000183139 devstack@neutron-api.service[103257]: 'SecurityGroup': {'1.6'},
Jun 26 06:29:55.070353 np0000183139 devstack@neutron-api.service[103257]: 'SecurityGroupRule': {'1.3'},
Jun 26 06:29:55.070353 np0000183139 devstack@neutron-api.service[103257]: 'SubPort': {'1.0'},
Jun 26 06:29:55.070353 np0000183139 devstack@neutron-api.service[103257]: 'Subnet': {'1.2'},
Jun 26 06:29:55.070353 np0000183139 devstack@neutron-api.service[103257]: 'Trunk': {'1.1'}}
Jun 26 06:29:55.070353 np0000183139 devstack@neutron-api.service[103257]: consumer versions:
Jun 26 06:29:55.070353 np0000183139 devstack@neutron-api.service[103257]: { OVN Controller Gateway agent@np0000183139: {},
Jun 26 06:29:55.070353 np0000183139 devstack@neutron-api.service[103257]: OVN Neutron agent@np0000183139: {}}
Jun 26 06:29:55.070353 np0000183139 devstack@neutron-api.service[103257]: {{(pid=103257) report /opt/stack/neutron/neutron/api/rpc/callbacks/version_manager.py:183}}
Jun 26 06:29:55.118028 np0000183139 devstack@neutron-api.service[103257]: DEBUG neutron_lib.callbacks.manager [None req-c10851fd-8ce6-4fd9-83a9-8ffd91d661e2 admin admin] Publish callbacks ['neutron.plugins.ml2.plugin.SecurityGroupDbMixin._ensure_default_security_group_handler-4142880', 'neutron.services.ovn_l3.plugin.OVNL3RouterPlugin._port_update-8393443608496', 'neutron.db.l3_db.L3_NAT_dbonly_mixin._prevent_internal_ip_change_for_fip-8393445427414'] for port (c7e480c6-2a4d-4af2-9d3e-cf7f3c2fd808), before_update {{(pid=103257) _notify_loop /opt/stack/data/venv/lib/python3.12/site-packages/neutron_lib/callbacks/manager.py:184}}
Jun 26 06:29:55.203540 np0000183139 devstack@neutron-api.service[103257]: DEBUG neutron.db.db_base_plugin_common [None req-c10851fd-8ce6-4fd9-83a9-8ffd91d661e2 admin admin] Allocated IP 10.2.5.1 (9c8c4663-b1f5-4f66-9492-1fe5c30e4ff1/63136c1e-9a10-4648-82a5-f5ef399e3ed4/c7e480c6-2a4d-4af2-9d3e-cf7f3c2fd808) {{(pid=103257) _store_ip_allocation /opt/stack/neutron/neutron/db/db_base_plugin_common.py:131}}
Jun 26 06:29:55.272039 np0000183139 devstack@neutron-api.service[103257]: DEBUG neutron_lib.callbacks.manager [None req-c10851fd-8ce6-4fd9-83a9-8ffd91d661e2 admin admin] Publish callbacks [] for port (c7e480c6-2a4d-4af2-9d3e-cf7f3c2fd808), precommit_update {{(pid=103257) _notify_loop /opt/stack/data/venv/lib/python3.12/site-packages/neutron_lib/callbacks/manager.py:184}}
Jun 26 06:29:55.272224 np0000183139 devstack@neutron-api.service[103257]: DEBUG neutron.plugins.ml2.drivers.ovn.mech_driver.mech_driver [None req-c10851fd-8ce6-4fd9-83a9-8ffd91d661e2 admin admin] No provisioning block for port c7e480c6-2a4d-4af2-9d3e-cf7f3c2fd808 since it does not have a host {{(pid=103257) _is_port_provisioning_required /opt/stack/neutron/neutron/plugins/ml2/drivers/ovn/mech_driver/mech_driver.py:899}}
Jun 26 06:29:55.284458 np0000183139 devstack@neutron-api.service[103257]: DEBUG neutron_lib.callbacks.manager [None req-c10851fd-8ce6-4fd9-83a9-8ffd91d661e2 admin admin] Publish callbacks ['neutron.plugins.ml2.ovo_rpc._ObjectChangeHandler.handle_event-7252012', 'neutron.services.ovn_l3.plugin.OVNL3RouterPlugin._port_update-8393443608496'] for port (c7e480c6-2a4d-4af2-9d3e-cf7f3c2fd808), after_update {{(pid=103257) _notify_loop /opt/stack/data/venv/lib/python3.12/site-packages/neutron_lib/callbacks/manager.py:184}}
Jun 26 06:29:55.315476 np0000183139 devstack@neutron-api.service[103257]: DEBUG neutron.api.rpc.handlers.resources_rpc [None req-c10851fd-8ce6-4fd9-83a9-8ffd91d661e2 admin admin] Pushing event updated for resources: {'Port': ['ID=c7e480c6-2a4d-4af2-9d3e-cf7f3c2fd808,revision_number=2']} {{(pid=103257) push /opt/stack/neutron/neutron/api/rpc/handlers/resources_rpc.py:237}}
Jun 26 06:29:55.417367 np0000183139 devstack@neutron-api.service[103257]: DEBUG neutron.plugins.ml2.drivers.ovn.mech_driver.ovsdb.commands [None req-c10851fd-8ce6-4fd9-83a9-8ffd91d661e2 admin admin] Converting tag [] to a tag_request {{(pid=103257) _tag_column_to_tag_request /opt/stack/neutron/neutron/plugins/ml2/drivers/ovn/mech_driver/ovsdb/commands.py:205}}
Jun 26 06:29:55.418520 np0000183139 devstack@neutron-api.service[103257]: DEBUG ovsdbapp.backend.ovs_idl.transaction [None req-60843155-e740-4041-8801-6d736c331e2d None None] Running txn n=1 command(idx=0): CheckRevisionNumberCommand(_result=None, name=c7e480c6-2a4d-4af2-9d3e-cf7f3c2fd808, resource={'id': 'c7e480c6-2a4d-4af2-9d3e-cf7f3c2fd808', 'name': '', 'network_id': '9c8c4663-b1f5-4f66-9492-1fe5c30e4ff1', 'project_id': '9bb3d76e5c5e4cf0a2a1c2dfb9c2c567', 'mac_address': 'fa:16:3e:33:35:60', 'admin_state_up': True, 'status': 'DOWN', 'device_id': 'ovnmeta-9c8c4663-b1f5-4f66-9492-1fe5c30e4ff1', 'device_owner': 'network:distributed', 'standard_attr_id': 44, 'fixed_ips': [{'subnet_id': '63136c1e-9a10-4648-82a5-f5ef399e3ed4', 'ip_address': '10.2.5.1'}], 'allowed_address_pairs': [], 'extra_dhcp_opts': [], 'security_groups': [], 'description': '', 'binding:vnic_type': 'normal', 'binding:profile': {}, 'binding:host_id': '', 'binding:vif_type': 'unbound', 'binding:vif_details': {}, 'port_security_enabled': False, 'tags': [], 'created_at': '2026-06-26T06:29:53Z', 'updated_at': '2026-06-26T06:29:55Z', 'revision_number': 2, 'tenant_id': '9bb3d76e5c5e4cf0a2a1c2dfb9c2c567', 'network': {'id': '9c8c4663-b1f5-4f66-9492-1fe5c30e4ff1', 'name': 'admin_net', 'tenant_id': '9bb3d76e5c5e4cf0a2a1c2dfb9c2c567', 'project_id': '9bb3d76e5c5e4cf0a2a1c2dfb9c2c567', 'admin_state_up': True, 'mtu': 1372, 'status': 'ACTIVE', 'subnets': ['63136c1e-9a10-4648-82a5-f5ef399e3ed4'], 'standard_attr_id': 42, 'shared': False, 'availability_zone_hints': [], 'availability_zones': [], 'ipv4_address_scope': None, 'ipv6_address_scope': None, 'router:external': False, 'qinq': False, 'vlan_transparent': False, 'description': '', 'port_security_enabled': True, 'tags': [], 'created_at': '2026-06-26T06:29:53Z', 'updated_at': '2026-06-26T06:29:55Z', 'revision_number': 2, 'provider:network_type': 'geneve', 'provider:physical_network': None, 'provider:segmentation_id': 50110}}, resource_type=ports, if_exists=True) {{(pid=103257) do_commit /opt/stack/data/venv/lib/python3.12/site-packages/ovsdbapp/backend/ovs_idl/transaction.py:89}}
Jun 26 06:29:55.419358 np0000183139 devstack@neutron-api.service[103257]: DEBUG ovsdbapp.backend.ovs_idl.transaction [None req-60843155-e740-4041-8801-6d736c331e2d None None] Running txn n=1 command(idx=1): AddDHCPOptionsCommand(_result=None, columns={'cidr': '10.2.5.0/24', 'options': {'server_id': '10.2.5.1', 'lease_time': '43200', 'mtu': '1372', 'server_mac': 'fa:16:3e:f3:19:8f', 'dns_server': '{127.0.0.53}', 'classless_static_route': '{169.254.169.254/32,10.2.5.1}'}, 'external_ids': {'subnet_id': '63136c1e-9a10-4648-82a5-f5ef399e3ed4', 'neutron:network_id': '9c8c4663-b1f5-4f66-9492-1fe5c30e4ff1', 'neutron:revision_number': '0'}}, may_exist=True, subnet_id=63136c1e-9a10-4648-82a5-f5ef399e3ed4, port_id=None, new_insert=False) {{(pid=103257) do_commit /opt/stack/data/venv/lib/python3.12/site-packages/ovsdbapp/backend/ovs_idl/transaction.py:89}}
Jun 26 06:29:55.420083 np0000183139 devstack@neutron-api.service[103257]: DEBUG ovsdbapp.backend.ovs_idl.transaction [None req-60843155-e740-4041-8801-6d736c331e2d None None] Running txn n=1 command(idx=2): SetLSwitchPortCommand(_result=None, lport=c7e480c6-2a4d-4af2-9d3e-cf7f3c2fd808, external_ids_update=None, columns={'external_ids': {'neutron:port_name': '', 'neutron:device_id': 'ovnmeta-9c8c4663-b1f5-4f66-9492-1fe5c30e4ff1', 'neutron:project_id': '9bb3d76e5c5e4cf0a2a1c2dfb9c2c567', 'neutron:cidrs': '10.2.5.1/24', 'neutron:device_owner': 'network:distributed', 'neutron:subnet_pool_addr_scope4': '', 'neutron:subnet_pool_addr_scope6': '', 'neutron:network_name': 'neutron-9c8c4663-b1f5-4f66-9492-1fe5c30e4ff1', 'neutron:security_group_ids': '', 'neutron:revision_number': '2', 'neutron:vnic_type': 'normal', 'neutron:port_capabilities': '', 'neutron:mtu': '1372'}, 'parent_name': [], 'options': {}, 'enabled': True, 'port_security': [], 'dhcpv4_options': [], 'dhcpv6_options': [], 'type': 'localport', 'addresses': ['fa:16:3e:33:35:60 10.2.5.1'], 'ha_chassis_group': [], 'tag_request': []}, if_exists=False) {{(pid=103257) do_commit /opt/stack/data/venv/lib/python3.12/site-packages/ovsdbapp/backend/ovs_idl/transaction.py:89}}
Jun 26 06:29:55.421603 np0000183139 devstack@neutron-api.service[103257]: DEBUG ovsdbapp.backend.ovs_idl.transaction [None req-60843155-e740-4041-8801-6d736c331e2d None None] Running txn n=1 command(idx=3): PgDelPortCommand(_result=None, port_group=neutron_pg_drop, lsp=['c7e480c6-2a4d-4af2-9d3e-cf7f3c2fd808'], if_exists=False) {{(pid=103257) do_commit /opt/stack/data/venv/lib/python3.12/site-packages/ovsdbapp/backend/ovs_idl/transaction.py:89}}
Jun 26 06:29:55.429741 np0000183139 devstack@neutron-api.service[103259]: DEBUG neutron.plugins.ml2.drivers.ovn.mech_driver.ovsdb.ovsdb_monitor [None req-1fb9698c-0f3a-421b-9b60-cb177dde5b67 None None] Touching Hash Ring node "3139b9d31afc511fa501f8cd742ed74d" from IDL notify handler {{(pid=103259) notify /opt/stack/neutron/neutron/plugins/ml2/drivers/ovn/mech_driver/ovsdb/ovsdb_monitor.py:1007}}
Jun 26 06:29:55.433811 np0000183139 devstack@neutron-api.service[103260]: DEBUG neutron.plugins.ml2.drivers.ovn.mech_driver.ovsdb.ovsdb_monitor [None req-860bb2d8-c774-414c-aea6-491caa476ff8 None None] Touching Hash Ring node "604425646bab5bab8f71cecc909d8a11" from IDL notify handler {{(pid=103260) notify /opt/stack/neutron/neutron/plugins/ml2/drivers/ovn/mech_driver/ovsdb/ovsdb_monitor.py:1007}}
Jun 26 06:29:55.436625 np0000183139 devstack@neutron-api.service[103259]: DEBUG neutron.plugins.ml2.drivers.ovn.mech_driver.ovsdb.ovsdb_monitor [None req-5e256e41-2527-4aff-a86d-4682ad870ae7 None None] Hash Ring: Node 3139b9d31afc511fa501f8cd742ed74d (host: np0000183139) handling event "update" for row db95cff6-1430-4fc2-a998-6d32b27ad4d5 (table: Port_Binding) {{(pid=103259) notify /opt/stack/neutron/neutron/plugins/ml2/drivers/ovn/mech_driver/ovsdb/ovsdb_monitor.py:1015}}
Jun 26 06:29:55.442770 np0000183139 devstack@neutron-api.service[103259]: DEBUG neutron.plugins.ml2.drivers.ovn.mech_driver.ovsdb.ovsdb_monitor [None req-1fb9698c-0f3a-421b-9b60-cb177dde5b67 None None] Hash Ring: Node 3139b9d31afc511fa501f8cd742ed74d (host: np0000183139) handling event "create" for row 56f93351-960a-4a53-a754-6c65e5655ca5 (table: DHCP_Options) {{(pid=103259) notify /opt/stack/neutron/neutron/plugins/ml2/drivers/ovn/mech_driver/ovsdb/ovsdb_monitor.py:1015}}
Jun 26 06:29:55.444066 np0000183139 devstack@neutron-api.service[103260]: DEBUG neutron.plugins.ml2.drivers.ovn.mech_driver.ovsdb.ovsdb_monitor [None req-860bb2d8-c774-414c-aea6-491caa476ff8 None None] Hash Ring: Node 604425646bab5bab8f71cecc909d8a11 (host: np0000183139) handling event "update" for row 7603caf6-9e38-4dec-b3d4-255e75cdafea (table: Logical_Switch_Port) {{(pid=103260) notify /opt/stack/neutron/neutron/plugins/ml2/drivers/ovn/mech_driver/ovsdb/ovsdb_monitor.py:1015}}
Jun 26 06:29:55.463326 np0000183139 devstack@neutron-api.service[103257]: INFO neutron.db.ovn_revision_numbers_db [None req-c10851fd-8ce6-4fd9-83a9-8ffd91d661e2 admin admin] Successfully bumped revision number for resource c7e480c6-2a4d-4af2-9d3e-cf7f3c2fd808 (type: ports) to 2
Jun 26 06:29:55.473442 np0000183139 devstack@neutron-api.service[103257]: DEBUG neutron.plugins.ml2.plugin [None req-c10851fd-8ce6-4fd9-83a9-8ffd91d661e2 admin admin] In _notify_port_updated(), no bound segment for port c7e480c6-2a4d-4af2-9d3e-cf7f3c2fd808 on network 9c8c4663-b1f5-4f66-9492-1fe5c30e4ff1 {{(pid=103257) _notify_port_updated /opt/stack/neutron/neutron/plugins/ml2/plugin.py:1041}}
Jun 26 06:29:55.493045 np0000183139 devstack@neutron-api.service[103257]: INFO neutron.db.ovn_revision_numbers_db [None req-c10851fd-8ce6-4fd9-83a9-8ffd91d661e2 admin admin] Successfully bumped revision number for resource 63136c1e-9a10-4648-82a5-f5ef399e3ed4 (type: subnets) to 0
Jun 26 06:29:55.494737 np0000183139 devstack@neutron-api.service[103257]: DEBUG neutron.pecan_wsgi.hooks.policy_enforcement [None req-c10851fd-8ce6-4fd9-83a9-8ffd91d661e2 admin admin] Attributes excluded by policy engine: ['standard_attr_id', 'shared', 'network'] {{(pid=103257) _exclude_attributes_by_policy /opt/stack/neutron/neutron/pecan_wsgi/hooks/policy_enforcement.py:259}}
Jun 26 06:29:55.495075 np0000183139 devstack@neutron-api.service[103257]: DEBUG neutron_lib.callbacks.manager [None req-c10851fd-8ce6-4fd9-83a9-8ffd91d661e2 admin admin] Publish callbacks [] for subnet (None), before_response {{(pid=103257) _notify_loop /opt/stack/data/venv/lib/python3.12/site-packages/neutron_lib/callbacks/manager.py:184}}
Jun 26 06:29:55.510259 np0000183139 devstack@neutron-api.service[103257]: [pid: 103257|app: 0|req: 25/99] 199.204.45.144 () {68 vars in 1355 bytes} [Fri Jun 26 06:29:54 2026] POST /networking/v2.0/subnets => generated 625 bytes in 557 msecs (HTTP/1.1 201) 4 headers in 162 bytes (1 switches on core 0)
Jun 26 06:29:55.531310 np0000183139 devstack@neutron-api.service[103260]: DEBUG neutron.plugins.ml2.drivers.ovn.mech_driver.ovsdb.ovsdb_monitor [None req-0f054b8d-8f57-47ae-8548-307927a12af1 None None] ChassisOVNAgentWriteEvent : Matched Chassis_Private, update, None None {{(pid=103260) matches /opt/stack/neutron/neutron/plugins/ml2/drivers/ovn/mech_driver/ovsdb/ovsdb_monitor.py:64}}
Jun 26 06:29:55.532095 np0000183139 devstack@neutron-api.service[103258]: DEBUG neutron.plugins.ml2.drivers.ovn.mech_driver.ovsdb.ovsdb_monitor [None req-29d8cfff-256c-4db2-93fe-3fc8edd6e9f2 None None] ChassisOVNAgentWriteEvent : Matched Chassis_Private, update, None None {{(pid=103258) matches /opt/stack/neutron/neutron/plugins/ml2/drivers/ovn/mech_driver/ovsdb/ovsdb_monitor.py:64}}
Jun 26 06:29:55.532439 np0000183139 devstack@neutron-api.service[103257]: DEBUG neutron.plugins.ml2.drivers.ovn.mech_driver.ovsdb.ovsdb_monitor [None req-b8622ec2-f7a5-4c3d-b25a-3503be07622f None None] ChassisOVNAgentWriteEvent : Matched Chassis_Private, update, None None {{(pid=103257) matches /opt/stack/neutron/neutron/plugins/ml2/drivers/ovn/mech_driver/ovsdb/ovsdb_monitor.py:64}}
Jun 26 06:29:55.533612 np0000183139 devstack@neutron-api.service[103257]: DEBUG neutron.plugins.ml2.drivers.ovn.mech_driver.ovsdb.ovsdb_monitor [None req-b8622ec2-f7a5-4c3d-b25a-3503be07622f None None] Hash Ring: Node e96079b19ca55d028c5dd697c2d3bd34 (host: np0000183139) handling event "update" for row 7d744287-fd9f-4f6c-a426-dcc605907300 (table: Chassis_Private) {{(pid=103257) notify /opt/stack/neutron/neutron/plugins/ml2/drivers/ovn/mech_driver/ovsdb/ovsdb_monitor.py:1015}}
Jun 26 06:29:55.533956 np0000183139 devstack@neutron-api.service[103259]: DEBUG neutron.plugins.ml2.drivers.ovn.mech_driver.ovsdb.ovsdb_monitor [None req-5e256e41-2527-4aff-a86d-4682ad870ae7 None None] ChassisOVNAgentWriteEvent : Matched Chassis_Private, update, None None {{(pid=103259) matches /opt/stack/neutron/neutron/plugins/ml2/drivers/ovn/mech_driver/ovsdb/ovsdb_monitor.py:64}}
Jun 26 06:29:55.742614 np0000183139 devstack@neutron-api.service[103258]: INFO neutron.pecan_wsgi.hooks.translation [None req-279dcc5b-bb18-451d-acd7-243bb85f4e0b admin admin] GET failed (client error): The resource could not be found.
Jun 26 06:29:55.743310 np0000183139 devstack@neutron-api.service[103258]: [pid: 103258|app: 0|req: 25/100] 199.204.45.144 () {64 vars in 1340 bytes} [Fri Jun 26 06:29:55 2026] GET /networking/v2.0/subnets/admin_subnet => generated 112 bytes in 13 msecs (HTTP/1.1 404) 4 headers in 164 bytes (1 switches on core 0)
Jun 26 06:29:55.776057 np0000183139 devstack@neutron-api.service[103259]: DEBUG neutron.pecan_wsgi.hooks.policy_enforcement [None req-de0672c2-f493-4b2c-9d89-9594546e9737 admin admin] Attributes excluded by policy engine: ['standard_attr_id', 'shared'] {{(pid=103259) _exclude_attributes_by_policy /opt/stack/neutron/neutron/pecan_wsgi/hooks/policy_enforcement.py:259}}
Jun 26 06:29:55.777451 np0000183139 devstack@neutron-api.service[103259]: [pid: 103259|app: 0|req: 25/101] 199.204.45.144 () {64 vars in 1349 bytes} [Fri Jun 26 06:29:55 2026] GET /networking/v2.0/subnets?name=admin_subnet => generated 628 bytes in 24 msecs (HTTP/1.1 200) 4 headers in 157 bytes (1 switches on core 0)
Jun 26 06:29:59.245240 np0000183139 devstack@neutron-api.service[103260]: DEBUG futurist.periodics [-] Submitting periodic callback 'neutron.plugins.ml2.drivers.ovn.mech_driver.ovsdb.maintenance.HashRingHealthCheckPeriodics.touch_hash_ring_node' {{(pid=103260) _process_scheduled /opt/stack/data/venv/lib/python3.12/site-packages/futurist/periodics.py:784}}
Jun 26 06:29:59.246456 np0000183139 devstack@neutron-api.service[103260]: DEBUG neutron.plugins.ml2.drivers.ovn.mech_driver.ovsdb.maintenance [-] Touching Hash Ring node "604425646bab5bab8f71cecc909d8a11" from periodic health check thread {{(pid=103260) touch_hash_ring_node /opt/stack/neutron/neutron/plugins/ml2/drivers/ovn/mech_driver/ovsdb/maintenance.py:1419}}
Jun 26 06:30:00.065018 np0000183139 devstack@neutron-api.service[103257]: DEBUG futurist.periodics [-] Submitting periodic callback 'neutron.plugins.ml2.drivers.ovn.mech_driver.ovsdb.maintenance.HashRingHealthCheckPeriodics.touch_hash_ring_node' {{(pid=103257) _process_scheduled /opt/stack/data/venv/lib/python3.12/site-packages/futurist/periodics.py:784}}
Jun 26 06:30:00.065579 np0000183139 devstack@neutron-api.service[103257]: DEBUG neutron.plugins.ml2.drivers.ovn.mech_driver.ovsdb.maintenance [-] Touching Hash Ring node "e96079b19ca55d028c5dd697c2d3bd34" from periodic health check thread {{(pid=103257) touch_hash_ring_node /opt/stack/neutron/neutron/plugins/ml2/drivers/ovn/mech_driver/ovsdb/maintenance.py:1419}}
Jun 26 06:30:00.084268 np0000183139 devstack@neutron-api.service[103258]: DEBUG futurist.periodics [-] Submitting periodic callback 'neutron.plugins.ml2.drivers.ovn.mech_driver.ovsdb.maintenance.HashRingHealthCheckPeriodics.touch_hash_ring_node' {{(pid=103258) _process_scheduled /opt/stack/data/venv/lib/python3.12/site-packages/futurist/periodics.py:784}}
Jun 26 06:30:00.084858 np0000183139 devstack@neutron-api.service[103258]: DEBUG neutron.plugins.ml2.drivers.ovn.mech_driver.ovsdb.maintenance [-] Touching Hash Ring node "e8f4ec2db5fa500f83169f22c26af738" from periodic health check thread {{(pid=103258) touch_hash_ring_node /opt/stack/neutron/neutron/plugins/ml2/drivers/ovn/mech_driver/ovsdb/maintenance.py:1419}}
Jun 26 06:30:00.171402 np0000183139 devstack@neutron-api.service[103259]: DEBUG futurist.periodics [-] Submitting periodic callback 'neutron.plugins.ml2.drivers.ovn.mech_driver.ovsdb.maintenance.HashRingHealthCheckPeriodics.touch_hash_ring_node' {{(pid=103259) _process_scheduled /opt/stack/data/venv/lib/python3.12/site-packages/futurist/periodics.py:784}}
Jun 26 06:30:00.172098 np0000183139 devstack@neutron-api.service[103259]: DEBUG neutron.plugins.ml2.drivers.ovn.mech_driver.ovsdb.maintenance [-] Touching Hash Ring node "3139b9d31afc511fa501f8cd742ed74d" from periodic health check thread {{(pid=103259) touch_hash_ring_node /opt/stack/neutron/neutron/plugins/ml2/drivers/ovn/mech_driver/ovsdb/maintenance.py:1419}}
Jun 26 06:30:00.471120 np0000183139 devstack@neutron-api.service[103260]: [pid: 103260|app: 0|req: 27/102] 199.204.45.144 () {64 vars in 1369 bytes} [Fri Jun 26 06:30:00 2026] GET /networking/v2.0/ports?device_id=manila-admin-share&binding%3Ahost_id=np0000183139 => generated 12 bytes in 82 msecs (HTTP/1.1 200) 4 headers in 156 bytes (1 switches on core 0)
Jun 26 06:30:00.524721 np0000183139 devstack@neutron-api.service[103257]: DEBUG neutron.api.wsgi [None req-86a3fc46-f025-493a-b9d2-fc548736fad9 service neutron] Missing Content-Type {{(pid=103257) get_content_type /opt/stack/neutron/neutron/api/wsgi.py:80}}
Jun 26 06:30:00.525571 np0000183139 devstack@neutron-api.service[103257]: DEBUG neutron.api.wsgi [None req-86a3fc46-f025-493a-b9d2-fc548736fad9 service neutron] https://199.204.45.144/networking/v2.0/extensions returned with HTTP 200 {{(pid=103257) __call__ /opt/stack/neutron/neutron/api/wsgi.py:540}}
Jun 26 06:30:00.526127 np0000183139 devstack@neutron-api.service[103257]: [pid: 103257|app: 0|req: 26/103] 199.204.45.144 () {64 vars in 1265 bytes} [Fri Jun 26 06:30:00 2026] GET /networking/v2.0/extensions => generated 16171 bytes in 7 msecs (HTTP/1.1 200) 4 headers in 159 bytes (1 switches on core 0)
Jun 26 06:30:00.568831 np0000183139 devstack@neutron-api.service[103258]: DEBUG neutron.api.v2.base [None req-75ee8d7d-9e22-4779-aa2c-c2f4e92f68c3 service neutron] Request body: {'port': {'network_id': '9c8c4663-b1f5-4f66-9492-1fe5c30e4ff1', 'admin_state_up': True, 'tenant_id': '9bb3d76e5c5e4cf0a2a1c2dfb9c2c567', 'port_security_enabled': False, 'binding:host_id': 'np0000183139', 'fixed_ips': [{'subnet_id': '63136c1e-9a10-4648-82a5-f5ef399e3ed4'}], 'device_owner': 'manila:share', 'device_id': 'manila-admin-share'}} {{(pid=103258) prepare_request_body /opt/stack/neutron/neutron/api/v2/base.py:727}}
Jun 26 06:30:00.593413 np0000183139 devstack@neutron-api.service[103258]: DEBUG neutron.pecan_wsgi.hooks.quota_enforcement [None req-75ee8d7d-9e22-4779-aa2c-c2f4e92f68c3 service neutron] Made reservation on behalf of 9bb3d76e5c5e4cf0a2a1c2dfb9c2c567 for: {'port': 1} {{(pid=103258) before /opt/stack/neutron/neutron/pecan_wsgi/hooks/quota_enforcement.py:66}}
Jun 26 06:30:00.597909 np0000183139 devstack@neutron-api.service[103258]: DEBUG neutron_lib.callbacks.manager [None req-75ee8d7d-9e22-4779-aa2c-c2f4e92f68c3 service neutron] Publish callbacks ['neutron.plugins.ml2.plugin.SecurityGroupDbMixin._ensure_default_security_group_handler-5878'] for port (None), before_create {{(pid=103258) _notify_loop /opt/stack/data/venv/lib/python3.12/site-packages/neutron_lib/callbacks/manager.py:184}}
Jun 26 06:30:00.655116 np0000183139 devstack@neutron-api.service[103258]: DEBUG neutron.db.db_base_plugin_common [None req-75ee8d7d-9e22-4779-aa2c-c2f4e92f68c3 service neutron] Allocated IP 10.2.5.129 (9c8c4663-b1f5-4f66-9492-1fe5c30e4ff1/63136c1e-9a10-4648-82a5-f5ef399e3ed4/8332e2fa-4c5f-48c8-a3dc-04853dc6897d) {{(pid=103258) _store_ip_allocation /opt/stack/neutron/neutron/db/db_base_plugin_common.py:131}}
Jun 26 06:30:00.714788 np0000183139 devstack@neutron-api.service[103258]: DEBUG neutron_lib.callbacks.manager [None req-75ee8d7d-9e22-4779-aa2c-c2f4e92f68c3 service neutron] Publish callbacks ['neutron.plugins.ml2.drivers.ovn.mech_driver.mech_driver.OVNMechanismDriver._validate_allowed_address_pairs-332623'] for allowed_address_pair (8332e2fa-4c5f-48c8-a3dc-04853dc6897d), before_create {{(pid=103258) _notify_loop /opt/stack/data/venv/lib/python3.12/site-packages/neutron_lib/callbacks/manager.py:184}}
Jun 26 06:30:00.714788 np0000183139 devstack@neutron-api.service[103258]: DEBUG neutron_lib.callbacks.manager [None req-75ee8d7d-9e22-4779-aa2c-c2f4e92f68c3 service neutron] Publish callbacks [] for port (8332e2fa-4c5f-48c8-a3dc-04853dc6897d), precommit_create {{(pid=103258) _notify_loop /opt/stack/data/venv/lib/python3.12/site-packages/neutron_lib/callbacks/manager.py:184}}
Jun 26 06:30:00.717501 np0000183139 devstack@neutron-api.service[103258]: DEBUG neutron.db.provisioning_blocks [None req-75ee8d7d-9e22-4779-aa2c-c2f4e92f68c3 service neutron] Transition to ACTIVE for port object 8332e2fa-4c5f-48c8-a3dc-04853dc6897d will not be triggered until provisioned by entity L2. {{(pid=103258) add_provisioning_component /opt/stack/neutron/neutron/db/provisioning_blocks.py:74}}
Jun 26 06:30:00.717630 np0000183139 devstack@neutron-api.service[103258]: DEBUG neutron.db.ovn_revision_numbers_db [None req-75ee8d7d-9e22-4779-aa2c-c2f4e92f68c3 service neutron] create_initial_revision uuid=8332e2fa-4c5f-48c8-a3dc-04853dc6897d, type=ports, rev=-1 {{(pid=103258) create_initial_revision /opt/stack/neutron/neutron/db/ovn_revision_numbers_db.py:98}}
Jun 26 06:30:00.728169 np0000183139 devstack@neutron-api.service[103258]: DEBUG neutron_lib.callbacks.manager [None req-75ee8d7d-9e22-4779-aa2c-c2f4e92f68c3 service neutron] Publish callbacks ['neutron.plugins.ml2.ovo_rpc._ObjectChangeHandler.handle_event-1288927'] for port (8332e2fa-4c5f-48c8-a3dc-04853dc6897d), after_create {{(pid=103258) _notify_loop /opt/stack/data/venv/lib/python3.12/site-packages/neutron_lib/callbacks/manager.py:184}}
Jun 26 06:30:00.752760 np0000183139 devstack@neutron-api.service[103258]: DEBUG neutron.api.rpc.handlers.resources_rpc [None req-75ee8d7d-9e22-4779-aa2c-c2f4e92f68c3 service neutron] Pushing event updated for resources: {'Port': ['ID=8332e2fa-4c5f-48c8-a3dc-04853dc6897d,revision_number=1']} {{(pid=103258) push /opt/stack/neutron/neutron/api/rpc/handlers/resources_rpc.py:237}}
Jun 26 06:30:00.796295 np0000183139 devstack@neutron-api.service[103258]: DEBUG neutron.plugins.ml2.drivers.ovn.mech_driver.ovsdb.commands [None req-75ee8d7d-9e22-4779-aa2c-c2f4e92f68c3 service neutron] Converting tag [] to a tag_request {{(pid=103258) _tag_column_to_tag_request /opt/stack/neutron/neutron/plugins/ml2/drivers/ovn/mech_driver/ovsdb/commands.py:205}}
Jun 26 06:30:00.797453 np0000183139 devstack@neutron-api.service[103258]: DEBUG ovsdbapp.backend.ovs_idl.transaction [None req-2e24433f-6093-47d6-a977-048ca5b82a7b None None] Running txn n=1 command(idx=0): AddLSwitchPortCommand(_result=None, lport=8332e2fa-4c5f-48c8-a3dc-04853dc6897d, lswitch=neutron-9c8c4663-b1f5-4f66-9492-1fe5c30e4ff1, may_exist=True, network_uuid=9c8c4663-b1f5-4f66-9492-1fe5c30e4ff1, columns={'addresses': ['fa:16:3e:0b:29:c0 10.2.5.129', 'unknown'], 'external_ids': {'neutron:port_name': '', 'neutron:device_id': 'manila-admin-share', 'neutron:project_id': '9bb3d76e5c5e4cf0a2a1c2dfb9c2c567', 'neutron:cidrs': '10.2.5.129/24', 'neutron:device_owner': 'manila:share', 'neutron:subnet_pool_addr_scope4': '', 'neutron:subnet_pool_addr_scope6': '', 'neutron:network_name': 'neutron-9c8c4663-b1f5-4f66-9492-1fe5c30e4ff1', 'neutron:security_group_ids': '', 'neutron:revision_number': '1', 'neutron:vnic_type': 'normal', 'neutron:port_capabilities': '', 'neutron:mtu': ''}, 'parent_name': [], 'enabled': True, 'options': {'requested-chassis': 'np0000183139'}, 'type': '', 'port_security': [], 'dhcpv4_options': [UUID('56f93351-960a-4a53-a754-6c65e5655ca5')], 'dhcpv6_options': [], 'tag_request': []}) {{(pid=103258) do_commit /opt/stack/data/venv/lib/python3.12/site-packages/ovsdbapp/backend/ovs_idl/transaction.py:89}}
Jun 26 06:30:00.798941 np0000183139 devstack@neutron-api.service[103258]: DEBUG ovsdbapp.backend.ovs_idl.transaction [None req-2e24433f-6093-47d6-a977-048ca5b82a7b None None] Running txn n=1 command(idx=1): QoSDelCommand(_result=None, switch=neutron-9c8c4663-b1f5-4f66-9492-1fe5c30e4ff1, conditions=[('direction', '=', 'to-lport'), ('priority', '=', 2002), ('match', '=', 'outport == "8332e2fa-4c5f-48c8-a3dc-04853dc6897d"')], if_exists=True) {{(pid=103258) do_commit /opt/stack/data/venv/lib/python3.12/site-packages/ovsdbapp/backend/ovs_idl/transaction.py:89}}
Jun 26 06:30:00.799466 np0000183139 devstack@neutron-api.service[103258]: DEBUG ovsdbapp.backend.ovs_idl.transaction [None req-2e24433f-6093-47d6-a977-048ca5b82a7b None None] Running txn n=1 command(idx=2): QoSDelCommand(_result=None, switch=neutron-9c8c4663-b1f5-4f66-9492-1fe5c30e4ff1, conditions=[('direction', '=', 'from-lport'), ('priority', '=', 2002), ('match', '=', 'inport == "8332e2fa-4c5f-48c8-a3dc-04853dc6897d"')], if_exists=True) {{(pid=103258) do_commit /opt/stack/data/venv/lib/python3.12/site-packages/ovsdbapp/backend/ovs_idl/transaction.py:89}}
Jun 26 06:30:00.836728 np0000183139 devstack@neutron-api.service[103259]: DEBUG neutron.plugins.ml2.drivers.ovn.mech_driver.ovsdb.ovsdb_monitor [None req-1fb9698c-0f3a-421b-9b60-cb177dde5b67 None None] Touching Hash Ring node "3139b9d31afc511fa501f8cd742ed74d" from IDL notify handler {{(pid=103259) notify /opt/stack/neutron/neutron/plugins/ml2/drivers/ovn/mech_driver/ovsdb/ovsdb_monitor.py:1007}}
Jun 26 06:30:00.840452 np0000183139 devstack@neutron-api.service[103260]: DEBUG neutron.plugins.ml2.drivers.ovn.mech_driver.ovsdb.ovsdb_monitor [None req-0f054b8d-8f57-47ae-8548-307927a12af1 None None] Touching Hash Ring node "604425646bab5bab8f71cecc909d8a11" from IDL notify handler {{(pid=103260) notify /opt/stack/neutron/neutron/plugins/ml2/drivers/ovn/mech_driver/ovsdb/ovsdb_monitor.py:1007}}
Jun 26 06:30:00.843602 np0000183139 devstack@neutron-api.service[103260]: DEBUG neutron.plugins.ml2.drivers.ovn.mech_driver.ovsdb.ovsdb_monitor [None req-860bb2d8-c774-414c-aea6-491caa476ff8 None None] Touching Hash Ring node "604425646bab5bab8f71cecc909d8a11" from IDL notify handler {{(pid=103260) notify /opt/stack/neutron/neutron/plugins/ml2/drivers/ovn/mech_driver/ovsdb/ovsdb_monitor.py:1007}}
Jun 26 06:30:00.847554 np0000183139 devstack@neutron-api.service[103259]: DEBUG neutron.plugins.ml2.drivers.ovn.mech_driver.ovsdb.ovsdb_monitor [None req-1fb9698c-0f3a-421b-9b60-cb177dde5b67 None None] Hash Ring: Node 3139b9d31afc511fa501f8cd742ed74d (host: np0000183139) handling event "update" for row 9c8c4663-b1f5-4f66-9492-1fe5c30e4ff1 (table: Logical_Switch) {{(pid=103259) notify /opt/stack/neutron/neutron/plugins/ml2/drivers/ovn/mech_driver/ovsdb/ovsdb_monitor.py:1015}}
Jun 26 06:30:00.852270 np0000183139 devstack@neutron-api.service[103260]: DEBUG neutron.plugins.ml2.drivers.ovn.mech_driver.ovsdb.ovsdb_monitor [None req-0f054b8d-8f57-47ae-8548-307927a12af1 None None] Hash Ring: Node 604425646bab5bab8f71cecc909d8a11 (host: np0000183139) handling event "create" for row 8129e4f8-0763-46e5-b4a6-3c275d3b9afb (table: Port_Binding) {{(pid=103260) notify /opt/stack/neutron/neutron/plugins/ml2/drivers/ovn/mech_driver/ovsdb/ovsdb_monitor.py:1015}}
Jun 26 06:30:00.853305 np0000183139 devstack@neutron-api.service[103260]: DEBUG neutron.plugins.ml2.drivers.ovn.mech_driver.ovsdb.ovsdb_monitor [None req-860bb2d8-c774-414c-aea6-491caa476ff8 None None] Hash Ring: Node 604425646bab5bab8f71cecc909d8a11 (host: np0000183139) handling event "create" for row 8c492edb-a617-432e-b912-fe78c5fe6519 (table: Logical_Switch_Port) {{(pid=103260) notify /opt/stack/neutron/neutron/plugins/ml2/drivers/ovn/mech_driver/ovsdb/ovsdb_monitor.py:1015}}
Jun 26 06:30:00.854990 np0000183139 devstack@neutron-api.service[103260]: DEBUG ovsdbapp.backend.ovs_idl.event [None req-860bb2d8-c774-414c-aea6-491caa476ff8 None None] Matched CREATE: LogicalSwitchPortCreateEvent(events=('create',), table='Logical_Switch_Port', conditions=[], old_conditions=None), priority=20 to row=Logical_Switch_Port(uuid=8c492edb-a617-432e-b912-fe78c5fe6519, addresses=['fa:16:3e:0b:29:c0 10.2.5.129', 'unknown'], dhcpv4_options=56f93351-960a-4a53-a754-6c65e5655ca5, dhcpv6_options=[], dynamic_addresses=[], enabled=True, external_ids={'neutron:cidrs': '10.2.5.129/24', 'neutron:device_id': 'manila-admin-share', 'neutron:device_owner': 'manila:share', 'neutron:mtu': '', 'neutron:network_name': 'neutron-9c8c4663-b1f5-4f66-9492-1fe5c30e4ff1', 'neutron:port_capabilities': '', 'neutron:port_name': '', 'neutron:project_id': '9bb3d76e5c5e4cf0a2a1c2dfb9c2c567', 'neutron:revision_number': '1', 'neutron:security_group_ids': '', 'neutron:subnet_pool_addr_scope4': '', 'neutron:subnet_pool_addr_scope6': '', 'neutron:vnic_type': 'normal'}, ha_chassis_group=[], mirror_rules=[], name='8332e2fa-4c5f-48c8-a3dc-04853dc6897d', options={'requested-chassis': 'np0000183139'}, parent_name=[], port_security=[], tag=[], tag_request=[], type='', up=[]) old= {{(pid=103260) matches /opt/stack/data/venv/lib/python3.12/site-packages/ovsdbapp/backend/ovs_idl/event.py:55}}
Jun 26 06:30:00.855639 np0000183139 devstack@neutron-api.service[103260]: INFO neutron.plugins.ml2.drivers.ovn.mech_driver.mech_driver [None req-4be70059-9348-4170-986d-9b4584164468 None None] OVN reports status down for port: 8332e2fa-4c5f-48c8-a3dc-04853dc6897d
Jun 26 06:30:00.857315 np0000183139 devstack@neutron-api.service[103260]: DEBUG neutron.plugins.ml2.drivers.ovn.mech_driver.ovsdb.ovsdb_monitor [None req-860bb2d8-c774-414c-aea6-491caa476ff8 None None] Touching Hash Ring node "604425646bab5bab8f71cecc909d8a11" from IDL notify handler {{(pid=103260) notify /opt/stack/neutron/neutron/plugins/ml2/drivers/ovn/mech_driver/ovsdb/ovsdb_monitor.py:1007}}
Jun 26 06:30:00.859831 np0000183139 devstack@neutron-api.service[103260]: DEBUG neutron.plugins.ml2.drivers.ovn.mech_driver.ovsdb.ovsdb_monitor [None req-860bb2d8-c774-414c-aea6-491caa476ff8 None None] Hash Ring: Node 604425646bab5bab8f71cecc909d8a11 (host: np0000183139) handling event "update" for row 8c492edb-a617-432e-b912-fe78c5fe6519 (table: Logical_Switch_Port) {{(pid=103260) notify /opt/stack/neutron/neutron/plugins/ml2/drivers/ovn/mech_driver/ovsdb/ovsdb_monitor.py:1015}}
Jun 26 06:30:00.872486 np0000183139 devstack@neutron-api.service[103258]: INFO neutron.db.ovn_revision_numbers_db [None req-75ee8d7d-9e22-4779-aa2c-c2f4e92f68c3 service neutron] Successfully bumped revision number for resource 8332e2fa-4c5f-48c8-a3dc-04853dc6897d (type: ports) to 1
Jun 26 06:30:00.887131 np0000183139 devstack@neutron-api.service[103260]: DEBUG neutron.db.provisioning_blocks [None req-4be70059-9348-4170-986d-9b4584164468 None None] Ignored duplicate provisioning block setup for port 8332e2fa-4c5f-48c8-a3dc-04853dc6897d by entity L2. {{(pid=103260) add_provisioning_component /opt/stack/neutron/neutron/db/provisioning_blocks.py:69}}
Jun 26 06:30:00.889637 np0000183139 devstack@neutron-api.service[103258]: DEBUG neutron.plugins.ml2.managers [None req-75ee8d7d-9e22-4779-aa2c-c2f4e92f68c3 service neutron] Attempting to bind port 8332e2fa-4c5f-48c8-a3dc-04853dc6897d on host np0000183139 for vnic_type normal with profile {{(pid=103258) bind_port /opt/stack/neutron/neutron/plugins/ml2/managers.py:865}}
Jun 26 06:30:00.889773 np0000183139 devstack@neutron-api.service[103258]: DEBUG neutron.plugins.ml2.managers [None req-75ee8d7d-9e22-4779-aa2c-c2f4e92f68c3 service neutron] Attempting to bind port 8332e2fa-4c5f-48c8-a3dc-04853dc6897d by drivers ovn on host np0000183139 at level 0 using segments [{'id': '6e9ae4fb-0aa5-4200-a46a-cf9e5974a75a', 'network_type': 'geneve', 'physical_network': None, 'segmentation_id': 50110, 'network_id': '9c8c4663-b1f5-4f66-9492-1fe5c30e4ff1'}] {{(pid=103258) _bind_port_level /opt/stack/neutron/neutron/plugins/ml2/managers.py:890}}
Jun 26 06:30:00.890804 np0000183139 devstack@neutron-api.service[103258]: DEBUG neutron.plugins.ml2.drivers.ovn.mech_driver.mech_driver [None req-75ee8d7d-9e22-4779-aa2c-c2f4e92f68c3 service neutron] Attempting to bind port 8332e2fa-4c5f-48c8-a3dc-04853dc6897d on host np0000183139 for network segment with type geneve, segmentation ID 50110, physical network None {{(pid=103258) bind_port /opt/stack/neutron/neutron/plugins/ml2/drivers/ovn/mech_driver/mech_driver.py:1209}}
Jun 26 06:30:00.891237 np0000183139 devstack@neutron-api.service[103258]: DEBUG neutron.plugins.ml2.managers [None req-75ee8d7d-9e22-4779-aa2c-c2f4e92f68c3 service neutron] Bound port: 8332e2fa-4c5f-48c8-a3dc-04853dc6897d, host: np0000183139, vif_type: ovs, vif_details: {"port_filter": true, "connectivity": "l2", "ovs_create_tap": false, "bridge_name": "br-int", "datapath_type": "system"}, binding_levels: [{'bound_driver': 'ovn', 'bound_segment': {'id': '6e9ae4fb-0aa5-4200-a46a-cf9e5974a75a', 'network_type': 'geneve', 'physical_network': None, 'segmentation_id': 50110, 'network_id': '9c8c4663-b1f5-4f66-9492-1fe5c30e4ff1'}}] {{(pid=103258) _bind_port_level /opt/stack/neutron/neutron/plugins/ml2/managers.py:1001}}
Jun 26 06:30:00.891379 np0000183139 devstack@neutron-api.service[103258]: DEBUG neutron_lib.callbacks.manager [None req-75ee8d7d-9e22-4779-aa2c-c2f4e92f68c3 service neutron] Publish callbacks ['neutron.plugins.ml2.plugin.SecurityGroupDbMixin._ensure_default_security_group_handler-5878', 'neutron.services.ovn_l3.plugin.OVNL3RouterPlugin._port_update-8393444418260', 'neutron.db.l3_db.L3_NAT_dbonly_mixin._prevent_internal_ip_change_for_fip-8393445425042'] for port (8332e2fa-4c5f-48c8-a3dc-04853dc6897d), before_update {{(pid=103258) _notify_loop /opt/stack/data/venv/lib/python3.12/site-packages/neutron_lib/callbacks/manager.py:184}}
Jun 26 06:30:00.902896 np0000183139 devstack@neutron-api.service[103260]: DEBUG neutron.plugins.ml2.plugin [None req-4be70059-9348-4170-986d-9b4584164468 None None] Current status of the port 8332e2fa-4c5f-48c8-a3dc-04853dc6897d is: DOWN; New status is: DOWN {{(pid=103260) _update_individual_port_db_status /opt/stack/neutron/neutron/plugins/ml2/plugin.py:2473}}
Jun 26 06:30:00.904938 np0000183139 devstack@neutron-api.service[103260]: DEBUG ovsdbapp.backend.ovs_idl.transaction [None req-860bb2d8-c774-414c-aea6-491caa476ff8 None None] Running txn n=1 command(idx=0): DbRemoveCommand(_result=None, table=Logical_Switch_Port, record=8332e2fa-4c5f-48c8-a3dc-04853dc6897d, column=external_ids, values=('neutron:host_id',), keyvalues={}, if_exists=True) {{(pid=103260) do_commit /opt/stack/data/venv/lib/python3.12/site-packages/ovsdbapp/backend/ovs_idl/transaction.py:89}}
Jun 26 06:30:00.933436 np0000183139 devstack@neutron-api.service[103258]: DEBUG neutron.plugins.ml2.db [None req-75ee8d7d-9e22-4779-aa2c-c2f4e92f68c3 service neutron] For port 8332e2fa-4c5f-48c8-a3dc-04853dc6897d, host np0000183139, cleared binding levels {{(pid=103258) clear_binding_levels /opt/stack/neutron/neutron/plugins/ml2/db.py:87}}
Jun 26 06:30:00.935840 np0000183139 devstack@neutron-api.service[103258]: DEBUG neutron.plugins.ml2.db [None req-75ee8d7d-9e22-4779-aa2c-c2f4e92f68c3 service neutron] For port 8332e2fa-4c5f-48c8-a3dc-04853dc6897d, host np0000183139, set binding levels [PortBindingLevel(driver='ovn',host='np0000183139',level=0,port_id=8332e2fa-4c5f-48c8-a3dc-04853dc6897d,segment=NetworkSegment(6e9ae4fb-0aa5-4200-a46a-cf9e5974a75a),segment_id=6e9ae4fb-0aa5-4200-a46a-cf9e5974a75a)] {{(pid=103258) set_binding_levels /opt/stack/neutron/neutron/plugins/ml2/db.py:59}}
Jun 26 06:30:00.937275 np0000183139 devstack@neutron-api.service[103258]: DEBUG neutron.plugins.ml2.drivers.ovn.mech_driver.mech_driver [None req-75ee8d7d-9e22-4779-aa2c-c2f4e92f68c3 service neutron] No provisioning block for port 8332e2fa-4c5f-48c8-a3dc-04853dc6897d since host unchanged {{(pid=103258) _is_port_provisioning_required /opt/stack/neutron/neutron/plugins/ml2/drivers/ovn/mech_driver/mech_driver.py:904}}
Jun 26 06:30:00.944595 np0000183139 devstack@neutron-api.service[103258]: DEBUG neutron_lib.callbacks.manager [None req-75ee8d7d-9e22-4779-aa2c-c2f4e92f68c3 service neutron] Publish callbacks ['neutron.plugins.ml2.ovo_rpc._ObjectChangeHandler.handle_event-1288927', 'neutron.services.ovn_l3.plugin.OVNL3RouterPlugin._port_update-8393444418260'] for port (8332e2fa-4c5f-48c8-a3dc-04853dc6897d), after_update {{(pid=103258) _notify_loop /opt/stack/data/venv/lib/python3.12/site-packages/neutron_lib/callbacks/manager.py:184}}
Jun 26 06:30:00.976207 np0000183139 devstack@neutron-api.service[103258]: DEBUG neutron.api.rpc.handlers.resources_rpc [None req-75ee8d7d-9e22-4779-aa2c-c2f4e92f68c3 service neutron] Pushing event updated for resources: {'Port': ['ID=8332e2fa-4c5f-48c8-a3dc-04853dc6897d,revision_number=3']} {{(pid=103258) push /opt/stack/neutron/neutron/api/rpc/handlers/resources_rpc.py:237}}
Jun 26 06:30:01.011452 np0000183139 devstack@neutron-api.service[103258]: DEBUG neutron.plugins.ml2.drivers.ovn.mech_driver.ovsdb.commands [None req-75ee8d7d-9e22-4779-aa2c-c2f4e92f68c3 service neutron] Converting tag [] to a tag_request {{(pid=103258) _tag_column_to_tag_request /opt/stack/neutron/neutron/plugins/ml2/drivers/ovn/mech_driver/ovsdb/commands.py:205}}
Jun 26 06:30:01.012941 np0000183139 devstack@neutron-api.service[103258]: DEBUG ovsdbapp.backend.ovs_idl.transaction [None req-2e24433f-6093-47d6-a977-048ca5b82a7b None None] Running txn n=1 command(idx=0): CheckRevisionNumberCommand(_result=None, name=8332e2fa-4c5f-48c8-a3dc-04853dc6897d, resource={'id': '8332e2fa-4c5f-48c8-a3dc-04853dc6897d', 'name': '', 'network_id': '9c8c4663-b1f5-4f66-9492-1fe5c30e4ff1', 'project_id': '9bb3d76e5c5e4cf0a2a1c2dfb9c2c567', 'mac_address': 'fa:16:3e:0b:29:c0', 'admin_state_up': True, 'status': 'DOWN', 'device_id': 'manila-admin-share', 'device_owner': 'manila:share', 'standard_attr_id': 46, 'fixed_ips': [{'subnet_id': '63136c1e-9a10-4648-82a5-f5ef399e3ed4', 'ip_address': '10.2.5.129'}], 'allowed_address_pairs': [], 'extra_dhcp_opts': [], 'security_groups': [], 'description': '', 'binding:vnic_type': 'normal', 'binding:profile': {}, 'binding:host_id': 'np0000183139', 'binding:vif_type': 'ovs', 'binding:vif_details': {'port_filter': True, 'connectivity': 'l2', 'ovs_create_tap': False, 'bridge_name': 'br-int', 'datapath_type': 'system', 'bound_drivers': {'0': 'ovn'}}, 'port_security_enabled': False, 'tags': [], 'created_at': '2026-06-26T06:30:00Z', 'updated_at': '2026-06-26T06:30:00Z', 'revision_number': 3, 'tenant_id': '9bb3d76e5c5e4cf0a2a1c2dfb9c2c567', 'network': {'id': '9c8c4663-b1f5-4f66-9492-1fe5c30e4ff1', 'name': 'admin_net', 'tenant_id': '9bb3d76e5c5e4cf0a2a1c2dfb9c2c567', 'project_id': '9bb3d76e5c5e4cf0a2a1c2dfb9c2c567', 'admin_state_up': True, 'mtu': 1372, 'status': 'ACTIVE', 'subnets': ['63136c1e-9a10-4648-82a5-f5ef399e3ed4'], 'standard_attr_id': 42, 'shared': False, 'availability_zone_hints': [], 'availability_zones': [], 'ipv4_address_scope': None, 'ipv6_address_scope': None, 'router:external': False, 'qinq': False, 'vlan_transparent': False, 'description': '', 'port_security_enabled': True, 'tags': [], 'created_at': '2026-06-26T06:29:53Z', 'updated_at': '2026-06-26T06:29:55Z', 'revision_number': 2, 'provider:network_type': 'geneve', 'provider:physical_network': None, 'provider:segmentation_id': 50110}}, resource_type=ports, if_exists=True) {{(pid=103258) do_commit /opt/stack/data/venv/lib/python3.12/site-packages/ovsdbapp/backend/ovs_idl/transaction.py:89}}
Jun 26 06:30:01.013493 np0000183139 devstack@neutron-api.service[103258]: DEBUG ovsdbapp.backend.ovs_idl.transaction [None req-2e24433f-6093-47d6-a977-048ca5b82a7b None None] Running txn n=1 command(idx=1): SetLSwitchPortCommand(_result=None, lport=8332e2fa-4c5f-48c8-a3dc-04853dc6897d, external_ids_update=None, columns={'external_ids': {'neutron:port_name': '', 'neutron:device_id': 'manila-admin-share', 'neutron:project_id': '9bb3d76e5c5e4cf0a2a1c2dfb9c2c567', 'neutron:cidrs': '10.2.5.129/24', 'neutron:device_owner': 'manila:share', 'neutron:subnet_pool_addr_scope4': '', 'neutron:subnet_pool_addr_scope6': '', 'neutron:network_name': 'neutron-9c8c4663-b1f5-4f66-9492-1fe5c30e4ff1', 'neutron:security_group_ids': '', 'neutron:revision_number': '3', 'neutron:vnic_type': 'normal', 'neutron:port_capabilities': '', 'neutron:mtu': ''}, 'parent_name': [], 'options': {'requested-chassis': 'np0000183139'}, 'enabled': True, 'port_security': [], 'dhcpv4_options': [UUID('56f93351-960a-4a53-a754-6c65e5655ca5')], 'dhcpv6_options': [], 'type': '', 'addresses': ['fa:16:3e:0b:29:c0 10.2.5.129', 'unknown'], 'ha_chassis_group': [], 'tag_request': []}, if_exists=False) {{(pid=103258) do_commit /opt/stack/data/venv/lib/python3.12/site-packages/ovsdbapp/backend/ovs_idl/transaction.py:89}}
Jun 26 06:30:01.014621 np0000183139 devstack@neutron-api.service[103258]: DEBUG ovsdbapp.backend.ovs_idl.transaction [None req-2e24433f-6093-47d6-a977-048ca5b82a7b None None] Running txn n=1 command(idx=2): PgDelPortCommand(_result=None, port_group=neutron_pg_drop, lsp=['8332e2fa-4c5f-48c8-a3dc-04853dc6897d'], if_exists=False) {{(pid=103258) do_commit /opt/stack/data/venv/lib/python3.12/site-packages/ovsdbapp/backend/ovs_idl/transaction.py:89}}
Jun 26 06:30:01.023430 np0000183139 devstack@neutron-api.service[103260]: DEBUG neutron.plugins.ml2.drivers.ovn.mech_driver.ovsdb.ovsdb_monitor [None req-860bb2d8-c774-414c-aea6-491caa476ff8 None None] Touching Hash Ring node "604425646bab5bab8f71cecc909d8a11" from IDL notify handler {{(pid=103260) notify /opt/stack/neutron/neutron/plugins/ml2/drivers/ovn/mech_driver/ovsdb/ovsdb_monitor.py:1007}}
Jun 26 06:30:01.032396 np0000183139 devstack@neutron-api.service[103260]: DEBUG neutron.plugins.ml2.drivers.ovn.mech_driver.ovsdb.ovsdb_monitor [None req-0f054b8d-8f57-47ae-8548-307927a12af1 None None] Touching Hash Ring node "604425646bab5bab8f71cecc909d8a11" from IDL notify handler {{(pid=103260) notify /opt/stack/neutron/neutron/plugins/ml2/drivers/ovn/mech_driver/ovsdb/ovsdb_monitor.py:1007}}
Jun 26 06:30:01.035674 np0000183139 devstack@neutron-api.service[103260]: DEBUG neutron.plugins.ml2.drivers.ovn.mech_driver.ovsdb.ovsdb_monitor [None req-860bb2d8-c774-414c-aea6-491caa476ff8 None None] Hash Ring: Node 604425646bab5bab8f71cecc909d8a11 (host: np0000183139) handling event "update" for row 8c492edb-a617-432e-b912-fe78c5fe6519 (table: Logical_Switch_Port) {{(pid=103260) notify /opt/stack/neutron/neutron/plugins/ml2/drivers/ovn/mech_driver/ovsdb/ovsdb_monitor.py:1015}}
Jun 26 06:30:01.038167 np0000183139 devstack@neutron-api.service[103260]: DEBUG neutron.plugins.ml2.drivers.ovn.mech_driver.ovsdb.ovsdb_monitor [None req-0f054b8d-8f57-47ae-8548-307927a12af1 None None] Hash Ring: Node 604425646bab5bab8f71cecc909d8a11 (host: np0000183139) handling event "update" for row 8129e4f8-0763-46e5-b4a6-3c275d3b9afb (table: Port_Binding) {{(pid=103260) notify /opt/stack/neutron/neutron/plugins/ml2/drivers/ovn/mech_driver/ovsdb/ovsdb_monitor.py:1015}}
Jun 26 06:30:01.074969 np0000183139 devstack@neutron-api.service[103258]: INFO neutron.db.ovn_revision_numbers_db [None req-75ee8d7d-9e22-4779-aa2c-c2f4e92f68c3 service neutron] Successfully bumped revision number for resource 8332e2fa-4c5f-48c8-a3dc-04853dc6897d (type: ports) to 3
