Feb 27 13:56:58.598329 np0000157302 devstack@neutron-api.service[103020]: DEBUG ovsdbapp.backend.ovs_idl [None req-919994a3-fa8a-4b81-8618-e0ea45025776 None None] Created schema index HA_Chassis_Group.name {{(pid=103020) autocreate_indices /opt/stack/data/venv/lib/python3.12/site-packages/ovsdbapp/backend/ovs_idl/__init__.py:106}}
Feb 27 13:56:58.598451 np0000157302 devstack@neutron-api.service[103020]: DEBUG ovsdbapp.backend.ovs_idl [None req-919994a3-fa8a-4b81-8618-e0ea45025776 None None] Created schema index Address_Set.name {{(pid=103020) autocreate_indices /opt/stack/data/venv/lib/python3.12/site-packages/ovsdbapp/backend/ovs_idl/__init__.py:106}}
Feb 27 13:56:58.598594 np0000157302 devstack@neutron-api.service[103020]: DEBUG ovsdbapp.backend.ovs_idl [None req-919994a3-fa8a-4b81-8618-e0ea45025776 None None] Created schema index Connection.target {{(pid=103020) autocreate_indices /opt/stack/data/venv/lib/python3.12/site-packages/ovsdbapp/backend/ovs_idl/__init__.py:106}}
Feb 27 13:56:58.598743 np0000157302 devstack@neutron-api.service[103020]: DEBUG ovsdbapp.backend.ovs_idl [None req-919994a3-fa8a-4b81-8618-e0ea45025776 None None] Created schema index Gateway_Chassis.name {{(pid=103020) autocreate_indices /opt/stack/data/venv/lib/python3.12/site-packages/ovsdbapp/backend/ovs_idl/__init__.py:106}}
Feb 27 13:56:58.598856 np0000157302 devstack@neutron-api.service[103020]: DEBUG ovsdbapp.backend.ovs_idl [None req-919994a3-fa8a-4b81-8618-e0ea45025776 None None] Created schema index Mirror.name {{(pid=103020) autocreate_indices /opt/stack/data/venv/lib/python3.12/site-packages/ovsdbapp/backend/ovs_idl/__init__.py:106}}
Feb 27 13:56:58.598990 np0000157302 devstack@neutron-api.service[103020]: DEBUG ovsdbapp.backend.ovs_idl [None req-919994a3-fa8a-4b81-8618-e0ea45025776 None None] Created schema index Chassis_Template_Var.chassis {{(pid=103020) autocreate_indices /opt/stack/data/venv/lib/python3.12/site-packages/ovsdbapp/backend/ovs_idl/__init__.py:106}}
Feb 27 13:56:58.599123 np0000157302 devstack@neutron-api.service[103020]: DEBUG ovsdbapp.backend.ovs_idl [None req-919994a3-fa8a-4b81-8618-e0ea45025776 None None] Created schema index Logical_Router_Port.name {{(pid=103020) autocreate_indices /opt/stack/data/venv/lib/python3.12/site-packages/ovsdbapp/backend/ovs_idl/__init__.py:106}}
Feb 27 13:56:58.599285 np0000157302 devstack@neutron-api.service[103020]: DEBUG ovsdbapp.backend.ovs_idl [None req-919994a3-fa8a-4b81-8618-e0ea45025776 None None] Created schema index Port_Group.name {{(pid=103020) autocreate_indices /opt/stack/data/venv/lib/python3.12/site-packages/ovsdbapp/backend/ovs_idl/__init__.py:106}}
Feb 27 13:56:58.599410 np0000157302 devstack@neutron-api.service[103020]: DEBUG ovsdbapp.backend.ovs_idl [None req-919994a3-fa8a-4b81-8618-e0ea45025776 None None] Created schema index Logical_Switch_Port.name {{(pid=103020) autocreate_indices /opt/stack/data/venv/lib/python3.12/site-packages/ovsdbapp/backend/ovs_idl/__init__.py:106}}
Feb 27 13:56:58.599650 np0000157302 devstack@neutron-api.service[103022]: DEBUG neutron.common.ovn.hash_ring_manager [None req-333e7c03-e1b0-4056-a9f9-7c626b4404be None None] Hash Ring loaded. 4 active nodes. 0 offline nodes {{(pid=103022) _load_hash_ring /opt/stack/neutron/neutron/common/ovn/hash_ring_manager.py:102}}
Feb 27 13:56:58.599949 np0000157302 devstack@neutron-api.service[103022]: DEBUG neutron.plugins.ml2.drivers.ovn.mech_driver.ovsdb.ovsdb_monitor [None req-333e7c03-e1b0-4056-a9f9-7c626b4404be None None] Hash Ring: Node f7b894ccdaaa50669e2a156c77a43543 (host: np0000157302) handling event "create" for row 996ad19c-085d-4c0a-ab8e-d154743710e9 (table: Port_Group) {{(pid=103022) notify /opt/stack/neutron/neutron/plugins/ml2/drivers/ovn/mech_driver/ovsdb/ovsdb_monitor.py:920}}
Feb 27 13:56:58.600853 np0000157302 devstack@neutron-api.service[103022]: INFO neutron.plugins.ml2.drivers.ovn.mech_driver.ovsdb.impl_idl_ovn [None req-333e7c03-e1b0-4056-a9f9-7c626b4404be None None] Getting OvsdbSbOvnIdl for WorkerService with retry
Feb 27 13:56:58.602322 np0000157302 devstack@neutron-api.service[103020]: INFO ovsdbapp.backend.ovs_idl.vlog [None req-919994a3-fa8a-4b81-8618-e0ea45025776 None None] ssl:199.19.213.54:6641: connecting...
Feb 27 13:56:58.608369 np0000157302 devstack@neutron-api.service[103020]: INFO ovsdbapp.backend.ovs_idl.vlog [None req-919994a3-fa8a-4b81-8618-e0ea45025776 None None] ssl:199.19.213.54:6641: connected
Feb 27 13:56:58.612591 np0000157302 devstack@neutron-api.service[103023]: DEBUG neutron.common.ovn.hash_ring_manager [None req-90d3fadb-e813-43c7-adc8-9d0d85bbb407 None None] Allow caching, nodes 4>=4 {{(pid=103023) _wait_startup_before_caching /opt/stack/neutron/neutron/common/ovn/hash_ring_manager.py:65}}
Feb 27 13:56:58.622590 np0000157302 devstack@neutron-api.service[103023]: DEBUG neutron.common.ovn.hash_ring_manager [None req-90d3fadb-e813-43c7-adc8-9d0d85bbb407 None None] Hash Ring loaded. 4 active nodes. 0 offline nodes {{(pid=103023) _load_hash_ring /opt/stack/neutron/neutron/common/ovn/hash_ring_manager.py:102}}
Feb 27 13:56:58.622858 np0000157302 devstack@neutron-api.service[103023]: DEBUG neutron.plugins.ml2.drivers.ovn.mech_driver.ovsdb.ovsdb_monitor [None req-90d3fadb-e813-43c7-adc8-9d0d85bbb407 None None] Hash Ring: Node 5f5d8bdefe205e6da45e9ebf2e6401ea (host: np0000157302) handling event "create" for row d776c548-b14d-489d-8e8a-1682c29d36a4 (table: Connection) {{(pid=103023) notify /opt/stack/neutron/neutron/plugins/ml2/drivers/ovn/mech_driver/ovsdb/ovsdb_monitor.py:920}}
Feb 27 13:56:58.624109 np0000157302 devstack@neutron-api.service[103023]: INFO neutron.plugins.ml2.drivers.ovn.mech_driver.ovsdb.impl_idl_ovn [None req-90d3fadb-e813-43c7-adc8-9d0d85bbb407 None None] Getting OvsdbSbOvnIdl for WorkerService with retry
Feb 27 13:56:58.631863 np0000157302 devstack@neutron-api.service[103022]: DEBUG ovsdbapp.backend.ovs_idl [None req-333e7c03-e1b0-4056-a9f9-7c626b4404be None None] Created lookup_table index Chassis.name {{(pid=103022) autocreate_indices /opt/stack/data/venv/lib/python3.12/site-packages/ovsdbapp/backend/ovs_idl/__init__.py:87}}
Feb 27 13:56:58.631863 np0000157302 devstack@neutron-api.service[103022]: DEBUG ovsdbapp.backend.ovs_idl [None req-333e7c03-e1b0-4056-a9f9-7c626b4404be None None] Created lookup_table index Port_Binding.logical_port {{(pid=103022) autocreate_indices /opt/stack/data/venv/lib/python3.12/site-packages/ovsdbapp/backend/ovs_idl/__init__.py:87}}
Feb 27 13:56:58.632069 np0000157302 devstack@neutron-api.service[103022]: DEBUG ovsdbapp.backend.ovs_idl [None req-333e7c03-e1b0-4056-a9f9-7c626b4404be None None] Created schema index Chassis_Private.name {{(pid=103022) autocreate_indices /opt/stack/data/venv/lib/python3.12/site-packages/ovsdbapp/backend/ovs_idl/__init__.py:106}}
Feb 27 13:56:58.632069 np0000157302 devstack@neutron-api.service[103022]: DEBUG ovsdbapp.backend.ovs_idl [None req-333e7c03-e1b0-4056-a9f9-7c626b4404be None None] Created schema index Datapath_Binding.tunnel_key {{(pid=103022) autocreate_indices /opt/stack/data/venv/lib/python3.12/site-packages/ovsdbapp/backend/ovs_idl/__init__.py:106}}
Feb 27 13:56:58.634485 np0000157302 devstack@neutron-api.service[103022]: INFO ovsdbapp.backend.ovs_idl.vlog [None req-333e7c03-e1b0-4056-a9f9-7c626b4404be None None] ssl:199.19.213.54:6642: connecting...
Feb 27 13:56:58.640475 np0000157302 devstack@neutron-api.service[103020]: DEBUG neutron.common.ovn.hash_ring_manager [None req-919994a3-fa8a-4b81-8618-e0ea45025776 None None] Allow caching, nodes 4>=4 {{(pid=103020) _wait_startup_before_caching /opt/stack/neutron/neutron/common/ovn/hash_ring_manager.py:65}}
Feb 27 13:56:58.641335 np0000157302 devstack@neutron-api.service[103022]: INFO ovsdbapp.backend.ovs_idl.vlog [None req-333e7c03-e1b0-4056-a9f9-7c626b4404be None None] ssl:199.19.213.54:6642: connected
Feb 27 13:56:58.648587 np0000157302 devstack@neutron-api.service[103020]: DEBUG neutron.common.ovn.hash_ring_manager [None req-919994a3-fa8a-4b81-8618-e0ea45025776 None None] Hash Ring loaded. 4 active nodes. 0 offline nodes {{(pid=103020) _load_hash_ring /opt/stack/neutron/neutron/common/ovn/hash_ring_manager.py:102}}
Feb 27 13:56:58.648745 np0000157302 devstack@neutron-api.service[103020]: DEBUG neutron.plugins.ml2.drivers.ovn.mech_driver.ovsdb.ovsdb_monitor [None req-919994a3-fa8a-4b81-8618-e0ea45025776 None None] Hash Ring: Node 32ff680ec9f85d4d882133c7e60def30 (host: np0000157302) handling event "create" for row 88c73e2d-b1c8-4443-8ee2-2b07391c8464 (table: ACL) {{(pid=103020) notify /opt/stack/neutron/neutron/plugins/ml2/drivers/ovn/mech_driver/ovsdb/ovsdb_monitor.py:920}}
Feb 27 13:56:58.648932 np0000157302 devstack@neutron-api.service[103020]: DEBUG neutron.plugins.ml2.drivers.ovn.mech_driver.ovsdb.ovsdb_monitor [None req-919994a3-fa8a-4b81-8618-e0ea45025776 None None] Hash Ring: Node 32ff680ec9f85d4d882133c7e60def30 (host: np0000157302) handling event "create" for row d66b2273-6abf-4ca8-a2b1-01a3d8ea1d72 (table: ACL) {{(pid=103020) notify /opt/stack/neutron/neutron/plugins/ml2/drivers/ovn/mech_driver/ovsdb/ovsdb_monitor.py:920}}
Feb 27 13:56:58.649165 np0000157302 devstack@neutron-api.service[103020]: DEBUG neutron.plugins.ml2.drivers.ovn.mech_driver.ovsdb.ovsdb_monitor [None req-919994a3-fa8a-4b81-8618-e0ea45025776 None None] Hash Ring: Node 32ff680ec9f85d4d882133c7e60def30 (host: np0000157302) handling event "create" for row 9d9b4a8e-a357-4490-be54-f3186ea5e70f (table: SSL) {{(pid=103020) notify /opt/stack/neutron/neutron/plugins/ml2/drivers/ovn/mech_driver/ovsdb/ovsdb_monitor.py:920}}
Feb 27 13:56:58.649856 np0000157302 devstack@neutron-api.service[103020]: INFO neutron.plugins.ml2.drivers.ovn.mech_driver.ovsdb.impl_idl_ovn [None req-919994a3-fa8a-4b81-8618-e0ea45025776 None None] Getting OvsdbSbOvnIdl for WorkerService with retry
Feb 27 13:56:58.656716 np0000157302 devstack@neutron-api.service[103023]: DEBUG ovsdbapp.backend.ovs_idl [None req-90d3fadb-e813-43c7-adc8-9d0d85bbb407 None None] Created lookup_table index Chassis.name {{(pid=103023) autocreate_indices /opt/stack/data/venv/lib/python3.12/site-packages/ovsdbapp/backend/ovs_idl/__init__.py:87}}
Feb 27 13:56:58.656873 np0000157302 devstack@neutron-api.service[103023]: DEBUG ovsdbapp.backend.ovs_idl [None req-90d3fadb-e813-43c7-adc8-9d0d85bbb407 None None] Created lookup_table index Port_Binding.logical_port {{(pid=103023) autocreate_indices /opt/stack/data/venv/lib/python3.12/site-packages/ovsdbapp/backend/ovs_idl/__init__.py:87}}
Feb 27 13:56:58.657088 np0000157302 devstack@neutron-api.service[103023]: DEBUG ovsdbapp.backend.ovs_idl [None req-90d3fadb-e813-43c7-adc8-9d0d85bbb407 None None] Created schema index Chassis_Private.name {{(pid=103023) autocreate_indices /opt/stack/data/venv/lib/python3.12/site-packages/ovsdbapp/backend/ovs_idl/__init__.py:106}}
Feb 27 13:56:58.657088 np0000157302 devstack@neutron-api.service[103023]: DEBUG ovsdbapp.backend.ovs_idl [None req-90d3fadb-e813-43c7-adc8-9d0d85bbb407 None None] Created schema index Datapath_Binding.tunnel_key {{(pid=103023) autocreate_indices /opt/stack/data/venv/lib/python3.12/site-packages/ovsdbapp/backend/ovs_idl/__init__.py:106}}
Feb 27 13:56:58.659719 np0000157302 devstack@neutron-api.service[103023]: INFO ovsdbapp.backend.ovs_idl.vlog [None req-90d3fadb-e813-43c7-adc8-9d0d85bbb407 None None] ssl:199.19.213.54:6642: connecting...
Feb 27 13:56:58.664042 np0000157302 devstack@neutron-api.service[103023]: INFO ovsdbapp.backend.ovs_idl.vlog [None req-90d3fadb-e813-43c7-adc8-9d0d85bbb407 None None] ssl:199.19.213.54:6642: connected
Feb 27 13:56:58.668432 np0000157302 devstack@neutron-api.service[103022]: DEBUG neutron.common.ovn.hash_ring_manager [None req-333e7c03-e1b0-4056-a9f9-7c626b4404be None None] Allow caching, nodes 4>=4 {{(pid=103022) _wait_startup_before_caching /opt/stack/neutron/neutron/common/ovn/hash_ring_manager.py:65}}
Feb 27 13:56:58.672048 np0000157302 devstack@neutron-api.service[103022]: DEBUG neutron.common.ovn.hash_ring_manager [None req-333e7c03-e1b0-4056-a9f9-7c626b4404be None None] Hash Ring loaded. 4 active nodes. 0 offline nodes {{(pid=103022) _load_hash_ring /opt/stack/neutron/neutron/common/ovn/hash_ring_manager.py:102}}
Feb 27 13:56:58.672288 np0000157302 devstack@neutron-api.service[103022]: DEBUG neutron.plugins.ml2.drivers.ovn.mech_driver.ovsdb.ovsdb_monitor [None req-333e7c03-e1b0-4056-a9f9-7c626b4404be None None] Hash Ring: Node f7b894ccdaaa50669e2a156c77a43543 (host: np0000157302) handling event "create" for row 33b118ac-336f-4a94-bc2e-7516ef2b32e5 (table: Chassis) {{(pid=103022) notify /opt/stack/neutron/neutron/plugins/ml2/drivers/ovn/mech_driver/ovsdb/ovsdb_monitor.py:920}}
Feb 27 13:56:58.673363 np0000157302 devstack@neutron-api.service[103022]: DEBUG ovsdbapp.backend.ovs_idl.event [None req-333e7c03-e1b0-4056-a9f9-7c626b4404be None None] Matched CREATE: ChassisBandwidthConfigEvent(events=('create', 'update'), table='Chassis', conditions=None, old_conditions=None), priority=20 to row=Chassis(uuid=33b118ac-336f-4a94-bc2e-7516ef2b32e5, encaps=[657ca578-dbf2-4515-b284-bce5b0aa1555], external_ids={}, hostname='np0000157302', name='4abff632-85b9-45f1-a9c9-d82498d754c7', nb_cfg=0, other_config={'ct-commit-nat-v2': 'true', 'ct-commit-to-zone': 'true', 'ct-next-zone': 'true', 'ct-no-masked-label': 'true', 'ct-state-save': 'true', 'datapath-type': 'system', 'fdb-timestamp': 'true', 'iface-types': 'afxdp,afxdp-nonpmd,bareudp,erspan,geneve,gre,gtpu,internal,ip6erspan,ip6gre,lisp,patch,srv6,stt,system,tap,vxlan', 'is-interconn': 'false', 'ls-dpg-column': 'true', 'mac-binding-timestamp': 'true', 'ovn-bridge-mappings': 'public:br-ex', 'ovn-chassis-mac-mappings': '', 'ovn-cms-options': 'enable-chassis-as-gw', 'ovn-ct-lb-related': 'true', 'ovn-enable-lflow-cache': 'true', 'ovn-limit-lflow-cache': '', 'ovn-memlimit-lflow-cache-kb': '', 'ovn-monitor-all': 'false', 'ovn-trim-limit-lflow-cache': '', 'ovn-trim-timeout-ms': '', 'ovn-trim-wmark-perc-lflow-cache': '', 'port-up-notif': 'true'}, transport_zones=[], vtep_logical_switches=[]) old= {{(pid=103022) matches /opt/stack/data/venv/lib/python3.12/site-packages/ovsdbapp/backend/ovs_idl/event.py:55}}
Feb 27 13:56:58.674123 np0000157302 devstack@neutron-api.service[103022]: DEBUG neutron.plugins.ml2.drivers.ovn.mech_driver.ovsdb.ovsdb_monitor [None req-333e7c03-e1b0-4056-a9f9-7c626b4404be None None] ChassisOVNAgentWriteEvent : Matched Chassis_Private, create, None None {{(pid=103022) matches /opt/stack/neutron/neutron/plugins/ml2/drivers/ovn/mech_driver/ovsdb/ovsdb_monitor.py:65}}
Feb 27 13:56:58.674307 np0000157302 devstack@neutron-api.service[103022]: DEBUG neutron.plugins.ml2.drivers.ovn.mech_driver.ovsdb.ovsdb_monitor [None req-333e7c03-e1b0-4056-a9f9-7c626b4404be None None] ChassisAgentWriteEvent : Matched Chassis_Private, create, None None {{(pid=103022) matches /opt/stack/neutron/neutron/plugins/ml2/drivers/ovn/mech_driver/ovsdb/ovsdb_monitor.py:65}}
Feb 27 13:56:58.674727 np0000157302 devstack@neutron-api.service[103022]: DEBUG neutron.plugins.ml2.drivers.ovn.mech_driver.ovsdb.ovsdb_monitor [None req-333e7c03-e1b0-4056-a9f9-7c626b4404be None None] Hash Ring: Node f7b894ccdaaa50669e2a156c77a43543 (host: np0000157302) handling event "create" for row 657ca578-dbf2-4515-b284-bce5b0aa1555 (table: Encap) {{(pid=103022) notify /opt/stack/neutron/neutron/plugins/ml2/drivers/ovn/mech_driver/ovsdb/ovsdb_monitor.py:920}}
Feb 27 13:56:58.675978 np0000157302 devstack@neutron-api.service[103022]: INFO neutron.plugins.ml2.drivers.ovn.mech_driver.mech_driver [None req-333e7c03-e1b0-4056-a9f9-7c626b4404be None None] WorkerService process has finished the post initialization
Feb 27 13:56:58.676559 np0000157302 devstack@neutron-api.service[103022]: INFO neutron.plugins.ml2.drivers.ovn.mech_driver.ovsdb.extensions.qos [-] Starting OVNClientQosExtension
Feb 27 13:56:58.676707 np0000157302 devstack@neutron-api.service[103022]: INFO neutron.plugins.ml2.drivers.ovn.mech_driver.ovsdb.extensions.placement [-] Starting OVNClientPlacementExtension
Feb 27 13:56:58.678747 np0000157302 devstack@neutron-api.service[103020]: DEBUG ovsdbapp.backend.ovs_idl [None req-919994a3-fa8a-4b81-8618-e0ea45025776 None None] Created lookup_table index Chassis.name {{(pid=103020) autocreate_indices /opt/stack/data/venv/lib/python3.12/site-packages/ovsdbapp/backend/ovs_idl/__init__.py:87}}
Feb 27 13:56:58.678851 np0000157302 devstack@neutron-api.service[103020]: DEBUG ovsdbapp.backend.ovs_idl [None req-919994a3-fa8a-4b81-8618-e0ea45025776 None None] Created lookup_table index Port_Binding.logical_port {{(pid=103020) autocreate_indices /opt/stack/data/venv/lib/python3.12/site-packages/ovsdbapp/backend/ovs_idl/__init__.py:87}}
Feb 27 13:56:58.678950 np0000157302 devstack@neutron-api.service[103020]: DEBUG ovsdbapp.backend.ovs_idl [None req-919994a3-fa8a-4b81-8618-e0ea45025776 None None] Created schema index Chassis_Private.name {{(pid=103020) autocreate_indices /opt/stack/data/venv/lib/python3.12/site-packages/ovsdbapp/backend/ovs_idl/__init__.py:106}}
Feb 27 13:56:58.679042 np0000157302 devstack@neutron-api.service[103020]: DEBUG ovsdbapp.backend.ovs_idl [None req-919994a3-fa8a-4b81-8618-e0ea45025776 None None] Created schema index Datapath_Binding.tunnel_key {{(pid=103020) autocreate_indices /opt/stack/data/venv/lib/python3.12/site-packages/ovsdbapp/backend/ovs_idl/__init__.py:106}}
Feb 27 13:56:58.679186 np0000157302 devstack@neutron-api.service[103022]: WSGI app 0 (mountpoint='') ready in 7 seconds on interpreter 0x7f1eb60a3668 pid: 103022 (default app)
Feb 27 13:56:58.681051 np0000157302 devstack@neutron-api.service[103020]: INFO ovsdbapp.backend.ovs_idl.vlog [None req-919994a3-fa8a-4b81-8618-e0ea45025776 None None] ssl:199.19.213.54:6642: connecting...
Feb 27 13:56:58.686130 np0000157302 devstack@neutron-api.service[103020]: INFO ovsdbapp.backend.ovs_idl.vlog [None req-919994a3-fa8a-4b81-8618-e0ea45025776 None None] ssl:199.19.213.54:6642: connected
Feb 27 13:56:58.696191 np0000157302 devstack@neutron-api.service[103023]: DEBUG neutron.common.ovn.hash_ring_manager [None req-90d3fadb-e813-43c7-adc8-9d0d85bbb407 None None] Allow caching, nodes 4>=4 {{(pid=103023) _wait_startup_before_caching /opt/stack/neutron/neutron/common/ovn/hash_ring_manager.py:65}}
Feb 27 13:56:58.700291 np0000157302 devstack@neutron-api.service[103023]: DEBUG neutron.common.ovn.hash_ring_manager [None req-90d3fadb-e813-43c7-adc8-9d0d85bbb407 None None] Hash Ring loaded. 4 active nodes. 0 offline nodes {{(pid=103023) _load_hash_ring /opt/stack/neutron/neutron/common/ovn/hash_ring_manager.py:102}}
Feb 27 13:56:58.700449 np0000157302 devstack@neutron-api.service[103023]: DEBUG neutron.plugins.ml2.drivers.ovn.mech_driver.ovsdb.ovsdb_monitor [None req-90d3fadb-e813-43c7-adc8-9d0d85bbb407 None None] ChassisAgentWriteEvent : Matched Chassis_Private, create, None None {{(pid=103023) matches /opt/stack/neutron/neutron/plugins/ml2/drivers/ovn/mech_driver/ovsdb/ovsdb_monitor.py:65}}
Feb 27 13:56:58.700597 np0000157302 devstack@neutron-api.service[103023]: DEBUG neutron.plugins.ml2.drivers.ovn.mech_driver.ovsdb.ovsdb_monitor [None req-90d3fadb-e813-43c7-adc8-9d0d85bbb407 None None] ChassisOVNAgentWriteEvent : Matched Chassis_Private, create, None None {{(pid=103023) matches /opt/stack/neutron/neutron/plugins/ml2/drivers/ovn/mech_driver/ovsdb/ovsdb_monitor.py:65}}
Feb 27 13:56:58.703138 np0000157302 devstack@neutron-api.service[103023]: INFO neutron.plugins.ml2.drivers.ovn.mech_driver.mech_driver [None req-90d3fadb-e813-43c7-adc8-9d0d85bbb407 None None] WorkerService process has finished the post initialization
Feb 27 13:56:58.704321 np0000157302 devstack@neutron-api.service[103023]: WSGI app 0 (mountpoint='') ready in 7 seconds on interpreter 0x7f1eb60a3668 pid: 103023 (default app)
Feb 27 13:56:58.714412 np0000157302 devstack@neutron-api.service[103020]: DEBUG neutron.common.ovn.hash_ring_manager [None req-919994a3-fa8a-4b81-8618-e0ea45025776 None None] Allow caching, nodes 4>=4 {{(pid=103020) _wait_startup_before_caching /opt/stack/neutron/neutron/common/ovn/hash_ring_manager.py:65}}
Feb 27 13:56:58.718420 np0000157302 devstack@neutron-api.service[103020]: DEBUG neutron.common.ovn.hash_ring_manager [None req-919994a3-fa8a-4b81-8618-e0ea45025776 None None] Hash Ring loaded. 4 active nodes. 0 offline nodes {{(pid=103020) _load_hash_ring /opt/stack/neutron/neutron/common/ovn/hash_ring_manager.py:102}}
Feb 27 13:56:58.718567 np0000157302 devstack@neutron-api.service[103020]: DEBUG neutron.plugins.ml2.drivers.ovn.mech_driver.ovsdb.ovsdb_monitor [None req-919994a3-fa8a-4b81-8618-e0ea45025776 None None] ChassisAgentWriteEvent : Matched Chassis_Private, create, None None {{(pid=103020) matches /opt/stack/neutron/neutron/plugins/ml2/drivers/ovn/mech_driver/ovsdb/ovsdb_monitor.py:65}}
Feb 27 13:56:58.718709 np0000157302 devstack@neutron-api.service[103020]: DEBUG neutron.plugins.ml2.drivers.ovn.mech_driver.ovsdb.ovsdb_monitor [None req-919994a3-fa8a-4b81-8618-e0ea45025776 None None] ChassisOVNAgentWriteEvent : Matched Chassis_Private, create, None None {{(pid=103020) matches /opt/stack/neutron/neutron/plugins/ml2/drivers/ovn/mech_driver/ovsdb/ovsdb_monitor.py:65}}
Feb 27 13:56:58.720992 np0000157302 devstack@neutron-api.service[103020]: INFO neutron.plugins.ml2.drivers.ovn.mech_driver.mech_driver [None req-919994a3-fa8a-4b81-8618-e0ea45025776 None None] WorkerService process has finished the post initialization
Feb 27 13:56:58.722168 np0000157302 devstack@neutron-api.service[103020]: WSGI app 0 (mountpoint='') ready in 7 seconds on interpreter 0x7f1eb60a3668 pid: 103020 (default app)
Feb 27 13:57:00.452066 np0000157302 devstack@neutron-api.service[103023]: DEBUG neutron.plugins.ml2.drivers.ovn.mech_driver.ovsdb.ovsdb_monitor [-] Hash Ring: Node 5f5d8bdefe205e6da45e9ebf2e6401ea (host: np0000157302) handling event "update" for row d776c548-b14d-489d-8e8a-1682c29d36a4 (table: Connection) {{(pid=103023) notify /opt/stack/neutron/neutron/plugins/ml2/drivers/ovn/mech_driver/ovsdb/ovsdb_monitor.py:920}}
Feb 27 13:57:00.456441 np0000157302 devstack@neutron-api.service[103021]: DEBUG neutron.common.ovn.hash_ring_manager [-] Allow caching, nodes 4>=4 {{(pid=103021) _wait_startup_before_caching /opt/stack/neutron/neutron/common/ovn/hash_ring_manager.py:65}}
Feb 27 13:57:00.456441 np0000157302 devstack@neutron-api.service[103021]: DEBUG neutron.plugins.ml2.drivers.ovn.mech_driver.ovsdb.ovsdb_monitor [-] Hash Ring: Node ce218ba06f3e58dcb25fd88804c70ea5 (host: np0000157302) handling event "update" for row d776c548-b14d-489d-8e8a-1682c29d36a4 (table: Connection) {{(pid=103021) notify /opt/stack/neutron/neutron/plugins/ml2/drivers/ovn/mech_driver/ovsdb/ovsdb_monitor.py:920}}
Feb 27 13:57:02.953844 np0000157302 devstack@neutron-api.service[103021]: DEBUG neutron.plugins.ml2.drivers.ovn.mech_driver.ovsdb.ovsdb_monitor [-] Hash Ring: Node ce218ba06f3e58dcb25fd88804c70ea5 (host: np0000157302) handling event "update" for row d776c548-b14d-489d-8e8a-1682c29d36a4 (table: Connection) {{(pid=103021) notify /opt/stack/neutron/neutron/plugins/ml2/drivers/ovn/mech_driver/ovsdb/ovsdb_monitor.py:920}}
Feb 27 13:57:02.954685 np0000157302 devstack@neutron-api.service[103023]: DEBUG neutron.plugins.ml2.drivers.ovn.mech_driver.ovsdb.ovsdb_monitor [-] Hash Ring: Node 5f5d8bdefe205e6da45e9ebf2e6401ea (host: np0000157302) handling event "update" for row d776c548-b14d-489d-8e8a-1682c29d36a4 (table: Connection) {{(pid=103023) notify /opt/stack/neutron/neutron/plugins/ml2/drivers/ovn/mech_driver/ovsdb/ovsdb_monitor.py:920}}
Feb 27 13:57:03.941174 np0000157302 devstack@neutron-api.service[103021]: DEBUG neutron.api.wsgi [None req-529cea71-f18c-4bf5-8305-b44c37f7bed8 admin admin] Missing Content-Type {{(pid=103021) get_content_type /opt/stack/neutron/neutron/api/wsgi.py:85}}
Feb 27 13:57:03.941571 np0000157302 devstack@neutron-api.service[103021]: DEBUG neutron.api.wsgi [None req-529cea71-f18c-4bf5-8305-b44c37f7bed8 admin admin] https://199.19.213.54/networking/v2.0/extensions returned with HTTP 200 {{(pid=103021) __call__ /opt/stack/neutron/neutron/api/wsgi.py:545}}
Feb 27 13:57:03.941909 np0000157302 devstack@neutron-api.service[103021]: [pid: 103021|app: 0|req: 2/2] 199.19.213.54 () {64 vars in 1316 bytes} [Fri Feb 27 13:57:03 2026] GET /networking/v2.0/extensions => generated 15208 bytes in 265 msecs (HTTP/1.1 200) 4 headers in 159 bytes (1 switches on core 0)
Feb 27 13:57:04.329942 np0000157302 devstack@neutron-api.service[103022]: DEBUG neutron.api.v2.base [None req-bb266074-6bd1-4104-a0d8-47139ea0ea52 admin admin] Request body: {'subnetpool': {'shared': True, 'prefixes': ['10.1.0.0/20'], 'default_prefixlen': 26, 'is_default': True, 'name': 'shared-default-subnetpool-v4'}} {{(pid=103022) prepare_request_body /opt/stack/neutron/neutron/api/v2/base.py:729}}
Feb 27 13:57:04.530919 np0000157302 devstack@neutron-api.service[103022]: DEBUG neutron.policy [None req-bb266074-6bd1-4104-a0d8-47139ea0ea52 admin admin] Loaded default policies from ['neutron'] under neutron.policies entry points {{(pid=103022) register_rules /opt/stack/neutron/neutron/policy.py:65}}
Feb 27 13:57:04.679205 np0000157302 devstack@neutron-api.service[103022]: DEBUG neutron_lib.callbacks.manager [None req-bb266074-6bd1-4104-a0d8-47139ea0ea52 admin admin] Publish callbacks ['neutron.objects.securitygroup.RbacNeutronDbObjectMixin.validate_rbac_policy_change-2567964859992', 'neutron.objects.address_group.RbacNeutronDbObjectMixin.validate_rbac_policy_change-2567965615982', 'neutron.objects.network.RbacNeutronDbObjectMixin.validate_rbac_policy_change-2567965597862', 'neutron.objects.qos.policy.RbacNeutronDbObjectMixin.validate_rbac_policy_change-2567965605261', 'neutron.objects.subnetpool.RbacNeutronDbObjectMixin.validate_rbac_policy_change-2567965593741', 'neutron.objects.address_scope.RbacNeutronDbObjectMixin.validate_rbac_policy_change-2567965584009', 'neutron.plugins.ml2.plugin.External_net_db_mixin._process_ext_policy_create-32533676', 'neutron.plugins.ml2.plugin.NeutronDbPluginV2.validate_network_rbac_policy_change-32534704', 'neutron.services.network_ip_availability.plugin.NeutronDbPluginV2.validate_network_rbac_policy_change-2376661', 'neutron.services.network_ip_availability.plugin.NeutronDbPluginV2.validate_network_rbac_policy_change-1926859'] for rbac-policy (None), before_create {{(pid=103022) _notify_loop /opt/stack/data/venv/lib/python3.12/site-packages/neutron_lib/callbacks/manager.py:184}}
Feb 27 13:57:04.727536 np0000157302 devstack@neutron-api.service[103022]: DEBUG neutron_lib.callbacks.manager [None req-bb266074-6bd1-4104-a0d8-47139ea0ea52 admin admin] Publish callbacks [] for subnetpool (None), before_response {{(pid=103022) _notify_loop /opt/stack/data/venv/lib/python3.12/site-packages/neutron_lib/callbacks/manager.py:184}}
Feb 27 13:57:04.728299 np0000157302 devstack@neutron-api.service[103022]: [pid: 103022|app: 0|req: 1/3] 199.19.213.54 () {68 vars in 1360 bytes} [Fri Feb 27 13:57:04 2026] POST /networking/v2.0/subnetpools => generated 533 bytes in 503 msecs (HTTP/1.1 201) 4 headers in 162 bytes (1 switches on core 0)
Feb 27 13:57:05.039496 np0000157302 devstack@neutron-api.service[103023]: DEBUG neutron.api.v2.base [None req-4173b9b0-cac7-44d6-a504-a9e2cef1b3e7 admin admin] Request body: {'subnetpool': {'shared': True, 'prefixes': ['fda5:ef90:ba8d::/56'], 'default_prefixlen': 64, 'is_default': True, 'name': 'shared-default-subnetpool-v6'}} {{(pid=103023) prepare_request_body /opt/stack/neutron/neutron/api/v2/base.py:729}}
Feb 27 13:57:05.212177 np0000157302 devstack@neutron-api.service[103023]: DEBUG neutron.policy [None req-4173b9b0-cac7-44d6-a504-a9e2cef1b3e7 admin admin] Loaded default policies from ['neutron'] under neutron.policies entry points {{(pid=103023) register_rules /opt/stack/neutron/neutron/policy.py:65}}
Feb 27 13:57:05.359559 np0000157302 devstack@neutron-api.service[103023]: DEBUG neutron_lib.callbacks.manager [None req-4173b9b0-cac7-44d6-a504-a9e2cef1b3e7 admin admin] Publish callbacks ['neutron.objects.securitygroup.RbacNeutronDbObjectMixin.validate_rbac_policy_change-2567965679186', 'neutron.objects.address_group.RbacNeutronDbObjectMixin.validate_rbac_policy_change-2567964723038', 'neutron.objects.network.RbacNeutronDbObjectMixin.validate_rbac_policy_change-2567965645035', 'neutron.objects.qos.policy.RbacNeutronDbObjectMixin.validate_rbac_policy_change-2567965648370', 'neutron.objects.subnetpool.RbacNeutronDbObjectMixin.validate_rbac_policy_change-2567965651991', 'neutron.objects.address_scope.RbacNeutronDbObjectMixin.validate_rbac_policy_change-2567965654326', 'neutron.plugins.ml2.plugin.External_net_db_mixin._process_ext_policy_create-33065656', 'neutron.plugins.ml2.plugin.NeutronDbPluginV2.validate_network_rbac_policy_change-33095126', 'neutron.services.network_ip_availability.plugin.NeutronDbPluginV2.validate_network_rbac_policy_change-2813598', 'neutron.services.network_ip_availability.plugin.NeutronDbPluginV2.validate_network_rbac_policy_change-2770199'] for rbac-policy (None), before_create {{(pid=103023) _notify_loop /opt/stack/data/venv/lib/python3.12/site-packages/neutron_lib/callbacks/manager.py:184}}
Feb 27 13:57:05.407741 np0000157302 devstack@neutron-api.service[103023]: DEBUG neutron_lib.callbacks.manager [None req-4173b9b0-cac7-44d6-a504-a9e2cef1b3e7 admin admin] Publish callbacks [] for subnetpool (None), before_response {{(pid=103023) _notify_loop /opt/stack/data/venv/lib/python3.12/site-packages/neutron_lib/callbacks/manager.py:184}}
Feb 27 13:57:05.408370 np0000157302 devstack@neutron-api.service[103023]: [pid: 103023|app: 0|req: 1/4] 199.19.213.54 () {68 vars in 1360 bytes} [Fri Feb 27 13:57:04 2026] POST /networking/v2.0/subnetpools => generated 543 bytes in 473 msecs (HTTP/1.1 201) 4 headers in 162 bytes (1 switches on core 0)
Feb 27 13:57:05.812555 np0000157302 devstack@neutron-api.service[103020]: DEBUG neutron.api.v2.base [None req-335d7174-8a25-4331-bc6e-c26aeb9194e3 admin admin] Request body: {'network': {'name': 'private', 'admin_state_up': True}} {{(pid=103020) prepare_request_body /opt/stack/neutron/neutron/api/v2/base.py:729}}
Feb 27 13:57:05.835269 np0000157302 devstack@neutron-api.service[103020]: DEBUG neutron.pecan_wsgi.hooks.quota_enforcement [None req-335d7174-8a25-4331-bc6e-c26aeb9194e3 admin admin] Made reservation on behalf of 3e0766a4eded4aceb039136b2cef43bf for: {'network': 1} {{(pid=103020) before /opt/stack/neutron/neutron/pecan_wsgi/hooks/quota_enforcement.py:66}}
Feb 27 13:57:06.016433 np0000157302 devstack@neutron-api.service[103020]: DEBUG neutron.policy [None req-335d7174-8a25-4331-bc6e-c26aeb9194e3 admin admin] Loaded default policies from ['neutron'] under neutron.policies entry points {{(pid=103020) register_rules /opt/stack/neutron/neutron/policy.py:65}}
Feb 27 13:57:06.119769 np0000157302 devstack@neutron-api.service[103020]: DEBUG neutron_lib.callbacks.manager [None req-335d7174-8a25-4331-bc6e-c26aeb9194e3 admin admin] Publish callbacks ['neutron.plugins.ml2.plugin.SecurityGroupDbMixin._ensure_default_security_group_handler-960843'] for network (None), before_create {{(pid=103020) _notify_loop /opt/stack/data/venv/lib/python3.12/site-packages/neutron_lib/callbacks/manager.py:184}}
Feb 27 13:57:06.142449 np0000157302 devstack@neutron-api.service[103020]: DEBUG neutron_lib.callbacks.manager [None req-335d7174-8a25-4331-bc6e-c26aeb9194e3 admin admin] Publish callbacks [] for security_group (None), before_create {{(pid=103020) _notify_loop /opt/stack/data/venv/lib/python3.12/site-packages/neutron_lib/callbacks/manager.py:184}}
Feb 27 13:57:06.236774 np0000157302 devstack@neutron-api.service[103020]: DEBUG neutron_lib.callbacks.manager [None req-335d7174-8a25-4331-bc6e-c26aeb9194e3 admin admin] Publish callbacks ['neutron.plugins.ml2.drivers.ovn.mech_driver.mech_driver.OVNMechanismDriver._create_security_group_precommit-342651'] for security_group (e9fec1cf-a62f-4bf6-bedd-3ee97bd73e78), precommit_create {{(pid=103020) _notify_loop /opt/stack/data/venv/lib/python3.12/site-packages/neutron_lib/callbacks/manager.py:184}}
Feb 27 13:57:06.237010 np0000157302 devstack@neutron-api.service[103020]: DEBUG neutron.db.ovn_revision_numbers_db [None req-335d7174-8a25-4331-bc6e-c26aeb9194e3 admin admin] create_initial_revision uuid=e9fec1cf-a62f-4bf6-bedd-3ee97bd73e78, type=security_groups, rev=-1 {{(pid=103020) create_initial_revision /opt/stack/neutron/neutron/db/ovn_revision_numbers_db.py:98}}
Feb 27 13:57:06.239282 np0000157302 devstack@neutron-api.service[103020]: DEBUG neutron.db.ovn_revision_numbers_db [None req-335d7174-8a25-4331-bc6e-c26aeb9194e3 admin admin] create_initial_revision uuid=9ebe7039-56bc-4c1a-93e6-13aa56126539, type=security_group_rules, rev=-1 {{(pid=103020) create_initial_revision /opt/stack/neutron/neutron/db/ovn_revision_numbers_db.py:98}}
Feb 27 13:57:06.240302 np0000157302 devstack@neutron-api.service[103020]: DEBUG neutron.db.ovn_revision_numbers_db [None req-335d7174-8a25-4331-bc6e-c26aeb9194e3 admin admin] create_initial_revision uuid=afd13d6a-357a-4316-9d80-deb7ab37cd32, type=security_group_rules, rev=-1 {{(pid=103020) create_initial_revision /opt/stack/neutron/neutron/db/ovn_revision_numbers_db.py:98}}
Feb 27 13:57:06.241298 np0000157302 devstack@neutron-api.service[103020]: DEBUG neutron.db.ovn_revision_numbers_db [None req-335d7174-8a25-4331-bc6e-c26aeb9194e3 admin admin] create_initial_revision uuid=b075ccb8-e998-44f4-88b8-f3f7411da510, type=security_group_rules, rev=-1 {{(pid=103020) create_initial_revision /opt/stack/neutron/neutron/db/ovn_revision_numbers_db.py:98}}
Feb 27 13:57:06.242325 np0000157302 devstack@neutron-api.service[103020]: DEBUG neutron.db.ovn_revision_numbers_db [None req-335d7174-8a25-4331-bc6e-c26aeb9194e3 admin admin] create_initial_revision uuid=fa4c238e-f89d-4f0c-a204-2fe916b40c36, type=security_group_rules, rev=-1 {{(pid=103020) create_initial_revision /opt/stack/neutron/neutron/db/ovn_revision_numbers_db.py:98}}
Feb 27 13:57:06.250450 np0000157302 devstack@neutron-api.service[103020]: DEBUG neutron_lib.callbacks.manager [None req-335d7174-8a25-4331-bc6e-c26aeb9194e3 admin admin] Publish callbacks ['neutron.plugins.ml2.drivers.ovn.mech_driver.mech_driver.OVNMechanismDriver._create_security_group-342593', 'neutron.plugins.ml2.ovo_rpc._ObjectChangeHandler.handle_event-2779331'] for security_group (e9fec1cf-a62f-4bf6-bedd-3ee97bd73e78), after_create {{(pid=103020) _notify_loop /opt/stack/data/venv/lib/python3.12/site-packages/neutron_lib/callbacks/manager.py:184}}
Feb 27 13:57:06.250629 np0000157302 devstack@neutron-api.service[103020]: INFO neutron.plugins.ml2.drivers.ovn.mech_driver.ovsdb.extensions.qos [None req-335d7174-8a25-4331-bc6e-c26aeb9194e3 admin admin] Starting OVNClientQosExtension
Feb 27 13:57:06.250724 np0000157302 devstack@neutron-api.service[103020]: INFO neutron.plugins.ml2.drivers.ovn.mech_driver.ovsdb.extensions.placement [None req-335d7174-8a25-4331-bc6e-c26aeb9194e3 admin admin] Starting OVNClientPlacementExtension
Feb 27 13:57:06.252402 np0000157302 devstack@neutron-api.service[103020]: DEBUG ovsdbapp.backend.ovs_idl.transaction [-] Running txn n=1 command(idx=0): PgAddCommand(_result=None, name=pg_e9fec1cf_a62f_4bf6_bedd_3ee97bd73e78, may_exist=False, columns={'acls': [], 'external_ids': {'neutron:security_group_id': 'e9fec1cf-a62f-4bf6-bedd-3ee97bd73e78'}}) {{(pid=103020) do_commit /opt/stack/data/venv/lib/python3.12/site-packages/ovsdbapp/backend/ovs_idl/transaction.py:89}}
Feb 27 13:57:06.255382 np0000157302 devstack@neutron-api.service[103020]: DEBUG ovsdbapp.backend.ovs_idl.transaction [-] Running txn n=1 command(idx=1): PgAclAddCommand(_result=None, entity=pg_e9fec1cf_a62f_4bf6_bedd_3ee97bd73e78, direction=to-lport, priority=1002, match=outport == @pg_e9fec1cf_a62f_4bf6_bedd_3ee97bd73e78 && ip6 && ip6.src == $pg_e9fec1cf_a62f_4bf6_bedd_3ee97bd73e78_ip6, action=allow-related, log=False, may_exist=True, severity=[], name=[], meter=[], external_ids={'neutron:security_group_rule_id': '9ebe7039-56bc-4c1a-93e6-13aa56126539'}) {{(pid=103020) do_commit /opt/stack/data/venv/lib/python3.12/site-packages/ovsdbapp/backend/ovs_idl/transaction.py:89}}
Feb 27 13:57:06.256249 np0000157302 devstack@neutron-api.service[103020]: DEBUG ovsdbapp.backend.ovs_idl.transaction [-] Running txn n=1 command(idx=2): PgAclAddCommand(_result=None, entity=pg_e9fec1cf_a62f_4bf6_bedd_3ee97bd73e78, direction=to-lport, priority=1002, match=outport == @pg_e9fec1cf_a62f_4bf6_bedd_3ee97bd73e78 && ip4 && ip4.src == $pg_e9fec1cf_a62f_4bf6_bedd_3ee97bd73e78_ip4, action=allow-related, log=False, may_exist=True, severity=[], name=[], meter=[], external_ids={'neutron:security_group_rule_id': 'afd13d6a-357a-4316-9d80-deb7ab37cd32'}) {{(pid=103020) do_commit /opt/stack/data/venv/lib/python3.12/site-packages/ovsdbapp/backend/ovs_idl/transaction.py:89}}
Feb 27 13:57:06.256854 np0000157302 devstack@neutron-api.service[103020]: DEBUG ovsdbapp.backend.ovs_idl.transaction [-] Running txn n=1 command(idx=3): PgAclAddCommand(_result=None, entity=pg_e9fec1cf_a62f_4bf6_bedd_3ee97bd73e78, direction=from-lport, priority=1002, match=inport == @pg_e9fec1cf_a62f_4bf6_bedd_3ee97bd73e78 && ip4, action=allow-related, log=False, may_exist=True, severity=[], name=[], meter=[], external_ids={'neutron:security_group_rule_id': 'b075ccb8-e998-44f4-88b8-f3f7411da510'}) {{(pid=103020) do_commit /opt/stack/data/venv/lib/python3.12/site-packages/ovsdbapp/backend/ovs_idl/transaction.py:89}}
Feb 27 13:57:06.257531 np0000157302 devstack@neutron-api.service[103020]: DEBUG ovsdbapp.backend.ovs_idl.transaction [-] Running txn n=1 command(idx=4): PgAclAddCommand(_result=None, entity=pg_e9fec1cf_a62f_4bf6_bedd_3ee97bd73e78, direction=from-lport, priority=1002, match=inport == @pg_e9fec1cf_a62f_4bf6_bedd_3ee97bd73e78 && ip6, action=allow-related, log=False, may_exist=True, severity=[], name=[], meter=[], external_ids={'neutron:security_group_rule_id': 'fa4c238e-f89d-4f0c-a204-2fe916b40c36'}) {{(pid=103020) do_commit /opt/stack/data/venv/lib/python3.12/site-packages/ovsdbapp/backend/ovs_idl/transaction.py:89}}
Feb 27 13:57:06.304133 np0000157302 devstack@neutron-api.service[103021]: DEBUG neutron.plugins.ml2.drivers.ovn.mech_driver.ovsdb.ovsdb_monitor [-] Hash Ring: Node ce218ba06f3e58dcb25fd88804c70ea5 (host: np0000157302) handling event "create" for row 7d3a41ea-8d39-42bb-b334-2b1b9ca8d6df (table: ACL) {{(pid=103021) notify /opt/stack/neutron/neutron/plugins/ml2/drivers/ovn/mech_driver/ovsdb/ovsdb_monitor.py:920}}
Feb 27 13:57:06.304528 np0000157302 devstack@neutron-api.service[103021]: DEBUG neutron.plugins.ml2.drivers.ovn.mech_driver.ovsdb.ovsdb_monitor [-] Hash Ring: Node ce218ba06f3e58dcb25fd88804c70ea5 (host: np0000157302) handling event "create" for row 9063e77b-e327-4e89-a337-15b90f713e03 (table: ACL) {{(pid=103021) notify /opt/stack/neutron/neutron/plugins/ml2/drivers/ovn/mech_driver/ovsdb/ovsdb_monitor.py:920}}
Feb 27 13:57:06.304528 np0000157302 devstack@neutron-api.service[103021]: DEBUG neutron.plugins.ml2.drivers.ovn.mech_driver.ovsdb.ovsdb_monitor [-] Hash Ring: Node ce218ba06f3e58dcb25fd88804c70ea5 (host: np0000157302) handling event "create" for row c6f8ff1b-cc41-4c49-9f82-e762707662d9 (table: ACL) {{(pid=103021) notify /opt/stack/neutron/neutron/plugins/ml2/drivers/ovn/mech_driver/ovsdb/ovsdb_monitor.py:920}}
Feb 27 13:57:06.304670 np0000157302 devstack@neutron-api.service[103020]: DEBUG neutron.plugins.ml2.drivers.ovn.mech_driver.ovsdb.ovsdb_monitor [-] Hash Ring: Node 32ff680ec9f85d4d882133c7e60def30 (host: np0000157302) handling event "create" for row 9063e77b-e327-4e89-a337-15b90f713e03 (table: ACL) {{(pid=103020) notify /opt/stack/neutron/neutron/plugins/ml2/drivers/ovn/mech_driver/ovsdb/ovsdb_monitor.py:920}}
Feb 27 13:57:06.304722 np0000157302 devstack@neutron-api.service[103021]: DEBUG neutron.plugins.ml2.drivers.ovn.mech_driver.ovsdb.ovsdb_monitor [-] Hash Ring: Node ce218ba06f3e58dcb25fd88804c70ea5 (host: np0000157302) handling event "create" for row e81b4aef-7e1a-4658-bd6d-2711883e58c3 (table: ACL) {{(pid=103021) notify /opt/stack/neutron/neutron/plugins/ml2/drivers/ovn/mech_driver/ovsdb/ovsdb_monitor.py:920}}
Feb 27 13:57:06.304883 np0000157302 devstack@neutron-api.service[103021]: DEBUG neutron.plugins.ml2.drivers.ovn.mech_driver.ovsdb.ovsdb_monitor [-] Hash Ring: Node ce218ba06f3e58dcb25fd88804c70ea5 (host: np0000157302) handling event "create" for row 389cf6b0-0e9a-415d-8767-9c72dafcdcbb (table: Port_Group) {{(pid=103021) notify /opt/stack/neutron/neutron/plugins/ml2/drivers/ovn/mech_driver/ovsdb/ovsdb_monitor.py:920}}
Feb 27 13:57:06.305232 np0000157302 devstack@neutron-api.service[103023]: DEBUG neutron.plugins.ml2.drivers.ovn.mech_driver.ovsdb.ovsdb_monitor [-] Hash Ring: Node 5f5d8bdefe205e6da45e9ebf2e6401ea (host: np0000157302) handling event "create" for row 7d3a41ea-8d39-42bb-b334-2b1b9ca8d6df (table: ACL) {{(pid=103023) notify /opt/stack/neutron/neutron/plugins/ml2/drivers/ovn/mech_driver/ovsdb/ovsdb_monitor.py:920}}
Feb 27 13:57:06.345026 np0000157302 devstack@neutron-api.service[103020]: INFO neutron.db.ovn_revision_numbers_db [None req-335d7174-8a25-4331-bc6e-c26aeb9194e3 admin admin] Successfully bumped revision number for resource e9fec1cf-a62f-4bf6-bedd-3ee97bd73e78 (type: security_groups) to 1
Feb 27 13:57:06.363490 np0000157302 devstack@neutron-api.service[103020]: INFO neutron.db.ovn_revision_numbers_db [None req-335d7174-8a25-4331-bc6e-c26aeb9194e3 admin admin] Successfully bumped revision number for resource 9ebe7039-56bc-4c1a-93e6-13aa56126539 (type: security_group_rules) to 0
Feb 27 13:57:06.378538 np0000157302 devstack@neutron-api.service[103020]: INFO neutron.db.ovn_revision_numbers_db [None req-335d7174-8a25-4331-bc6e-c26aeb9194e3 admin admin] Successfully bumped revision number for resource afd13d6a-357a-4316-9d80-deb7ab37cd32 (type: security_group_rules) to 0
Feb 27 13:57:06.392754 np0000157302 devstack@neutron-api.service[103020]: INFO neutron.db.ovn_revision_numbers_db [None req-335d7174-8a25-4331-bc6e-c26aeb9194e3 admin admin] Successfully bumped revision number for resource b075ccb8-e998-44f4-88b8-f3f7411da510 (type: security_group_rules) to 0
Feb 27 13:57:06.408645 np0000157302 devstack@neutron-api.service[103020]: INFO neutron.db.ovn_revision_numbers_db [None req-335d7174-8a25-4331-bc6e-c26aeb9194e3 admin admin] Successfully bumped revision number for resource fa4c238e-f89d-4f0c-a204-2fe916b40c36 (type: security_group_rules) to 0
Feb 27 13:57:06.433842 np0000157302 devstack@neutron-api.service[103020]: DEBUG neutron.api.rpc.handlers.resources_rpc [None req-335d7174-8a25-4331-bc6e-c26aeb9194e3 admin admin] Pushing event updated for resources: {'SecurityGroup': ['ID=e9fec1cf-a62f-4bf6-bedd-3ee97bd73e78,revision_number=1']} {{(pid=103020) push /opt/stack/neutron/neutron/api/rpc/handlers/resources_rpc.py:237}}
Feb 27 13:57:06.441120 np0000157302 devstack@neutron-api.service[103020]: DEBUG ovsdbapp.backend.ovs_idl.transaction [-] Running txn n=1 command(idx=0): CheckLivenessCommand(_result=None) {{(pid=103020) do_commit /opt/stack/data/venv/lib/python3.12/site-packages/ovsdbapp/backend/ovs_idl/transaction.py:89}}
Feb 27 13:57:06.446711 np0000157302 devstack@neutron-api.service[103021]: DEBUG neutron.plugins.ml2.drivers.ovn.mech_driver.ovsdb.ovsdb_monitor [-] Hash Ring: Node ce218ba06f3e58dcb25fd88804c70ea5 (host: np0000157302) handling event "update" for row 741c0568-8aa6-4378-aaa3-40473839f53c (table: NB_Global) {{(pid=103021) notify /opt/stack/neutron/neutron/plugins/ml2/drivers/ovn/mech_driver/ovsdb/ovsdb_monitor.py:920}}
Feb 27 13:57:06.449289 np0000157302 devstack@neutron-api.service[103021]: DEBUG neutron.plugins.ml2.drivers.ovn.mech_driver.ovsdb.ovsdb_monitor [-] Hash Ring: Node ce218ba06f3e58dcb25fd88804c70ea5 (host: np0000157302) handling event "update" for row 741c0568-8aa6-4378-aaa3-40473839f53c (table: NB_Global) {{(pid=103021) notify /opt/stack/neutron/neutron/plugins/ml2/drivers/ovn/mech_driver/ovsdb/ovsdb_monitor.py:920}}
Feb 27 13:57:06.450946 np0000157302 devstack@neutron-api.service[103021]: DEBUG neutron.plugins.ml2.drivers.ovn.mech_driver.ovsdb.ovsdb_monitor [-] ChassisAgentWriteEvent : Matched Chassis_Private, update, None None {{(pid=103021) matches /opt/stack/neutron/neutron/plugins/ml2/drivers/ovn/mech_driver/ovsdb/ovsdb_monitor.py:65}}
Feb 27 13:57:06.452589 np0000157302 devstack@neutron-api.service[103023]: DEBUG neutron.plugins.ml2.drivers.ovn.mech_driver.ovsdb.ovsdb_monitor [-] ChassisAgentWriteEvent : Matched Chassis_Private, update, None None {{(pid=103023) matches /opt/stack/neutron/neutron/plugins/ml2/drivers/ovn/mech_driver/ovsdb/ovsdb_monitor.py:65}}
Feb 27 13:57:06.452757 np0000157302 devstack@neutron-api.service[103020]: DEBUG neutron.api.rpc.callbacks.version_manager [None req-335d7174-8a25-4331-bc6e-c26aeb9194e3 admin admin] Tracked resource versions report:
Feb 27 13:57:06.452757 np0000157302 devstack@neutron-api.service[103020]: pushed versions:
Feb 27 13:57:06.452757 np0000157302 devstack@neutron-api.service[103020]: { 'AddressGroup': {'1.2'},
Feb 27 13:57:06.452757 np0000157302 devstack@neutron-api.service[103020]: 'Agent': {'1.1'},
Feb 27 13:57:06.452757 np0000157302 devstack@neutron-api.service[103020]: 'ConntrackHelper': {'1.0'},
Feb 27 13:57:06.452757 np0000157302 devstack@neutron-api.service[103020]: 'LocalIPAssociation': {'1.0'},
Feb 27 13:57:06.452757 np0000157302 devstack@neutron-api.service[103020]: 'Log': {'1.0'},
Feb 27 13:57:06.452757 np0000157302 devstack@neutron-api.service[103020]: 'NDPProxy': {'1.0'},
Feb 27 13:57:06.452757 np0000157302 devstack@neutron-api.service[103020]: 'Network': {'1.2'},
Feb 27 13:57:06.452757 np0000157302 devstack@neutron-api.service[103020]: 'Port': {'1.10'},
Feb 27 13:57:06.452757 np0000157302 devstack@neutron-api.service[103020]: 'PortForwarding': {'1.3'},
Feb 27 13:57:06.452757 np0000157302 devstack@neutron-api.service[103020]: 'QosPolicy': {'1.10'},
Feb 27 13:57:06.452757 np0000157302 devstack@neutron-api.service[103020]: 'SecurityGroup': {'1.6'},
Feb 27 13:57:06.452757 np0000157302 devstack@neutron-api.service[103020]: 'SecurityGroupRule': {'1.3'},
Feb 27 13:57:06.452757 np0000157302 devstack@neutron-api.service[103020]: 'SubPort': {'1.0'},
Feb 27 13:57:06.452757 np0000157302 devstack@neutron-api.service[103020]: 'Subnet': {'1.2'},
Feb 27 13:57:06.452757 np0000157302 devstack@neutron-api.service[103020]: 'Trunk': {'1.1'}}
Feb 27 13:57:06.452757 np0000157302 devstack@neutron-api.service[103020]: consumer versions:
Feb 27 13:57:06.452757 np0000157302 devstack@neutron-api.service[103020]: {}
Feb 27 13:57:06.452757 np0000157302 devstack@neutron-api.service[103020]: {{(pid=103020) report /opt/stack/neutron/neutron/api/rpc/callbacks/version_manager.py:183}}
Feb 27 13:57:06.454373 np0000157302 devstack@neutron-api.service[103022]: DEBUG neutron.plugins.ml2.drivers.ovn.mech_driver.ovsdb.ovsdb_monitor [-] ChassisAgentWriteEvent : Matched Chassis_Private, update, None None {{(pid=103022) matches /opt/stack/neutron/neutron/plugins/ml2/drivers/ovn/mech_driver/ovsdb/ovsdb_monitor.py:65}}
Feb 27 13:57:06.454994 np0000157302 devstack@neutron-api.service[103021]: DEBUG neutron.plugins.ml2.drivers.ovn.mech_driver.ovsdb.ovsdb_monitor [-] Hash Ring: Node ce218ba06f3e58dcb25fd88804c70ea5 (host: np0000157302) handling event "update" for row 741c0568-8aa6-4378-aaa3-40473839f53c (table: NB_Global) {{(pid=103021) notify /opt/stack/neutron/neutron/plugins/ml2/drivers/ovn/mech_driver/ovsdb/ovsdb_monitor.py:920}}
Feb 27 13:57:06.455671 np0000157302 devstack@neutron-api.service[103022]: DEBUG neutron.plugins.ml2.drivers.ovn.mech_driver.ovsdb.ovsdb_monitor [-] ChassisOVNAgentWriteEvent : Matched Chassis_Private, update, None None {{(pid=103022) matches /opt/stack/neutron/neutron/plugins/ml2/drivers/ovn/mech_driver/ovsdb/ovsdb_monitor.py:65}}
Feb 27 13:57:06.455836 np0000157302 devstack@neutron-api.service[103021]: DEBUG neutron.plugins.ml2.drivers.ovn.mech_driver.ovsdb.ovsdb_monitor [-] Hash Ring: Node ce218ba06f3e58dcb25fd88804c70ea5 (host: np0000157302) handling event "update" for row 741c0568-8aa6-4378-aaa3-40473839f53c (table: NB_Global) {{(pid=103021) notify /opt/stack/neutron/neutron/plugins/ml2/drivers/ovn/mech_driver/ovsdb/ovsdb_monitor.py:920}}
Feb 27 13:57:06.456389 np0000157302 devstack@neutron-api.service[103023]: DEBUG neutron.plugins.ml2.drivers.ovn.mech_driver.ovsdb.ovsdb_monitor [-] ChassisOVNAgentWriteEvent : Matched Chassis_Private, update, None None {{(pid=103023) matches /opt/stack/neutron/neutron/plugins/ml2/drivers/ovn/mech_driver/ovsdb/ovsdb_monitor.py:65}}
Feb 27 13:57:06.456543 np0000157302 devstack@neutron-api.service[103021]: DEBUG neutron.common.ovn.hash_ring_manager [-] Allow caching, nodes 4>=4 {{(pid=103021) _wait_startup_before_caching /opt/stack/neutron/neutron/common/ovn/hash_ring_manager.py:65}}
Feb 27 13:57:06.456686 np0000157302 devstack@neutron-api.service[103021]: DEBUG neutron.plugins.ml2.drivers.ovn.mech_driver.ovsdb.ovsdb_monitor [-] Hash Ring: Node ce218ba06f3e58dcb25fd88804c70ea5 (host: np0000157302) handling event "update" for row 7bb843fd-cf7a-43a6-9f0f-190b832789f2 (table: Chassis_Private) {{(pid=103021) notify /opt/stack/neutron/neutron/plugins/ml2/drivers/ovn/mech_driver/ovsdb/ovsdb_monitor.py:920}}
Feb 27 13:57:06.457017 np0000157302 devstack@neutron-api.service[103020]: DEBUG neutron.plugins.ml2.drivers.ovn.mech_driver.ovsdb.ovsdb_monitor [-] ChassisAgentWriteEvent : Matched Chassis_Private, update, None None {{(pid=103020) matches /opt/stack/neutron/neutron/plugins/ml2/drivers/ovn/mech_driver/ovsdb/ovsdb_monitor.py:65}}
Feb 27 13:57:06.458494 np0000157302 devstack@neutron-api.service[103021]: DEBUG neutron.plugins.ml2.drivers.ovn.mech_driver.ovsdb.ovsdb_monitor [-] ChassisOVNAgentWriteEvent : Matched Chassis_Private, update, None None {{(pid=103021) matches /opt/stack/neutron/neutron/plugins/ml2/drivers/ovn/mech_driver/ovsdb/ovsdb_monitor.py:65}}
