2026-02-26 23:03:25.083 8 INFO placement.requestlog [None req-cd0eae38-8702-481a-80d5-cfa919dc6745 - - - - - -] 10.0.0.10 "GET /" status: 200 len: 136 microversion: 1.0
2026-02-26 23:03:25.083 7 INFO placement.requestlog [None req-5b1238d7-0176-4723-92fd-f62d443b7374 - - - - - -] 10.0.0.10 "GET /" status: 200 len: 136 microversion: 1.0
2026-02-26 23:03:35.082 7 INFO placement.requestlog [None req-1985f0df-1c9e-4ceb-a74f-fde7ed30e5b5 - - - - - -] 10.0.0.10 "GET /" status: 200 len: 136 microversion: 1.0
2026-02-26 23:03:35.082 8 INFO placement.requestlog [None req-36086d0e-1bca-4988-857f-b15ad135b80e - - - - - -] 10.0.0.10 "GET /" status: 200 len: 136 microversion: 1.0
2026-02-26 23:03:45.081 7 INFO placement.requestlog [None req-28f551fb-34dd-4a0e-8658-a0da1c56c962 - - - - - -] 10.0.0.10 "GET /" status: 200 len: 136 microversion: 1.0
2026-02-26 23:03:45.082 8 INFO placement.requestlog [None req-2ec28f7c-c573-4380-ae48-584917f5a652 - - - - - -] 10.0.0.10 "GET /" status: 200 len: 136 microversion: 1.0
2026-02-26 23:03:49.090 8 INFO placement.requestlog [req-ba8c1bc7-5c30-4551-90d7-2a3e0c573d83 req-8a29e0b3-7ed5-4e5b-be38-56f2b98facf2 97e7217316ca47bdbb115c93a4896020 9683eae80bf249549f1e72636f6e99fc - - f803ec9d7cef424b91e63dce528614ef f803ec9d7cef424b91e63dce528614ef] 199.204.45.41 "GET /resource_providers/391d304d-7ca2-4d05-b118-7623958e187c/allocations" status: 200 len: 54 microversion: 1.0 [pid: 8|app: 0|req: 280/562] 199.204.45.41 () {32 vars in 855 bytes} [Thu Feb 26 23:03:49 2026] GET /resource_providers/391d304d-7ca2-4d05-b118-7623958e187c/allocations => generated 54 bytes in 20 msecs (HTTP/1.1 200) 6 headers in 223 bytes (1 switches on core 0)
2026-02-26 23:03:49.107 7 INFO placement.requestlog [req-ba8c1bc7-5c30-4551-90d7-2a3e0c573d83 req-64eab134-ac51-4e4e-8ab1-26b86c252172 97e7217316ca47bdbb115c93a4896020 9683eae80bf249549f1e72636f6e99fc - - f803ec9d7cef424b91e63dce528614ef f803ec9d7cef424b91e63dce528614ef] 199.204.45.41 "GET /resource_providers/391d304d-7ca2-4d05-b118-7623958e187c/allocations" status: 200 len: 54 microversion: 1.0 [pid: 7|app: 0|req: 283/563] 199.204.45.41 () {32 vars in 855 bytes} [Thu Feb 26 23:03:49 2026] GET /resource_providers/391d304d-7ca2-4d05-b118-7623958e187c/allocations => generated 54 bytes in 11 msecs (HTTP/1.1 200) 6 headers in 223 bytes (1 switches on core 0)
2026-02-26 23:03:55.082 8 INFO placement.requestlog [None req-0382ee3c-1404-4baf-8f95-e41e7e93a72a - - - - - -] 10.0.0.10 "GET /" status: 200 len: 136 microversion: 1.0
2026-02-26 23:03:55.082 7 INFO placement.requestlog [None req-79543b6c-b53f-4eab-88e2-244cf6b002f7 - - - - - -] 10.0.0.10 "GET /" status: 200 len: 136 microversion: 1.0
2026-02-26 23:03:56.194 8 INFO placement.requestlog [None req-b66d6b70-9979-4c0a-8a0d-2286c3d0244d ac2a9d92557a4ddda1e2844ef2607344 33b76ab5aeda4647b71cf069be091354 - - default default] 10.0.0.14 "GET /resource_providers" status: 200 len: 405 microversion: 1.0 [pid: 8|app: 0|req: 282/566] 10.0.0.14 () {28 vars in 591 bytes} [Thu Feb 26 23:03:56 2026] GET /resource_providers => generated 405 bytes in 39 msecs (HTTP/1.1 200) 6 headers in 224 bytes (1 switches on core 0)
2026-02-26 23:03:56.226 7 INFO placement.requestlog [None req-48da9ee5-2d76-4c5b-ae3b-6f1eab13d6e6 ac2a9d92557a4ddda1e2844ef2607344 33b76ab5aeda4647b71cf069be091354 - - default default] 10.0.0.14 "GET /resource_providers/391d304d-7ca2-4d05-b118-7623958e187c/inventories" status: 200 len: 400 microversion: 1.0 [pid: 7|app: 0|req: 285/567] 10.0.0.14 () {28 vars in 689 bytes} [Thu Feb 26 23:03:56 2026] GET /resource_providers/391d304d-7ca2-4d05-b118-7623958e187c/inventories => generated 400 bytes in 22 msecs (HTTP/1.1 200) 6 headers in 224 bytes (1 switches on core 0)
2026-02-26 23:03:56.246 8 INFO placement.requestlog [None req-e7408976-09d1-49a5-8ed5-1851686529e3 ac2a9d92557a4ddda1e2844ef2607344 33b76ab5aeda4647b71cf069be091354 - - default default] 10.0.0.14 "GET /resource_providers/391d304d-7ca2-4d05-b118-7623958e187c/usages" status: 200 len: 88 microversion: 1.0 [pid: 8|app: 0|req: 283/568] 10.0.0.14 () {28 vars in 679 bytes} [Thu Feb 26 23:03:56 2026] GET /resource_providers/391d304d-7ca2-4d05-b118-7623958e187c/usages => generated 88 bytes in 14 msecs (HTTP/1.1 200) 6 headers in 223 bytes (1 switches on core 0)
2026-02-26 23:04:05.082 7 INFO placement.requestlog [None req-915a15ef-2ac4-4b02-b8c3-b7890c7faffa - - - - - -] 10.0.0.10 "GET /" status: 200 len: 136 microversion: 1.0
2026-02-26 23:04:05.082 8 INFO placement.requestlog [None req-5eef5241-27b4-4c7d-a14c-e60884da1eac - - - - - -] 10.0.0.10 "GET /" status: 200 len: 136 microversion: 1.0
2026-02-26 23:04:15.083 8 INFO placement.requestlog [None req-06ede6f7-39a2-4059-8b85-bf002e959d80 - - - - - -] 10.0.0.10 "GET /" status: 200 len: 136 microversion: 1.0
2026-02-26 23:04:15.084 7 INFO placement.requestlog [None req-a74372f7-ac54-4549-ae9f-f5f399cf98ad - - - - - -] 10.0.0.10 "GET /" status: 200 len: 136 microversion: 1.0
2026-02-26 23:04:25.082 7 INFO placement.requestlog [None req-7eeeceec-c8c9-4c7e-a16a-685574ec9bbd - - - - - -] 10.0.0.10 "GET /" status: 200 len: 136 microversion: 1.0
2026-02-26 23:04:25.082 8 INFO placement.requestlog [None req-ce930266-d80e-43c2-af57-95f0637db680 - - - - - -] 10.0.0.10 "GET /" status: 200 len: 136 microversion: 1.0
2026-02-26 23:04:35.082 8 INFO placement.requestlog [None req-32917e09-141a-438a-bb9b-948302a17ff5 - - - - - -] 10.0.0.10 "GET /" status: 200 len: 136 microversion: 1.0
2026-02-26 23:04:35.082 7 INFO placement.requestlog [None req-441240d8-5a7e-47d6-8c22-e1e6c352d68d - - - - - -] 10.0.0.10 "GET /" status: 200 len: 136 microversion: 1.0
2026-02-26 23:04:45.083 7 INFO placement.requestlog [None req-3fb1a84c-0837-4d5c-b313-e6fdce09febd - - - - - -] 10.0.0.10 "GET /" status: 200 len: 136 microversion: 1.0
2026-02-26 23:04:45.083 8 INFO placement.requestlog [None req-6b37d8c8-05c0-4c38-bf5d-31f8a1a234cf - - - - - -] 10.0.0.10 "GET /" status: 200 len: 136 microversion: 1.0
2026-02-26 23:04:49.123 7 INFO placement.requestlog [req-864cfb33-121e-4e3a-aa36-5af6a6e50ed7 req-779805e0-2322-4b0f-9122-9900fc1b764c 97e7217316ca47bdbb115c93a4896020 9683eae80bf249549f1e72636f6e99fc - - f803ec9d7cef424b91e63dce528614ef f803ec9d7cef424b91e63dce528614ef] 199.204.45.41 "GET /resource_providers/391d304d-7ca2-4d05-b118-7623958e187c/allocations" status: 200 len: 54 microversion: 1.0 [pid: 7|app: 0|req: 291/579] 199.204.45.41 () {32 vars in 855 bytes} [Thu Feb 26 23:04:49 2026] GET /resource_providers/391d304d-7ca2-4d05-b118-7623958e187c/allocations => generated 54 bytes in 10 msecs (HTTP/1.1 200) 6 headers in 223 bytes (1 switches on core 0)
2026-02-26 23:04:49.146 8 INFO placement.requestlog [req-864cfb33-121e-4e3a-aa36-5af6a6e50ed7 req-c76d295e-647c-4c88-804b-943a8329cbde 97e7217316ca47bdbb115c93a4896020 9683eae80bf249549f1e72636f6e99fc - - f803ec9d7cef424b91e63dce528614ef f803ec9d7cef424b91e63dce528614ef] 199.204.45.41 "GET /resource_providers/391d304d-7ca2-4d05-b118-7623958e187c/allocations" status: 200 len: 54 microversion: 1.0 [pid: 8|app: 0|req: 289/580] 199.204.45.41 () {32 vars in 855 bytes} [Thu Feb 26 23:04:49 2026] GET /resource_providers/391d304d-7ca2-4d05-b118-7623958e187c/allocations => generated 54 bytes in 13 msecs (HTTP/1.1 200) 6 headers in 223 bytes (1 switches on core 0)
2026-02-26 23:04:55.082 8 INFO placement.requestlog [None req-6e1925cb-e8c3-4c3b-82f8-393fdf5d4fde - - - - - -] 10.0.0.10 "GET /" status: 200 len: 136 microversion: 1.0
2026-02-26 23:04:55.082 7 INFO placement.requestlog [None req-2f04d8a8-3494-486a-84b6-799b11081087 - - - - - -] 10.0.0.10 "GET /" status: 200 len: 136 microversion: 1.0
2026-02-26 23:04:56.357 8 INFO placement.requestlog [None req-a5afc44f-fa7f-449b-873a-685e96249038 ac2a9d92557a4ddda1e2844ef2607344 33b76ab5aeda4647b71cf069be091354 - - default default] 10.0.0.14 "GET /resource_providers" status: 200 len: 405 microversion: 1.0 [pid: 8|app: 0|req: 291/583] 10.0.0.14 () {28 vars in 591 bytes} [Thu Feb 26 23:04:56 2026] GET /resource_providers => generated 405 bytes in 221 msecs (HTTP/1.1 200) 6 headers in 224 bytes (1 switches on core 0)
2026-02-26 23:04:56.388 7 INFO placement.requestlog [None req-7bc9a747-c3c5-41fb-b386-b33a33407f81 ac2a9d92557a4ddda1e2844ef2607344 33b76ab5aeda4647b71cf069be091354 - - default default] 10.0.0.14 "GET /resource_providers/391d304d-7ca2-4d05-b118-7623958e187c/inventories" status: 200 len: 400 microversion: 1.0 [pid: 7|app: 0|req: 293/584] 10.0.0.14 () {28 vars in 689 bytes} [Thu Feb 26 23:04:56 2026] GET /resource_providers/391d304d-7ca2-4d05-b118-7623958e187c/inventories => generated 400 bytes in 27 msecs (HTTP/1.1 200) 6 headers in 224 bytes (1 switches on core 0)
2026-02-26 23:04:56.403 8 INFO placement.requestlog [None req-2c001309-a346-429a-91bd-a489c7974473 ac2a9d92557a4ddda1e2844ef2607344 33b76ab5aeda4647b71cf069be091354 - - default default] 10.0.0.14 "GET /resource_providers/391d304d-7ca2-4d05-b118-7623958e187c/usages" status: 200 len: 88 microversion: 1.0 [pid: 8|app: 0|req: 292/585] 10.0.0.14 () {28 vars in 679 bytes} [Thu Feb 26 23:04:56 2026] GET /resource_providers/391d304d-7ca2-4d05-b118-7623958e187c/usages => generated 88 bytes in 11 msecs (HTTP/1.1 200) 6 headers in 223 bytes (1 switches on core 0)
2026-02-26 23:05:05.082 7 INFO placement.requestlog [None req-08084980-fd85-4479-b7f6-e61df48915b1 - - - - - -] 10.0.0.10 "GET /" status: 200 len: 136 microversion: 1.0
2026-02-26 23:05:05.084 8 INFO placement.requestlog [None req-5ca86b2c-298a-46ea-ad5a-5cd5ac893731 - - - - - -] 10.0.0.10 "GET /" status: 200 len: 136 microversion: 1.0
2026-02-26 23:05:15.082 7 INFO placement.requestlog [None req-9c9c17fc-d881-44a9-a333-b9dff2dd4767 - - - - - -] 10.0.0.10 "GET /" status: 200 len: 136 microversion: 1.0
2026-02-26 23:05:15.083 8 INFO placement.requestlog [None req-f28e12e5-f791-43b9-84a3-993cc8dfdfc1 - - - - - -] 10.0.0.10 "GET /" status: 200 len: 136 microversion: 1.0
2026-02-26 23:05:25.081 7 INFO placement.requestlog [None req-d0652199-6136-4542-a9fa-ab9074a215c8 - - - - - -] 10.0.0.10 "GET /" status: 200 len: 136 microversion: 1.0
2026-02-26 23:05:25.082 8 INFO placement.requestlog [None req-aea8dbc3-7692-40d1-a563-dbf0a4bb8e68 - - - - - -] 10.0.0.10 "GET /" status: 200 len: 136 microversion: 1.0
2026-02-26 23:05:35.083 7 INFO placement.requestlog [None req-648341e0-58f6-496d-bdcd-10438e87aa50 - - - - - -] 10.0.0.10 "GET /" status: 200 len: 136 microversion: 1.0
2026-02-26 23:05:35.083 8 INFO placement.requestlog [None req-77af9f45-f16a-4a99-ae3d-c5b8d490d038 - - - - - -] 10.0.0.10 "GET /" status: 200 len: 136 microversion: 1.0
2026-02-26 23:05:45.082 7 INFO placement.requestlog [None req-3710e0f9-7e81-4032-9326-ba657dff14dd - - - - - -] 10.0.0.10 "GET /" status: 200 len: 136 microversion: 1.0
2026-02-26 23:05:45.082 8 INFO placement.requestlog [None req-23d42dee-43dc-42d3-9c1a-ec5f8c361bcb - - - - - -] 10.0.0.10 "GET /" status: 200 len: 136 microversion: 1.0
2026-02-26 23:05:49.707 7 INFO placement.requestlog [req-3492a917-2dc8-46f6-88e8-b1d3399cc790 req-6d29d443-064c-43c6-a436-e31ab6485175 97e7217316ca47bdbb115c93a4896020 9683eae80bf249549f1e72636f6e99fc - - f803ec9d7cef424b91e63dce528614ef f803ec9d7cef424b91e63dce528614ef] 199.204.45.41 "GET /resource_providers/391d304d-7ca2-4d05-b118-7623958e187c/allocations" status: 200 len: 54 microversion: 1.0 [pid: 7|app: 0|req: 299/596] 199.204.45.41 () {32 vars in 855 bytes} [Thu Feb 26 23:05:49 2026] GET /resource_providers/391d304d-7ca2-4d05-b118-7623958e187c/allocations => generated 54 bytes in 9 msecs (HTTP/1.1 200) 6 headers in 223 bytes (1 switches on core 0)
2026-02-26 23:05:49.729 8 INFO placement.requestlog [req-3492a917-2dc8-46f6-88e8-b1d3399cc790 req-ade8ef63-65f3-41b5-b6b9-66e7e978a0a8 97e7217316ca47bdbb115c93a4896020 9683eae80bf249549f1e72636f6e99fc - - f803ec9d7cef424b91e63dce528614ef f803ec9d7cef424b91e63dce528614ef] 199.204.45.41 "GET /resource_providers/391d304d-7ca2-4d05-b118-7623958e187c/allocations" status: 200 len: 54 microversion: 1.0 [pid: 8|app: 0|req: 298/597] 199.204.45.41 () {32 vars in 855 bytes} [Thu Feb 26 23:05:49 2026] GET /resource_providers/391d304d-7ca2-4d05-b118-7623958e187c/allocations => generated 54 bytes in 14 msecs (HTTP/1.1 200) 6 headers in 223 bytes (1 switches on core 0)
2026-02-26 23:05:55.082 7 INFO placement.requestlog [None req-10763539-ab67-43f4-b4ad-aba7f57ea2dd - - - - - -] 10.0.0.10 "GET /" status: 200 len: 136 microversion: 1.0
2026-02-26 23:05:55.082 8 INFO placement.requestlog [None req-117f9cad-1beb-499a-9998-6038ba57fcf2 - - - - - -] 10.0.0.10 "GET /" status: 200 len: 136 microversion: 1.0
2026-02-26 23:05:56.240 8 INFO placement.requestlog [None req-762ae156-96c9-4b03-8817-320d321bcec5 ac2a9d92557a4ddda1e2844ef2607344 33b76ab5aeda4647b71cf069be091354 - - default default] 10.0.0.14 "GET /resource_providers" status: 200 len: 405 microversion: 1.0 [pid: 8|app: 0|req: 300/600] 10.0.0.14 () {28 vars in 591 bytes} [Thu Feb 26 23:05:56 2026] GET /resource_providers => generated 405 bytes in 76 msecs (HTTP/1.1 200) 6 headers in 224 bytes (1 switches on core 0)
2026-02-26 23:05:56.273 7 INFO placement.requestlog [None req-8ab41a72-6afb-4d12-b2ea-5049489f1fdd ac2a9d92557a4ddda1e2844ef2607344 33b76ab5aeda4647b71cf069be091354 - - default default] 10.0.0.14 "GET /resource_providers/391d304d-7ca2-4d05-b118-7623958e187c/inventories" status: 200 len: 400 microversion: 1.0 [pid: 7|app: 0|req: 301/601] 10.0.0.14 () {28 vars in 689 bytes} [Thu Feb 26 23:05:56 2026] GET /resource_providers/391d304d-7ca2-4d05-b118-7623958e187c/inventories => generated 400 bytes in 30 msecs (HTTP/1.1 200) 6 headers in 224 bytes (1 switches on core 0)
2026-02-26 23:05:56.302 8 INFO placement.requestlog [None req-c5d19b5a-afd8-4c65-a5af-b1c967e3ff09 ac2a9d92557a4ddda1e2844ef2607344 33b76ab5aeda4647b71cf069be091354 - - default default] 10.0.0.14 "GET /resource_providers/391d304d-7ca2-4d05-b118-7623958e187c/usages" status: 200 len: 88 microversion: 1.0 [pid: 8|app: 0|req: 301/602] 10.0.0.14 () {28 vars in 679 bytes} [Thu Feb 26 23:05:56 2026] GET /resource_providers/391d304d-7ca2-4d05-b118-7623958e187c/usages => generated 88 bytes in 21 msecs (HTTP/1.1 200) 6 headers in 223 bytes (1 switches on core 0)
2026-02-26 23:06:05.082 8 INFO placement.requestlog [None req-b02645fb-e11f-48f9-839c-789dd921d2fb - - - - - -] 10.0.0.10 "GET /" status: 200 len: 136 microversion: 1.0
2026-02-26 23:06:05.082 7 INFO placement.requestlog [None req-d5d90075-89b0-4b89-a833-74b556dabf85 - - - - - -] 10.0.0.10 "GET /" status: 200 len: 136 microversion: 1.0
2026-02-26 23:06:15.082 7 INFO placement.requestlog [None req-fbdfe19d-c504-402a-a0b1-88e8459d2e19 - - - - - -] 10.0.0.10 "GET /" status: 200 len: 136 microversion: 1.0
2026-02-26 23:06:15.082 8 INFO placement.requestlog [None req-424fdb5f-acca-413b-9563-c4f20ab64713 - - - - - -] 10.0.0.10 "GET /" status: 200 len: 136 microversion: 1.0
2026-02-26 23:06:25.081 8 INFO placement.requestlog [None req-58e64d11-6953-49a2-91f3-6e8cda826566 - - - - - -] 10.0.0.10 "GET /" status: 200 len: 136 microversion: 1.0
2026-02-26 23:06:25.082 7 INFO placement.requestlog [None req-8ec96f01-17b1-4ee9-a608-a4af721d2188 - - - - - -] 10.0.0.10 "GET /" status: 200 len: 136 microversion: 1.0
2026-02-26 23:06:35.082 7 INFO placement.requestlog [None req-1e7ee893-7b52-4f87-8df2-a270c21161fb - - - - - -] 10.0.0.10 "GET /" status: 200 len: 136 microversion: 1.0
2026-02-26 23:06:35.082 8 INFO placement.requestlog [None req-5440139b-8452-4c38-91a9-4f5890553f76 - - - - - -] 10.0.0.10 "GET /" status: 200 len: 136 microversion: 1.0
2026-02-26 23:06:45.082 8 INFO placement.requestlog [None req-284b27f0-155e-4523-b415-3e6f80b5c374 - - - - - -] 10.0.0.10 "GET /" status: 200 len: 136 microversion: 1.0
2026-02-26 23:06:45.082 7 INFO placement.requestlog [None req-ee970131-230d-4782-aa17-0e96bd212926 - - - - - -] 10.0.0.10 "GET /" status: 200 len: 136 microversion: 1.0
2026-02-26 23:06:50.727 8 INFO placement.requestlog [req-68f2d08e-175c-420f-9d8e-1c914cf2e552 req-4aa24853-755f-43fd-89ae-c282c721f45c 97e7217316ca47bdbb115c93a4896020 9683eae80bf249549f1e72636f6e99fc - - f803ec9d7cef424b91e63dce528614ef f803ec9d7cef424b91e63dce528614ef] 199.204.45.41 "GET /resource_providers/391d304d-7ca2-4d05-b118-7623958e187c/allocations" status: 200 len: 54 microversion: 1.0 [pid: 8|app: 0|req: 307/613] 199.204.45.41 () {32 vars in 855 bytes} [Thu Feb 26 23:06:50 2026] GET /resource_providers/391d304d-7ca2-4d05-b118-7623958e187c/allocations => generated 54 bytes in 95 msecs (HTTP/1.1 200) 6 headers in 223 bytes (1 switches on core 0)
2026-02-26 23:06:50.753 7 INFO placement.requestlog [req-68f2d08e-175c-420f-9d8e-1c914cf2e552 req-b240c935-1cfb-4008-a391-d743ea2e4a99 97e7217316ca47bdbb115c93a4896020 9683eae80bf249549f1e72636f6e99fc - - f803ec9d7cef424b91e63dce528614ef f803ec9d7cef424b91e63dce528614ef] 199.204.45.41 "GET /resource_providers?in_tree=391d304d-7ca2-4d05-b118-7623958e187c" status: 200 len: 797 microversion: 1.14 [pid: 7|app: 0|req: 307/614] 199.204.45.41 () {34 vars in 890 bytes} [Thu Feb 26 23:06:50 2026] GET /resource_providers?in_tree=391d304d-7ca2-4d05-b118-7623958e187c => generated 797 bytes in 17 msecs (HTTP/1.1 200) 6 headers in 225 bytes (1 switches on core 0)
2026-02-26 23:06:50.774 8 INFO placement.requestlog [req-68f2d08e-175c-420f-9d8e-1c914cf2e552 req-42e06a4a-9c5e-422c-b19e-4694a457876a 97e7217316ca47bdbb115c93a4896020 9683eae80bf249549f1e72636f6e99fc - - f803ec9d7cef424b91e63dce528614ef f803ec9d7cef424b91e63dce528614ef] 199.204.45.41 "GET /resource_providers/391d304d-7ca2-4d05-b118-7623958e187c/inventories" status: 200 len: 400 microversion: 1.0 [pid: 8|app: 0|req: 308/615] 199.204.45.41 () {32 vars in 855 bytes} [Thu Feb 26 23:06:50 2026] GET /resource_providers/391d304d-7ca2-4d05-b118-7623958e187c/inventories => generated 400 bytes in 15 msecs (HTTP/1.1 200) 6 headers in 224 bytes (1 switches on core 0)
2026-02-26 23:06:50.794 7 INFO placement.requestlog [req-68f2d08e-175c-420f-9d8e-1c914cf2e552 req-6c60246c-3d90-42c4-bdfd-e9f6db3d6d45 97e7217316ca47bdbb115c93a4896020 9683eae80bf249549f1e72636f6e99fc - - f803ec9d7cef424b91e63dce528614ef f803ec9d7cef424b91e63dce528614ef] 199.204.45.41 "GET /resource_providers/391d304d-7ca2-4d05-b118-7623958e187c/aggregates" status: 200 len: 53 microversion: 1.19 [pid: 7|app: 0|req: 308/616] 199.204.45.41 () {34 vars in 897 bytes} [Thu Feb 26 23:06:50 2026] GET /resource_providers/391d304d-7ca2-4d05-b118-7623958e187c/aggregates => generated 53 bytes in 14 msecs (HTTP/1.1 200) 8 headers in 295 bytes (1 switches on core 0)
2026-02-26 23:06:50.818 8 INFO placement.requestlog [req-68f2d08e-175c-420f-9d8e-1c914cf2e552 req-69ed72f8-9f3f-4e33-84f4-fc6e97481497 97e7217316ca47bdbb115c93a4896020 9683eae80bf249549f1e72636f6e99fc - - f803ec9d7cef424b91e63dce528614ef f803ec9d7cef424b91e63dce528614ef] 199.204.45.41 "GET /resource_providers/391d304d-7ca2-4d05-b118-7623958e187c/traits" status: 200 len: 2316 microversion: 1.6 [pid: 8|app: 0|req: 309/617] 199.204.45.41 () {34 vars in 888 bytes} [Thu Feb 26 23:06:50 2026] GET /resource_providers/391d304d-7ca2-4d05-b118-7623958e187c/traits => generated 2316 bytes in 20 msecs (HTTP/1.1 200) 6 headers in 225 bytes (1 switches on core 0)
2026-02-26 23:06:50.838 7 INFO placement.requestlog [req-68f2d08e-175c-420f-9d8e-1c914cf2e552 req-dac3bf8a-070e-4b16-a86c-0b6e7891399f 97e7217316ca47bdbb115c93a4896020 9683eae80bf249549f1e72636f6e99fc - - f803ec9d7cef424b91e63dce528614ef f803ec9d7cef424b91e63dce528614ef] 199.204.45.41 "GET /resource_providers/391d304d-7ca2-4d05-b118-7623958e187c/allocations" status: 200 len: 54 microversion: 1.0 [pid: 7|app: 0|req: 309/618] 199.204.45.41 () {32 vars in 855 bytes} [Thu Feb 26 23:06:50 2026] GET /resource_providers/391d304d-7ca2-4d05-b118-7623958e187c/allocations => generated 54 bytes in 12 msecs (HTTP/1.1 200) 6 headers in 223 bytes (1 switches on core 0)
2026-02-26 23:06:55.082 8 INFO placement.requestlog [None req-6b9a0976-4f5a-4c49-87e1-d5e98c16d5e8 - - - - - -] 10.0.0.10 "GET /" status: 200 len: 136 microversion: 1.0
2026-02-26 23:06:55.082 7 INFO placement.requestlog [None req-7c8f97aa-1da8-428c-aad1-9b4a7cd174f1 - - - - - -] 10.0.0.10 "GET /" status: 200 len: 136 microversion: 1.0
2026-02-26 23:06:56.286 7 INFO placement.requestlog [None req-098b058d-ca08-4778-812c-bce910e74eb2 ac2a9d92557a4ddda1e2844ef2607344 33b76ab5aeda4647b71cf069be091354 - - default default] 10.0.0.14 "GET /resource_providers" status: 200 len: 405 microversion: 1.0 [pid: 7|app: 0|req: 311/621] 10.0.0.14 () {28 vars in 591 bytes} [Thu Feb 26 23:06:56 2026] GET /resource_providers => generated 405 bytes in 72 msecs (HTTP/1.1 200) 6 headers in 224 bytes (1 switches on core 0)
2026-02-26 23:06:56.310 8 INFO placement.requestlog [None req-584628d7-d80f-4159-993d-b60866389717 ac2a9d92557a4ddda1e2844ef2607344 33b76ab5aeda4647b71cf069be091354 - - default default] 10.0.0.14 "GET /resource_providers/391d304d-7ca2-4d05-b118-7623958e187c/inventories" status: 200 len: 400 microversion: 1.0 [pid: 8|app: 0|req: 311/622] 10.0.0.14 () {28 vars in 689 bytes} [Thu Feb 26 23:06:56 2026] GET /resource_providers/391d304d-7ca2-4d05-b118-7623958e187c/inventories => generated 400 bytes in 17 msecs (HTTP/1.1 200) 6 headers in 224 bytes (1 switches on core 0)
2026-02-26 23:06:56.334 7 INFO placement.requestlog [None req-44a46988-c979-4be5-90c8-ab33362f2364 ac2a9d92557a4ddda1e2844ef2607344 33b76ab5aeda4647b71cf069be091354 - - default default] 10.0.0.14 "GET /resource_providers/391d304d-7ca2-4d05-b118-7623958e187c/usages" status: 200 len: 88 microversion: 1.0 [pid: 7|app: 0|req: 312/623] 10.0.0.14 () {28 vars in 679 bytes} [Thu Feb 26 23:06:56 2026] GET /resource_providers/391d304d-7ca2-4d05-b118-7623958e187c/usages => generated 88 bytes in 19 msecs (HTTP/1.1 200) 6 headers in 223 bytes (1 switches on core 0)
2026-02-26 23:07:05.082 7 INFO placement.requestlog [None req-154b6658-f608-4d72-aed4-af0681c78d0a - - - - - -] 10.0.0.10 "GET /" status: 200 len: 136 microversion: 1.0
2026-02-26 23:07:05.083 8 INFO placement.requestlog [None req-9563a969-7fe2-4338-b0ab-a9de9e19335a - - - - - -] 10.0.0.10 "GET /" status: 200 len: 136 microversion: 1.0
2026-02-26 23:07:15.082 7 INFO placement.requestlog [None req-ef3270e8-5f8d-4704-b335-440167c19f42 - - - - - -] 10.0.0.10 "GET /" status: 200 len: 136 microversion: 1.0
2026-02-26 23:07:15.082 8 INFO placement.requestlog [None req-0285ca31-3f86-4872-8f84-c598f976bf94 - - - - - -] 10.0.0.10 "GET /" status: 200 len: 136 microversion: 1.0
2026-02-26 23:07:25.082 7 INFO placement.requestlog [None req-7a96d061-31d9-419d-aeea-42c4838561af - - - - - -] 10.0.0.10 "GET /" status: 200 len: 136 microversion: 1.0
2026-02-26 23:07:25.082 8 INFO placement.requestlog [None req-4bc166d2-3b08-4cad-9033-376cf9ac7a52 - - - - - -] 10.0.0.10 "GET /" status: 200 len: 136 microversion: 1.0
2026-02-26 23:07:35.082 7 INFO placement.requestlog [None req-c642640c-1cd7-43e1-a8da-369903f708aa - - - - - -] 10.0.0.10 "GET /" status: 200 len: 136 microversion: 1.0
2026-02-26 23:07:35.082 8 INFO placement.requestlog [None req-06182faa-b2ac-4d81-8e08-6f80ea018257 - - - - - -] 10.0.0.10 "GET /" status: 200 len: 136 microversion: 1.0
2026-02-26 23:07:45.082 7 INFO placement.requestlog [None req-6042de1c-dbde-48d9-a09b-a01f7796cc19 - - - - - -] 10.0.0.10 "GET /" status: 200 len: 136 microversion: 1.0
2026-02-26 23:07:45.082 8 INFO placement.requestlog [None req-69c2f9e5-a488-4815-a3ad-d2e07ebcfd69 - - - - - -] 10.0.0.10 "GET /" status: 200 len: 136 microversion: 1.0
2026-02-26 23:07:53.275 8 INFO placement.requestlog [req-aaebc2f1-6842-446f-8a35-56ae9a587488 req-5658482c-03af-4eea-ac43-b274e9a374f8 97e7217316ca47bdbb115c93a4896020 9683eae80bf249549f1e72636f6e99fc - - f803ec9d7cef424b91e63dce528614ef f803ec9d7cef424b91e63dce528614ef] 199.204.45.41 "GET /resource_providers/391d304d-7ca2-4d05-b118-7623958e187c/allocations" status: 200 len: 54 microversion: 1.0 [pid: 8|app: 0|req: 317/634] 199.204.45.41 () {32 vars in 855 bytes} [Thu Feb 26 23:07:53 2026] GET /resource_providers/391d304d-7ca2-4d05-b118-7623958e187c/allocations => generated 54 bytes in 19 msecs (HTTP/1.1 200) 6 headers in 223 bytes (1 switches on core 0)
2026-02-26 23:07:53.296 7 INFO placement.requestlog [req-aaebc2f1-6842-446f-8a35-56ae9a587488 req-e8dc2b1f-0d6e-4999-9187-6ef6fd8a8176 97e7217316ca47bdbb115c93a4896020 9683eae80bf249549f1e72636f6e99fc - - f803ec9d7cef424b91e63dce528614ef f803ec9d7cef424b91e63dce528614ef] 199.204.45.41 "GET /resource_providers/391d304d-7ca2-4d05-b118-7623958e187c/allocations" status: 200 len: 54 microversion: 1.0 [pid: 7|app: 0|req: 318/635] 199.204.45.41 () {32 vars in 855 bytes} [Thu Feb 26 23:07:53 2026] GET /resource_providers/391d304d-7ca2-4d05-b118-7623958e187c/allocations => generated 54 bytes in 14 msecs (HTTP/1.1 200) 6 headers in 223 bytes (1 switches on core 0)
2026-02-26 23:07:55.082 8 INFO placement.requestlog [None req-ead96cdd-cd6f-4300-bad9-829e93cea533 - - - - - -] 10.0.0.10 "GET /" status: 200 len: 136 microversion: 1.0
2026-02-26 23:07:55.082 7 INFO placement.requestlog [None req-59dedbd5-b4d8-4e77-a70e-dee73a095392 - - - - - -] 10.0.0.10 "GET /" status: 200 len: 136 microversion: 1.0
2026-02-26 23:07:56.279 8 INFO placement.requestlog [None req-089fad5d-f6f8-4093-a0aa-92a62358c5d1 ac2a9d92557a4ddda1e2844ef2607344 33b76ab5aeda4647b71cf069be091354 - - default default] 10.0.0.14 "GET /resource_providers" status: 200 len: 405 microversion: 1.0 [pid: 8|app: 0|req: 319/638] 10.0.0.14 () {28 vars in 591 bytes} [Thu Feb 26 23:07:56 2026] GET /resource_providers => generated 405 bytes in 81 msecs (HTTP/1.1 200) 6 headers in 224 bytes (1 switches on core 0)
2026-02-26 23:07:56.298 7 INFO placement.requestlog [None req-404868de-064a-4ca2-bcac-bb4d46158788 ac2a9d92557a4ddda1e2844ef2607344 33b76ab5aeda4647b71cf069be091354 - - default default] 10.0.0.14 "GET /resource_providers/391d304d-7ca2-4d05-b118-7623958e187c/inventories" status: 200 len: 400 microversion: 1.0 [pid: 7|app: 0|req: 320/639] 10.0.0.14 () {28 vars in 689 bytes} [Thu Feb 26 23:07:56 2026] GET /resource_providers/391d304d-7ca2-4d05-b118-7623958e187c/inventories => generated 400 bytes in 15 msecs (HTTP/1.1 200) 6 headers in 224 bytes (1 switches on core 0)
2026-02-26 23:07:56.314 8 INFO placement.requestlog [None req-1bc4488c-2841-4c9e-88cd-ad931d8393d1 ac2a9d92557a4ddda1e2844ef2607344 33b76ab5aeda4647b71cf069be091354 - - default default] 10.0.0.14 "GET /resource_providers/391d304d-7ca2-4d05-b118-7623958e187c/usages" status: 200 len: 88 microversion: 1.0 [pid: 8|app: 0|req: 320/640] 10.0.0.14 () {28 vars in 679 bytes} [Thu Feb 26 23:07:56 2026] GET /resource_providers/391d304d-7ca2-4d05-b118-7623958e187c/usages => generated 88 bytes in 11 msecs (HTTP/1.1 200) 6 headers in 223 bytes (1 switches on core 0)
2026-02-26 23:08:05.082 8 INFO placement.requestlog [None req-431fea68-eb18-45f7-b135-9766c98a2a31 - - - - - -] 10.0.0.10 "GET /" status: 200 len: 136 microversion: 1.0
2026-02-26 23:08:05.082 7 INFO placement.requestlog [None req-b1ddd7c5-1fd7-4f11-9dff-fae2841ac1ea - - - - - -] 10.0.0.10 "GET /" status: 200 len: 136 microversion: 1.0
2026-02-26 23:08:15.082 8 INFO placement.requestlog [None req-3c2d5cca-1af2-4c88-b88f-0c54a0107eb6 - - - - - -] 10.0.0.10 "GET /" status: 200 len: 136 microversion: 1.0
2026-02-26 23:08:15.082 7 INFO placement.requestlog [None req-b8a1a4ba-7fba-4cb0-9910-e050c42a8d72 - - - - - -] 10.0.0.10 "GET /" status: 200 len: 136 microversion: 1.0
2026-02-26 23:08:25.083 8 INFO placement.requestlog [None req-d582a7cb-02d4-435d-bafc-5d6bb3ad9e79 - - - - - -] 10.0.0.10 "GET /" status: 200 len: 136 microversion: 1.0
2026-02-26 23:08:25.083 7 INFO placement.requestlog [None req-cbc23aa2-8f9e-4ee7-aaa2-21d15e42f13d - - - - - -] 10.0.0.10 "GET /" status: 200 len: 136 microversion: 1.0
2026-02-26 23:08:35.082 7 INFO placement.requestlog [None req-f1682a81-9722-4dcc-b217-485030e68f23 - - - - - -] 10.0.0.10 "GET /" status: 200 len: 136 microversion: 1.0
2026-02-26 23:08:35.082 8 INFO placement.requestlog [None req-af0bf40f-51b0-4629-8b6f-96f47572cb12 - - - - - -] 10.0.0.10 "GET /" status: 200 len: 136 microversion: 1.0
2026-02-26 23:08:45.082 8 INFO placement.requestlog [None req-25152c45-a103-4284-9244-471b0b097072 - - - - - -] 10.0.0.10 "GET /" status: 200 len: 136 microversion: 1.0
2026-02-26 23:08:45.082 7 INFO placement.requestlog [None req-dcd548a5-90c5-47d1-a798-2870dfbf140a - - - - - -] 10.0.0.10 "GET /" status: 200 len: 136 microversion: 1.0
2026-02-26 23:08:53.593 8 INFO placement.requestlog [req-14d595f1-823c-44f4-b83f-ffd8d8f4e119 req-f5a436c3-2a17-4887-847c-0b4e149e6b1a 97e7217316ca47bdbb115c93a4896020 9683eae80bf249549f1e72636f6e99fc - - f803ec9d7cef424b91e63dce528614ef f803ec9d7cef424b91e63dce528614ef] 199.204.45.41 "GET /resource_providers/391d304d-7ca2-4d05-b118-7623958e187c/allocations" status: 200 len: 54 microversion: 1.0 [pid: 8|app: 0|req: 326/651] 199.204.45.41 () {32 vars in 855 bytes} [Thu Feb 26 23:08:53 2026] GET /resource_providers/391d304d-7ca2-4d05-b118-7623958e187c/allocations => generated 54 bytes in 16 msecs (HTTP/1.1 200) 6 headers in 223 bytes (1 switches on core 0)
2026-02-26 23:08:53.612 7 INFO placement.requestlog [req-14d595f1-823c-44f4-b83f-ffd8d8f4e119 req-d2489287-15b4-42b7-bb46-7e4d3eea90aa 97e7217316ca47bdbb115c93a4896020 9683eae80bf249549f1e72636f6e99fc - - f803ec9d7cef424b91e63dce528614ef f803ec9d7cef424b91e63dce528614ef] 199.204.45.41 "GET /resource_providers/391d304d-7ca2-4d05-b118-7623958e187c/allocations" status: 200 len: 54 microversion: 1.0 [pid: 7|app: 0|req: 326/652] 199.204.45.41 () {32 vars in 855 bytes} [Thu Feb 26 23:08:53 2026] GET /resource_providers/391d304d-7ca2-4d05-b118-7623958e187c/allocations => generated 54 bytes in 12 msecs (HTTP/1.1 200) 6 headers in 223 bytes (1 switches on core 0)
2026-02-26 23:08:55.082 8 INFO placement.requestlog [None req-7d92665c-e762-4adc-ae88-3bbfecb70932 - - - - - -] 10.0.0.10 "GET /" status: 200 len: 136 microversion: 1.0
2026-02-26 23:08:55.082 7 INFO placement.requestlog [None req-559c98e5-f6da-4e3e-83d8-110face07f76 - - - - - -] 10.0.0.10 "GET /" status: 200 len: 136 microversion: 1.0
2026-02-26 23:08:56.456 7 INFO placement.requestlog [None req-9c30af85-fec3-431f-9c1c-dd6de2aa1512 ac2a9d92557a4ddda1e2844ef2607344 33b76ab5aeda4647b71cf069be091354 - - default default] 10.0.0.14 "GET /resource_providers" status: 200 len: 405 microversion: 1.0 [pid: 7|app: 0|req: 328/655] 10.0.0.14 () {28 vars in 591 bytes} [Thu Feb 26 23:08:56 2026] GET /resource_providers => generated 405 bytes in 42 msecs (HTTP/1.1 200) 6 headers in 224 bytes (1 switches on core 0)
2026-02-26 23:08:56.477 8 INFO placement.requestlog [None req-d0fdaa78-4337-4a56-bcdb-7326ada73b23 ac2a9d92557a4ddda1e2844ef2607344 33b76ab5aeda4647b71cf069be091354 - - default default] 10.0.0.14 "GET /resource_providers/391d304d-7ca2-4d05-b118-7623958e187c/inventories" status: 200 len: 400 microversion: 1.0 [pid: 8|app: 0|req: 328/656] 10.0.0.14 () {28 vars in 689 bytes} [Thu Feb 26 23:08:56 2026] GET /resource_providers/391d304d-7ca2-4d05-b118-7623958e187c/inventories => generated 400 bytes in 16 msecs (HTTP/1.1 200) 6 headers in 224 bytes (1 switches on core 0)
2026-02-26 23:08:56.494 7 INFO placement.requestlog [None req-ae4441cf-2646-46e1-bee2-f892e622ceb3 ac2a9d92557a4ddda1e2844ef2607344 33b76ab5aeda4647b71cf069be091354 - - default default] 10.0.0.14 "GET /resource_providers/391d304d-7ca2-4d05-b118-7623958e187c/usages" status: 200 len: 88 microversion: 1.0 [pid: 7|app: 0|req: 329/657] 10.0.0.14 () {28 vars in 679 bytes} [Thu Feb 26 23:08:56 2026] GET /resource_providers/391d304d-7ca2-4d05-b118-7623958e187c/usages => generated 88 bytes in 13 msecs (HTTP/1.1 200) 6 headers in 223 bytes (1 switches on core 0)
2026-02-26 23:09:05.082 8 INFO placement.requestlog [None req-e4f85adb-3ff2-4000-9851-36bdc22d8fd3 - - - - - -] 10.0.0.10 "GET /" status: 200 len: 136 microversion: 1.0
2026-02-26 23:09:05.082 7 INFO placement.requestlog [None req-3a9005c8-295c-4f9a-93e2-97892694df49 - - - - - -] 10.0.0.10 "GET /" status: 200 len: 136 microversion: 1.0
2026-02-26 23:09:15.082 8 INFO placement.requestlog [None req-02e3828e-6a81-495e-8ca6-ee35afb72f53 - - - - - -] 10.0.0.10 "GET /" status: 200 len: 136 microversion: 1.0
2026-02-26 23:09:15.083 7 INFO placement.requestlog [None req-a8b1a578-e813-495d-90aa-e93139307149 - - - - - -] 10.0.0.10 "GET /" status: 200 len: 136 microversion: 1.0
2026-02-26 23:09:25.082 8 INFO placement.requestlog [None req-fd5a65e4-a379-466c-8f46-d60bbc3fc830 - - - - - -] 10.0.0.10 "GET /" status: 200 len: 136 microversion: 1.0
2026-02-26 23:09:25.083 7 INFO placement.requestlog [None req-0ee6da1f-d5af-4b0f-83bc-ade4afe26738 - - - - - -] 10.0.0.10 "GET /" status: 200 len: 136 microversion: 1.0
2026-02-26 23:09:35.082 7 INFO placement.requestlog [None req-64f4243d-eefe-4340-ae29-2ba4475ce944 - - - - - -] 10.0.0.10 "GET /" status: 200 len: 136 microversion: 1.0
2026-02-26 23:09:35.082 8 INFO placement.requestlog [None req-bf6020cf-18c2-49ea-aaac-47b2b58aaaa7 - - - - - -] 10.0.0.10 "GET /" status: 200 len: 136 microversion: 1.0
2026-02-26 23:09:45.083 7 INFO placement.requestlog [None req-fc181407-fa01-405e-8895-f4ba130ace13 - - - - - -] 10.0.0.10 "GET /" status: 200 len: 136 microversion: 1.0
2026-02-26 23:09:45.083 8 INFO placement.requestlog [None req-b540adf1-5026-40dc-9c46-2d47bf520d90 - - - - - -] 10.0.0.10 "GET /" status: 200 len: 136 microversion: 1.0
2026-02-26 23:09:55.082 8 INFO placement.requestlog [None req-81b0a148-98f9-4ec4-95e9-4a75a54bf615 - - - - - -] 10.0.0.10 "GET /" status: 200 len: 136 microversion: 1.0
2026-02-26 23:09:55.083 7 INFO placement.requestlog [None req-2f35aeca-fe09-4691-bcfb-1882a8965a91 - - - - - -] 10.0.0.10 "GET /" status: 200 len: 136 microversion: 1.0
2026-02-26 23:09:55.220 8 INFO placement.requestlog [req-c18fe272-a522-46bf-82e0-8b85250255e0 req-b733ef30-2762-4264-9819-96ee9496c175 97e7217316ca47bdbb115c93a4896020 9683eae80bf249549f1e72636f6e99fc - - f803ec9d7cef424b91e63dce528614ef f803ec9d7cef424b91e63dce528614ef] 199.204.45.41 "GET /resource_providers/391d304d-7ca2-4d05-b118-7623958e187c/allocations" status: 200 len: 54 microversion: 1.0 [pid: 8|app: 0|req: 335/670] 199.204.45.41 () {32 vars in 855 bytes} [Thu Feb 26 23:09:55 2026] GET /resource_providers/391d304d-7ca2-4d05-b118-7623958e187c/allocations => generated 54 bytes in 26 msecs (HTTP/1.1 200) 6 headers in 223 bytes (1 switches on core 0)
2026-02-26 23:09:55.252 7 INFO placement.requestlog [req-c18fe272-a522-46bf-82e0-8b85250255e0 req-b8380104-64a9-4418-98ba-263913f6cd20 97e7217316ca47bdbb115c93a4896020 9683eae80bf249549f1e72636f6e99fc - - f803ec9d7cef424b91e63dce528614ef f803ec9d7cef424b91e63dce528614ef] 199.204.45.41 "GET /resource_providers/391d304d-7ca2-4d05-b118-7623958e187c/allocations" status: 200 len: 54 microversion: 1.0 [pid: 7|app: 0|req: 336/671] 199.204.45.41 () {32 vars in 855 bytes} [Thu Feb 26 23:09:55 2026] GET /resource_providers/391d304d-7ca2-4d05-b118-7623958e187c/allocations => generated 54 bytes in 25 msecs (HTTP/1.1 200) 6 headers in 223 bytes (1 switches on core 0)
2026-02-26 23:09:56.511 8 INFO placement.requestlog [None req-f86651f5-6825-4f87-985d-4e90ef4a5cbc ac2a9d92557a4ddda1e2844ef2607344 33b76ab5aeda4647b71cf069be091354 - - default default] 10.0.0.14 "GET /resource_providers" status: 200 len: 405 microversion: 1.0 [pid: 8|app: 0|req: 336/672] 10.0.0.14 () {28 vars in 591 bytes} [Thu Feb 26 23:09:56 2026] GET /resource_providers => generated 405 bytes in 163 msecs (HTTP/1.1 200) 6 headers in 224 bytes (1 switches on core 0)
2026-02-26 23:09:56.541 7 INFO placement.requestlog [None req-76440629-c8e3-413f-ab36-170950c237b8 ac2a9d92557a4ddda1e2844ef2607344 33b76ab5aeda4647b71cf069be091354 - - default default] 10.0.0.14 "GET /resource_providers/391d304d-7ca2-4d05-b118-7623958e187c/inventories" status: 200 len: 400 microversion: 1.0 [pid: 7|app: 0|req: 337/673] 10.0.0.14 () {28 vars in 689 bytes} [Thu Feb 26 23:09:56 2026] GET /resource_providers/391d304d-7ca2-4d05-b118-7623958e187c/inventories => generated 400 bytes in 25 msecs (HTTP/1.1 200) 6 headers in 224 bytes (1 switches on core 0)
2026-02-26 23:09:56.573 8 INFO placement.requestlog [None req-e5eef8cb-5c7f-472d-93c5-d4b9392616c4 ac2a9d92557a4ddda1e2844ef2607344 33b76ab5aeda4647b71cf069be091354 - - default default] 10.0.0.14 "GET /resource_providers/391d304d-7ca2-4d05-b118-7623958e187c/usages" status: 200 len: 88 microversion: 1.0 [pid: 8|app: 0|req: 337/674] 10.0.0.14 () {28 vars in 679 bytes} [Thu Feb 26 23:09:56 2026] GET /resource_providers/391d304d-7ca2-4d05-b118-7623958e187c/usages => generated 88 bytes in 29 msecs (HTTP/1.1 200) 6 headers in 223 bytes (1 switches on core 0)
2026-02-26 23:10:02.251 7 INFO placement.requestlog [req-ca098211-6684-4b2f-82ab-10164e7220df req-997ab5ad-6714-412b-aad7-8351a169ba04 97e7217316ca47bdbb115c93a4896020 9683eae80bf249549f1e72636f6e99fc - - f803ec9d7cef424b91e63dce528614ef f803ec9d7cef424b91e63dce528614ef] 10.0.0.224 "GET /allocation_candidates?limit=1000&resources=DISK_GB%3A1%2CMEMORY_MB%3A512%2CVCPU%3A1&root_required=%21COMPUTE_STATUS_DISABLED" status: 200 len: 2781 microversion: 1.36 [pid: 7|app: 0|req: 338/675] 10.0.0.224 () {34 vars in 1011 bytes} [Thu Feb 26 23:10:02 2026] GET /allocation_candidates?limit=1000&resources=DISK_GB%3A1%2CMEMORY_MB%3A512%2CVCPU%3A1&root_required=%21COMPUTE_STATUS_DISABLED => generated 2781 bytes in 82 msecs (HTTP/1.1 200) 8 headers in 297 bytes (1 switches on core 0)
2026-02-26 23:10:02.293 8 INFO placement.requestlog [req-ca098211-6684-4b2f-82ab-10164e7220df req-dea225d3-da09-476a-9b05-ff2ba46e5d9c 97e7217316ca47bdbb115c93a4896020 9683eae80bf249549f1e72636f6e99fc - - f803ec9d7cef424b91e63dce528614ef f803ec9d7cef424b91e63dce528614ef] 10.0.0.224 "GET /allocations/30d392c6-e060-441f-a8c8-e2fcba337821" status: 200 len: 19 microversion: 1.28 [pid: 8|app: 0|req: 338/676] 10.0.0.224 () {34 vars in 860 bytes} [Thu Feb 26 23:10:02 2026] GET /allocations/30d392c6-e060-441f-a8c8-e2fcba337821 => generated 19 bytes in 10 msecs (HTTP/1.1 200) 8 headers in 295 bytes (1 switches on core 0)
2026-02-26 23:10:02.369 7 INFO placement.requestlog [req-ca098211-6684-4b2f-82ab-10164e7220df req-77874b3d-5607-45b8-bc22-23b64f7ce033 97e7217316ca47bdbb115c93a4896020 9683eae80bf249549f1e72636f6e99fc - - f803ec9d7cef424b91e63dce528614ef f803ec9d7cef424b91e63dce528614ef] 10.0.0.224 "PUT /allocations/30d392c6-e060-441f-a8c8-e2fcba337821" status: 204 len: 0 microversion: 1.36 [pid: 7|app: 0|req: 339/677] 10.0.0.224 () {38 vars in 913 bytes} [Thu Feb 26 23:10:02 2026] PUT /allocations/30d392c6-e060-441f-a8c8-e2fcba337821 => generated 0 bytes in 71 msecs (HTTP/1.1 204) 5 headers in 199 bytes (1 switches on core 0)
2026-02-26 23:10:02.747 8 INFO placement.requestlog [req-5493a10c-4cc8-4159-b0c6-722d4d834cd4 req-9b95a6a6-0310-485c-b160-cd6122434204 97e7217316ca47bdbb115c93a4896020 9683eae80bf249549f1e72636f6e99fc - - f803ec9d7cef424b91e63dce528614ef f803ec9d7cef424b91e63dce528614ef] 10.0.0.224 "GET /allocation_candidates?limit=1000&resources=DISK_GB%3A1%2CMEMORY_MB%3A512%2CVCPU%3A1&root_required=%21COMPUTE_STATUS_DISABLED" status: 200 len: 2783 microversion: 1.36 [pid: 8|app: 0|req: 339/678] 10.0.0.224 () {34 vars in 1011 bytes} [Thu Feb 26 23:10:02 2026] GET /allocation_candidates?limit=1000&resources=DISK_GB%3A1%2CMEMORY_MB%3A512%2CVCPU%3A1&root_required=%21COMPUTE_STATUS_DISABLED => generated 2783 bytes in 56 msecs (HTTP/1.1 200) 8 headers in 297 bytes (1 switches on core 0)
2026-02-26 23:10:02.786 7 INFO placement.requestlog [req-5493a10c-4cc8-4159-b0c6-722d4d834cd4 req-4d03a3ee-c1f3-4fab-bfc0-3b7b41b90910 97e7217316ca47bdbb115c93a4896020 9683eae80bf249549f1e72636f6e99fc - - f803ec9d7cef424b91e63dce528614ef f803ec9d7cef424b91e63dce528614ef] 10.0.0.224 "GET /allocations/f0d20a61-e0a3-46be-af5e-d845fa38616b" status: 200 len: 19 microversion: 1.28 [pid: 7|app: 0|req: 340/679] 10.0.0.224 () {34 vars in 860 bytes} [Thu Feb 26 23:10:02 2026] GET /allocations/f0d20a61-e0a3-46be-af5e-d845fa38616b => generated 19 bytes in 11 msecs (HTTP/1.1 200) 8 headers in 295 bytes (1 switches on core 0)
2026-02-26 23:10:02.883 8 INFO placement.requestlog [req-5493a10c-4cc8-4159-b0c6-722d4d834cd4 req-992fe35c-60b2-42f0-9288-4dd75829336b 97e7217316ca47bdbb115c93a4896020 9683eae80bf249549f1e72636f6e99fc - - f803ec9d7cef424b91e63dce528614ef f803ec9d7cef424b91e63dce528614ef] 10.0.0.224 "PUT /allocations/f0d20a61-e0a3-46be-af5e-d845fa38616b" status: 204 len: 0 microversion: 1.36 [pid: 8|app: 0|req: 340/680] 10.0.0.224 () {38 vars in 913 bytes} [Thu Feb 26 23:10:02 2026] PUT /allocations/f0d20a61-e0a3-46be-af5e-d845fa38616b => generated 0 bytes in 89 msecs (HTTP/1.1 204) 5 headers in 199 bytes (1 switches on core 0)
2026-02-26 23:10:03.986 7 INFO placement.requestlog [req-ca098211-6684-4b2f-82ab-10164e7220df req-6e8dfb61-da49-41ea-bf40-023534170c56 97e7217316ca47bdbb115c93a4896020 9683eae80bf249549f1e72636f6e99fc - - f803ec9d7cef424b91e63dce528614ef f803ec9d7cef424b91e63dce528614ef] 199.204.45.41 "GET /allocations/30d392c6-e060-441f-a8c8-e2fcba337821" status: 200 len: 257 microversion: 1.28 [pid: 7|app: 0|req: 341/681] 199.204.45.41 () {34 vars in 861 bytes} [Thu Feb 26 23:10:03 2026] GET /allocations/30d392c6-e060-441f-a8c8-e2fcba337821 => generated 257 bytes in 18 msecs (HTTP/1.1 200) 8 headers in 296 bytes (1 switches on core 0)
2026-02-26 23:10:04.378 8 INFO placement.requestlog [req-5493a10c-4cc8-4159-b0c6-722d4d834cd4 req-332dee1b-9c5f-498a-b3d3-69fbb0a05d7c 97e7217316ca47bdbb115c93a4896020 9683eae80bf249549f1e72636f6e99fc - - f803ec9d7cef424b91e63dce528614ef f803ec9d7cef424b91e63dce528614ef] 199.204.45.41 "GET /allocations/f0d20a61-e0a3-46be-af5e-d845fa38616b" status: 200 len: 257 microversion: 1.28 [pid: 8|app: 0|req: 341/682] 199.204.45.41 () {34 vars in 861 bytes} [Thu Feb 26 23:10:04 2026] GET /allocations/f0d20a61-e0a3-46be-af5e-d845fa38616b => generated 257 bytes in 16 msecs (HTTP/1.1 200) 8 headers in 296 bytes (1 switches on core 0)
2026-02-26 23:10:05.038 7 INFO placement.requestlog [req-ca098211-6684-4b2f-82ab-10164e7220df req-5bb94255-3f7e-4e91-b0f0-71ff86cb050f 97e7217316ca47bdbb115c93a4896020 9683eae80bf249549f1e72636f6e99fc - - f803ec9d7cef424b91e63dce528614ef f803ec9d7cef424b91e63dce528614ef] 199.204.45.41 "GET /resource_providers/391d304d-7ca2-4d05-b118-7623958e187c/allocations" status: 200 len: 252 microversion: 1.0 [pid: 7|app: 0|req: 342/683] 199.204.45.41 () {32 vars in 855 bytes} [Thu Feb 26 23:10:05 2026] GET /resource_providers/391d304d-7ca2-4d05-b118-7623958e187c/allocations => generated 252 bytes in 23 msecs (HTTP/1.1 200) 6 headers in 224 bytes (1 switches on core 0)
2026-02-26 23:10:05.071 8 INFO placement.requestlog [req-ca098211-6684-4b2f-82ab-10164e7220df req-2bfc9c0c-d9b6-4e4c-9c12-3edf1fecfe1b 97e7217316ca47bdbb115c93a4896020 9683eae80bf249549f1e72636f6e99fc - - f803ec9d7cef424b91e63dce528614ef f803ec9d7cef424b91e63dce528614ef] 199.204.45.41 "GET /allocations/30d392c6-e060-441f-a8c8-e2fcba337821" status: 200 len: 257 microversion: 1.28 [pid: 8|app: 0|req: 342/684] 199.204.45.41 () {34 vars in 861 bytes} [Thu Feb 26 23:10:05 2026] GET /allocations/30d392c6-e060-441f-a8c8-e2fcba337821 => generated 257 bytes in 29 msecs (HTTP/1.1 200) 8 headers in 296 bytes (1 switches on core 0)
2026-02-26 23:10:05.083 8 INFO placement.requestlog [None req-dbffcdd0-16de-4bbd-be09-ed3a13735695 - - - - - -] 10.0.0.10 "GET /" status: 200 len: 136 microversion: 1.0
2026-02-26 23:10:05.084 8 INFO placement.requestlog [None req-9e6a752b-0d33-4362-a1e8-b4121b2a1544 - - - - - -] 10.0.0.10 "GET /" status: 200 len: 136 microversion: 1.0
2026-02-26 23:10:05.095 7 INFO placement.requestlog [req-ca098211-6684-4b2f-82ab-10164e7220df req-b504641d-9936-4100-b867-0e1d9c894e09 97e7217316ca47bdbb115c93a4896020 9683eae80bf249549f1e72636f6e99fc - - f803ec9d7cef424b91e63dce528614ef f803ec9d7cef424b91e63dce528614ef] 199.204.45.41 "GET /allocations/f0d20a61-e0a3-46be-af5e-d845fa38616b" status: 200 len: 257 microversion: 1.28 [pid: 7|app: 0|req: 343/687] 199.204.45.41 () {34 vars in 861 bytes} [Thu Feb 26 23:10:05 2026] GET /allocations/f0d20a61-e0a3-46be-af5e-d845fa38616b => generated 257 bytes in 20 msecs (HTTP/1.1 200) 8 headers in 296 bytes (1 switches on core 0)
2026-02-26 23:10:07.196 8 INFO placement.requestlog [req-5493a10c-4cc8-4159-b0c6-722d4d834cd4 req-109c5844-b0c8-4c9e-90be-4a392618206e 97e7217316ca47bdbb115c93a4896020 9683eae80bf249549f1e72636f6e99fc - - f803ec9d7cef424b91e63dce528614ef f803ec9d7cef424b91e63dce528614ef] 199.204.45.41 "GET /resource_providers/391d304d-7ca2-4d05-b118-7623958e187c/allocations" status: 200 len: 252 microversion: 1.0 [pid: 8|app: 0|req: 345/688] 199.204.45.41 () {32 vars in 855 bytes} [Thu Feb 26 23:10:07 2026] GET /resource_providers/391d304d-7ca2-4d05-b118-7623958e187c/allocations => generated 252 bytes in 49 msecs (HTTP/1.1 200) 6 headers in 224 bytes (1 switches on core 0)
2026-02-26 23:10:07.216 7 INFO placement.requestlog [req-5493a10c-4cc8-4159-b0c6-722d4d834cd4 req-5751e8b2-fff7-4469-8138-9f13ea4e01e1 97e7217316ca47bdbb115c93a4896020 9683eae80bf249549f1e72636f6e99fc - - f803ec9d7cef424b91e63dce528614ef f803ec9d7cef424b91e63dce528614ef] 199.204.45.41 "GET /allocations/30d392c6-e060-441f-a8c8-e2fcba337821" status: 200 len: 257 microversion: 1.28 [pid: 7|app: 0|req: 344/689] 199.204.45.41 () {34 vars in 861 bytes} [Thu Feb 26 23:10:07 2026] GET /allocations/30d392c6-e060-441f-a8c8-e2fcba337821 => generated 257 bytes in 14 msecs (HTTP/1.1 200) 8 headers in 296 bytes (1 switches on core 0)
2026-02-26 23:10:07.239 8 INFO placement.requestlog [req-5493a10c-4cc8-4159-b0c6-722d4d834cd4 req-633838ce-87c9-424f-815f-ee5d930ad107 97e7217316ca47bdbb115c93a4896020 9683eae80bf249549f1e72636f6e99fc - - f803ec9d7cef424b91e63dce528614ef f803ec9d7cef424b91e63dce528614ef] 199.204.45.41 "GET /allocations/f0d20a61-e0a3-46be-af5e-d845fa38616b" status: 200 len: 257 microversion: 1.28 [pid: 8|app: 0|req: 346/690] 199.204.45.41 () {34 vars in 861 bytes} [Thu Feb 26 23:10:07 2026] GET /allocations/f0d20a61-e0a3-46be-af5e-d845fa38616b => generated 257 bytes in 17 msecs (HTTP/1.1 200) 8 headers in 296 bytes (1 switches on core 0)
2026-02-26 23:10:07.734 7 INFO placement.requestlog [None req-46774ff3-1927-44ac-855f-d2a7510a6f15 5bc240d724414b10ad1d47e09648d51c 9683eae80bf249549f1e72636f6e99fc - - f803ec9d7cef424b91e63dce528614ef f803ec9d7cef424b91e63dce528614ef] 10.0.0.121 "GET /resource_providers/09159695-352e-406a-bdc2-71d8d879a32a/aggregates" status: 404 len: 235 microversion: 1.1 [pid: 7|app: 0|req: 345/691] 10.0.0.121 () {32 vars in 815 bytes} [Thu Feb 26 23:10:07 2026] GET /resource_providers/09159695-352e-406a-bdc2-71d8d879a32a/aggregates => generated 235 bytes in 110 msecs (HTTP/1.1 404) 5 headers in 202 bytes (1 switches on core 0)
2026-02-26 23:10:07.751 7 INFO placement.requestlog [None req-95ac6493-64b7-4512-95eb-180312200641 5bc240d724414b10ad1d47e09648d51c 9683eae80bf249549f1e72636f6e99fc - - f803ec9d7cef424b91e63dce528614ef f803ec9d7cef424b91e63dce528614ef] 10.0.0.121 "DELETE /resource_providers/09159695-352e-406a-bdc2-71d8d879a32a" status: 404 len: 246 microversion: 1.1 [pid: 7|app: 0|req: 346/692] 10.0.0.121 () {34 vars in 815 bytes} [Thu Feb 26 23:10:07 2026] DELETE /resource_providers/09159695-352e-406a-bdc2-71d8d879a32a => generated 246 bytes in 7 msecs (HTTP/1.1 404) 6 headers in 231 bytes (1 switches on core 0)
2026-02-26 23:10:07.783 8 INFO placement.requestlog [None req-3d1d2a17-03b8-4786-bb04-040f04dddda9 5bc240d724414b10ad1d47e09648d51c 9683eae80bf249549f1e72636f6e99fc - - f803ec9d7cef424b91e63dce528614ef f803ec9d7cef424b91e63dce528614ef] 10.0.0.121 "GET /resource_providers/09159695-352e-406a-bdc2-71d8d879a32a/aggregates" status: 404 len: 235 microversion: 1.1 [pid: 8|app: 0|req: 347/693] 10.0.0.121 () {32 vars in 815 bytes} [Thu Feb 26 23:10:07 2026] GET /resource_providers/09159695-352e-406a-bdc2-71d8d879a32a/aggregates => generated 235 bytes in 134 msecs (HTTP/1.1 404) 5 headers in 202 bytes (1 switches on core 0)
2026-02-26 23:10:07.804 7 INFO placement.requestlog [None req-dd7040d8-cd3f-4b66-a95e-e620e1125737 5bc240d724414b10ad1d47e09648d51c 9683eae80bf249549f1e72636f6e99fc - - f803ec9d7cef424b91e63dce528614ef f803ec9d7cef424b91e63dce528614ef] 10.0.0.121 "DELETE /resource_providers/09159695-352e-406a-bdc2-71d8d879a32a" status: 404 len: 246 microversion: 1.1 [pid: 7|app: 0|req: 347/694] 10.0.0.121 () {34 vars in 815 bytes} [Thu Feb 26 23:10:07 2026] DELETE /resource_providers/09159695-352e-406a-bdc2-71d8d879a32a => generated 246 bytes in 12 msecs (HTTP/1.1 404) 6 headers in 231 bytes (1 switches on core 0)
2026-02-26 23:10:09.773 8 INFO placement.requestlog [None req-f3f1d89d-ce51-4f55-8908-e2ee0c8b4b9d 5bc240d724414b10ad1d47e09648d51c 9683eae80bf249549f1e72636f6e99fc - - f803ec9d7cef424b91e63dce528614ef f803ec9d7cef424b91e63dce528614ef] 10.0.0.121 "GET /resource_providers/5c4d3e72-788f-45ca-b8a6-30928bcb3866/aggregates" status: 404 len: 235 microversion: 1.1 [pid: 8|app: 0|req: 348/695] 10.0.0.121 () {32 vars in 815 bytes} [Thu Feb 26 23:10:09 2026] GET /resource_providers/5c4d3e72-788f-45ca-b8a6-30928bcb3866/aggregates => generated 235 bytes in 9 msecs (HTTP/1.1 404) 5 headers in 202 bytes (1 switches on core 0)
2026-02-26 23:10:09.806 7 INFO placement.requestlog [None req-29848088-a0c6-4b81-82a9-c2c859e83b35 5bc240d724414b10ad1d47e09648d51c 9683eae80bf249549f1e72636f6e99fc - - f803ec9d7cef424b91e63dce528614ef f803ec9d7cef424b91e63dce528614ef] 10.0.0.121 "DELETE /resource_providers/5c4d3e72-788f-45ca-b8a6-30928bcb3866" status: 404 len: 246 microversion: 1.1 [pid: 7|app: 0|req: 348/696] 10.0.0.121 () {34 vars in 815 bytes} [Thu Feb 26 23:10:09 2026] DELETE /resource_providers/5c4d3e72-788f-45ca-b8a6-30928bcb3866 => generated 246 bytes in 10 msecs (HTTP/1.1 404) 6 headers in 231 bytes (1 switches on core 0)
