2026-02-26 23:09:57.285 8 INFO cinder.api.openstack.wsgi [None req-65ab3987-bcd7-4d95-8d62-9f3b3ff42c09 ac2a9d92557a4ddda1e2844ef2607344 33b76ab5aeda4647b71cf069be091354 - - default default] http://cinder-api.openstack.svc.cluster.local:8776/v3/33b76ab5aeda4647b71cf069be091354/os-quota-sets/a335fa253fa543418f5e17c8a7b1afb1?usage=true returned with HTTP 200 [pid: 8|app: 0|req: 350/698] 10.0.0.14 () {28 vars in 734 bytes} [Thu Feb 26 23:09:57 2026] GET /v3/33b76ab5aeda4647b71cf069be091354/os-quota-sets/a335fa253fa543418f5e17c8a7b1afb1?usage=true => generated 847 bytes in 28 msecs (HTTP/1.1 200) 7 headers in 285 bytes (1 switches on core 0)
2026-02-26 23:09:57.297 7 INFO cinder.api.openstack.wsgi [None req-fb91768d-308c-4966-9fba-2ed2fdfcf885 ac2a9d92557a4ddda1e2844ef2607344 33b76ab5aeda4647b71cf069be091354 - - default default] GET http://cinder-api.openstack.svc.cluster.local:8776/v3/33b76ab5aeda4647b71cf069be091354/os-quota-sets/f56d8b057d8649ffbf640f699ec7c442?usage=true
2026-02-26 23:09:57.320 7 INFO cinder.api.openstack.wsgi [None req-fb91768d-308c-4966-9fba-2ed2fdfcf885 ac2a9d92557a4ddda1e2844ef2607344 33b76ab5aeda4647b71cf069be091354 - - default default] http://cinder-api.openstack.svc.cluster.local:8776/v3/33b76ab5aeda4647b71cf069be091354/os-quota-sets/f56d8b057d8649ffbf640f699ec7c442?usage=true returned with HTTP 200 [pid: 7|app: 0|req: 349/699] 10.0.0.14 () {28 vars in 734 bytes} [Thu Feb 26 23:09:57 2026] GET /v3/33b76ab5aeda4647b71cf069be091354/os-quota-sets/f56d8b057d8649ffbf640f699ec7c442?usage=true => generated 847 bytes in 30 msecs (HTTP/1.1 200) 7 headers in 285 bytes (1 switches on core 0)
2026-02-26 23:10:05.958 8 INFO cinder.api.openstack.wsgi [None req-65ab3987-bcd7-4d95-8d62-9f3b3ff42c09 ac2a9d92557a4ddda1e2844ef2607344 33b76ab5aeda4647b71cf069be091354 - - default default] GET http://10.0.0.254:8776/
2026-02-26 23:10:05.959 7 INFO cinder.api.openstack.wsgi [None req-fb91768d-308c-4966-9fba-2ed2fdfcf885 ac2a9d92557a4ddda1e2844ef2607344 33b76ab5aeda4647b71cf069be091354 - - default default] GET http://10.0.0.254:8776/
2026-02-26 23:10:05.960 7 INFO cinder.api.openstack.wsgi [None req-fb91768d-308c-4966-9fba-2ed2fdfcf885 ac2a9d92557a4ddda1e2844ef2607344 33b76ab5aeda4647b71cf069be091354 - - default default] http://10.0.0.254:8776/ returned with HTTP 300
2026-02-26 23:10:05.960 8 INFO cinder.api.openstack.wsgi [None req-65ab3987-bcd7-4d95-8d62-9f3b3ff42c09 ac2a9d92557a4ddda1e2844ef2607344 33b76ab5aeda4647b71cf069be091354 - - default default] http://10.0.0.254:8776/ returned with HTTP 300
2026-02-26 23:10:15.958 8 INFO cinder.api.openstack.wsgi [None req-65ab3987-bcd7-4d95-8d62-9f3b3ff42c09 ac2a9d92557a4ddda1e2844ef2607344 33b76ab5aeda4647b71cf069be091354 - - default default] GET http://10.0.0.254:8776/
2026-02-26 23:10:15.959 8 INFO cinder.api.openstack.wsgi [None req-65ab3987-bcd7-4d95-8d62-9f3b3ff42c09 ac2a9d92557a4ddda1e2844ef2607344 33b76ab5aeda4647b71cf069be091354 - - default default] http://10.0.0.254:8776/ returned with HTTP 300
2026-02-26 23:10:15.960 7 INFO cinder.api.openstack.wsgi [None req-fb91768d-308c-4966-9fba-2ed2fdfcf885 ac2a9d92557a4ddda1e2844ef2607344 33b76ab5aeda4647b71cf069be091354 - - default default] GET http://10.0.0.254:8776/
2026-02-26 23:10:15.961 7 INFO cinder.api.openstack.wsgi [None req-fb91768d-308c-4966-9fba-2ed2fdfcf885 ac2a9d92557a4ddda1e2844ef2607344 33b76ab5aeda4647b71cf069be091354 - - default default] http://10.0.0.254:8776/ returned with HTTP 300
2026-02-26 23:10:25.958 8 INFO cinder.api.openstack.wsgi [None req-65ab3987-bcd7-4d95-8d62-9f3b3ff42c09 ac2a9d92557a4ddda1e2844ef2607344 33b76ab5aeda4647b71cf069be091354 - - default default] GET http://10.0.0.254:8776/
2026-02-26 23:10:25.958 8 INFO cinder.api.openstack.wsgi [None req-65ab3987-bcd7-4d95-8d62-9f3b3ff42c09 ac2a9d92557a4ddda1e2844ef2607344 33b76ab5aeda4647b71cf069be091354 - - default default] http://10.0.0.254:8776/ returned with HTTP 300
2026-02-26 23:10:25.960 7 INFO cinder.api.openstack.wsgi [None req-fb91768d-308c-4966-9fba-2ed2fdfcf885 ac2a9d92557a4ddda1e2844ef2607344 33b76ab5aeda4647b71cf069be091354 - - default default] GET http://10.0.0.254:8776/
2026-02-26 23:10:25.961 7 INFO cinder.api.openstack.wsgi [None req-fb91768d-308c-4966-9fba-2ed2fdfcf885 ac2a9d92557a4ddda1e2844ef2607344 33b76ab5aeda4647b71cf069be091354 - - default default] http://10.0.0.254:8776/ returned with HTTP 300
2026-02-26 23:10:35.958 8 INFO cinder.api.openstack.wsgi [None req-65ab3987-bcd7-4d95-8d62-9f3b3ff42c09 ac2a9d92557a4ddda1e2844ef2607344 33b76ab5aeda4647b71cf069be091354 - - default default] GET http://10.0.0.254:8776/
2026-02-26 23:10:35.960 8 INFO cinder.api.openstack.wsgi [None req-65ab3987-bcd7-4d95-8d62-9f3b3ff42c09 ac2a9d92557a4ddda1e2844ef2607344 33b76ab5aeda4647b71cf069be091354 - - default default] http://10.0.0.254:8776/ returned with HTTP 300
2026-02-26 23:10:35.962 7 INFO cinder.api.openstack.wsgi [None req-fb91768d-308c-4966-9fba-2ed2fdfcf885 ac2a9d92557a4ddda1e2844ef2607344 33b76ab5aeda4647b71cf069be091354 - - default default] GET http://10.0.0.254:8776/
2026-02-26 23:10:35.963 7 INFO cinder.api.openstack.wsgi [None req-fb91768d-308c-4966-9fba-2ed2fdfcf885 ac2a9d92557a4ddda1e2844ef2607344 33b76ab5aeda4647b71cf069be091354 - - default default] http://10.0.0.254:8776/ returned with HTTP 300
2026-02-26 23:10:45.958 7 INFO cinder.api.openstack.wsgi [None req-fb91768d-308c-4966-9fba-2ed2fdfcf885 ac2a9d92557a4ddda1e2844ef2607344 33b76ab5aeda4647b71cf069be091354 - - default default] GET http://10.0.0.254:8776/
2026-02-26 23:10:45.958 8 INFO cinder.api.openstack.wsgi [None req-65ab3987-bcd7-4d95-8d62-9f3b3ff42c09 ac2a9d92557a4ddda1e2844ef2607344 33b76ab5aeda4647b71cf069be091354 - - default default] GET http://10.0.0.254:8776/
2026-02-26 23:10:45.959 7 INFO cinder.api.openstack.wsgi [None req-fb91768d-308c-4966-9fba-2ed2fdfcf885 ac2a9d92557a4ddda1e2844ef2607344 33b76ab5aeda4647b71cf069be091354 - - default default] http://10.0.0.254:8776/ returned with HTTP 300
2026-02-26 23:10:45.959 8 INFO cinder.api.openstack.wsgi [None req-65ab3987-bcd7-4d95-8d62-9f3b3ff42c09 ac2a9d92557a4ddda1e2844ef2607344 33b76ab5aeda4647b71cf069be091354 - - default default] http://10.0.0.254:8776/ returned with HTTP 300
2026-02-26 23:10:55.613 7 INFO cinder.api.openstack.wsgi [req-b2d386b1-6164-453e-90dc-41eec491bd37 req-c44a594c-3ae0-4d54-bc0d-d075aacf0706 7f8b08a187bf4e7b93abaf2d8c803f88 97609d5da130427c90328edf0f8d8c0e - - default default] GET http://cinder-api.openstack.svc.cluster.local:8776/v3/97609d5da130427c90328edf0f8d8c0e/attachments?instance_id=3d8ca25a-34b9-478c-856c-abea2937dacf
2026-02-26 23:10:55.628 7 INFO cinder.api.openstack.wsgi [req-b2d386b1-6164-453e-90dc-41eec491bd37 req-c44a594c-3ae0-4d54-bc0d-d075aacf0706 7f8b08a187bf4e7b93abaf2d8c803f88 97609d5da130427c90328edf0f8d8c0e - - default default] http://cinder-api.openstack.svc.cluster.local:8776/v3/97609d5da130427c90328edf0f8d8c0e/attachments?instance_id=3d8ca25a-34b9-478c-856c-abea2937dacf returned with HTTP 200 [pid: 7|app: 0|req: 355/710] 199.204.45.41 () {36 vars in 1102 bytes} [Thu Feb 26 23:10:55 2026] GET /v3/97609d5da130427c90328edf0f8d8c0e/attachments?instance_id=3d8ca25a-34b9-478c-856c-abea2937dacf => generated 19 bytes in 24 msecs (HTTP/1.1 200) 7 headers in 285 bytes (1 switches on core 0)
2026-02-26 23:10:55.958 8 INFO cinder.api.openstack.wsgi [None req-65ab3987-bcd7-4d95-8d62-9f3b3ff42c09 ac2a9d92557a4ddda1e2844ef2607344 33b76ab5aeda4647b71cf069be091354 - - default default] GET http://10.0.0.254:8776/
2026-02-26 23:10:55.959 8 INFO cinder.api.openstack.wsgi [None req-65ab3987-bcd7-4d95-8d62-9f3b3ff42c09 ac2a9d92557a4ddda1e2844ef2607344 33b76ab5aeda4647b71cf069be091354 - - default default] http://10.0.0.254:8776/ returned with HTTP 300
2026-02-26 23:10:55.960 7 INFO cinder.api.openstack.wsgi [req-b2d386b1-6164-453e-90dc-41eec491bd37 req-c44a594c-3ae0-4d54-bc0d-d075aacf0706 7f8b08a187bf4e7b93abaf2d8c803f88 97609d5da130427c90328edf0f8d8c0e - - default default] GET http://10.0.0.254:8776/
2026-02-26 23:10:55.962 7 INFO cinder.api.openstack.wsgi [req-b2d386b1-6164-453e-90dc-41eec491bd37 req-c44a594c-3ae0-4d54-bc0d-d075aacf0706 7f8b08a187bf4e7b93abaf2d8c803f88 97609d5da130427c90328edf0f8d8c0e - - default default] http://10.0.0.254:8776/ returned with HTTP 300
2026-02-26 23:10:56.833 8 INFO cinder.api.openstack.wsgi [None req-48c4a78c-9400-4f05-aaec-39cabfa52caa ac2a9d92557a4ddda1e2844ef2607344 33b76ab5aeda4647b71cf069be091354 - - default default] GET http://cinder-api.openstack.svc.cluster.local:8776/v3/33b76ab5aeda4647b71cf069be091354/scheduler-stats/get_pools?detail=true
2026-02-26 23:10:57.336 8 INFO cinder.api.openstack.wsgi [None req-48c4a78c-9400-4f05-aaec-39cabfa52caa ac2a9d92557a4ddda1e2844ef2607344 33b76ab5aeda4647b71cf069be091354 - - default default] http://cinder-api.openstack.svc.cluster.local:8776/v3/33b76ab5aeda4647b71cf069be091354/scheduler-stats/get_pools?detail=true returned with HTTP 200 [pid: 8|app: 0|req: 357/713] 10.0.0.14 () {28 vars in 694 bytes} [Thu Feb 26 23:10:56 2026] GET /v3/33b76ab5aeda4647b71cf069be091354/scheduler-stats/get_pools?detail=true => generated 670 bytes in 811 msecs (HTTP/1.1 200) 7 headers in 285 bytes (1 switches on core 0)
2026-02-26 23:10:57.390 7 INFO cinder.api.openstack.wsgi [None req-a3c4b5dd-197f-45da-ad7c-7f6279f31347 ac2a9d92557a4ddda1e2844ef2607344 33b76ab5aeda4647b71cf069be091354 - - default default] GET http://cinder-api.openstack.svc.cluster.local:8776/v3/33b76ab5aeda4647b71cf069be091354/os-quota-sets/13d07d5e1f9d4dd8bc9e8adea04f4587?usage=true
2026-02-26 23:10:57.437 7 INFO cinder.api.openstack.wsgi [None req-a3c4b5dd-197f-45da-ad7c-7f6279f31347 ac2a9d92557a4ddda1e2844ef2607344 33b76ab5aeda4647b71cf069be091354 - - default default] http://cinder-api.openstack.svc.cluster.local:8776/v3/33b76ab5aeda4647b71cf069be091354/os-quota-sets/13d07d5e1f9d4dd8bc9e8adea04f4587?usage=true returned with HTTP 200 [pid: 7|app: 0|req: 357/714] 10.0.0.14 () {28 vars in 734 bytes} [Thu Feb 26 23:10:57 2026] GET /v3/33b76ab5aeda4647b71cf069be091354/os-quota-sets/13d07d5e1f9d4dd8bc9e8adea04f4587?usage=true => generated 847 bytes in 56 msecs (HTTP/1.1 200) 7 headers in 285 bytes (1 switches on core 0)
2026-02-26 23:10:57.453 8 INFO cinder.api.openstack.wsgi [None req-5c1b4746-c05b-4dc9-9009-b29561c5bfae ac2a9d92557a4ddda1e2844ef2607344 33b76ab5aeda4647b71cf069be091354 - - default default] GET http://cinder-api.openstack.svc.cluster.local:8776/v3/33b76ab5aeda4647b71cf069be091354/os-quota-sets/33b76ab5aeda4647b71cf069be091354?usage=true
2026-02-26 23:10:57.497 8 INFO cinder.api.openstack.wsgi [None req-5c1b4746-c05b-4dc9-9009-b29561c5bfae ac2a9d92557a4ddda1e2844ef2607344 33b76ab5aeda4647b71cf069be091354 - - default default] http://cinder-api.openstack.svc.cluster.local:8776/v3/33b76ab5aeda4647b71cf069be091354/os-quota-sets/33b76ab5aeda4647b71cf069be091354?usage=true returned with HTTP 200 [pid: 8|app: 0|req: 358/715] 10.0.0.14 () {28 vars in 734 bytes} [Thu Feb 26 23:10:57 2026] GET /v3/33b76ab5aeda4647b71cf069be091354/os-quota-sets/33b76ab5aeda4647b71cf069be091354?usage=true => generated 845 bytes in 50 msecs (HTTP/1.1 200) 7 headers in 285 bytes (1 switches on core 0)
2026-02-26 23:10:57.509 7 INFO cinder.api.openstack.wsgi [None req-de205b2b-d0ca-4cb2-8687-4b17c906a009 ac2a9d92557a4ddda1e2844ef2607344 33b76ab5aeda4647b71cf069be091354 - - default default] GET http://cinder-api.openstack.svc.cluster.local:8776/v3/33b76ab5aeda4647b71cf069be091354/os-quota-sets/4cfeb08c375a40d1915ca0c214207f32?usage=true
2026-02-26 23:10:57.547 7 INFO cinder.api.openstack.wsgi [None req-de205b2b-d0ca-4cb2-8687-4b17c906a009 ac2a9d92557a4ddda1e2844ef2607344 33b76ab5aeda4647b71cf069be091354 - - default default] http://cinder-api.openstack.svc.cluster.local:8776/v3/33b76ab5aeda4647b71cf069be091354/os-quota-sets/4cfeb08c375a40d1915ca0c214207f32?usage=true returned with HTTP 200 [pid: 7|app: 0|req: 358/716] 10.0.0.14 () {28 vars in 734 bytes} [Thu Feb 26 23:10:57 2026] GET /v3/33b76ab5aeda4647b71cf069be091354/os-quota-sets/4cfeb08c375a40d1915ca0c214207f32?usage=true => generated 847 bytes in 46 msecs (HTTP/1.1 200) 7 headers in 285 bytes (1 switches on core 0)
2026-02-26 23:10:57.561 8 INFO cinder.api.openstack.wsgi [None req-6d838a82-49f2-471c-8232-f1846985cf70 ac2a9d92557a4ddda1e2844ef2607344 33b76ab5aeda4647b71cf069be091354 - - default default] GET http://cinder-api.openstack.svc.cluster.local:8776/v3/33b76ab5aeda4647b71cf069be091354/os-quota-sets/9683eae80bf249549f1e72636f6e99fc?usage=true
2026-02-26 23:10:57.635 8 INFO cinder.api.openstack.wsgi [None req-6d838a82-49f2-471c-8232-f1846985cf70 ac2a9d92557a4ddda1e2844ef2607344 33b76ab5aeda4647b71cf069be091354 - - default default] http://cinder-api.openstack.svc.cluster.local:8776/v3/33b76ab5aeda4647b71cf069be091354/os-quota-sets/9683eae80bf249549f1e72636f6e99fc?usage=true returned with HTTP 200 [pid: 8|app: 0|req: 359/717] 10.0.0.14 () {28 vars in 734 bytes} [Thu Feb 26 23:10:57 2026] GET /v3/33b76ab5aeda4647b71cf069be091354/os-quota-sets/9683eae80bf249549f1e72636f6e99fc?usage=true => generated 845 bytes in 84 msecs (HTTP/1.1 200) 7 headers in 285 bytes (1 switches on core 0)
2026-02-26 23:10:57.648 7 INFO cinder.api.openstack.wsgi [None req-eb0f1435-d84a-4f58-b30b-e5977556dfd7 ac2a9d92557a4ddda1e2844ef2607344 33b76ab5aeda4647b71cf069be091354 - - default default] GET http://cinder-api.openstack.svc.cluster.local:8776/v3/33b76ab5aeda4647b71cf069be091354/os-quota-sets/97609d5da130427c90328edf0f8d8c0e?usage=true
2026-02-26 23:10:57.678 7 INFO cinder.api.openstack.wsgi [None req-eb0f1435-d84a-4f58-b30b-e5977556dfd7 ac2a9d92557a4ddda1e2844ef2607344 33b76ab5aeda4647b71cf069be091354 - - default default] http://cinder-api.openstack.svc.cluster.local:8776/v3/33b76ab5aeda4647b71cf069be091354/os-quota-sets/97609d5da130427c90328edf0f8d8c0e?usage=true returned with HTTP 200 [pid: 7|app: 0|req: 359/718] 10.0.0.14 () {28 vars in 734 bytes} [Thu Feb 26 23:10:57 2026] GET /v3/33b76ab5aeda4647b71cf069be091354/os-quota-sets/97609d5da130427c90328edf0f8d8c0e?usage=true => generated 847 bytes in 39 msecs (HTTP/1.1 200) 7 headers in 285 bytes (1 switches on core 0)
2026-02-26 23:10:57.697 8 INFO cinder.api.openstack.wsgi [None req-75ce9a6a-8165-4e76-bb15-64dfc94dae34 ac2a9d92557a4ddda1e2844ef2607344 33b76ab5aeda4647b71cf069be091354 - - default default] GET http://cinder-api.openstack.svc.cluster.local:8776/v3/33b76ab5aeda4647b71cf069be091354/os-quota-sets/9bd80c95fb55442280b6bfd5f8a9975d?usage=true
2026-02-26 23:10:57.727 8 INFO cinder.api.openstack.wsgi [None req-75ce9a6a-8165-4e76-bb15-64dfc94dae34 ac2a9d92557a4ddda1e2844ef2607344 33b76ab5aeda4647b71cf069be091354 - - default default] http://cinder-api.openstack.svc.cluster.local:8776/v3/33b76ab5aeda4647b71cf069be091354/os-quota-sets/9bd80c95fb55442280b6bfd5f8a9975d?usage=true returned with HTTP 200 [pid: 8|app: 0|req: 360/719] 10.0.0.14 () {28 vars in 734 bytes} [Thu Feb 26 23:10:57 2026] GET /v3/33b76ab5aeda4647b71cf069be091354/os-quota-sets/9bd80c95fb55442280b6bfd5f8a9975d?usage=true => generated 847 bytes in 41 msecs (HTTP/1.1 200) 7 headers in 285 bytes (1 switches on core 0)
2026-02-26 23:10:57.739 7 INFO cinder.api.openstack.wsgi [None req-e6119545-a0eb-4fb6-abbc-19a450538a03 ac2a9d92557a4ddda1e2844ef2607344 33b76ab5aeda4647b71cf069be091354 - - default default] GET http://cinder-api.openstack.svc.cluster.local:8776/v3/33b76ab5aeda4647b71cf069be091354/os-quota-sets/a335fa253fa543418f5e17c8a7b1afb1?usage=true
2026-02-26 23:10:57.759 7 INFO cinder.api.openstack.wsgi [None req-e6119545-a0eb-4fb6-abbc-19a450538a03 ac2a9d92557a4ddda1e2844ef2607344 33b76ab5aeda4647b71cf069be091354 - - default default] http://cinder-api.openstack.svc.cluster.local:8776/v3/33b76ab5aeda4647b71cf069be091354/os-quota-sets/a335fa253fa543418f5e17c8a7b1afb1?usage=true returned with HTTP 200 [pid: 7|app: 0|req: 360/720] 10.0.0.14 () {28 vars in 734 bytes} [Thu Feb 26 23:10:57 2026] GET /v3/33b76ab5aeda4647b71cf069be091354/os-quota-sets/a335fa253fa543418f5e17c8a7b1afb1?usage=true => generated 847 bytes in 28 msecs (HTTP/1.1 200) 7 headers in 285 bytes (1 switches on core 0)
2026-02-26 23:10:57.773 8 INFO cinder.api.openstack.wsgi [None req-c50a5f3e-a7ae-4f27-83e0-746c528fea1b ac2a9d92557a4ddda1e2844ef2607344 33b76ab5aeda4647b71cf069be091354 - - default default] GET http://cinder-api.openstack.svc.cluster.local:8776/v3/33b76ab5aeda4647b71cf069be091354/os-quota-sets/bd4f4a3f59ee410b9c6248dafeabe6e1?usage=true
2026-02-26 23:10:57.795 8 INFO cinder.api.openstack.wsgi [None req-c50a5f3e-a7ae-4f27-83e0-746c528fea1b ac2a9d92557a4ddda1e2844ef2607344 33b76ab5aeda4647b71cf069be091354 - - default default] http://cinder-api.openstack.svc.cluster.local:8776/v3/33b76ab5aeda4647b71cf069be091354/os-quota-sets/bd4f4a3f59ee410b9c6248dafeabe6e1?usage=true returned with HTTP 200 [pid: 8|app: 0|req: 361/721] 10.0.0.14 () {28 vars in 734 bytes} [Thu Feb 26 23:10:57 2026] GET /v3/33b76ab5aeda4647b71cf069be091354/os-quota-sets/bd4f4a3f59ee410b9c6248dafeabe6e1?usage=true => generated 847 bytes in 31 msecs (HTTP/1.1 200) 7 headers in 285 bytes (1 switches on core 0)
2026-02-26 23:10:57.808 7 INFO cinder.api.openstack.wsgi [None req-216887c0-2b92-438c-954a-9e6fcd261918 ac2a9d92557a4ddda1e2844ef2607344 33b76ab5aeda4647b71cf069be091354 - - default default] GET http://cinder-api.openstack.svc.cluster.local:8776/v3/33b76ab5aeda4647b71cf069be091354/os-quota-sets/faf35b7731b34a7790c1ed9c254d2f78?usage=true
2026-02-26 23:10:57.828 7 INFO cinder.api.openstack.wsgi [None req-216887c0-2b92-438c-954a-9e6fcd261918 ac2a9d92557a4ddda1e2844ef2607344 33b76ab5aeda4647b71cf069be091354 - - default default] http://cinder-api.openstack.svc.cluster.local:8776/v3/33b76ab5aeda4647b71cf069be091354/os-quota-sets/faf35b7731b34a7790c1ed9c254d2f78?usage=true returned with HTTP 200 [pid: 7|app: 0|req: 361/722] 10.0.0.14 () {28 vars in 734 bytes} [Thu Feb 26 23:10:57 2026] GET /v3/33b76ab5aeda4647b71cf069be091354/os-quota-sets/faf35b7731b34a7790c1ed9c254d2f78?usage=true => generated 847 bytes in 28 msecs (HTTP/1.1 200) 7 headers in 285 bytes (1 switches on core 0)
2026-02-26 23:10:57.838 8 INFO cinder.api.openstack.wsgi [None req-d3f8e853-83e8-4cb2-b876-da60bb94696b ac2a9d92557a4ddda1e2844ef2607344 33b76ab5aeda4647b71cf069be091354 - - default default] GET http://cinder-api.openstack.svc.cluster.local:8776/v3/33b76ab5aeda4647b71cf069be091354/volumes/detail?all_tenants=true
2026-02-26 23:10:57.847 8 INFO cinder.volume.api [None req-d3f8e853-83e8-4cb2-b876-da60bb94696b ac2a9d92557a4ddda1e2844ef2607344 33b76ab5aeda4647b71cf069be091354 - - default default] Get all volumes completed successfully.
2026-02-26 23:10:57.849 8 INFO cinder.api.openstack.wsgi [None req-d3f8e853-83e8-4cb2-b876-da60bb94696b ac2a9d92557a4ddda1e2844ef2607344 33b76ab5aeda4647b71cf069be091354 - - default default] http://cinder-api.openstack.svc.cluster.local:8776/v3/33b76ab5aeda4647b71cf069be091354/volumes/detail?all_tenants=true returned with HTTP 200 [pid: 8|app: 0|req: 362/723] 10.0.0.14 () {28 vars in 682 bytes} [Thu Feb 26 23:10:57 2026] GET /v3/33b76ab5aeda4647b71cf069be091354/volumes/detail?all_tenants=true => generated 15 bytes in 18 msecs (HTTP/1.1 200) 7 headers in 284 bytes (1 switches on core 0)
2026-02-26 23:10:57.858 7 INFO cinder.api.openstack.wsgi [None req-10a9c369-1095-466b-981f-4943b781ff29 ac2a9d92557a4ddda1e2844ef2607344 33b76ab5aeda4647b71cf069be091354 - - default default] GET http://cinder-api.openstack.svc.cluster.local:8776/v3/33b76ab5aeda4647b71cf069be091354/snapshots?all_tenants=true
2026-02-26 23:10:57.863 7 INFO cinder.volume.api [None req-10a9c369-1095-466b-981f-4943b781ff29 ac2a9d92557a4ddda1e2844ef2607344 33b76ab5aeda4647b71cf069be091354 - - default default] Get all snapshots completed successfully.
2026-02-26 23:10:57.863 7 INFO cinder.api.openstack.wsgi [None req-10a9c369-1095-466b-981f-4943b781ff29 ac2a9d92557a4ddda1e2844ef2607344 33b76ab5aeda4647b71cf069be091354 - - default default] http://cinder-api.openstack.svc.cluster.local:8776/v3/33b76ab5aeda4647b71cf069be091354/snapshots?all_tenants=true returned with HTTP 200 [pid: 7|app: 0|req: 362/724] 10.0.0.14 () {28 vars in 672 bytes} [Thu Feb 26 23:10:57 2026] GET /v3/33b76ab5aeda4647b71cf069be091354/snapshots?all_tenants=true => generated 17 bytes in 10 msecs (HTTP/1.1 200) 7 headers in 284 bytes (1 switches on core 0)
2026-02-26 23:10:57.874 8 INFO cinder.api.openstack.wsgi [None req-cdd0657a-f97d-4e27-b1a3-a2253b90a7e2 ac2a9d92557a4ddda1e2844ef2607344 33b76ab5aeda4647b71cf069be091354 - - default default] GET http://cinder-api.openstack.svc.cluster.local:8776/v3/33b76ab5aeda4647b71cf069be091354/os-services
2026-02-26 23:10:57.880 8 INFO cinder.api.openstack.wsgi [None req-cdd0657a-f97d-4e27-b1a3-a2253b90a7e2 ac2a9d92557a4ddda1e2844ef2607344 33b76ab5aeda4647b71cf069be091354 - - default default] http://cinder-api.openstack.svc.cluster.local:8776/v3/33b76ab5aeda4647b71cf069be091354/os-services returned with HTTP 200 [pid: 8|app: 0|req: 363/725] 10.0.0.14 () {28 vars in 643 bytes} [Thu Feb 26 23:10:57 2026] GET /v3/33b76ab5aeda4647b71cf069be091354/os-services => generated 646 bytes in 13 msecs (HTTP/1.1 200) 7 headers in 285 bytes (1 switches on core 0)
2026-02-26 23:10:57.888 7 INFO cinder.api.openstack.wsgi [None req-7d46964f-73f2-4a6e-96ac-d98890f8bfea ac2a9d92557a4ddda1e2844ef2607344 33b76ab5aeda4647b71cf069be091354 - - default default] GET http://cinder-api.openstack.svc.cluster.local:8776/v3/33b76ab5aeda4647b71cf069be091354/volumes/detail?all_tenants=true
2026-02-26 23:10:57.901 7 INFO cinder.volume.api [None req-7d46964f-73f2-4a6e-96ac-d98890f8bfea ac2a9d92557a4ddda1e2844ef2607344 33b76ab5aeda4647b71cf069be091354 - - default default] Get all volumes completed successfully.
2026-02-26 23:10:57.903 7 INFO cinder.api.openstack.wsgi [None req-7d46964f-73f2-4a6e-96ac-d98890f8bfea ac2a9d92557a4ddda1e2844ef2607344 33b76ab5aeda4647b71cf069be091354 - - default default] http://cinder-api.openstack.svc.cluster.local:8776/v3/33b76ab5aeda4647b71cf069be091354/volumes/detail?all_tenants=true returned with HTTP 200 [pid: 7|app: 0|req: 363/726] 10.0.0.14 () {28 vars in 682 bytes} [Thu Feb 26 23:10:57 2026] GET /v3/33b76ab5aeda4647b71cf069be091354/volumes/detail?all_tenants=true => generated 15 bytes in 19 msecs (HTTP/1.1 200) 7 headers in 284 bytes (1 switches on core 0)
2026-02-26 23:11:04.464 8 INFO cinder.api.openstack.wsgi [None req-91af43e6-620a-499b-8a79-2ec91a20e902 9bdf09708fcc4e218bd534d10cf26407 9bd80c95fb55442280b6bfd5f8a9975d - - default default] POST http://cinder-api.openstack.svc.cluster.local:8776/v3/9bd80c95fb55442280b6bfd5f8a9975d/volumes
2026-02-26 23:11:05.193 8 INFO cinder.api.v3.volumes [None req-91af43e6-620a-499b-8a79-2ec91a20e902 9bdf09708fcc4e218bd534d10cf26407 9bd80c95fb55442280b6bfd5f8a9975d - - default default] Create volume of 1 GB
2026-02-26 23:11:05.207 8 INFO cinder.volume.api [None req-91af43e6-620a-499b-8a79-2ec91a20e902 9bdf09708fcc4e218bd534d10cf26407 9bd80c95fb55442280b6bfd5f8a9975d - - default default] Availability Zones retrieved successfully.
2026-02-26 23:11:05.546 8 INFO cinder.volume.api [None req-91af43e6-620a-499b-8a79-2ec91a20e902 9bdf09708fcc4e218bd534d10cf26407 9bd80c95fb55442280b6bfd5f8a9975d - - default default] Create volume request issued successfully.
2026-02-26 23:11:05.548 8 INFO cinder.api.openstack.wsgi [None req-91af43e6-620a-499b-8a79-2ec91a20e902 9bdf09708fcc4e218bd534d10cf26407 9bd80c95fb55442280b6bfd5f8a9975d - - default default] http://cinder-api.openstack.svc.cluster.local:8776/v3/9bd80c95fb55442280b6bfd5f8a9975d/volumes returned with HTTP 202 [pid: 8|app: 0|req: 364/727] 10.0.0.124 () {34 vars in 722 bytes} [Thu Feb 26 23:11:04 2026] POST /v3/9bd80c95fb55442280b6bfd5f8a9975d/volumes => generated 865 bytes in 1091 msecs (HTTP/1.1 202) 7 headers in 291 bytes (1 switches on core 0)
2026-02-26 23:11:05.585 7 INFO cinder.api.openstack.wsgi [None req-34ea13dd-0629-4353-86f4-1af96c0b9b4b 9bdf09708fcc4e218bd534d10cf26407 9bd80c95fb55442280b6bfd5f8a9975d - - default default] GET http://cinder-api.openstack.svc.cluster.local:8776/v3/9bd80c95fb55442280b6bfd5f8a9975d/volumes/5020461b-7889-4623-a9ef-81aa9468b924 /var/lib/openstack/lib/python3.12/site-packages/oslo_context/context.py:101: DeprecationWarning: Policy enforcement is depending on the value of is_admin. This key is deprecated. Please update your policy file to use the standard policy values. warnings.warn(
2026-02-26 23:11:05.622 7 INFO cinder.volume.api [None req-34ea13dd-0629-4353-86f4-1af96c0b9b4b 9bdf09708fcc4e218bd534d10cf26407 9bd80c95fb55442280b6bfd5f8a9975d - - default default] Volume info retrieved successfully.
2026-02-26 23:11:05.632 7 INFO cinder.api.openstack.wsgi [None req-34ea13dd-0629-4353-86f4-1af96c0b9b4b 9bdf09708fcc4e218bd534d10cf26407 9bd80c95fb55442280b6bfd5f8a9975d - - default default] http://cinder-api.openstack.svc.cluster.local:8776/v3/9bd80c95fb55442280b6bfd5f8a9975d/volumes/5020461b-7889-4623-a9ef-81aa9468b924 returned with HTTP 200 [pid: 7|app: 0|req: 364/728] 10.0.0.124 () {32 vars in 774 bytes} [Thu Feb 26 23:11:05 2026] GET /v3/9bd80c95fb55442280b6bfd5f8a9975d/volumes/5020461b-7889-4623-a9ef-81aa9468b924 => generated 933 bytes in 56 msecs (HTTP/1.1 200) 7 headers in 285 bytes (1 switches on core 0)
2026-02-26 23:11:05.957 7 INFO cinder.api.openstack.wsgi [None req-34ea13dd-0629-4353-86f4-1af96c0b9b4b 9bdf09708fcc4e218bd534d10cf26407 9bd80c95fb55442280b6bfd5f8a9975d - - default default] GET http://10.0.0.254:8776/
2026-02-26 23:11:05.958 8 INFO cinder.api.openstack.wsgi [None req-91af43e6-620a-499b-8a79-2ec91a20e902 9bdf09708fcc4e218bd534d10cf26407 9bd80c95fb55442280b6bfd5f8a9975d - - default default] GET http://10.0.0.254:8776/
2026-02-26 23:11:05.959 7 INFO cinder.api.openstack.wsgi [None req-34ea13dd-0629-4353-86f4-1af96c0b9b4b 9bdf09708fcc4e218bd534d10cf26407 9bd80c95fb55442280b6bfd5f8a9975d - - default default] http://10.0.0.254:8776/ returned with HTTP 300
2026-02-26 23:11:05.959 8 INFO cinder.api.openstack.wsgi [None req-91af43e6-620a-499b-8a79-2ec91a20e902 9bdf09708fcc4e218bd534d10cf26407 9bd80c95fb55442280b6bfd5f8a9975d - - default default] http://10.0.0.254:8776/ returned with HTTP 300 /var/lib/openstack/lib/python3.12/site-packages/pycadf/identifier.py:70: UserWarning: Invalid uuid: cinderv3. To ensure interoperability, identifiers should be a valid uuid. warnings.warn(('Invalid uuid: %s. To ensure interoperability, '
2026-02-26 23:11:06.651 7 INFO cinder.api.openstack.wsgi [None req-b59b9f9a-4800-4c30-a52e-a296dde02d22 9bdf09708fcc4e218bd534d10cf26407 9bd80c95fb55442280b6bfd5f8a9975d - - default default] GET http://cinder-api.openstack.svc.cluster.local:8776/v3/9bd80c95fb55442280b6bfd5f8a9975d/volumes/5020461b-7889-4623-a9ef-81aa9468b924 /var/lib/openstack/lib/python3.12/site-packages/oslo_context/context.py:101: DeprecationWarning: Policy enforcement is depending on the value of is_admin. This key is deprecated. Please update your policy file to use the standard policy values. warnings.warn(
2026-02-26 23:11:06.674 7 INFO cinder.volume.api [None req-b59b9f9a-4800-4c30-a52e-a296dde02d22 9bdf09708fcc4e218bd534d10cf26407 9bd80c95fb55442280b6bfd5f8a9975d - - default default] Volume info retrieved successfully.
2026-02-26 23:11:06.681 7 INFO cinder.api.openstack.wsgi [None req-b59b9f9a-4800-4c30-a52e-a296dde02d22 9bdf09708fcc4e218bd534d10cf26407 9bd80c95fb55442280b6bfd5f8a9975d - - default default] http://cinder-api.openstack.svc.cluster.local:8776/v3/9bd80c95fb55442280b6bfd5f8a9975d/volumes/5020461b-7889-4623-a9ef-81aa9468b924 returned with HTTP 200 [pid: 7|app: 0|req: 366/731] 10.0.0.124 () {32 vars in 774 bytes} [Thu Feb 26 23:11:06 2026] GET /v3/9bd80c95fb55442280b6bfd5f8a9975d/volumes/5020461b-7889-4623-a9ef-81aa9468b924 => generated 957 bytes in 35 msecs (HTTP/1.1 200) 7 headers in 285 bytes (1 switches on core 0) /var/lib/openstack/lib/python3.12/site-packages/pycadf/identifier.py:70: UserWarning: Invalid uuid: cinderv3. To ensure interoperability, identifiers should be a valid uuid. warnings.warn(('Invalid uuid: %s. To ensure interoperability, '
2026-02-26 23:11:07.709 8 INFO cinder.api.openstack.wsgi [None req-72d1b36f-9c45-475d-83a8-6ec695d35358 9bdf09708fcc4e218bd534d10cf26407 9bd80c95fb55442280b6bfd5f8a9975d - - default default] GET http://cinder-api.openstack.svc.cluster.local:8776/v3/9bd80c95fb55442280b6bfd5f8a9975d/volumes/5020461b-7889-4623-a9ef-81aa9468b924 /var/lib/openstack/lib/python3.12/site-packages/oslo_context/context.py:101: DeprecationWarning: Policy enforcement is depending on the value of is_admin. This key is deprecated. Please update your policy file to use the standard policy values. warnings.warn(
2026-02-26 23:11:07.728 8 INFO cinder.volume.api [None req-72d1b36f-9c45-475d-83a8-6ec695d35358 9bdf09708fcc4e218bd534d10cf26407 9bd80c95fb55442280b6bfd5f8a9975d - - default default] Volume info retrieved successfully.
2026-02-26 23:11:07.735 8 INFO cinder.api.openstack.wsgi [None req-72d1b36f-9c45-475d-83a8-6ec695d35358 9bdf09708fcc4e218bd534d10cf26407 9bd80c95fb55442280b6bfd5f8a9975d - - default default] http://cinder-api.openstack.svc.cluster.local:8776/v3/9bd80c95fb55442280b6bfd5f8a9975d/volumes/5020461b-7889-4623-a9ef-81aa9468b924 returned with HTTP 200 [pid: 8|app: 0|req: 366/732] 10.0.0.124 () {32 vars in 774 bytes} [Thu Feb 26 23:11:07 2026] GET /v3/9bd80c95fb55442280b6bfd5f8a9975d/volumes/5020461b-7889-4623-a9ef-81aa9468b924 => generated 957 bytes in 33 msecs (HTTP/1.1 200) 7 headers in 285 bytes (1 switches on core 0) /var/lib/openstack/lib/python3.12/site-packages/pycadf/identifier.py:70: UserWarning: Invalid uuid: cinderv3. To ensure interoperability, identifiers should be a valid uuid. warnings.warn(('Invalid uuid: %s. To ensure interoperability, '
2026-02-26 23:11:08.760 7 INFO cinder.api.openstack.wsgi [None req-d73d8513-619f-4844-aeb9-bb44c0696461 9bdf09708fcc4e218bd534d10cf26407 9bd80c95fb55442280b6bfd5f8a9975d - - default default] GET http://cinder-api.openstack.svc.cluster.local:8776/v3/9bd80c95fb55442280b6bfd5f8a9975d/volumes/5020461b-7889-4623-a9ef-81aa9468b924 /var/lib/openstack/lib/python3.12/site-packages/oslo_context/context.py:101: DeprecationWarning: Policy enforcement is depending on the value of is_admin. This key is deprecated. Please update your policy file to use the standard policy values. warnings.warn(
2026-02-26 23:11:08.775 7 INFO cinder.volume.api [None req-d73d8513-619f-4844-aeb9-bb44c0696461 9bdf09708fcc4e218bd534d10cf26407 9bd80c95fb55442280b6bfd5f8a9975d - - default default] Volume info retrieved successfully.
2026-02-26 23:11:08.781 7 INFO cinder.api.openstack.wsgi [None req-d73d8513-619f-4844-aeb9-bb44c0696461 9bdf09708fcc4e218bd534d10cf26407 9bd80c95fb55442280b6bfd5f8a9975d - - default default] http://cinder-api.openstack.svc.cluster.local:8776/v3/9bd80c95fb55442280b6bfd5f8a9975d/volumes/5020461b-7889-4623-a9ef-81aa9468b924 returned with HTTP 200 [pid: 7|app: 0|req: 367/733] 10.0.0.124 () {32 vars in 774 bytes} [Thu Feb 26 23:11:08 2026] GET /v3/9bd80c95fb55442280b6bfd5f8a9975d/volumes/5020461b-7889-4623-a9ef-81aa9468b924 => generated 1342 bytes in 28 msecs (HTTP/1.1 200) 7 headers in 286 bytes (1 switches on core 0) /var/lib/openstack/lib/python3.12/site-packages/pycadf/identifier.py:70: UserWarning: Invalid uuid: cinderv3. To ensure interoperability, identifiers should be a valid uuid. warnings.warn(('Invalid uuid: %s. To ensure interoperability, '
2026-02-26 23:11:08.860 8 INFO cinder.api.openstack.wsgi [req-7d1346c3-20ab-4ff6-930b-e3ee5710e04b req-3470e6b7-97bd-4627-bdfa-96f1a73b07e2 9bdf09708fcc4e218bd534d10cf26407 9bd80c95fb55442280b6bfd5f8a9975d - - default default] GET http://cinder-api.openstack.svc.cluster.local:8776/v3/9bd80c95fb55442280b6bfd5f8a9975d/volumes/5020461b-7889-4623-a9ef-81aa9468b924 /var/lib/openstack/lib/python3.12/site-packages/oslo_context/context.py:101: DeprecationWarning: Policy enforcement is depending on the value of is_admin. This key is deprecated. Please update your policy file to use the standard policy values. warnings.warn(
2026-02-26 23:11:08.872 8 INFO cinder.volume.api [req-7d1346c3-20ab-4ff6-930b-e3ee5710e04b req-3470e6b7-97bd-4627-bdfa-96f1a73b07e2 9bdf09708fcc4e218bd534d10cf26407 9bd80c95fb55442280b6bfd5f8a9975d - - default default] Volume info retrieved successfully.
2026-02-26 23:11:08.877 8 INFO cinder.api.openstack.wsgi [req-7d1346c3-20ab-4ff6-930b-e3ee5710e04b req-3470e6b7-97bd-4627-bdfa-96f1a73b07e2 9bdf09708fcc4e218bd534d10cf26407 9bd80c95fb55442280b6bfd5f8a9975d - - default default] http://cinder-api.openstack.svc.cluster.local:8776/v3/9bd80c95fb55442280b6bfd5f8a9975d/volumes/5020461b-7889-4623-a9ef-81aa9468b924 returned with HTTP 200 [pid: 8|app: 0|req: 367/734] 10.0.0.62 () {34 vars in 1026 bytes} [Thu Feb 26 23:11:08 2026] GET /v3/9bd80c95fb55442280b6bfd5f8a9975d/volumes/5020461b-7889-4623-a9ef-81aa9468b924 => generated 1342 bytes in 24 msecs (HTTP/1.1 200) 7 headers in 286 bytes (1 switches on core 0) /var/lib/openstack/lib/python3.12/site-packages/pycadf/identifier.py:70: UserWarning: Invalid uuid: cinderv3. To ensure interoperability, identifiers should be a valid uuid. warnings.warn(('Invalid uuid: %s. To ensure interoperability, '
2026-02-26 23:11:09.456 7 INFO cinder.api.openstack.wsgi [req-7d1346c3-20ab-4ff6-930b-e3ee5710e04b req-ae280b03-c558-43e9-963d-263c53f5dd4b 9bdf09708fcc4e218bd534d10cf26407 9bd80c95fb55442280b6bfd5f8a9975d - - default default] GET http://cinder-api.openstack.svc.cluster.local:8776/v3/9bd80c95fb55442280b6bfd5f8a9975d/volumes/5020461b-7889-4623-a9ef-81aa9468b924 /var/lib/openstack/lib/python3.12/site-packages/oslo_context/context.py:101: DeprecationWarning: Policy enforcement is depending on the value of is_admin. This key is deprecated. Please update your policy file to use the standard policy values. warnings.warn(
2026-02-26 23:11:09.478 7 INFO cinder.volume.api [req-7d1346c3-20ab-4ff6-930b-e3ee5710e04b req-ae280b03-c558-43e9-963d-263c53f5dd4b 9bdf09708fcc4e218bd534d10cf26407 9bd80c95fb55442280b6bfd5f8a9975d - - default default] Volume info retrieved successfully.
2026-02-26 23:11:09.485 7 INFO cinder.api.openstack.wsgi [req-7d1346c3-20ab-4ff6-930b-e3ee5710e04b req-ae280b03-c558-43e9-963d-263c53f5dd4b 9bdf09708fcc4e218bd534d10cf26407 9bd80c95fb55442280b6bfd5f8a9975d - - default default] http://cinder-api.openstack.svc.cluster.local:8776/v3/9bd80c95fb55442280b6bfd5f8a9975d/volumes/5020461b-7889-4623-a9ef-81aa9468b924 returned with HTTP 200 [pid: 7|app: 0|req: 368/735] 10.0.0.62 () {34 vars in 1026 bytes} [Thu Feb 26 23:11:09 2026] GET /v3/9bd80c95fb55442280b6bfd5f8a9975d/volumes/5020461b-7889-4623-a9ef-81aa9468b924 => generated 1342 bytes in 36 msecs (HTTP/1.1 200) 7 headers in 286 bytes (1 switches on core 0)
2026-02-26 23:11:09.495 8 INFO cinder.api.openstack.wsgi [req-7d1346c3-20ab-4ff6-930b-e3ee5710e04b req-3470e6b7-97bd-4627-bdfa-96f1a73b07e2 9bdf09708fcc4e218bd534d10cf26407 9bd80c95fb55442280b6bfd5f8a9975d - - default default] GET http://cinder-api.openstack.svc.cluster.local:8776/
2026-02-26 23:11:09.497 8 INFO cinder.api.openstack.wsgi [req-7d1346c3-20ab-4ff6-930b-e3ee5710e04b req-3470e6b7-97bd-4627-bdfa-96f1a73b07e2 9bdf09708fcc4e218bd534d10cf26407 9bd80c95fb55442280b6bfd5f8a9975d - - default default] http://cinder-api.openstack.svc.cluster.local:8776/ returned with HTTP 300 [pid: 8|app: 0|req: 368/736] 10.0.0.62 () {32 vars in 827 bytes} [Thu Feb 26 23:11:09 2026] GET / => generated 411 bytes in 3 msecs (HTTP/1.1 300) 5 headers in 169 bytes (1 switches on core 0) /var/lib/openstack/lib/python3.12/site-packages/pycadf/identifier.py:70: UserWarning: Invalid uuid: cinderv3. To ensure interoperability, identifiers should be a valid uuid. warnings.warn(('Invalid uuid: %s. To ensure interoperability, '
2026-02-26 23:11:09.509 7 INFO cinder.api.openstack.wsgi [req-7d1346c3-20ab-4ff6-930b-e3ee5710e04b req-4af4f457-7105-44d8-9569-6b5e479c7b34 9bdf09708fcc4e218bd534d10cf26407 9bd80c95fb55442280b6bfd5f8a9975d - - default default] POST http://cinder-api.openstack.svc.cluster.local:8776/v3/9bd80c95fb55442280b6bfd5f8a9975d/attachments /var/lib/openstack/lib/python3.12/site-packages/oslo_context/context.py:101: DeprecationWarning: Policy enforcement is depending on the value of is_admin. This key is deprecated. Please update your policy file to use the standard policy values. warnings.warn(
2026-02-26 23:11:09.576 7 INFO cinder.api.openstack.wsgi [req-7d1346c3-20ab-4ff6-930b-e3ee5710e04b req-4af4f457-7105-44d8-9569-6b5e479c7b34 9bdf09708fcc4e218bd534d10cf26407 9bd80c95fb55442280b6bfd5f8a9975d - - default default] http://cinder-api.openstack.svc.cluster.local:8776/v3/9bd80c95fb55442280b6bfd5f8a9975d/attachments returned with HTTP 200 [pid: 7|app: 0|req: 369/737] 10.0.0.62 () {40 vars in 1055 bytes} [Thu Feb 26 23:11:09 2026] POST /v3/9bd80c95fb55442280b6bfd5f8a9975d/attachments => generated 273 bytes in 74 msecs (HTTP/1.1 200) 7 headers in 286 bytes (1 switches on core 0)
2026-02-26 23:11:15.472 8 INFO cinder.api.openstack.wsgi [req-7d1346c3-20ab-4ff6-930b-e3ee5710e04b req-3470e6b7-97bd-4627-bdfa-96f1a73b07e2 9bdf09708fcc4e218bd534d10cf26407 9bd80c95fb55442280b6bfd5f8a9975d - - default default] GET http://cinder-api.openstack.svc.cluster.local:8776/
2026-02-26 23:11:15.473 8 INFO cinder.api.openstack.wsgi [req-7d1346c3-20ab-4ff6-930b-e3ee5710e04b req-3470e6b7-97bd-4627-bdfa-96f1a73b07e2 9bdf09708fcc4e218bd534d10cf26407 9bd80c95fb55442280b6bfd5f8a9975d - - default default] http://cinder-api.openstack.svc.cluster.local:8776/ returned with HTTP 300 [pid: 8|app: 0|req: 369/738] 199.204.45.41 () {32 vars in 838 bytes} [Thu Feb 26 23:11:15 2026] GET / => generated 411 bytes in 2 msecs (HTTP/1.1 300) 5 headers in 169 bytes (1 switches on core 0) /var/lib/openstack/lib/python3.12/site-packages/pycadf/identifier.py:70: UserWarning: Invalid uuid: cinderv3. To ensure interoperability, identifiers should be a valid uuid. warnings.warn(('Invalid uuid: %s. To ensure interoperability, '
2026-02-26 23:11:15.485 7 INFO cinder.api.openstack.wsgi [req-7d1346c3-20ab-4ff6-930b-e3ee5710e04b req-789880f7-995e-4040-a8b8-251888ee04e1 9bdf09708fcc4e218bd534d10cf26407 9bd80c95fb55442280b6bfd5f8a9975d - - default default] GET http://cinder-api.openstack.svc.cluster.local:8776/v3/9bd80c95fb55442280b6bfd5f8a9975d/volumes/5020461b-7889-4623-a9ef-81aa9468b924 /var/lib/openstack/lib/python3.12/site-packages/oslo_context/context.py:101: DeprecationWarning: Policy enforcement is depending on the value of is_admin. This key is deprecated. Please update your policy file to use the standard policy values. warnings.warn(
2026-02-26 23:11:15.502 7 INFO cinder.volume.api [req-7d1346c3-20ab-4ff6-930b-e3ee5710e04b req-789880f7-995e-4040-a8b8-251888ee04e1 9bdf09708fcc4e218bd534d10cf26407 9bd80c95fb55442280b6bfd5f8a9975d - - default default] Volume info retrieved successfully.
2026-02-26 23:11:15.507 7 INFO cinder.api.openstack.wsgi [req-7d1346c3-20ab-4ff6-930b-e3ee5710e04b req-789880f7-995e-4040-a8b8-251888ee04e1 9bdf09708fcc4e218bd534d10cf26407 9bd80c95fb55442280b6bfd5f8a9975d - - default default] http://cinder-api.openstack.svc.cluster.local:8776/v3/9bd80c95fb55442280b6bfd5f8a9975d/volumes/5020461b-7889-4623-a9ef-81aa9468b924 returned with HTTP 200 [pid: 7|app: 0|req: 370/739] 199.204.45.41 () {36 vars in 1071 bytes} [Thu Feb 26 23:11:15 2026] GET /v3/9bd80c95fb55442280b6bfd5f8a9975d/volumes/5020461b-7889-4623-a9ef-81aa9468b924 => generated 1522 bytes in 31 msecs (HTTP/1.1 200) 7 headers in 287 bytes (1 switches on core 0)
2026-02-26 23:11:15.958 8 INFO cinder.api.openstack.wsgi [req-7d1346c3-20ab-4ff6-930b-e3ee5710e04b req-3470e6b7-97bd-4627-bdfa-96f1a73b07e2 9bdf09708fcc4e218bd534d10cf26407 9bd80c95fb55442280b6bfd5f8a9975d - - default default] GET http://10.0.0.254:8776/
2026-02-26 23:11:15.958 7 INFO cinder.api.openstack.wsgi [req-7d1346c3-20ab-4ff6-930b-e3ee5710e04b req-789880f7-995e-4040-a8b8-251888ee04e1 9bdf09708fcc4e218bd534d10cf26407 9bd80c95fb55442280b6bfd5f8a9975d - - default default] GET http://10.0.0.254:8776/
2026-02-26 23:11:15.959 8 INFO cinder.api.openstack.wsgi [req-7d1346c3-20ab-4ff6-930b-e3ee5710e04b req-3470e6b7-97bd-4627-bdfa-96f1a73b07e2 9bdf09708fcc4e218bd534d10cf26407 9bd80c95fb55442280b6bfd5f8a9975d - - default default] http://10.0.0.254:8776/ returned with HTTP 300
2026-02-26 23:11:15.959 7 INFO cinder.api.openstack.wsgi [req-7d1346c3-20ab-4ff6-930b-e3ee5710e04b req-789880f7-995e-4040-a8b8-251888ee04e1 9bdf09708fcc4e218bd534d10cf26407 9bd80c95fb55442280b6bfd5f8a9975d - - default default] http://10.0.0.254:8776/ returned with HTTP 300 /var/lib/openstack/lib/python3.12/site-packages/pycadf/identifier.py:70: UserWarning: Invalid uuid: cinderv3. To ensure interoperability, identifiers should be a valid uuid. warnings.warn(('Invalid uuid: %s. To ensure interoperability, '
2026-02-26 23:11:17.474 8 INFO cinder.api.openstack.wsgi [req-7d1346c3-20ab-4ff6-930b-e3ee5710e04b req-9d5d5ee3-9242-47d2-93f9-32c6260d606f 9bdf09708fcc4e218bd534d10cf26407 9bd80c95fb55442280b6bfd5f8a9975d - - default default] PUT http://cinder-api.openstack.svc.cluster.local:8776/v3/9bd80c95fb55442280b6bfd5f8a9975d/attachments/9b308901-a69c-445f-8e86-c1d866e1ba7b /var/lib/openstack/lib/python3.12/site-packages/oslo_context/context.py:101: DeprecationWarning: Policy enforcement is depending on the value of is_admin. This key is deprecated. Please update your policy file to use the standard policy values. warnings.warn(
2026-02-26 23:11:18.524 8 INFO cinder.api.openstack.wsgi [req-7d1346c3-20ab-4ff6-930b-e3ee5710e04b req-9d5d5ee3-9242-47d2-93f9-32c6260d606f 9bdf09708fcc4e218bd534d10cf26407 9bd80c95fb55442280b6bfd5f8a9975d - - default default] http://cinder-api.openstack.svc.cluster.local:8776/v3/9bd80c95fb55442280b6bfd5f8a9975d/attachments/9b308901-a69c-445f-8e86-c1d866e1ba7b returned with HTTP 200 [pid: 8|app: 0|req: 371/742] 199.204.45.41 () {40 vars in 1133 bytes} [Thu Feb 26 23:11:17 2026] PUT /v3/9bd80c95fb55442280b6bfd5f8a9975d/attachments/9b308901-a69c-445f-8e86-c1d866e1ba7b => generated 802 bytes in 1058 msecs (HTTP/1.1 200) 7 headers in 286 bytes (1 switches on core 0) /var/lib/openstack/lib/python3.12/site-packages/pycadf/identifier.py:70: UserWarning: Invalid uuid: cinderv3. To ensure interoperability, identifiers should be a valid uuid. warnings.warn(('Invalid uuid: %s. To ensure interoperability, '
2026-02-26 23:11:19.053 7 INFO cinder.api.openstack.wsgi [req-7d1346c3-20ab-4ff6-930b-e3ee5710e04b req-f5e1dfde-743a-4ed1-abed-56e2119cf483 9bdf09708fcc4e218bd534d10cf26407 9bd80c95fb55442280b6bfd5f8a9975d - - default default] POST http://cinder-api.openstack.svc.cluster.local:8776/v3/9bd80c95fb55442280b6bfd5f8a9975d/attachments/9b308901-a69c-445f-8e86-c1d866e1ba7b/action /var/lib/openstack/lib/python3.12/site-packages/oslo_context/context.py:101: DeprecationWarning: Policy enforcement is depending on the value of is_admin. This key is deprecated. Please update your policy file to use the standard policy values. warnings.warn(
2026-02-26 23:11:19.090 7 INFO cinder.api.openstack.wsgi [req-7d1346c3-20ab-4ff6-930b-e3ee5710e04b req-f5e1dfde-743a-4ed1-abed-56e2119cf483 9bdf09708fcc4e218bd534d10cf26407 9bd80c95fb55442280b6bfd5f8a9975d - - default default] http://cinder-api.openstack.svc.cluster.local:8776/v3/9bd80c95fb55442280b6bfd5f8a9975d/attachments/9b308901-a69c-445f-8e86-c1d866e1ba7b/action returned with HTTP 204 [pid: 7|app: 0|req: 372/743] 199.204.45.41 () {40 vars in 1146 bytes} [Thu Feb 26 23:11:19 2026] POST /v3/9bd80c95fb55442280b6bfd5f8a9975d/attachments/9b308901-a69c-445f-8e86-c1d866e1ba7b/action => generated 0 bytes in 48 msecs (HTTP/1.1 204) 7 headers in 292 bytes (1 switches on core 0)
2026-02-26 23:11:25.958 8 INFO cinder.api.openstack.wsgi [req-7d1346c3-20ab-4ff6-930b-e3ee5710e04b req-9d5d5ee3-9242-47d2-93f9-32c6260d606f 9bdf09708fcc4e218bd534d10cf26407 9bd80c95fb55442280b6bfd5f8a9975d - - default default] GET http://10.0.0.254:8776/
2026-02-26 23:11:25.958 7 INFO cinder.api.openstack.wsgi [req-7d1346c3-20ab-4ff6-930b-e3ee5710e04b req-f5e1dfde-743a-4ed1-abed-56e2119cf483 9bdf09708fcc4e218bd534d10cf26407 9bd80c95fb55442280b6bfd5f8a9975d - - default default] GET http://10.0.0.254:8776/
2026-02-26 23:11:25.959 8 INFO cinder.api.openstack.wsgi [req-7d1346c3-20ab-4ff6-930b-e3ee5710e04b req-9d5d5ee3-9242-47d2-93f9-32c6260d606f 9bdf09708fcc4e218bd534d10cf26407 9bd80c95fb55442280b6bfd5f8a9975d - - default default] http://10.0.0.254:8776/ returned with HTTP 300
2026-02-26 23:11:25.959 7 INFO cinder.api.openstack.wsgi [req-7d1346c3-20ab-4ff6-930b-e3ee5710e04b req-f5e1dfde-743a-4ed1-abed-56e2119cf483 9bdf09708fcc4e218bd534d10cf26407 9bd80c95fb55442280b6bfd5f8a9975d - - default default] http://10.0.0.254:8776/ returned with HTTP 300 /var/lib/openstack/lib/python3.12/site-packages/pycadf/identifier.py:70: UserWarning: Invalid uuid: cinderv3. To ensure interoperability, identifiers should be a valid uuid. warnings.warn(('Invalid uuid: %s. To ensure interoperability, '
2026-02-26 23:11:33.047 8 INFO cinder.api.openstack.wsgi [req-040a0df3-1004-47c7-bb17-37df94208789 req-9f7d3737-68f6-411a-912d-bfc4e21a36c4 9bdf09708fcc4e218bd534d10cf26407 9bd80c95fb55442280b6bfd5f8a9975d - - default default] DELETE http://cinder-api.openstack.svc.cluster.local:8776/v3/9bd80c95fb55442280b6bfd5f8a9975d/attachments/9b308901-a69c-445f-8e86-c1d866e1ba7b /var/lib/openstack/lib/python3.12/site-packages/oslo_context/context.py:101: DeprecationWarning: Policy enforcement is depending on the value of is_admin. This key is deprecated. Please update your policy file to use the standard policy values. warnings.warn(
2026-02-26 23:11:33.623 8 INFO cinder.api.openstack.wsgi [req-040a0df3-1004-47c7-bb17-37df94208789 req-9f7d3737-68f6-411a-912d-bfc4e21a36c4 9bdf09708fcc4e218bd534d10cf26407 9bd80c95fb55442280b6bfd5f8a9975d - - default default] http://cinder-api.openstack.svc.cluster.local:8776/v3/9bd80c95fb55442280b6bfd5f8a9975d/attachments/9b308901-a69c-445f-8e86-c1d866e1ba7b returned with HTTP 200 [pid: 8|app: 0|req: 373/746] 199.204.45.41 () {38 vars in 1101 bytes} [Thu Feb 26 23:11:33 2026] DELETE /v3/9bd80c95fb55442280b6bfd5f8a9975d/attachments/9b308901-a69c-445f-8e86-c1d866e1ba7b => generated 19 bytes in 584 msecs (HTTP/1.1 200) 7 headers in 285 bytes (1 switches on core 0) /var/lib/openstack/lib/python3.12/site-packages/pycadf/identifier.py:70: UserWarning: Invalid uuid: cinderv3. To ensure interoperability, identifiers should be a valid uuid. warnings.warn(('Invalid uuid: %s. To ensure interoperability, '
2026-02-26 23:11:33.636 7 INFO cinder.api.openstack.wsgi [req-040a0df3-1004-47c7-bb17-37df94208789 req-77d0b789-c829-4204-9872-b94602dc8c04 9bdf09708fcc4e218bd534d10cf26407 9bd80c95fb55442280b6bfd5f8a9975d - - default default] DELETE http://cinder-api.openstack.svc.cluster.local:8776/v3/9bd80c95fb55442280b6bfd5f8a9975d/volumes/5020461b-7889-4623-a9ef-81aa9468b924
2026-02-26 23:11:33.636 7 INFO cinder.api.v3.volumes [req-040a0df3-1004-47c7-bb17-37df94208789 req-77d0b789-c829-4204-9872-b94602dc8c04 9bdf09708fcc4e218bd534d10cf26407 9bd80c95fb55442280b6bfd5f8a9975d - - default default] Delete volume with id: 5020461b-7889-4623-a9ef-81aa9468b924 /var/lib/openstack/lib/python3.12/site-packages/oslo_context/context.py:101: DeprecationWarning: Policy enforcement is depending on the value of is_admin. This key is deprecated. Please update your policy file to use the standard policy values. warnings.warn(
2026-02-26 23:11:33.648 7 INFO cinder.volume.api [req-040a0df3-1004-47c7-bb17-37df94208789 req-77d0b789-c829-4204-9872-b94602dc8c04 9bdf09708fcc4e218bd534d10cf26407 9bd80c95fb55442280b6bfd5f8a9975d - - default default] Volume info retrieved successfully.
2026-02-26 23:11:33.676 7 INFO cinder.volume.api [req-040a0df3-1004-47c7-bb17-37df94208789 req-77d0b789-c829-4204-9872-b94602dc8c04 9bdf09708fcc4e218bd534d10cf26407 9bd80c95fb55442280b6bfd5f8a9975d - - default default] Delete volume request issued successfully.
2026-02-26 23:11:33.676 7 INFO cinder.api.openstack.wsgi [req-040a0df3-1004-47c7-bb17-37df94208789 req-77d0b789-c829-4204-9872-b94602dc8c04 9bdf09708fcc4e218bd534d10cf26407 9bd80c95fb55442280b6bfd5f8a9975d - - default default] http://cinder-api.openstack.svc.cluster.local:8776/v3/9bd80c95fb55442280b6bfd5f8a9975d/volumes/5020461b-7889-4623-a9ef-81aa9468b924 returned with HTTP 202 [pid: 7|app: 0|req: 374/747] 199.204.45.41 () {36 vars in 1052 bytes} [Thu Feb 26 23:11:33 2026] DELETE /v3/9bd80c95fb55442280b6bfd5f8a9975d/volumes/5020461b-7889-4623-a9ef-81aa9468b924 => generated 0 bytes in 48 msecs (HTTP/1.1 202) 6 headers in 233 bytes (1 switches on core 0)
2026-02-26 23:11:35.957 8 INFO cinder.api.openstack.wsgi [req-040a0df3-1004-47c7-bb17-37df94208789 req-9f7d3737-68f6-411a-912d-bfc4e21a36c4 9bdf09708fcc4e218bd534d10cf26407 9bd80c95fb55442280b6bfd5f8a9975d - - default default] GET http://10.0.0.254:8776/
2026-02-26 23:11:35.958 7 INFO cinder.api.openstack.wsgi [req-040a0df3-1004-47c7-bb17-37df94208789 req-77d0b789-c829-4204-9872-b94602dc8c04 9bdf09708fcc4e218bd534d10cf26407 9bd80c95fb55442280b6bfd5f8a9975d - - default default] GET http://10.0.0.254:8776/
2026-02-26 23:11:35.959 8 INFO cinder.api.openstack.wsgi [req-040a0df3-1004-47c7-bb17-37df94208789 req-9f7d3737-68f6-411a-912d-bfc4e21a36c4 9bdf09708fcc4e218bd534d10cf26407 9bd80c95fb55442280b6bfd5f8a9975d - - default default] http://10.0.0.254:8776/ returned with HTTP 300
2026-02-26 23:11:35.959 7 INFO cinder.api.openstack.wsgi [req-040a0df3-1004-47c7-bb17-37df94208789 req-77d0b789-c829-4204-9872-b94602dc8c04 9bdf09708fcc4e218bd534d10cf26407 9bd80c95fb55442280b6bfd5f8a9975d - - default default] http://10.0.0.254:8776/ returned with HTTP 300
2026-02-26 23:11:37.425 8 INFO cinder.api.openstack.wsgi [req-040a0df3-1004-47c7-bb17-37df94208789 req-9f7d3737-68f6-411a-912d-bfc4e21a36c4 9bdf09708fcc4e218bd534d10cf26407 9bd80c95fb55442280b6bfd5f8a9975d - - default default] GET http://cinder-api.openstack.svc.cluster.local:8776/
