2026-02-26 03:18:48.346 7 INFO neutron.notifiers.nova [-] Nova event matching ['req-dec7f278-786a-4bb1-b9e3-08cc0006308c'] response: {'server_uuid': '6ac5ab18-fe7a-4355-bde6-8b2904bf35da', 'name': 'network-vif-unplugged', 'status': 'completed', 'tag': 'fc86f586-1b50-40c1-b46a-4fecc7e6e605', 'code': 200}
2026-02-26 03:18:48.484 7 INFO neutron.db.ovn_revision_numbers_db [None req-061e2e55-b88d-49ef-9286-962a8326b16a - - - - - -] Successfully bumped revision number for resource fc86f586-1b50-40c1-b46a-4fecc7e6e605 (type: ports) to 6 /var/lib/openstack/lib/python3.12/site-packages/pycadf/identifier.py:70: UserWarning: Invalid uuid: neutron. To ensure interoperability, identifiers should be a valid uuid. warnings.warn(('Invalid uuid: %s. To ensure interoperability, ' [pid: 7|app: 0|req: 1718/3735] 162.253.55.200 () {34 vars in 993 bytes} [Thu Feb 26 03:18:49 2026] GET /v2.0/ports?device_id=6ac5ab18-fe7a-4355-bde6-8b2904bf35da => generated 1198 bytes in 85 msecs (HTTP/1.1 200) 4 headers in 158 bytes (1 switches on core 0)
2026-02-26 03:18:49.604 8 INFO neutron_taas.services.taas.taas_plugin [req-1548acca-9d1c-474e-8d23-8e7f54912911 req-b187f36e-2f47-4ef6-815c-ae1aa34b457e d31a0d557c2544ef86f09a6607c60e8c 10616df7ed8d4c5d9e5c0b7dd46483d5 - - default default] TaaS: Handle Delete Port: fc86f586-1b50-40c1-b46a-4fecc7e6e605
2026-02-26 03:18:49.608 8 INFO neutron_taas.services.taas.tap_mirror_plugin [req-1548acca-9d1c-474e-8d23-8e7f54912911 req-b187f36e-2f47-4ef6-815c-ae1aa34b457e d31a0d557c2544ef86f09a6607c60e8c 10616df7ed8d4c5d9e5c0b7dd46483d5 - - default default] Tap Mirror: Handle Delete Port: fc86f586-1b50-40c1-b46a-4fecc7e6e605 [pid: 8|app: 0|req: 2018/3736] 162.253.55.200 () {36 vars in 996 bytes} [Thu Feb 26 03:18:49 2026] DELETE /v2.0/ports/fc86f586-1b50-40c1-b46a-4fecc7e6e605 => generated 0 bytes in 329 msecs (HTTP/1.1 204) 3 headers in 131 bytes (1 switches on core 0)
2026-02-26 03:18:49.825 8 INFO neutron.notifiers.nova [-] Nova event matching ['req-97924612-63dd-4327-a9e8-6f56af5482dd'] response: {'server_uuid': '6ac5ab18-fe7a-4355-bde6-8b2904bf35da', 'name': 'network-vif-deleted', 'tag': 'fc86f586-1b50-40c1-b46a-4fecc7e6e605', 'status': 'completed', 'code': 200}
2026-02-26 03:18:50.379 7 INFO neutron.notifiers.nova [-] Nova event matching ['req-7d9c8c21-f519-40a9-9961-dfb43716a4bd'] response: {'server_uuid': '6ac5ab18-fe7a-4355-bde6-8b2904bf35da', 'name': 'network-vif-unplugged', 'status': 'completed', 'tag': 'fc86f586-1b50-40c1-b46a-4fecc7e6e605', 'code': 200} [pid: 7|app: 0|req: 1719/3737] 10.0.0.201 () {34 vars in 989 bytes} [Thu Feb 26 03:18:52 2026] GET /v2.0/ports?device_id=6ac5ab18-fe7a-4355-bde6-8b2904bf35da => generated 12 bytes in 22 msecs (HTTP/1.1 200) 4 headers in 156 bytes (1 switches on core 0) [pid: 8|app: 0|req: 2020/3740] 10.0.0.2 () {32 vars in 747 bytes} [Thu Feb 26 03:18:57 2026] DELETE /v2.0/security-group-rules/d0b4d0c0-b86d-4073-b5b8-4da39835bac1 => generated 0 bytes in 212 msecs (HTTP/1.1 204) 2 headers in 112 bytes (1 switches on core 0)
2026-02-26 03:18:57.639 7 INFO neutron.api.v2.resource [None req-3b32512f-a5a9-432f-ad63-df5f33b18c28 d31a0d557c2544ef86f09a6607c60e8c 10616df7ed8d4c5d9e5c0b7dd46483d5 - - default default] show failed (client error): The resource could not be found. [pid: 7|app: 0|req: 1721/3741] 10.0.0.2 () {32 vars in 744 bytes} [Thu Feb 26 03:18:57 2026] GET /v2.0/security-group-rules/d0b4d0c0-b86d-4073-b5b8-4da39835bac1 => generated 155 bytes in 14 msecs (HTTP/1.1 404) 4 headers in 164 bytes (1 switches on core 0) [pid: 8|app: 0|req: 2021/3742] 10.0.0.2 () {32 vars in 747 bytes} [Thu Feb 26 03:18:57 2026] DELETE /v2.0/security-group-rules/b35dba94-eee7-4bff-9c3a-1c41e6687f3f => generated 0 bytes in 172 msecs (HTTP/1.1 204) 2 headers in 112 bytes (1 switches on core 0)
2026-02-26 03:18:57.837 7 INFO neutron.api.v2.resource [None req-c437c42d-8d7e-4a7c-a5b3-b7ef303957ee d31a0d557c2544ef86f09a6607c60e8c 10616df7ed8d4c5d9e5c0b7dd46483d5 - - default default] show failed (client error): The resource could not be found. [pid: 7|app: 0|req: 1722/3743] 10.0.0.2 () {32 vars in 744 bytes} [Thu Feb 26 03:18:57 2026] GET /v2.0/security-group-rules/b35dba94-eee7-4bff-9c3a-1c41e6687f3f => generated 155 bytes in 16 msecs (HTTP/1.1 404) 4 headers in 164 bytes (1 switches on core 0) [pid: 8|app: 0|req: 2022/3744] 10.0.0.2 () {32 vars in 747 bytes} [Thu Feb 26 03:18:57 2026] DELETE /v2.0/security-group-rules/89293e36-6b33-40be-9a66-a0fe05a6a4cb => generated 0 bytes in 164 msecs (HTTP/1.1 204) 2 headers in 112 bytes (1 switches on core 0)
2026-02-26 03:18:58.019 7 INFO neutron.api.v2.resource [None req-8f1067cb-3f69-4b31-be23-3ba39e14439a d31a0d557c2544ef86f09a6607c60e8c 10616df7ed8d4c5d9e5c0b7dd46483d5 - - default default] show failed (client error): The resource could not be found. [pid: 7|app: 0|req: 1723/3745] 10.0.0.2 () {32 vars in 744 bytes} [Thu Feb 26 03:18:58 2026] GET /v2.0/security-group-rules/89293e36-6b33-40be-9a66-a0fe05a6a4cb => generated 155 bytes in 9 msecs (HTTP/1.1 404) 4 headers in 164 bytes (1 switches on core 0) [pid: 8|app: 0|req: 2023/3746] 10.0.0.2 () {32 vars in 747 bytes} [Thu Feb 26 03:18:58 2026] DELETE /v2.0/security-group-rules/daa745f8-7109-48d3-ae40-190f3253047f => generated 0 bytes in 152 msecs (HTTP/1.1 204) 2 headers in 112 bytes (1 switches on core 0)
2026-02-26 03:18:58.190 7 INFO neutron.api.v2.resource [None req-5a84335a-c976-4a22-a592-e821065a45a8 d31a0d557c2544ef86f09a6607c60e8c 10616df7ed8d4c5d9e5c0b7dd46483d5 - - default default] show failed (client error): The resource could not be found. [pid: 7|app: 0|req: 1724/3747] 10.0.0.2 () {32 vars in 744 bytes} [Thu Feb 26 03:18:58 2026] GET /v2.0/security-group-rules/daa745f8-7109-48d3-ae40-190f3253047f => generated 155 bytes in 10 msecs (HTTP/1.1 404) 4 headers in 164 bytes (1 switches on core 0) [pid: 8|app: 0|req: 2024/3748] 10.0.0.2 () {32 vars in 747 bytes} [Thu Feb 26 03:18:58 2026] DELETE /v2.0/security-group-rules/83ade910-6c76-40b0-815b-af6f13a4b937 => generated 0 bytes in 154 msecs (HTTP/1.1 204) 2 headers in 112 bytes (1 switches on core 0)
2026-02-26 03:18:58.365 7 INFO neutron.api.v2.resource [None req-229a58a0-7d4b-4f52-92cf-ce0084235e45 d31a0d557c2544ef86f09a6607c60e8c 10616df7ed8d4c5d9e5c0b7dd46483d5 - - default default] show failed (client error): The resource could not be found. [pid: 7|app: 0|req: 1725/3749] 10.0.0.2 () {32 vars in 744 bytes} [Thu Feb 26 03:18:58 2026] GET /v2.0/security-group-rules/83ade910-6c76-40b0-815b-af6f13a4b937 => generated 155 bytes in 14 msecs (HTTP/1.1 404) 4 headers in 164 bytes (1 switches on core 0) [pid: 8|app: 0|req: 2025/3750] 10.0.0.2 () {32 vars in 747 bytes} [Thu Feb 26 03:18:58 2026] DELETE /v2.0/security-group-rules/e37be1a7-08e5-4ef9-af36-0c5b08d66c9e => generated 0 bytes in 171 msecs (HTTP/1.1 204) 2 headers in 112 bytes (1 switches on core 0)
2026-02-26 03:18:58.555 7 INFO neutron.api.v2.resource [None req-8c2258ce-a652-4b00-8358-6624032a23ba d31a0d557c2544ef86f09a6607c60e8c 10616df7ed8d4c5d9e5c0b7dd46483d5 - - default default] show failed (client error): The resource could not be found. [pid: 7|app: 0|req: 1726/3751] 10.0.0.2 () {32 vars in 744 bytes} [Thu Feb 26 03:18:58 2026] GET /v2.0/security-group-rules/e37be1a7-08e5-4ef9-af36-0c5b08d66c9e => generated 155 bytes in 11 msecs (HTTP/1.1 404) 4 headers in 164 bytes (1 switches on core 0) [pid: 8|app: 0|req: 2026/3752] 10.0.0.2 () {32 vars in 747 bytes} [Thu Feb 26 03:18:58 2026] DELETE /v2.0/security-group-rules/00ed7f26-1773-4004-9094-88f07e56d680 => generated 0 bytes in 147 msecs (HTTP/1.1 204) 2 headers in 112 bytes (1 switches on core 0)
2026-02-26 03:18:58.723 7 INFO neutron.api.v2.resource [None req-a506ad55-57cd-4813-b031-e79dda6682ee d31a0d557c2544ef86f09a6607c60e8c 10616df7ed8d4c5d9e5c0b7dd46483d5 - - default default] show failed (client error): The resource could not be found. [pid: 7|app: 0|req: 1727/3753] 10.0.0.2 () {32 vars in 744 bytes} [Thu Feb 26 03:18:58 2026] GET /v2.0/security-group-rules/00ed7f26-1773-4004-9094-88f07e56d680 => generated 155 bytes in 12 msecs (HTTP/1.1 404) 4 headers in 164 bytes (1 switches on core 0) [pid: 8|app: 0|req: 2027/3754] 10.0.0.2 () {32 vars in 747 bytes} [Thu Feb 26 03:18:58 2026] DELETE /v2.0/security-group-rules/27754fce-ba85-4db7-b295-0a156024a638 => generated 0 bytes in 145 msecs (HTTP/1.1 204) 2 headers in 112 bytes (1 switches on core 0)
2026-02-26 03:18:58.890 7 INFO neutron.api.v2.resource [None req-dcfb5747-b87a-4db9-b23d-675fab2ce5ad d31a0d557c2544ef86f09a6607c60e8c 10616df7ed8d4c5d9e5c0b7dd46483d5 - - default default] show failed (client error): The resource could not be found. [pid: 7|app: 0|req: 1728/3755] 10.0.0.2 () {32 vars in 744 bytes} [Thu Feb 26 03:18:58 2026] GET /v2.0/security-group-rules/27754fce-ba85-4db7-b295-0a156024a638 => generated 155 bytes in 12 msecs (HTTP/1.1 404) 4 headers in 164 bytes (1 switches on core 0) [pid: 8|app: 0|req: 2028/3756] 10.0.0.2 () {32 vars in 747 bytes} [Thu Feb 26 03:18:58 2026] DELETE /v2.0/security-group-rules/d22376c4-94ba-487e-b89d-932446f0f21b => generated 0 bytes in 131 msecs (HTTP/1.1 204) 2 headers in 112 bytes (1 switches on core 0)
2026-02-26 03:18:59.042 7 INFO neutron.api.v2.resource [None req-eea2a23c-15de-40c6-848a-f75c0bb7c4eb d31a0d557c2544ef86f09a6607c60e8c 10616df7ed8d4c5d9e5c0b7dd46483d5 - - default default] show failed (client error): The resource could not be found. [pid: 7|app: 0|req: 1729/3757] 10.0.0.2 () {32 vars in 744 bytes} [Thu Feb 26 03:18:59 2026] GET /v2.0/security-group-rules/d22376c4-94ba-487e-b89d-932446f0f21b => generated 155 bytes in 11 msecs (HTTP/1.1 404) 4 headers in 164 bytes (1 switches on core 0) [pid: 8|app: 0|req: 2029/3758] 10.0.0.2 () {32 vars in 747 bytes} [Thu Feb 26 03:18:59 2026] DELETE /v2.0/security-group-rules/5430dee7-0a58-420b-824c-8a609874aa00 => generated 0 bytes in 114 msecs (HTTP/1.1 204) 2 headers in 112 bytes (1 switches on core 0)
2026-02-26 03:18:59.174 7 INFO neutron.api.v2.resource [None req-3362526f-5ac3-4de1-9503-84f667ec2023 d31a0d557c2544ef86f09a6607c60e8c 10616df7ed8d4c5d9e5c0b7dd46483d5 - - default default] show failed (client error): The resource could not be found. [pid: 7|app: 0|req: 1730/3759] 10.0.0.2 () {32 vars in 744 bytes} [Thu Feb 26 03:18:59 2026] GET /v2.0/security-group-rules/5430dee7-0a58-420b-824c-8a609874aa00 => generated 155 bytes in 11 msecs (HTTP/1.1 404) 4 headers in 164 bytes (1 switches on core 0) [pid: 8|app: 0|req: 2030/3760] 10.0.0.2 () {32 vars in 747 bytes} [Thu Feb 26 03:18:59 2026] DELETE /v2.0/security-group-rules/c8398d32-8c1e-459d-a202-cbe3850e4932 => generated 0 bytes in 113 msecs (HTTP/1.1 204) 2 headers in 112 bytes (1 switches on core 0)
2026-02-26 03:18:59.306 7 INFO neutron.api.v2.resource [None req-c895e46a-f867-485b-8f92-7fbd10d372cf d31a0d557c2544ef86f09a6607c60e8c 10616df7ed8d4c5d9e5c0b7dd46483d5 - - default default] show failed (client error): The resource could not be found. [pid: 7|app: 0|req: 1731/3761] 10.0.0.2 () {32 vars in 744 bytes} [Thu Feb 26 03:18:59 2026] GET /v2.0/security-group-rules/c8398d32-8c1e-459d-a202-cbe3850e4932 => generated 155 bytes in 11 msecs (HTTP/1.1 404) 4 headers in 164 bytes (1 switches on core 0) [pid: 8|app: 0|req: 2031/3762] 10.0.0.2 () {32 vars in 737 bytes} [Thu Feb 26 03:18:59 2026] DELETE /v2.0/security-groups/9063ab9d-c0c5-4c1d-b002-8f4587eabc73 => generated 0 bytes in 119 msecs (HTTP/1.1 204) 2 headers in 112 bytes (1 switches on core 0)
2026-02-26 03:18:59.448 7 INFO neutron.api.v2.resource [None req-c70b69fc-b780-4384-9d2b-5a3727fae62a d31a0d557c2544ef86f09a6607c60e8c 10616df7ed8d4c5d9e5c0b7dd46483d5 - - default default] show failed (client error): The resource could not be found. [pid: 7|app: 0|req: 1732/3763] 10.0.0.2 () {32 vars in 734 bytes} [Thu Feb 26 03:18:59 2026] GET /v2.0/security-groups/9063ab9d-c0c5-4c1d-b002-8f4587eabc73 => generated 146 bytes in 14 msecs (HTTP/1.1 404) 4 headers in 164 bytes (1 switches on core 0)
2026-02-26 03:18:59.769 8 INFO neutron_taas.services.taas.taas_plugin [None req-66b3c4fd-87e3-40ca-a91e-2f6edb93f98c d31a0d557c2544ef86f09a6607c60e8c 10616df7ed8d4c5d9e5c0b7dd46483d5 - - default default] TaaS: Handle Delete Port: f4d05b53-16d9-4f70-aa15-868d12aa766b
2026-02-26 03:18:59.772 8 INFO neutron_taas.services.taas.tap_mirror_plugin [None req-66b3c4fd-87e3-40ca-a91e-2f6edb93f98c d31a0d557c2544ef86f09a6607c60e8c 10616df7ed8d4c5d9e5c0b7dd46483d5 - - default default] Tap Mirror: Handle Delete Port: f4d05b53-16d9-4f70-aa15-868d12aa766b [pid: 8|app: 0|req: 2032/3764] 10.0.0.2 () {34 vars in 786 bytes} [Thu Feb 26 03:18:59 2026] PUT /v2.0/routers/68e084dc-0257-4944-be27-8330aaf03c09/remove_router_interface => generated 309 bytes in 1538 msecs (HTTP/1.1 200) 4 headers in 157 bytes (1 switches on core 0)
2026-02-26 03:19:01.181 7 INFO neutron.api.v2.resource [None req-5828f038-f908-4e53-afdf-2181d8f6126d d31a0d557c2544ef86f09a6607c60e8c 10616df7ed8d4c5d9e5c0b7dd46483d5 - - default default] remove_router_interface failed (client error): The resource could not be found. [pid: 7|app: 0|req: 1733/3765] 10.0.0.2 () {34 vars in 786 bytes} [Thu Feb 26 03:19:01 2026] PUT /v2.0/routers/68e084dc-0257-4944-be27-8330aaf03c09/remove_router_interface => generated 198 bytes in 137 msecs (HTTP/1.1 404) 4 headers in 164 bytes (1 switches on core 0) /var/lib/openstack/lib/python3.12/site-packages/pycadf/identifier.py:70: UserWarning: Invalid uuid: neutron. To ensure interoperability, identifiers should be a valid uuid. warnings.warn(('Invalid uuid: %s. To ensure interoperability, '
2026-02-26 03:19:01.493 8 INFO neutron_taas.services.taas.taas_plugin [None req-ee4a815b-4a84-4b3c-9da6-499fd46dcc30 d31a0d557c2544ef86f09a6607c60e8c 10616df7ed8d4c5d9e5c0b7dd46483d5 - - default default] TaaS: Handle Delete Port: 2f222829-ddd0-4e3d-8362-1d36d2baee2c
2026-02-26 03:19:01.497 8 INFO neutron_taas.services.taas.tap_mirror_plugin [None req-ee4a815b-4a84-4b3c-9da6-499fd46dcc30 d31a0d557c2544ef86f09a6607c60e8c 10616df7ed8d4c5d9e5c0b7dd46483d5 - - default default] Tap Mirror: Handle Delete Port: 2f222829-ddd0-4e3d-8362-1d36d2baee2c [pid: 8|app: 0|req: 2033/3766] 10.0.0.2 () {34 vars in 786 bytes} [Thu Feb 26 03:19:01 2026] PUT /v2.0/routers/68e084dc-0257-4944-be27-8330aaf03c09/remove_router_interface => generated 309 bytes in 915 msecs (HTTP/1.1 200) 4 headers in 157 bytes (1 switches on core 0)
2026-02-26 03:19:02.209 7 INFO neutron.api.v2.resource [None req-53af072e-46d2-45fd-a285-f1a549d0b6d3 d31a0d557c2544ef86f09a6607c60e8c 10616df7ed8d4c5d9e5c0b7dd46483d5 - - default default] remove_router_interface failed (client error): The resource could not be found. [pid: 7|app: 0|req: 1734/3767] 10.0.0.2 () {34 vars in 786 bytes} [Thu Feb 26 03:19:02 2026] PUT /v2.0/routers/68e084dc-0257-4944-be27-8330aaf03c09/remove_router_interface => generated 198 bytes in 102 msecs (HTTP/1.1 404) 4 headers in 164 bytes (1 switches on core 0) /var/lib/openstack/lib/python3.12/site-packages/pycadf/identifier.py:70: UserWarning: Invalid uuid: neutron. To ensure interoperability, identifiers should be a valid uuid. warnings.warn(('Invalid uuid: %s. To ensure interoperability, '
2026-02-26 03:19:02.540 8 INFO neutron_taas.services.taas.taas_plugin [None req-6dab9744-6771-4abf-abf3-8177aacc226f d31a0d557c2544ef86f09a6607c60e8c 10616df7ed8d4c5d9e5c0b7dd46483d5 - - default default] TaaS: Handle Delete Port: 894b9bac-df91-4ead-b4e7-8a8f146b5b01
2026-02-26 03:19:02.544 8 INFO neutron_taas.services.taas.tap_mirror_plugin [None req-6dab9744-6771-4abf-abf3-8177aacc226f d31a0d557c2544ef86f09a6607c60e8c 10616df7ed8d4c5d9e5c0b7dd46483d5 - - default default] Tap Mirror: Handle Delete Port: 894b9bac-df91-4ead-b4e7-8a8f146b5b01 [pid: 8|app: 0|req: 2034/3768] 10.0.0.2 () {34 vars in 786 bytes} [Thu Feb 26 03:19:02 2026] PUT /v2.0/routers/68e084dc-0257-4944-be27-8330aaf03c09/remove_router_interface => generated 309 bytes in 939 msecs (HTTP/1.1 200) 4 headers in 157 bytes (1 switches on core 0)
2026-02-26 03:19:03.270 7 INFO neutron.api.v2.resource [None req-6c4229da-e8b0-49a0-8f29-ebe398d5af7f d31a0d557c2544ef86f09a6607c60e8c 10616df7ed8d4c5d9e5c0b7dd46483d5 - - default default] remove_router_interface failed (client error): The resource could not be found. [pid: 7|app: 0|req: 1735/3769] 10.0.0.2 () {34 vars in 786 bytes} [Thu Feb 26 03:19:03 2026] PUT /v2.0/routers/68e084dc-0257-4944-be27-8330aaf03c09/remove_router_interface => generated 198 bytes in 114 msecs (HTTP/1.1 404) 4 headers in 164 bytes (1 switches on core 0) /var/lib/openstack/lib/python3.12/site-packages/pycadf/identifier.py:70: UserWarning: Invalid uuid: neutron. To ensure interoperability, identifiers should be a valid uuid. warnings.warn(('Invalid uuid: %s. To ensure interoperability, '
2026-02-26 03:19:03.649 8 INFO neutron_taas.services.taas.taas_plugin [None req-928cdcfc-e3dc-4049-b138-5f66396b3500 d31a0d557c2544ef86f09a6607c60e8c 10616df7ed8d4c5d9e5c0b7dd46483d5 - - default default] TaaS: Handle Delete Port: 004b03d7-ee4d-46e7-9280-a11b3ee26db9
2026-02-26 03:19:03.654 8 INFO neutron_taas.services.taas.tap_mirror_plugin [None req-928cdcfc-e3dc-4049-b138-5f66396b3500 d31a0d557c2544ef86f09a6607c60e8c 10616df7ed8d4c5d9e5c0b7dd46483d5 - - default default] Tap Mirror: Handle Delete Port: 004b03d7-ee4d-46e7-9280-a11b3ee26db9 [pid: 8|app: 0|req: 2035/3770] 10.0.0.2 () {32 vars in 721 bytes} [Thu Feb 26 03:19:03 2026] DELETE /v2.0/routers/68e084dc-0257-4944-be27-8330aaf03c09 => generated 0 bytes in 855 msecs (HTTP/1.1 204) 2 headers in 112 bytes (1 switches on core 0)
2026-02-26 03:19:04.158 7 INFO neutron.api.v2.resource [None req-8a8434dc-b244-418b-9773-1969df921362 d31a0d557c2544ef86f09a6607c60e8c 10616df7ed8d4c5d9e5c0b7dd46483d5 - - default default] show failed (client error): The resource could not be found. [pid: 7|app: 0|req: 1736/3771] 10.0.0.2 () {32 vars in 718 bytes} [Thu Feb 26 03:19:04 2026] GET /v2.0/routers/68e084dc-0257-4944-be27-8330aaf03c09 => generated 135 bytes in 21 msecs (HTTP/1.1 404) 4 headers in 164 bytes (1 switches on core 0) [pid: 8|app: 0|req: 2036/3772] 10.0.0.2 () {32 vars in 721 bytes} [Thu Feb 26 03:19:04 2026] DELETE /v2.0/subnets/7cc3ae41-36cb-467a-9feb-0d2789bae3de => generated 0 bytes in 169 msecs (HTTP/1.1 204) 3 headers in 131 bytes (1 switches on core 0)
2026-02-26 03:19:04.354 7 INFO neutron.pecan_wsgi.hooks.translation [None req-778edc75-79e0-4995-a544-d939a23cc73e d31a0d557c2544ef86f09a6607c60e8c 10616df7ed8d4c5d9e5c0b7dd46483d5 - - default default] GET failed (client error): The resource could not be found. [pid: 7|app: 0|req: 1737/3773] 10.0.0.2 () {32 vars in 718 bytes} [Thu Feb 26 03:19:04 2026] GET /v2.0/subnets/7cc3ae41-36cb-467a-9feb-0d2789bae3de => generated 136 bytes in 18 msecs (HTTP/1.1 404) 4 headers in 164 bytes (1 switches on core 0) [pid: 8|app: 0|req: 2037/3774] 10.0.0.2 () {32 vars in 721 bytes} [Thu Feb 26 03:19:04 2026] DELETE /v2.0/subnets/4f8c7250-e703-4fe5-87bd-1b45856c7fe1 => generated 0 bytes in 175 msecs (HTTP/1.1 204) 3 headers in 131 bytes (1 switches on core 0)
2026-02-26 03:19:04.558 7 INFO neutron.pecan_wsgi.hooks.translation [None req-207fa61c-25aa-4afe-93c9-e56df2b3d464 d31a0d557c2544ef86f09a6607c60e8c 10616df7ed8d4c5d9e5c0b7dd46483d5 - - default default] GET failed (client error): The resource could not be found. [pid: 7|app: 0|req: 1738/3775] 10.0.0.2 () {32 vars in 718 bytes} [Thu Feb 26 03:19:04 2026] GET /v2.0/subnets/4f8c7250-e703-4fe5-87bd-1b45856c7fe1 => generated 136 bytes in 17 msecs (HTTP/1.1 404) 4 headers in 164 bytes (1 switches on core 0)
2026-02-26 03:19:04.686 8 INFO neutron_taas.services.taas.taas_plugin [None req-ff6f67db-a002-4449-99b4-a0429de84f00 d31a0d557c2544ef86f09a6607c60e8c 10616df7ed8d4c5d9e5c0b7dd46483d5 - - default default] TaaS: Handle Delete Port: f7d6e4df-a365-4ced-b1b2-d5d01fb46887
2026-02-26 03:19:04.689 8 INFO neutron_taas.services.taas.tap_mirror_plugin [None req-ff6f67db-a002-4449-99b4-a0429de84f00 d31a0d557c2544ef86f09a6607c60e8c 10616df7ed8d4c5d9e5c0b7dd46483d5 - - default default] Tap Mirror: Handle Delete Port: f7d6e4df-a365-4ced-b1b2-d5d01fb46887
2026-02-26 03:19:04.895 8 INFO neutron.services.segments.plugin [-] Segment 5e3ccc69-02c6-4754-a0b9-6e99bd2e298a resource provider aggregate not found
2026-02-26 03:19:04.900 8 INFO neutron.services.segments.plugin [-] Segment 5e3ccc69-02c6-4754-a0b9-6e99bd2e298a resource provider aggregate not found
2026-02-26 03:19:04.917 8 INFO neutron.services.segments.plugin [-] Segment 5e3ccc69-02c6-4754-a0b9-6e99bd2e298a resource provider not found; error: Placement Client Error (4xx): {"errors": [{"status": 404, "title": "Not Found", "detail": "The resource could not be found.\n\n No resource provider with uuid 5e3ccc69-02c6-4754-a0b9-6e99bd2e298a found for delete ", "request_id": "req-2ad8e483-5b39-494d-9d1f-4e11928b9ccc"}]}
2026-02-26 03:19:04.919 8 INFO neutron.services.segments.plugin [-] Segment 5e3ccc69-02c6-4754-a0b9-6e99bd2e298a resource provider not found; error: Placement Client Error (4xx): {"errors": [{"status": 404, "title": "Not Found", "detail": "The resource could not be found.\n\n No resource provider with uuid 5e3ccc69-02c6-4754-a0b9-6e99bd2e298a found for delete ", "request_id": "req-b3ac3391-5c9a-4f08-9b35-a583e72eef3d"}]} [pid: 8|app: 0|req: 2038/3776] 10.0.0.2 () {32 vars in 723 bytes} [Thu Feb 26 03:19:04 2026] DELETE /v2.0/networks/79da0238-bab1-48f4-a25f-19f4104a5ec1 => generated 0 bytes in 394 msecs (HTTP/1.1 204) 3 headers in 131 bytes (1 switches on core 0)
2026-02-26 03:19:05.092 7 INFO neutron.pecan_wsgi.hooks.translation [None req-eeac68e3-e803-492f-b25a-e850e695e23a d31a0d557c2544ef86f09a6607c60e8c 10616df7ed8d4c5d9e5c0b7dd46483d5 - - default default] GET failed (client error): The resource could not be found. [pid: 7|app: 0|req: 1739/3777] 10.0.0.2 () {32 vars in 720 bytes} [Thu Feb 26 03:19:05 2026] GET /v2.0/networks/79da0238-bab1-48f4-a25f-19f4104a5ec1 => generated 138 bytes in 17 msecs (HTTP/1.1 404) 4 headers in 164 bytes (1 switches on core 0) [pid: 8|app: 0|req: 2039/3778] 10.0.0.2 () {32 vars in 721 bytes} [Thu Feb 26 03:19:05 2026] DELETE /v2.0/subnets/8096ab33-d7f3-4cbd-b36b-7850152dd29a => generated 0 bytes in 167 msecs (HTTP/1.1 204) 3 headers in 131 bytes (1 switches on core 0)
2026-02-26 03:19:05.283 7 INFO neutron.pecan_wsgi.hooks.translation [None req-4ec066b6-2c48-4a4f-93e4-f50cef010192 d31a0d557c2544ef86f09a6607c60e8c 10616df7ed8d4c5d9e5c0b7dd46483d5 - - default default] GET failed (client error): The resource could not be found. [pid: 7|app: 0|req: 1740/3779] 10.0.0.2 () {32 vars in 718 bytes} [Thu Feb 26 03:19:05 2026] GET /v2.0/subnets/8096ab33-d7f3-4cbd-b36b-7850152dd29a => generated 136 bytes in 15 msecs (HTTP/1.1 404) 4 headers in 164 bytes (1 switches on core 0) [pid: 8|app: 0|req: 2040/3780] 10.0.0.2 () {32 vars in 721 bytes} [Thu Feb 26 03:19:05 2026] DELETE /v2.0/subnets/003dcfdb-d6e7-4e74-a26e-3a07407284e4 => generated 0 bytes in 168 msecs (HTTP/1.1 204) 3 headers in 131 bytes (1 switches on core 0)
2026-02-26 03:19:05.481 7 INFO neutron.pecan_wsgi.hooks.translation [None req-4547ab57-246c-4277-b2c2-9cab0fea97a7 d31a0d557c2544ef86f09a6607c60e8c 10616df7ed8d4c5d9e5c0b7dd46483d5 - - default default] GET failed (client error): The resource could not be found. [pid: 7|app: 0|req: 1741/3781] 10.0.0.2 () {32 vars in 718 bytes} [Thu Feb 26 03:19:05 2026] GET /v2.0/subnets/003dcfdb-d6e7-4e74-a26e-3a07407284e4 => generated 136 bytes in 19 msecs (HTTP/1.1 404) 4 headers in 164 bytes (1 switches on core 0)
2026-02-26 03:19:05.591 8 INFO neutron_taas.services.taas.taas_plugin [None req-94454f29-ae75-4a1d-a3ff-4f94c45b5631 d31a0d557c2544ef86f09a6607c60e8c 10616df7ed8d4c5d9e5c0b7dd46483d5 - - default default] TaaS: Handle Delete Port: 1d32f8d7-19fb-4052-b061-dbd0140ca95a
2026-02-26 03:19:05.593 8 INFO neutron_taas.services.taas.tap_mirror_plugin [None req-94454f29-ae75-4a1d-a3ff-4f94c45b5631 d31a0d557c2544ef86f09a6607c60e8c 10616df7ed8d4c5d9e5c0b7dd46483d5 - - default default] Tap Mirror: Handle Delete Port: 1d32f8d7-19fb-4052-b061-dbd0140ca95a [pid: 8|app: 0|req: 2041/3782] 10.0.0.2 () {32 vars in 723 bytes} [Thu Feb 26 03:19:05 2026] DELETE /v2.0/networks/6a1c7bbe-8873-47b0-b6d9-964754f0b468 => generated 0 bytes in 339 msecs (HTTP/1.1 204) 3 headers in 131 bytes (1 switches on core 0)
2026-02-26 03:19:05.849 7 INFO neutron.pecan_wsgi.hooks.translation [None req-0135890b-5cc4-48b4-a1ac-85500c094fcf d31a0d557c2544ef86f09a6607c60e8c 10616df7ed8d4c5d9e5c0b7dd46483d5 - - default default] GET failed (client error): The resource could not be found. [pid: 7|app: 0|req: 1742/3783] 10.0.0.2 () {32 vars in 720 bytes} [Thu Feb 26 03:19:05 2026] GET /v2.0/networks/6a1c7bbe-8873-47b0-b6d9-964754f0b468 => generated 138 bytes in 18 msecs (HTTP/1.1 404) 4 headers in 164 bytes (1 switches on core 0) [pid: 8|app: 0|req: 2042/3784] 10.0.0.2 () {32 vars in 721 bytes} [Thu Feb 26 03:19:05 2026] DELETE /v2.0/subnets/7773689c-d56d-401c-9886-2e39ab8e0a48 => generated 0 bytes in 148 msecs (HTTP/1.1 204) 3 headers in 131 bytes (1 switches on core 0)
2026-02-26 03:19:06.019 7 INFO neutron.pecan_wsgi.hooks.translation [None req-476e1884-99d1-47ca-85de-c3eff638b5ff d31a0d557c2544ef86f09a6607c60e8c 10616df7ed8d4c5d9e5c0b7dd46483d5 - - default default] GET failed (client error): The resource could not be found. [pid: 7|app: 0|req: 1743/3785] 10.0.0.2 () {32 vars in 718 bytes} [Thu Feb 26 03:19:06 2026] GET /v2.0/subnets/7773689c-d56d-401c-9886-2e39ab8e0a48 => generated 136 bytes in 14 msecs (HTTP/1.1 404) 4 headers in 164 bytes (1 switches on core 0) [pid: 8|app: 0|req: 2043/3786] 10.0.0.2 () {32 vars in 721 bytes} [Thu Feb 26 03:19:06 2026] DELETE /v2.0/subnets/08722b7b-9fd8-4df3-b2a4-dc223bcf3b19 => generated 0 bytes in 173 msecs (HTTP/1.1 204) 3 headers in 131 bytes (1 switches on core 0)
2026-02-26 03:19:06.218 7 INFO neutron.pecan_wsgi.hooks.translation [None req-4ffa7ebb-427c-4a58-a59c-794e614414ae d31a0d557c2544ef86f09a6607c60e8c 10616df7ed8d4c5d9e5c0b7dd46483d5 - - default default] GET failed (client error): The resource could not be found. [pid: 7|app: 0|req: 1744/3787] 10.0.0.2 () {32 vars in 718 bytes} [Thu Feb 26 03:19:06 2026] GET /v2.0/subnets/08722b7b-9fd8-4df3-b2a4-dc223bcf3b19 => generated 136 bytes in 17 msecs (HTTP/1.1 404) 4 headers in 164 bytes (1 switches on core 0)
2026-02-26 03:19:06.343 8 INFO neutron_taas.services.taas.taas_plugin [None req-e74f642a-89f3-43d1-a915-cd8cae2fc1b1 d31a0d557c2544ef86f09a6607c60e8c 10616df7ed8d4c5d9e5c0b7dd46483d5 - - default default] TaaS: Handle Delete Port: 5c4fc99a-a0ef-4a61-ad75-0bcab8b567c6
2026-02-26 03:19:06.346 8 INFO neutron_taas.services.taas.tap_mirror_plugin [None req-e74f642a-89f3-43d1-a915-cd8cae2fc1b1 d31a0d557c2544ef86f09a6607c60e8c 10616df7ed8d4c5d9e5c0b7dd46483d5 - - default default] Tap Mirror: Handle Delete Port: 5c4fc99a-a0ef-4a61-ad75-0bcab8b567c6 [pid: 8|app: 0|req: 2044/3788] 10.0.0.2 () {32 vars in 723 bytes} [Thu Feb 26 03:19:06 2026] DELETE /v2.0/networks/7d874c06-e3bf-4783-b8a6-a4571afc39a6 => generated 0 bytes in 366 msecs (HTTP/1.1 204) 3 headers in 131 bytes (1 switches on core 0)
2026-02-26 03:19:06.612 7 INFO neutron.pecan_wsgi.hooks.translation [None req-a388058c-d272-4404-ac03-b84783904269 d31a0d557c2544ef86f09a6607c60e8c 10616df7ed8d4c5d9e5c0b7dd46483d5 - - default default] GET failed (client error): The resource could not be found. [pid: 7|app: 0|req: 1745/3789] 10.0.0.2 () {32 vars in 720 bytes} [Thu Feb 26 03:19:06 2026] GET /v2.0/networks/7d874c06-e3bf-4783-b8a6-a4571afc39a6 => generated 138 bytes in 19 msecs (HTTP/1.1 404) 4 headers in 164 bytes (1 switches on core 0)
2026-02-26 03:19:06.940 8 INFO neutron.services.segments.plugin [-] Segment 60ecbeb6-b3d6-4c00-951e-b87882fe9b4c resource provider aggregate not found
2026-02-26 03:19:06.944 8 INFO neutron.services.segments.plugin [-] Segment 60ecbeb6-b3d6-4c00-951e-b87882fe9b4c resource provider aggregate not found
2026-02-26 03:19:06.957 8 INFO neutron.services.segments.plugin [-] Segment 60ecbeb6-b3d6-4c00-951e-b87882fe9b4c resource provider not found; error: Placement Client Error (4xx): {"errors": [{"status": 404, "title": "Not Found", "detail": "The resource could not be found.\n\n No resource provider with uuid 60ecbeb6-b3d6-4c00-951e-b87882fe9b4c found for delete ", "request_id": "req-c6e84bdc-e0cb-4d89-9af4-dd98d244e8ef"}]}
2026-02-26 03:19:06.961 8 INFO neutron.services.segments.plugin [-] Segment 60ecbeb6-b3d6-4c00-951e-b87882fe9b4c resource provider not found; error: Placement Client Error (4xx): {"errors": [{"status": 404, "title": "Not Found", "detail": "The resource could not be found.\n\n No resource provider with uuid 60ecbeb6-b3d6-4c00-951e-b87882fe9b4c found for delete ", "request_id": "req-d06c09e7-6cb9-4742-9469-7eb6d0aa749c"}]}
2026-02-26 03:19:06.976 8 INFO neutron.services.segments.plugin [-] Segment 9b9f3c75-f786-48fa-b2dd-64e16373752d resource provider aggregate not found
2026-02-26 03:19:06.981 8 INFO neutron.services.segments.plugin [-] Segment 9b9f3c75-f786-48fa-b2dd-64e16373752d resource provider aggregate not found
2026-02-26 03:19:06.995 8 INFO neutron.services.segments.plugin [-] Segment 9b9f3c75-f786-48fa-b2dd-64e16373752d resource provider not found; error: Placement Client Error (4xx): {"errors": [{"status": 404, "title": "Not Found", "detail": "The resource could not be found.\n\n No resource provider with uuid 9b9f3c75-f786-48fa-b2dd-64e16373752d found for delete ", "request_id": "req-73ebb4c9-5a7f-4f67-aadf-431bddb3b910"}]}
2026-02-26 03:19:06.998 8 INFO neutron.services.segments.plugin [-] Segment 9b9f3c75-f786-48fa-b2dd-64e16373752d resource provider not found; error: Placement Client Error (4xx): {"errors": [{"status": 404, "title": "Not Found", "detail": "The resource could not be found.\n\n No resource provider with uuid 9b9f3c75-f786-48fa-b2dd-64e16373752d found for delete ", "request_id": "req-46b0d73b-4fd0-48d3-b659-21dd2d29fc94"}]}
2026-02-26 03:19:08.823 8 INFO neutron.db.ovn_revision_numbers_db [None req-c1657d35-e018-41fe-a51e-66d872027f2d a4ccb9755bab45d083331a758488bda9 19f8892101134a28ad3a2dde64beb118 - - default default] Successfully bumped revision number for resource 9d1bf32a-00ce-4f53-ae50-ea4f1ff64fbf (type: security_groups) to 1
2026-02-26 03:19:08.834 8 INFO neutron.db.ovn_revision_numbers_db [None req-c1657d35-e018-41fe-a51e-66d872027f2d a4ccb9755bab45d083331a758488bda9 19f8892101134a28ad3a2dde64beb118 - - default default] Successfully bumped revision number for resource 280b5c32-30bd-4bc2-bb16-775fbf0866df (type: security_group_rules) to 0
2026-02-26 03:19:08.845 8 INFO neutron.db.ovn_revision_numbers_db [None req-c1657d35-e018-41fe-a51e-66d872027f2d a4ccb9755bab45d083331a758488bda9 19f8892101134a28ad3a2dde64beb118 - - default default] Successfully bumped revision number for resource a62155ff-2cfb-47d8-a060-00952d1bda3b (type: security_group_rules) to 0
2026-02-26 03:19:08.857 8 INFO neutron.db.ovn_revision_numbers_db [None req-c1657d35-e018-41fe-a51e-66d872027f2d a4ccb9755bab45d083331a758488bda9 19f8892101134a28ad3a2dde64beb118 - - default default] Successfully bumped revision number for resource cedc929d-62cc-4e40-808f-aae5062c9bfe (type: security_group_rules) to 0
2026-02-26 03:19:08.867 8 INFO neutron.db.ovn_revision_numbers_db [None req-c1657d35-e018-41fe-a51e-66d872027f2d a4ccb9755bab45d083331a758488bda9 19f8892101134a28ad3a2dde64beb118 - - default default] Successfully bumped revision number for resource f74a0828-e1af-4536-a40b-b8e1a81247ce (type: security_group_rules) to 0 [pid: 8|app: 0|req: 2045/3792] 10.0.0.2 () {32 vars in 771 bytes} [Thu Feb 26 03:19:08 2026] GET /v2.0/security-groups?tenant_id=94c95008d411465e9f3f228dc3839fa5&name=default => generated 2929 bytes in 391 msecs (HTTP/1.1 200) 4 headers in 158 bytes (1 switches on core 0) [pid: 7|app: 0|req: 1748/3793] 10.0.0.2 () {32 vars in 737 bytes} [Thu Feb 26 03:19:08 2026] DELETE /v2.0/security-groups/9d1bf32a-00ce-4f53-ae50-ea4f1ff64fbf => generated 0 bytes in 373 msecs (HTTP/1.1 204) 2 headers in 112 bytes (1 switches on core 0)
2026-02-26 03:19:09.544 8 INFO neutron.db.ovn_revision_numbers_db [None req-3face94e-d980-41a2-bca5-81d5f0a7c7fe a4ccb9755bab45d083331a758488bda9 19f8892101134a28ad3a2dde64beb118 - - default default] Successfully bumped revision number for resource 73694ad8-3b29-45c2-bad4-89c40cf70562 (type: security_groups) to 1
2026-02-26 03:19:09.558 8 INFO neutron.db.ovn_revision_numbers_db [None req-3face94e-d980-41a2-bca5-81d5f0a7c7fe a4ccb9755bab45d083331a758488bda9 19f8892101134a28ad3a2dde64beb118 - - default default] Successfully bumped revision number for resource 00e00434-acf7-42a4-a070-aa10fa9e6abd (type: security_group_rules) to 0
2026-02-26 03:19:09.570 8 INFO neutron.db.ovn_revision_numbers_db [None req-3face94e-d980-41a2-bca5-81d5f0a7c7fe a4ccb9755bab45d083331a758488bda9 19f8892101134a28ad3a2dde64beb118 - - default default] Successfully bumped revision number for resource 5e0b891e-bef1-470a-921b-e75a20d14b1f (type: security_group_rules) to 0
2026-02-26 03:19:09.584 8 INFO neutron.db.ovn_revision_numbers_db [None req-3face94e-d980-41a2-bca5-81d5f0a7c7fe a4ccb9755bab45d083331a758488bda9 19f8892101134a28ad3a2dde64beb118 - - default default] Successfully bumped revision number for resource 62ec717b-c7d4-46d2-aed1-9200971ca735 (type: security_group_rules) to 0
2026-02-26 03:19:09.599 8 INFO neutron.db.ovn_revision_numbers_db [None req-3face94e-d980-41a2-bca5-81d5f0a7c7fe a4ccb9755bab45d083331a758488bda9 19f8892101134a28ad3a2dde64beb118 - - default default] Successfully bumped revision number for resource fd0cdaaf-5561-4b53-a21f-4f1b807400e3 (type: security_group_rules) to 0 [pid: 8|app: 0|req: 2046/3794] 10.0.0.2 () {32 vars in 771 bytes} [Thu Feb 26 03:19:09 2026] GET /v2.0/security-groups?tenant_id=c71570ad3d8a4df888f86c3125e0f5d9&name=default => generated 2929 bytes in 275 msecs (HTTP/1.1 200) 4 headers in 158 bytes (1 switches on core 0) [pid: 7|app: 0|req: 1749/3795] 10.0.0.2 () {32 vars in 737 bytes} [Thu Feb 26 03:19:09 2026] DELETE /v2.0/security-groups/73694ad8-3b29-45c2-bad4-89c40cf70562 => generated 0 bytes in 299 msecs (HTTP/1.1 204) 2 headers in 112 bytes (1 switches on core 0)
2026-02-26 03:19:10.258 8 INFO neutron.db.ovn_revision_numbers_db [None req-c2afbca7-653c-4836-8928-924c15ae672a a4ccb9755bab45d083331a758488bda9 19f8892101134a28ad3a2dde64beb118 - - default default] Successfully bumped revision number for resource e2f8c99f-c9ff-4f8f-a1e2-6c3ea4b01c45 (type: security_groups) to 1
2026-02-26 03:19:10.271 8 INFO neutron.db.ovn_revision_numbers_db [None req-c2afbca7-653c-4836-8928-924c15ae672a a4ccb9755bab45d083331a758488bda9 19f8892101134a28ad3a2dde64beb118 - - default default] Successfully bumped revision number for resource 182b553a-2d2c-42c2-ad63-584c702b1975 (type: security_group_rules) to 0
2026-02-26 03:19:10.284 8 INFO neutron.db.ovn_revision_numbers_db [None req-c2afbca7-653c-4836-8928-924c15ae672a a4ccb9755bab45d083331a758488bda9 19f8892101134a28ad3a2dde64beb118 - - default default] Successfully bumped revision number for resource 3b4844aa-6315-4c09-b450-7d8550c3d455 (type: security_group_rules) to 0
2026-02-26 03:19:10.306 8 INFO neutron.db.ovn_revision_numbers_db [None req-c2afbca7-653c-4836-8928-924c15ae672a a4ccb9755bab45d083331a758488bda9 19f8892101134a28ad3a2dde64beb118 - - default default] Successfully bumped revision number for resource 49a569e6-a4ca-4c21-baaa-39df187d8212 (type: security_group_rules) to 0
2026-02-26 03:19:10.323 8 INFO neutron.db.ovn_revision_numbers_db [None req-c2afbca7-653c-4836-8928-924c15ae672a a4ccb9755bab45d083331a758488bda9 19f8892101134a28ad3a2dde64beb118 - - default default] Successfully bumped revision number for resource d9edc993-9914-4aee-9992-f53f33589e1c (type: security_group_rules) to 0 [pid: 8|app: 0|req: 2047/3796] 10.0.0.2 () {32 vars in 771 bytes} [Thu Feb 26 03:19:10 2026] GET /v2.0/security-groups?tenant_id=e9c234ac5d974fbcafdc468e323cbe94&name=default => generated 2929 bytes in 277 msecs (HTTP/1.1 200) 4 headers in 158 bytes (1 switches on core 0) [pid: 7|app: 0|req: 1750/3797] 10.0.0.2 () {32 vars in 737 bytes} [Thu Feb 26 03:19:10 2026] DELETE /v2.0/security-groups/e2f8c99f-c9ff-4f8f-a1e2-6c3ea4b01c45 => generated 0 bytes in 313 msecs (HTTP/1.1 204) 2 headers in 112 bytes (1 switches on core 0)
2026-02-26 03:19:10.973 8 INFO neutron.db.ovn_revision_numbers_db [None req-3a733bdc-c3a4-476c-9b24-3949e0fcbc60 a4ccb9755bab45d083331a758488bda9 19f8892101134a28ad3a2dde64beb118 - - default default] Successfully bumped revision number for resource 2dfb945a-abae-4727-a1fc-90a9213ad9e7 (type: security_groups) to 1
2026-02-26 03:19:10.985 8 INFO neutron.db.ovn_revision_numbers_db [None req-3a733bdc-c3a4-476c-9b24-3949e0fcbc60 a4ccb9755bab45d083331a758488bda9 19f8892101134a28ad3a2dde64beb118 - - default default] Successfully bumped revision number for resource 925324ff-7044-4163-862d-3194604562bc (type: security_group_rules) to 0
2026-02-26 03:19:10.996 8 INFO neutron.db.ovn_revision_numbers_db [None req-3a733bdc-c3a4-476c-9b24-3949e0fcbc60 a4ccb9755bab45d083331a758488bda9 19f8892101134a28ad3a2dde64beb118 - - default default] Successfully bumped revision number for resource 932a0cda-8264-4fea-8484-d069c11c9aae (type: security_group_rules) to 0
2026-02-26 03:19:11.008 8 INFO neutron.db.ovn_revision_numbers_db [None req-3a733bdc-c3a4-476c-9b24-3949e0fcbc60 a4ccb9755bab45d083331a758488bda9 19f8892101134a28ad3a2dde64beb118 - - default default] Successfully bumped revision number for resource 96987805-6e89-4bd6-9ebb-b25d83ef5be4 (type: security_group_rules) to 0
2026-02-26 03:19:11.021 8 INFO neutron.db.ovn_revision_numbers_db [None req-3a733bdc-c3a4-476c-9b24-3949e0fcbc60 a4ccb9755bab45d083331a758488bda9 19f8892101134a28ad3a2dde64beb118 - - default default] Successfully bumped revision number for resource e2a0809f-093a-436c-b4c2-af96c7f7c6b2 (type: security_group_rules) to 0 [pid: 8|app: 0|req: 2048/3798] 10.0.0.2 () {32 vars in 771 bytes} [Thu Feb 26 03:19:10 2026] GET /v2.0/security-groups?tenant_id=446a81ab4fcf4d84b2570228b7bf3f52&name=default => generated 2929 bytes in 254 msecs (HTTP/1.1 200) 4 headers in 158 bytes (1 switches on core 0) [pid: 7|app: 0|req: 1751/3799] 10.0.0.2 () {32 vars in 737 bytes} [Thu Feb 26 03:19:11 2026] DELETE /v2.0/security-groups/2dfb945a-abae-4727-a1fc-90a9213ad9e7 => generated 0 bytes in 394 msecs (HTTP/1.1 204) 2 headers in 112 bytes (1 switches on core 0)
2026-02-26 03:19:11.773 8 INFO neutron.db.ovn_revision_numbers_db [None req-2af77f6f-dc89-4b76-a21e-c46f08540ad3 a4ccb9755bab45d083331a758488bda9 19f8892101134a28ad3a2dde64beb118 - - default default] Successfully bumped revision number for resource 08daa260-907b-4e9f-82ea-411242dc8d40 (type: security_groups) to 1
2026-02-26 03:19:11.784 8 INFO neutron.db.ovn_revision_numbers_db [None req-2af77f6f-dc89-4b76-a21e-c46f08540ad3 a4ccb9755bab45d083331a758488bda9 19f8892101134a28ad3a2dde64beb118 - - default default] Successfully bumped revision number for resource 08582b4c-acea-4843-a564-23e9db7a6a33 (type: security_group_rules) to 0
2026-02-26 03:19:11.795 8 INFO neutron.db.ovn_revision_numbers_db [None req-2af77f6f-dc89-4b76-a21e-c46f08540ad3 a4ccb9755bab45d083331a758488bda9 19f8892101134a28ad3a2dde64beb118 - - default default] Successfully bumped revision number for resource 9ad3688c-4d9e-4aec-9b05-b7bdf3304d22 (type: security_group_rules) to 0
2026-02-26 03:19:11.806 8 INFO neutron.db.ovn_revision_numbers_db [None req-2af77f6f-dc89-4b76-a21e-c46f08540ad3 a4ccb9755bab45d083331a758488bda9 19f8892101134a28ad3a2dde64beb118 - - default default] Successfully bumped revision number for resource bdfaeeef-7fd2-45c9-9e97-523dcb54eac4 (type: security_group_rules) to 0
2026-02-26 03:19:11.817 8 INFO neutron.db.ovn_revision_numbers_db [None req-2af77f6f-dc89-4b76-a21e-c46f08540ad3 a4ccb9755bab45d083331a758488bda9 19f8892101134a28ad3a2dde64beb118 - - default default] Successfully bumped revision number for resource db54769a-4b0d-45fd-ac79-9f727680b545 (type: security_group_rules) to 0 [pid: 8|app: 0|req: 2049/3800] 10.0.0.2 () {32 vars in 771 bytes} [Thu Feb 26 03:19:11 2026] GET /v2.0/security-groups?tenant_id=410103b300e24592960e99c73c84cf44&name=default => generated 2929 bytes in 258 msecs (HTTP/1.1 200) 4 headers in 158 bytes (1 switches on core 0) [pid: 7|app: 0|req: 1752/3801] 10.0.0.2 () {32 vars in 737 bytes} [Thu Feb 26 03:19:11 2026] DELETE /v2.0/security-groups/08daa260-907b-4e9f-82ea-411242dc8d40 => generated 0 bytes in 263 msecs (HTTP/1.1 204) 2 headers in 112 bytes (1 switches on core 0)
2026-02-26 03:19:12.466 8 INFO neutron.db.ovn_revision_numbers_db [None req-0851fccd-ad55-4f50-a6da-1ca4c5cf86a8 a4ccb9755bab45d083331a758488bda9 19f8892101134a28ad3a2dde64beb118 - - default default] Successfully bumped revision number for resource a92ecbbc-0da1-4cd5-a94b-a33cb4e2ed2b (type: security_groups) to 1
2026-02-26 03:19:12.478 8 INFO neutron.db.ovn_revision_numbers_db [None req-0851fccd-ad55-4f50-a6da-1ca4c5cf86a8 a4ccb9755bab45d083331a758488bda9 19f8892101134a28ad3a2dde64beb118 - - default default] Successfully bumped revision number for resource 1d1d4be2-49e8-44e4-8f3a-4809b83952c4 (type: security_group_rules) to 0
2026-02-26 03:19:12.490 8 INFO neutron.db.ovn_revision_numbers_db [None req-0851fccd-ad55-4f50-a6da-1ca4c5cf86a8 a4ccb9755bab45d083331a758488bda9 19f8892101134a28ad3a2dde64beb118 - - default default] Successfully bumped revision number for resource 2b50f4ae-3031-41d1-81b9-ddb0f9a395b9 (type: security_group_rules) to 0
2026-02-26 03:19:12.501 8 INFO neutron.db.ovn_revision_numbers_db [None req-0851fccd-ad55-4f50-a6da-1ca4c5cf86a8 a4ccb9755bab45d083331a758488bda9 19f8892101134a28ad3a2dde64beb118 - - default default] Successfully bumped revision number for resource 5d342a66-b7f6-40bd-a2b8-84834ae55ecb (type: security_group_rules) to 0
2026-02-26 03:19:12.517 8 INFO neutron.db.ovn_revision_numbers_db [None req-0851fccd-ad55-4f50-a6da-1ca4c5cf86a8 a4ccb9755bab45d083331a758488bda9 19f8892101134a28ad3a2dde64beb118 - - default default] Successfully bumped revision number for resource b77a89a9-c32e-40fe-8b20-266e255a8eb8 (type: security_group_rules) to 0 [pid: 8|app: 0|req: 2050/3802] 10.0.0.2 () {32 vars in 771 bytes} [Thu Feb 26 03:19:12 2026] GET /v2.0/security-groups?tenant_id=9399678528b34b5cbb4a1f31b92e7468&name=default => generated 2929 bytes in 263 msecs (HTTP/1.1 200) 4 headers in 158 bytes (1 switches on core 0) [pid: 7|app: 0|req: 1753/3803] 10.0.0.2 () {32 vars in 737 bytes} [Thu Feb 26 03:19:12 2026] DELETE /v2.0/security-groups/a92ecbbc-0da1-4cd5-a94b-a33cb4e2ed2b => generated 0 bytes in 286 msecs (HTTP/1.1 204) 2 headers in 112 bytes (1 switches on core 0) [pid: 8|app: 0|req: 2051/3804] 10.0.0.2 () {32 vars in 771 bytes} [Thu Feb 26 03:19:12 2026] GET /v2.0/security-groups?tenant_id=10616df7ed8d4c5d9e5c0b7dd46483d5&name=default => generated 2925 bytes in 36 msecs (HTTP/1.1 200) 4 headers in 158 bytes (1 switches on core 0) [pid: 7|app: 0|req: 1754/3805] 10.0.0.2 () {32 vars in 737 bytes} [Thu Feb 26 03:19:13 2026] DELETE /v2.0/security-groups/048c7942-a5f9-4eb0-b9df-7efcb030b322 => generated 0 bytes in 315 msecs (HTTP/1.1 204) 2 headers in 112 bytes (1 switches on core 0)
2026-02-26 03:19:17.665 8 INFO neutron.db.ovn_revision_numbers_db [None req-0efa6315-d885-4b87-ace6-6e6ef7a327b5 a0f3a35cdca54624892aa863cff3751d 578aa3ba6a914a3fb87a3c77efe59d05 - - default default] Successfully bumped revision number for resource 51d83cee-dfa1-4f5a-9d6e-d0da43a76d29 (type: security_groups) to 1
2026-02-26 03:19:17.681 8 INFO neutron.db.ovn_revision_numbers_db [None req-0efa6315-d885-4b87-ace6-6e6ef7a327b5 a0f3a35cdca54624892aa863cff3751d 578aa3ba6a914a3fb87a3c77efe59d05 - - default default] Successfully bumped revision number for resource 34982362-8e1e-4e48-bac9-d25f33e1b235 (type: security_group_rules) to 0
2026-02-26 03:19:17.714 8 INFO neutron.db.ovn_revision_numbers_db [None req-0efa6315-d885-4b87-ace6-6e6ef7a327b5 a0f3a35cdca54624892aa863cff3751d 578aa3ba6a914a3fb87a3c77efe59d05 - - default default] Successfully bumped revision number for resource 4ee77645-8e3f-47f1-b1e3-2e69ff7d18e7 (type: security_group_rules) to 0
2026-02-26 03:19:17.738 8 INFO neutron.db.ovn_revision_numbers_db [None req-0efa6315-d885-4b87-ace6-6e6ef7a327b5 a0f3a35cdca54624892aa863cff3751d 578aa3ba6a914a3fb87a3c77efe59d05 - - default default] Successfully bumped revision number for resource 7a832fac-22e2-4177-9547-5e1eaacd2d64 (type: security_group_rules) to 0
2026-02-26 03:19:17.752 8 INFO neutron.db.ovn_revision_numbers_db [None req-0efa6315-d885-4b87-ace6-6e6ef7a327b5 a0f3a35cdca54624892aa863cff3751d 578aa3ba6a914a3fb87a3c77efe59d05 - - default default] Successfully bumped revision number for resource adbe6f4e-ff07-45aa-b39e-bd8408fef5bc (type: security_group_rules) to 0
2026-02-26 03:19:17.854 8 INFO neutron.db.segments_db [None req-0efa6315-d885-4b87-ace6-6e6ef7a327b5 a0f3a35cdca54624892aa863cff3751d 578aa3ba6a914a3fb87a3c77efe59d05 - - default default] Added segment 6f920b67-28ce-4e1f-b631-335e0ce750c1 of type geneve for network 8513c787-7c5b-4013-8f71-87e60e42ee2b
2026-02-26 03:19:17.998 8 INFO neutron.db.ovn_revision_numbers_db [None req-0efa6315-d885-4b87-ace6-6e6ef7a327b5 a0f3a35cdca54624892aa863cff3751d 578aa3ba6a914a3fb87a3c77efe59d05 - - default default] Successfully bumped revision number for resource 8513c787-7c5b-4013-8f71-87e60e42ee2b (type: networks) to 1
2026-02-26 03:19:18.197 8 WARNING neutron.scheduler.dhcp_agent_scheduler [None req-0efa6315-d885-4b87-ace6-6e6ef7a327b5 a0f3a35cdca54624892aa863cff3751d 578aa3ba6a914a3fb87a3c77efe59d05 - - default default] No more DHCP agents
2026-02-26 03:19:18.198 8 WARNING neutron.api.rpc.agentnotifiers.dhcp_rpc_agent_api [None req-0efa6315-d885-4b87-ace6-6e6ef7a327b5 a0f3a35cdca54624892aa863cff3751d 578aa3ba6a914a3fb87a3c77efe59d05 - - default default] Unable to schedule network 8513c787-7c5b-4013-8f71-87e60e42ee2b: no agents available; will retry on subsequent port and subnet creation events.
2026-02-26 03:19:18.264 7 INFO neutron.plugins.ml2.drivers.ovn.mech_driver.mech_driver [None req-9204259d-c264-4ae0-9833-332a314d7c40 - - - - - -] OVN reports status down for port: 5c8ebd33-c96b-4b70-9d8c-9e8784347f9a
2026-02-26 03:19:18.306 8 INFO neutron.db.ovn_revision_numbers_db [None req-0efa6315-d885-4b87-ace6-6e6ef7a327b5 a0f3a35cdca54624892aa863cff3751d 578aa3ba6a914a3fb87a3c77efe59d05 - - default default] Successfully bumped revision number for resource 5c8ebd33-c96b-4b70-9d8c-9e8784347f9a (type: ports) to 1 [pid: 8|app: 0|req: 2052/3806] 10.0.0.2 () {34 vars in 667 bytes} [Thu Feb 26 03:19:17 2026] POST /v2.0/networks => generated 632 bytes in 981 msecs (HTTP/1.1 201) 4 headers in 162 bytes (1 switches on core 0)
2026-02-26 03:19:18.549 7 WARNING neutron.scheduler.dhcp_agent_scheduler [None req-8aae6b28-0846-48b0-8449-2ad4379f487c a0f3a35cdca54624892aa863cff3751d 578aa3ba6a914a3fb87a3c77efe59d05 - - default default] No more DHCP agents
2026-02-26 03:19:18.550 7 WARNING neutron.api.rpc.agentnotifiers.dhcp_rpc_agent_api [None req-8aae6b28-0846-48b0-8449-2ad4379f487c a0f3a35cdca54624892aa863cff3751d 578aa3ba6a914a3fb87a3c77efe59d05 - - default default] Unable to schedule network 8513c787-7c5b-4013-8f71-87e60e42ee2b: no agents available; will retry on subsequent port and subnet creation events.
2026-02-26 03:19:19.013 7 INFO neutron.db.ovn_revision_numbers_db [None req-bdbcb5e6-a27e-482f-b11a-6fb71ca4a764 - - - - - -] Successfully bumped revision number for resource 5c8ebd33-c96b-4b70-9d8c-9e8784347f9a (type: ports) to 2
2026-02-26 03:19:19.043 7 INFO neutron.db.ovn_revision_numbers_db [None req-bdbcb5e6-a27e-482f-b11a-6fb71ca4a764 - - - - - -] Successfully bumped revision number for resource 2dbe0cb8-35e2-45b7-b013-99d148fe27fe (type: subnets) to 0 [pid: 7|app: 0|req: 1755/3807] 10.0.0.2 () {34 vars in 666 bytes} [Thu Feb 26 03:19:18 2026] POST /v2.0/subnets => generated 626 bytes in 718 msecs (HTTP/1.1 201) 4 headers in 162 bytes (1 switches on core 0)
2026-02-26 03:19:19.155 8 INFO neutron.db.segments_db [None req-ae7f4fd3-3add-4f6a-9362-98f4a95a2c76 a0f3a35cdca54624892aa863cff3751d 578aa3ba6a914a3fb87a3c77efe59d05 - - default default] Added segment 7591f7e2-f485-4b52-b62f-90cb5b2d545c of type geneve for network 6c47e628-9137-4469-97db-07879983f3ee
2026-02-26 03:19:19.291 8 INFO neutron.db.ovn_revision_numbers_db [None req-ae7f4fd3-3add-4f6a-9362-98f4a95a2c76 a0f3a35cdca54624892aa863cff3751d 578aa3ba6a914a3fb87a3c77efe59d05 - - default default] Successfully bumped revision number for resource 6c47e628-9137-4469-97db-07879983f3ee (type: networks) to 1
2026-02-26 03:19:19.477 8 WARNING neutron.scheduler.dhcp_agent_scheduler [None req-ae7f4fd3-3add-4f6a-9362-98f4a95a2c76 a0f3a35cdca54624892aa863cff3751d 578aa3ba6a914a3fb87a3c77efe59d05 - - default default] No more DHCP agents
2026-02-26 03:19:19.479 8 WARNING neutron.api.rpc.agentnotifiers.dhcp_rpc_agent_api [None req-ae7f4fd3-3add-4f6a-9362-98f4a95a2c76 a0f3a35cdca54624892aa863cff3751d 578aa3ba6a914a3fb87a3c77efe59d05 - - default default] Unable to schedule network 6c47e628-9137-4469-97db-07879983f3ee: no agents available; will retry on subsequent port and subnet creation events.
2026-02-26 03:19:19.551 7 INFO neutron.plugins.ml2.drivers.ovn.mech_driver.mech_driver [None req-9204259d-c264-4ae0-9833-332a314d7c40 - - - - - -] OVN reports status down for port: ad3e8146-fe3f-419c-bf62-89d22f852a13
2026-02-26 03:19:19.590 8 INFO neutron.db.ovn_revision_numbers_db [None req-ae7f4fd3-3add-4f6a-9362-98f4a95a2c76 a0f3a35cdca54624892aa863cff3751d 578aa3ba6a914a3fb87a3c77efe59d05 - - default default] Successfully bumped revision number for resource ad3e8146-fe3f-419c-bf62-89d22f852a13 (type: ports) to 1 [pid: 8|app: 0|req: 2053/3808] 10.0.0.2 () {34 vars in 667 bytes} [Thu Feb 26 03:19:19 2026] POST /v2.0/networks => generated 632 bytes in 553 msecs (HTTP/1.1 201) 4 headers in 162 bytes (1 switches on core 0)
