Jun 26 06:27:19.386294 np0000183143 systemd[1]: Starting devstack@n-api.service - Devstack devstack@n-api.service...
Jun 26 06:27:19.393280 np0000183143 devstack@n-api.service[99958]: [uWSGI] getting INI configuration from /etc/nova/nova-api-uwsgi.ini
Jun 26 06:27:19.396856 np0000183143 devstack@n-api.service[99958]: *** Starting uWSGI 2.0.24-debian (64bit) on [Fri Jun 26 06:27:19 2026] ***
Jun 26 06:27:19.396856 np0000183143 devstack@n-api.service[99958]: compiled with version: 13.2.0 on 17 April 2024 16:23:48
Jun 26 06:27:19.396856 np0000183143 devstack@n-api.service[99958]: os: Linux-6.8.0-124-generic #124-Ubuntu SMP PREEMPT_DYNAMIC Tue May 26 13:00:45 UTC 2026
Jun 26 06:27:19.396856 np0000183143 devstack@n-api.service[99958]: nodename: np0000183143
Jun 26 06:27:19.396856 np0000183143 devstack@n-api.service[99958]: machine: x86_64
Jun 26 06:27:19.396856 np0000183143 devstack@n-api.service[99958]: clock source: unix
Jun 26 06:27:19.396856 np0000183143 devstack@n-api.service[99958]: pcre jit disabled
Jun 26 06:27:19.396856 np0000183143 devstack@n-api.service[99958]: detected number of CPU cores: 16
Jun 26 06:27:19.396856 np0000183143 devstack@n-api.service[99958]: current working directory: /
Jun 26 06:27:19.396856 np0000183143 devstack@n-api.service[99958]: detected binary path: /usr/bin/uwsgi-core
Jun 26 06:27:19.396856 np0000183143 devstack@n-api.service[99958]: your processes number limit is 256917
Jun 26 06:27:19.396856 np0000183143 devstack@n-api.service[99958]: your memory page size is 4096 bytes
Jun 26 06:27:19.396856 np0000183143 devstack@n-api.service[99958]: detected max file descriptor number: 2048
Jun 26 06:27:19.396856 np0000183143 devstack@n-api.service[99958]: lock engine: pthread robust mutexes
Jun 26 06:27:19.397709 np0000183143 devstack@n-api.service[99958]: thunder lock: enabled
Jun 26 06:27:19.397709 np0000183143 devstack@n-api.service[99958]: uwsgi socket 0 bound to UNIX address /var/run/uwsgi/nova-api.socket fd 4
Jun 26 06:27:19.397709 np0000183143 devstack@n-api.service[99958]: Python version: 3.12.3 (main, Mar 23 2026, 19:04:32) [GCC 13.3.0]
Jun 26 06:27:19.397709 np0000183143 devstack@n-api.service[99958]: PEP 405 virtualenv detected: /opt/stack/data/venv
Jun 26 06:27:19.397709 np0000183143 devstack@n-api.service[99958]: Set PythonHome to /opt/stack/data/venv
Jun 26 06:27:19.432879 np0000183143 devstack@n-api.service[99958]: Python main interpreter initialized at 0x75e40fca3668
Jun 26 06:27:19.432879 np0000183143 devstack@n-api.service[99958]: python threads support enabled
Jun 26 06:27:19.432879 np0000183143 devstack@n-api.service[99958]: your server socket listen backlog is limited to 100 connections
Jun 26 06:27:19.432879 np0000183143 devstack@n-api.service[99958]: your mercy for graceful operations on workers is 80 seconds
Jun 26 06:27:19.433390 np0000183143 devstack@n-api.service[99958]: mapped 671795 bytes (656 KB) for 4 cores
Jun 26 06:27:19.433531 np0000183143 devstack@n-api.service[99958]: *** Operational MODE: preforking ***
Jun 26 06:27:19.433694 np0000183143 devstack@n-api.service[99958]: *** uWSGI is running in multiple interpreter mode ***
Jun 26 06:27:19.433694 np0000183143 devstack@n-api.service[99958]: spawned uWSGI master process (pid: 99958)
Jun 26 06:27:19.434056 np0000183143 systemd[1]: Started devstack@n-api.service - Devstack devstack@n-api.service.
Jun 26 06:27:19.434411 np0000183143 devstack@n-api.service[99958]: spawned uWSGI worker 1 (pid: 99959, cores: 1)
Jun 26 06:27:19.434860 np0000183143 devstack@n-api.service[99958]: spawned uWSGI worker 2 (pid: 99960, cores: 1)
Jun 26 06:27:19.435325 np0000183143 devstack@n-api.service[99958]: spawned uWSGI worker 3 (pid: 99961, cores: 1)
Jun 26 06:27:19.435837 np0000183143 devstack@n-api.service[99958]: spawned uWSGI worker 4 (pid: 99962, cores: 1)
Jun 26 06:27:19.435951 np0000183143 devstack@n-api.service[99958]: running "unix_signal:15 gracefully_kill_them_all" (master-start)...
Jun 26 06:27:21.090713 np0000183143 devstack@n-api.service[99960]: INFO dbcounter [None req-dd634e0b-2448-4901-90da-9bd85d7831b5 None None] Registered counter for database nova_api
Jun 26 06:27:21.131619 np0000183143 devstack@n-api.service[99960]: DEBUG oslo_db.sqlalchemy.engines [None req-dd634e0b-2448-4901-90da-9bd85d7831b5 None None] MySQL server mode set to STRICT_TRANS_TABLES,STRICT_ALL_TABLES,NO_ZERO_IN_DATE,NO_ZERO_DATE,ERROR_FOR_DIVISION_BY_ZERO,TRADITIONAL,NO_ENGINE_SUBSTITUTION {{(pid=99960) _check_effective_sql_mode /opt/stack/data/venv/lib/python3.12/site-packages/oslo_db/sqlalchemy/engines.py:325}}
Jun 26 06:27:21.164795 np0000183143 devstack@n-api.service[99960]: DEBUG dbcounter [-] [99960] Writer thread running {{(pid=99960) stat_writer /opt/stack/data/venv/lib/python3.12/site-packages/dbcounter.py:102}}
Jun 26 06:27:21.167673 np0000183143 devstack@n-api.service[99960]: DEBUG nova.context [None req-dd634e0b-2448-4901-90da-9bd85d7831b5 None None] Found 2 cells: 00000000-0000-0000-0000-000000000000(cell0),3e18d768-0dc9-4bc8-9350-22343f11f86b(cell1) {{(pid=99960) load_cells /opt/stack/nova/nova/context.py:509}}
Jun 26 06:27:21.167881 np0000183143 devstack@n-api.service[99960]: INFO nova.utils [None req-dd634e0b-2448-4901-90da-9bd85d7831b5 None None] The cell worker thread pool MainProcess.cell_worker is initialized
Jun 26 06:27:21.169693 np0000183143 devstack@n-api.service[99960]: DEBUG oslo_concurrency.lockutils [None req-dd634e0b-2448-4901-90da-9bd85d7831b5 None None] Acquiring lock "00000000-0000-0000-0000-000000000000" by "nova.context.set_target_cell..get_or_set_cached_cell_and_set_connections" {{(pid=99960) inner /opt/stack/data/venv/lib/python3.12/site-packages/oslo_concurrency/lockutils.py:511}}
Jun 26 06:27:21.169897 np0000183143 devstack@n-api.service[99960]: DEBUG oslo_concurrency.lockutils [None req-dd634e0b-2448-4901-90da-9bd85d7831b5 None None] Lock "00000000-0000-0000-0000-000000000000" acquired by "nova.context.set_target_cell..get_or_set_cached_cell_and_set_connections" :: waited 0.000s {{(pid=99960) inner /opt/stack/data/venv/lib/python3.12/site-packages/oslo_concurrency/lockutils.py:524}}
Jun 26 06:27:21.170220 np0000183143 devstack@n-api.service[99960]: DEBUG oslo_concurrency.lockutils [None req-dd634e0b-2448-4901-90da-9bd85d7831b5 None None] Lock "00000000-0000-0000-0000-000000000000" "released" by "nova.context.set_target_cell..get_or_set_cached_cell_and_set_connections" :: held 0.000s {{(pid=99960) inner /opt/stack/data/venv/lib/python3.12/site-packages/oslo_concurrency/lockutils.py:543}}
Jun 26 06:27:21.171106 np0000183143 devstack@n-api.service[99960]: DEBUG oslo_concurrency.lockutils [None req-dd634e0b-2448-4901-90da-9bd85d7831b5 None None] Acquiring lock "3e18d768-0dc9-4bc8-9350-22343f11f86b" by "nova.context.set_target_cell..get_or_set_cached_cell_and_set_connections" {{(pid=99960) inner /opt/stack/data/venv/lib/python3.12/site-packages/oslo_concurrency/lockutils.py:511}}
Jun 26 06:27:21.171269 np0000183143 devstack@n-api.service[99960]: DEBUG oslo_concurrency.lockutils [None req-dd634e0b-2448-4901-90da-9bd85d7831b5 None None] Lock "3e18d768-0dc9-4bc8-9350-22343f11f86b" acquired by "nova.context.set_target_cell..get_or_set_cached_cell_and_set_connections" :: waited 0.000s {{(pid=99960) inner /opt/stack/data/venv/lib/python3.12/site-packages/oslo_concurrency/lockutils.py:524}}
Jun 26 06:27:21.172167 np0000183143 devstack@n-api.service[99960]: DEBUG oslo_concurrency.lockutils [None req-dd634e0b-2448-4901-90da-9bd85d7831b5 None None] Lock "3e18d768-0dc9-4bc8-9350-22343f11f86b" "released" by "nova.context.set_target_cell..get_or_set_cached_cell_and_set_connections" :: held 0.001s {{(pid=99960) inner /opt/stack/data/venv/lib/python3.12/site-packages/oslo_concurrency/lockutils.py:543}}
Jun 26 06:27:21.175499 np0000183143 devstack@n-api.service[99960]: INFO dbcounter [None req-dd634e0b-2448-4901-90da-9bd85d7831b5 None None] Registered counter for database nova_cell0
Jun 26 06:27:21.180451 np0000183143 devstack@n-api.service[99960]: INFO dbcounter [None req-dd634e0b-2448-4901-90da-9bd85d7831b5 None None] Registered counter for database nova_cell1
Jun 26 06:27:21.209978 np0000183143 devstack@n-api.service[99962]: INFO dbcounter [None req-c7fbe485-12d6-42ea-86b8-84c27961ecfe None None] Registered counter for database nova_api
Jun 26 06:27:21.235166 np0000183143 devstack@n-api.service[99960]: DEBUG oslo_db.sqlalchemy.engines [None req-dd634e0b-2448-4901-90da-9bd85d7831b5 None None] MySQL server mode set to STRICT_TRANS_TABLES,STRICT_ALL_TABLES,NO_ZERO_IN_DATE,NO_ZERO_DATE,ERROR_FOR_DIVISION_BY_ZERO,TRADITIONAL,NO_ENGINE_SUBSTITUTION {{(pid=99960) _check_effective_sql_mode /opt/stack/data/venv/lib/python3.12/site-packages/oslo_db/sqlalchemy/engines.py:325}}
Jun 26 06:27:21.259611 np0000183143 devstack@n-api.service[99962]: DEBUG oslo_db.sqlalchemy.engines [None req-c7fbe485-12d6-42ea-86b8-84c27961ecfe None None] MySQL server mode set to STRICT_TRANS_TABLES,STRICT_ALL_TABLES,NO_ZERO_IN_DATE,NO_ZERO_DATE,ERROR_FOR_DIVISION_BY_ZERO,TRADITIONAL,NO_ENGINE_SUBSTITUTION {{(pid=99962) _check_effective_sql_mode /opt/stack/data/venv/lib/python3.12/site-packages/oslo_db/sqlalchemy/engines.py:325}}
Jun 26 06:27:21.266173 np0000183143 devstack@n-api.service[99961]: INFO dbcounter [None req-12da8922-596c-4162-a568-4087e716c5bb None None] Registered counter for database nova_api
Jun 26 06:27:21.296544 np0000183143 devstack@n-api.service[99962]: DEBUG dbcounter [-] [99962] Writer thread running {{(pid=99962) stat_writer /opt/stack/data/venv/lib/python3.12/site-packages/dbcounter.py:102}}
Jun 26 06:27:21.300359 np0000183143 devstack@n-api.service[99962]: DEBUG nova.context [None req-c7fbe485-12d6-42ea-86b8-84c27961ecfe None None] Found 2 cells: 00000000-0000-0000-0000-000000000000(cell0),3e18d768-0dc9-4bc8-9350-22343f11f86b(cell1) {{(pid=99962) load_cells /opt/stack/nova/nova/context.py:509}}
Jun 26 06:27:21.300359 np0000183143 devstack@n-api.service[99962]: INFO nova.utils [None req-c7fbe485-12d6-42ea-86b8-84c27961ecfe None None] The cell worker thread pool MainProcess.cell_worker is initialized
Jun 26 06:27:21.300479 np0000183143 devstack@n-api.service[99960]: DEBUG oslo_db.sqlalchemy.engines [None req-dd634e0b-2448-4901-90da-9bd85d7831b5 None None] MySQL server mode set to STRICT_TRANS_TABLES,STRICT_ALL_TABLES,NO_ZERO_IN_DATE,NO_ZERO_DATE,ERROR_FOR_DIVISION_BY_ZERO,TRADITIONAL,NO_ENGINE_SUBSTITUTION {{(pid=99960) _check_effective_sql_mode /opt/stack/data/venv/lib/python3.12/site-packages/oslo_db/sqlalchemy/engines.py:325}}
Jun 26 06:27:21.302360 np0000183143 devstack@n-api.service[99962]: DEBUG oslo_concurrency.lockutils [None req-c7fbe485-12d6-42ea-86b8-84c27961ecfe None None] Acquiring lock "00000000-0000-0000-0000-000000000000" by "nova.context.set_target_cell..get_or_set_cached_cell_and_set_connections" {{(pid=99962) inner /opt/stack/data/venv/lib/python3.12/site-packages/oslo_concurrency/lockutils.py:511}}
Jun 26 06:27:21.302360 np0000183143 devstack@n-api.service[99962]: DEBUG oslo_concurrency.lockutils [None req-c7fbe485-12d6-42ea-86b8-84c27961ecfe None None] Lock "00000000-0000-0000-0000-000000000000" acquired by "nova.context.set_target_cell..get_or_set_cached_cell_and_set_connections" :: waited 0.000s {{(pid=99962) inner /opt/stack/data/venv/lib/python3.12/site-packages/oslo_concurrency/lockutils.py:524}}
Jun 26 06:27:21.302512 np0000183143 devstack@n-api.service[99962]: DEBUG oslo_concurrency.lockutils [None req-c7fbe485-12d6-42ea-86b8-84c27961ecfe None None] Lock "00000000-0000-0000-0000-000000000000" "released" by "nova.context.set_target_cell..get_or_set_cached_cell_and_set_connections" :: held 0.000s {{(pid=99962) inner /opt/stack/data/venv/lib/python3.12/site-packages/oslo_concurrency/lockutils.py:543}}
Jun 26 06:27:21.303328 np0000183143 devstack@n-api.service[99962]: DEBUG oslo_concurrency.lockutils [None req-c7fbe485-12d6-42ea-86b8-84c27961ecfe None None] Acquiring lock "3e18d768-0dc9-4bc8-9350-22343f11f86b" by "nova.context.set_target_cell..get_or_set_cached_cell_and_set_connections" {{(pid=99962) inner /opt/stack/data/venv/lib/python3.12/site-packages/oslo_concurrency/lockutils.py:511}}
Jun 26 06:27:21.303938 np0000183143 devstack@n-api.service[99962]: DEBUG oslo_concurrency.lockutils [None req-c7fbe485-12d6-42ea-86b8-84c27961ecfe None None] Lock "3e18d768-0dc9-4bc8-9350-22343f11f86b" acquired by "nova.context.set_target_cell..get_or_set_cached_cell_and_set_connections" :: waited 0.000s {{(pid=99962) inner /opt/stack/data/venv/lib/python3.12/site-packages/oslo_concurrency/lockutils.py:524}}
Jun 26 06:27:21.304506 np0000183143 devstack@n-api.service[99962]: DEBUG oslo_concurrency.lockutils [None req-c7fbe485-12d6-42ea-86b8-84c27961ecfe None None] Lock "3e18d768-0dc9-4bc8-9350-22343f11f86b" "released" by "nova.context.set_target_cell..get_or_set_cached_cell_and_set_connections" :: held 0.001s {{(pid=99962) inner /opt/stack/data/venv/lib/python3.12/site-packages/oslo_concurrency/lockutils.py:543}}
Jun 26 06:27:21.309269 np0000183143 devstack@n-api.service[99962]: INFO dbcounter [None req-c7fbe485-12d6-42ea-86b8-84c27961ecfe None None] Registered counter for database nova_cell0
Jun 26 06:27:21.314357 np0000183143 devstack@n-api.service[99962]: INFO dbcounter [None req-c7fbe485-12d6-42ea-86b8-84c27961ecfe None None] Registered counter for database nova_cell1
Jun 26 06:27:21.317005 np0000183143 devstack@n-api.service[99961]: DEBUG oslo_db.sqlalchemy.engines [None req-12da8922-596c-4162-a568-4087e716c5bb None None] MySQL server mode set to STRICT_TRANS_TABLES,STRICT_ALL_TABLES,NO_ZERO_IN_DATE,NO_ZERO_DATE,ERROR_FOR_DIVISION_BY_ZERO,TRADITIONAL,NO_ENGINE_SUBSTITUTION {{(pid=99961) _check_effective_sql_mode /opt/stack/data/venv/lib/python3.12/site-packages/oslo_db/sqlalchemy/engines.py:325}}
Jun 26 06:27:21.318150 np0000183143 devstack@n-api.service[99959]: INFO dbcounter [None req-583de8f9-8b6b-4f54-84a1-f5b0695cba50 None None] Registered counter for database nova_api
Jun 26 06:27:21.330820 np0000183143 devstack@n-api.service[99960]: DEBUG dbcounter [-] [99960] Writer thread running {{(pid=99960) stat_writer /opt/stack/data/venv/lib/python3.12/site-packages/dbcounter.py:102}}
Jun 26 06:27:21.339845 np0000183143 devstack@n-api.service[99960]: DEBUG dbcounter [-] [99960] Writer thread running {{(pid=99960) stat_writer /opt/stack/data/venv/lib/python3.12/site-packages/dbcounter.py:102}}
Jun 26 06:27:21.345477 np0000183143 devstack@n-api.service[99960]: INFO dbcounter [None req-dd634e0b-2448-4901-90da-9bd85d7831b5 None None] Registered counter for database nova_cell0
Jun 26 06:27:21.358650 np0000183143 devstack@n-api.service[99961]: DEBUG dbcounter [-] [99961] Writer thread running {{(pid=99961) stat_writer /opt/stack/data/venv/lib/python3.12/site-packages/dbcounter.py:102}}
Jun 26 06:27:21.363171 np0000183143 devstack@n-api.service[99961]: DEBUG nova.context [None req-12da8922-596c-4162-a568-4087e716c5bb None None] Found 2 cells: 00000000-0000-0000-0000-000000000000(cell0),3e18d768-0dc9-4bc8-9350-22343f11f86b(cell1) {{(pid=99961) load_cells /opt/stack/nova/nova/context.py:509}}
Jun 26 06:27:21.363412 np0000183143 devstack@n-api.service[99961]: INFO nova.utils [None req-12da8922-596c-4162-a568-4087e716c5bb None None] The cell worker thread pool MainProcess.cell_worker is initialized
Jun 26 06:27:21.365802 np0000183143 devstack@n-api.service[99961]: DEBUG oslo_concurrency.lockutils [None req-12da8922-596c-4162-a568-4087e716c5bb None None] Acquiring lock "00000000-0000-0000-0000-000000000000" by "nova.context.set_target_cell..get_or_set_cached_cell_and_set_connections" {{(pid=99961) inner /opt/stack/data/venv/lib/python3.12/site-packages/oslo_concurrency/lockutils.py:511}}
Jun 26 06:27:21.366024 np0000183143 devstack@n-api.service[99961]: DEBUG oslo_concurrency.lockutils [None req-12da8922-596c-4162-a568-4087e716c5bb None None] Lock "00000000-0000-0000-0000-000000000000" acquired by "nova.context.set_target_cell..get_or_set_cached_cell_and_set_connections" :: waited 0.000s {{(pid=99961) inner /opt/stack/data/venv/lib/python3.12/site-packages/oslo_concurrency/lockutils.py:524}}
Jun 26 06:27:21.366567 np0000183143 devstack@n-api.service[99959]: DEBUG oslo_db.sqlalchemy.engines [None req-583de8f9-8b6b-4f54-84a1-f5b0695cba50 None None] MySQL server mode set to STRICT_TRANS_TABLES,STRICT_ALL_TABLES,NO_ZERO_IN_DATE,NO_ZERO_DATE,ERROR_FOR_DIVISION_BY_ZERO,TRADITIONAL,NO_ENGINE_SUBSTITUTION {{(pid=99959) _check_effective_sql_mode /opt/stack/data/venv/lib/python3.12/site-packages/oslo_db/sqlalchemy/engines.py:325}}
Jun 26 06:27:21.366664 np0000183143 devstack@n-api.service[99961]: DEBUG oslo_concurrency.lockutils [None req-12da8922-596c-4162-a568-4087e716c5bb None None] Lock "00000000-0000-0000-0000-000000000000" "released" by "nova.context.set_target_cell..get_or_set_cached_cell_and_set_connections" :: held 0.001s {{(pid=99961) inner /opt/stack/data/venv/lib/python3.12/site-packages/oslo_concurrency/lockutils.py:543}}
Jun 26 06:27:21.367627 np0000183143 devstack@n-api.service[99961]: DEBUG oslo_concurrency.lockutils [None req-12da8922-596c-4162-a568-4087e716c5bb None None] Acquiring lock "3e18d768-0dc9-4bc8-9350-22343f11f86b" by "nova.context.set_target_cell..get_or_set_cached_cell_and_set_connections" {{(pid=99961) inner /opt/stack/data/venv/lib/python3.12/site-packages/oslo_concurrency/lockutils.py:511}}
Jun 26 06:27:21.367835 np0000183143 devstack@n-api.service[99961]: DEBUG oslo_concurrency.lockutils [None req-12da8922-596c-4162-a568-4087e716c5bb None None] Lock "3e18d768-0dc9-4bc8-9350-22343f11f86b" acquired by "nova.context.set_target_cell..get_or_set_cached_cell_and_set_connections" :: waited 0.000s {{(pid=99961) inner /opt/stack/data/venv/lib/python3.12/site-packages/oslo_concurrency/lockutils.py:524}}
Jun 26 06:27:21.369073 np0000183143 devstack@n-api.service[99961]: DEBUG oslo_concurrency.lockutils [None req-12da8922-596c-4162-a568-4087e716c5bb None None] Lock "3e18d768-0dc9-4bc8-9350-22343f11f86b" "released" by "nova.context.set_target_cell..get_or_set_cached_cell_and_set_connections" :: held 0.001s {{(pid=99961) inner /opt/stack/data/venv/lib/python3.12/site-packages/oslo_concurrency/lockutils.py:543}}
Jun 26 06:27:21.372285 np0000183143 devstack@n-api.service[99961]: INFO dbcounter [None req-12da8922-596c-4162-a568-4087e716c5bb None None] Registered counter for database nova_cell0
Jun 26 06:27:21.378156 np0000183143 devstack@n-api.service[99961]: INFO dbcounter [None req-12da8922-596c-4162-a568-4087e716c5bb None None] Registered counter for database nova_cell1
Jun 26 06:27:21.387959 np0000183143 devstack@n-api.service[99960]: DEBUG oslo_db.sqlalchemy.engines [None req-dd634e0b-2448-4901-90da-9bd85d7831b5 None None] MySQL server mode set to STRICT_TRANS_TABLES,STRICT_ALL_TABLES,NO_ZERO_IN_DATE,NO_ZERO_DATE,ERROR_FOR_DIVISION_BY_ZERO,TRADITIONAL,NO_ENGINE_SUBSTITUTION {{(pid=99960) _check_effective_sql_mode /opt/stack/data/venv/lib/python3.12/site-packages/oslo_db/sqlalchemy/engines.py:325}}
Jun 26 06:27:21.396448 np0000183143 devstack@n-api.service[99960]: DEBUG dbcounter [-] [99960] Writer thread running {{(pid=99960) stat_writer /opt/stack/data/venv/lib/python3.12/site-packages/dbcounter.py:102}}
Jun 26 06:27:21.399532 np0000183143 devstack@n-api.service[99962]: DEBUG oslo_db.sqlalchemy.engines [None req-c7fbe485-12d6-42ea-86b8-84c27961ecfe None None] MySQL server mode set to STRICT_TRANS_TABLES,STRICT_ALL_TABLES,NO_ZERO_IN_DATE,NO_ZERO_DATE,ERROR_FOR_DIVISION_BY_ZERO,TRADITIONAL,NO_ENGINE_SUBSTITUTION {{(pid=99962) _check_effective_sql_mode /opt/stack/data/venv/lib/python3.12/site-packages/oslo_db/sqlalchemy/engines.py:325}}
Jun 26 06:27:21.404151 np0000183143 devstack@n-api.service[99959]: DEBUG dbcounter [-] [99959] Writer thread running {{(pid=99959) stat_writer /opt/stack/data/venv/lib/python3.12/site-packages/dbcounter.py:102}}
Jun 26 06:27:21.405493 np0000183143 devstack@n-api.service[99962]: DEBUG oslo_db.sqlalchemy.engines [None req-c7fbe485-12d6-42ea-86b8-84c27961ecfe None None] MySQL server mode set to STRICT_TRANS_TABLES,STRICT_ALL_TABLES,NO_ZERO_IN_DATE,NO_ZERO_DATE,ERROR_FOR_DIVISION_BY_ZERO,TRADITIONAL,NO_ENGINE_SUBSTITUTION {{(pid=99962) _check_effective_sql_mode /opt/stack/data/venv/lib/python3.12/site-packages/oslo_db/sqlalchemy/engines.py:325}}
Jun 26 06:27:21.407129 np0000183143 devstack@n-api.service[99959]: DEBUG nova.context [None req-583de8f9-8b6b-4f54-84a1-f5b0695cba50 None None] Found 2 cells: 00000000-0000-0000-0000-000000000000(cell0),3e18d768-0dc9-4bc8-9350-22343f11f86b(cell1) {{(pid=99959) load_cells /opt/stack/nova/nova/context.py:509}}
Jun 26 06:27:21.407446 np0000183143 devstack@n-api.service[99959]: INFO nova.utils [None req-583de8f9-8b6b-4f54-84a1-f5b0695cba50 None None] The cell worker thread pool MainProcess.cell_worker is initialized
Jun 26 06:27:21.409533 np0000183143 devstack@n-api.service[99959]: DEBUG oslo_concurrency.lockutils [None req-583de8f9-8b6b-4f54-84a1-f5b0695cba50 None None] Acquiring lock "00000000-0000-0000-0000-000000000000" by "nova.context.set_target_cell..get_or_set_cached_cell_and_set_connections" {{(pid=99959) inner /opt/stack/data/venv/lib/python3.12/site-packages/oslo_concurrency/lockutils.py:511}}
Jun 26 06:27:21.409731 np0000183143 devstack@n-api.service[99959]: DEBUG oslo_concurrency.lockutils [None req-583de8f9-8b6b-4f54-84a1-f5b0695cba50 None None] Lock "00000000-0000-0000-0000-000000000000" acquired by "nova.context.set_target_cell..get_or_set_cached_cell_and_set_connections" :: waited 0.000s {{(pid=99959) inner /opt/stack/data/venv/lib/python3.12/site-packages/oslo_concurrency/lockutils.py:524}}
Jun 26 06:27:21.410132 np0000183143 devstack@n-api.service[99959]: DEBUG oslo_concurrency.lockutils [None req-583de8f9-8b6b-4f54-84a1-f5b0695cba50 None None] Lock "00000000-0000-0000-0000-000000000000" "released" by "nova.context.set_target_cell..get_or_set_cached_cell_and_set_connections" :: held 0.000s {{(pid=99959) inner /opt/stack/data/venv/lib/python3.12/site-packages/oslo_concurrency/lockutils.py:543}}
Jun 26 06:27:21.411151 np0000183143 devstack@n-api.service[99959]: DEBUG oslo_concurrency.lockutils [None req-583de8f9-8b6b-4f54-84a1-f5b0695cba50 None None] Acquiring lock "3e18d768-0dc9-4bc8-9350-22343f11f86b" by "nova.context.set_target_cell..get_or_set_cached_cell_and_set_connections" {{(pid=99959) inner /opt/stack/data/venv/lib/python3.12/site-packages/oslo_concurrency/lockutils.py:511}}
Jun 26 06:27:21.411327 np0000183143 devstack@n-api.service[99959]: DEBUG oslo_concurrency.lockutils [None req-583de8f9-8b6b-4f54-84a1-f5b0695cba50 None None] Lock "3e18d768-0dc9-4bc8-9350-22343f11f86b" acquired by "nova.context.set_target_cell..get_or_set_cached_cell_and_set_connections" :: waited 0.000s {{(pid=99959) inner /opt/stack/data/venv/lib/python3.12/site-packages/oslo_concurrency/lockutils.py:524}}
Jun 26 06:27:21.412212 np0000183143 devstack@n-api.service[99959]: DEBUG oslo_concurrency.lockutils [None req-583de8f9-8b6b-4f54-84a1-f5b0695cba50 None None] Lock "3e18d768-0dc9-4bc8-9350-22343f11f86b" "released" by "nova.context.set_target_cell..get_or_set_cached_cell_and_set_connections" :: held 0.001s {{(pid=99959) inner /opt/stack/data/venv/lib/python3.12/site-packages/oslo_concurrency/lockutils.py:543}}
Jun 26 06:27:21.415057 np0000183143 devstack@n-api.service[99959]: INFO dbcounter [None req-583de8f9-8b6b-4f54-84a1-f5b0695cba50 None None] Registered counter for database nova_cell0
Jun 26 06:27:21.421409 np0000183143 devstack@n-api.service[99959]: INFO dbcounter [None req-583de8f9-8b6b-4f54-84a1-f5b0695cba50 None None] Registered counter for database nova_cell1
Jun 26 06:27:21.438497 np0000183143 devstack@n-api.service[99961]: DEBUG oslo_db.sqlalchemy.engines [None req-12da8922-596c-4162-a568-4087e716c5bb None None] MySQL server mode set to STRICT_TRANS_TABLES,STRICT_ALL_TABLES,NO_ZERO_IN_DATE,NO_ZERO_DATE,ERROR_FOR_DIVISION_BY_ZERO,TRADITIONAL,NO_ENGINE_SUBSTITUTION {{(pid=99961) _check_effective_sql_mode /opt/stack/data/venv/lib/python3.12/site-packages/oslo_db/sqlalchemy/engines.py:325}}
Jun 26 06:27:21.443537 np0000183143 devstack@n-api.service[99961]: DEBUG oslo_db.sqlalchemy.engines [None req-12da8922-596c-4162-a568-4087e716c5bb None None] MySQL server mode set to STRICT_TRANS_TABLES,STRICT_ALL_TABLES,NO_ZERO_IN_DATE,NO_ZERO_DATE,ERROR_FOR_DIVISION_BY_ZERO,TRADITIONAL,NO_ENGINE_SUBSTITUTION {{(pid=99961) _check_effective_sql_mode /opt/stack/data/venv/lib/python3.12/site-packages/oslo_db/sqlalchemy/engines.py:325}}
Jun 26 06:27:21.494217 np0000183143 devstack@n-api.service[99959]: DEBUG oslo_db.sqlalchemy.engines [None req-583de8f9-8b6b-4f54-84a1-f5b0695cba50 None None] MySQL server mode set to STRICT_TRANS_TABLES,STRICT_ALL_TABLES,NO_ZERO_IN_DATE,NO_ZERO_DATE,ERROR_FOR_DIVISION_BY_ZERO,TRADITIONAL,NO_ENGINE_SUBSTITUTION {{(pid=99959) _check_effective_sql_mode /opt/stack/data/venv/lib/python3.12/site-packages/oslo_db/sqlalchemy/engines.py:325}}
Jun 26 06:27:21.500213 np0000183143 devstack@n-api.service[99959]: DEBUG oslo_db.sqlalchemy.engines [None req-583de8f9-8b6b-4f54-84a1-f5b0695cba50 None None] MySQL server mode set to STRICT_TRANS_TABLES,STRICT_ALL_TABLES,NO_ZERO_IN_DATE,NO_ZERO_DATE,ERROR_FOR_DIVISION_BY_ZERO,TRADITIONAL,NO_ENGINE_SUBSTITUTION {{(pid=99959) _check_effective_sql_mode /opt/stack/data/venv/lib/python3.12/site-packages/oslo_db/sqlalchemy/engines.py:325}}
Jun 26 06:27:21.502438 np0000183143 devstack@n-api.service[99962]: DEBUG dbcounter [-] [99962] Writer thread running {{(pid=99962) stat_writer /opt/stack/data/venv/lib/python3.12/site-packages/dbcounter.py:102}}
Jun 26 06:27:21.508955 np0000183143 devstack@n-api.service[99962]: DEBUG dbcounter [-] [99962] Writer thread running {{(pid=99962) stat_writer /opt/stack/data/venv/lib/python3.12/site-packages/dbcounter.py:102}}
Jun 26 06:27:21.534776 np0000183143 devstack@n-api.service[99961]: DEBUG dbcounter [-] [99961] Writer thread running {{(pid=99961) stat_writer /opt/stack/data/venv/lib/python3.12/site-packages/dbcounter.py:102}}
Jun 26 06:27:21.540826 np0000183143 devstack@n-api.service[99961]: DEBUG dbcounter [-] [99961] Writer thread running {{(pid=99961) stat_writer /opt/stack/data/venv/lib/python3.12/site-packages/dbcounter.py:102}}
Jun 26 06:27:21.564229 np0000183143 devstack@n-api.service[99962]: INFO dbcounter [None req-c7fbe485-12d6-42ea-86b8-84c27961ecfe None None] Registered counter for database nova_cell0
Jun 26 06:27:21.564362 np0000183143 devstack@n-api.service[99961]: INFO dbcounter [None req-12da8922-596c-4162-a568-4087e716c5bb None None] Registered counter for database nova_cell0
Jun 26 06:27:21.599119 np0000183143 devstack@n-api.service[99959]: DEBUG dbcounter [-] [99959] Writer thread running {{(pid=99959) stat_writer /opt/stack/data/venv/lib/python3.12/site-packages/dbcounter.py:102}}
Jun 26 06:27:21.606834 np0000183143 devstack@n-api.service[99962]: DEBUG oslo_db.sqlalchemy.engines [None req-c7fbe485-12d6-42ea-86b8-84c27961ecfe None None] MySQL server mode set to STRICT_TRANS_TABLES,STRICT_ALL_TABLES,NO_ZERO_IN_DATE,NO_ZERO_DATE,ERROR_FOR_DIVISION_BY_ZERO,TRADITIONAL,NO_ENGINE_SUBSTITUTION {{(pid=99962) _check_effective_sql_mode /opt/stack/data/venv/lib/python3.12/site-packages/oslo_db/sqlalchemy/engines.py:325}}
Jun 26 06:27:21.607042 np0000183143 devstack@n-api.service[99959]: DEBUG dbcounter [-] [99959] Writer thread running {{(pid=99959) stat_writer /opt/stack/data/venv/lib/python3.12/site-packages/dbcounter.py:102}}
Jun 26 06:27:21.611606 np0000183143 devstack@n-api.service[99961]: DEBUG oslo_db.sqlalchemy.engines [None req-12da8922-596c-4162-a568-4087e716c5bb None None] MySQL server mode set to STRICT_TRANS_TABLES,STRICT_ALL_TABLES,NO_ZERO_IN_DATE,NO_ZERO_DATE,ERROR_FOR_DIVISION_BY_ZERO,TRADITIONAL,NO_ENGINE_SUBSTITUTION {{(pid=99961) _check_effective_sql_mode /opt/stack/data/venv/lib/python3.12/site-packages/oslo_db/sqlalchemy/engines.py:325}}
Jun 26 06:27:21.612846 np0000183143 devstack@n-api.service[99959]: INFO dbcounter [None req-583de8f9-8b6b-4f54-84a1-f5b0695cba50 None None] Registered counter for database nova_cell0
Jun 26 06:27:21.617927 np0000183143 devstack@n-api.service[99962]: DEBUG dbcounter [-] [99962] Writer thread running {{(pid=99962) stat_writer /opt/stack/data/venv/lib/python3.12/site-packages/dbcounter.py:102}}
Jun 26 06:27:21.621955 np0000183143 devstack@n-api.service[99961]: DEBUG dbcounter [-] [99961] Writer thread running {{(pid=99961) stat_writer /opt/stack/data/venv/lib/python3.12/site-packages/dbcounter.py:102}}
Jun 26 06:27:21.659280 np0000183143 devstack@n-api.service[99959]: DEBUG oslo_db.sqlalchemy.engines [None req-583de8f9-8b6b-4f54-84a1-f5b0695cba50 None None] MySQL server mode set to STRICT_TRANS_TABLES,STRICT_ALL_TABLES,NO_ZERO_IN_DATE,NO_ZERO_DATE,ERROR_FOR_DIVISION_BY_ZERO,TRADITIONAL,NO_ENGINE_SUBSTITUTION {{(pid=99959) _check_effective_sql_mode /opt/stack/data/venv/lib/python3.12/site-packages/oslo_db/sqlalchemy/engines.py:325}}
Jun 26 06:27:21.671207 np0000183143 devstack@n-api.service[99959]: DEBUG dbcounter [-] [99959] Writer thread running {{(pid=99959) stat_writer /opt/stack/data/venv/lib/python3.12/site-packages/dbcounter.py:102}}
Jun 26 06:27:21.792657 np0000183143 devstack@n-api.service[99960]: DEBUG oslo_concurrency.processutils [None req-dd634e0b-2448-4901-90da-9bd85d7831b5 None None] Running cmd (subprocess): grep -F node.session.scan /sbin/iscsiadm {{(pid=99960) execute /opt/stack/data/venv/lib/python3.12/site-packages/oslo_concurrency/processutils.py:440}}
Jun 26 06:27:21.811027 np0000183143 devstack@n-api.service[99960]: DEBUG oslo_concurrency.processutils [None req-dd634e0b-2448-4901-90da-9bd85d7831b5 None None] CMD "grep -F node.session.scan /sbin/iscsiadm" returned: 0 in 0.018s {{(pid=99960) execute /opt/stack/data/venv/lib/python3.12/site-packages/oslo_concurrency/processutils.py:468}}
Jun 26 06:27:21.975099 np0000183143 devstack@n-api.service[99962]: DEBUG oslo_concurrency.processutils [None req-c7fbe485-12d6-42ea-86b8-84c27961ecfe None None] Running cmd (subprocess): grep -F node.session.scan /sbin/iscsiadm {{(pid=99962) execute /opt/stack/data/venv/lib/python3.12/site-packages/oslo_concurrency/processutils.py:440}}
Jun 26 06:27:21.980501 np0000183143 devstack@n-api.service[99961]: DEBUG oslo_concurrency.processutils [None req-12da8922-596c-4162-a568-4087e716c5bb None None] Running cmd (subprocess): grep -F node.session.scan /sbin/iscsiadm {{(pid=99961) execute /opt/stack/data/venv/lib/python3.12/site-packages/oslo_concurrency/processutils.py:440}}
Jun 26 06:27:21.994909 np0000183143 devstack@n-api.service[99962]: DEBUG oslo_concurrency.processutils [None req-c7fbe485-12d6-42ea-86b8-84c27961ecfe None None] CMD "grep -F node.session.scan /sbin/iscsiadm" returned: 0 in 0.020s {{(pid=99962) execute /opt/stack/data/venv/lib/python3.12/site-packages/oslo_concurrency/processutils.py:468}}
Jun 26 06:27:22.002636 np0000183143 devstack@n-api.service[99961]: DEBUG oslo_concurrency.processutils [None req-12da8922-596c-4162-a568-4087e716c5bb None None] CMD "grep -F node.session.scan /sbin/iscsiadm" returned: 0 in 0.022s {{(pid=99961) execute /opt/stack/data/venv/lib/python3.12/site-packages/oslo_concurrency/processutils.py:468}}
Jun 26 06:27:22.044363 np0000183143 devstack@n-api.service[99959]: DEBUG oslo_concurrency.processutils [None req-583de8f9-8b6b-4f54-84a1-f5b0695cba50 None None] Running cmd (subprocess): grep -F node.session.scan /sbin/iscsiadm {{(pid=99959) execute /opt/stack/data/venv/lib/python3.12/site-packages/oslo_concurrency/processutils.py:440}}
Jun 26 06:27:22.069562 np0000183143 devstack@n-api.service[99959]: DEBUG oslo_concurrency.processutils [None req-583de8f9-8b6b-4f54-84a1-f5b0695cba50 None None] CMD "grep -F node.session.scan /sbin/iscsiadm" returned: 0 in 0.025s {{(pid=99959) execute /opt/stack/data/venv/lib/python3.12/site-packages/oslo_concurrency/processutils.py:468}}
Jun 26 06:27:22.423816 np0000183143 devstack@n-api.service[99960]: DEBUG nova.api.openstack.wsgi_app [None req-dd634e0b-2448-4901-90da-9bd85d7831b5 None None] ******************************************************************************** {{(pid=99960) log_opt_values /opt/stack/data/venv/lib/python3.12/site-packages/oslo_config/cfg.py:3226}}
Jun 26 06:27:22.424509 np0000183143 devstack@n-api.service[99960]: DEBUG nova.api.openstack.wsgi_app [None req-dd634e0b-2448-4901-90da-9bd85d7831b5 None None] Configuration options gathered from: {{(pid=99960) log_opt_values /opt/stack/data/venv/lib/python3.12/site-packages/oslo_config/cfg.py:3227}}
Jun 26 06:27:22.424509 np0000183143 devstack@n-api.service[99960]: DEBUG nova.api.openstack.wsgi_app [None req-dd634e0b-2448-4901-90da-9bd85d7831b5 None None] command line args: [] {{(pid=99960) log_opt_values /opt/stack/data/venv/lib/python3.12/site-packages/oslo_config/cfg.py:3228}}
Jun 26 06:27:22.424509 np0000183143 devstack@n-api.service[99960]: DEBUG nova.api.openstack.wsgi_app [None req-dd634e0b-2448-4901-90da-9bd85d7831b5 None None] config files: ['/etc/nova/api-paste.ini', '/etc/nova/nova.conf'] {{(pid=99960) log_opt_values /opt/stack/data/venv/lib/python3.12/site-packages/oslo_config/cfg.py:3229}}
Jun 26 06:27:22.424509 np0000183143 devstack@n-api.service[99960]: DEBUG nova.api.openstack.wsgi_app [None req-dd634e0b-2448-4901-90da-9bd85d7831b5 None None] ================================================================================ {{(pid=99960) log_opt_values /opt/stack/data/venv/lib/python3.12/site-packages/oslo_config/cfg.py:3234}}
Jun 26 06:27:22.425061 np0000183143 devstack@n-api.service[99960]: DEBUG nova.api.openstack.wsgi_app [None req-dd634e0b-2448-4901-90da-9bd85d7831b5 None None] allow_resize_to_same_host = True {{(pid=99960) log_opt_values /opt/stack/data/venv/lib/python3.12/site-packages/oslo_config/cfg.py:3242}}
Jun 26 06:27:22.425061 np0000183143 devstack@n-api.service[99960]: DEBUG nova.api.openstack.wsgi_app [None req-dd634e0b-2448-4901-90da-9bd85d7831b5 None None] arq_binding_timeout = 300 {{(pid=99960) log_opt_values /opt/stack/data/venv/lib/python3.12/site-packages/oslo_config/cfg.py:3242}}
Jun 26 06:27:22.425061 np0000183143 devstack@n-api.service[99960]: DEBUG nova.api.openstack.wsgi_app [None req-dd634e0b-2448-4901-90da-9bd85d7831b5 None None] block_device_allocate_retries = 60 {{(pid=99960) log_opt_values /opt/stack/data/venv/lib/python3.12/site-packages/oslo_config/cfg.py:3242}}
Jun 26 06:27:22.425402 np0000183143 devstack@n-api.service[99960]: DEBUG nova.api.openstack.wsgi_app [None req-dd634e0b-2448-4901-90da-9bd85d7831b5 None None] block_device_allocate_retries_interval = 3 {{(pid=99960) log_opt_values /opt/stack/data/venv/lib/python3.12/site-packages/oslo_config/cfg.py:3242}}
Jun 26 06:27:22.425402 np0000183143 devstack@n-api.service[99960]: DEBUG nova.api.openstack.wsgi_app [None req-dd634e0b-2448-4901-90da-9bd85d7831b5 None None] cell_worker_thread_pool_size = 5 {{(pid=99960) log_opt_values /opt/stack/data/venv/lib/python3.12/site-packages/oslo_config/cfg.py:3242}}
Jun 26 06:27:22.425402 np0000183143 devstack@n-api.service[99960]: DEBUG nova.api.openstack.wsgi_app [None req-dd634e0b-2448-4901-90da-9bd85d7831b5 None None] cert = self.pem {{(pid=99960) log_opt_values /opt/stack/data/venv/lib/python3.12/site-packages/oslo_config/cfg.py:3242}}
Jun 26 06:27:22.425706 np0000183143 devstack@n-api.service[99960]: DEBUG nova.api.openstack.wsgi_app [None req-dd634e0b-2448-4901-90da-9bd85d7831b5 None None] compute_driver = libvirt.LibvirtDriver {{(pid=99960) log_opt_values /opt/stack/data/venv/lib/python3.12/site-packages/oslo_config/cfg.py:3242}}
Jun 26 06:27:22.425706 np0000183143 devstack@n-api.service[99960]: DEBUG nova.api.openstack.wsgi_app [None req-dd634e0b-2448-4901-90da-9bd85d7831b5 None None] compute_monitors = [] {{(pid=99960) log_opt_values /opt/stack/data/venv/lib/python3.12/site-packages/oslo_config/cfg.py:3242}}
Jun 26 06:27:22.425820 np0000183143 devstack@n-api.service[99960]: DEBUG nova.api.openstack.wsgi_app [None req-dd634e0b-2448-4901-90da-9bd85d7831b5 None None] config_dir = [] {{(pid=99960) log_opt_values /opt/stack/data/venv/lib/python3.12/site-packages/oslo_config/cfg.py:3242}}
Jun 26 06:27:22.426020 np0000183143 devstack@n-api.service[99960]: DEBUG nova.api.openstack.wsgi_app [None req-dd634e0b-2448-4901-90da-9bd85d7831b5 None None] config_drive_format = iso9660 {{(pid=99960) log_opt_values /opt/stack/data/venv/lib/python3.12/site-packages/oslo_config/cfg.py:3242}}
Jun 26 06:27:22.426020 np0000183143 devstack@n-api.service[99960]: DEBUG nova.api.openstack.wsgi_app [None req-dd634e0b-2448-4901-90da-9bd85d7831b5 None None] config_file = ['/etc/nova/api-paste.ini', '/etc/nova/nova.conf'] {{(pid=99960) log_opt_values /opt/stack/data/venv/lib/python3.12/site-packages/oslo_config/cfg.py:3242}}
Jun 26 06:27:22.426304 np0000183143 devstack@n-api.service[99960]: DEBUG nova.api.openstack.wsgi_app [None req-dd634e0b-2448-4901-90da-9bd85d7831b5 None None] config_source = [] {{(pid=99960) log_opt_values /opt/stack/data/venv/lib/python3.12/site-packages/oslo_config/cfg.py:3242}}
Jun 26 06:27:22.426304 np0000183143 devstack@n-api.service[99960]: DEBUG nova.api.openstack.wsgi_app [None req-dd634e0b-2448-4901-90da-9bd85d7831b5 None None] console_host = np0000183143 {{(pid=99960) log_opt_values /opt/stack/data/venv/lib/python3.12/site-packages/oslo_config/cfg.py:3242}}
Jun 26 06:27:22.426531 np0000183143 devstack@n-api.service[99960]: DEBUG nova.api.openstack.wsgi_app [None req-dd634e0b-2448-4901-90da-9bd85d7831b5 None None] control_exchange = nova {{(pid=99960) log_opt_values /opt/stack/data/venv/lib/python3.12/site-packages/oslo_config/cfg.py:3242}}
Jun 26 06:27:22.426531 np0000183143 devstack@n-api.service[99960]: DEBUG nova.api.openstack.wsgi_app [None req-dd634e0b-2448-4901-90da-9bd85d7831b5 None None] cpu_allocation_ratio = None {{(pid=99960) log_opt_values /opt/stack/data/venv/lib/python3.12/site-packages/oslo_config/cfg.py:3242}}
Jun 26 06:27:22.426787 np0000183143 devstack@n-api.service[99960]: DEBUG nova.api.openstack.wsgi_app [None req-dd634e0b-2448-4901-90da-9bd85d7831b5 None None] daemon = False {{(pid=99960) log_opt_values /opt/stack/data/venv/lib/python3.12/site-packages/oslo_config/cfg.py:3242}}
Jun 26 06:27:22.426847 np0000183143 devstack@n-api.service[99960]: DEBUG nova.api.openstack.wsgi_app [None req-dd634e0b-2448-4901-90da-9bd85d7831b5 None None] debug = True {{(pid=99960) log_opt_values /opt/stack/data/venv/lib/python3.12/site-packages/oslo_config/cfg.py:3242}}
Jun 26 06:27:22.427001 np0000183143 devstack@n-api.service[99960]: DEBUG nova.api.openstack.wsgi_app [None req-dd634e0b-2448-4901-90da-9bd85d7831b5 None None] default_access_ip_network_name = None {{(pid=99960) log_opt_values /opt/stack/data/venv/lib/python3.12/site-packages/oslo_config/cfg.py:3242}}
Jun 26 06:27:22.427133 np0000183143 devstack@n-api.service[99960]: DEBUG nova.api.openstack.wsgi_app [None req-dd634e0b-2448-4901-90da-9bd85d7831b5 None None] default_availability_zone = nova {{(pid=99960) log_opt_values /opt/stack/data/venv/lib/python3.12/site-packages/oslo_config/cfg.py:3242}}
Jun 26 06:27:22.427254 np0000183143 devstack@n-api.service[99960]: DEBUG nova.api.openstack.wsgi_app [None req-dd634e0b-2448-4901-90da-9bd85d7831b5 None None] default_ephemeral_format = ext4 {{(pid=99960) log_opt_values /opt/stack/data/venv/lib/python3.12/site-packages/oslo_config/cfg.py:3242}}
Jun 26 06:27:22.427357 np0000183143 devstack@n-api.service[99960]: DEBUG nova.api.openstack.wsgi_app [None req-dd634e0b-2448-4901-90da-9bd85d7831b5 None None] default_green_pool_size = 1000 {{(pid=99960) log_opt_values /opt/stack/data/venv/lib/python3.12/site-packages/oslo_config/cfg.py:3242}}
Jun 26 06:27:22.427624 np0000183143 devstack@n-api.service[99960]: DEBUG nova.api.openstack.wsgi_app [None req-dd634e0b-2448-4901-90da-9bd85d7831b5 None None] default_log_levels = ['amqp=WARN', 'boto=WARN', 'sqlalchemy=WARN', 'suds=INFO', 'oslo.messaging=INFO', 'oslo_messaging=INFO', 'iso8601=WARN', 'requests.packages.urllib3.connectionpool=WARN', 'urllib3.connectionpool=WARN', 'websocket=WARN', 'requests.packages.urllib3.util.retry=WARN', 'urllib3.util.retry=WARN', 'keystonemiddleware=WARN', 'routes.middleware=WARN', 'stevedore=WARN', 'taskflow=WARN', 'keystoneauth=WARN', 'oslo.cache=INFO', 'oslo_policy=INFO', 'dogpile.core.dogpile=INFO', 'glanceclient=WARN', 'oslo.privsep.daemon=INFO'] {{(pid=99960) log_opt_values /opt/stack/data/venv/lib/python3.12/site-packages/oslo_config/cfg.py:3242}}
Jun 26 06:27:22.427767 np0000183143 devstack@n-api.service[99960]: DEBUG nova.api.openstack.wsgi_app [None req-dd634e0b-2448-4901-90da-9bd85d7831b5 None None] default_schedule_zone = None {{(pid=99960) log_opt_values /opt/stack/data/venv/lib/python3.12/site-packages/oslo_config/cfg.py:3242}}
Jun 26 06:27:22.427933 np0000183143 devstack@n-api.service[99960]: DEBUG nova.api.openstack.wsgi_app [None req-dd634e0b-2448-4901-90da-9bd85d7831b5 None None] default_thread_pool_size = 10 {{(pid=99960) log_opt_values /opt/stack/data/venv/lib/python3.12/site-packages/oslo_config/cfg.py:3242}}
Jun 26 06:27:22.428034 np0000183143 devstack@n-api.service[99960]: DEBUG nova.api.openstack.wsgi_app [None req-dd634e0b-2448-4901-90da-9bd85d7831b5 None None] disk_allocation_ratio = None {{(pid=99960) log_opt_values /opt/stack/data/venv/lib/python3.12/site-packages/oslo_config/cfg.py:3242}}
Jun 26 06:27:22.428116 np0000183143 devstack@n-api.service[99960]: DEBUG nova.api.openstack.wsgi_app [None req-dd634e0b-2448-4901-90da-9bd85d7831b5 None None] enable_new_services = True {{(pid=99960) log_opt_values /opt/stack/data/venv/lib/python3.12/site-packages/oslo_config/cfg.py:3242}}
Jun 26 06:27:22.428288 np0000183143 devstack@n-api.service[99960]: DEBUG nova.api.openstack.wsgi_app [None req-dd634e0b-2448-4901-90da-9bd85d7831b5 None None] flat_injected = False {{(pid=99960) log_opt_values /opt/stack/data/venv/lib/python3.12/site-packages/oslo_config/cfg.py:3242}}
Jun 26 06:27:22.428437 np0000183143 devstack@n-api.service[99960]: DEBUG nova.api.openstack.wsgi_app [None req-dd634e0b-2448-4901-90da-9bd85d7831b5 None None] force_config_drive = False {{(pid=99960) log_opt_values /opt/stack/data/venv/lib/python3.12/site-packages/oslo_config/cfg.py:3242}}
Jun 26 06:27:22.428633 np0000183143 devstack@n-api.service[99960]: DEBUG nova.api.openstack.wsgi_app [None req-dd634e0b-2448-4901-90da-9bd85d7831b5 None None] force_raw_images = True {{(pid=99960) log_opt_values /opt/stack/data/venv/lib/python3.12/site-packages/oslo_config/cfg.py:3242}}
Jun 26 06:27:22.428736 np0000183143 devstack@n-api.service[99960]: DEBUG nova.api.openstack.wsgi_app [None req-dd634e0b-2448-4901-90da-9bd85d7831b5 None None] graceful_shutdown_timeout = 5 {{(pid=99960) log_opt_values /opt/stack/data/venv/lib/python3.12/site-packages/oslo_config/cfg.py:3242}}
Jun 26 06:27:22.428842 np0000183143 devstack@n-api.service[99960]: DEBUG nova.api.openstack.wsgi_app [None req-dd634e0b-2448-4901-90da-9bd85d7831b5 None None] heal_instance_info_cache_interval = -1 {{(pid=99960) log_opt_values /opt/stack/data/venv/lib/python3.12/site-packages/oslo_config/cfg.py:3242}}
Jun 26 06:27:22.428958 np0000183143 devstack@n-api.service[99960]: DEBUG nova.api.openstack.wsgi_app [None req-dd634e0b-2448-4901-90da-9bd85d7831b5 None None] host = np0000183143 {{(pid=99960) log_opt_values /opt/stack/data/venv/lib/python3.12/site-packages/oslo_config/cfg.py:3242}}
Jun 26 06:27:22.429101 np0000183143 devstack@n-api.service[99960]: DEBUG nova.api.openstack.wsgi_app [None req-dd634e0b-2448-4901-90da-9bd85d7831b5 None None] initial_cpu_allocation_ratio = 4.0 {{(pid=99960) log_opt_values /opt/stack/data/venv/lib/python3.12/site-packages/oslo_config/cfg.py:3242}}
Jun 26 06:27:22.429241 np0000183143 devstack@n-api.service[99960]: DEBUG nova.api.openstack.wsgi_app [None req-dd634e0b-2448-4901-90da-9bd85d7831b5 None None] initial_disk_allocation_ratio = 1.0 {{(pid=99960) log_opt_values /opt/stack/data/venv/lib/python3.12/site-packages/oslo_config/cfg.py:3242}}
Jun 26 06:27:22.429352 np0000183143 devstack@n-api.service[99960]: DEBUG nova.api.openstack.wsgi_app [None req-dd634e0b-2448-4901-90da-9bd85d7831b5 None None] initial_ram_allocation_ratio = 1.0 {{(pid=99960) log_opt_values /opt/stack/data/venv/lib/python3.12/site-packages/oslo_config/cfg.py:3242}}
Jun 26 06:27:22.429549 np0000183143 devstack@n-api.service[99960]: DEBUG nova.api.openstack.wsgi_app [None req-dd634e0b-2448-4901-90da-9bd85d7831b5 None None] injected_network_template = /opt/stack/nova/nova/virt/interfaces.template {{(pid=99960) log_opt_values /opt/stack/data/venv/lib/python3.12/site-packages/oslo_config/cfg.py:3242}}
Jun 26 06:27:22.429685 np0000183143 devstack@n-api.service[99960]: DEBUG nova.api.openstack.wsgi_app [None req-dd634e0b-2448-4901-90da-9bd85d7831b5 None None] instance_build_timeout = 0 {{(pid=99960) log_opt_values /opt/stack/data/venv/lib/python3.12/site-packages/oslo_config/cfg.py:3242}}
Jun 26 06:27:22.429816 np0000183143 devstack@n-api.service[99960]: DEBUG nova.api.openstack.wsgi_app [None req-dd634e0b-2448-4901-90da-9bd85d7831b5 None None] instance_delete_interval = 300 {{(pid=99960) log_opt_values /opt/stack/data/venv/lib/python3.12/site-packages/oslo_config/cfg.py:3242}}
Jun 26 06:27:22.429970 np0000183143 devstack@n-api.service[99960]: DEBUG nova.api.openstack.wsgi_app [None req-dd634e0b-2448-4901-90da-9bd85d7831b5 None None] instance_format = [instance: %(uuid)s] {{(pid=99960) log_opt_values /opt/stack/data/venv/lib/python3.12/site-packages/oslo_config/cfg.py:3242}}
Jun 26 06:27:22.430121 np0000183143 devstack@n-api.service[99960]: DEBUG nova.api.openstack.wsgi_app [None req-dd634e0b-2448-4901-90da-9bd85d7831b5 None None] instance_name_template = instance-%08x {{(pid=99960) log_opt_values /opt/stack/data/venv/lib/python3.12/site-packages/oslo_config/cfg.py:3242}}
Jun 26 06:27:22.430218 np0000183143 devstack@n-api.service[99960]: DEBUG nova.api.openstack.wsgi_app [None req-dd634e0b-2448-4901-90da-9bd85d7831b5 None None] instance_usage_audit = False {{(pid=99960) log_opt_values /opt/stack/data/venv/lib/python3.12/site-packages/oslo_config/cfg.py:3242}}
Jun 26 06:27:22.430345 np0000183143 devstack@n-api.service[99960]: DEBUG nova.api.openstack.wsgi_app [None req-dd634e0b-2448-4901-90da-9bd85d7831b5 None None] instance_usage_audit_period = month {{(pid=99960) log_opt_values /opt/stack/data/venv/lib/python3.12/site-packages/oslo_config/cfg.py:3242}}
Jun 26 06:27:22.430492 np0000183143 devstack@n-api.service[99960]: DEBUG nova.api.openstack.wsgi_app [None req-dd634e0b-2448-4901-90da-9bd85d7831b5 None None] instance_uuid_format = [instance: %(uuid)s] {{(pid=99960) log_opt_values /opt/stack/data/venv/lib/python3.12/site-packages/oslo_config/cfg.py:3242}}
Jun 26 06:27:22.430631 np0000183143 devstack@n-api.service[99960]: DEBUG nova.api.openstack.wsgi_app [None req-dd634e0b-2448-4901-90da-9bd85d7831b5 None None] instances_path = /opt/stack/data/nova/instances {{(pid=99960) log_opt_values /opt/stack/data/venv/lib/python3.12/site-packages/oslo_config/cfg.py:3242}}
Jun 26 06:27:22.430770 np0000183143 devstack@n-api.service[99960]: DEBUG nova.api.openstack.wsgi_app [None req-dd634e0b-2448-4901-90da-9bd85d7831b5 None None] internal_service_availability_zone = internal {{(pid=99960) log_opt_values /opt/stack/data/venv/lib/python3.12/site-packages/oslo_config/cfg.py:3242}}
Jun 26 06:27:22.430899 np0000183143 devstack@n-api.service[99960]: DEBUG nova.api.openstack.wsgi_app [None req-dd634e0b-2448-4901-90da-9bd85d7831b5 None None] key = None {{(pid=99960) log_opt_values /opt/stack/data/venv/lib/python3.12/site-packages/oslo_config/cfg.py:3242}}
Jun 26 06:27:22.431026 np0000183143 devstack@n-api.service[99960]: DEBUG nova.api.openstack.wsgi_app [None req-dd634e0b-2448-4901-90da-9bd85d7831b5 None None] live_migration_retry_count = 30 {{(pid=99960) log_opt_values /opt/stack/data/venv/lib/python3.12/site-packages/oslo_config/cfg.py:3242}}
Jun 26 06:27:22.431162 np0000183143 devstack@n-api.service[99960]: DEBUG nova.api.openstack.wsgi_app [None req-dd634e0b-2448-4901-90da-9bd85d7831b5 None None] log_color = False {{(pid=99960) log_opt_values /opt/stack/data/venv/lib/python3.12/site-packages/oslo_config/cfg.py:3242}}
Jun 26 06:27:22.431297 np0000183143 devstack@n-api.service[99960]: DEBUG nova.api.openstack.wsgi_app [None req-dd634e0b-2448-4901-90da-9bd85d7831b5 None None] log_config_append = None {{(pid=99960) log_opt_values /opt/stack/data/venv/lib/python3.12/site-packages/oslo_config/cfg.py:3242}}
Jun 26 06:27:22.431464 np0000183143 devstack@n-api.service[99960]: DEBUG nova.api.openstack.wsgi_app [None req-dd634e0b-2448-4901-90da-9bd85d7831b5 None None] log_date_format = %Y-%m-%d %H:%M:%S {{(pid=99960) log_opt_values /opt/stack/data/venv/lib/python3.12/site-packages/oslo_config/cfg.py:3242}}
Jun 26 06:27:22.431618 np0000183143 devstack@n-api.service[99960]: DEBUG nova.api.openstack.wsgi_app [None req-dd634e0b-2448-4901-90da-9bd85d7831b5 None None] log_dir = None {{(pid=99960) log_opt_values /opt/stack/data/venv/lib/python3.12/site-packages/oslo_config/cfg.py:3242}}
Jun 26 06:27:22.431790 np0000183143 devstack@n-api.service[99960]: DEBUG nova.api.openstack.wsgi_app [None req-dd634e0b-2448-4901-90da-9bd85d7831b5 None None] log_file = None {{(pid=99960) log_opt_values /opt/stack/data/venv/lib/python3.12/site-packages/oslo_config/cfg.py:3242}}
Jun 26 06:27:22.431908 np0000183143 devstack@n-api.service[99960]: DEBUG nova.api.openstack.wsgi_app [None req-dd634e0b-2448-4901-90da-9bd85d7831b5 None None] log_options = True {{(pid=99960) log_opt_values /opt/stack/data/venv/lib/python3.12/site-packages/oslo_config/cfg.py:3242}}
Jun 26 06:27:22.432016 np0000183143 devstack@n-api.service[99960]: DEBUG nova.api.openstack.wsgi_app [None req-dd634e0b-2448-4901-90da-9bd85d7831b5 None None] log_rotate_interval = 1 {{(pid=99960) log_opt_values /opt/stack/data/venv/lib/python3.12/site-packages/oslo_config/cfg.py:3242}}
