Feb 17 00:54:15.448308 np0000155863 devstack@neutron-api.service[103776]: DEBUG neutron.api.extensions [None req-21f6615f-3468-4554-a2b4-50de711d85bb None None] Loading extension file: netmtu.py {{(pid=103776) _load_all_extensions_from_path /opt/stack/neutron/neutron/api/extensions.py:449}}
Feb 17 00:54:15.448308 np0000155863 devstack@neutron-api.service[103776]: DEBUG neutron.api.extensions [None req-21f6615f-3468-4554-a2b4-50de711d85bb None None] Ext name="Network MTU" alias="net-mtu" description="Provides MTU attribute for a network resource." updated="2015-03-25T10:00:00-00:00" {{(pid=103776) _check_extension /opt/stack/neutron/neutron/api/extensions.py:415}}
Feb 17 00:54:15.448378 np0000155863 devstack@neutron-api.service[103774]: DEBUG neutron.manager [None req-1e49726e-c73f-4c2d-97aa-325ff131c747 None None] Successfully loaded revision_plugin plugin. Description: Adds revision numbers to resources. {{(pid=103774) _create_and_add_service_plugin /opt/stack/neutron/neutron/manager.py:229}}
Feb 17 00:54:15.448411 np0000155863 devstack@neutron-api.service[103776]: INFO neutron.api.extensions [None req-21f6615f-3468-4554-a2b4-50de711d85bb None None] Loaded extension: net-mtu
Feb 17 00:54:15.448438 np0000155863 devstack@neutron-api.service[103774]: DEBUG oslo_concurrency.lockutils [None req-1e49726e-c73f-4c2d-97aa-325ff131c747 None None] Lock "manager" "released" by "neutron.manager.NeutronManager._create_instance" :: held 4.631s {{(pid=103774) inner /opt/stack/data/venv/lib/python3.12/site-packages/oslo_concurrency/lockutils.py:538}}
Feb 17 00:54:15.448470 np0000155863 devstack@neutron-api.service[103776]: DEBUG neutron.api.extensions [None req-21f6615f-3468-4554-a2b4-50de711d85bb None None] Loading extension file: netmtu_writable.py {{(pid=103776) _load_all_extensions_from_path /opt/stack/neutron/neutron/api/extensions.py:449}}
Feb 17 00:54:15.448497 np0000155863 devstack@neutron-api.service[103774]: DEBUG neutron.api.extensions [None req-1e49726e-c73f-4c2d-97aa-325ff131c747 None None] get_extension_paths = OrderedDict({'/opt/stack/neutron/neutron/extensions': 1}) {{(pid=103774) get_extensions_path /opt/stack/neutron/neutron/api/extensions.py:640}}
Feb 17 00:54:15.448529 np0000155863 devstack@neutron-api.service[103776]: DEBUG neutron.api.extensions [None req-21f6615f-3468-4554-a2b4-50de711d85bb None None] Ext name="Network MTU (writable)" alias="net-mtu-writable" description="Provides a writable MTU attribute for a network resource." updated="2017-07-12T00:00:00-00:00" {{(pid=103776) _check_extension /opt/stack/neutron/neutron/api/extensions.py:415}}
Feb 17 00:54:15.448557 np0000155863 devstack@neutron-api.service[103774]: INFO neutron.api.extensions [None req-1e49726e-c73f-4c2d-97aa-325ff131c747 None None] Initializing extension manager.
Feb 17 00:54:15.448579 np0000155863 devstack@neutron-api.service[103776]: INFO neutron.api.extensions [None req-21f6615f-3468-4554-a2b4-50de711d85bb None None] Loaded extension: net-mtu-writable
Feb 17 00:54:15.448579 np0000155863 devstack@neutron-api.service[103776]: DEBUG neutron.api.extensions [None req-21f6615f-3468-4554-a2b4-50de711d85bb None None] Loading extension file: network_availability_zone.py {{(pid=103776) _load_all_extensions_from_path /opt/stack/neutron/neutron/api/extensions.py:449}}
Feb 17 00:54:15.448623 np0000155863 devstack@neutron-api.service[103774]: DEBUG neutron.api.extensions [None req-1e49726e-c73f-4c2d-97aa-325ff131c747 None None] Loading extension file: __init__.py {{(pid=103774) _load_all_extensions_from_path /opt/stack/neutron/neutron/api/extensions.py:449}}
Feb 17 00:54:15.448623 np0000155863 devstack@neutron-api.service[103774]: DEBUG neutron.api.extensions [None req-1e49726e-c73f-4c2d-97aa-325ff131c747 None None] Loading extension file: __pycache__ {{(pid=103774) _load_all_extensions_from_path /opt/stack/neutron/neutron/api/extensions.py:449}}
Feb 17 00:54:15.448623 np0000155863 devstack@neutron-api.service[103774]: DEBUG neutron.api.extensions [None req-1e49726e-c73f-4c2d-97aa-325ff131c747 None None] Loading extension file: address_group.py {{(pid=103774) _load_all_extensions_from_path /opt/stack/neutron/neutron/api/extensions.py:449}}
Feb 17 00:54:15.448707 np0000155863 devstack@neutron-api.service[103776]: DEBUG neutron.api.extensions [None req-21f6615f-3468-4554-a2b4-50de711d85bb None None] Ext name="Network Availability Zone" alias="network_availability_zone" description="Availability zone support for network." updated="2015-01-01T10:00:00-00:00" {{(pid=103776) _check_extension /opt/stack/neutron/neutron/api/extensions.py:415}}
Feb 17 00:54:15.448736 np0000155863 devstack@neutron-api.service[103775]: DEBUG neutron.plugins.ml2.plugin [None req-08e8862b-4ef6-4e9b-8d4e-acde1ef722b5 None None] neutron.plugins.ml2.plugin.Ml2Plugin method _start_rpc_notifiers called with arguments () {} {{(pid=103775) wrapper /opt/stack/data/venv/lib/python3.12/site-packages/oslo_log/helpers.py:77}}
Feb 17 00:54:15.448765 np0000155863 devstack@neutron-api.service[103776]: INFO neutron.api.extensions [None req-21f6615f-3468-4554-a2b4-50de711d85bb None None] Loaded extension: network_availability_zone
Feb 17 00:54:15.448765 np0000155863 devstack@neutron-api.service[103776]: DEBUG neutron.api.extensions [None req-21f6615f-3468-4554-a2b4-50de711d85bb None None] Loading extension file: network_ha.py {{(pid=103776) _load_all_extensions_from_path /opt/stack/neutron/neutron/api/extensions.py:449}}
Feb 17 00:54:15.448812 np0000155863 devstack@neutron-api.service[103774]: DEBUG neutron.api.extensions [None req-1e49726e-c73f-4c2d-97aa-325ff131c747 None None] Ext name="Address group" alias="address-group" description="Support address group" updated="2020-07-15T10:00:00-00:00" {{(pid=103774) _check_extension /opt/stack/neutron/neutron/api/extensions.py:415}}
Feb 17 00:54:15.448840 np0000155863 devstack@neutron-api.service[103775]: DEBUG neutron_lib.callbacks.manager [None req-08e8862b-4ef6-4e9b-8d4e-acde1ef722b5 None None] Subscribe: > port after_create 55550000, False {{(pid=103775) subscribe /opt/stack/data/venv/lib/python3.12/site-packages/neutron_lib/callbacks/manager.py:52}}
Feb 17 00:54:15.448873 np0000155863 devstack@neutron-api.service[103776]: DEBUG neutron.api.extensions [None req-21f6615f-3468-4554-a2b4-50de711d85bb None None] Ext name="Network HA creation flag" alias="network_ha" description="Network high availability creation flag." updated="2023-04-27T10:00:00-00:00" {{(pid=103776) _check_extension /opt/stack/neutron/neutron/api/extensions.py:415}}
Feb 17 00:54:15.448902 np0000155863 devstack@neutron-api.service[103775]: DEBUG neutron_lib.callbacks.manager [None req-08e8862b-4ef6-4e9b-8d4e-acde1ef722b5 None None] Subscribe: > port after_update 55550000, False {{(pid=103775) subscribe /opt/stack/data/venv/lib/python3.12/site-packages/neutron_lib/callbacks/manager.py:52}}
Feb 17 00:54:15.449052 np0000155863 devstack@neutron-api.service[103774]: INFO neutron.api.extensions [None req-1e49726e-c73f-4c2d-97aa-325ff131c747 None None] Loaded extension: address-group
Feb 17 00:54:15.449084 np0000155863 devstack@neutron-api.service[103775]: DEBUG neutron_lib.callbacks.manager [None req-08e8862b-4ef6-4e9b-8d4e-acde1ef722b5 None None] Subscribe: > port after_delete 55550000, False {{(pid=103775) subscribe /opt/stack/data/venv/lib/python3.12/site-packages/neutron_lib/callbacks/manager.py:52}}
Feb 17 00:54:15.449149 np0000155863 devstack@neutron-api.service[103774]: DEBUG neutron.api.extensions [None req-1e49726e-c73f-4c2d-97aa-325ff131c747 None None] Loading extension file: address_scope.py {{(pid=103774) _load_all_extensions_from_path /opt/stack/neutron/neutron/api/extensions.py:449}}
Feb 17 00:54:15.449195 np0000155863 devstack@neutron-api.service[103776]: INFO neutron.api.extensions [None req-21f6615f-3468-4554-a2b4-50de711d85bb None None] Extension network_ha not supported by any of loaded plugins
Feb 17 00:54:15.449252 np0000155863 devstack@neutron-api.service[103775]: DEBUG neutron_lib.callbacks.manager [None req-08e8862b-4ef6-4e9b-8d4e-acde1ef722b5 None None] Subscribe: > subnet after_create 55550000, False {{(pid=103775) subscribe /opt/stack/data/venv/lib/python3.12/site-packages/neutron_lib/callbacks/manager.py:52}}
Feb 17 00:54:15.449300 np0000155863 devstack@neutron-api.service[103776]: DEBUG neutron.api.extensions [None req-21f6615f-3468-4554-a2b4-50de711d85bb None None] Loading extension file: network_ip_availability.py {{(pid=103776) _load_all_extensions_from_path /opt/stack/neutron/neutron/api/extensions.py:449}}
Feb 17 00:54:15.449351 np0000155863 devstack@neutron-api.service[103775]: DEBUG neutron_lib.callbacks.manager [None req-08e8862b-4ef6-4e9b-8d4e-acde1ef722b5 None None] Subscribe: > subnet after_update 55550000, False {{(pid=103775) subscribe /opt/stack/data/venv/lib/python3.12/site-packages/neutron_lib/callbacks/manager.py:52}}
Feb 17 00:54:15.449351 np0000155863 devstack@neutron-api.service[103775]: DEBUG neutron_lib.callbacks.manager [None req-08e8862b-4ef6-4e9b-8d4e-acde1ef722b5 None None] Subscribe: > subnet after_delete 55550000, False {{(pid=103775) subscribe /opt/stack/data/venv/lib/python3.12/site-packages/neutron_lib/callbacks/manager.py:52}}
Feb 17 00:54:15.449449 np0000155863 devstack@neutron-api.service[103774]: DEBUG neutron.api.extensions [None req-1e49726e-c73f-4c2d-97aa-325ff131c747 None None] Ext name="Address scope" alias="address-scope" description="Address scopes extension." updated="2015-07-26T10:00:00-00:00" {{(pid=103774) _check_extension /opt/stack/neutron/neutron/api/extensions.py:415}}
Feb 17 00:54:15.449496 np0000155863 devstack@neutron-api.service[103776]: DEBUG neutron.api.extensions [None req-21f6615f-3468-4554-a2b4-50de711d85bb None None] Ext name="Network IP Availability" alias="network-ip-availability" description="Provides IP availability data for each network and subnet." updated="2015-09-24T00:00:00-00:00" {{(pid=103776) _check_extension /opt/stack/neutron/neutron/api/extensions.py:415}}
Feb 17 00:54:15.449549 np0000155863 devstack@neutron-api.service[103775]: DEBUG neutron_lib.callbacks.manager [None req-08e8862b-4ef6-4e9b-8d4e-acde1ef722b5 None None] Subscribe: > network after_create 55550000, False {{(pid=103775) subscribe /opt/stack/data/venv/lib/python3.12/site-packages/neutron_lib/callbacks/manager.py:52}}
Feb 17 00:54:15.449549 np0000155863 devstack@neutron-api.service[103775]: DEBUG neutron_lib.callbacks.manager [None req-08e8862b-4ef6-4e9b-8d4e-acde1ef722b5 None None] Subscribe: > network after_update 55550000, False {{(pid=103775) subscribe /opt/stack/data/venv/lib/python3.12/site-packages/neutron_lib/callbacks/manager.py:52}}
Feb 17 00:54:15.449647 np0000155863 devstack@neutron-api.service[103774]: INFO neutron.api.extensions [None req-1e49726e-c73f-4c2d-97aa-325ff131c747 None None] Loaded extension: address-scope
Feb 17 00:54:15.449708 np0000155863 devstack@neutron-api.service[103776]: INFO neutron.api.extensions [None req-21f6615f-3468-4554-a2b4-50de711d85bb None None] Loaded extension: network-ip-availability
Feb 17 00:54:15.449772 np0000155863 devstack@neutron-api.service[103774]: DEBUG neutron.api.extensions [None req-1e49726e-c73f-4c2d-97aa-325ff131c747 None None] Loading extension file: admin_state_down_before_update.py {{(pid=103774) _load_all_extensions_from_path /opt/stack/neutron/neutron/api/extensions.py:449}}
Feb 17 00:54:15.449833 np0000155863 devstack@neutron-api.service[103775]: DEBUG neutron_lib.callbacks.manager [None req-08e8862b-4ef6-4e9b-8d4e-acde1ef722b5 None None] Subscribe: > network after_delete 55550000, False {{(pid=103775) subscribe /opt/stack/data/venv/lib/python3.12/site-packages/neutron_lib/callbacks/manager.py:52}}
Feb 17 00:54:15.449904 np0000155863 devstack@neutron-api.service[103776]: DEBUG neutron.api.extensions [None req-21f6615f-3468-4554-a2b4-50de711d85bb None None] Loading extension file: network_ip_availability_details.py {{(pid=103776) _load_all_extensions_from_path /opt/stack/neutron/neutron/api/extensions.py:449}}
Feb 17 00:54:15.449977 np0000155863 devstack@neutron-api.service[103775]: DEBUG neutron_lib.callbacks.manager [None req-08e8862b-4ef6-4e9b-8d4e-acde1ef722b5 None None] Subscribe: > security_group after_create 55550000, False {{(pid=103775) subscribe /opt/stack/data/venv/lib/python3.12/site-packages/neutron_lib/callbacks/manager.py:52}}
Feb 17 00:54:15.449977 np0000155863 devstack@neutron-api.service[103775]: DEBUG neutron_lib.callbacks.manager [None req-08e8862b-4ef6-4e9b-8d4e-acde1ef722b5 None None] Subscribe: > security_group after_update 55550000, False {{(pid=103775) subscribe /opt/stack/data/venv/lib/python3.12/site-packages/neutron_lib/callbacks/manager.py:52}}
Feb 17 00:54:15.450073 np0000155863 devstack@neutron-api.service[103774]: DEBUG neutron.api.extensions [None req-1e49726e-c73f-4c2d-97aa-325ff131c747 None None] Ext name="Enforce Router's Admin State Down Before Update Extension" alias="router-admin-state-down-before-update" description="Ensure that the admin state of a router is DOWN (admin_state_up=False) before updating the distributed attribute" updated="2019-07-02T15:56:00" {{(pid=103774) _check_extension /opt/stack/neutron/neutron/api/extensions.py:415}}
Feb 17 00:54:15.450129 np0000155863 devstack@neutron-api.service[103776]: DEBUG neutron.api.extensions [None req-21f6615f-3468-4554-a2b4-50de711d85bb None None] Ext name="Network IP Availability Details Extension" alias="network-ip-availability-details" description="Add ip_availability_details attribute to network-ip-availabilities resource." updated="2025-10-31T00:00:00-00:00" {{(pid=103776) _check_extension /opt/stack/neutron/neutron/api/extensions.py:415}}
Feb 17 00:54:15.450177 np0000155863 devstack@neutron-api.service[103775]: DEBUG neutron_lib.callbacks.manager [None req-08e8862b-4ef6-4e9b-8d4e-acde1ef722b5 None None] Subscribe: > security_group after_delete 55550000, False {{(pid=103775) subscribe /opt/stack/data/venv/lib/python3.12/site-packages/neutron_lib/callbacks/manager.py:52}}
Feb 17 00:54:15.450177 np0000155863 devstack@neutron-api.service[103775]: DEBUG neutron_lib.callbacks.manager [None req-08e8862b-4ef6-4e9b-8d4e-acde1ef722b5 None None] Subscribe: > security_group_rule after_create 55550000, False {{(pid=103775) subscribe /opt/stack/data/venv/lib/python3.12/site-packages/neutron_lib/callbacks/manager.py:52}}
Feb 17 00:54:15.450271 np0000155863 devstack@neutron-api.service[103774]: INFO neutron.api.extensions [None req-1e49726e-c73f-4c2d-97aa-325ff131c747 None None] Extension router-admin-state-down-before-update not supported by any of loaded plugins
Feb 17 00:54:15.450325 np0000155863 devstack@neutron-api.service[103776]: INFO neutron.api.extensions [None req-21f6615f-3468-4554-a2b4-50de711d85bb None None] Loaded extension: network-ip-availability-details
Feb 17 00:54:15.450373 np0000155863 devstack@neutron-api.service[103775]: DEBUG neutron_lib.callbacks.manager [None req-08e8862b-4ef6-4e9b-8d4e-acde1ef722b5 None None] Subscribe: > security_group_rule after_update 55550000, False {{(pid=103775) subscribe /opt/stack/data/venv/lib/python3.12/site-packages/neutron_lib/callbacks/manager.py:52}}
Feb 17 00:54:15.450421 np0000155863 devstack@neutron-api.service[103774]: DEBUG neutron.api.extensions [None req-1e49726e-c73f-4c2d-97aa-325ff131c747 None None] Loading extension file: agent.py {{(pid=103774) _load_all_extensions_from_path /opt/stack/neutron/neutron/api/extensions.py:449}}
Feb 17 00:54:15.450473 np0000155863 devstack@neutron-api.service[103776]: DEBUG neutron.api.extensions [None req-21f6615f-3468-4554-a2b4-50de711d85bb None None] Loading extension file: network_segment_range.py {{(pid=103776) _load_all_extensions_from_path /opt/stack/neutron/neutron/api/extensions.py:449}}
Feb 17 00:54:15.450520 np0000155863 devstack@neutron-api.service[103775]: DEBUG neutron_lib.callbacks.manager [None req-08e8862b-4ef6-4e9b-8d4e-acde1ef722b5 None None] Subscribe: > security_group_rule after_delete 55550000, False {{(pid=103775) subscribe /opt/stack/data/venv/lib/python3.12/site-packages/neutron_lib/callbacks/manager.py:52}}
Feb 17 00:54:15.450520 np0000155863 devstack@neutron-api.service[103775]: DEBUG neutron_lib.callbacks.manager [None req-08e8862b-4ef6-4e9b-8d4e-acde1ef722b5 None None] Subscribe: > address_group after_create 55550000, False {{(pid=103775) subscribe /opt/stack/data/venv/lib/python3.12/site-packages/neutron_lib/callbacks/manager.py:52}}
Feb 17 00:54:15.450520 np0000155863 devstack@neutron-api.service[103775]: DEBUG neutron_lib.callbacks.manager [None req-08e8862b-4ef6-4e9b-8d4e-acde1ef722b5 None None] Subscribe: > address_group after_update 55550000, False {{(pid=103775) subscribe /opt/stack/data/venv/lib/python3.12/site-packages/neutron_lib/callbacks/manager.py:52}}
Feb 17 00:54:15.450645 np0000155863 devstack@neutron-api.service[103774]: DEBUG neutron.api.extensions [None req-1e49726e-c73f-4c2d-97aa-325ff131c747 None None] Ext name="agent" alias="agent" description="The agent management extension." updated="2013-02-03T10:00:00-00:00" {{(pid=103774) _check_extension /opt/stack/neutron/neutron/api/extensions.py:415}}
Feb 17 00:54:15.450694 np0000155863 devstack@neutron-api.service[103776]: DEBUG neutron.api.extensions [None req-21f6615f-3468-4554-a2b4-50de711d85bb None None] Ext name="Neutron Network Segment Range" alias="network-segment-range" description="Provides support for the network segment range management" updated="2018-11-29T00:00:00-00:00" {{(pid=103776) _check_extension /opt/stack/neutron/neutron/api/extensions.py:415}}
Feb 17 00:54:15.450752 np0000155863 devstack@neutron-api.service[103775]: DEBUG neutron_lib.callbacks.manager [None req-08e8862b-4ef6-4e9b-8d4e-acde1ef722b5 None None] Subscribe: > address_group after_delete 55550000, False {{(pid=103775) subscribe /opt/stack/data/venv/lib/python3.12/site-packages/neutron_lib/callbacks/manager.py:52}}
Feb 17 00:54:15.450752 np0000155863 devstack@neutron-api.service[103775]: DEBUG neutron.plugins.ml2.ovo_rpc [None req-08e8862b-4ef6-4e9b-8d4e-acde1ef722b5 None None] ML2 OVO RPC backend initialized. {{(pid=103775) __init__ /opt/stack/neutron/neutron/plugins/ml2/ovo_rpc.py:117}}
Feb 17 00:54:15.450839 np0000155863 devstack@neutron-api.service[103774]: INFO neutron.api.extensions [None req-1e49726e-c73f-4c2d-97aa-325ff131c747 None None] Loaded extension: agent
Feb 17 00:54:15.450894 np0000155863 devstack@neutron-api.service[103776]: INFO neutron.api.extensions [None req-21f6615f-3468-4554-a2b4-50de711d85bb None None] Extension network-segment-range not supported by any of loaded plugins
Feb 17 00:54:15.450965 np0000155863 devstack@neutron-api.service[103774]: DEBUG neutron.api.extensions [None req-1e49726e-c73f-4c2d-97aa-325ff131c747 None None] Loading extension file: agent_resources_synced.py {{(pid=103774) _load_all_extensions_from_path /opt/stack/neutron/neutron/api/extensions.py:449}}
Feb 17 00:54:15.450965 np0000155863 devstack@neutron-api.service[103774]: DEBUG neutron.api.extensions [None req-1e49726e-c73f-4c2d-97aa-325ff131c747 None None] Ext name="Agent's Resource View Synced to Placement" alias="agent-resources-synced" description="Stores success/failure of last sync to Placement" updated="2018-12-19T00:00:00-00:00" {{(pid=103774) _check_extension /opt/stack/neutron/neutron/api/extensions.py:415}}
Feb 17 00:54:15.450965 np0000155863 devstack@neutron-api.service[103774]: INFO neutron.api.extensions [None req-1e49726e-c73f-4c2d-97aa-325ff131c747 None None] Extension agent-resources-synced not supported by any of loaded plugins
Feb 17 00:54:15.451105 np0000155863 devstack@neutron-api.service[103776]: DEBUG neutron.api.extensions [None req-21f6615f-3468-4554-a2b4-50de711d85bb None None] Loading extension file: pagination.py {{(pid=103776) _load_all_extensions_from_path /opt/stack/neutron/neutron/api/extensions.py:449}}
Feb 17 00:54:15.451152 np0000155863 devstack@neutron-api.service[103774]: DEBUG neutron.api.extensions [None req-1e49726e-c73f-4c2d-97aa-325ff131c747 None None] Loading extension file: allowedaddresspairs.py {{(pid=103774) _load_all_extensions_from_path /opt/stack/neutron/neutron/api/extensions.py:449}}
Feb 17 00:54:15.451199 np0000155863 devstack@neutron-api.service[103776]: DEBUG neutron.api.extensions [None req-21f6615f-3468-4554-a2b4-50de711d85bb None None] Ext name="Pagination support" alias="pagination" description="Extension that indicates that pagination is enabled." updated="2016-06-12T00:00:00-00:00" {{(pid=103776) _check_extension /opt/stack/neutron/neutron/api/extensions.py:415}}
Feb 17 00:54:15.451246 np0000155863 devstack@neutron-api.service[103775]: INFO neutron.quota [None req-08e8862b-4ef6-4e9b-8d4e-acde1ef722b5 None None] Loaded quota_driver: .
Feb 17 00:54:15.451299 np0000155863 devstack@neutron-api.service[103776]: INFO neutron.api.extensions [None req-21f6615f-3468-4554-a2b4-50de711d85bb None None] Loaded extension: pagination
Feb 17 00:54:15.451330 np0000155863 devstack@neutron-api.service[103775]: INFO neutron.plugins.ml2.plugin [None req-08e8862b-4ef6-4e9b-8d4e-acde1ef722b5 None None] Modular L2 Plugin initialization complete
Feb 17 00:54:15.451393 np0000155863 devstack@neutron-api.service[103776]: DEBUG neutron.api.extensions [None req-21f6615f-3468-4554-a2b4-50de711d85bb None None] Loading extension file: port_device_profile.py {{(pid=103776) _load_all_extensions_from_path /opt/stack/neutron/neutron/api/extensions.py:449}}
Feb 17 00:54:15.451446 np0000155863 devstack@neutron-api.service[103775]: DEBUG neutron.manager [None req-08e8862b-4ef6-4e9b-8d4e-acde1ef722b5 None None] Loading services supported by the core plugin {{(pid=103775) _load_services_from_core_plugin /opt/stack/neutron/neutron/manager.py:169}}
Feb 17 00:54:15.451446 np0000155863 devstack@neutron-api.service[103775]: INFO neutron.plugins.ml2.managers [None req-08e8862b-4ef6-4e9b-8d4e-acde1ef722b5 None None] Got port-security extension from driver 'port_security'
Feb 17 00:54:15.451594 np0000155863 devstack@neutron-api.service[103776]: DEBUG neutron.api.extensions [None req-21f6615f-3468-4554-a2b4-50de711d85bb None None] Ext name="Port device profile" alias="port-device-profile" description="Expose the port device profile (Cyborg)" updated="2020-12-17T10:00:00-00:00" {{(pid=103776) _check_extension /opt/stack/neutron/neutron/api/extensions.py:415}}
Feb 17 00:54:15.451659 np0000155863 devstack@neutron-api.service[103774]: DEBUG neutron.api.extensions [None req-1e49726e-c73f-4c2d-97aa-325ff131c747 None None] Ext name="Allowed Address Pairs" alias="allowed-address-pairs" description="Provides allowed address pairs" updated="2013-07-23T10:00:00-00:00" {{(pid=103774) _check_extension /opt/stack/neutron/neutron/api/extensions.py:415}}
Feb 17 00:54:15.451723 np0000155863 devstack@neutron-api.service[103776]: INFO neutron.api.extensions [None req-21f6615f-3468-4554-a2b4-50de711d85bb None None] Loaded extension: port-device-profile
Feb 17 00:54:15.451723 np0000155863 devstack@neutron-api.service[103776]: DEBUG neutron.api.extensions [None req-21f6615f-3468-4554-a2b4-50de711d85bb None None] Loading extension file: port_hardware_offload_type.py {{(pid=103776) _load_all_extensions_from_path /opt/stack/neutron/neutron/api/extensions.py:449}}
Feb 17 00:54:15.451813 np0000155863 devstack@neutron-api.service[103774]: INFO neutron.api.extensions [None req-1e49726e-c73f-4c2d-97aa-325ff131c747 None None] Loaded extension: allowed-address-pairs
Feb 17 00:54:15.451845 np0000155863 devstack@neutron-api.service[103775]: DEBUG neutron.manager [None req-08e8862b-4ef6-4e9b-8d4e-acde1ef722b5 None None] Loading service plugins: ['ovn-router', 'auto_allocate', 'tag', 'timestamp', 'network_ip_availability', 'flavors', 'revisions'] {{(pid=103775) _load_service_plugins /opt/stack/neutron/neutron/manager.py:194}}
Feb 17 00:54:15.451901 np0000155863 devstack@neutron-api.service[103774]: DEBUG neutron.api.extensions [None req-1e49726e-c73f-4c2d-97aa-325ff131c747 None None] Loading extension file: auto_allocated_topology.py {{(pid=103774) _load_all_extensions_from_path /opt/stack/neutron/neutron/api/extensions.py:449}}
Feb 17 00:54:15.451983 np0000155863 devstack@neutron-api.service[103775]: INFO neutron.manager [None req-08e8862b-4ef6-4e9b-8d4e-acde1ef722b5 None None] Loading Plugin: ovn-router
Feb 17 00:54:15.452033 np0000155863 devstack@neutron-api.service[103776]: DEBUG neutron.api.extensions [None req-21f6615f-3468-4554-a2b4-50de711d85bb None None] Ext name="Port hardware offload" alias="port-hardware-offload-type" description="Expose port hardware offload extension" updated="2023-05-09T10:00:00-00:00" {{(pid=103776) _check_extension /opt/stack/neutron/neutron/api/extensions.py:415}}
Feb 17 00:54:15.452081 np0000155863 devstack@neutron-api.service[103774]: DEBUG neutron.api.extensions [None req-1e49726e-c73f-4c2d-97aa-325ff131c747 None None] Ext name="Auto Allocated Topology Services" alias="auto-allocated-topology" description="Auto Allocated Topology Services." updated="2016-01-01T00:00:00-00:00" {{(pid=103774) _check_extension /opt/stack/neutron/neutron/api/extensions.py:415}}
Feb 17 00:54:15.452128 np0000155863 devstack@neutron-api.service[103776]: INFO neutron.api.extensions [None req-21f6615f-3468-4554-a2b4-50de711d85bb None None] Extension port-hardware-offload-type not supported by any of loaded plugins
Feb 17 00:54:15.452201 np0000155863 devstack@neutron-api.service[103776]: DEBUG neutron.api.extensions [None req-21f6615f-3468-4554-a2b4-50de711d85bb None None] Loading extension file: port_hint_ovs_tx_steering.py {{(pid=103776) _load_all_extensions_from_path /opt/stack/neutron/neutron/api/extensions.py:449}}
Feb 17 00:54:15.452270 np0000155863 devstack@neutron-api.service[103774]: INFO neutron.api.extensions [None req-1e49726e-c73f-4c2d-97aa-325ff131c747 None None] Loaded extension: auto-allocated-topology
Feb 17 00:54:15.452363 np0000155863 devstack@neutron-api.service[103774]: DEBUG neutron.api.extensions [None req-1e49726e-c73f-4c2d-97aa-325ff131c747 None None] Loading extension file: availability_zone.py {{(pid=103774) _load_all_extensions_from_path /opt/stack/neutron/neutron/api/extensions.py:449}}
Feb 17 00:54:15.452424 np0000155863 devstack@neutron-api.service[103776]: DEBUG neutron.api.extensions [None req-21f6615f-3468-4554-a2b4-50de711d85bb None None] Ext name="Port hint: Open vSwitch Tx steering" alias="port-hint-ovs-tx-steering" description="Enable Port hint: Open vSwitch Tx steering" updated="2023-01-01T00:00:00-00:00" {{(pid=103776) _check_extension /opt/stack/neutron/neutron/api/extensions.py:415}}
Feb 17 00:54:15.452599 np0000155863 devstack@neutron-api.service[103776]: INFO neutron.api.extensions [None req-21f6615f-3468-4554-a2b4-50de711d85bb None None] Extension port-hint-ovs-tx-steering not supported by any of loaded plugins
Feb 17 00:54:15.452639 np0000155863 devstack@neutron-api.service[103774]: DEBUG neutron.api.extensions [None req-1e49726e-c73f-4c2d-97aa-325ff131c747 None None] Ext name="Availability Zone" alias="availability_zone" description="The availability zone extension." updated="2015-01-01T10:00:00-00:00" {{(pid=103774) _check_extension /opt/stack/neutron/neutron/api/extensions.py:415}}
Feb 17 00:54:15.452672 np0000155863 devstack@neutron-api.service[103776]: DEBUG neutron.api.extensions [None req-21f6615f-3468-4554-a2b4-50de711d85bb None None] Loading extension file: port_hints.py {{(pid=103776) _load_all_extensions_from_path /opt/stack/neutron/neutron/api/extensions.py:449}}
Feb 17 00:54:15.452821 np0000155863 devstack@neutron-api.service[103774]: INFO neutron.api.extensions [None req-1e49726e-c73f-4c2d-97aa-325ff131c747 None None] Loaded extension: availability_zone
Feb 17 00:54:15.452902 np0000155863 devstack@neutron-api.service[103776]: DEBUG neutron.api.extensions [None req-21f6615f-3468-4554-a2b4-50de711d85bb None None] Ext name="Port hints" alias="port-hints" description="Backend specific port hints to allow backend specific tuning" updated="2023-01-01T00:00:00-00:00" {{(pid=103776) _check_extension /opt/stack/neutron/neutron/api/extensions.py:415}}
Feb 17 00:54:15.452963 np0000155863 devstack@neutron-api.service[103774]: DEBUG neutron.api.extensions [None req-1e49726e-c73f-4c2d-97aa-325ff131c747 None None] Loading extension file: availability_zone_filter.py {{(pid=103774) _load_all_extensions_from_path /opt/stack/neutron/neutron/api/extensions.py:449}}
Feb 17 00:54:15.453090 np0000155863 devstack@neutron-api.service[103776]: INFO neutron.api.extensions [None req-21f6615f-3468-4554-a2b4-50de711d85bb None None] Extension port-hints not supported by any of loaded plugins
Feb 17 00:54:15.453165 np0000155863 devstack@neutron-api.service[103774]: DEBUG neutron.api.extensions [None req-1e49726e-c73f-4c2d-97aa-325ff131c747 None None] Ext name="Availability Zone Filter Extension" alias="availability_zone_filter" description="Add filter parameters to AvailabilityZone resource" updated="2018-06-22T10:00:00-00:00" {{(pid=103774) _check_extension /opt/stack/neutron/neutron/api/extensions.py:415}}
Feb 17 00:54:15.453209 np0000155863 devstack@neutron-api.service[103776]: DEBUG neutron.api.extensions [None req-21f6615f-3468-4554-a2b4-50de711d85bb None None] Loading extension file: port_mac_address_override.py {{(pid=103776) _load_all_extensions_from_path /opt/stack/neutron/neutron/api/extensions.py:449}}
Feb 17 00:54:15.453341 np0000155863 devstack@neutron-api.service[103774]: INFO neutron.api.extensions [None req-1e49726e-c73f-4c2d-97aa-325ff131c747 None None] Extension availability_zone_filter not supported by any of loaded plugins
Feb 17 00:54:15.453399 np0000155863 devstack@neutron-api.service[103776]: DEBUG neutron.api.extensions [None req-21f6615f-3468-4554-a2b4-50de711d85bb None None] Ext name="Neutron Port MAC address override" alias="port-mac-override" description="Allow overriding the MAC address of a direct-physical Port via the active binding profile" updated="2022-03-18T10:00:00-00:00" {{(pid=103776) _check_extension /opt/stack/neutron/neutron/api/extensions.py:415}}
Feb 17 00:54:15.453432 np0000155863 devstack@neutron-api.service[103774]: DEBUG neutron.api.extensions [None req-1e49726e-c73f-4c2d-97aa-325ff131c747 None None] Loading extension file: data_plane_status.py {{(pid=103774) _load_all_extensions_from_path /opt/stack/neutron/neutron/api/extensions.py:449}}
Feb 17 00:54:15.453559 np0000155863 devstack@neutron-api.service[103776]: INFO neutron.api.extensions [None req-21f6615f-3468-4554-a2b4-50de711d85bb None None] Extension port-mac-override not supported by any of loaded plugins
Feb 17 00:54:15.453649 np0000155863 devstack@neutron-api.service[103776]: DEBUG neutron.api.extensions [None req-21f6615f-3468-4554-a2b4-50de711d85bb None None] Loading extension file: port_mac_address_regenerate.py {{(pid=103776) _load_all_extensions_from_path /opt/stack/neutron/neutron/api/extensions.py:449}}
Feb 17 00:54:15.453686 np0000155863 devstack@neutron-api.service[103774]: DEBUG neutron.api.extensions [None req-1e49726e-c73f-4c2d-97aa-325ff131c747 None None] Ext name="Port data plane status extension" alias="data-plane-status" description="Expose status of underlying data plane" updated="2017-01-24T10:00:00-00:00" {{(pid=103774) _check_extension /opt/stack/neutron/neutron/api/extensions.py:415}}
Feb 17 00:54:15.453827 np0000155863 devstack@neutron-api.service[103774]: INFO neutron.api.extensions [None req-1e49726e-c73f-4c2d-97aa-325ff131c747 None None] Extension data-plane-status not supported by any of loaded plugins
Feb 17 00:54:15.453872 np0000155863 devstack@neutron-api.service[103776]: DEBUG neutron.api.extensions [None req-21f6615f-3468-4554-a2b4-50de711d85bb None None] Ext name="Neutron Port MAC address regenerate" alias="port-mac-address-regenerate" description="Network port MAC address regenerate" updated="2018-05-03T10:00:00-00:00" {{(pid=103776) _check_extension /opt/stack/neutron/neutron/api/extensions.py:415}}
Feb 17 00:54:15.453963 np0000155863 devstack@neutron-api.service[103774]: DEBUG neutron.api.extensions [None req-1e49726e-c73f-4c2d-97aa-325ff131c747 None None] Loading extension file: default_subnetpools.py {{(pid=103774) _load_all_extensions_from_path /opt/stack/neutron/neutron/api/extensions.py:449}}
Feb 17 00:54:15.454053 np0000155863 devstack@neutron-api.service[103776]: INFO neutron.api.extensions [None req-21f6615f-3468-4554-a2b4-50de711d85bb None None] Loaded extension: port-mac-address-regenerate
Feb 17 00:54:15.454143 np0000155863 devstack@neutron-api.service[103776]: DEBUG neutron.api.extensions [None req-21f6615f-3468-4554-a2b4-50de711d85bb None None] Loading extension file: port_numa_affinity_policy.py {{(pid=103776) _load_all_extensions_from_path /opt/stack/neutron/neutron/api/extensions.py:449}}
Feb 17 00:54:15.454224 np0000155863 devstack@neutron-api.service[103774]: DEBUG neutron.api.extensions [None req-1e49726e-c73f-4c2d-97aa-325ff131c747 None None] Ext name="Default Subnetpools" alias="default-subnetpools" description="Provides ability to mark and use a subnetpool as the default." updated="2016-02-18T18:00:00-00:00" {{(pid=103774) _check_extension /opt/stack/neutron/neutron/api/extensions.py:415}}
Feb 17 00:54:15.454360 np0000155863 devstack@neutron-api.service[103776]: DEBUG neutron.api.extensions [None req-21f6615f-3468-4554-a2b4-50de711d85bb None None] Ext name="Port NUMA affinity policy" alias="port-numa-affinity-policy" description="Expose the port NUMA affinity policy" updated="2020-07-08T10:00:00-00:00" {{(pid=103776) _check_extension /opt/stack/neutron/neutron/api/extensions.py:415}}
Feb 17 00:54:15.454394 np0000155863 devstack@neutron-api.service[103774]: INFO neutron.api.extensions [None req-1e49726e-c73f-4c2d-97aa-325ff131c747 None None] Loaded extension: default-subnetpools
Feb 17 00:54:15.454489 np0000155863 devstack@neutron-api.service[103774]: DEBUG neutron.api.extensions [None req-1e49726e-c73f-4c2d-97aa-325ff131c747 None None] Loading extension file: dhcpagentscheduler.py {{(pid=103774) _load_all_extensions_from_path /opt/stack/neutron/neutron/api/extensions.py:449}}
Feb 17 00:54:15.454531 np0000155863 devstack@neutron-api.service[103776]: INFO neutron.api.extensions [None req-21f6615f-3468-4554-a2b4-50de711d85bb None None] Loaded extension: port-numa-affinity-policy
Feb 17 00:54:15.454613 np0000155863 devstack@neutron-api.service[103776]: DEBUG neutron.api.extensions [None req-21f6615f-3468-4554-a2b4-50de711d85bb None None] Loading extension file: port_numa_affinity_policy_socket.py {{(pid=103776) _load_all_extensions_from_path /opt/stack/neutron/neutron/api/extensions.py:449}}
Feb 17 00:54:15.454832 np0000155863 devstack@neutron-api.service[103776]: DEBUG neutron.api.extensions [None req-21f6615f-3468-4554-a2b4-50de711d85bb None None] Ext name="Port NUMA affinity policy "socket"" alias="port-numa-affinity-policy-socket" description="Adds "socket" to the supported port NUMA affinity policies" updated="2024-02-09T10:00:00-00:00" {{(pid=103776) _check_extension /opt/stack/neutron/neutron/api/extensions.py:415}}
Feb 17 00:54:15.454868 np0000155863 devstack@neutron-api.service[103774]: DEBUG neutron.api.extensions [None req-1e49726e-c73f-4c2d-97aa-325ff131c747 None None] Ext name="DHCP Agent Scheduler" alias="dhcp_agent_scheduler" description="Schedule networks among dhcp agents" updated="2013-02-07T10:00:00-00:00" {{(pid=103774) _check_extension /opt/stack/neutron/neutron/api/extensions.py:415}}
Feb 17 00:54:15.455016 np0000155863 devstack@neutron-api.service[103776]: INFO neutron.api.extensions [None req-21f6615f-3468-4554-a2b4-50de711d85bb None None] Loaded extension: port-numa-affinity-policy-socket
Feb 17 00:54:15.455052 np0000155863 devstack@neutron-api.service[103774]: INFO neutron.api.extensions [None req-1e49726e-c73f-4c2d-97aa-325ff131c747 None None] Loaded extension: dhcp_agent_scheduler
Feb 17 00:54:15.455095 np0000155863 devstack@neutron-api.service[103776]: DEBUG neutron.api.extensions [None req-21f6615f-3468-4554-a2b4-50de711d85bb None None] Loading extension file: port_resource_request.py {{(pid=103776) _load_all_extensions_from_path /opt/stack/neutron/neutron/api/extensions.py:449}}
Feb 17 00:54:15.455124 np0000155863 devstack@neutron-api.service[103774]: DEBUG neutron.api.extensions [None req-1e49726e-c73f-4c2d-97aa-325ff131c747 None None] Loading extension file: dns.py {{(pid=103774) _load_all_extensions_from_path /opt/stack/neutron/neutron/api/extensions.py:449}}
Feb 17 00:54:15.455186 np0000155863 devstack@neutron-api.service[103773]: [pid: 103773|app: 0|req: 1/1] 199.204.45.248 () {62 vars in 988 bytes} [Tue Feb 17 00:54:15 2026] GET /networking => generated 130 bytes in 4 msecs (HTTP/1.1 200) 3 headers in 91 bytes (1 switches on core 0)
Feb 17 00:54:15.455429 np0000155863 devstack@neutron-api.service[103774]: DEBUG neutron.api.extensions [None req-1e49726e-c73f-4c2d-97aa-325ff131c747 None None] Ext name="DNS Integration" alias="dns-integration" description="Provides integration with DNS." updated="2015-08-15T18:00:00-00:00" {{(pid=103774) _check_extension /opt/stack/neutron/neutron/api/extensions.py:415}}
Feb 17 00:54:15.455570 np0000155863 devstack@neutron-api.service[103774]: INFO neutron.api.extensions [None req-1e49726e-c73f-4c2d-97aa-325ff131c747 None None] Loaded extension: dns-integration
Feb 17 00:54:15.455664 np0000155863 devstack@neutron-api.service[103776]: DEBUG neutron.api.extensions [None req-21f6615f-3468-4554-a2b4-50de711d85bb None None] Ext name="Port Resource Request" alias="port-resource-request" description="Expose resource request to Port" updated="2018-05-08T10:00:00-00:00" {{(pid=103776) _check_extension /opt/stack/neutron/neutron/api/extensions.py:415}}
Feb 17 00:54:15.455706 np0000155863 devstack@neutron-api.service[103774]: DEBUG neutron.api.extensions [None req-1e49726e-c73f-4c2d-97aa-325ff131c747 None None] Loading extension file: dns_domain_ports.py {{(pid=103774) _load_all_extensions_from_path /opt/stack/neutron/neutron/api/extensions.py:449}}
Feb 17 00:54:15.456030 np0000155863 devstack@neutron-api.service[103776]: INFO neutron.api.extensions [None req-21f6615f-3468-4554-a2b4-50de711d85bb None None] Extension port-resource-request not supported by any of loaded plugins
Feb 17 00:54:15.456069 np0000155863 devstack@neutron-api.service[103774]: DEBUG neutron.api.extensions [None req-1e49726e-c73f-4c2d-97aa-325ff131c747 None None] Ext name="dns_domain for ports" alias="dns-domain-ports" description="Allows the DNS domain to be specified for a network port." updated="2017-04-24T10:00:00-00:00" {{(pid=103774) _check_extension /opt/stack/neutron/neutron/api/extensions.py:415}}
Feb 17 00:54:15.456132 np0000155863 devstack@neutron-api.service[103776]: DEBUG neutron.api.extensions [None req-21f6615f-3468-4554-a2b4-50de711d85bb None None] Loading extension file: port_resource_request_groups.py {{(pid=103776) _load_all_extensions_from_path /opt/stack/neutron/neutron/api/extensions.py:449}}
Feb 17 00:54:15.456237 np0000155863 devstack@neutron-api.service[103774]: INFO neutron.api.extensions [None req-1e49726e-c73f-4c2d-97aa-325ff131c747 None None] Loaded extension: dns-domain-ports
Feb 17 00:54:15.456331 np0000155863 devstack@neutron-api.service[103774]: DEBUG neutron.api.extensions [None req-1e49726e-c73f-4c2d-97aa-325ff131c747 None None] Loading extension file: dns_integration_domain_keywords.py {{(pid=103774) _load_all_extensions_from_path /opt/stack/neutron/neutron/api/extensions.py:449}}
Feb 17 00:54:15.456366 np0000155863 devstack@neutron-api.service[103776]: DEBUG neutron.api.extensions [None req-21f6615f-3468-4554-a2b4-50de711d85bb None None] Ext name="Port Resource Request Groups" alias="port-resource-request-groups" description="Support requesting multiple groups of resources and traits from the same RP subtree in resource_request" updated="2021-08-02T10:00:00-00:00" {{(pid=103776) _check_extension /opt/stack/neutron/neutron/api/extensions.py:415}}
Feb 17 00:54:15.456522 np0000155863 devstack@neutron-api.service[103776]: INFO neutron.api.extensions [None req-21f6615f-3468-4554-a2b4-50de711d85bb None None] Extension port-resource-request-groups not supported by any of loaded plugins
Feb 17 00:54:15.456558 np0000155863 devstack@neutron-api.service[103774]: DEBUG neutron.api.extensions [None req-1e49726e-c73f-4c2d-97aa-325ff131c747 None None] Ext name="DNS domain names with keywords allowed" alias="dns-integration-domain-keywords" description="Allows to use keywords like , , and as DNS domain name" updated="2020-06-15T18:00:00-00:00" {{(pid=103774) _check_extension /opt/stack/neutron/neutron/api/extensions.py:415}}
Feb 17 00:54:15.456616 np0000155863 devstack@neutron-api.service[103776]: DEBUG neutron.api.extensions [None req-21f6615f-3468-4554-a2b4-50de711d85bb None None] Loading extension file: port_trusted_vif.py {{(pid=103776) _load_all_extensions_from_path /opt/stack/neutron/neutron/api/extensions.py:449}}
Feb 17 00:54:15.456778 np0000155863 devstack@neutron-api.service[103774]: INFO neutron.api.extensions [None req-1e49726e-c73f-4c2d-97aa-325ff131c747 None None] Loaded extension: dns-integration-domain-keywords
Feb 17 00:54:15.456855 np0000155863 devstack@neutron-api.service[103776]: DEBUG neutron.api.extensions [None req-21f6615f-3468-4554-a2b4-50de711d85bb None None] Ext name="Port trusted vif" alias="port-trusted-vif" description="Expose port 'trusted' attribute in the API" updated="2024-07-10T10:00:00-00:00" {{(pid=103776) _check_extension /opt/stack/neutron/neutron/api/extensions.py:415}}
Feb 17 00:54:15.457221 np0000155863 devstack@neutron-api.service[103774]: DEBUG neutron.api.extensions [None req-1e49726e-c73f-4c2d-97aa-325ff131c747 None None] Loading extension file: dvr.py {{(pid=103774) _load_all_extensions_from_path /opt/stack/neutron/neutron/api/extensions.py:449}}
Feb 17 00:54:15.457268 np0000155863 devstack@neutron-api.service[103776]: INFO neutron.api.extensions [None req-21f6615f-3468-4554-a2b4-50de711d85bb None None] Extension port-trusted-vif not supported by any of loaded plugins
Feb 17 00:54:15.457268 np0000155863 devstack@neutron-api.service[103776]: DEBUG neutron.api.extensions [None req-21f6615f-3468-4554-a2b4-50de711d85bb None None] Loading extension file: portbindings.py {{(pid=103776) _load_all_extensions_from_path /opt/stack/neutron/neutron/api/extensions.py:449}}
Feb 17 00:54:15.457336 np0000155863 devstack@neutron-api.service[103774]: DEBUG neutron.api.extensions [None req-1e49726e-c73f-4c2d-97aa-325ff131c747 None None] Ext name="Distributed Virtual Router" alias="dvr" description="Enables configuration of Distributed Virtual Routers." updated="2014-06-1T10:00:00-00:00" {{(pid=103774) _check_extension /opt/stack/neutron/neutron/api/extensions.py:415}}
Feb 17 00:54:15.457336 np0000155863 devstack@neutron-api.service[103774]: INFO neutron.api.extensions [None req-1e49726e-c73f-4c2d-97aa-325ff131c747 None None] Extension dvr not supported by any of loaded plugins
Feb 17 00:54:15.457419 np0000155863 devstack@neutron-api.service[103776]: DEBUG neutron.api.extensions [None req-21f6615f-3468-4554-a2b4-50de711d85bb None None] Ext name="Port Binding" alias="binding" description="Expose port bindings of a virtual port to external application" updated="2014-02-03T10:00:00-00:00" {{(pid=103776) _check_extension /opt/stack/neutron/neutron/api/extensions.py:415}}
Feb 17 00:54:15.457458 np0000155863 devstack@neutron-api.service[103774]: DEBUG neutron.api.extensions [None req-1e49726e-c73f-4c2d-97aa-325ff131c747 None None] Loading extension file: ecmp_routes.py {{(pid=103774) _load_all_extensions_from_path /opt/stack/neutron/neutron/api/extensions.py:449}}
Feb 17 00:54:15.457502 np0000155863 devstack@neutron-api.service[103776]: INFO neutron.api.extensions [None req-21f6615f-3468-4554-a2b4-50de711d85bb None None] Loaded extension: binding
Feb 17 00:54:15.457580 np0000155863 devstack@neutron-api.service[103776]: DEBUG neutron.api.extensions [None req-21f6615f-3468-4554-a2b4-50de711d85bb None None] Loading extension file: portbindings_extended.py {{(pid=103776) _load_all_extensions_from_path /opt/stack/neutron/neutron/api/extensions.py:449}}
Feb 17 00:54:15.457640 np0000155863 devstack@neutron-api.service[103774]: DEBUG neutron.api.extensions [None req-1e49726e-c73f-4c2d-97aa-325ff131c747 None None] Ext name="Equal Cost Multipath Routing" alias="ecmp_routes" description="Allows traffic to reach thesame destination via multiple different links " updated="2020-11-26T18:00:00-00:00" {{(pid=103774) _check_extension /opt/stack/neutron/neutron/api/extensions.py:415}}
Feb 17 00:54:15.457802 np0000155863 devstack@neutron-api.service[103774]: INFO neutron.api.extensions [None req-1e49726e-c73f-4c2d-97aa-325ff131c747 None None] Extension ecmp_routes not supported by any of loaded plugins
Feb 17 00:54:15.457862 np0000155863 devstack@neutron-api.service[103776]: DEBUG neutron.api.extensions [None req-21f6615f-3468-4554-a2b4-50de711d85bb None None] Ext name="Port Bindings Extended" alias="binding-extended" description="Expose port bindings of a virtual port to external application" updated="2017-07-17T10:00:00-00:00" {{(pid=103776) _check_extension /opt/stack/neutron/neutron/api/extensions.py:415}}
Feb 17 00:54:15.457912 np0000155863 devstack@neutron-api.service[103774]: DEBUG neutron.api.extensions [None req-1e49726e-c73f-4c2d-97aa-325ff131c747 None None] Loading extension file: empty_string_filtering.py {{(pid=103774) _load_all_extensions_from_path /opt/stack/neutron/neutron/api/extensions.py:449}}
Feb 17 00:54:15.458007 np0000155863 devstack@neutron-api.service[103776]: INFO neutron.api.extensions [None req-21f6615f-3468-4554-a2b4-50de711d85bb None None] Loaded extension: binding-extended
Feb 17 00:54:15.458099 np0000155863 devstack@neutron-api.service[103776]: DEBUG neutron.api.extensions [None req-21f6615f-3468-4554-a2b4-50de711d85bb None None] Loading extension file: portsecurity.py {{(pid=103776) _load_all_extensions_from_path /opt/stack/neutron/neutron/api/extensions.py:449}}
Feb 17 00:54:15.458150 np0000155863 devstack@neutron-api.service[103774]: DEBUG neutron.api.extensions [None req-1e49726e-c73f-4c2d-97aa-325ff131c747 None None] Ext name="Empty String Filtering Extension" alias="empty-string-filtering" description="Allow filtering by attributes with empty string value" updated="2018-05-01T10:00:00-00:00" {{(pid=103774) _check_extension /opt/stack/neutron/neutron/api/extensions.py:415}}
Feb 17 00:54:15.458311 np0000155863 devstack@neutron-api.service[103774]: INFO neutron.api.extensions [None req-1e49726e-c73f-4c2d-97aa-325ff131c747 None None] Loaded extension: empty-string-filtering
Feb 17 00:54:15.458358 np0000155863 devstack@neutron-api.service[103776]: DEBUG neutron.api.extensions [None req-21f6615f-3468-4554-a2b4-50de711d85bb None None] Ext name="Port Security" alias="port-security" description="Provides port security" updated="2012-07-23T10:00:00-00:00" {{(pid=103776) _check_extension /opt/stack/neutron/neutron/api/extensions.py:415}}
Feb 17 00:54:15.458408 np0000155863 devstack@neutron-api.service[103774]: DEBUG neutron.api.extensions [None req-1e49726e-c73f-4c2d-97aa-325ff131c747 None None] Loading extension file: expose_l3_conntrack_helper.py {{(pid=103774) _load_all_extensions_from_path /opt/stack/neutron/neutron/api/extensions.py:449}}
Feb 17 00:54:15.458486 np0000155863 devstack@neutron-api.service[103776]: INFO neutron.api.extensions [None req-21f6615f-3468-4554-a2b4-50de711d85bb None None] Loaded extension: port-security
Feb 17 00:54:15.458576 np0000155863 devstack@neutron-api.service[103776]: DEBUG neutron.api.extensions [None req-21f6615f-3468-4554-a2b4-50de711d85bb None None] Loading extension file: project_id.py {{(pid=103776) _load_all_extensions_from_path /opt/stack/neutron/neutron/api/extensions.py:449}}
Feb 17 00:54:15.458626 np0000155863 devstack@neutron-api.service[103774]: DEBUG neutron.api.extensions [None req-1e49726e-c73f-4c2d-97aa-325ff131c747 None None] Ext name="Expose CT target rules for conntrack helper" alias="expose-l3-conntrack-helper" description="Expose allow adding CT target rules for conntrack helper" updated="2019-04-04T10:00:00-00:00" {{(pid=103774) _check_extension /opt/stack/neutron/neutron/api/extensions.py:415}}
Feb 17 00:54:15.458797 np0000155863 devstack@neutron-api.service[103774]: INFO neutron.api.extensions [None req-1e49726e-c73f-4c2d-97aa-325ff131c747 None None] Extension expose-l3-conntrack-helper not supported by any of loaded plugins
Feb 17 00:54:15.458861 np0000155863 devstack@neutron-api.service[103776]: DEBUG neutron.api.extensions [None req-21f6615f-3468-4554-a2b4-50de711d85bb None None] Ext name="project_id field enabled" alias="project-id" description="Extension that indicates that project_id field is enabled." updated="2016-09-09T09:09:09-09:09" {{(pid=103776) _check_extension /opt/stack/neutron/neutron/api/extensions.py:415}}
Feb 17 00:54:15.458917 np0000155863 devstack@neutron-api.service[103774]: DEBUG neutron.api.extensions [None req-1e49726e-c73f-4c2d-97aa-325ff131c747 None None] Loading extension file: expose_port_forwarding_in_fip.py {{(pid=103774) _load_all_extensions_from_path /opt/stack/neutron/neutron/api/extensions.py:449}}
Feb 17 00:54:15.458986 np0000155863 devstack@neutron-api.service[103776]: INFO neutron.api.extensions [None req-21f6615f-3468-4554-a2b4-50de711d85bb None None] Loaded extension: project-id
Feb 17 00:54:15.458986 np0000155863 devstack@neutron-api.service[103776]: DEBUG neutron.api.extensions [None req-21f6615f-3468-4554-a2b4-50de711d85bb None None] Loading extension file: providernet.py {{(pid=103776) _load_all_extensions_from_path /opt/stack/neutron/neutron/api/extensions.py:449}}
