+ COMMAND=start + start + for KEYSTONE_WSGI_SCRIPT in keystone-wsgi-public ++ type -p keystone-wsgi-public + cp -a /var/lib/openstack/bin/keystone-wsgi-public /var/www/cgi-bin/keystone/ + '[' -f /etc/apache2/envvars ']' + source /etc/apache2/envvars ++ unset HOME ++ '[' '' '!=' '' ']' ++ SUFFIX= ++ export APACHE_RUN_USER=www-data ++ APACHE_RUN_USER=www-data ++ export APACHE_RUN_GROUP=www-data ++ APACHE_RUN_GROUP=www-data ++ export APACHE_PID_FILE=/var/run/apache2/apache2.pid ++ APACHE_PID_FILE=/var/run/apache2/apache2.pid ++ export APACHE_RUN_DIR=/var/run/apache2 ++ APACHE_RUN_DIR=/var/run/apache2 ++ export APACHE_LOCK_DIR=/var/lock/apache2 ++ APACHE_LOCK_DIR=/var/lock/apache2 ++ export APACHE_LOG_DIR=/var/log/apache2 ++ APACHE_LOG_DIR=/var/log/apache2 ++ export LANG=C ++ LANG=C ++ export LANG + '[' -f /var/run/apache2/apache2.pid ']' + exec apache2 -DFOREGROUND AH00558: apache2: Could not reliably determine the server's fully qualified domain name, using 10.0.0.207. Set the 'ServerName' directive globally to suppress this message AH00558: apache2: Could not reliably determine the server's fully qualified domain name, using 10.0.0.207. Set the 'ServerName' directive globally to suppress this message
[Tue Jun 30 22:28:28.646819 2026] [mpm_event:notice] [pid 1:tid 140432875435904] AH00489: Apache/2.4.58 (Ubuntu) mod_wsgi/5.0.0 Python/3.12 configured -- resuming normal operations
[Tue Jun 30 22:28:28.647141 2026] [core:notice] [pid 1:tid 140432875435904] AH00094: Command line: 'apache2 -D FOREGROUND'
[Tue Jun 30 22:29:29.624981 2026] [wsgi:error] [pid 9:tid 140432238663360] /var/lib/openstack/lib/python3.12/site-packages/oslo_utils/importutils.py:77: EventletDeprecationWarning:
[Tue Jun 30 22:29:29.625023 2026] [wsgi:error] [pid 9:tid 140432238663360] Eventlet is deprecated. It is currently being maintained in bugfix mode, and
[Tue Jun 30 22:29:29.625025 2026] [wsgi:error] [pid 9:tid 140432238663360] we strongly recommend against using it for new projects.
[Tue Jun 30 22:29:29.625026 2026] [wsgi:error] [pid 9:tid 140432238663360]
[Tue Jun 30 22:29:29.625027 2026] [wsgi:error] [pid 9:tid 140432238663360] If you are already using Eventlet, we recommend migrating to a different
[Tue Jun 30 22:29:29.625029 2026] [wsgi:error] [pid 9:tid 140432238663360] framework. For more detail see
[Tue Jun 30 22:29:29.625030 2026] [wsgi:error] [pid 9:tid 140432238663360] https://eventlet.readthedocs.io/en/latest/asyncio/migration.html
[Tue Jun 30 22:29:29.625031 2026] [wsgi:error] [pid 9:tid 140432238663360]
[Tue Jun 30 22:29:29.625032 2026] [wsgi:error] [pid 9:tid 140432238663360] __import__(import_str)
[Tue Jun 30 22:29:29.645236 2026] [wsgi:error] [pid 10:tid 140432238663360] /var/lib/openstack/lib/python3.12/site-packages/oslo_utils/importutils.py:77: EventletDeprecationWarning:
[Tue Jun 30 22:29:29.645283 2026] [wsgi:error] [pid 10:tid 140432238663360] Eventlet is deprecated. It is currently being maintained in bugfix mode, and
[Tue Jun 30 22:29:29.645285 2026] [wsgi:error] [pid 10:tid 140432238663360] we strongly recommend against using it for new projects.
[Tue Jun 30 22:29:29.645286 2026] [wsgi:error] [pid 10:tid 140432238663360]
[Tue Jun 30 22:29:29.645288 2026] [wsgi:error] [pid 10:tid 140432238663360] If you are already using Eventlet, we recommend migrating to a different
[Tue Jun 30 22:29:29.645289 2026] [wsgi:error] [pid 10:tid 140432238663360] framework. For more detail see
[Tue Jun 30 22:29:29.645290 2026] [wsgi:error] [pid 10:tid 140432238663360] https://eventlet.readthedocs.io/en/latest/asyncio/migration.html
[Tue Jun 30 22:29:29.645291 2026] [wsgi:error] [pid 10:tid 140432238663360]
[Tue Jun 30 22:29:29.645292 2026] [wsgi:error] [pid 10:tid 140432238663360] __import__(import_str) 10.0.0.17 - - [30/Jun/2026:22:29:28 +0000] "GET /v3/ HTTP/1.1" 200 250 10.0.0.17 - - [30/Jun/2026:22:29:28 +0000] "GET /v3/ HTTP/1.1" 200 250
[Tue Jun 30 22:29:35.087820 2026] [wsgi:error] [pid 12:tid 140432238663360] /var/lib/openstack/lib/python3.12/site-packages/oslo_utils/importutils.py:77: EventletDeprecationWarning:
[Tue Jun 30 22:29:35.087864 2026] [wsgi:error] [pid 12:tid 140432238663360] Eventlet is deprecated. It is currently being maintained in bugfix mode, and
[Tue Jun 30 22:29:35.087865 2026] [wsgi:error] [pid 12:tid 140432238663360] we strongly recommend against using it for new projects.
[Tue Jun 30 22:29:35.087867 2026] [wsgi:error] [pid 12:tid 140432238663360]
[Tue Jun 30 22:29:35.087868 2026] [wsgi:error] [pid 12:tid 140432238663360] If you are already using Eventlet, we recommend migrating to a different
[Tue Jun 30 22:29:35.087869 2026] [wsgi:error] [pid 12:tid 140432238663360] framework. For more detail see
[Tue Jun 30 22:29:35.087870 2026] [wsgi:error] [pid 12:tid 140432238663360] https://eventlet.readthedocs.io/en/latest/asyncio/migration.html
[Tue Jun 30 22:29:35.087871 2026] [wsgi:error] [pid 12:tid 140432238663360]
[Tue Jun 30 22:29:35.087872 2026] [wsgi:error] [pid 12:tid 140432238663360] __import__(import_str) 10.0.0.17 - - [30/Jun/2026:22:29:34 +0000] "GET /v3/ HTTP/1.1" 200 250
[Tue Jun 30 22:29:41.905937 2026] [wsgi:error] [pid 11:tid 140432238663360] /var/lib/openstack/lib/python3.12/site-packages/oslo_utils/importutils.py:77: EventletDeprecationWarning:
[Tue Jun 30 22:29:41.905970 2026] [wsgi:error] [pid 11:tid 140432238663360] Eventlet is deprecated. It is currently being maintained in bugfix mode, and
[Tue Jun 30 22:29:41.905972 2026] [wsgi:error] [pid 11:tid 140432238663360] we strongly recommend against using it for new projects.
[Tue Jun 30 22:29:41.905974 2026] [wsgi:error] [pid 11:tid 140432238663360]
[Tue Jun 30 22:29:41.905976 2026] [wsgi:error] [pid 11:tid 140432238663360] If you are already using Eventlet, we recommend migrating to a different
[Tue Jun 30 22:29:41.905977 2026] [wsgi:error] [pid 11:tid 140432238663360] framework. For more detail see
[Tue Jun 30 22:29:41.905979 2026] [wsgi:error] [pid 11:tid 140432238663360] https://eventlet.readthedocs.io/en/latest/asyncio/migration.html
[Tue Jun 30 22:29:41.905981 2026] [wsgi:error] [pid 11:tid 140432238663360]
[Tue Jun 30 22:29:41.905982 2026] [wsgi:error] [pid 11:tid 140432238663360] __import__(import_str) 10.0.0.105 - - [30/Jun/2026:22:29:41 +0000] "GET / HTTP/1.1" 300 295
[Tue Jun 30 22:29:46.672428 2026] [wsgi:error] [pid 10:tid 140432238663360] [remote 10.0.0.105:50450] 2026-06-30 22:29:46.668 10 WARNING keystone.identity.core [None req-c84af224-c267-4f9a-99f3-033318b254cd - - - - - -] Invalid domain name (atmosphere) found in config file name: keystone.exception.DomainNotFound: Could not find domain: atmosphere.
[Tue Jun 30 22:29:46.738174 2026] [wsgi:error] [pid 10:tid 140432238663360] [remote 10.0.0.105:50450] 2026-06-30 22:29:46.737 10 WARNING keystone.common.password_hashing [None req-c84af224-c267-4f9a-99f3-033318b254cd - - - - - -] Truncating password to algorithm specific maximum length 72 characters.
[Tue Jun 30 22:29:47.038978 2026] [wsgi:error] [pid 10:tid 140432238663360] [remote 10.0.0.105:50450] 2026-06-30 22:29:47.038 10 WARNING keystone.common.fernet_utils [None req-c84af224-c267-4f9a-99f3-033318b254cd - - - - - -] key_repository is world readable: /etc/keystone/fernet-keys/ 10.0.0.105 - - [30/Jun/2026:22:29:46 +0000] "POST /v3/auth/tokens HTTP/1.1" 201 1360
[Tue Jun 30 22:29:47.419245 2026] [wsgi:error] [pid 9:tid 140432238663360] [remote 10.0.0.105:50450] 2026-06-30 22:29:47.416 9 WARNING keystone.identity.core [None req-4013b822-652d-4a05-9d36-6dc62a1997b0 - - - - - -] Invalid domain name (atmosphere) found in config file name: keystone.exception.DomainNotFound: Could not find domain: atmosphere. 10.0.0.105 - - [30/Jun/2026:22:29:47 +0000] "POST /v3/domains HTTP/1.1" 201 261 10.0.0.47 - - [30/Jun/2026:22:30:00 +0000] "GET / HTTP/1.1" 300 295
[Tue Jun 30 22:30:00.574002 2026] [wsgi:error] [pid 11:tid 140432238663360] [remote 10.0.0.47:37892] 2026-06-30 22:30:00.573 11 WARNING keystone.common.password_hashing [None req-48392ddd-2a3e-452e-8b9a-d0fd30a56783 - - - - - -] Truncating password to algorithm specific maximum length 72 characters.
[Tue Jun 30 22:30:00.858082 2026] [wsgi:error] [pid 11:tid 140432238663360] [remote 10.0.0.47:37892] 2026-06-30 22:30:00.857 11 WARNING keystone.common.fernet_utils [None req-48392ddd-2a3e-452e-8b9a-d0fd30a56783 - - - - - -] key_repository is world readable: /etc/keystone/fernet-keys/ 10.0.0.47 - - [30/Jun/2026:22:30:00 +0000] "POST /v3/auth/tokens HTTP/1.1" 201 1360 10.0.0.47 - - [30/Jun/2026:22:30:01 +0000] "GET /v3/roles/admin HTTP/1.1" 404 83
[Tue Jun 30 22:30:01.127446 2026] [wsgi:error] [pid 9:tid 140432238663360] [remote 10.0.0.47:37892] 2026-06-30 22:30:01.127 9 WARNING keystone.common.rbac_enforcer.enforcer [None req-4d59a3de-6370-484c-8dda-a9d3d3804d74 3a3fb9d2f2ba47d1a88d29f6223f97d7 2b875ce504164de5a0766343552f2586 - - default default] Deprecated policy rules found. Use oslopolicy-policy-generator and oslopolicy-policy-upgrade to detect and resolve deprecated policies in your configuration. 10.0.0.47 - - [30/Jun/2026:22:30:01 +0000] "GET /v3/roles?name=admin HTTP/1.1" 200 389
[Tue Jun 30 22:30:01.650458 2026] [wsgi:error] [pid 12:tid 140432238663360] [remote 10.0.0.47:37892] 2026-06-30 22:30:01.650 12 WARNING keystone.common.rbac_enforcer.enforcer [None req-2f5d8960-63fd-49be-ba2c-a8e88e9e7330 3a3fb9d2f2ba47d1a88d29f6223f97d7 2b875ce504164de5a0766343552f2586 - - default default] Deprecated policy rules found. Use oslopolicy-policy-generator and oslopolicy-policy-upgrade to detect and resolve deprecated policies in your configuration. 10.0.0.47 - - [30/Jun/2026:22:30:01 +0000] "GET /v3/users/admin-RegionOne HTTP/1.1" 404 93
[Tue Jun 30 22:30:01.791446 2026] [wsgi:error] [pid 11:tid 140432238663360] [remote 10.0.0.47:37892] 2026-06-30 22:30:01.791 11 WARNING keystone.common.rbac_enforcer.enforcer [None req-0897de6a-1610-4aa2-ae40-bd22ca234f08 3a3fb9d2f2ba47d1a88d29f6223f97d7 2b875ce504164de5a0766343552f2586 - - default default] Deprecated policy rules found. Use oslopolicy-policy-generator and oslopolicy-policy-upgrade to detect and resolve deprecated policies in your configuration. 10.0.0.47 - - [30/Jun/2026:22:30:01 +0000] "GET /v3/users?name=admin-RegionOne HTTP/1.1" 200 422
[Tue Jun 30 22:30:01.975891 2026] [wsgi:error] [pid 10:tid 140432238663360] [remote 10.0.0.47:37892] 2026-06-30 22:30:01.975 10 WARNING keystone.common.rbac_enforcer.enforcer [None req-2a96f8bb-459f-4f46-917a-dab24326eb12 3a3fb9d2f2ba47d1a88d29f6223f97d7 2b875ce504164de5a0766343552f2586 - - default default] Deprecated policy rules found. Use oslopolicy-policy-generator and oslopolicy-policy-upgrade to detect and resolve deprecated policies in your configuration. 10.0.0.47 - - [30/Jun/2026:22:30:01 +0000] "GET /v3/domains/default HTTP/1.1" 200 224 10.0.0.47 - - [30/Jun/2026:22:30:01 +0000] "PUT /v3/domains/default/users/3a3fb9d2f2ba47d1a88d29f6223f97d7/roles/01ea7b2444434983b76026163e8fbbc0 HTTP/1.1" 204 - 10.0.0.17 - - [30/Jun/2026:22:30:11 +0000] "GET / HTTP/1.1" 300 281 10.0.0.17 - - [30/Jun/2026:22:30:12 +0000] "GET /v3 HTTP/1.1" 200 266
[Tue Jun 30 22:30:12.587641 2026] [wsgi:error] [pid 10:tid 140432238663360] [remote 10.0.0.17:37434] 2026-06-30 22:30:12.587 10 WARNING keystone.common.password_hashing [None req-c05920c1-f802-4542-87bf-97384aa6b4e9 - - - - - -] Truncating password to algorithm specific maximum length 72 characters.
[Tue Jun 30 22:30:12.862316 2026] [wsgi:error] [pid 10:tid 140432238663360] [remote 10.0.0.17:37434] 2026-06-30 22:30:12.862 10 WARNING keystone.common.fernet_utils [None req-c05920c1-f802-4542-87bf-97384aa6b4e9 - - - - - -] key_repository is world readable: /etc/keystone/fernet-keys/ 10.0.0.17 - - [30/Jun/2026:22:30:12 +0000] "POST /v3/auth/tokens HTTP/1.1" 201 1360 10.0.0.17 - - [30/Jun/2026:22:30:12 +0000] "GET / HTTP/1.1" 300 281 10.0.0.17 - - [30/Jun/2026:22:30:12 +0000] "GET /v3/domains/atmosphere HTTP/1.1" 404 90 10.0.0.17 - - [30/Jun/2026:22:30:13 +0000] "GET /v3/domains?name=atmosphere HTTP/1.1" 200 370 10.0.0.17 - - [30/Jun/2026:22:30:13 +0000] "GET /v3/domains/d7be15680d934754a7790ec2e7915cca HTTP/1.1" 200 247 10.0.0.17 - - [30/Jun/2026:22:30:14 +0000] "GET /v3 HTTP/1.1" 200 266
[Tue Jun 30 22:30:14.048768 2026] [wsgi:error] [pid 12:tid 140432238663360] [remote 10.0.0.17:37434] 2026-06-30 22:30:14.048 12 WARNING keystone.common.password_hashing [None req-47dad626-b92d-4405-aa30-2e39388a436e - - - - - -] Truncating password to algorithm specific maximum length 72 characters.
[Tue Jun 30 22:30:14.333723 2026] [wsgi:error] [pid 12:tid 140432238663360] [remote 10.0.0.17:37434] 2026-06-30 22:30:14.333 12 WARNING keystone.common.fernet_utils [None req-47dad626-b92d-4405-aa30-2e39388a436e - - - - - -] key_repository is world readable: /etc/keystone/fernet-keys/ 10.0.0.17 - - [30/Jun/2026:22:30:14 +0000] "POST /v3/auth/tokens HTTP/1.1" 201 1360 10.0.0.17 - - [30/Jun/2026:22:30:14 +0000] "GET / HTTP/1.1" 300 281 10.0.0.17 - - [30/Jun/2026:22:30:14 +0000] "GET /v3/OS-FEDERATION/identity_providers/atmosphere HTTP/1.1" 404 101 10.0.0.17 - - [30/Jun/2026:22:30:14 +0000] "GET /v3/OS-FEDERATION/identity_providers HTTP/1.1" 200 156 10.0.0.17 - - [30/Jun/2026:22:30:14 +0000] "PUT /v3/OS-FEDERATION/identity_providers/atmosphere HTTP/1.1" 201 342 10.0.0.17 - - [30/Jun/2026:22:30:15 +0000] "GET /v3 HTTP/1.1" 200 266
[Tue Jun 30 22:30:15.304465 2026] [wsgi:error] [pid 10:tid 140432238663360] [remote 10.0.0.17:37420] 2026-06-30 22:30:15.304 10 WARNING keystone.common.password_hashing [None req-577971ac-f487-4a08-b200-77f11a0fe664 - - - - - -] Truncating password to algorithm specific maximum length 72 characters.
[Tue Jun 30 22:30:15.575278 2026] [wsgi:error] [pid 10:tid 140432238663360] [remote 10.0.0.17:37420] 2026-06-30 22:30:15.575 10 WARNING keystone.common.fernet_utils [None req-577971ac-f487-4a08-b200-77f11a0fe664 - - - - - -] key_repository is world readable: /etc/keystone/fernet-keys/ 10.0.0.17 - - [30/Jun/2026:22:30:15 +0000] "POST /v3/auth/tokens HTTP/1.1" 201 1360 10.0.0.17 - - [30/Jun/2026:22:30:15 +0000] "GET / HTTP/1.1" 300 281 10.0.0.17 - - [30/Jun/2026:22:30:15 +0000] "GET /v3/OS-FEDERATION/mappings/atmosphere-openid HTTP/1.1" 404 98 10.0.0.17 - - [30/Jun/2026:22:30:15 +0000] "GET /v3/OS-FEDERATION/mappings HTTP/1.1" 200 136 10.0.0.17 - - [30/Jun/2026:22:30:15 +0000] "PUT /v3/OS-FEDERATION/mappings/atmosphere-openid HTTP/1.1" 201 357 10.0.0.17 - - [30/Jun/2026:22:30:16 +0000] "GET /v3 HTTP/1.1" 200 266
[Tue Jun 30 22:30:16.400043 2026] [wsgi:error] [pid 12:tid 140432238663360] [remote 10.0.0.17:37434] 2026-06-30 22:30:16.399 12 WARNING keystone.common.password_hashing [None req-4e28211e-b516-4854-973d-c5db9ee265d9 - - - - - -] Truncating password to algorithm specific maximum length 72 characters.
[Tue Jun 30 22:30:16.678858 2026] [wsgi:error] [pid 12:tid 140432238663360] [remote 10.0.0.17:37434] 2026-06-30 22:30:16.678 12 WARNING keystone.common.fernet_utils [None req-4e28211e-b516-4854-973d-c5db9ee265d9 - - - - - -] key_repository is world readable: /etc/keystone/fernet-keys/ 10.0.0.17 - - [30/Jun/2026:22:30:16 +0000] "POST /v3/auth/tokens HTTP/1.1" 201 1360 10.0.0.17 - - [30/Jun/2026:22:30:16 +0000] "GET / HTTP/1.1" 300 281 10.0.0.17 - - [30/Jun/2026:22:30:16 +0000] "GET /v3/OS-FEDERATION/identity_providers/atmosphere/protocols/openid?idp_id=atmosphere HTTP/1.1" 404 131 10.0.0.17 - - [30/Jun/2026:22:30:16 +0000] "GET /v3/OS-FEDERATION/identity_providers/atmosphere/protocols HTTP/1.1" 200 168 10.0.0.17 - - [30/Jun/2026:22:30:16 +0000] "PUT /v3/OS-FEDERATION/identity_providers/atmosphere/protocols/openid HTTP/1.1" 201 224 10.0.0.17 - - [30/Jun/2026:22:30:28 +0000] "GET /v3/ HTTP/1.1" 200 250 10.0.0.17 - - [30/Jun/2026:22:30:28 +0000] "GET /v3/ HTTP/1.1" 200 250 10.0.0.17 - - [30/Jun/2026:22:31:28 +0000] "GET /v3/ HTTP/1.1" 200 250 10.0.0.17 - - [30/Jun/2026:22:31:28 +0000] "GET /v3/ HTTP/1.1" 200 250 10.0.0.23 - - [30/Jun/2026:22:31:40 +0000] "GET / HTTP/1.1" 300 295
[Tue Jun 30 22:31:40.047542 2026] [wsgi:error] [pid 10:tid 140432238663360] [remote 10.0.0.23:57004] 2026-06-30 22:31:40.047 10 WARNING keystone.common.password_hashing [None req-4c70577c-5881-4ddb-864d-d6eff21d2abe - - - - - -] Truncating password to algorithm specific maximum length 72 characters.
[Tue Jun 30 22:31:40.319922 2026] [wsgi:error] [pid 10:tid 140432238663360] [remote 10.0.0.23:57004] 2026-06-30 22:31:40.319 10 WARNING keystone.common.fernet_utils [None req-4c70577c-5881-4ddb-864d-d6eff21d2abe - - - - - -] key_repository is world readable: /etc/keystone/fernet-keys/ 10.0.0.23 - - [30/Jun/2026:22:31:40 +0000] "POST /v3/auth/tokens HTTP/1.1" 201 1360 10.0.0.23 - - [30/Jun/2026:22:31:40 +0000] "GET /v3/services HTTP/1.1" 200 355 10.0.0.23 - - [30/Jun/2026:22:31:44 +0000] "GET / HTTP/1.1" 300 295
[Tue Jun 30 22:31:44.111503 2026] [wsgi:error] [pid 11:tid 140432238663360] [remote 10.0.0.23:57012] 2026-06-30 22:31:44.111 11 WARNING keystone.common.password_hashing [None req-816cec05-2cd9-419c-bd68-8c7a5add28d7 - - - - - -] Truncating password to algorithm specific maximum length 72 characters.
[Tue Jun 30 22:31:44.385735 2026] [wsgi:error] [pid 11:tid 140432238663360] [remote 10.0.0.23:57012] 2026-06-30 22:31:44.385 11 WARNING keystone.common.fernet_utils [None req-816cec05-2cd9-419c-bd68-8c7a5add28d7 - - - - - -] key_repository is world readable: /etc/keystone/fernet-keys/ 10.0.0.23 - - [30/Jun/2026:22:31:44 +0000] "POST /v3/auth/tokens HTTP/1.1" 201 1360 10.0.0.23 - - [30/Jun/2026:22:31:44 +0000] "GET /v3/services HTTP/1.1" 200 355 10.0.0.23 - - [30/Jun/2026:22:31:48 +0000] "GET / HTTP/1.1" 300 295
[Tue Jun 30 22:31:48.062577 2026] [wsgi:error] [pid 9:tid 140432238663360] [remote 10.0.0.23:45074] 2026-06-30 22:31:48.062 9 WARNING keystone.common.password_hashing [None req-85b56a6d-5747-422f-a6d4-fa648967a5af - - - - - -] Truncating password to algorithm specific maximum length 72 characters.
[Tue Jun 30 22:31:48.346618 2026] [wsgi:error] [pid 9:tid 140432238663360] [remote 10.0.0.23:45074] 2026-06-30 22:31:48.346 9 WARNING keystone.common.fernet_utils [None req-85b56a6d-5747-422f-a6d4-fa648967a5af - - - - - -] key_repository is world readable: /etc/keystone/fernet-keys/ 10.0.0.23 - - [30/Jun/2026:22:31:48 +0000] "POST /v3/auth/tokens HTTP/1.1" 201 1360 10.0.0.23 - - [30/Jun/2026:22:31:48 +0000] "GET /v3/services HTTP/1.1" 200 355 10.0.0.23 - - [30/Jun/2026:22:31:51 +0000] "GET / HTTP/1.1" 300 295
[Tue Jun 30 22:31:51.995001 2026] [wsgi:error] [pid 12:tid 140432238663360] [remote 10.0.0.23:45076] 2026-06-30 22:31:51.994 12 WARNING keystone.common.password_hashing [None req-891cc24a-0f0b-44f3-9ae7-9be4a4bda9ec - - - - - -] Truncating password to algorithm specific maximum length 72 characters.
[Tue Jun 30 22:31:52.281758 2026] [wsgi:error] [pid 12:tid 140432238663360] [remote 10.0.0.23:45076] 2026-06-30 22:31:52.281 12 WARNING keystone.common.fernet_utils [None req-891cc24a-0f0b-44f3-9ae7-9be4a4bda9ec - - - - - -] key_repository is world readable: /etc/keystone/fernet-keys/ 10.0.0.23 - - [30/Jun/2026:22:31:51 +0000] "POST /v3/auth/tokens HTTP/1.1" 201 1360 10.0.0.23 - - [30/Jun/2026:22:31:52 +0000] "POST /v3/services HTTP/1.1" 201 296 10.0.0.33 - - [30/Jun/2026:22:32:04 +0000] "GET / HTTP/1.1" 300 295
[Tue Jun 30 22:32:04.311328 2026] [wsgi:error] [pid 10:tid 140432238663360] [remote 10.0.0.33:56838] 2026-06-30 22:32:04.311 10 WARNING keystone.common.password_hashing [None req-771f15c5-fbdd-409c-bf1a-a6feea83166a - - - - - -] Truncating password to algorithm specific maximum length 72 characters. 10.0.0.33 - - [30/Jun/2026:22:32:04 +0000] "GET / HTTP/1.1" 300 295
[Tue Jun 30 22:32:04.557599 2026] [wsgi:error] [pid 9:tid 140432238663360] [remote 10.0.0.33:56850] 2026-06-30 22:32:04.557 9 WARNING keystone.common.password_hashing [None req-dab4c1b0-5808-440e-9ee5-387c12d6ead2 - - - - - -] Truncating password to algorithm specific maximum length 72 characters.
[Tue Jun 30 22:32:04.597047 2026] [wsgi:error] [pid 10:tid 140432238663360] [remote 10.0.0.33:56838] 2026-06-30 22:32:04.596 10 WARNING keystone.common.fernet_utils [None req-771f15c5-fbdd-409c-bf1a-a6feea83166a - - - - - -] key_repository is world readable: /etc/keystone/fernet-keys/ 10.0.0.33 - - [30/Jun/2026:22:32:04 +0000] "POST /v3/auth/tokens HTTP/1.1" 201 1464 10.0.0.33 - - [30/Jun/2026:22:32:04 +0000] "GET / HTTP/1.1" 300 295
[Tue Jun 30 22:32:04.680261 2026] [wsgi:error] [pid 12:tid 140432238663360] [remote 10.0.0.33:56864] 2026-06-30 22:32:04.680 12 WARNING keystone.common.password_hashing [None req-2ee9b39b-ef56-4e3d-930b-8f7210963db6 - - - - - -] Truncating password to algorithm specific maximum length 72 characters. 10.0.0.33 - - [30/Jun/2026:22:32:04 +0000] "GET /v3/services HTTP/1.1" 200 639
[Tue Jun 30 22:32:04.826057 2026] [wsgi:error] [pid 9:tid 140432238663360] [remote 10.0.0.33:56850] 2026-06-30 22:32:04.825 9 WARNING keystone.common.fernet_utils [None req-dab4c1b0-5808-440e-9ee5-387c12d6ead2 - - - - - -] key_repository is world readable: /etc/keystone/fernet-keys/ 10.0.0.33 - - [30/Jun/2026:22:32:04 +0000] "POST /v3/auth/tokens HTTP/1.1" 201 1464 10.0.0.33 - - [30/Jun/2026:22:32:04 +0000] "GET /v3/services HTTP/1.1" 200 639
[Tue Jun 30 22:32:04.971410 2026] [wsgi:error] [pid 12:tid 140432238663360] [remote 10.0.0.33:56864] 2026-06-30 22:32:04.971 12 WARNING keystone.common.fernet_utils [None req-2ee9b39b-ef56-4e3d-930b-8f7210963db6 - - - - - -] key_repository is world readable: /etc/keystone/fernet-keys/ 10.0.0.33 - - [30/Jun/2026:22:32:04 +0000] "POST /v3/auth/tokens HTTP/1.1" 201 1464 10.0.0.33 - - [30/Jun/2026:22:32:05 +0000] "GET /v3/services HTTP/1.1" 200 639 10.0.0.33 - - [30/Jun/2026:22:32:06 +0000] "GET / HTTP/1.1" 300 295
[Tue Jun 30 22:32:06.364466 2026] [wsgi:error] [pid 11:tid 140432238663360] [remote 10.0.0.33:56868] 2026-06-30 22:32:06.364 11 WARNING keystone.common.password_hashing [None req-7bdd5051-f50d-4484-979b-3f66307198c0 - - - - - -] Truncating password to algorithm specific maximum length 72 characters. 10.0.0.33 - - [30/Jun/2026:22:32:06 +0000] "GET / HTTP/1.1" 300 295
[Tue Jun 30 22:32:06.636773 2026] [wsgi:error] [pid 10:tid 140432238663360] [remote 10.0.0.33:56878] 2026-06-30 22:32:06.636 10 WARNING keystone.common.password_hashing [None req-b43fcbb7-1b25-4eb4-9ff9-422efc3eed9c - - - - - -] Truncating password to algorithm specific maximum length 72 characters.
[Tue Jun 30 22:32:06.645412 2026] [wsgi:error] [pid 11:tid 140432238663360] [remote 10.0.0.33:56868] 2026-06-30 22:32:06.645 11 WARNING keystone.common.fernet_utils [None req-7bdd5051-f50d-4484-979b-3f66307198c0 - - - - - -] key_repository is world readable: /etc/keystone/fernet-keys/ 10.0.0.33 - - [30/Jun/2026:22:32:06 +0000] "POST /v3/auth/tokens HTTP/1.1" 201 1464 10.0.0.33 - - [30/Jun/2026:22:32:06 +0000] "GET / HTTP/1.1" 300 295
[Tue Jun 30 22:32:06.737417 2026] [wsgi:error] [pid 12:tid 140432238663360] [remote 10.0.0.33:56880] 2026-06-30 22:32:06.737 12 WARNING keystone.common.password_hashing [None req-e4a9c790-df4b-4b7b-8d4d-875f9547859e - - - - - -] Truncating password to algorithm specific maximum length 72 characters. 10.0.0.33 - - [30/Jun/2026:22:32:06 +0000] "GET /v3/endpoints HTTP/1.1" 200 1227 10.0.0.33 - - [30/Jun/2026:22:32:06 +0000] "GET /v3/services/87263ae32bb4421684d3b269ff079573 HTTP/1.1" 200 233 10.0.0.33 - - [30/Jun/2026:22:32:06 +0000] "GET /v3/services/87263ae32bb4421684d3b269ff079573 HTTP/1.1" 200 233 10.0.0.33 - - [30/Jun/2026:22:32:06 +0000] "GET /v3/services/87263ae32bb4421684d3b269ff079573 HTTP/1.1" 200 233
[Tue Jun 30 22:32:06.928102 2026] [wsgi:error] [pid 10:tid 140432238663360] [remote 10.0.0.33:56878] 2026-06-30 22:32:06.927 10 WARNING keystone.common.fernet_utils [None req-b43fcbb7-1b25-4eb4-9ff9-422efc3eed9c - - - - - -] key_repository is world readable: /etc/keystone/fernet-keys/ 10.0.0.33 - - [30/Jun/2026:22:32:06 +0000] "POST /v3/auth/tokens HTTP/1.1" 201 1464
[Tue Jun 30 22:32:07.014865 2026] [wsgi:error] [pid 12:tid 140432238663360] [remote 10.0.0.33:56880] 2026-06-30 22:32:07.014 12 WARNING keystone.common.fernet_utils [None req-e4a9c790-df4b-4b7b-8d4d-875f9547859e - - - - - -] key_repository is world readable: /etc/keystone/fernet-keys/ 10.0.0.33 - - [30/Jun/2026:22:32:06 +0000] "POST /v3/auth/tokens HTTP/1.1" 201 1464 10.0.0.33 - - [30/Jun/2026:22:32:07 +0000] "GET /v3/endpoints HTTP/1.1" 200 1227 10.0.0.33 - - [30/Jun/2026:22:32:07 +0000] "GET /v3/services/87263ae32bb4421684d3b269ff079573 HTTP/1.1" 200 233 10.0.0.33 - - [30/Jun/2026:22:32:07 +0000] "GET /v3/services/87263ae32bb4421684d3b269ff079573 HTTP/1.1" 200 233 10.0.0.33 - - [30/Jun/2026:22:32:07 +0000] "GET /v3/services/87263ae32bb4421684d3b269ff079573 HTTP/1.1" 200 233 10.0.0.33 - - [30/Jun/2026:22:32:07 +0000] "GET /v3/endpoints HTTP/1.1" 200 1227 10.0.0.33 - - [30/Jun/2026:22:32:07 +0000] "GET /v3/services/87263ae32bb4421684d3b269ff079573 HTTP/1.1" 200 233 10.0.0.33 - - [30/Jun/2026:22:32:07 +0000] "GET /v3/services/87263ae32bb4421684d3b269ff079573 HTTP/1.1" 200 233 10.0.0.33 - - [30/Jun/2026:22:32:07 +0000] "GET /v3/services/87263ae32bb4421684d3b269ff079573 HTTP/1.1" 200 233 10.0.0.33 - - [30/Jun/2026:22:32:08 +0000] "GET / HTTP/1.1" 300 295
[Tue Jun 30 22:32:08.445428 2026] [wsgi:error] [pid 9:tid 140432238663360] [remote 10.0.0.33:59076] 2026-06-30 22:32:08.445 9 WARNING keystone.common.password_hashing [None req-ca660f35-8b1a-4ee2-a2c1-278305a9ec28 - - - - - -] Truncating password to algorithm specific maximum length 72 characters. 10.0.0.33 - - [30/Jun/2026:22:32:08 +0000] "GET / HTTP/1.1" 300 295
[Tue Jun 30 22:32:08.686563 2026] [wsgi:error] [pid 12:tid 140432238663360] [remote 10.0.0.33:59086] 2026-06-30 22:32:08.686 12 WARNING keystone.common.password_hashing [None req-958c4c63-7f57-4949-87b9-226266be10f9 - - - - - -] Truncating password to algorithm specific maximum length 72 characters.
[Tue Jun 30 22:32:08.729654 2026] [wsgi:error] [pid 9:tid 140432238663360] [remote 10.0.0.33:59076] 2026-06-30 22:32:08.729 9 WARNING keystone.common.fernet_utils [None req-ca660f35-8b1a-4ee2-a2c1-278305a9ec28 - - - - - -] key_repository is world readable: /etc/keystone/fernet-keys/ 10.0.0.33 - - [30/Jun/2026:22:32:08 +0000] "POST /v3/auth/tokens HTTP/1.1" 201 1464 10.0.0.33 - - [30/Jun/2026:22:32:08 +0000] "GET / HTTP/1.1" 300 295
[Tue Jun 30 22:32:08.782246 2026] [wsgi:error] [pid 10:tid 140432238663360] [remote 10.0.0.33:59100] 2026-06-30 22:32:08.782 10 WARNING keystone.common.password_hashing [None req-2de4e4e9-75f0-44b9-8d0f-ba33ca23b79a - - - - - -] Truncating password to algorithm specific maximum length 72 characters. 10.0.0.33 - - [30/Jun/2026:22:32:08 +0000] "GET /v3/services/68aa991c8d2d4b81aa4178dab4d7fa54 HTTP/1.1" 200 296 10.0.0.33 - - [30/Jun/2026:22:32:08 +0000] "GET /v3/regions/RegionOne HTTP/1.1" 200 173 10.0.0.33 - - [30/Jun/2026:22:32:08 +0000] "POST /v3/endpoints HTTP/1.1" 201 380
[Tue Jun 30 22:32:08.967635 2026] [wsgi:error] [pid 12:tid 140432238663360] [remote 10.0.0.33:59086] 2026-06-30 22:32:08.967 12 WARNING keystone.common.fernet_utils [None req-958c4c63-7f57-4949-87b9-226266be10f9 - - - - - -] key_repository is world readable: /etc/keystone/fernet-keys/ 10.0.0.33 - - [30/Jun/2026:22:32:08 +0000] "POST /v3/auth/tokens HTTP/1.1" 201 1641
[Tue Jun 30 22:32:09.066428 2026] [wsgi:error] [pid 10:tid 140432238663360] [remote 10.0.0.33:59100] 2026-06-30 22:32:09.066 10 WARNING keystone.common.fernet_utils [None req-2de4e4e9-75f0-44b9-8d0f-ba33ca23b79a - - - - - -] key_repository is world readable: /etc/keystone/fernet-keys/ 10.0.0.33 - - [30/Jun/2026:22:32:08 +0000] "POST /v3/auth/tokens HTTP/1.1" 201 1641 10.0.0.33 - - [30/Jun/2026:22:32:09 +0000] "GET /v3/services/68aa991c8d2d4b81aa4178dab4d7fa54 HTTP/1.1" 200 296 10.0.0.33 - - [30/Jun/2026:22:32:09 +0000] "GET /v3/regions/RegionOne HTTP/1.1" 200 173 10.0.0.33 - - [30/Jun/2026:22:32:09 +0000] "GET /v3/services/68aa991c8d2d4b81aa4178dab4d7fa54 HTTP/1.1" 200 296 10.0.0.33 - - [30/Jun/2026:22:32:09 +0000] "GET /v3/regions/RegionOne HTTP/1.1" 200 173 10.0.0.33 - - [30/Jun/2026:22:32:09 +0000] "POST /v3/endpoints HTTP/1.1" 201 370 10.0.0.33 - - [30/Jun/2026:22:32:09 +0000] "POST /v3/endpoints HTTP/1.1" 201 383 10.0.0.33 - - [30/Jun/2026:22:32:10 +0000] "GET / HTTP/1.1" 300 295
[Tue Jun 30 22:32:10.722157 2026] [wsgi:error] [pid 11:tid 140432238663360] [remote 10.0.0.33:59114] 2026-06-30 22:32:10.721 11 WARNING keystone.common.password_hashing [None req-6b2181d4-915c-41dd-9f65-e93edeed4242 - - - - - -] Truncating password to algorithm specific maximum length 72 characters. 10.0.0.33 - - [30/Jun/2026:22:32:10 +0000] "GET / HTTP/1.1" 300 295
[Tue Jun 30 22:32:10.812951 2026] [wsgi:error] [pid 12:tid 140432238663360] [remote 10.0.0.33:59118] 2026-06-30 22:32:10.812 12 WARNING keystone.common.password_hashing [None req-4de18680-755b-4785-8270-43902b66d20b - - - - - -] Truncating password to algorithm specific maximum length 72 characters. 10.0.0.33 - - [30/Jun/2026:22:32:10 +0000] "GET / HTTP/1.1" 300 295
[Tue Jun 30 22:32:10.868392 2026] [wsgi:error] [pid 9:tid 140432238663360] [remote 10.0.0.33:59130] 2026-06-30 22:32:10.868 9 WARNING keystone.common.password_hashing [None req-0dd95961-c9a8-4a9a-9cc9-92002e1c3212 - - - - - -] Truncating password to algorithm specific maximum length 72 characters.
[Tue Jun 30 22:32:11.014843 2026] [wsgi:error] [pid 11:tid 140432238663360] [remote 10.0.0.33:59114] 2026-06-30 22:32:11.014 11 WARNING keystone.common.fernet_utils [None req-6b2181d4-915c-41dd-9f65-e93edeed4242 - - - - - -] key_repository is world readable: /etc/keystone/fernet-keys/ 10.0.0.33 - - [30/Jun/2026:22:32:10 +0000] "POST /v3/auth/tokens HTTP/1.1" 201 1992
[Tue Jun 30 22:32:11.089685 2026] [wsgi:error] [pid 12:tid 140432238663360] [remote 10.0.0.33:59118] 2026-06-30 22:32:11.089 12 WARNING keystone.common.fernet_utils [None req-4de18680-755b-4785-8270-43902b66d20b - - - - - -] key_repository is world readable: /etc/keystone/fernet-keys/ 10.0.0.33 - - [30/Jun/2026:22:32:10 +0000] "POST /v3/auth/tokens HTTP/1.1" 201 1992
[Tue Jun 30 22:32:11.154294 2026] [wsgi:error] [pid 9:tid 140432238663360] [remote 10.0.0.33:59130] 2026-06-30 22:32:11.154 9 WARNING keystone.common.fernet_utils [None req-0dd95961-c9a8-4a9a-9cc9-92002e1c3212 - - - - - -] key_repository is world readable: /etc/keystone/fernet-keys/ 10.0.0.33 - - [30/Jun/2026:22:32:10 +0000] "POST /v3/auth/tokens HTTP/1.1" 201 1992 10.0.0.33 - - [30/Jun/2026:22:32:11 +0000] "GET /v3/endpoints/df743edea0d546839fe9e9dcf4871a1b HTTP/1.1" 200 380 10.0.0.33 - - [30/Jun/2026:22:32:11 +0000] "GET /v3/services/68aa991c8d2d4b81aa4178dab4d7fa54 HTTP/1.1" 200 296 10.0.0.33 - - [30/Jun/2026:22:32:11 +0000] "GET /v3/endpoints/22b6923546fc46948b14748d64d93eb8 HTTP/1.1" 200 383 10.0.0.33 - - [30/Jun/2026:22:32:11 +0000] "GET /v3/services/68aa991c8d2d4b81aa4178dab4d7fa54 HTTP/1.1" 200 296 10.0.0.33 - - [30/Jun/2026:22:32:11 +0000] "GET /v3/endpoints/e14eef21d7fd4d0a941423a5cf232d51 HTTP/1.1" 200 370 10.0.0.33 - - [30/Jun/2026:22:32:11 +0000] "GET /v3/services/68aa991c8d2d4b81aa4178dab4d7fa54 HTTP/1.1" 200 296 10.0.0.26 - - [30/Jun/2026:22:32:22 +0000] "GET / HTTP/1.1" 300 295
[Tue Jun 30 22:32:22.418164 2026] [wsgi:error] [pid 9:tid 140432238663360] [remote 10.0.0.26:50816] 2026-06-30 22:32:22.417 9 WARNING keystone.common.password_hashing [None req-10f0367d-41f1-455a-b591-68b14f058498 - - - - - -] Truncating password to algorithm specific maximum length 72 characters.
[Tue Jun 30 22:32:22.690054 2026] [wsgi:error] [pid 9:tid 140432238663360] [remote 10.0.0.26:50816] 2026-06-30 22:32:22.689 9 WARNING keystone.common.fernet_utils [None req-10f0367d-41f1-455a-b591-68b14f058498 - - - - - -] key_repository is world readable: /etc/keystone/fernet-keys/ 10.0.0.26 - - [30/Jun/2026:22:32:22 +0000] "POST /v3/auth/tokens HTTP/1.1" 201 1992 10.0.0.26 - - [30/Jun/2026:22:32:22 +0000] "POST /v3/domains HTTP/1.1" 201 284 10.0.0.26 - - [30/Jun/2026:22:32:24 +0000] "GET / HTTP/1.1" 300 295
[Tue Jun 30 22:32:24.623139 2026] [wsgi:error] [pid 12:tid 140432238663360] [remote 10.0.0.26:50818] 2026-06-30 22:32:24.622 12 WARNING keystone.common.password_hashing [None req-2f82ad9d-bc89-47d2-a507-a3ef5ed9c41d - - - - - -] Truncating password to algorithm specific maximum length 72 characters.
[Tue Jun 30 22:32:24.898166 2026] [wsgi:error] [pid 12:tid 140432238663360] [remote 10.0.0.26:50818] 2026-06-30 22:32:24.898 12 WARNING keystone.common.fernet_utils [None req-2f82ad9d-bc89-47d2-a507-a3ef5ed9c41d - - - - - -] key_repository is world readable: /etc/keystone/fernet-keys/ 10.0.0.26 - - [30/Jun/2026:22:32:24 +0000] "POST /v3/auth/tokens HTTP/1.1" 201 1992
[Tue Jun 30 22:32:25.089516 2026] [wsgi:error] [pid 9:tid 140432238663360] [remote 10.0.0.26:50818] 2026-06-30 22:32:25.073 9 ERROR keystone.server.flask.application [None req-d458fe8c-06a5-4a6d-8af5-d3caaf729f35 3a3fb9d2f2ba47d1a88d29f6223f97d7 2b875ce504164de5a0766343552f2586 - - default default] Conflict occurred attempting to store project - it is not permitted to have two projects acting as domains with the same name: service.: keystone.exception.Conflict: Conflict occurred attempting to store project - it is not permitted to have two projects acting as domains with the same name: service.
[Tue Jun 30 22:32:25.089541 2026] [wsgi:error] [pid 9:tid 140432238663360] [remote 10.0.0.26:50818] 2026-06-30 22:32:25.073 9 ERROR keystone.server.flask.application
Traceback (most recent call last):
[Tue Jun 30 22:32:25.089543 2026] [wsgi:error] [pid 9:tid 140432238663360] [remote 10.0.0.26:50818] 2026-06-30 22:32:25.073 9 ERROR keystone.server.flask.application
File "/var/lib/openstack/lib/python3.12/site-packages/sqlalchemy/engine/base.py", line 1969, in _exec_single_context
[Tue Jun 30 22:32:25.089545 2026] [wsgi:error] [pid 9:tid 140432238663360] [remote 10.0.0.26:50818] 2026-06-30 22:32:25.073 9 ERROR keystone.server.flask.application self.dialect.do_execute(
[Tue Jun 30 22:32:25.089546 2026] [wsgi:error] [pid 9:tid 140432238663360] [remote 10.0.0.26:50818] 2026-06-30 22:32:25.073 9 ERROR keystone.server.flask.application
File "/var/lib/openstack/lib/python3.12/site-packages/sqlalchemy/engine/default.py", line 952, in do_execute
[Tue Jun 30 22:32:25.089548 2026] [wsgi:error] [pid 9:tid 140432238663360] [remote 10.0.0.26:50818] 2026-06-30 22:32:25.073 9 ERROR keystone.server.flask.application cursor.execute(statement, parameters)
[Tue Jun 30 22:32:25.089549 2026] [wsgi:error] [pid 9:tid 140432238663360] [remote 10.0.0.26:50818] 2026-06-30 22:32:25.073 9 ERROR keystone.server.flask.application
File "/var/lib/openstack/lib/python3.12/site-packages/pymysql/cursors.py", line 159, in execute
[Tue Jun 30 22:32:25.089551 2026] [wsgi:error] [pid 9:tid 140432238663360] [remote 10.0.0.26:50818] 2026-06-30 22:32:25.073 9 ERROR keystone.server.flask.application result = self._query(query)
[Tue Jun 30 22:32:25.089552 2026] [wsgi:error] [pid 9:tid 140432238663360] [remote 10.0.0.26:50818] 2026-06-30 22:32:25.073 9 ERROR keystone.server.flask.application ^^^^^^^^^^^^^^^^^^
[Tue Jun 30 22:32:25.089553 2026] [wsgi:error] [pid 9:tid 140432238663360] [remote 10.0.0.26:50818] 2026-06-30 22:32:25.073 9 ERROR keystone.server.flask.application
File "/var/lib/openstack/lib/python3.12/site-packages/pymysql/cursors.py", line 330, in _query
[Tue Jun 30 22:32:25.089555 2026] [wsgi:error] [pid 9:tid 140432238663360] [remote 10.0.0.26:50818] 2026-06-30 22:32:25.073 9 ERROR keystone.server.flask.application conn.query(q)
[Tue Jun 30 22:32:25.089556 2026] [wsgi:error] [pid 9:tid 140432238663360] [remote 10.0.0.26:50818] 2026-06-30 22:32:25.073 9 ERROR keystone.server.flask.application
File "/var/lib/openstack/lib/python3.12/site-packages/pymysql/connections.py", line 582, in query
[Tue Jun 30 22:32:25.089558 2026] [wsgi:error] [pid 9:tid 140432238663360] [remote 10.0.0.26:50818] 2026-06-30 22:32:25.073 9 ERROR keystone.server.flask.application self._affected_rows = self._read_query_result(unbuffered=unbuffered)
[Tue Jun 30 22:32:25.089559 2026] [wsgi:error] [pid 9:tid 140432238663360] [remote 10.0.0.26:50818] 2026-06-30 22:32:25.073 9 ERROR keystone.server.flask.application ^^^^^^^^^^^^^^^^^^^^^^^^^^^^^^^^^^^^^^^^^^^^^^
[Tue Jun 30 22:32:25.089560 2026] [wsgi:error] [pid 9:tid 140432238663360] [remote 10.0.0.26:50818] 2026-06-30 22:32:25.073 9 ERROR keystone.server.flask.application
File "/var/lib/openstack/lib/python3.12/site-packages/pymysql/connections.py", line 847, in _read_query_result
[Tue Jun 30 22:32:25.089562 2026] [wsgi:error] [pid 9:tid 140432238663360] [remote 10.0.0.26:50818] 2026-06-30 22:32:25.073 9 ERROR keystone.server.flask.application result.read()
[Tue Jun 30 22:32:25.089563 2026] [wsgi:error] [pid 9:tid 140432238663360] [remote 10.0.0.26:50818] 2026-06-30 22:32:25.073 9 ERROR keystone.server.flask.application
File "/var/lib/openstack/lib/python3.12/site-packages/pymysql/connections.py", line 1245, in read
[Tue Jun 30 22:32:25.089566 2026] [wsgi:error] [pid 9:tid 140432238663360] [remote 10.0.0.26:50818] 2026-06-30 22:32:25.073 9 ERROR keystone.server.flask.application first_packet = self.connection._read_packet()
[Tue Jun 30 22:32:25.089567 2026] [wsgi:error] [pid 9:tid 140432238663360] [remote 10.0.0.26:50818] 2026-06-30 22:32:25.073 9 ERROR keystone.server.flask.application ^^^^^^^^^^^^^^^^^^^^^^^^^^^^^^
[Tue Jun 30 22:32:25.089569 2026] [wsgi:error] [pid 9:tid 140432238663360] [remote 10.0.0.26:50818] 2026-06-30 22:32:25.073 9 ERROR keystone.server.flask.application
File "/var/lib/openstack/lib/python3.12/site-packages/pymysql/connections.py", line 803, in _read_packet
[Tue Jun 30 22:32:25.089570 2026] [wsgi:error] [pid 9:tid 140432238663360] [remote 10.0.0.26:50818] 2026-06-30 22:32:25.073 9 ERROR keystone.server.flask.application packet.raise_for_error()
[Tue Jun 30 22:32:25.089571 2026] [wsgi:error] [pid 9:tid 140432238663360] [remote 10.0.0.26:50818] 2026-06-30 22:32:25.073 9 ERROR keystone.server.flask.application
File "/var/lib/openstack/lib/python3.12/site-packages/pymysql/protocol.py", line 219, in raise_for_error
[Tue Jun 30 22:32:25.089573 2026] [wsgi:error] [pid 9:tid 140432238663360] [remote 10.0.0.26:50818] 2026-06-30 22:32:25.073 9 ERROR keystone.server.flask.application err.raise_mysql_exception(self._data)
[Tue Jun 30 22:32:25.089574 2026] [wsgi:error] [pid 9:tid 140432238663360] [remote 10.0.0.26:50818] 2026-06-30 22:32:25.073 9 ERROR keystone.server.flask.application
File "/var/lib/openstack/lib/python3.12/site-packages/pymysql/err.py", line 154, in raise_mysql_exception
[Tue Jun 30 22:32:25.089576 2026] [wsgi:error] [pid 9:tid 140432238663360] [remote 10.0.0.26:50818] 2026-06-30 22:32:25.073 9 ERROR keystone.server.flask.application raise errorclass(errno, errval, sqlstate=sqlstate)
[Tue Jun 30 22:32:25.089577 2026] [wsgi:error] [pid 9:tid 140432238663360] [remote 10.0.0.26:50818] 2026-06-30 22:32:25.073 9 ERROR keystone.server.flask.application pymysql.err.IntegrityError: (1062, "Duplicate entry '<>-service' for key 'project.ixu_project_name_domain_id'")
[Tue Jun 30 22:32:25.089579 2026] [wsgi:error] [pid 9:tid 140432238663360] [remote 10.0.0.26:50818] 2026-06-30 22:32:25.073 9 ERROR keystone.server.flask.application
[Tue Jun 30 22:32:25.089581 2026] [wsgi:error] [pid 9:tid 140432238663360] [remote 10.0.0.26:50818] 2026-06-30 22:32:25.073 9 ERROR keystone.server.flask.application The above exception was the direct cause of the following exception:
[Tue Jun 30 22:32:25.089583 2026] [wsgi:error] [pid 9:tid 140432238663360] [remote 10.0.0.26:50818] 2026-06-30 22:32:25.073 9 ERROR keystone.server.flask.application
[Tue Jun 30 22:32:25.089584 2026] [wsgi:error] [pid 9:tid 140432238663360] [remote 10.0.0.26:50818] 2026-06-30 22:32:25.073 9 ERROR keystone.server.flask.application
Traceback (most recent call last):
[Tue Jun 30 22:32:25.089586 2026] [wsgi:error] [pid 9:tid 140432238663360] [remote 10.0.0.26:50818] 2026-06-30 22:32:25.073 9 ERROR keystone.server.flask.application
File "/var/lib/openstack/lib/python3.12/site-packages/keystone/common/sql/core.py", line 575, in wrapper
[Tue Jun 30 22:32:25.089587 2026] [wsgi:error] [pid 9:tid 140432238663360] [remote 10.0.0.26:50818] 2026-06-30 22:32:25.073 9 ERROR keystone.server.flask.application return method(*args, **kwargs)
[Tue Jun 30 22:32:25.089588 2026] [wsgi:error] [pid 9:tid 140432238663360] [remote 10.0.0.26:50818] 2026-06-30 22:32:25.073 9 ERROR keystone.server.flask.application ^^^^^^^^^^^^^^^^^^^^^^^
[Tue Jun 30 22:32:25.089590 2026] [wsgi:error] [pid 9:tid 140432238663360] [remote 10.0.0.26:50818] 2026-06-30 22:32:25.073 9 ERROR keystone.server.flask.application
File "/var/lib/openstack/lib/python3.12/site-packages/keystone/resource/backends/sql.py", line 278, in create_project
[Tue Jun 30 22:32:25.089592 2026] [wsgi:error] [pid 9:tid 140432238663360] [remote 10.0.0.26:50818] 2026-06-30 22:32:25.073 9 ERROR keystone.server.flask.application with sql.session_for_write() as session:
[Tue Jun 30 22:32:25.089593 2026] [wsgi:error] [pid 9:tid 140432238663360] [remote 10.0.0.26:50818] 2026-06-30 22:32:25.073 9 ERROR keystone.server.flask.application
File "/usr/lib/python3.12/contextlib.py", line 144, in __exit__
[Tue Jun 30 22:32:25.089595 2026] [wsgi:error] [pid 9:tid 140432238663360] [remote 10.0.0.26:50818] 2026-06-30 22:32:25.073 9 ERROR keystone.server.flask.application next(self.gen)
[Tue Jun 30 22:32:25.089596 2026] [wsgi:error] [pid 9:tid 140432238663360] [remote 10.0.0.26:50818] 2026-06-30 22:32:25.073 9 ERROR keystone.server.flask.application
File "/var/lib/openstack/lib/python3.12/site-packages/oslo_db/sqlalchemy/enginefacade.py", line 1175, in _transaction_scope
[Tue Jun 30 22:32:25.089597 2026] [wsgi:error] [pid 9:tid 140432238663360] [remote 10.0.0.26:50818] 2026-06-30 22:32:25.073 9 ERROR keystone.server.flask.application with current._produce_block(
[Tue Jun 30 22:32:25.089599 2026] [wsgi:error] [pid 9:tid 140432238663360] [remote 10.0.0.26:50818] 2026-06-30 22:32:25.073 9 ERROR keystone.server.flask.application
File "/usr/lib/python3.12/contextlib.py", line 144, in __exit__
[Tue Jun 30 22:32:25.089600 2026] [wsgi:error] [pid 9:tid 140432238663360] [remote 10.0.0.26:50818] 2026-06-30 22:32:25.073 9 ERROR keystone.server.flask.application next(self.gen)
[Tue Jun 30 22:32:25.089601 2026] [wsgi:error] [pid 9:tid 140432238663360] [remote 10.0.0.26:50818] 2026-06-30 22:32:25.073 9 ERROR keystone.server.flask.application
File "/var/lib/openstack/lib/python3.12/site-packages/oslo_db/sqlalchemy/enginefacade.py", line 837, in _session
[Tue Jun 30 22:32:25.089603 2026] [wsgi:error] [pid 9:tid 140432238663360] [remote 10.0.0.26:50818] 2026-06-30 22:32:25.073 9 ERROR keystone.server.flask.application with excutils.save_and_reraise_exception():
[Tue Jun 30 22:32:25.089604 2026] [wsgi:error] [pid 9:tid 140432238663360] [remote 10.0.0.26:50818] 2026-06-30 22:32:25.073 9 ERROR keystone.server.flask.application
File "/var/lib/openstack/lib/python3.12/site-packages/oslo_utils/excutils.py", line 266, in __exit__
[Tue Jun 30 22:32:25.089606 2026] [wsgi:error] [pid 9:tid 140432238663360] [remote 10.0.0.26:50818] 2026-06-30 22:32:25.073 9 ERROR keystone.server.flask.application self.force_reraise()
[Tue Jun 30 22:32:25.089607 2026] [wsgi:error] [pid 9:tid 140432238663360] [remote 10.0.0.26:50818] 2026-06-30 22:32:25.073 9 ERROR keystone.server.flask.application
File "/var/lib/openstack/lib/python3.12/site-packages/oslo_utils/excutils.py", line 232, in force_reraise
[Tue Jun 30 22:32:25.089608 2026] [wsgi:error] [pid 9:tid 140432238663360] [remote 10.0.0.26:50818] 2026-06-30 22:32:25.073 9 ERROR keystone.server.flask.application raise self.value
[Tue Jun 30 22:32:25.089610 2026] [wsgi:error] [pid 9:tid 140432238663360] [remote 10.0.0.26:50818] 2026-06-30 22:32:25.073 9 ERROR keystone.server.flask.application
File "/var/lib/openstack/lib/python3.12/site-packages/oslo_db/sqlalchemy/enginefacade.py", line 835, in _session
[Tue Jun 30 22:32:25.089611 2026] [wsgi:error] [pid 9:tid 140432238663360] [remote 10.0.0.26:50818] 2026-06-30 22:32:25.073 9 ERROR keystone.server.flask.application self._end_session_transaction(self.session)
[Tue Jun 30 22:32:25.089612 2026] [wsgi:error] [pid 9:tid 140432238663360] [remote 10.0.0.26:50818] 2026-06-30 22:32:25.073 9 ERROR keystone.server.flask.application
File "/var/lib/openstack/lib/python3.12/site-packages/oslo_db/sqlalchemy/enginefacade.py", line 748, in _end_session_transaction
[Tue Jun 30 22:32:25.089614 2026] [wsgi:error] [pid 9:tid 140432238663360] [remote 10.0.0.26:50818] 2026-06-30 22:32:25.073 9 ERROR keystone.server.flask.application session.commit()
[Tue Jun 30 22:32:25.089616 2026] [wsgi:error] [pid 9:tid 140432238663360] [remote 10.0.0.26:50818] 2026-06-30 22:32:25.073 9 ERROR keystone.server.flask.application
File "/var/lib/openstack/lib/python3.12/site-packages/sqlalchemy/orm/session.py", line 2034, in commit
[Tue Jun 30 22:32:25.089629 2026] [wsgi:error] [pid 9:tid 140432238663360] [remote 10.0.0.26:50818] 2026-06-30 22:32:25.073 9 ERROR keystone.server.flask.application trans.commit(_to_root=True)
[Tue Jun 30 22:32:25.089630 2026] [wsgi:error] [pid 9:tid 140432238663360] [remote 10.0.0.26:50818] 2026-06-30 22:32:25.073 9 ERROR keystone.server.flask.application File "", line 2, in commit
[Tue Jun 30 22:32:25.089632 2026] [wsgi:error] [pid 9:tid 140432238663360] [remote 10.0.0.26:50818] 2026-06-30 22:32:25.073 9 ERROR keystone.server.flask.application
File "/var/lib/openstack/lib/python3.12/site-packages/sqlalchemy/orm/state_changes.py", line 137, in _go
[Tue Jun 30 22:32:25.089633 2026] [wsgi:error] [pid 9:tid 140432238663360] [remote 10.0.0.26:50818] 2026-06-30 22:32:25.073 9 ERROR keystone.server.flask.application ret_value = fn(self, *arg, **kw)
[Tue Jun 30 22:32:25.089635 2026] [wsgi:error] [pid 9:tid 140432238663360] [remote 10.0.0.26:50818] 2026-06-30 22:32:25.073 9 ERROR keystone.server.flask.application ^^^^^^^^^^^^^^^^^^^^
[Tue Jun 30 22:32:25.089636 2026] [wsgi:error] [pid 9:tid 140432238663360] [remote 10.0.0.26:50818] 2026-06-30 22:32:25.073 9 ERROR keystone.server.flask.application
File "/var/lib/openstack/lib/python3.12/site-packages/sqlalchemy/orm/session.py", line 1315, in commit
[Tue Jun 30 22:32:25.089638 2026] [wsgi:error] [pid 9:tid 140432238663360] [remote 10.0.0.26:50818] 2026-06-30 22:32:25.073 9 ERROR keystone.server.flask.application self._prepare_impl()
[Tue Jun 30 22:32:25.089639 2026] [wsgi:error] [pid 9:tid 140432238663360] [remote 10.0.0.26:50818] 2026-06-30 22:32:25.073 9 ERROR keystone.server.flask.application File "", line 2, in _prepare_impl
[Tue Jun 30 22:32:25.089641 2026] [wsgi:error] [pid 9:tid 140432238663360] [remote 10.0.0.26:50818] 2026-06-30 22:32:25.073 9 ERROR keystone.server.flask.application
File "/var/lib/openstack/lib/python3.12/site-packages/sqlalchemy/orm/state_changes.py", line 137, in _go
[Tue Jun 30 22:32:25.089642 2026] [wsgi:error] [pid 9:tid 140432238663360] [remote 10.0.0.26:50818] 2026-06-30 22:32:25.073 9 ERROR keystone.server.flask.application ret_value = fn(self, *arg, **kw)
[Tue Jun 30 22:32:25.089644 2026] [wsgi:error] [pid 9:tid 140432238663360] [remote 10.0.0.26:50818] 2026-06-30 22:32:25.073 9 ERROR keystone.server.flask.application ^^^^^^^^^^^^^^^^^^^^
[Tue Jun 30 22:32:25.089645 2026] [wsgi:error] [pid 9:tid 140432238663360] [remote 10.0.0.26:50818] 2026-06-30 22:32:25.073 9 ERROR keystone.server.flask.application
File "/var/lib/openstack/lib/python3.12/site-packages/sqlalchemy/orm/session.py", line 1290, in _prepare_impl
[Tue Jun 30 22:32:25.089647 2026] [wsgi:error] [pid 9:tid 140432238663360] [remote 10.0.0.26:50818] 2026-06-30 22:32:25.073 9 ERROR keystone.server.flask.application self.session.flush()
[Tue Jun 30 22:32:25.089648 2026] [wsgi:error] [pid 9:tid 140432238663360] [remote 10.0.0.26:50818] 2026-06-30 22:32:25.073 9 ERROR keystone.server.flask.application
File "/var/lib/openstack/lib/python3.12/site-packages/sqlalchemy/orm/session.py", line 4352, in flush
[Tue Jun 30 22:32:25.089650 2026] [wsgi:error] [pid 9:tid 140432238663360] [remote 10.0.0.26:50818] 2026-06-30 22:32:25.073 9 ERROR keystone.server.flask.application self._flush(objects)
[Tue Jun 30 22:32:25.089651 2026] [wsgi:error] [pid 9:tid 140432238663360] [remote 10.0.0.26:50818] 2026-06-30 22:32:25.073 9 ERROR keystone.server.flask.application
File "/var/lib/openstack/lib/python3.12/site-packages/sqlalchemy/orm/session.py", line 4487, in _flush
[Tue Jun 30 22:32:25.089652 2026] [wsgi:error] [pid 9:tid 140432238663360] [remote 10.0.0.26:50818] 2026-06-30 22:32:25.073 9 ERROR keystone.server.flask.application with util.safe_reraise():
[Tue Jun 30 22:32:25.089655 2026] [wsgi:error] [pid 9:tid 140432238663360] [remote 10.0.0.26:50818] 2026-06-30 22:32:25.073 9 ERROR keystone.server.flask.application
File "/var/lib/openstack/lib/python3.12/site-packages/sqlalchemy/util/langhelpers.py", line 122, in __exit__
[Tue Jun 30 22:32:25.089656 2026] [wsgi:error] [pid 9:tid 140432238663360] [remote 10.0.0.26:50818] 2026-06-30 22:32:25.073 9 ERROR keystone.server.flask.application raise exc_value.with_traceback(exc_tb)
[Tue Jun 30 22:32:25.089658 2026] [wsgi:error] [pid 9:tid 140432238663360] [remote 10.0.0.26:50818] 2026-06-30 22:32:25.073 9 ERROR keystone.server.flask.application
File "/var/lib/openstack/lib/python3.12/site-packages/sqlalchemy/orm/session.py", line 4448, in _flush
[Tue Jun 30 22:32:25.089659 2026] [wsgi:error] [pid 9:tid 140432238663360] [remote 10.0.0.26:50818] 2026-06-30 22:32:25.073 9 ERROR keystone.server.flask.application flush_context.execute()
[Tue Jun 30 22:32:25.089663 2026] [wsgi:error] [pid 9:tid 140432238663360] [remote 10.0.0.26:50818] 2026-06-30 22:32:25.073 9 ERROR keystone.server.flask.application
File "/var/lib/openstack/lib/python3.12/site-packages/sqlalchemy/orm/unitofwork.py", line 465, in execute
[Tue Jun 30 22:32:25.089665 2026] [wsgi:error] [pid 9:tid 140432238663360] [remote 10.0.0.26:50818] 2026-06-30 22:32:25.073 9 ERROR keystone.server.flask.application rec.execute(self)
