2026-06-23 02:38:24.001 6 INFO neutron.notifiers.nova [-] Nova event matching ['req-55de7e2b-10cb-4a4b-a440-7e1c17e2a8e2'] response: {'server_uuid': 'baa70f9b-7b65-44c2-bf49-2712e814d853', 'name': 'network-vif-unplugged', 'status': 'completed', 'tag': '8f1a1805-8920-4c3f-b280-d241eb3b6a68', 'code': 200} [pid: 7|app: 0|req: 1898/3678] 199.204.45.109 () {34 vars in 994 bytes} [Tue Jun 23 02:38:24 2026] GET /v2.0/ports?device_id=baa70f9b-7b65-44c2-bf49-2712e814d853 => generated 1194 bytes in 86 msecs (HTTP/1.1 200) 4 headers in 158 bytes (1 switches on core 0) /var/lib/openstack/lib/python3.12/site-packages/pycadf/identifier.py:70: UserWarning: Invalid uuid: neutron. To ensure interoperability, identifiers should be a valid uuid. warnings.warn(('Invalid uuid: %s. To ensure interoperability, '
2026-06-23 02:38:24.607 6 INFO neutron_taas.services.taas.taas_plugin [req-41332290-5665-46d6-b3ef-c6266aeeeef0 req-1b463165-8834-4d24-8556-211d0f3345ad 5e59e25414294f26a1b6c7655bb38b65 4f9300fe2ddb40cdba20d9e71d99b800 - - default default] TaaS: Handle Delete Port: 8f1a1805-8920-4c3f-b280-d241eb3b6a68
2026-06-23 02:38:24.610 6 INFO neutron_taas.services.taas.tap_mirror_plugin [req-41332290-5665-46d6-b3ef-c6266aeeeef0 req-1b463165-8834-4d24-8556-211d0f3345ad 5e59e25414294f26a1b6c7655bb38b65 4f9300fe2ddb40cdba20d9e71d99b800 - - default default] Tap Mirror: Handle Delete Port: 8f1a1805-8920-4c3f-b280-d241eb3b6a68 [pid: 6|app: 0|req: 1781/3679] 199.204.45.109 () {36 vars in 997 bytes} [Tue Jun 23 02:38:24 2026] DELETE /v2.0/ports/8f1a1805-8920-4c3f-b280-d241eb3b6a68 => generated 0 bytes in 346 msecs (HTTP/1.1 204) 3 headers in 131 bytes (1 switches on core 0)
2026-06-23 02:38:26.050 6 INFO neutron.notifiers.nova [-] Nova event matching ['req-1c160e60-f135-4f41-ab87-ef9d6c6eb039'] response: {'server_uuid': 'baa70f9b-7b65-44c2-bf49-2712e814d853', 'name': 'network-vif-deleted', 'tag': '8f1a1805-8920-4c3f-b280-d241eb3b6a68', 'status': 'completed', 'code': 200} [pid: 7|app: 0|req: 1900/3682] 10.0.0.132 () {34 vars in 990 bytes} [Tue Jun 23 02:38:27 2026] GET /v2.0/ports?device_id=baa70f9b-7b65-44c2-bf49-2712e814d853 => generated 12 bytes in 22 msecs (HTTP/1.1 200) 4 headers in 156 bytes (1 switches on core 0) [pid: 6|app: 0|req: 1783/3683] 10.0.0.211 () {32 vars in 750 bytes} [Tue Jun 23 02:38:32 2026] DELETE /v2.0/security-group-rules/ed6600a6-cdae-4a72-9c84-5b24e592b5c1 => generated 0 bytes in 193 msecs (HTTP/1.1 204) 2 headers in 112 bytes (1 switches on core 0)
2026-06-23 02:38:32.664 7 INFO neutron.api.v2.resource [None req-565ccb50-8510-4429-a481-aa56efd6591a 5e59e25414294f26a1b6c7655bb38b65 4f9300fe2ddb40cdba20d9e71d99b800 - - default default] show failed (client error): The resource could not be found. [pid: 7|app: 0|req: 1901/3684] 10.0.0.211 () {32 vars in 747 bytes} [Tue Jun 23 02:38:32 2026] GET /v2.0/security-group-rules/ed6600a6-cdae-4a72-9c84-5b24e592b5c1 => generated 155 bytes in 15 msecs (HTTP/1.1 404) 4 headers in 164 bytes (1 switches on core 0) [pid: 6|app: 0|req: 1784/3685] 10.0.0.211 () {32 vars in 750 bytes} [Tue Jun 23 02:38:32 2026] DELETE /v2.0/security-group-rules/0e09572e-e171-4774-8c07-632c3e44b089 => generated 0 bytes in 179 msecs (HTTP/1.1 204) 2 headers in 112 bytes (1 switches on core 0)
2026-06-23 02:38:32.871 7 INFO neutron.api.v2.resource [None req-716f8f32-c0fd-48d1-ad6b-0667584178ed 5e59e25414294f26a1b6c7655bb38b65 4f9300fe2ddb40cdba20d9e71d99b800 - - default default] show failed (client error): The resource could not be found. [pid: 7|app: 0|req: 1902/3686] 10.0.0.211 () {32 vars in 747 bytes} [Tue Jun 23 02:38:32 2026] GET /v2.0/security-group-rules/0e09572e-e171-4774-8c07-632c3e44b089 => generated 155 bytes in 21 msecs (HTTP/1.1 404) 4 headers in 164 bytes (1 switches on core 0) [pid: 6|app: 0|req: 1785/3687] 10.0.0.211 () {32 vars in 750 bytes} [Tue Jun 23 02:38:32 2026] DELETE /v2.0/security-group-rules/8d141986-612c-4ea6-a86d-e78f43e211d8 => generated 0 bytes in 176 msecs (HTTP/1.1 204) 2 headers in 112 bytes (1 switches on core 0)
2026-06-23 02:38:33.080 7 INFO neutron.api.v2.resource [None req-38f28185-c33b-4ffd-8ab5-2ba5013c178d 5e59e25414294f26a1b6c7655bb38b65 4f9300fe2ddb40cdba20d9e71d99b800 - - default default] show failed (client error): The resource could not be found. [pid: 7|app: 0|req: 1903/3688] 10.0.0.211 () {32 vars in 747 bytes} [Tue Jun 23 02:38:33 2026] GET /v2.0/security-group-rules/8d141986-612c-4ea6-a86d-e78f43e211d8 => generated 155 bytes in 15 msecs (HTTP/1.1 404) 4 headers in 164 bytes (1 switches on core 0) [pid: 6|app: 0|req: 1786/3689] 10.0.0.211 () {32 vars in 750 bytes} [Tue Jun 23 02:38:33 2026] DELETE /v2.0/security-group-rules/4fc5d981-ecad-4fbd-9d69-1716e258a0f4 => generated 0 bytes in 167 msecs (HTTP/1.1 204) 2 headers in 112 bytes (1 switches on core 0)
2026-06-23 02:38:33.271 7 INFO neutron.api.v2.resource [None req-e1ec01c4-ff68-4200-8e62-18f804340b94 5e59e25414294f26a1b6c7655bb38b65 4f9300fe2ddb40cdba20d9e71d99b800 - - default default] show failed (client error): The resource could not be found. [pid: 7|app: 0|req: 1904/3690] 10.0.0.211 () {32 vars in 747 bytes} [Tue Jun 23 02:38:33 2026] GET /v2.0/security-group-rules/4fc5d981-ecad-4fbd-9d69-1716e258a0f4 => generated 155 bytes in 13 msecs (HTTP/1.1 404) 4 headers in 164 bytes (1 switches on core 0) [pid: 6|app: 0|req: 1787/3691] 10.0.0.211 () {32 vars in 750 bytes} [Tue Jun 23 02:38:33 2026] DELETE /v2.0/security-group-rules/4e8ee118-0460-4275-957d-2f6a7ae32628 => generated 0 bytes in 133 msecs (HTTP/1.1 204) 2 headers in 112 bytes (1 switches on core 0)
2026-06-23 02:38:33.428 7 INFO neutron.api.v2.resource [None req-ea8299e2-1b8a-450e-bc0a-abd2cda63a38 5e59e25414294f26a1b6c7655bb38b65 4f9300fe2ddb40cdba20d9e71d99b800 - - default default] show failed (client error): The resource could not be found. [pid: 7|app: 0|req: 1905/3692] 10.0.0.211 () {32 vars in 747 bytes} [Tue Jun 23 02:38:33 2026] GET /v2.0/security-group-rules/4e8ee118-0460-4275-957d-2f6a7ae32628 => generated 155 bytes in 14 msecs (HTTP/1.1 404) 4 headers in 164 bytes (1 switches on core 0) [pid: 6|app: 0|req: 1788/3693] 10.0.0.211 () {32 vars in 750 bytes} [Tue Jun 23 02:38:33 2026] DELETE /v2.0/security-group-rules/003f5839-f74d-4960-85fb-04bfe5ea33d2 => generated 0 bytes in 125 msecs (HTTP/1.1 204) 2 headers in 112 bytes (1 switches on core 0)
2026-06-23 02:38:33.581 7 INFO neutron.api.v2.resource [None req-c67de040-aa1c-46dd-b092-ea033ef0c00c 5e59e25414294f26a1b6c7655bb38b65 4f9300fe2ddb40cdba20d9e71d99b800 - - default default] show failed (client error): The resource could not be found. [pid: 7|app: 0|req: 1906/3694] 10.0.0.211 () {32 vars in 747 bytes} [Tue Jun 23 02:38:33 2026] GET /v2.0/security-group-rules/003f5839-f74d-4960-85fb-04bfe5ea33d2 => generated 155 bytes in 17 msecs (HTTP/1.1 404) 4 headers in 164 bytes (1 switches on core 0) [pid: 6|app: 0|req: 1789/3695] 10.0.0.211 () {32 vars in 750 bytes} [Tue Jun 23 02:38:33 2026] DELETE /v2.0/security-group-rules/2a9eebda-9e1b-4bb2-bbcc-a0a1e97b4e1c => generated 0 bytes in 157 msecs (HTTP/1.1 204) 2 headers in 112 bytes (1 switches on core 0)
2026-06-23 02:38:33.762 7 INFO neutron.api.v2.resource [None req-15990998-dfa2-4b21-873e-fae0659dc7cb 5e59e25414294f26a1b6c7655bb38b65 4f9300fe2ddb40cdba20d9e71d99b800 - - default default] show failed (client error): The resource could not be found. [pid: 7|app: 0|req: 1907/3696] 10.0.0.211 () {32 vars in 747 bytes} [Tue Jun 23 02:38:33 2026] GET /v2.0/security-group-rules/2a9eebda-9e1b-4bb2-bbcc-a0a1e97b4e1c => generated 155 bytes in 14 msecs (HTTP/1.1 404) 4 headers in 164 bytes (1 switches on core 0) [pid: 6|app: 0|req: 1790/3697] 10.0.0.211 () {32 vars in 750 bytes} [Tue Jun 23 02:38:33 2026] DELETE /v2.0/security-group-rules/35031a41-684c-4637-a1e0-d6e8d426fde2 => generated 0 bytes in 159 msecs (HTTP/1.1 204) 2 headers in 112 bytes (1 switches on core 0)
2026-06-23 02:38:33.952 7 INFO neutron.api.v2.resource [None req-eb3f1636-d608-4ad5-985b-3c04e05a2232 5e59e25414294f26a1b6c7655bb38b65 4f9300fe2ddb40cdba20d9e71d99b800 - - default default] show failed (client error): The resource could not be found. [pid: 7|app: 0|req: 1908/3698] 10.0.0.211 () {32 vars in 747 bytes} [Tue Jun 23 02:38:33 2026] GET /v2.0/security-group-rules/35031a41-684c-4637-a1e0-d6e8d426fde2 => generated 155 bytes in 21 msecs (HTTP/1.1 404) 4 headers in 164 bytes (1 switches on core 0) [pid: 6|app: 0|req: 1791/3699] 10.0.0.211 () {32 vars in 750 bytes} [Tue Jun 23 02:38:33 2026] DELETE /v2.0/security-group-rules/039da881-16fb-4f9a-8b33-5188803ce549 => generated 0 bytes in 156 msecs (HTTP/1.1 204) 2 headers in 112 bytes (1 switches on core 0)
2026-06-23 02:38:34.135 7 INFO neutron.api.v2.resource [None req-9745a0a9-fe33-4856-9f81-9c2aaa1e87c9 5e59e25414294f26a1b6c7655bb38b65 4f9300fe2ddb40cdba20d9e71d99b800 - - default default] show failed (client error): The resource could not be found. [pid: 7|app: 0|req: 1909/3700] 10.0.0.211 () {32 vars in 747 bytes} [Tue Jun 23 02:38:34 2026] GET /v2.0/security-group-rules/039da881-16fb-4f9a-8b33-5188803ce549 => generated 155 bytes in 15 msecs (HTTP/1.1 404) 4 headers in 164 bytes (1 switches on core 0) [pid: 6|app: 0|req: 1792/3701] 10.0.0.211 () {32 vars in 750 bytes} [Tue Jun 23 02:38:34 2026] DELETE /v2.0/security-group-rules/051452be-c2cc-489a-9c42-d01639074f7b => generated 0 bytes in 183 msecs (HTTP/1.1 204) 2 headers in 112 bytes (1 switches on core 0)
2026-06-23 02:38:34.342 7 INFO neutron.api.v2.resource [None req-9b13f195-2cb3-4524-99b1-8402d30b197e 5e59e25414294f26a1b6c7655bb38b65 4f9300fe2ddb40cdba20d9e71d99b800 - - default default] show failed (client error): The resource could not be found. [pid: 7|app: 0|req: 1910/3702] 10.0.0.211 () {32 vars in 747 bytes} [Tue Jun 23 02:38:34 2026] GET /v2.0/security-group-rules/051452be-c2cc-489a-9c42-d01639074f7b => generated 155 bytes in 13 msecs (HTTP/1.1 404) 4 headers in 164 bytes (1 switches on core 0) [pid: 6|app: 0|req: 1793/3703] 10.0.0.211 () {32 vars in 750 bytes} [Tue Jun 23 02:38:34 2026] DELETE /v2.0/security-group-rules/3d110df9-884e-4160-ab2f-2be779581add => generated 0 bytes in 135 msecs (HTTP/1.1 204) 2 headers in 112 bytes (1 switches on core 0)
2026-06-23 02:38:34.505 7 INFO neutron.api.v2.resource [None req-0965b569-aa0f-430b-afb0-dae2097f449f 5e59e25414294f26a1b6c7655bb38b65 4f9300fe2ddb40cdba20d9e71d99b800 - - default default] show failed (client error): The resource could not be found. [pid: 7|app: 0|req: 1911/3704] 10.0.0.211 () {32 vars in 747 bytes} [Tue Jun 23 02:38:34 2026] GET /v2.0/security-group-rules/3d110df9-884e-4160-ab2f-2be779581add => generated 155 bytes in 19 msecs (HTTP/1.1 404) 4 headers in 164 bytes (1 switches on core 0) [pid: 6|app: 0|req: 1794/3705] 10.0.0.211 () {32 vars in 740 bytes} [Tue Jun 23 02:38:34 2026] DELETE /v2.0/security-groups/d4208601-8ff1-4f07-9561-36b20660b913 => generated 0 bytes in 127 msecs (HTTP/1.1 204) 2 headers in 112 bytes (1 switches on core 0)
2026-06-23 02:38:34.657 7 INFO neutron.api.v2.resource [None req-f30442e2-0275-482d-bc7d-b970ceab0457 5e59e25414294f26a1b6c7655bb38b65 4f9300fe2ddb40cdba20d9e71d99b800 - - default default] show failed (client error): The resource could not be found. [pid: 7|app: 0|req: 1912/3706] 10.0.0.211 () {32 vars in 737 bytes} [Tue Jun 23 02:38:34 2026] GET /v2.0/security-groups/d4208601-8ff1-4f07-9561-36b20660b913 => generated 146 bytes in 15 msecs (HTTP/1.1 404) 4 headers in 164 bytes (1 switches on core 0)
2026-06-23 02:38:35.053 6 INFO neutron_taas.services.taas.taas_plugin [None req-0877051b-ddc1-4c03-8a15-0b32177fe090 5e59e25414294f26a1b6c7655bb38b65 4f9300fe2ddb40cdba20d9e71d99b800 - - default default] TaaS: Handle Delete Port: 2d50e8bc-a2b2-40d5-81e4-3707d252b7d4
2026-06-23 02:38:35.057 6 INFO neutron_taas.services.taas.tap_mirror_plugin [None req-0877051b-ddc1-4c03-8a15-0b32177fe090 5e59e25414294f26a1b6c7655bb38b65 4f9300fe2ddb40cdba20d9e71d99b800 - - default default] Tap Mirror: Handle Delete Port: 2d50e8bc-a2b2-40d5-81e4-3707d252b7d4 [pid: 6|app: 0|req: 1795/3707] 10.0.0.211 () {34 vars in 789 bytes} [Tue Jun 23 02:38:34 2026] PUT /v2.0/routers/48dc9f72-eedf-4b9e-aa5e-a5153ec02b6e/remove_router_interface => generated 309 bytes in 1783 msecs (HTTP/1.1 200) 4 headers in 157 bytes (1 switches on core 0)
2026-06-23 02:38:36.681 7 INFO neutron.api.v2.resource [None req-b5e24d46-b3b2-4665-9c63-0aaf29df839e 5e59e25414294f26a1b6c7655bb38b65 4f9300fe2ddb40cdba20d9e71d99b800 - - default default] remove_router_interface failed (client error): The resource could not be found. [pid: 7|app: 0|req: 1913/3708] 10.0.0.211 () {34 vars in 789 bytes} [Tue Jun 23 02:38:36 2026] PUT /v2.0/routers/48dc9f72-eedf-4b9e-aa5e-a5153ec02b6e/remove_router_interface => generated 198 bytes in 183 msecs (HTTP/1.1 404) 4 headers in 164 bytes (1 switches on core 0) /var/lib/openstack/lib/python3.12/site-packages/pycadf/identifier.py:70: UserWarning: Invalid uuid: neutron. To ensure interoperability, identifiers should be a valid uuid. warnings.warn(('Invalid uuid: %s. To ensure interoperability, '
2026-06-23 02:38:37.036 6 INFO neutron_taas.services.taas.taas_plugin [None req-e81aa274-3b7f-48ce-83fd-5cb1d219a9fd 5e59e25414294f26a1b6c7655bb38b65 4f9300fe2ddb40cdba20d9e71d99b800 - - default default] TaaS: Handle Delete Port: 7ddeed5b-ad9b-4c28-b6f1-e8765bc711f2
2026-06-23 02:38:37.043 6 INFO neutron_taas.services.taas.tap_mirror_plugin [None req-e81aa274-3b7f-48ce-83fd-5cb1d219a9fd 5e59e25414294f26a1b6c7655bb38b65 4f9300fe2ddb40cdba20d9e71d99b800 - - default default] Tap Mirror: Handle Delete Port: 7ddeed5b-ad9b-4c28-b6f1-e8765bc711f2 [pid: 6|app: 0|req: 1796/3709] 10.0.0.211 () {34 vars in 789 bytes} [Tue Jun 23 02:38:36 2026] PUT /v2.0/routers/48dc9f72-eedf-4b9e-aa5e-a5153ec02b6e/remove_router_interface => generated 309 bytes in 995 msecs (HTTP/1.1 200) 4 headers in 157 bytes (1 switches on core 0)
2026-06-23 02:38:37.807 7 INFO neutron.api.v2.resource [None req-a17ea83e-d726-4509-9263-596c04286625 5e59e25414294f26a1b6c7655bb38b65 4f9300fe2ddb40cdba20d9e71d99b800 - - default default] remove_router_interface failed (client error): The resource could not be found. [pid: 7|app: 0|req: 1914/3710] 10.0.0.211 () {34 vars in 789 bytes} [Tue Jun 23 02:38:37 2026] PUT /v2.0/routers/48dc9f72-eedf-4b9e-aa5e-a5153ec02b6e/remove_router_interface => generated 198 bytes in 110 msecs (HTTP/1.1 404) 4 headers in 164 bytes (1 switches on core 0) /var/lib/openstack/lib/python3.12/site-packages/pycadf/identifier.py:70: UserWarning: Invalid uuid: neutron. To ensure interoperability, identifiers should be a valid uuid. warnings.warn(('Invalid uuid: %s. To ensure interoperability, '
2026-06-23 02:38:38.227 6 INFO neutron_taas.services.taas.taas_plugin [None req-a70a51cd-243f-4ece-b701-44c516ebf272 5e59e25414294f26a1b6c7655bb38b65 4f9300fe2ddb40cdba20d9e71d99b800 - - default default] TaaS: Handle Delete Port: 77d7c020-7ea0-4369-9139-219faf975179
2026-06-23 02:38:38.231 6 INFO neutron_taas.services.taas.tap_mirror_plugin [None req-a70a51cd-243f-4ece-b701-44c516ebf272 5e59e25414294f26a1b6c7655bb38b65 4f9300fe2ddb40cdba20d9e71d99b800 - - default default] Tap Mirror: Handle Delete Port: 77d7c020-7ea0-4369-9139-219faf975179 [pid: 6|app: 0|req: 1797/3711] 10.0.0.211 () {34 vars in 789 bytes} [Tue Jun 23 02:38:37 2026] PUT /v2.0/routers/48dc9f72-eedf-4b9e-aa5e-a5153ec02b6e/remove_router_interface => generated 309 bytes in 1029 msecs (HTTP/1.1 200) 4 headers in 157 bytes (1 switches on core 0)
2026-06-23 02:38:39.005 7 INFO neutron.api.v2.resource [None req-17ffa47a-2a21-4102-bc94-4ca875dc4a71 5e59e25414294f26a1b6c7655bb38b65 4f9300fe2ddb40cdba20d9e71d99b800 - - default default] remove_router_interface failed (client error): The resource could not be found. [pid: 7|app: 0|req: 1915/3712] 10.0.0.211 () {34 vars in 789 bytes} [Tue Jun 23 02:38:38 2026] PUT /v2.0/routers/48dc9f72-eedf-4b9e-aa5e-a5153ec02b6e/remove_router_interface => generated 198 bytes in 160 msecs (HTTP/1.1 404) 4 headers in 164 bytes (1 switches on core 0) /var/lib/openstack/lib/python3.12/site-packages/pycadf/identifier.py:70: UserWarning: Invalid uuid: neutron. To ensure interoperability, identifiers should be a valid uuid. warnings.warn(('Invalid uuid: %s. To ensure interoperability, '
2026-06-23 02:38:39.391 6 INFO neutron_taas.services.taas.taas_plugin [None req-bece06a7-8485-4318-8726-d2ef3c70f964 5e59e25414294f26a1b6c7655bb38b65 4f9300fe2ddb40cdba20d9e71d99b800 - - default default] TaaS: Handle Delete Port: 55f571e2-97dd-4d57-98e7-a23aa37ac528
2026-06-23 02:38:39.395 6 INFO neutron_taas.services.taas.tap_mirror_plugin [None req-bece06a7-8485-4318-8726-d2ef3c70f964 5e59e25414294f26a1b6c7655bb38b65 4f9300fe2ddb40cdba20d9e71d99b800 - - default default] Tap Mirror: Handle Delete Port: 55f571e2-97dd-4d57-98e7-a23aa37ac528 [pid: 6|app: 0|req: 1798/3713] 10.0.0.211 () {32 vars in 724 bytes} [Tue Jun 23 02:38:39 2026] DELETE /v2.0/routers/48dc9f72-eedf-4b9e-aa5e-a5153ec02b6e => generated 0 bytes in 812 msecs (HTTP/1.1 204) 2 headers in 112 bytes (1 switches on core 0)
2026-06-23 02:38:39.849 7 INFO neutron.api.v2.resource [None req-220979e6-1354-4ce2-bf69-e7cdeea62d88 5e59e25414294f26a1b6c7655bb38b65 4f9300fe2ddb40cdba20d9e71d99b800 - - default default] show failed (client error): The resource could not be found. [pid: 7|app: 0|req: 1916/3714] 10.0.0.211 () {32 vars in 721 bytes} [Tue Jun 23 02:38:39 2026] GET /v2.0/routers/48dc9f72-eedf-4b9e-aa5e-a5153ec02b6e => generated 135 bytes in 20 msecs (HTTP/1.1 404) 4 headers in 164 bytes (1 switches on core 0) [pid: 6|app: 0|req: 1799/3715] 10.0.0.211 () {32 vars in 724 bytes} [Tue Jun 23 02:38:39 2026] DELETE /v2.0/subnets/122fb0c2-01ad-4c6e-9cce-936985dfd24b => generated 0 bytes in 173 msecs (HTTP/1.1 204) 3 headers in 131 bytes (1 switches on core 0)
2026-06-23 02:38:40.053 7 INFO neutron.pecan_wsgi.hooks.translation [None req-a86f6ea8-0a39-430d-b85a-bb8feb1e41e7 5e59e25414294f26a1b6c7655bb38b65 4f9300fe2ddb40cdba20d9e71d99b800 - - default default] GET failed (client error): The resource could not be found. [pid: 7|app: 0|req: 1917/3716] 10.0.0.211 () {32 vars in 721 bytes} [Tue Jun 23 02:38:40 2026] GET /v2.0/subnets/122fb0c2-01ad-4c6e-9cce-936985dfd24b => generated 136 bytes in 20 msecs (HTTP/1.1 404) 4 headers in 164 bytes (1 switches on core 0) [pid: 6|app: 0|req: 1800/3717] 10.0.0.211 () {32 vars in 724 bytes} [Tue Jun 23 02:38:40 2026] DELETE /v2.0/subnets/663b1351-8dee-4a29-9956-e4ee04002128 => generated 0 bytes in 209 msecs (HTTP/1.1 204) 3 headers in 131 bytes (1 switches on core 0)
2026-06-23 02:38:40.305 7 INFO neutron.pecan_wsgi.hooks.translation [None req-f67a01be-656b-4225-9e83-000c9ffbf7d6 5e59e25414294f26a1b6c7655bb38b65 4f9300fe2ddb40cdba20d9e71d99b800 - - default default] GET failed (client error): The resource could not be found. [pid: 7|app: 0|req: 1918/3718] 10.0.0.211 () {32 vars in 721 bytes} [Tue Jun 23 02:38:40 2026] GET /v2.0/subnets/663b1351-8dee-4a29-9956-e4ee04002128 => generated 136 bytes in 33 msecs (HTTP/1.1 404) 4 headers in 164 bytes (1 switches on core 0)
2026-06-23 02:38:40.439 6 INFO neutron_taas.services.taas.taas_plugin [None req-f9b0ae7a-c828-430e-8e48-c5d8344d61bf 5e59e25414294f26a1b6c7655bb38b65 4f9300fe2ddb40cdba20d9e71d99b800 - - default default] TaaS: Handle Delete Port: 16a3f602-da43-427c-8ccf-2da80154c292
2026-06-23 02:38:40.442 6 INFO neutron_taas.services.taas.tap_mirror_plugin [None req-f9b0ae7a-c828-430e-8e48-c5d8344d61bf 5e59e25414294f26a1b6c7655bb38b65 4f9300fe2ddb40cdba20d9e71d99b800 - - default default] Tap Mirror: Handle Delete Port: 16a3f602-da43-427c-8ccf-2da80154c292
2026-06-23 02:38:40.695 6 INFO neutron.services.segments.plugin [-] Segment eb59df5e-3385-4f2c-9eef-35d90936f48c resource provider aggregate not found
2026-06-23 02:38:40.700 6 INFO neutron.services.segments.plugin [-] Segment eb59df5e-3385-4f2c-9eef-35d90936f48c resource provider aggregate not found [pid: 6|app: 0|req: 1801/3720] 10.0.0.211 () {32 vars in 726 bytes} [Tue Jun 23 02:38:40 2026] DELETE /v2.0/networks/df73a32f-515c-49e3-8163-09fe5d263cc4 => generated 0 bytes in 406 msecs (HTTP/1.1 204) 3 headers in 131 bytes (1 switches on core 0)
2026-06-23 02:38:40.726 6 INFO neutron.services.segments.plugin [-] Segment eb59df5e-3385-4f2c-9eef-35d90936f48c resource provider not found; error: Placement Client Error (4xx): {"errors": [{"status": 404, "title": "Not Found", "detail": "The resource could not be found.\n\n No resource provider with uuid eb59df5e-3385-4f2c-9eef-35d90936f48c found for delete ", "request_id": "req-5fb380f8-1592-486d-9f57-6eed29d117d0"}]}
2026-06-23 02:38:40.728 6 INFO neutron.services.segments.plugin [-] Segment eb59df5e-3385-4f2c-9eef-35d90936f48c resource provider not found; error: Placement Client Error (4xx): {"errors": [{"status": 404, "title": "Not Found", "detail": "The resource could not be found.\n\n No resource provider with uuid eb59df5e-3385-4f2c-9eef-35d90936f48c found for delete ", "request_id": "req-963a768d-7797-4134-96d7-af52cd740f77"}]}
2026-06-23 02:38:40.741 6 INFO neutron.pecan_wsgi.hooks.translation [None req-40e6fb96-181d-41e1-8d46-8586ad1578bb 5e59e25414294f26a1b6c7655bb38b65 4f9300fe2ddb40cdba20d9e71d99b800 - - default default] GET failed (client error): The resource could not be found. [pid: 6|app: 0|req: 1802/3722] 10.0.0.211 () {32 vars in 723 bytes} [Tue Jun 23 02:38:40 2026] GET /v2.0/networks/df73a32f-515c-49e3-8163-09fe5d263cc4 => generated 138 bytes in 20 msecs (HTTP/1.1 404) 4 headers in 164 bytes (1 switches on core 0) [pid: 7|app: 0|req: 1921/3723] 10.0.0.211 () {32 vars in 724 bytes} [Tue Jun 23 02:38:40 2026] DELETE /v2.0/subnets/cc55d3bb-0507-44b3-a7df-c19ac0854f17 => generated 0 bytes in 189 msecs (HTTP/1.1 204) 3 headers in 131 bytes (1 switches on core 0)
2026-06-23 02:38:40.971 6 INFO neutron.pecan_wsgi.hooks.translation [None req-d8a03348-f064-4721-ad58-d48b838396a9 5e59e25414294f26a1b6c7655bb38b65 4f9300fe2ddb40cdba20d9e71d99b800 - - default default] GET failed (client error): The resource could not be found. [pid: 6|app: 0|req: 1803/3724] 10.0.0.211 () {32 vars in 721 bytes} [Tue Jun 23 02:38:40 2026] GET /v2.0/subnets/cc55d3bb-0507-44b3-a7df-c19ac0854f17 => generated 136 bytes in 22 msecs (HTTP/1.1 404) 4 headers in 164 bytes (1 switches on core 0) [pid: 7|app: 0|req: 1922/3725] 10.0.0.211 () {32 vars in 724 bytes} [Tue Jun 23 02:38:40 2026] DELETE /v2.0/subnets/a9c1a05f-8e8f-44b2-b3de-f6831b29af54 => generated 0 bytes in 214 msecs (HTTP/1.1 204) 3 headers in 131 bytes (1 switches on core 0)
2026-06-23 02:38:41.218 6 INFO neutron.pecan_wsgi.hooks.translation [None req-a7c5b906-7d9f-439d-b5f0-4ddd0073fffb 5e59e25414294f26a1b6c7655bb38b65 4f9300fe2ddb40cdba20d9e71d99b800 - - default default] GET failed (client error): The resource could not be found. [pid: 6|app: 0|req: 1804/3726] 10.0.0.211 () {32 vars in 721 bytes} [Tue Jun 23 02:38:41 2026] GET /v2.0/subnets/a9c1a05f-8e8f-44b2-b3de-f6831b29af54 => generated 136 bytes in 19 msecs (HTTP/1.1 404) 4 headers in 164 bytes (1 switches on core 0)
2026-06-23 02:38:41.382 7 INFO neutron_taas.services.taas.taas_plugin [None req-e969bd25-3f87-4ec2-a36c-78d70217c197 5e59e25414294f26a1b6c7655bb38b65 4f9300fe2ddb40cdba20d9e71d99b800 - - default default] TaaS: Handle Delete Port: a820027b-f5d8-42b2-ab33-f7204c8d7cdc
2026-06-23 02:38:41.385 7 INFO neutron_taas.services.taas.tap_mirror_plugin [None req-e969bd25-3f87-4ec2-a36c-78d70217c197 5e59e25414294f26a1b6c7655bb38b65 4f9300fe2ddb40cdba20d9e71d99b800 - - default default] Tap Mirror: Handle Delete Port: a820027b-f5d8-42b2-ab33-f7204c8d7cdc
2026-06-23 02:38:41.626 7 INFO neutron.services.segments.plugin [-] Segment 6a678e01-c3eb-4c1b-9fbe-a47d88e237ec resource provider aggregate not found
2026-06-23 02:38:41.634 7 INFO neutron.services.segments.plugin [-] Segment 6a678e01-c3eb-4c1b-9fbe-a47d88e237ec resource provider aggregate not found [pid: 7|app: 0|req: 1923/3727] 10.0.0.211 () {32 vars in 726 bytes} [Tue Jun 23 02:38:41 2026] DELETE /v2.0/networks/c047d9c3-3b06-4f7b-8317-4ae5ece4eb43 => generated 0 bytes in 424 msecs (HTTP/1.1 204) 3 headers in 131 bytes (1 switches on core 0)
2026-06-23 02:38:41.651 7 INFO neutron.services.segments.plugin [-] Segment 6a678e01-c3eb-4c1b-9fbe-a47d88e237ec resource provider not found; error: Placement Client Error (4xx): {"errors": [{"status": 404, "title": "Not Found", "detail": "The resource could not be found.\n\n No resource provider with uuid 6a678e01-c3eb-4c1b-9fbe-a47d88e237ec found for delete ", "request_id": "req-71a2b8c5-fb23-4d4c-bc74-652270b27e7c"}]}
2026-06-23 02:38:41.653 7 INFO neutron.services.segments.plugin [-] Segment 6a678e01-c3eb-4c1b-9fbe-a47d88e237ec resource provider not found; error: Placement Client Error (4xx): {"errors": [{"status": 404, "title": "Not Found", "detail": "The resource could not be found.\n\n No resource provider with uuid 6a678e01-c3eb-4c1b-9fbe-a47d88e237ec found for delete ", "request_id": "req-fd33bf25-a0bf-458e-9255-a59632859735"}]}
2026-06-23 02:38:41.672 6 INFO neutron.pecan_wsgi.hooks.translation [None req-7fea4f16-9370-4428-8960-cb9703a96238 5e59e25414294f26a1b6c7655bb38b65 4f9300fe2ddb40cdba20d9e71d99b800 - - default default] GET failed (client error): The resource could not be found. [pid: 6|app: 0|req: 1805/3728] 10.0.0.211 () {32 vars in 723 bytes} [Tue Jun 23 02:38:41 2026] GET /v2.0/networks/c047d9c3-3b06-4f7b-8317-4ae5ece4eb43 => generated 138 bytes in 19 msecs (HTTP/1.1 404) 4 headers in 164 bytes (1 switches on core 0) [pid: 7|app: 0|req: 1924/3729] 10.0.0.211 () {32 vars in 724 bytes} [Tue Jun 23 02:38:41 2026] DELETE /v2.0/subnets/0272fa1b-7b84-4735-88dd-f9cc7e168abb => generated 0 bytes in 140 msecs (HTTP/1.1 204) 3 headers in 131 bytes (1 switches on core 0)
2026-06-23 02:38:41.839 6 INFO neutron.pecan_wsgi.hooks.translation [None req-c713edd6-b9b0-4ec5-9d51-2166ee34be84 5e59e25414294f26a1b6c7655bb38b65 4f9300fe2ddb40cdba20d9e71d99b800 - - default default] GET failed (client error): The resource could not be found. [pid: 6|app: 0|req: 1806/3730] 10.0.0.211 () {32 vars in 721 bytes} [Tue Jun 23 02:38:41 2026] GET /v2.0/subnets/0272fa1b-7b84-4735-88dd-f9cc7e168abb => generated 136 bytes in 15 msecs (HTTP/1.1 404) 4 headers in 164 bytes (1 switches on core 0) [pid: 7|app: 0|req: 1925/3731] 10.0.0.211 () {32 vars in 724 bytes} [Tue Jun 23 02:38:41 2026] DELETE /v2.0/subnets/6ba9ccad-c214-4148-9c58-5d8fa7d1c133 => generated 0 bytes in 219 msecs (HTTP/1.1 204) 3 headers in 131 bytes (1 switches on core 0)
2026-06-23 02:38:42.088 6 INFO neutron.pecan_wsgi.hooks.translation [None req-4037c3b0-bffe-4abe-93a7-ed1089392db1 5e59e25414294f26a1b6c7655bb38b65 4f9300fe2ddb40cdba20d9e71d99b800 - - default default] GET failed (client error): The resource could not be found. [pid: 6|app: 0|req: 1807/3732] 10.0.0.211 () {32 vars in 721 bytes} [Tue Jun 23 02:38:42 2026] GET /v2.0/subnets/6ba9ccad-c214-4148-9c58-5d8fa7d1c133 => generated 136 bytes in 19 msecs (HTTP/1.1 404) 4 headers in 164 bytes (1 switches on core 0)
2026-06-23 02:38:42.224 7 INFO neutron_taas.services.taas.taas_plugin [None req-d9ea5c1c-a049-4a7d-9d3b-54e4f69ca6d4 5e59e25414294f26a1b6c7655bb38b65 4f9300fe2ddb40cdba20d9e71d99b800 - - default default] TaaS: Handle Delete Port: 52f04c2d-8130-4e92-9ff8-353b5776ccb1
2026-06-23 02:38:42.227 7 INFO neutron_taas.services.taas.tap_mirror_plugin [None req-d9ea5c1c-a049-4a7d-9d3b-54e4f69ca6d4 5e59e25414294f26a1b6c7655bb38b65 4f9300fe2ddb40cdba20d9e71d99b800 - - default default] Tap Mirror: Handle Delete Port: 52f04c2d-8130-4e92-9ff8-353b5776ccb1 [pid: 7|app: 0|req: 1926/3733] 10.0.0.211 () {32 vars in 726 bytes} [Tue Jun 23 02:38:42 2026] DELETE /v2.0/networks/b10326a3-b0da-4c83-8f59-e624877322c9 => generated 0 bytes in 357 msecs (HTTP/1.1 204) 3 headers in 131 bytes (1 switches on core 0)
2026-06-23 02:38:42.475 6 INFO neutron.pecan_wsgi.hooks.translation [None req-466c64e0-f0df-466c-bc90-497d15b8dd60 5e59e25414294f26a1b6c7655bb38b65 4f9300fe2ddb40cdba20d9e71d99b800 - - default default] GET failed (client error): The resource could not be found. [pid: 6|app: 0|req: 1808/3734] 10.0.0.211 () {32 vars in 723 bytes} [Tue Jun 23 02:38:42 2026] GET /v2.0/networks/b10326a3-b0da-4c83-8f59-e624877322c9 => generated 138 bytes in 19 msecs (HTTP/1.1 404) 4 headers in 164 bytes (1 switches on core 0)
2026-06-23 02:38:43.676 7 INFO neutron.services.segments.plugin [-] Segment 28f1f492-28eb-4fab-aea1-0999824db23c resource provider aggregate not found
2026-06-23 02:38:43.682 7 INFO neutron.services.segments.plugin [-] Segment 28f1f492-28eb-4fab-aea1-0999824db23c resource provider aggregate not found
2026-06-23 02:38:43.696 7 INFO neutron.services.segments.plugin [-] Segment 28f1f492-28eb-4fab-aea1-0999824db23c resource provider not found; error: Placement Client Error (4xx): {"errors": [{"status": 404, "title": "Not Found", "detail": "The resource could not be found.\n\n No resource provider with uuid 28f1f492-28eb-4fab-aea1-0999824db23c found for delete ", "request_id": "req-f7310cd9-29d1-4928-a45c-6ff7cdebcbe3"}]}
2026-06-23 02:38:43.699 7 INFO neutron.services.segments.plugin [-] Segment 28f1f492-28eb-4fab-aea1-0999824db23c resource provider not found; error: Placement Client Error (4xx): {"errors": [{"status": 404, "title": "Not Found", "detail": "The resource could not be found.\n\n No resource provider with uuid 28f1f492-28eb-4fab-aea1-0999824db23c found for delete ", "request_id": "req-22dd88c8-0bce-4a5a-9018-4c4cd5c81def"}]}
2026-06-23 02:38:44.778 7 INFO neutron.db.ovn_revision_numbers_db [None req-95655f0b-ed38-49f6-b6af-a040999067ab d2cfef1c08fb4202a48b4f9dd88a1936 1f7a355166314205b9deae53a4a6c178 - - default default] Successfully bumped revision number for resource 337058db-641c-4655-b5d1-93c1c4d351ad (type: security_groups) to 1
2026-06-23 02:38:44.792 7 INFO neutron.db.ovn_revision_numbers_db [None req-95655f0b-ed38-49f6-b6af-a040999067ab d2cfef1c08fb4202a48b4f9dd88a1936 1f7a355166314205b9deae53a4a6c178 - - default default] Successfully bumped revision number for resource 4f672495-0eb4-4b8c-be69-fb26db14d9d9 (type: security_group_rules) to 0
2026-06-23 02:38:44.804 7 INFO neutron.db.ovn_revision_numbers_db [None req-95655f0b-ed38-49f6-b6af-a040999067ab d2cfef1c08fb4202a48b4f9dd88a1936 1f7a355166314205b9deae53a4a6c178 - - default default] Successfully bumped revision number for resource 535be778-6e00-4252-8100-4fa967f2881f (type: security_group_rules) to 0
2026-06-23 02:38:44.817 7 INFO neutron.db.ovn_revision_numbers_db [None req-95655f0b-ed38-49f6-b6af-a040999067ab d2cfef1c08fb4202a48b4f9dd88a1936 1f7a355166314205b9deae53a4a6c178 - - default default] Successfully bumped revision number for resource 932fe02f-321b-47b5-ab9f-a8746d393eb9 (type: security_group_rules) to 0
2026-06-23 02:38:44.831 7 INFO neutron.db.ovn_revision_numbers_db [None req-95655f0b-ed38-49f6-b6af-a040999067ab d2cfef1c08fb4202a48b4f9dd88a1936 1f7a355166314205b9deae53a4a6c178 - - default default] Successfully bumped revision number for resource b522e0a2-ac5a-407f-9c52-865b245b439c (type: security_group_rules) to 0 [pid: 7|app: 0|req: 1927/3735] 10.0.0.211 () {32 vars in 774 bytes} [Tue Jun 23 02:38:44 2026] GET /v2.0/security-groups?tenant_id=0e8e54f2a6844f30874bdb7a4b37f7d7&name=default => generated 2929 bytes in 428 msecs (HTTP/1.1 200) 4 headers in 158 bytes (1 switches on core 0) [pid: 6|app: 0|req: 1809/3736] 10.0.0.211 () {32 vars in 740 bytes} [Tue Jun 23 02:38:44 2026] DELETE /v2.0/security-groups/337058db-641c-4655-b5d1-93c1c4d351ad => generated 0 bytes in 249 msecs (HTTP/1.1 204) 2 headers in 112 bytes (1 switches on core 0)
2026-06-23 02:38:45.379 7 INFO neutron.db.ovn_revision_numbers_db [None req-f385b276-3582-4c23-8761-5323405ee8ce d2cfef1c08fb4202a48b4f9dd88a1936 1f7a355166314205b9deae53a4a6c178 - - default default] Successfully bumped revision number for resource 72a63066-2ee2-4187-8490-7c236fb4f644 (type: security_groups) to 1
2026-06-23 02:38:45.392 7 INFO neutron.db.ovn_revision_numbers_db [None req-f385b276-3582-4c23-8761-5323405ee8ce d2cfef1c08fb4202a48b4f9dd88a1936 1f7a355166314205b9deae53a4a6c178 - - default default] Successfully bumped revision number for resource 4717524e-834d-4db6-8dc3-5309455ee29c (type: security_group_rules) to 0
2026-06-23 02:38:45.405 7 INFO neutron.db.ovn_revision_numbers_db [None req-f385b276-3582-4c23-8761-5323405ee8ce d2cfef1c08fb4202a48b4f9dd88a1936 1f7a355166314205b9deae53a4a6c178 - - default default] Successfully bumped revision number for resource 5994b038-465b-4d45-add1-fc84a8839825 (type: security_group_rules) to 0
2026-06-23 02:38:45.416 7 INFO neutron.db.ovn_revision_numbers_db [None req-f385b276-3582-4c23-8761-5323405ee8ce d2cfef1c08fb4202a48b4f9dd88a1936 1f7a355166314205b9deae53a4a6c178 - - default default] Successfully bumped revision number for resource 82132225-7019-45e2-bfc5-c615f4f76ebb (type: security_group_rules) to 0
2026-06-23 02:38:45.428 7 INFO neutron.db.ovn_revision_numbers_db [None req-f385b276-3582-4c23-8761-5323405ee8ce d2cfef1c08fb4202a48b4f9dd88a1936 1f7a355166314205b9deae53a4a6c178 - - default default] Successfully bumped revision number for resource 990b469c-e14f-44cd-8a68-68b7868a5d90 (type: security_group_rules) to 0 [pid: 7|app: 0|req: 1928/3737] 10.0.0.211 () {32 vars in 774 bytes} [Tue Jun 23 02:38:45 2026] GET /v2.0/security-groups?tenant_id=8489d96e60064c359051c476564eb42e&name=default => generated 2929 bytes in 225 msecs (HTTP/1.1 200) 4 headers in 158 bytes (1 switches on core 0) [pid: 6|app: 0|req: 1810/3738] 10.0.0.211 () {32 vars in 740 bytes} [Tue Jun 23 02:38:45 2026] DELETE /v2.0/security-groups/72a63066-2ee2-4187-8490-7c236fb4f644 => generated 0 bytes in 264 msecs (HTTP/1.1 204) 2 headers in 112 bytes (1 switches on core 0)
2026-06-23 02:38:46.052 7 INFO neutron.db.ovn_revision_numbers_db [None req-8ef6240b-d6ea-4c30-ab8f-04b196224ae1 d2cfef1c08fb4202a48b4f9dd88a1936 1f7a355166314205b9deae53a4a6c178 - - default default] Successfully bumped revision number for resource ef60ea0c-c5a7-4ca1-b48d-4ea996373fd4 (type: security_groups) to 1
2026-06-23 02:38:46.068 7 INFO neutron.db.ovn_revision_numbers_db [None req-8ef6240b-d6ea-4c30-ab8f-04b196224ae1 d2cfef1c08fb4202a48b4f9dd88a1936 1f7a355166314205b9deae53a4a6c178 - - default default] Successfully bumped revision number for resource 11dd9abd-7ddf-4561-b19d-c5b422f97cbc (type: security_group_rules) to 0
2026-06-23 02:38:46.080 7 INFO neutron.db.ovn_revision_numbers_db [None req-8ef6240b-d6ea-4c30-ab8f-04b196224ae1 d2cfef1c08fb4202a48b4f9dd88a1936 1f7a355166314205b9deae53a4a6c178 - - default default] Successfully bumped revision number for resource 5fdf1d50-a822-4cc1-a2b8-7fe31167a900 (type: security_group_rules) to 0
2026-06-23 02:38:46.096 7 INFO neutron.db.ovn_revision_numbers_db [None req-8ef6240b-d6ea-4c30-ab8f-04b196224ae1 d2cfef1c08fb4202a48b4f9dd88a1936 1f7a355166314205b9deae53a4a6c178 - - default default] Successfully bumped revision number for resource 8d973f19-4875-4438-9a95-c6e3e8f228a0 (type: security_group_rules) to 0
2026-06-23 02:38:46.109 7 INFO neutron.db.ovn_revision_numbers_db [None req-8ef6240b-d6ea-4c30-ab8f-04b196224ae1 d2cfef1c08fb4202a48b4f9dd88a1936 1f7a355166314205b9deae53a4a6c178 - - default default] Successfully bumped revision number for resource f6e15f07-aebd-4727-aa89-b02283f0fe08 (type: security_group_rules) to 0 [pid: 7|app: 0|req: 1929/3739] 10.0.0.211 () {32 vars in 774 bytes} [Tue Jun 23 02:38:45 2026] GET /v2.0/security-groups?tenant_id=655f868f6d194096a44957a392d5e022&name=default => generated 2929 bytes in 277 msecs (HTTP/1.1 200) 4 headers in 158 bytes (1 switches on core 0) [pid: 6|app: 0|req: 1811/3740] 10.0.0.211 () {32 vars in 740 bytes} [Tue Jun 23 02:38:46 2026] DELETE /v2.0/security-groups/ef60ea0c-c5a7-4ca1-b48d-4ea996373fd4 => generated 0 bytes in 267 msecs (HTTP/1.1 204) 2 headers in 112 bytes (1 switches on core 0)
2026-06-23 02:38:46.744 7 INFO neutron.db.ovn_revision_numbers_db [None req-059ad58a-65c3-423e-8dbc-49f8a580a98b d2cfef1c08fb4202a48b4f9dd88a1936 1f7a355166314205b9deae53a4a6c178 - - default default] Successfully bumped revision number for resource fc17b8f8-7419-4c7f-a498-79d8f7e9ad64 (type: security_groups) to 1
2026-06-23 02:38:46.760 7 INFO neutron.db.ovn_revision_numbers_db [None req-059ad58a-65c3-423e-8dbc-49f8a580a98b d2cfef1c08fb4202a48b4f9dd88a1936 1f7a355166314205b9deae53a4a6c178 - - default default] Successfully bumped revision number for resource 3b7d4f40-d28a-4f3f-b9d4-99b8f5ae7954 (type: security_group_rules) to 0
2026-06-23 02:38:46.780 7 INFO neutron.db.ovn_revision_numbers_db [None req-059ad58a-65c3-423e-8dbc-49f8a580a98b d2cfef1c08fb4202a48b4f9dd88a1936 1f7a355166314205b9deae53a4a6c178 - - default default] Successfully bumped revision number for resource 4e8e692c-5ae5-4207-b065-db967b3806e8 (type: security_group_rules) to 0
2026-06-23 02:38:46.796 7 INFO neutron.db.ovn_revision_numbers_db [None req-059ad58a-65c3-423e-8dbc-49f8a580a98b d2cfef1c08fb4202a48b4f9dd88a1936 1f7a355166314205b9deae53a4a6c178 - - default default] Successfully bumped revision number for resource 5df4e104-f3e3-4d04-8281-57c85a0c8c95 (type: security_group_rules) to 0
2026-06-23 02:38:46.816 7 INFO neutron.db.ovn_revision_numbers_db [None req-059ad58a-65c3-423e-8dbc-49f8a580a98b d2cfef1c08fb4202a48b4f9dd88a1936 1f7a355166314205b9deae53a4a6c178 - - default default] Successfully bumped revision number for resource c265ce37-7e70-4721-89bb-2a6e307d4e3b (type: security_group_rules) to 0 [pid: 7|app: 0|req: 1930/3741] 10.0.0.211 () {32 vars in 774 bytes} [Tue Jun 23 02:38:46 2026] GET /v2.0/security-groups?tenant_id=9d685e8c3f2c40a5aa962351de81c25a&name=default => generated 2929 bytes in 274 msecs (HTTP/1.1 200) 4 headers in 158 bytes (1 switches on core 0) [pid: 6|app: 0|req: 1812/3742] 10.0.0.211 () {32 vars in 740 bytes} [Tue Jun 23 02:38:46 2026] DELETE /v2.0/security-groups/fc17b8f8-7419-4c7f-a498-79d8f7e9ad64 => generated 0 bytes in 245 msecs (HTTP/1.1 204) 2 headers in 112 bytes (1 switches on core 0)
2026-06-23 02:38:47.395 7 INFO neutron.db.ovn_revision_numbers_db [None req-f9c1bb33-6b7e-4ba3-8cce-c6ce49e788d4 d2cfef1c08fb4202a48b4f9dd88a1936 1f7a355166314205b9deae53a4a6c178 - - default default] Successfully bumped revision number for resource 3f5f42a8-b504-4d1c-8562-ac6391fd799f (type: security_groups) to 1
2026-06-23 02:38:47.407 7 INFO neutron.db.ovn_revision_numbers_db [None req-f9c1bb33-6b7e-4ba3-8cce-c6ce49e788d4 d2cfef1c08fb4202a48b4f9dd88a1936 1f7a355166314205b9deae53a4a6c178 - - default default] Successfully bumped revision number for resource 082314e0-0673-441f-b7fc-36443bb941c5 (type: security_group_rules) to 0
2026-06-23 02:38:47.419 7 INFO neutron.db.ovn_revision_numbers_db [None req-f9c1bb33-6b7e-4ba3-8cce-c6ce49e788d4 d2cfef1c08fb4202a48b4f9dd88a1936 1f7a355166314205b9deae53a4a6c178 - - default default] Successfully bumped revision number for resource 2926f411-cf3d-4ff8-bbff-45bcbeede386 (type: security_group_rules) to 0
2026-06-23 02:38:47.430 7 INFO neutron.db.ovn_revision_numbers_db [None req-f9c1bb33-6b7e-4ba3-8cce-c6ce49e788d4 d2cfef1c08fb4202a48b4f9dd88a1936 1f7a355166314205b9deae53a4a6c178 - - default default] Successfully bumped revision number for resource 56f373a3-1701-40f7-b47b-3ec070d991ed (type: security_group_rules) to 0
2026-06-23 02:38:47.441 7 INFO neutron.db.ovn_revision_numbers_db [None req-f9c1bb33-6b7e-4ba3-8cce-c6ce49e788d4 d2cfef1c08fb4202a48b4f9dd88a1936 1f7a355166314205b9deae53a4a6c178 - - default default] Successfully bumped revision number for resource 9c4ae609-c8c2-4dd4-a944-d11d20db6820 (type: security_group_rules) to 0 [pid: 7|app: 0|req: 1931/3743] 10.0.0.211 () {32 vars in 774 bytes} [Tue Jun 23 02:38:47 2026] GET /v2.0/security-groups?tenant_id=a84bf1927696465aaf07d63789a94c9a&name=default => generated 2929 bytes in 232 msecs (HTTP/1.1 200) 4 headers in 158 bytes (1 switches on core 0) [pid: 6|app: 0|req: 1813/3744] 10.0.0.211 () {32 vars in 740 bytes} [Tue Jun 23 02:38:47 2026] DELETE /v2.0/security-groups/3f5f42a8-b504-4d1c-8562-ac6391fd799f => generated 0 bytes in 267 msecs (HTTP/1.1 204) 2 headers in 112 bytes (1 switches on core 0) [pid: 7|app: 0|req: 1932/3745] 10.0.0.211 () {32 vars in 774 bytes} [Tue Jun 23 02:38:47 2026] GET /v2.0/security-groups?tenant_id=4f93