Jun 16 01:08:18.426153 np0000180448 devstack@neutron-api.service[102934]: DEBUG neutron_lib.callbacks.manager [None req-44479e1c-c89d-4e61-a267-795e4d699c54 None None] Subscribe: > router after_update 55550000, False {{(pid=102934) subscribe /opt/stack/data/venv/lib/python3.12/site-packages/neutron_lib/callbacks/manager.py:52}}
Jun 16 01:08:18.426153 np0000180448 devstack@neutron-api.service[102934]: DEBUG neutron.services.service_base [None req-44479e1c-c89d-4e61-a267-795e4d699c54 None None] Loaded 'neutron.services.ovn_l3.service_providers.ovn.OvnDriver' provider for service L3_ROUTER_NAT {{(pid=102934) load_drivers /opt/stack/neutron/neutron/services/service_base.py:49}}
Jun 16 01:08:18.426153 np0000180448 devstack@neutron-api.service[102934]: DEBUG neutron_lib.callbacks.manager [None req-44479e1c-c89d-4e61-a267-795e4d699c54 None None] Subscribe: > process after_init 55550001, True {{(pid=102934) subscribe /opt/stack/data/venv/lib/python3.12/site-packages/neutron_lib/callbacks/manager.py:52}}
Jun 16 01:08:18.426393 np0000180448 devstack@neutron-api.service[102934]: DEBUG neutron.manager [None req-44479e1c-c89d-4e61-a267-795e4d699c54 None None] Successfully loaded L3_ROUTER_NAT plugin. Description: L3 Router Service Plugin for basic L3 forwarding using OVN {{(pid=102934) _create_and_add_service_plugin /opt/stack/neutron/neutron/manager.py:239}}
Jun 16 01:08:18.426393 np0000180448 devstack@neutron-api.service[102934]: INFO neutron.manager [None req-44479e1c-c89d-4e61-a267-795e4d699c54 None None] Loading Plugin: auto_allocate
Jun 16 01:08:18.426393 np0000180448 devstack@neutron-api.service[102934]: DEBUG neutron_lib.callbacks.manager [None req-44479e1c-c89d-4e61-a267-795e4d699c54 None None] Subscribe: network precommit_update 55550000, False {{(pid=102934) subscribe /opt/stack/data/venv/lib/python3.12/site-packages/neutron_lib/callbacks/manager.py:52}}
Jun 16 01:08:18.426393 np0000180448 devstack@neutron-api.service[102934]: DEBUG neutron_lib.callbacks.manager [None req-44479e1c-c89d-4e61-a267-795e4d699c54 None None] Subscribe: network precommit_create 55550000, False {{(pid=102934) subscribe /opt/stack/data/venv/lib/python3.12/site-packages/neutron_lib/callbacks/manager.py:52}}
Jun 16 01:08:18.426393 np0000180448 devstack@neutron-api.service[102934]: DEBUG neutron.manager [None req-44479e1c-c89d-4e61-a267-795e4d699c54 None None] Successfully loaded auto-allocated-topology plugin. Description: Auto Allocated Topology - aka get me a network. {{(pid=102934) _create_and_add_service_plugin /opt/stack/neutron/neutron/manager.py:239}}
Jun 16 01:08:18.426393 np0000180448 devstack@neutron-api.service[102934]: INFO neutron.manager [None req-44479e1c-c89d-4e61-a267-795e4d699c54 None None] Loading Plugin: tag
Jun 16 01:08:18.426393 np0000180448 devstack@neutron-api.service[102934]: DEBUG neutron.manager [None req-44479e1c-c89d-4e61-a267-795e4d699c54 None None] Successfully loaded TAG plugin. Description: Tag support {{(pid=102934) _create_and_add_service_plugin /opt/stack/neutron/neutron/manager.py:239}}
Jun 16 01:08:18.426731 np0000180448 devstack@neutron-api.service[102934]: INFO neutron.manager [None req-44479e1c-c89d-4e61-a267-795e4d699c54 None None] Loading Plugin: timestamp
Jun 16 01:08:18.426819 np0000180448 devstack@neutron-api.service[102932]: DEBUG neutron_lib.callbacks.manager [None req-921f8a7b-2da3-43fe-b424-c74e026b1c3a None None] Subscribe: > router before_delete 55550000, False {{(pid=102932) subscribe /opt/stack/data/venv/lib/python3.12/site-packages/neutron_lib/callbacks/manager.py:52}}
Jun 16 01:08:18.426819 np0000180448 devstack@neutron-api.service[102932]: DEBUG neutron_lib.callbacks.manager [None req-921f8a7b-2da3-43fe-b424-c74e026b1c3a None None] Subscribe: port before_update 55550000, False {{(pid=102932) subscribe /opt/stack/data/venv/lib/python3.12/site-packages/neutron_lib/callbacks/manager.py:52}}
Jun 16 01:08:18.426819 np0000180448 devstack@neutron-api.service[102932]: DEBUG neutron_lib.callbacks.manager [None req-921f8a7b-2da3-43fe-b424-c74e026b1c3a None None] Subscribe: port after_update 55550000, False {{(pid=102932) subscribe /opt/stack/data/venv/lib/python3.12/site-packages/neutron_lib/callbacks/manager.py:52}}
Jun 16 01:08:18.426819 np0000180448 devstack@neutron-api.service[102932]: DEBUG neutron_lib.callbacks.manager [None req-921f8a7b-2da3-43fe-b424-c74e026b1c3a None None] Subscribe: > port precommit_delete 55550000, False {{(pid=102932) subscribe /opt/stack/data/venv/lib/python3.12/site-packages/neutron_lib/callbacks/manager.py:52}}
Jun 16 01:08:18.426819 np0000180448 devstack@neutron-api.service[102932]: DEBUG neutron_lib.callbacks.manager [None req-921f8a7b-2da3-43fe-b424-c74e026b1c3a None None] Subscribe: port before_update 55550000, False {{(pid=102932) subscribe /opt/stack/data/venv/lib/python3.12/site-packages/neutron_lib/callbacks/manager.py:52}}
Jun 16 01:08:18.427018 np0000180448 devstack@neutron-api.service[102932]: DEBUG neutron_lib.callbacks.manager [None req-921f8a7b-2da3-43fe-b424-c74e026b1c3a None None] Subscribe: port before_delete 55550000, False {{(pid=102932) subscribe /opt/stack/data/venv/lib/python3.12/site-packages/neutron_lib/callbacks/manager.py:52}}
Jun 16 01:08:18.427018 np0000180448 devstack@neutron-api.service[102932]: DEBUG neutron_lib.callbacks.manager [None req-921f8a7b-2da3-43fe-b424-c74e026b1c3a None None] Subscribe: > router precommit_create 55550000, False {{(pid=102932) subscribe /opt/stack/data/venv/lib/python3.12/site-packages/neutron_lib/callbacks/manager.py:52}}
Jun 16 01:08:18.427018 np0000180448 devstack@neutron-api.service[102932]: DEBUG neutron_lib.callbacks.manager [None req-921f8a7b-2da3-43fe-b424-c74e026b1c3a None None] Subscribe: > router precommit_create 55550000, False {{(pid=102932) subscribe /opt/stack/data/venv/lib/python3.12/site-packages/neutron_lib/callbacks/manager.py:52}}
Jun 16 01:08:18.427018 np0000180448 devstack@neutron-api.service[102932]: DEBUG neutron_lib.callbacks.manager [None req-921f8a7b-2da3-43fe-b424-c74e026b1c3a None None] Subscribe: > router precommit_update 55550000, False {{(pid=102932) subscribe /opt/stack/data/venv/lib/python3.12/site-packages/neutron_lib/callbacks/manager.py:52}}
Jun 16 01:08:18.427260 np0000180448 devstack@neutron-api.service[102932]: DEBUG neutron_lib.callbacks.manager [None req-921f8a7b-2da3-43fe-b424-c74e026b1c3a None None] Subscribe: subnet after_update 55550000, False {{(pid=102932) subscribe /opt/stack/data/venv/lib/python3.12/site-packages/neutron_lib/callbacks/manager.py:52}}
Jun 16 01:08:18.427488 np0000180448 devstack@neutron-api.service[102934]: DEBUG neutron.manager [None req-44479e1c-c89d-4e61-a267-795e4d699c54 None None] Successfully loaded timestamp plugin. Description: Adds timestamps to Neutron resources with standard attributes {{(pid=102934) _create_and_add_service_plugin /opt/stack/neutron/neutron/manager.py:239}}
Jun 16 01:08:18.427488 np0000180448 devstack@neutron-api.service[102934]: INFO neutron.manager [None req-44479e1c-c89d-4e61-a267-795e4d699c54 None None] Loading Plugin: network_ip_availability
Jun 16 01:08:18.427623 np0000180448 devstack@neutron-api.service[102932]: DEBUG neutron.quota.resource_registry [None req-921f8a7b-2da3-43fe-b424-c74e026b1c3a None None] Tracking information for resource: router configured {{(pid=102932) set_tracked_resource /opt/stack/neutron/neutron/quota/resource_registry.py:203}}
Jun 16 01:08:18.427623 np0000180448 devstack@neutron-api.service[102932]: DEBUG neutron.quota.resource_registry [None req-921f8a7b-2da3-43fe-b424-c74e026b1c3a None None] Tracking information for resource: floatingip configured {{(pid=102932) set_tracked_resource /opt/stack/neutron/neutron/quota/resource_registry.py:203}}
Jun 16 01:08:18.427623 np0000180448 devstack@neutron-api.service[102932]: INFO neutron.services.ovn_l3.plugin [None req-921f8a7b-2da3-43fe-b424-c74e026b1c3a None None] Starting OVNL3RouterPlugin
Jun 16 01:08:18.427623 np0000180448 devstack@neutron-api.service[102932]: DEBUG neutron_lib.callbacks.manager [None req-921f8a7b-2da3-43fe-b424-c74e026b1c3a None None] Subscribe: > port_forwarding_plugin after_init 55550000, False {{(pid=102932) subscribe /opt/stack/data/venv/lib/python3.12/site-packages/neutron_lib/callbacks/manager.py:52}}
Jun 16 01:08:18.427623 np0000180448 devstack@neutron-api.service[102932]: DEBUG neutron_lib.callbacks.manager [None req-921f8a7b-2da3-43fe-b424-c74e026b1c3a None None] Subscribe: > router before_create 55550100, False {{(pid=102932) subscribe /opt/stack/data/venv/lib/python3.12/site-packages/neutron_lib/callbacks/manager.py:52}}
Jun 16 01:08:18.427847 np0000180448 devstack@neutron-api.service[102932]: DEBUG neutron_lib.callbacks.manager [None req-921f8a7b-2da3-43fe-b424-c74e026b1c3a None None] Subscribe: > router precommit_delete 55550100, False {{(pid=102932) subscribe /opt/stack/data/venv/lib/python3.12/site-packages/neutron_lib/callbacks/manager.py:52}}
Jun 16 01:08:18.427847 np0000180448 devstack@neutron-api.service[102932]: DEBUG neutron_lib.callbacks.manager [None req-921f8a7b-2da3-43fe-b424-c74e026b1c3a None None] Subscribe: > router precommit_create 55550100, False {{(pid=102932) subscribe /opt/stack/data/venv/lib/python3.12/site-packages/neutron_lib/callbacks/manager.py:52}}
Jun 16 01:08:18.427847 np0000180448 devstack@neutron-api.service[102932]: DEBUG neutron_lib.callbacks.manager [None req-921f8a7b-2da3-43fe-b424-c74e026b1c3a None None] Subscribe: > router precommit_update 55550100, False {{(pid=102932) subscribe /opt/stack/data/venv/lib/python3.12/site-packages/neutron_lib/callbacks/manager.py:52}}
Jun 16 01:08:18.428000 np0000180448 devstack@neutron-api.service[102934]: DEBUG neutron.manager [None req-44479e1c-c89d-4e61-a267-795e4d699c54 None None] Successfully loaded network-ip-availability plugin. Description: Provides IP availability data for each network and subnet. {{(pid=102934) _create_and_add_service_plugin /opt/stack/neutron/neutron/manager.py:239}}
Jun 16 01:08:18.428000 np0000180448 devstack@neutron-api.service[102934]: INFO neutron.manager [None req-44479e1c-c89d-4e61-a267-795e4d699c54 None None] Loading Plugin: flavors
Jun 16 01:08:18.428114 np0000180448 devstack@neutron-api.service[102933]: DEBUG neutron_lib.callbacks.manager [None req-65933850-b55c-4000-b89d-e73a8ae1e68e None None] Subscribe: > router before_delete 55550000, False {{(pid=102933) subscribe /opt/stack/data/venv/lib/python3.12/site-packages/neutron_lib/callbacks/manager.py:52}}
Jun 16 01:08:18.428114 np0000180448 devstack@neutron-api.service[102933]: DEBUG neutron_lib.callbacks.manager [None req-65933850-b55c-4000-b89d-e73a8ae1e68e None None] Subscribe: port before_update 55550000, False {{(pid=102933) subscribe /opt/stack/data/venv/lib/python3.12/site-packages/neutron_lib/callbacks/manager.py:52}}
Jun 16 01:08:18.428114 np0000180448 devstack@neutron-api.service[102933]: DEBUG neutron_lib.callbacks.manager [None req-65933850-b55c-4000-b89d-e73a8ae1e68e None None] Subscribe: port after_update 55550000, False {{(pid=102933) subscribe /opt/stack/data/venv/lib/python3.12/site-packages/neutron_lib/callbacks/manager.py:52}}
Jun 16 01:08:18.428114 np0000180448 devstack@neutron-api.service[102933]: DEBUG neutron_lib.callbacks.manager [None req-65933850-b55c-4000-b89d-e73a8ae1e68e None None] Subscribe: > port precommit_delete 55550000, False {{(pid=102933) subscribe /opt/stack/data/venv/lib/python3.12/site-packages/neutron_lib/callbacks/manager.py:52}}
Jun 16 01:08:18.428114 np0000180448 devstack@neutron-api.service[102933]: DEBUG neutron_lib.callbacks.manager [None req-65933850-b55c-4000-b89d-e73a8ae1e68e None None] Subscribe: port before_update 55550000, False {{(pid=102933) subscribe /opt/stack/data/venv/lib/python3.12/site-packages/neutron_lib/callbacks/manager.py:52}}
Jun 16 01:08:18.428347 np0000180448 devstack@neutron-api.service[102933]: DEBUG neutron_lib.callbacks.manager [None req-65933850-b55c-4000-b89d-e73a8ae1e68e None None] Subscribe: port before_delete 55550000, False {{(pid=102933) subscribe /opt/stack/data/venv/lib/python3.12/site-packages/neutron_lib/callbacks/manager.py:52}}
Jun 16 01:08:18.428347 np0000180448 devstack@neutron-api.service[102933]: DEBUG neutron_lib.callbacks.manager [None req-65933850-b55c-4000-b89d-e73a8ae1e68e None None] Subscribe: > router precommit_create 55550000, False {{(pid=102933) subscribe /opt/stack/data/venv/lib/python3.12/site-packages/neutron_lib/callbacks/manager.py:52}}
Jun 16 01:08:18.428415 np0000180448 devstack@neutron-api.service[102934]: DEBUG neutron.manager [None req-44479e1c-c89d-4e61-a267-795e4d699c54 None None] Successfully loaded FLAVORS plugin. Description: Neutron Flavors and Service Profiles manager plugin {{(pid=102934) _create_and_add_service_plugin /opt/stack/neutron/neutron/manager.py:239}}
Jun 16 01:08:18.428451 np0000180448 devstack@neutron-api.service[102933]: DEBUG neutron_lib.callbacks.manager [None req-65933850-b55c-4000-b89d-e73a8ae1e68e None None] Subscribe: > router precommit_create 55550000, False {{(pid=102933) subscribe /opt/stack/data/venv/lib/python3.12/site-packages/neutron_lib/callbacks/manager.py:52}}
Jun 16 01:08:18.428488 np0000180448 devstack@neutron-api.service[102934]: INFO neutron.manager [None req-44479e1c-c89d-4e61-a267-795e4d699c54 None None] Loading Plugin: revisions
Jun 16 01:08:18.428538 np0000180448 devstack@neutron-api.service[102933]: DEBUG neutron_lib.callbacks.manager [None req-65933850-b55c-4000-b89d-e73a8ae1e68e None None] Subscribe: > router precommit_update 55550000, False {{(pid=102933) subscribe /opt/stack/data/venv/lib/python3.12/site-packages/neutron_lib/callbacks/manager.py:52}}
Jun 16 01:08:18.428538 np0000180448 devstack@neutron-api.service[102933]: DEBUG neutron_lib.callbacks.manager [None req-65933850-b55c-4000-b89d-e73a8ae1e68e None None] Subscribe: subnet after_update 55550000, False {{(pid=102933) subscribe /opt/stack/data/venv/lib/python3.12/site-packages/neutron_lib/callbacks/manager.py:52}}
Jun 16 01:08:18.428538 np0000180448 devstack@neutron-api.service[102933]: DEBUG neutron.quota.resource_registry [None req-65933850-b55c-4000-b89d-e73a8ae1e68e None None] Tracking information for resource: router configured {{(pid=102933) set_tracked_resource /opt/stack/neutron/neutron/quota/resource_registry.py:203}}
Jun 16 01:08:18.428538 np0000180448 devstack@neutron-api.service[102933]: DEBUG neutron.quota.resource_registry [None req-65933850-b55c-4000-b89d-e73a8ae1e68e None None] Tracking information for resource: floatingip configured {{(pid=102933) set_tracked_resource /opt/stack/neutron/neutron/quota/resource_registry.py:203}}
Jun 16 01:08:18.428538 np0000180448 devstack@neutron-api.service[102933]: INFO neutron.services.ovn_l3.plugin [None req-65933850-b55c-4000-b89d-e73a8ae1e68e None None] Starting OVNL3RouterPlugin
Jun 16 01:08:18.428538 np0000180448 devstack@neutron-api.service[102933]: DEBUG neutron_lib.callbacks.manager [None req-65933850-b55c-4000-b89d-e73a8ae1e68e None None] Subscribe: > port_forwarding_plugin after_init 55550000, False {{(pid=102933) subscribe /opt/stack/data/venv/lib/python3.12/site-packages/neutron_lib/callbacks/manager.py:52}}
Jun 16 01:08:18.428737 np0000180448 devstack@neutron-api.service[102933]: DEBUG neutron_lib.callbacks.manager [None req-65933850-b55c-4000-b89d-e73a8ae1e68e None None] Subscribe: > router before_create 55550100, False {{(pid=102933) subscribe /opt/stack/data/venv/lib/python3.12/site-packages/neutron_lib/callbacks/manager.py:52}}
Jun 16 01:08:18.428816 np0000180448 devstack@neutron-api.service[102934]: DEBUG neutron.manager [None req-44479e1c-c89d-4e61-a267-795e4d699c54 None None] Successfully loaded revision_plugin plugin. Description: Adds revision numbers to resources. {{(pid=102934) _create_and_add_service_plugin /opt/stack/neutron/neutron/manager.py:239}}
Jun 16 01:08:18.428861 np0000180448 devstack@neutron-api.service[102933]: DEBUG neutron_lib.callbacks.manager [None req-65933850-b55c-4000-b89d-e73a8ae1e68e None None] Subscribe: > router precommit_delete 55550100, False {{(pid=102933) subscribe /opt/stack/data/venv/lib/python3.12/site-packages/neutron_lib/callbacks/manager.py:52}}
Jun 16 01:08:18.428899 np0000180448 devstack@neutron-api.service[102934]: DEBUG oslo_concurrency.lockutils [None req-44479e1c-c89d-4e61-a267-795e4d699c54 None None] Lock "manager" "released" by "neutron.manager.NeutronManager._create_instance" :: held 10.293s {{(pid=102934) inner /opt/stack/data/venv/lib/python3.12/site-packages/oslo_concurrency/lockutils.py:543}}
Jun 16 01:08:18.428936 np0000180448 devstack@neutron-api.service[102933]: DEBUG neutron_lib.callbacks.manager [None req-65933850-b55c-4000-b89d-e73a8ae1e68e None None] Subscribe: > router precommit_create 55550100, False {{(pid=102933) subscribe /opt/stack/data/venv/lib/python3.12/site-packages/neutron_lib/callbacks/manager.py:52}}
Jun 16 01:08:18.428936 np0000180448 devstack@neutron-api.service[102933]: DEBUG neutron_lib.callbacks.manager [None req-65933850-b55c-4000-b89d-e73a8ae1e68e None None] Subscribe: > router precommit_update 55550100, False {{(pid=102933) subscribe /opt/stack/data/venv/lib/python3.12/site-packages/neutron_lib/callbacks/manager.py:52}}
Jun 16 01:08:18.429002 np0000180448 devstack@neutron-api.service[102934]: DEBUG neutron.api.extensions [None req-44479e1c-c89d-4e61-a267-795e4d699c54 None None] get_extension_paths = OrderedDict({'/opt/stack/neutron/neutron/extensions': 1}) {{(pid=102934) get_extensions_path /opt/stack/neutron/neutron/api/extensions.py:640}}
Jun 16 01:08:18.429002 np0000180448 devstack@neutron-api.service[102934]: INFO neutron.api.extensions [None req-44479e1c-c89d-4e61-a267-795e4d699c54 None None] Initializing extension manager.
Jun 16 01:08:18.429002 np0000180448 devstack@neutron-api.service[102934]: DEBUG neutron.api.extensions [None req-44479e1c-c89d-4e61-a267-795e4d699c54 None None] Loading extension file: __init__.py {{(pid=102934) _load_all_extensions_from_path /opt/stack/neutron/neutron/api/extensions.py:449}}
Jun 16 01:08:18.429002 np0000180448 devstack@neutron-api.service[102934]: DEBUG neutron.api.extensions [None req-44479e1c-c89d-4e61-a267-795e4d699c54 None None] Loading extension file: __pycache__ {{(pid=102934) _load_all_extensions_from_path /opt/stack/neutron/neutron/api/extensions.py:449}}
Jun 16 01:08:18.429002 np0000180448 devstack@neutron-api.service[102934]: DEBUG neutron.api.extensions [None req-44479e1c-c89d-4e61-a267-795e4d699c54 None None] Loading extension file: aap_reject_multicast.py {{(pid=102934) _load_all_extensions_from_path /opt/stack/neutron/neutron/api/extensions.py:449}}
Jun 16 01:08:18.429157 np0000180448 devstack@neutron-api.service[102932]: DEBUG neutron.services.provider_configuration [None req-921f8a7b-2da3-43fe-b424-c74e026b1c3a None None] Service providers = [] {{(pid=102932) parse_service_provider_opt /opt/stack/neutron/neutron/services/provider_configuration.py:170}}
Jun 16 01:08:18.429195 np0000180448 devstack@neutron-api.service[102934]: DEBUG neutron.api.extensions [None req-44479e1c-c89d-4e61-a267-795e4d699c54 None None] Ext name="Allowed address pairs reject multicast extension" alias="aap-reject-multicast" description="Reject multicast addresses in Allowed Address Pairs" updated="2026-04-01T00:00:00-00:00" {{(pid=102934) _check_extension /opt/stack/neutron/neutron/api/extensions.py:415}}
Jun 16 01:08:18.429232 np0000180448 devstack@neutron-api.service[102932]: DEBUG neutron.db.servicetype_db [None req-921f8a7b-2da3-43fe-b424-c74e026b1c3a None None] Adding provider configuration for service L3_ROUTER_NAT {{(pid=102932) add_provider_configuration /opt/stack/neutron/neutron/db/servicetype_db.py:45}}
Jun 16 01:08:18.429337 np0000180448 devstack@neutron-api.service[102934]: INFO neutron.api.extensions [None req-44479e1c-c89d-4e61-a267-795e4d699c54 None None] Extension aap-reject-multicast not supported by any of loaded plugins
Jun 16 01:08:18.429432 np0000180448 devstack@neutron-api.service[102934]: DEBUG neutron.api.extensions [None req-44479e1c-c89d-4e61-a267-795e4d699c54 None None] Loading extension file: address_group.py {{(pid=102934) _load_all_extensions_from_path /opt/stack/neutron/neutron/api/extensions.py:449}}
Jun 16 01:08:18.429777 np0000180448 devstack@neutron-api.service[102934]: DEBUG neutron.api.extensions [None req-44479e1c-c89d-4e61-a267-795e4d699c54 None None] Ext name="Address group" alias="address-group" description="Support address group" updated="2020-07-15T10:00:00-00:00" {{(pid=102934) _check_extension /opt/stack/neutron/neutron/api/extensions.py:415}}
Jun 16 01:08:18.429963 np0000180448 devstack@neutron-api.service[102934]: INFO neutron.api.extensions [None req-44479e1c-c89d-4e61-a267-795e4d699c54 None None] Loaded extension: address-group
Jun 16 01:08:18.430059 np0000180448 devstack@neutron-api.service[102934]: DEBUG neutron.api.extensions [None req-44479e1c-c89d-4e61-a267-795e4d699c54 None None] Loading extension file: address_scope.py {{(pid=102934) _load_all_extensions_from_path /opt/stack/neutron/neutron/api/extensions.py:449}}
Jun 16 01:08:18.430379 np0000180448 devstack@neutron-api.service[102934]: DEBUG neutron.api.extensions [None req-44479e1c-c89d-4e61-a267-795e4d699c54 None None] Ext name="Address scope" alias="address-scope" description="Address scopes extension." updated="2015-07-26T10:00:00-00:00" {{(pid=102934) _check_extension /opt/stack/neutron/neutron/api/extensions.py:415}}
Jun 16 01:08:18.430417 np0000180448 devstack@neutron-api.service[102932]: DEBUG neutron_lib.callbacks.manager [None req-921f8a7b-2da3-43fe-b424-c74e026b1c3a None None] Subscribe: > router precommit_create 55549900, False {{(pid=102932) subscribe /opt/stack/data/venv/lib/python3.12/site-packages/neutron_lib/callbacks/manager.py:52}}
Jun 16 01:08:18.430519 np0000180448 devstack@neutron-api.service[102932]: DEBUG neutron_lib.callbacks.manager [None req-921f8a7b-2da3-43fe-b424-c74e026b1c3a None None] Subscribe: > router_interface after_create 55550000, False {{(pid=102932) subscribe /opt/stack/data/venv/lib/python3.12/site-packages/neutron_lib/callbacks/manager.py:52}}
Jun 16 01:08:18.430588 np0000180448 devstack@neutron-api.service[102934]: INFO neutron.api.extensions [None req-44479e1c-c89d-4e61-a267-795e4d699c54 None None] Loaded extension: address-scope
Jun 16 01:08:18.430624 np0000180448 devstack@neutron-api.service[102934]: DEBUG neutron.api.extensions [None req-44479e1c-c89d-4e61-a267-795e4d699c54 None None] Loading extension file: admin_state_down_before_update.py {{(pid=102934) _load_all_extensions_from_path /opt/stack/neutron/neutron/api/extensions.py:449}}
Jun 16 01:08:18.430666 np0000180448 devstack@neutron-api.service[102932]: DEBUG neutron_lib.callbacks.manager [None req-921f8a7b-2da3-43fe-b424-c74e026b1c3a None None] Subscribe: > floatingip after_create 55550000, False {{(pid=102932) subscribe /opt/stack/data/venv/lib/python3.12/site-packages/neutron_lib/callbacks/manager.py:52}}
Jun 16 01:08:18.430748 np0000180448 devstack@neutron-api.service[102932]: DEBUG neutron_lib.callbacks.manager [None req-921f8a7b-2da3-43fe-b424-c74e026b1c3a None None] Subscribe: > floatingip precommit_create 55550000, False {{(pid=102932) subscribe /opt/stack/data/venv/lib/python3.12/site-packages/neutron_lib/callbacks/manager.py:52}}
Jun 16 01:08:18.430860 np0000180448 devstack@neutron-api.service[102932]: DEBUG neutron_lib.callbacks.manager [None req-921f8a7b-2da3-43fe-b424-c74e026b1c3a None None] Subscribe: > floatingip precommit_update 55550000, False {{(pid=102932) subscribe /opt/stack/data/venv/lib/python3.12/site-packages/neutron_lib/callbacks/manager.py:52}}
Jun 16 01:08:18.430901 np0000180448 devstack@neutron-api.service[102934]: DEBUG neutron.api.extensions [None req-44479e1c-c89d-4e61-a267-795e4d699c54 None None] Ext name="Enforce Router's Admin State Down Before Update Extension" alias="router-admin-state-down-before-update" description="Ensure that the admin state of a router is DOWN (admin_state_up=False) before updating the distributed attribute" updated="2019-07-02T15:56:00" {{(pid=102934) _check_extension /opt/stack/neutron/neutron/api/extensions.py:415}}
Jun 16 01:08:18.430941 np0000180448 devstack@neutron-api.service[102932]: DEBUG neutron_lib.callbacks.manager [None req-921f8a7b-2da3-43fe-b424-c74e026b1c3a None None] Subscribe: > floatingip after_delete 55550000, False {{(pid=102932) subscribe /opt/stack/data/venv/lib/python3.12/site-packages/neutron_lib/callbacks/manager.py:52}}
Jun 16 01:08:18.431040 np0000180448 devstack@neutron-api.service[102934]: INFO neutron.api.extensions [None req-44479e1c-c89d-4e61-a267-795e4d699c54 None None] Extension router-admin-state-down-before-update not supported by any of loaded plugins
Jun 16 01:08:18.431087 np0000180448 devstack@neutron-api.service[102932]: DEBUG neutron_lib.callbacks.manager [None req-921f8a7b-2da3-43fe-b424-c74e026b1c3a None None] Subscribe: > floatingip after_status_update 55550000, False {{(pid=102932) subscribe /opt/stack/data/venv/lib/python3.12/site-packages/neutron_lib/callbacks/manager.py:52}}
Jun 16 01:08:18.431126 np0000180448 devstack@neutron-api.service[102934]: DEBUG neutron.api.extensions [None req-44479e1c-c89d-4e61-a267-795e4d699c54 None None] Loading extension file: agent.py {{(pid=102934) _load_all_extensions_from_path /opt/stack/neutron/neutron/api/extensions.py:449}}
Jun 16 01:08:18.431167 np0000180448 devstack@neutron-api.service[102932]: DEBUG neutron_lib.callbacks.manager [None req-921f8a7b-2da3-43fe-b424-c74e026b1c3a None None] Subscribe: > floatingip after_update 55550000, False {{(pid=102932) subscribe /opt/stack/data/venv/lib/python3.12/site-packages/neutron_lib/callbacks/manager.py:52}}
Jun 16 01:08:18.431257 np0000180448 devstack@neutron-api.service[102932]: DEBUG neutron_lib.callbacks.manager [None req-921f8a7b-2da3-43fe-b424-c74e026b1c3a None None] Subscribe: > port_forwarding after_create 55550000, False {{(pid=102932) subscribe /opt/stack/data/venv/lib/python3.12/site-packages/neutron_lib/callbacks/manager.py:52}}
Jun 16 01:08:18.431360 np0000180448 devstack@neutron-api.service[102932]: DEBUG neutron_lib.callbacks.manager [None req-921f8a7b-2da3-43fe-b424-c74e026b1c3a None None] Subscribe: > router_interface after_delete 55550000, False {{(pid=102932) subscribe /opt/stack/data/venv/lib/python3.12/site-packages/neutron_lib/callbacks/manager.py:52}}
Jun 16 01:08:18.431423 np0000180448 devstack@neutron-api.service[102934]: DEBUG neutron.api.extensions [None req-44479e1c-c89d-4e61-a267-795e4d699c54 None None] Ext name="agent" alias="agent" description="The agent management extension." updated="2013-02-03T10:00:00-00:00" {{(pid=102934) _check_extension /opt/stack/neutron/neutron/api/extensions.py:415}}
Jun 16 01:08:18.431462 np0000180448 devstack@neutron-api.service[102932]: DEBUG neutron_lib.callbacks.manager [None req-921f8a7b-2da3-43fe-b424-c74e026b1c3a None None] Subscribe: > router after_create 55550000, False {{(pid=102932) subscribe /opt/stack/data/venv/lib/python3.12/site-packages/neutron_lib/callbacks/manager.py:52}}
Jun 16 01:08:18.431579 np0000180448 devstack@neutron-api.service[102932]: DEBUG neutron_lib.callbacks.manager [None req-921f8a7b-2da3-43fe-b424-c74e026b1c3a None None] Subscribe: > router precommit_create 55550000, False {{(pid=102932) subscribe /opt/stack/data/venv/lib/python3.12/site-packages/neutron_lib/callbacks/manager.py:52}}
Jun 16 01:08:18.431629 np0000180448 devstack@neutron-api.service[102934]: INFO neutron.api.extensions [None req-44479e1c-c89d-4e61-a267-795e4d699c54 None None] Loaded extension: agent
Jun 16 01:08:18.431742 np0000180448 devstack@neutron-api.service[102932]: DEBUG neutron_lib.callbacks.manager [None req-921f8a7b-2da3-43fe-b424-c74e026b1c3a None None] Subscribe: > router after_delete 55550000, False {{(pid=102932) subscribe /opt/stack/data/venv/lib/python3.12/site-packages/neutron_lib/callbacks/manager.py:52}}
Jun 16 01:08:18.431782 np0000180448 devstack@neutron-api.service[102934]: DEBUG neutron.api.extensions [None req-44479e1c-c89d-4e61-a267-795e4d699c54 None None] Loading extension file: agent_resources_synced.py {{(pid=102934) _load_all_extensions_from_path /opt/stack/neutron/neutron/api/extensions.py:449}}
Jun 16 01:08:18.431830 np0000180448 devstack@neutron-api.service[102933]: DEBUG neutron.services.provider_configuration [None req-65933850-b55c-4000-b89d-e73a8ae1e68e None None] Service providers = [] {{(pid=102933) parse_service_provider_opt /opt/stack/neutron/neutron/services/provider_configuration.py:170}}
Jun 16 01:08:18.431873 np0000180448 devstack@neutron-api.service[102932]: DEBUG neutron_lib.callbacks.manager [None req-921f8a7b-2da3-43fe-b424-c74e026b1c3a None None] Subscribe: > router after_update 55550000, False {{(pid=102932) subscribe /opt/stack/data/venv/lib/python3.12/site-packages/neutron_lib/callbacks/manager.py:52}}
Jun 16 01:08:18.431910 np0000180448 devstack@neutron-api.service[102933]: DEBUG neutron.db.servicetype_db [None req-65933850-b55c-4000-b89d-e73a8ae1e68e None None] Adding provider configuration for service L3_ROUTER_NAT {{(pid=102933) add_provider_configuration /opt/stack/neutron/neutron/db/servicetype_db.py:45}}
Jun 16 01:08:18.431947 np0000180448 devstack@neutron-api.service[102932]: DEBUG neutron.services.service_base [None req-921f8a7b-2da3-43fe-b424-c74e026b1c3a None None] Loaded 'neutron.services.ovn_l3.service_providers.ovn.OvnDriver' provider for service L3_ROUTER_NAT {{(pid=102932) load_drivers /opt/stack/neutron/neutron/services/service_base.py:49}}
Jun 16 01:08:18.431981 np0000180448 devstack@neutron-api.service[102934]: DEBUG neutron.api.extensions [None req-44479e1c-c89d-4e61-a267-795e4d699c54 None None] Ext name="Agent's Resource View Synced to Placement" alias="agent-resources-synced" description="Stores success/failure of last sync to Placement" updated="2018-12-19T00:00:00-00:00" {{(pid=102934) _check_extension /opt/stack/neutron/neutron/api/extensions.py:415}}
Jun 16 01:08:18.432019 np0000180448 devstack@neutron-api.service[102932]: DEBUG neutron_lib.callbacks.manager [None req-921f8a7b-2da3-43fe-b424-c74e026b1c3a None None] Subscribe: > process after_init 55550001, True {{(pid=102932) subscribe /opt/stack/data/venv/lib/python3.12/site-packages/neutron_lib/callbacks/manager.py:52}}
Jun 16 01:08:18.432120 np0000180448 devstack@neutron-api.service[102934]: INFO neutron.api.extensions [None req-44479e1c-c89d-4e61-a267-795e4d699c54 None None] Extension agent-resources-synced not supported by any of loaded plugins
Jun 16 01:08:18.432158 np0000180448 devstack@neutron-api.service[102932]: DEBUG neutron.manager [None req-921f8a7b-2da3-43fe-b424-c74e026b1c3a None None] Successfully loaded L3_ROUTER_NAT plugin. Description: L3 Router Service Plugin for basic L3 forwarding using OVN {{(pid=102932) _create_and_add_service_plugin /opt/stack/neutron/neutron/manager.py:239}}
Jun 16 01:08:18.432237 np0000180448 devstack@neutron-api.service[102934]: DEBUG neutron.api.extensions [None req-44479e1c-c89d-4e61-a267-795e4d699c54 None None] Loading extension file: agent_sort_key.py {{(pid=102934) _load_all_extensions_from_path /opt/stack/neutron/neutron/api/extensions.py:449}}
Jun 16 01:08:18.432280 np0000180448 devstack@neutron-api.service[102932]: INFO neutron.manager [None req-921f8a7b-2da3-43fe-b424-c74e026b1c3a None None] Loading Plugin: auto_allocate
Jun 16 01:08:18.432535 np0000180448 devstack@neutron-api.service[102934]: DEBUG neutron.api.extensions [None req-44479e1c-c89d-4e61-a267-795e4d699c54 None None] Ext name="Agents Sort Key" alias="agent_sort_key" description="Enabling the keyword sort_key for sorting in agents." updated="2013-02-03T10:00:00-00:00" {{(pid=102934) _check_extension /opt/stack/neutron/neutron/api/extensions.py:415}}
Jun 16 01:08:18.432692 np0000180448 devstack@neutron-api.service[102934]: INFO neutron.api.extensions [None req-44479e1c-c89d-4e61-a267-795e4d699c54 None None] Extension agent_sort_key not supported by any of loaded plugins
Jun 16 01:08:18.432753 np0000180448 devstack@neutron-api.service[102934]: DEBUG neutron.api.extensions [None req-44479e1c-c89d-4e61-a267-795e4d699c54 None None] Loading extension file: allowedaddresspairs.py {{(pid=102934) _load_all_extensions_from_path /opt/stack/neutron/neutron/api/extensions.py:449}}
Jun 16 01:08:18.433194 np0000180448 devstack@neutron-api.service[102932]: DEBUG neutron_lib.callbacks.manager [None req-921f8a7b-2da3-43fe-b424-c74e026b1c3a None None] Subscribe: network precommit_update 55550000, False {{(pid=102932) subscribe /opt/stack/data/venv/lib/python3.12/site-packages/neutron_lib/callbacks/manager.py:52}}
Jun 16 01:08:18.433239 np0000180448 devstack@neutron-api.service[102933]: DEBUG neutron_lib.callbacks.manager [None req-65933850-b55c-4000-b89d-e73a8ae1e68e None None] Subscribe: > router precommit_create 55549900, False {{(pid=102933) subscribe /opt/stack/data/venv/lib/python3.12/site-packages/neutron_lib/callbacks/manager.py:52}}
Jun 16 01:08:18.433288 np0000180448 devstack@neutron-api.service[102932]: DEBUG neutron_lib.callbacks.manager [None req-921f8a7b-2da3-43fe-b424-c74e026b1c3a None None] Subscribe: network precommit_create 55550000, False {{(pid=102932) subscribe /opt/stack/data/venv/lib/python3.12/site-packages/neutron_lib/callbacks/manager.py:52}}
Jun 16 01:08:18.433333 np0000180448 devstack@neutron-api.service[102933]: DEBUG neutron_lib.callbacks.manager [None req-65933850-b55c-4000-b89d-e73a8ae1e68e None None] Subscribe: > router_interface after_create 55550000, False {{(pid=102933) subscribe /opt/stack/data/venv/lib/python3.12/site-packages/neutron_lib/callbacks/manager.py:52}}
Jun 16 01:08:18.433428 np0000180448 devstack@neutron-api.service[102934]: DEBUG neutron.api.extensions [None req-44479e1c-c89d-4e61-a267-795e4d699c54 None None] Ext name="Allowed Address Pairs" alias="allowed-address-pairs" description="Provides allowed address pairs" updated="2013-07-23T10:00:00-00:00" {{(pid=102934) _check_extension /opt/stack/neutron/neutron/api/extensions.py:415}}
Jun 16 01:08:18.433469 np0000180448 devstack@neutron-api.service[102933]: DEBUG neutron_lib.callbacks.manager [None req-65933850-b55c-4000-b89d-e73a8ae1e68e None None] Subscribe: > floatingip after_create 55550000, False {{(pid=102933) subscribe /opt/stack/data/venv/lib/python3.12/site-packages/neutron_lib/callbacks/manager.py:52}}
Jun 16 01:08:18.433508 np0000180448 devstack@neutron-api.service[102932]: DEBUG neutron.manager [None req-921f8a7b-2da3-43fe-b424-c74e026b1c3a None None] Successfully loaded auto-allocated-topology plugin. Description: Auto Allocated Topology - aka get me a network. {{(pid=102932) _create_and_add_service_plugin /opt/stack/neutron/neutron/manager.py:239}}
Jun 16 01:08:18.433573 np0000180448 devstack@neutron-api.service[102933]: DEBUG neutron_lib.callbacks.manager [None req-65933850-b55c-4000-b89d-e73a8ae1e68e None None] Subscribe: > floatingip precommit_create 55550000, False {{(pid=102933) subscribe /opt/stack/data/venv/lib/python3.12/site-packages/neutron_lib/callbacks/manager.py:52}}
Jun 16 01:08:18.433620 np0000180448 devstack@neutron-api.service[102932]: INFO neutron.manager [None req-921f8a7b-2da3-43fe-b424-c74e026b1c3a None None] Loading Plugin: tag
Jun 16 01:08:18.433656 np0000180448 devstack@neutron-api.service[102934]: INFO neutron.api.extensions [None req-44479e1c-c89d-4e61-a267-795e4d699c54 None None] Loaded extension: allowed-address-pairs
Jun 16 01:08:18.433703 np0000180448 devstack@neutron-api.service[102933]: DEBUG neutron_lib.callbacks.manager [None req-65933850-b55c-4000-b89d-e73a8ae1e68e None None] Subscribe: > floatingip precommit_update 55550000, False {{(pid=102933) subscribe /opt/stack/data/venv/lib/python3.12/site-packages/neutron_lib/callbacks/manager.py:52}}
Jun 16 01:08:18.433742 np0000180448 devstack@neutron-api.service[102934]: DEBUG neutron.api.extensions [None req-44479e1c-c89d-4e61-a267-795e4d699c54 None None] Loading extension file: auto_allocated_topology.py {{(pid=102934) _load_all_extensions_from_path /opt/stack/neutron/neutron/api/extensions.py:449}}
Jun 16 01:08:18.433777 np0000180448 devstack@neutron-api.service[102933]: DEBUG neutron_lib.callbacks.manager [None req-65933850-b55c-4000-b89d-e73a8ae1e68e None None] Subscribe: > floatingip after_delete 55550000, False {{(pid=102933) subscribe /opt/stack/data/venv/lib/python3.12/site-packages/neutron_lib/callbacks/manager.py:52}}
Jun 16 01:08:18.433866 np0000180448 devstack@neutron-api.service[102933]: DEBUG neutron_lib.callbacks.manager [None req-65933850-b55c-4000-b89d-e73a8ae1e68e None None] Subscribe: > floatingip after_status_update 55550000, False {{(pid=102933) subscribe /opt/stack/data/venv/lib/python3.12/site-packages/neutron_lib/callbacks/manager.py:52}}
Jun 16 01:08:18.433968 np0000180448 devstack@neutron-api.service[102933]: DEBUG neutron_lib.callbacks.manager [None req-65933850-b55c-4000-b89d-e73a8ae1e68e None None] Subscribe: > floatingip after_update 55550000, False {{(pid=102933) subscribe /opt/stack/data/venv/lib/python3.12/site-packages/neutron_lib/callbacks/manager.py:52}}
Jun 16 01:08:18.434021 np0000180448 devstack@neutron-api.service[102934]: DEBUG neutron.api.extensions [None req-44479e1c-c89d-4e61-a267-795e4d699c54 None None] Ext name="Auto Allocated Topology Services" alias="auto-allocated-topology" description="Auto Allocated Topology Services." updated="2016-01-01T00:00:00-00:00" {{(pid=102934) _check_extension /opt/stack/neutron/neutron/api/extensions.py:415}}
Jun 16 01:08:18.434060 np0000180448 devstack@neutron-api.service[102933]: DEBUG neutron_lib.callbacks.manager [None req-65933850-b55c-4000-b89d-e73a8ae1e68e None None] Subscribe: > port_forwarding after_create 55550000, False {{(pid=102933) subscribe /opt/stack/data/venv/lib/python3.12/site-packages/neutron_lib/callbacks/manager.py:52}}
Jun 16 01:08:18.434159 np0000180448 devstack@neutron-api.service[102933]: DEBUG neutron_lib.callbacks.manager [None req-65933850-b55c-4000-b89d-e73a8ae1e68e None None] Subscribe: > router_interface after_delete 55550000, False {{(pid=102933) subscribe /opt/stack/data/venv/lib/python3.12/site-packages/neutron_lib/callbacks/manager.py:52}}
Jun 16 01:08:18.434200 np0000180448 devstack@neutron-api.service[102934]: INFO neutron.api.extensions [None req-44479e1c-c89d-4e61-a267-795e4d699c54 None None] Loaded extension: auto-allocated-topology
Jun 16 01:08:18.434260 np0000180448 devstack@neutron-api.service[102933]: DEBUG neutron_lib.callbacks.manager [None req-65933850-b55c-4000-b89d-e73a8ae1e68e None None] Subscribe: > router after_create 55550000, False {{(pid=102933) subscribe /opt/stack/data/venv/lib/python3.12/site-packages/neutron_lib/callbacks/manager.py:52}}
Jun 16 01:08:18.434300 np0000180448 devstack@neutron-api.service[102934]: DEBUG neutron.api.extensions [None req-44479e1c-c89d-4e61-a267-795e4d699c54 None None] Loading extension file: availability_zone.py {{(pid=102934) _load_all_extensions_from_path /opt/stack/neutron/neutron/api/extensions.py:449}}
Jun 16 01:08:18.434355 np0000180448 devstack@neutron-api.service[102933]: DEBUG neutron_lib.callbacks.manager [None req-65933850-b55c-4000-b89d-e73a8ae1e68e None None] Subscribe: > router precommit_create 55550000, False {{(pid=102933) subscribe /opt/stack/data/venv/lib/python3.12/site-packages/neutron_lib/callbacks/manager.py:52}}
Jun 16 01:08:18.434455 np0000180448 devstack@neutron-api.service[102933]: DEBUG neutron_lib.callbacks.manager [None req-65933850-b55c-4000-b89d-e73a8ae1e68e None None] Subscribe: > router after_delete 55550000, False {{(pid=102933) subscribe /opt/stack/data/venv/lib/python3.12/site-packages/neutron_lib/callbacks/manager.py:52}}
Jun 16 01:08:18.434580 np0000180448 devstack@neutron-api.service[102933]: DEBUG neutron_lib.callbacks.manager [None req-65933850-b55c-4000-b89d-e73a8ae1e68e None None] Subscribe: > router after_update 55550000, False {{(pid=102933) subscribe /opt/stack/data/venv/lib/python3.12/site-packages/neutron_lib/callbacks/manager.py:52}}
Jun 16 01:08:18.434686 np0000180448 devstack@neutron-api.service[102933]: DEBUG neutron.services.service_base [None req-65933850-b55c-4000-b89d-e73a8ae1e68e None None] Loaded 'neutron.services.ovn_l3.service_providers.ovn.OvnDriver' provider for service L3_ROUTER_NAT {{(pid=102933) load_drivers /opt/stack/neutron/neutron/services/service_base.py:49}}
Jun 16 01:08:18.434736 np0000180448 devstack@neutron-api.service[102934]: DEBUG neutron.api.extensions [None req-44479e1c-c89d-4e61-a267-795e4d699c54 None None] Ext name="Availability Zone" alias="availability_zone" description="The availability zone extension." updated="2015-01-01T10:00:00-00:00" {{(pid=102934) _check_extension /opt/stack/neutron/neutron/api/extensions.py:415}}
Jun 16 01:08:18.434807 np0000180448 devstack@neutron-api.service[102933]: DEBUG neutron_lib.callbacks.manager [None req-65933850-b55c-4000-b89d-e73a8ae1e68e None None] Subscribe: > process after_init 55550001, True {{(pid=102933) subscribe /opt/stack/data/venv/lib/python3.12/site-packages/neutron_lib/callbacks/manager.py:52}}
Jun 16 01:08:18.434872 np0000180448 devstack@neutron-api.service[102934]: INFO neutron.api.extensions [None req-44479e1c-c89d-4e61-a267-795e4d699c54 None None] Loaded extension: availability_zone
Jun 16 01:08:18.434944 np0000180448 devstack@neutron-api.service[102933]: DEBUG neutron.manager [None req-65933850-b55c-4000-b89d-e73a8ae1e68e None None] Successfully loaded L3_ROUTER_NAT plugin. Description: L3 Router Service Plugin for basic L3 forwarding using OVN {{(pid=102933) _create_and_add_service_plugin /opt/stack/neutron/neutron/manager.py:239}}
Jun 16 01:08:18.434995 np0000180448 devstack@neutron-api.service[102934]: DEBUG neutron.api.extensions [None req-44479e1c-c89d-4e61-a267-795e4d699c54 None None] Loading extension file: availability_zone_filter.py {{(pid=102934) _load_all_extensions_from_path /opt/stack/neutron/neutron/api/extensions.py:449}}
Jun 16 01:08:18.435032 np0000180448 devstack@neutron-api.service[102933]: INFO neutron.manager [None req-65933850-b55c-4000-b89d-e73a8ae1e68e None None] Loading Plugin: auto_allocate
Jun 16 01:08:18.435210 np0000180448 devstack@neutron-api.service[102934]: DEBUG neutron.api.extensions [None req-44479e1c-c89d-4e61-a267-795e4d699c54 None None] Ext name="Availability Zone Filter Extension" alias="availability_zone_filter" description="Add filter parameters to AvailabilityZone resource" updated="2018-06-22T10:00:00-00:00" {{(pid=102934) _check_extension /opt/stack/neutron/neutron/api/extensions.py:415}}
Jun 16 01:08:18.435385 np0000180448 devstack@neutron-api.service[102934]: INFO neutron.api.extensions [None req-44479e1c-c89d-4e61-a267-795e4d699c54 None None] Extension availability_zone_filter not supported by any of loaded plugins
Jun 16 01:08:18.435477 np0000180448 devstack@neutron-api.service[102934]: DEBUG neutron.api.extensions [None req-44479e1c-c89d-4e61-a267-795e4d699c54 None None] Loading extension file: data_plane_status.py {{(pid=102934) _load_all_extensions_from_path /opt/stack/neutron/neutron/api/extensions.py:449}}
Jun 16 01:08:18.435736 np0000180448 devstack@neutron-api.service[102934]: DEBUG neutron.api.extensions [None req-44479e1c-c89d-4e61-a267-795e4d699c54 None None] Ext name="Port data plane status extension" alias="data-plane-status" description="Expose status of underlying data plane" updated="2017-01-24T10:00:00-00:00" {{(pid=102934) _check_extension /opt/stack/neutron/neutron/api/extensions.py:415}}
Jun 16 01:08:18.435914 np0000180448 devstack@neutron-api.service[102934]: INFO neutron.api.extensions [None req-44479e1c-c89d-4e61-a267-795e4d699c54 None None] Extension data-plane-status not supported by any of loaded plugins
Jun 16 01:08:18.435956 np0000180448 devstack@neutron-api.service[102933]: DEBUG neutron_lib.callbacks.manager [None req-65933850-b55c-4000-b89d-e73a8ae1e68e None None] Subscribe: network precommit_update 55550000, False {{(pid=102933) subscribe /opt/stack/data/venv/lib/python3.12/site-packages/neutron_lib/callbacks/manager.py:52}}
Jun 16 01:08:18.436002 np0000180448 devstack@neutron-api.service[102934]: DEBUG neutron.api.extensions [None req-44479e1c-c89d-4e61-a267-795e4d699c54 None None] Loading extension file: default_subnetpools.py {{(pid=102934) _load_all_extensions_from_path /opt/stack/neutron/neutron/api/extensions.py:449}}
Jun 16 01:08:18.436076 np0000180448 devstack@neutron-api.service[102933]: DEBUG neutron_lib.callbacks.manager [None req-65933850-b55c-4000-b89d-e73a8ae1e68e None None] Subscribe: network precommit_create 55550000, False {{(pid=102933) subscribe /opt/stack/data/venv/lib/python3.12/site-packages/neutron_lib/callbacks/manager.py:52}}
Jun 16 01:08:18.436266 np0000180448 devstack@neutron-api.service[102934]: DEBUG neutron.api.extensions [None req-44479e1c-c89d-4e61-a267-795e4d699c54 None None] Ext name="Default Subnetpools" alias="default-subnetpools" description="Provides ability to mark and use a subnetpool as the default." updated="2016-02-18T18:00:00-00:00" {{(pid=102934) _check_extension /opt/stack/neutron/neutron/api/extensions.py:415}}
Jun 16 01:08:18.436312 np0000180448 devstack@neutron-api.service[102933]: DEBUG neutron.manager [None req-65933850-b55c-4000-b89d-e73a8ae1e68e None None] Successfully loaded auto-allocated-topology plugin. Description: Auto Allocated Topology - aka get me a network. {{(pid=102933) _create_and_add_service_plugin /opt/stack/neutron/neutron/manager.py:239}}
Jun 16 01:08:18.436420 np0000180448 devstack@neutron-api.service[102933]: INFO neutron.manager [None req-65933850-b55c-4000-b89d-e73a8ae1e68e None None] Loading Plugin: tag
Jun 16 01:08:18.436462 np0000180448 devstack@neutron-api.service[102934]: INFO neutron.api.extensions [None req-44479e1c-c89d-4e61-a267-795e4d699c54 None None] Loaded extension: default-subnetpools
Jun 16 01:08:18.436558 np0000180448 devstack@neutron-api.service[102934]: DEBUG neutron.api.extensions [None req-44479e1c-c89d-4e61-a267-795e4d699c54 None None] Loading extension file: dhcpagentscheduler.py {{(pid=102934) _load_all_extensions_from_path /opt/stack/neutron/neutron/api/extensions.py:449}}
Jun 16 01:08:18.436938 np0000180448 devstack@neutron-api.service[102934]: DEBUG neutron.api.extensions [None req-44479e1c-c89d-4e61-a267-795e4d699c54 None None] Ext name="DHCP Agent Scheduler" alias="dhcp_agent_scheduler" description="Schedule networks among dhcp agents" updated="2013-02-07T10:00:00-00:00" {{(pid=102934) _check_extension /opt/stack/neutron/neutron/api/extensions.py:415}}
Jun 16 01:08:18.437118 np0000180448 devstack@neutron-api.service[102934]: INFO neutron.api.extensions [None req-44479e1c-c89d-4e61-a267-795e4d699c54 None None] Loaded extension: dhcp_agent_scheduler
Jun 16 01:08:18.437214 np0000180448 devstack@neutron-api.service[102934]: DEBUG neutron.api.extensions [None req-44479e1c-c89d-4e61-a267-795e4d699c54 None None] Loading extension file: dns.py {{(pid=102934) _load_all_extensions_from_path /opt/stack/neutron/neutron/api/extensions.py:449}}
Jun 16 01:08:18.437466 np0000180448 devstack@neutron-api.service[102934]: DEBUG neutron.api.extensions [None req-44479e1c-c89d-4e61-a267-795e4d699c54 None None] Ext name="DNS Integration" alias="dns-integration" description="Provides integration with DNS." updated="2015-08-15T18:00:00-00:00" {{(pid=102934) _check_extension /opt/stack/neutron/neutron/api/extensions.py:415}}
Jun 16 01:08:18.437508 np0000180448 devstack@neutron-api.service[102932]: DEBUG neutron.manager [None req-921f8a7b-2da3-43fe-b424-c74e026b1c3a None None] Successfully loaded TAG plugin. Description: Tag support {{(pid=102932) _create_and_add_service_plugin /opt/stack/neutron/neutron/manager.py:239}}
Jun 16 01:08:18.437622 np0000180448 devstack@neutron-api.service[102932]: INFO neutron.manager [None req-921f8a7b-2da3-43fe-b424-c74e026b1c3a None None] Loading Plugin: timestamp
Jun 16 01:08:18.437662 np0000180448 devstack@neutron-api.service[102934]: INFO neutron.api.extensions [None req-44479e1c-c89d-4e61-a267-795e4d699c54 None None] Loaded extension: dns-integration
Jun 16 01:08:18.437753 np0000180448 devstack@neutron-api.service[102934]: DEBUG neutron.api.extensions [None req-44479e1c-c89d-4e61-a267-795e4d699c54 None None] Loading extension file: dns_domain_ports.py {{(pid=102934) _load_all_extensions_from_path /opt/stack/neutron/neutron/api/extensions.py:449}}
Jun 16 01:08:18.438019 np0000180448 devstack@neutron-api.service[102934]: DEBUG neutron.api.extensions [None req-44479e1c-c89d-4e61-a267-795e4d699c54 None None] Ext name="dns_domain for ports" alias="dns-domain-ports" description="Allows the DNS domain to be specified for a network port." updated="2017-04-24T10:00:00-00:00" {{(pid=102934) _check_extension /opt/stack/neutron/neutron/api/extensions.py:415}}
Jun 16 01:08:18.438195 np0000180448 devstack@neutron-api.service[102934]: INFO neutron.api.extensions [None req-44479e1c-c89d-4e61-a267-795e4d699c54 None None] Loaded extension: dns-domain-ports
Jun 16 01:08:18.438291 np0000180448 devstack@neutron-api.service[102934]: DEBUG neutron.api.extensions [None req-44479e1c-c89d-4e61-a267-795e4d699c54 None None] Loading extension file: dns_integration_domain_keywords.py {{(pid=102934) _load_all_extensions_from_path /opt/stack/neutron/neutron/api/extensions.py:449}}
Jun 16 01:08:18.438624 np0000180448 devstack@neutron-api.service[102934]: DEBUG neutron.api.extensions [None req-44479e1c-c89d-4e61-a267-795e4d699c54 None None] Ext name="DNS domain names with keywords allowed" alias="dns-integration-domain-keywords" description="Allows to use keywords like , , and as DNS domain name" updated="2020-06-15T18:00:00-00:00" {{(pid=102934) _check_extension /opt/stack/neutron/neutron/api/extensions.py:415}}
Jun 16 01:08:18.438858 np0000180448 devstack@neutron-api.service[102934]: INFO neutron.api.extensions [None req-44479e1c-c89d-4e61-a267-795e4d699c54 None None] Loaded extension: dns-integration-domain-keywords
