Apr 25 14:47:25.767645 np0000170190 devstack@neutron-api.service[104423]: INFO ovsdbapp.backend.ovs_idl.vlog [None req-dacb1cb0-ab68-4f56-9e8b-3482b28c1331 None None] ssl:199.204.45.74:6642: connecting...
Apr 25 14:47:25.771931 np0000170190 devstack@neutron-api.service[104425]: INFO ovsdbapp.backend.ovs_idl.vlog [None req-3b24b624-e653-4ae3-8df2-63dcf082d27a None None] ssl:199.204.45.74:6641: connected
Apr 25 14:47:25.773372 np0000170190 devstack@neutron-api.service[104423]: INFO ovsdbapp.backend.ovs_idl.vlog [None req-dacb1cb0-ab68-4f56-9e8b-3482b28c1331 None None] ssl:199.204.45.74:6642: connected
Apr 25 14:47:25.780531 np0000170190 devstack@neutron-api.service[104424]: DEBUG ovsdbapp.backend.ovs_idl [None req-51cb504f-1394-444e-b16c-4a9f09bd07e4 None None] Created lookup_table index Chassis.name {{(pid=104424) autocreate_indices /opt/stack/data/venv/lib/python3.12/site-packages/ovsdbapp/backend/ovs_idl/__init__.py:87}}
Apr 25 14:47:25.780639 np0000170190 devstack@neutron-api.service[104424]: DEBUG ovsdbapp.backend.ovs_idl [None req-51cb504f-1394-444e-b16c-4a9f09bd07e4 None None] Created lookup_table index Port_Binding.logical_port {{(pid=104424) autocreate_indices /opt/stack/data/venv/lib/python3.12/site-packages/ovsdbapp/backend/ovs_idl/__init__.py:87}}
Apr 25 14:47:25.780755 np0000170190 devstack@neutron-api.service[104424]: DEBUG ovsdbapp.backend.ovs_idl [None req-51cb504f-1394-444e-b16c-4a9f09bd07e4 None None] Created schema index Chassis_Private.name {{(pid=104424) autocreate_indices /opt/stack/data/venv/lib/python3.12/site-packages/ovsdbapp/backend/ovs_idl/__init__.py:106}}
Apr 25 14:47:25.780849 np0000170190 devstack@neutron-api.service[104424]: DEBUG ovsdbapp.backend.ovs_idl [None req-51cb504f-1394-444e-b16c-4a9f09bd07e4 None None] Created schema index Datapath_Binding.tunnel_key {{(pid=104424) autocreate_indices /opt/stack/data/venv/lib/python3.12/site-packages/ovsdbapp/backend/ovs_idl/__init__.py:106}}
Apr 25 14:47:25.782702 np0000170190 devstack@neutron-api.service[104424]: INFO ovsdbapp.backend.ovs_idl.vlog [None req-51cb504f-1394-444e-b16c-4a9f09bd07e4 None None] ssl:199.204.45.74:6642: connecting...
Apr 25 14:47:25.787902 np0000170190 devstack@neutron-api.service[104424]: INFO ovsdbapp.backend.ovs_idl.vlog [None req-51cb504f-1394-444e-b16c-4a9f09bd07e4 None None] ssl:199.204.45.74:6642: connected
Apr 25 14:47:25.806881 np0000170190 devstack@neutron-api.service[104423]: DEBUG neutron.common.ovn.hash_ring_manager [None req-dacb1cb0-ab68-4f56-9e8b-3482b28c1331 None None] Allow caching, nodes 4>=4 {{(pid=104423) _wait_startup_before_caching /opt/stack/neutron/neutron/common/ovn/hash_ring_manager.py:65}}
Apr 25 14:47:25.808382 np0000170190 devstack@neutron-api.service[104425]: DEBUG neutron.common.ovn.hash_ring_manager [None req-3b24b624-e653-4ae3-8df2-63dcf082d27a None None] Allow caching, nodes 4>=4 {{(pid=104425) _wait_startup_before_caching /opt/stack/neutron/neutron/common/ovn/hash_ring_manager.py:65}}
Apr 25 14:47:25.810981 np0000170190 devstack@neutron-api.service[104423]: DEBUG neutron.common.ovn.hash_ring_manager [None req-dacb1cb0-ab68-4f56-9e8b-3482b28c1331 None None] Hash Ring loaded. 4 active nodes. 0 offline nodes {{(pid=104423) _load_hash_ring /opt/stack/neutron/neutron/common/ovn/hash_ring_manager.py:102}}
Apr 25 14:47:25.811177 np0000170190 devstack@neutron-api.service[104423]: DEBUG neutron.plugins.ml2.drivers.ovn.mech_driver.ovsdb.ovsdb_monitor [None req-dacb1cb0-ab68-4f56-9e8b-3482b28c1331 None None] ChassisAgentWriteEvent : Matched Chassis_Private, create, None None {{(pid=104423) matches /opt/stack/neutron/neutron/plugins/ml2/drivers/ovn/mech_driver/ovsdb/ovsdb_monitor.py:64}}
Apr 25 14:47:25.811456 np0000170190 devstack@neutron-api.service[104423]: DEBUG neutron.plugins.ml2.drivers.ovn.mech_driver.ovsdb.ovsdb_monitor [None req-dacb1cb0-ab68-4f56-9e8b-3482b28c1331 None None] ChassisOVNAgentWriteEvent : Matched Chassis_Private, create, None None {{(pid=104423) matches /opt/stack/neutron/neutron/plugins/ml2/drivers/ovn/mech_driver/ovsdb/ovsdb_monitor.py:64}}
Apr 25 14:47:25.813987 np0000170190 devstack@neutron-api.service[104423]: INFO neutron.plugins.ml2.drivers.ovn.mech_driver.mech_driver [None req-dacb1cb0-ab68-4f56-9e8b-3482b28c1331 None None] WorkerService process has finished the post initialization
Apr 25 14:47:25.814120 np0000170190 devstack@neutron-api.service[104425]: DEBUG neutron.common.ovn.hash_ring_manager [None req-3b24b624-e653-4ae3-8df2-63dcf082d27a None None] Hash Ring loaded. 4 active nodes. 0 offline nodes {{(pid=104425) _load_hash_ring /opt/stack/neutron/neutron/common/ovn/hash_ring_manager.py:102}}
Apr 25 14:47:25.814296 np0000170190 devstack@neutron-api.service[104425]: DEBUG neutron.plugins.ml2.drivers.ovn.mech_driver.ovsdb.ovsdb_monitor [None req-3b24b624-e653-4ae3-8df2-63dcf082d27a None None] Hash Ring: Node 1633d4c372e4593f8580c197c9ad9a16 (host: np0000170190) handling event "create" for row 29f96c0a-22ac-4e02-99f3-58cad5ec2075 (table: ACL) {{(pid=104425) notify /opt/stack/neutron/neutron/plugins/ml2/drivers/ovn/mech_driver/ovsdb/ovsdb_monitor.py:914}}
Apr 25 14:47:25.814529 np0000170190 devstack@neutron-api.service[104425]: DEBUG neutron.plugins.ml2.drivers.ovn.mech_driver.ovsdb.ovsdb_monitor [None req-3b24b624-e653-4ae3-8df2-63dcf082d27a None None] Hash Ring: Node 1633d4c372e4593f8580c197c9ad9a16 (host: np0000170190) handling event "create" for row 7fb5f05d-3b95-4a4e-a6b2-85dc497668ff (table: ACL) {{(pid=104425) notify /opt/stack/neutron/neutron/plugins/ml2/drivers/ovn/mech_driver/ovsdb/ovsdb_monitor.py:914}}
Apr 25 14:47:25.814529 np0000170190 devstack@neutron-api.service[104425]: DEBUG neutron.plugins.ml2.drivers.ovn.mech_driver.ovsdb.ovsdb_monitor [None req-3b24b624-e653-4ae3-8df2-63dcf082d27a None None] Hash Ring: Node 1633d4c372e4593f8580c197c9ad9a16 (host: np0000170190) handling event "create" for row f3a38ebb-9ccb-4468-8b48-4b6286717063 (table: Port_Group) {{(pid=104425) notify /opt/stack/neutron/neutron/plugins/ml2/drivers/ovn/mech_driver/ovsdb/ovsdb_monitor.py:914}}
Apr 25 14:47:25.815483 np0000170190 devstack@neutron-api.service[104423]: WSGI app 0 (mountpoint='') ready in 7 seconds on interpreter 0x7228afca3668 pid: 104423 (default app)
Apr 25 14:47:25.815752 np0000170190 devstack@neutron-api.service[104425]: INFO neutron.plugins.ml2.drivers.ovn.mech_driver.ovsdb.impl_idl_ovn [None req-3b24b624-e653-4ae3-8df2-63dcf082d27a None None] Getting OvsdbSbOvnIdl for WorkerService with retry
Apr 25 14:47:25.820615 np0000170190 devstack@neutron-api.service[104424]: DEBUG neutron.common.ovn.hash_ring_manager [None req-51cb504f-1394-444e-b16c-4a9f09bd07e4 None None] Allow caching, nodes 4>=4 {{(pid=104424) _wait_startup_before_caching /opt/stack/neutron/neutron/common/ovn/hash_ring_manager.py:65}}
Apr 25 14:47:25.826370 np0000170190 devstack@neutron-api.service[104424]: DEBUG neutron.common.ovn.hash_ring_manager [None req-51cb504f-1394-444e-b16c-4a9f09bd07e4 None None] Hash Ring loaded. 4 active nodes. 0 offline nodes {{(pid=104424) _load_hash_ring /opt/stack/neutron/neutron/common/ovn/hash_ring_manager.py:102}}
Apr 25 14:47:25.826627 np0000170190 devstack@neutron-api.service[104424]: DEBUG neutron.plugins.ml2.drivers.ovn.mech_driver.ovsdb.ovsdb_monitor [None req-51cb504f-1394-444e-b16c-4a9f09bd07e4 None None] ChassisOVNAgentWriteEvent : Matched Chassis_Private, create, None None {{(pid=104424) matches /opt/stack/neutron/neutron/plugins/ml2/drivers/ovn/mech_driver/ovsdb/ovsdb_monitor.py:64}}
Apr 25 14:47:25.826792 np0000170190 devstack@neutron-api.service[104424]: DEBUG neutron.plugins.ml2.drivers.ovn.mech_driver.ovsdb.ovsdb_monitor [None req-51cb504f-1394-444e-b16c-4a9f09bd07e4 None None] ChassisAgentWriteEvent : Matched Chassis_Private, create, None None {{(pid=104424) matches /opt/stack/neutron/neutron/plugins/ml2/drivers/ovn/mech_driver/ovsdb/ovsdb_monitor.py:64}}
Apr 25 14:47:25.827206 np0000170190 devstack@neutron-api.service[104424]: DEBUG neutron.plugins.ml2.drivers.ovn.mech_driver.ovsdb.ovsdb_monitor [None req-51cb504f-1394-444e-b16c-4a9f09bd07e4 None None] Hash Ring: Node eb415fe634f154e2abf33f2d56af0e86 (host: np0000170190) handling event "create" for row a0de2b20-9941-4387-b190-88bf0bb4e25b (table: Chassis_Private) {{(pid=104424) notify /opt/stack/neutron/neutron/plugins/ml2/drivers/ovn/mech_driver/ovsdb/ovsdb_monitor.py:914}}
Apr 25 14:47:25.827434 np0000170190 devstack@neutron-api.service[104424]: DEBUG neutron.plugins.ml2.drivers.ovn.mech_driver.ovsdb.ovsdb_monitor [None req-51cb504f-1394-444e-b16c-4a9f09bd07e4 None None] Hash Ring: Node eb415fe634f154e2abf33f2d56af0e86 (host: np0000170190) handling event "create" for row a8a86842-7bdc-4e0e-b935-6d63b2add473 (table: Encap) {{(pid=104424) notify /opt/stack/neutron/neutron/plugins/ml2/drivers/ovn/mech_driver/ovsdb/ovsdb_monitor.py:914}}
Apr 25 14:47:25.829998 np0000170190 devstack@neutron-api.service[104424]: INFO neutron.plugins.ml2.drivers.ovn.mech_driver.mech_driver [None req-51cb504f-1394-444e-b16c-4a9f09bd07e4 None None] WorkerService process has finished the post initialization
Apr 25 14:47:25.831598 np0000170190 devstack@neutron-api.service[104424]: WSGI app 0 (mountpoint='') ready in 7 seconds on interpreter 0x7228afca3668 pid: 104424 (default app)
Apr 25 14:47:25.846749 np0000170190 devstack@neutron-api.service[104425]: DEBUG ovsdbapp.backend.ovs_idl [None req-3b24b624-e653-4ae3-8df2-63dcf082d27a None None] Created lookup_table index Chassis.name {{(pid=104425) autocreate_indices /opt/stack/data/venv/lib/python3.12/site-packages/ovsdbapp/backend/ovs_idl/__init__.py:87}}
Apr 25 14:47:25.846858 np0000170190 devstack@neutron-api.service[104425]: DEBUG ovsdbapp.backend.ovs_idl [None req-3b24b624-e653-4ae3-8df2-63dcf082d27a None None] Created lookup_table index Port_Binding.logical_port {{(pid=104425) autocreate_indices /opt/stack/data/venv/lib/python3.12/site-packages/ovsdbapp/backend/ovs_idl/__init__.py:87}}
Apr 25 14:47:25.846962 np0000170190 devstack@neutron-api.service[104425]: DEBUG ovsdbapp.backend.ovs_idl [None req-3b24b624-e653-4ae3-8df2-63dcf082d27a None None] Created schema index Chassis_Private.name {{(pid=104425) autocreate_indices /opt/stack/data/venv/lib/python3.12/site-packages/ovsdbapp/backend/ovs_idl/__init__.py:106}}
Apr 25 14:47:25.847041 np0000170190 devstack@neutron-api.service[104425]: DEBUG ovsdbapp.backend.ovs_idl [None req-3b24b624-e653-4ae3-8df2-63dcf082d27a None None] Created schema index Datapath_Binding.tunnel_key {{(pid=104425) autocreate_indices /opt/stack/data/venv/lib/python3.12/site-packages/ovsdbapp/backend/ovs_idl/__init__.py:106}}
Apr 25 14:47:25.848864 np0000170190 devstack@neutron-api.service[104425]: INFO ovsdbapp.backend.ovs_idl.vlog [None req-3b24b624-e653-4ae3-8df2-63dcf082d27a None None] ssl:199.204.45.74:6642: connecting...
Apr 25 14:47:25.852755 np0000170190 devstack@neutron-api.service[104425]: INFO ovsdbapp.backend.ovs_idl.vlog [None req-3b24b624-e653-4ae3-8df2-63dcf082d27a None None] ssl:199.204.45.74:6642: connected
Apr 25 14:47:25.878539 np0000170190 devstack@neutron-api.service[104425]: DEBUG neutron.common.ovn.hash_ring_manager [None req-3b24b624-e653-4ae3-8df2-63dcf082d27a None None] Allow caching, nodes 4>=4 {{(pid=104425) _wait_startup_before_caching /opt/stack/neutron/neutron/common/ovn/hash_ring_manager.py:65}}
Apr 25 14:47:25.882770 np0000170190 devstack@neutron-api.service[104425]: DEBUG neutron.common.ovn.hash_ring_manager [None req-3b24b624-e653-4ae3-8df2-63dcf082d27a None None] Hash Ring loaded. 4 active nodes. 0 offline nodes {{(pid=104425) _load_hash_ring /opt/stack/neutron/neutron/common/ovn/hash_ring_manager.py:102}}
Apr 25 14:47:25.882899 np0000170190 devstack@neutron-api.service[104425]: DEBUG neutron.plugins.ml2.drivers.ovn.mech_driver.ovsdb.ovsdb_monitor [None req-3b24b624-e653-4ae3-8df2-63dcf082d27a None None] Hash Ring: Node 1633d4c372e4593f8580c197c9ad9a16 (host: np0000170190) handling event "create" for row 5b6c65ad-e85c-4f3a-974e-7bb9d742281f (table: Chassis) {{(pid=104425) notify /opt/stack/neutron/neutron/plugins/ml2/drivers/ovn/mech_driver/ovsdb/ovsdb_monitor.py:914}}
Apr 25 14:47:25.883609 np0000170190 devstack@neutron-api.service[104425]: DEBUG ovsdbapp.backend.ovs_idl.event [None req-3b24b624-e653-4ae3-8df2-63dcf082d27a None None] Matched CREATE: ChassisBandwidthConfigEvent(events=('create', 'update'), table='Chassis', conditions=None, old_conditions=None), priority=20 to row=Chassis(uuid=5b6c65ad-e85c-4f3a-974e-7bb9d742281f, encaps=[a8a86842-7bdc-4e0e-b935-6d63b2add473], external_ids={}, hostname='np0000170190', name='f9cf3af0-c6a2-4787-b927-f343376c0fa7', nb_cfg=0, other_config={'ct-commit-nat-v2': 'true', 'ct-commit-to-zone': 'true', 'ct-next-zone': 'true', 'ct-no-masked-label': 'true', 'ct-state-save': 'true', 'datapath-type': 'system', 'fdb-timestamp': 'true', 'iface-types': 'afxdp,afxdp-nonpmd,bareudp,erspan,geneve,gre,gtpu,internal,ip6erspan,ip6gre,lisp,patch,srv6,stt,system,tap,vxlan', 'is-interconn': 'false', 'ls-dpg-column': 'true', 'mac-binding-timestamp': 'true', 'ovn-bridge-mappings': 'public:br-ex', 'ovn-chassis-mac-mappings': '', 'ovn-cms-options': 'enable-chassis-as-gw', 'ovn-ct-lb-related': 'true', 'ovn-enable-lflow-cache': 'true', 'ovn-limit-lflow-cache': '', 'ovn-memlimit-lflow-cache-kb': '', 'ovn-monitor-all': 'false', 'ovn-trim-limit-lflow-cache': '', 'ovn-trim-timeout-ms': '', 'ovn-trim-wmark-perc-lflow-cache': '', 'port-up-notif': 'true'}, transport_zones=[], vtep_logical_switches=[]) old= {{(pid=104425) matches /opt/stack/data/venv/lib/python3.12/site-packages/ovsdbapp/backend/ovs_idl/event.py:55}}
Apr 25 14:47:25.884107 np0000170190 devstack@neutron-api.service[104425]: DEBUG neutron.plugins.ml2.drivers.ovn.mech_driver.ovsdb.ovsdb_monitor [None req-3b24b624-e653-4ae3-8df2-63dcf082d27a None None] ChassisOVNAgentWriteEvent : Matched Chassis_Private, create, None None {{(pid=104425) matches /opt/stack/neutron/neutron/plugins/ml2/drivers/ovn/mech_driver/ovsdb/ovsdb_monitor.py:64}}
Apr 25 14:47:25.884214 np0000170190 devstack@neutron-api.service[104425]: DEBUG neutron.plugins.ml2.drivers.ovn.mech_driver.ovsdb.ovsdb_monitor [None req-3b24b624-e653-4ae3-8df2-63dcf082d27a None None] ChassisAgentWriteEvent : Matched Chassis_Private, create, None None {{(pid=104425) matches /opt/stack/neutron/neutron/plugins/ml2/drivers/ovn/mech_driver/ovsdb/ovsdb_monitor.py:64}}
Apr 25 14:47:25.885717 np0000170190 devstack@neutron-api.service[104425]: INFO neutron.plugins.ml2.drivers.ovn.mech_driver.mech_driver [None req-3b24b624-e653-4ae3-8df2-63dcf082d27a None None] WorkerService process has finished the post initialization
Apr 25 14:47:25.887105 np0000170190 devstack@neutron-api.service[104425]: INFO neutron.plugins.ml2.drivers.ovn.mech_driver.ovsdb.extensions.qos [-] Starting OVNClientQosExtension
Apr 25 14:47:25.887581 np0000170190 devstack@neutron-api.service[104425]: INFO neutron.plugins.ml2.drivers.ovn.mech_driver.ovsdb.extensions.placement [-] Starting OVNClientPlacementExtension
Apr 25 14:47:25.889978 np0000170190 devstack@neutron-api.service[104425]: WSGI app 0 (mountpoint='') ready in 7 seconds on interpreter 0x7228afca3668 pid: 104425 (default app)
Apr 25 14:47:27.397945 np0000170190 devstack@neutron-api.service[104424]: DEBUG neutron.plugins.ml2.drivers.ovn.mech_driver.ovsdb.ovsdb_monitor [-] Hash Ring: Node eb415fe634f154e2abf33f2d56af0e86 (host: np0000170190) handling event "update" for row 99b0b577-9585-4a80-bead-e5fde0c46c2b (table: Connection) {{(pid=104424) notify /opt/stack/neutron/neutron/plugins/ml2/drivers/ovn/mech_driver/ovsdb/ovsdb_monitor.py:914}}
Apr 25 14:47:27.398282 np0000170190 devstack@neutron-api.service[104422]: DEBUG neutron.common.ovn.hash_ring_manager [-] Allow caching, nodes 4>=4 {{(pid=104422) _wait_startup_before_caching /opt/stack/neutron/neutron/common/ovn/hash_ring_manager.py:65}}
Apr 25 14:47:27.398282 np0000170190 devstack@neutron-api.service[104422]: DEBUG neutron.plugins.ml2.drivers.ovn.mech_driver.ovsdb.ovsdb_monitor [-] Hash Ring: Node 47a25854eee4545cbc9121316610546f (host: np0000170190) handling event "update" for row 99b0b577-9585-4a80-bead-e5fde0c46c2b (table: Connection) {{(pid=104422) notify /opt/stack/neutron/neutron/plugins/ml2/drivers/ovn/mech_driver/ovsdb/ovsdb_monitor.py:914}}
Apr 25 14:47:29.918851 np0000170190 devstack@neutron-api.service[104422]: DEBUG neutron.plugins.ml2.drivers.ovn.mech_driver.ovsdb.ovsdb_monitor [-] Hash Ring: Node 47a25854eee4545cbc9121316610546f (host: np0000170190) handling event "update" for row 99b0b577-9585-4a80-bead-e5fde0c46c2b (table: Connection) {{(pid=104422) notify /opt/stack/neutron/neutron/plugins/ml2/drivers/ovn/mech_driver/ovsdb/ovsdb_monitor.py:914}}
Apr 25 14:47:29.920819 np0000170190 devstack@neutron-api.service[104424]: DEBUG neutron.plugins.ml2.drivers.ovn.mech_driver.ovsdb.ovsdb_monitor [-] Hash Ring: Node eb415fe634f154e2abf33f2d56af0e86 (host: np0000170190) handling event "update" for row 99b0b577-9585-4a80-bead-e5fde0c46c2b (table: Connection) {{(pid=104424) notify /opt/stack/neutron/neutron/plugins/ml2/drivers/ovn/mech_driver/ovsdb/ovsdb_monitor.py:914}}
Apr 25 14:47:32.231971 np0000170190 devstack@neutron-api.service[104422]: DEBUG neutron.api.wsgi [None req-6aa0d07e-7c2a-4b03-88ed-0fa1fccf1207 admin admin] Missing Content-Type {{(pid=104422) get_content_type /opt/stack/neutron/neutron/api/wsgi.py:80}}
Apr 25 14:47:32.232633 np0000170190 devstack@neutron-api.service[104422]: DEBUG neutron.api.wsgi [None req-6aa0d07e-7c2a-4b03-88ed-0fa1fccf1207 admin admin] https://199.204.45.74/networking/v2.0/extensions returned with HTTP 200 {{(pid=104422) __call__ /opt/stack/neutron/neutron/api/wsgi.py:540}}
Apr 25 14:47:32.232633 np0000170190 devstack@neutron-api.service[104422]: [pid: 104422|app: 0|req: 2/2] 199.204.45.74 () {64 vars in 1316 bytes} [Sat Apr 25 14:47:31 2026] GET /networking/v2.0/extensions => generated 15209 bytes in 426 msecs (HTTP/1.1 200) 4 headers in 159 bytes (1 switches on core 0)
Apr 25 14:47:32.622928 np0000170190 devstack@neutron-api.service[104423]: DEBUG neutron.api.v2.base [None req-71f29587-c5de-41b1-9b4a-b1dddd30cd7c admin admin] Request body: {'subnetpool': {'is_default': True, 'prefixes': ['10.1.0.0/20'], 'shared': True, 'default_prefixlen': 26, 'name': 'shared-default-subnetpool-v4'}} {{(pid=104423) prepare_request_body /opt/stack/neutron/neutron/api/v2/base.py:727}}
Apr 25 14:47:32.826652 np0000170190 devstack@neutron-api.service[104423]: DEBUG neutron.policy [None req-71f29587-c5de-41b1-9b4a-b1dddd30cd7c admin admin] Loaded default policies from ['neutron'] under neutron.policies entry points {{(pid=104423) register_rules /opt/stack/neutron/neutron/policy.py:65}}
Apr 25 14:47:32.971916 np0000170190 devstack@neutron-api.service[104423]: DEBUG neutron_lib.callbacks.manager [None req-71f29587-c5de-41b1-9b4a-b1dddd30cd7c admin admin] Publish callbacks ['neutron.objects.securitygroup.RbacNeutronDbObjectMixin.validate_rbac_policy_change-2729998039452', 'neutron.objects.address_group.RbacNeutronDbObjectMixin.validate_rbac_policy_change-2729998016808', 'neutron.objects.network.RbacNeutronDbObjectMixin.validate_rbac_policy_change-2729997865967', 'neutron.objects.qos.policy.RbacNeutronDbObjectMixin.validate_rbac_policy_change-2729997857272', 'neutron.objects.subnetpool.RbacNeutronDbObjectMixin.validate_rbac_policy_change-2729997841122', 'neutron.objects.address_scope.RbacNeutronDbObjectMixin.validate_rbac_policy_change-2729997873868', 'neutron.plugins.ml2.plugin.External_net_db_mixin._process_ext_policy_create-2015153', 'neutron.plugins.ml2.plugin.NeutronDbPluginV2.validate_network_rbac_policy_change-2004933'] for rbac-policy (None), before_create {{(pid=104423) _notify_loop /opt/stack/data/venv/lib/python3.12/site-packages/neutron_lib/callbacks/manager.py:184}}
Apr 25 14:47:33.021698 np0000170190 devstack@neutron-api.service[104423]: DEBUG neutron_lib.callbacks.manager [None req-71f29587-c5de-41b1-9b4a-b1dddd30cd7c admin admin] Publish callbacks [] for subnetpool (None), before_response {{(pid=104423) _notify_loop /opt/stack/data/venv/lib/python3.12/site-packages/neutron_lib/callbacks/manager.py:184}}
Apr 25 14:47:33.022646 np0000170190 devstack@neutron-api.service[104423]: [pid: 104423|app: 0|req: 1/3] 199.204.45.74 () {68 vars in 1360 bytes} [Sat Apr 25 14:47:32 2026] POST /networking/v2.0/subnetpools => generated 533 bytes in 509 msecs (HTTP/1.1 201) 4 headers in 162 bytes (1 switches on core 0)
Apr 25 14:47:33.353065 np0000170190 devstack@neutron-api.service[104424]: DEBUG neutron.api.v2.base [None req-5d1c95ea-da43-4104-ba82-a5be3f6df43f admin admin] Request body: {'subnetpool': {'is_default': True, 'prefixes': ['fd46:1e15:842b::/56'], 'shared': True, 'default_prefixlen': 64, 'name': 'shared-default-subnetpool-v6'}} {{(pid=104424) prepare_request_body /opt/stack/neutron/neutron/api/v2/base.py:727}}
Apr 25 14:47:33.522324 np0000170190 devstack@neutron-api.service[104424]: DEBUG neutron.policy [None req-5d1c95ea-da43-4104-ba82-a5be3f6df43f admin admin] Loaded default policies from ['neutron'] under neutron.policies entry points {{(pid=104424) register_rules /opt/stack/neutron/neutron/policy.py:65}}
Apr 25 14:47:33.669801 np0000170190 devstack@neutron-api.service[104424]: DEBUG neutron_lib.callbacks.manager [None req-5d1c95ea-da43-4104-ba82-a5be3f6df43f admin admin] Publish callbacks ['neutron.objects.securitygroup.RbacNeutronDbObjectMixin.validate_rbac_policy_change-2729998028408', 'neutron.objects.address_group.RbacNeutronDbObjectMixin.validate_rbac_policy_change-2729998002242', 'neutron.objects.network.RbacNeutronDbObjectMixin.validate_rbac_policy_change-2729997875424', 'neutron.objects.qos.policy.RbacNeutronDbObjectMixin.validate_rbac_policy_change-2729997874678', 'neutron.objects.subnetpool.RbacNeutronDbObjectMixin.validate_rbac_policy_change-2729997846285', 'neutron.objects.address_scope.RbacNeutronDbObjectMixin.validate_rbac_policy_change-2729997874023', 'neutron.plugins.ml2.plugin.External_net_db_mixin._process_ext_policy_create-3364225', 'neutron.plugins.ml2.plugin.NeutronDbPluginV2.validate_network_rbac_policy_change-3372317'] for rbac-policy (None), before_create {{(pid=104424) _notify_loop /opt/stack/data/venv/lib/python3.12/site-packages/neutron_lib/callbacks/manager.py:184}}
Apr 25 14:47:33.718728 np0000170190 devstack@neutron-api.service[104424]: DEBUG neutron_lib.callbacks.manager [None req-5d1c95ea-da43-4104-ba82-a5be3f6df43f admin admin] Publish callbacks [] for subnetpool (None), before_response {{(pid=104424) _notify_loop /opt/stack/data/venv/lib/python3.12/site-packages/neutron_lib/callbacks/manager.py:184}}
Apr 25 14:47:33.719929 np0000170190 devstack@neutron-api.service[104424]: [pid: 104424|app: 0|req: 1/4] 199.204.45.74 () {68 vars in 1360 bytes} [Sat Apr 25 14:47:33 2026] POST /networking/v2.0/subnetpools => generated 543 bytes in 472 msecs (HTTP/1.1 201) 4 headers in 162 bytes (1 switches on core 0)
Apr 25 14:47:34.133812 np0000170190 devstack@neutron-api.service[104425]: DEBUG neutron.api.v2.base [None req-372476c6-fe0d-4aef-880c-d0f8e0dc440a admin admin] Request body: {'network': {'admin_state_up': True, 'name': 'private'}} {{(pid=104425) prepare_request_body /opt/stack/neutron/neutron/api/v2/base.py:727}}
Apr 25 14:47:34.161346 np0000170190 devstack@neutron-api.service[104425]: DEBUG neutron.pecan_wsgi.hooks.quota_enforcement [None req-372476c6-fe0d-4aef-880c-d0f8e0dc440a admin admin] Made reservation on behalf of 46378a23a6c940599b6bd6e6913bbe7e for: {'network': 1} {{(pid=104425) before /opt/stack/neutron/neutron/pecan_wsgi/hooks/quota_enforcement.py:66}}
Apr 25 14:47:34.349185 np0000170190 devstack@neutron-api.service[104425]: DEBUG neutron.policy [None req-372476c6-fe0d-4aef-880c-d0f8e0dc440a admin admin] Loaded default policies from ['neutron'] under neutron.policies entry points {{(pid=104425) register_rules /opt/stack/neutron/neutron/policy.py:65}}
Apr 25 14:47:34.455530 np0000170190 devstack@neutron-api.service[104425]: DEBUG neutron_lib.callbacks.manager [None req-372476c6-fe0d-4aef-880c-d0f8e0dc440a admin admin] Publish callbacks ['neutron.plugins.ml2.plugin.SecurityGroupDbMixin._ensure_default_security_group_handler-1947918'] for network (None), before_create {{(pid=104425) _notify_loop /opt/stack/data/venv/lib/python3.12/site-packages/neutron_lib/callbacks/manager.py:184}}
Apr 25 14:47:34.481140 np0000170190 devstack@neutron-api.service[104425]: DEBUG neutron_lib.callbacks.manager [None req-372476c6-fe0d-4aef-880c-d0f8e0dc440a admin admin] Publish callbacks [] for security_group (None), before_create {{(pid=104425) _notify_loop /opt/stack/data/venv/lib/python3.12/site-packages/neutron_lib/callbacks/manager.py:184}}
Apr 25 14:47:34.580234 np0000170190 devstack@neutron-api.service[104425]: DEBUG neutron_lib.callbacks.manager [None req-372476c6-fe0d-4aef-880c-d0f8e0dc440a admin admin] Publish callbacks ['neutron.plugins.ml2.drivers.ovn.mech_driver.mech_driver.OVNMechanismDriver._create_security_group_precommit-375506'] for security_group (7200e8ee-6a76-454e-b08e-6636bf7f0fce), precommit_create {{(pid=104425) _notify_loop /opt/stack/data/venv/lib/python3.12/site-packages/neutron_lib/callbacks/manager.py:184}}
Apr 25 14:47:34.580576 np0000170190 devstack@neutron-api.service[104425]: DEBUG neutron.db.ovn_revision_numbers_db [None req-372476c6-fe0d-4aef-880c-d0f8e0dc440a admin admin] create_initial_revision uuid=7200e8ee-6a76-454e-b08e-6636bf7f0fce, type=security_groups, rev=-1 {{(pid=104425) create_initial_revision /opt/stack/neutron/neutron/db/ovn_revision_numbers_db.py:98}}
Apr 25 14:47:34.585983 np0000170190 devstack@neutron-api.service[104425]: DEBUG neutron.db.ovn_revision_numbers_db [None req-372476c6-fe0d-4aef-880c-d0f8e0dc440a admin admin] create_initial_revision uuid=00e571b6-9f2a-48cd-8254-309723c331e1, type=security_group_rules, rev=-1 {{(pid=104425) create_initial_revision /opt/stack/neutron/neutron/db/ovn_revision_numbers_db.py:98}}
Apr 25 14:47:34.587317 np0000170190 devstack@neutron-api.service[104425]: DEBUG neutron.db.ovn_revision_numbers_db [None req-372476c6-fe0d-4aef-880c-d0f8e0dc440a admin admin] create_initial_revision uuid=619f82af-dba1-4d7b-84be-3b0c273df6dd, type=security_group_rules, rev=-1 {{(pid=104425) create_initial_revision /opt/stack/neutron/neutron/db/ovn_revision_numbers_db.py:98}}
Apr 25 14:47:34.588620 np0000170190 devstack@neutron-api.service[104425]: DEBUG neutron.db.ovn_revision_numbers_db [None req-372476c6-fe0d-4aef-880c-d0f8e0dc440a admin admin] create_initial_revision uuid=95947ecd-f316-40b7-8fc3-721a8f898ec2, type=security_group_rules, rev=-1 {{(pid=104425) create_initial_revision /opt/stack/neutron/neutron/db/ovn_revision_numbers_db.py:98}}
Apr 25 14:47:34.589913 np0000170190 devstack@neutron-api.service[104425]: DEBUG neutron.db.ovn_revision_numbers_db [None req-372476c6-fe0d-4aef-880c-d0f8e0dc440a admin admin] create_initial_revision uuid=dbc1a3ea-25a9-4cf4-b97e-8c71fdd74f80, type=security_group_rules, rev=-1 {{(pid=104425) create_initial_revision /opt/stack/neutron/neutron/db/ovn_revision_numbers_db.py:98}}
Apr 25 14:47:34.599721 np0000170190 devstack@neutron-api.service[104425]: DEBUG neutron_lib.callbacks.manager [None req-372476c6-fe0d-4aef-880c-d0f8e0dc440a admin admin] Publish callbacks ['neutron.plugins.ml2.drivers.ovn.mech_driver.mech_driver.OVNMechanismDriver._create_security_group-375500', 'neutron.plugins.ml2.ovo_rpc._ObjectChangeHandler.handle_event-15074476'] for security_group (7200e8ee-6a76-454e-b08e-6636bf7f0fce), after_create {{(pid=104425) _notify_loop /opt/stack/data/venv/lib/python3.12/site-packages/neutron_lib/callbacks/manager.py:184}}
Apr 25 14:47:34.601122 np0000170190 devstack@neutron-api.service[104425]: DEBUG ovsdbapp.backend.ovs_idl.transaction [-] Running txn n=1 command(idx=0): PgAddCommand(_result=None, name=pg_7200e8ee_6a76_454e_b08e_6636bf7f0fce, may_exist=False, columns={'acls': [], 'external_ids': {'neutron:security_group_id': '7200e8ee-6a76-454e-b08e-6636bf7f0fce'}}) {{(pid=104425) do_commit /opt/stack/data/venv/lib/python3.12/site-packages/ovsdbapp/backend/ovs_idl/transaction.py:89}}
Apr 25 14:47:34.603149 np0000170190 devstack@neutron-api.service[104425]: DEBUG ovsdbapp.backend.ovs_idl.transaction [-] Running txn n=1 command(idx=1): PgAclAddCommand(_result=None, entity=pg_7200e8ee_6a76_454e_b08e_6636bf7f0fce, direction=to-lport, priority=1002, match=outport == @pg_7200e8ee_6a76_454e_b08e_6636bf7f0fce && ip4 && ip4.src == $pg_7200e8ee_6a76_454e_b08e_6636bf7f0fce_ip4, action=allow-related, log=False, may_exist=True, severity=[], name=[], meter=[], external_ids={'neutron:security_group_rule_id': '00e571b6-9f2a-48cd-8254-309723c331e1'}) {{(pid=104425) do_commit /opt/stack/data/venv/lib/python3.12/site-packages/ovsdbapp/backend/ovs_idl/transaction.py:89}}
Apr 25 14:47:34.603567 np0000170190 devstack@neutron-api.service[104425]: DEBUG ovsdbapp.backend.ovs_idl.transaction [-] Running txn n=1 command(idx=2): PgAclAddCommand(_result=None, entity=pg_7200e8ee_6a76_454e_b08e_6636bf7f0fce, direction=to-lport, priority=1002, match=outport == @pg_7200e8ee_6a76_454e_b08e_6636bf7f0fce && ip6 && ip6.src == $pg_7200e8ee_6a76_454e_b08e_6636bf7f0fce_ip6, action=allow-related, log=False, may_exist=True, severity=[], name=[], meter=[], external_ids={'neutron:security_group_rule_id': '619f82af-dba1-4d7b-84be-3b0c273df6dd'}) {{(pid=104425) do_commit /opt/stack/data/venv/lib/python3.12/site-packages/ovsdbapp/backend/ovs_idl/transaction.py:89}}
Apr 25 14:47:34.603919 np0000170190 devstack@neutron-api.service[104425]: DEBUG ovsdbapp.backend.ovs_idl.transaction [-] Running txn n=1 command(idx=3): PgAclAddCommand(_result=None, entity=pg_7200e8ee_6a76_454e_b08e_6636bf7f0fce, direction=from-lport, priority=1002, match=inport == @pg_7200e8ee_6a76_454e_b08e_6636bf7f0fce && ip6, action=allow-related, log=False, may_exist=True, severity=[], name=[], meter=[], external_ids={'neutron:security_group_rule_id': '95947ecd-f316-40b7-8fc3-721a8f898ec2'}) {{(pid=104425) do_commit /opt/stack/data/venv/lib/python3.12/site-packages/ovsdbapp/backend/ovs_idl/transaction.py:89}}
Apr 25 14:47:34.604208 np0000170190 devstack@neutron-api.service[104425]: DEBUG ovsdbapp.backend.ovs_idl.transaction [-] Running txn n=1 command(idx=4): PgAclAddCommand(_result=None, entity=pg_7200e8ee_6a76_454e_b08e_6636bf7f0fce, direction=from-lport, priority=1002, match=inport == @pg_7200e8ee_6a76_454e_b08e_6636bf7f0fce && ip4, action=allow-related, log=False, may_exist=True, severity=[], name=[], meter=[], external_ids={'neutron:security_group_rule_id': 'dbc1a3ea-25a9-4cf4-b97e-8c71fdd74f80'}) {{(pid=104425) do_commit /opt/stack/data/venv/lib/python3.12/site-packages/ovsdbapp/backend/ovs_idl/transaction.py:89}}
Apr 25 14:47:34.611073 np0000170190 devstack@neutron-api.service[104422]: DEBUG neutron.plugins.ml2.drivers.ovn.mech_driver.ovsdb.ovsdb_monitor [-] Hash Ring: Node 47a25854eee4545cbc9121316610546f (host: np0000170190) handling event "create" for row 19a9cfb3-edcb-436b-b562-5411e42c92bd (table: ACL) {{(pid=104422) notify /opt/stack/neutron/neutron/plugins/ml2/drivers/ovn/mech_driver/ovsdb/ovsdb_monitor.py:914}}
Apr 25 14:47:34.611899 np0000170190 devstack@neutron-api.service[104425]: DEBUG neutron.plugins.ml2.drivers.ovn.mech_driver.ovsdb.ovsdb_monitor [-] Hash Ring: Node 1633d4c372e4593f8580c197c9ad9a16 (host: np0000170190) handling event "create" for row ab1a73ea-ae72-4608-9c9d-3e1061c3650e (table: ACL) {{(pid=104425) notify /opt/stack/neutron/neutron/plugins/ml2/drivers/ovn/mech_driver/ovsdb/ovsdb_monitor.py:914}}
Apr 25 14:47:34.612059 np0000170190 devstack@neutron-api.service[104422]: DEBUG neutron.plugins.ml2.drivers.ovn.mech_driver.ovsdb.ovsdb_monitor [-] Hash Ring: Node 47a25854eee4545cbc9121316610546f (host: np0000170190) handling event "create" for row 5d01b74f-baf9-4cb5-8ac8-01930ab02b3c (table: ACL) {{(pid=104422) notify /opt/stack/neutron/neutron/plugins/ml2/drivers/ovn/mech_driver/ovsdb/ovsdb_monitor.py:914}}
Apr 25 14:47:34.612059 np0000170190 devstack@neutron-api.service[104422]: DEBUG neutron.plugins.ml2.drivers.ovn.mech_driver.ovsdb.ovsdb_monitor [-] Hash Ring: Node 47a25854eee4545cbc9121316610546f (host: np0000170190) handling event "create" for row 9b78bf30-e5dd-45f5-a46c-c60676dcec5e (table: ACL) {{(pid=104422) notify /opt/stack/neutron/neutron/plugins/ml2/drivers/ovn/mech_driver/ovsdb/ovsdb_monitor.py:914}}
Apr 25 14:47:34.612059 np0000170190 devstack@neutron-api.service[104422]: DEBUG neutron.plugins.ml2.drivers.ovn.mech_driver.ovsdb.ovsdb_monitor [-] Hash Ring: Node 47a25854eee4545cbc9121316610546f (host: np0000170190) handling event "create" for row ab1a73ea-ae72-4608-9c9d-3e1061c3650e (table: ACL) {{(pid=104422) notify /opt/stack/neutron/neutron/plugins/ml2/drivers/ovn/mech_driver/ovsdb/ovsdb_monitor.py:914}}
Apr 25 14:47:34.612059 np0000170190 devstack@neutron-api.service[104422]: DEBUG neutron.plugins.ml2.drivers.ovn.mech_driver.ovsdb.ovsdb_monitor [-] Hash Ring: Node 47a25854eee4545cbc9121316610546f (host: np0000170190) handling event "create" for row 40107e3b-ee4f-47dd-bc02-fee9e1ba80f1 (table: Port_Group) {{(pid=104422) notify /opt/stack/neutron/neutron/plugins/ml2/drivers/ovn/mech_driver/ovsdb/ovsdb_monitor.py:914}}
Apr 25 14:47:34.614850 np0000170190 devstack@neutron-api.service[104424]: DEBUG neutron.plugins.ml2.drivers.ovn.mech_driver.ovsdb.ovsdb_monitor [-] Hash Ring: Node eb415fe634f154e2abf33f2d56af0e86 (host: np0000170190) handling event "create" for row 5d01b74f-baf9-4cb5-8ac8-01930ab02b3c (table: ACL) {{(pid=104424) notify /opt/stack/neutron/neutron/plugins/ml2/drivers/ovn/mech_driver/ovsdb/ovsdb_monitor.py:914}}
Apr 25 14:47:34.615288 np0000170190 devstack@neutron-api.service[104424]: DEBUG neutron.plugins.ml2.drivers.ovn.mech_driver.ovsdb.ovsdb_monitor [-] Hash Ring: Node eb415fe634f154e2abf33f2d56af0e86 (host: np0000170190) handling event "create" for row 40107e3b-ee4f-47dd-bc02-fee9e1ba80f1 (table: Port_Group) {{(pid=104424) notify /opt/stack/neutron/neutron/plugins/ml2/drivers/ovn/mech_driver/ovsdb/ovsdb_monitor.py:914}}
Apr 25 14:47:34.646919 np0000170190 devstack@neutron-api.service[104425]: INFO neutron.db.ovn_revision_numbers_db [None req-372476c6-fe0d-4aef-880c-d0f8e0dc440a admin admin] Successfully bumped revision number for resource 7200e8ee-6a76-454e-b08e-6636bf7f0fce (type: security_groups) to 1
Apr 25 14:47:34.685959 np0000170190 devstack@neutron-api.service[104425]: INFO neutron.db.ovn_revision_numbers_db [None req-372476c6-fe0d-4aef-880c-d0f8e0dc440a admin admin] Successfully bumped revision number for resource 00e571b6-9f2a-48cd-8254-309723c331e1 (type: security_group_rules) to 0
Apr 25 14:47:34.699804 np0000170190 devstack@neutron-api.service[104425]: INFO neutron.db.ovn_revision_numbers_db [None req-372476c6-fe0d-4aef-880c-d0f8e0dc440a admin admin] Successfully bumped revision number for resource 619f82af-dba1-4d7b-84be-3b0c273df6dd (type: security_group_rules) to 0
Apr 25 14:47:34.713753 np0000170190 devstack@neutron-api.service[104425]: INFO neutron.db.ovn_revision_numbers_db [None req-372476c6-fe0d-4aef-880c-d0f8e0dc440a admin admin] Successfully bumped revision number for resource 95947ecd-f316-40b7-8fc3-721a8f898ec2 (type: security_group_rules) to 0
Apr 25 14:47:34.726079 np0000170190 devstack@neutron-api.service[104425]: INFO neutron.db.ovn_revision_numbers_db [None req-372476c6-fe0d-4aef-880c-d0f8e0dc440a admin admin] Successfully bumped revision number for resource dbc1a3ea-25a9-4cf4-b97e-8c71fdd74f80 (type: security_group_rules) to 0
Apr 25 14:47:34.752265 np0000170190 devstack@neutron-api.service[104425]: DEBUG neutron.api.rpc.handlers.resources_rpc [None req-372476c6-fe0d-4aef-880c-d0f8e0dc440a admin admin] Pushing event updated for resources: {'SecurityGroup': ['ID=7200e8ee-6a76-454e-b08e-6636bf7f0fce,revision_number=1']} {{(pid=104425) push /opt/stack/neutron/neutron/api/rpc/handlers/resources_rpc.py:237}}
Apr 25 14:47:34.760771 np0000170190 devstack@neutron-api.service[104425]: DEBUG ovsdbapp.backend.ovs_idl.transaction [-] Running txn n=1 command(idx=0): CheckLivenessCommand(_result=None) {{(pid=104425) do_commit /opt/stack/data/venv/lib/python3.12/site-packages/ovsdbapp/backend/ovs_idl/transaction.py:89}}
Apr 25 14:47:34.764847 np0000170190 devstack@neutron-api.service[104422]: DEBUG neutron.plugins.ml2.drivers.ovn.mech_driver.ovsdb.ovsdb_monitor [-] Hash Ring: Node 47a25854eee4545cbc9121316610546f (host: np0000170190) handling event "update" for row 85ec6592-04a9-4a27-9458-aff1bc897845 (table: NB_Global) {{(pid=104422) notify /opt/stack/neutron/neutron/plugins/ml2/drivers/ovn/mech_driver/ovsdb/ovsdb_monitor.py:914}}
Apr 25 14:47:34.766752 np0000170190 devstack@neutron-api.service[104423]: DEBUG neutron.plugins.ml2.drivers.ovn.mech_driver.ovsdb.ovsdb_monitor [-] Hash Ring: Node 923b72eb60da5fc18f4e2cc9857e1bb2 (host: np0000170190) handling event "update" for row 85ec6592-04a9-4a27-9458-aff1bc897845 (table: NB_Global) {{(pid=104423) notify /opt/stack/neutron/neutron/plugins/ml2/drivers/ovn/mech_driver/ovsdb/ovsdb_monitor.py:914}}
Apr 25 14:47:34.767241 np0000170190 devstack@neutron-api.service[104422]: DEBUG neutron.plugins.ml2.drivers.ovn.mech_driver.ovsdb.ovsdb_monitor [-] Hash Ring: Node 47a25854eee4545cbc9121316610546f (host: np0000170190) handling event "update" for row 85ec6592-04a9-4a27-9458-aff1bc897845 (table: NB_Global) {{(pid=104422) notify /opt/stack/neutron/neutron/plugins/ml2/drivers/ovn/mech_driver/ovsdb/ovsdb_monitor.py:914}}
Apr 25 14:47:34.767339 np0000170190 devstack@neutron-api.service[104423]: DEBUG neutron.plugins.ml2.drivers.ovn.mech_driver.ovsdb.ovsdb_monitor [-] Hash Ring: Node 923b72eb60da5fc18f4e2cc9857e1bb2 (host: np0000170190) handling event "update" for row 85ec6592-04a9-4a27-9458-aff1bc897845 (table: NB_Global) {{(pid=104423) notify /opt/stack/neutron/neutron/plugins/ml2/drivers/ovn/mech_driver/ovsdb/ovsdb_monitor.py:914}}
Apr 25 14:47:34.767936 np0000170190 devstack@neutron-api.service[104423]: DEBUG neutron.plugins.ml2.drivers.ovn.mech_driver.ovsdb.ovsdb_monitor [-] Hash Ring: Node 923b72eb60da5fc18f4e2cc9857e1bb2 (host: np0000170190) handling event "update" for row 85ec6592-04a9-4a27-9458-aff1bc897845 (table: NB_Global) {{(pid=104423) notify /opt/stack/neutron/neutron/plugins/ml2/drivers/ovn/mech_driver/ovsdb/ovsdb_monitor.py:914}}
Apr 25 14:47:34.769241 np0000170190 devstack@neutron-api.service[104422]: DEBUG neutron.plugins.ml2.drivers.ovn.mech_driver.ovsdb.ovsdb_monitor [-] ChassisAgentWriteEvent : Matched Chassis_Private, update, None None {{(pid=104422) matches /opt/stack/neutron/neutron/plugins/ml2/drivers/ovn/mech_driver/ovsdb/ovsdb_monitor.py:64}}
Apr 25 14:47:34.770604 np0000170190 devstack@neutron-api.service[104423]: DEBUG neutron.plugins.ml2.drivers.ovn.mech_driver.ovsdb.ovsdb_monitor [-] Hash Ring: Node 923b72eb60da5fc18f4e2cc9857e1bb2 (host: np0000170190) handling event "update" for row 85ec6592-04a9-4a27-9458-aff1bc897845 (table: NB_Global) {{(pid=104423) notify /opt/stack/neutron/neutron/plugins/ml2/drivers/ovn/mech_driver/ovsdb/ovsdb_monitor.py:914}}
Apr 25 14:47:34.770714 np0000170190 devstack@neutron-api.service[104425]: DEBUG neutron.plugins.ml2.drivers.ovn.mech_driver.ovsdb.ovsdb_monitor [-] ChassisAgentWriteEvent : Matched Chassis_Private, update, None None {{(pid=104425) matches /opt/stack/neutron/neutron/plugins/ml2/drivers/ovn/mech_driver/ovsdb/ovsdb_monitor.py:64}}
Apr 25 14:47:34.771770 np0000170190 devstack@neutron-api.service[104423]: DEBUG neutron.plugins.ml2.drivers.ovn.mech_driver.ovsdb.ovsdb_monitor [-] ChassisAgentWriteEvent : Matched Chassis_Private, update, None None {{(pid=104423) matches /opt/stack/neutron/neutron/plugins/ml2/drivers/ovn/mech_driver/ovsdb/ovsdb_monitor.py:64}}
Apr 25 14:47:34.772255 np0000170190 devstack@neutron-api.service[104422]: DEBUG neutron.plugins.ml2.drivers.ovn.mech_driver.ovsdb.ovsdb_monitor [-] Hash Ring: Node 47a25854eee4545cbc9121316610546f (host: np0000170190) handling event "update" for row 85ec6592-04a9-4a27-9458-aff1bc897845 (table: NB_Global) {{(pid=104422) notify /opt/stack/neutron/neutron/plugins/ml2/drivers/ovn/mech_driver/ovsdb/ovsdb_monitor.py:914}}
Apr 25 14:47:34.773889 np0000170190 devstack@neutron-api.service[104424]: DEBUG neutron.plugins.ml2.drivers.ovn.mech_driver.ovsdb.ovsdb_monitor [-] ChassisAgentWriteEvent : Matched Chassis_Private, update, None None {{(pid=104424) matches /opt/stack/neutron/neutron/plugins/ml2/drivers/ovn/mech_driver/ovsdb/ovsdb_monitor.py:64}}
Apr 25 14:47:34.774354 np0000170190 devstack@neutron-api.service[104422]: DEBUG neutron.plugins.ml2.drivers.ovn.mech_driver.ovsdb.ovsdb_monitor [-] Hash Ring: Node 47a25854eee4545cbc9121316610546f (host: np0000170190) handling event "update" for row 85ec6592-04a9-4a27-9458-aff1bc897845 (table: NB_Global) {{(pid=104422) notify /opt/stack/neutron/neutron/plugins/ml2/drivers/ovn/mech_driver/ovsdb/ovsdb_monitor.py:914}}
Apr 25 14:47:34.775544 np0000170190 devstack@neutron-api.service[104423]: DEBUG neutron.plugins.ml2.drivers.ovn.mech_driver.ovsdb.ovsdb_monitor [-] ChassisOVNAgentWriteEvent : Matched Chassis_Private, update, None None {{(pid=104423) matches /opt/stack/neutron/neutron/plugins/ml2/drivers/ovn/mech_driver/ovsdb/ovsdb_monitor.py:64}}
Apr 25 14:47:34.776390 np0000170190 devstack@neutron-api.service[104425]: DEBUG neutron.api.rpc.callbacks.version_manager [None req-372476c6-fe0d-4aef-880c-d0f8e0dc440a admin admin] Tracked resource versions report:
Apr 25 14:47:34.776390 np0000170190 devstack@neutron-api.service[104425]: pushed versions:
Apr 25 14:47:34.776390 np0000170190 devstack@neutron-api.service[104425]: { 'AddressGroup': {'1.2'},
Apr 25 14:47:34.776390 np0000170190 devstack@neutron-api.service[104425]: 'Agent': {'1.1'},
Apr 25 14:47:34.776390 np0000170190 devstack@neutron-api.service[104425]: 'ConntrackHelper': {'1.0'},
Apr 25 14:47:34.776390 np0000170190 devstack@neutron-api.service[104425]: 'LocalIPAssociation': {'1.0'},
Apr 25 14:47:34.776390 np0000170190 devstack@neutron-api.service[104425]: 'Log': {'1.0'},
Apr 25 14:47:34.776390 np0000170190 devstack@neutron-api.service[104425]: 'NDPProxy': {'1.0'},
Apr 25 14:47:34.776390 np0000170190 devstack@neutron-api.service[104425]: 'Network': {'1.2'},
Apr 25 14:47:34.776390 np0000170190 devstack@neutron-api.service[104425]: 'Port': {'1.10'},
Apr 25 14:47:34.776390 np0000170190 devstack@neutron-api.service[104425]: 'PortForwarding': {'1.3'},
Apr 25 14:47:34.776390 np0000170190 devstack@neutron-api.service[104425]: 'QosPolicy': {'1.10'},
Apr 25 14:47:34.776390 np0000170190 devstack@neutron-api.service[104425]: 'SecurityGroup': {'1.6'},
Apr 25 14:47:34.776390 np0000170190 devstack@neutron-api.service[104425]: 'SecurityGroupRule': {'1.3'},
Apr 25 14:47:34.776390 np0000170190 devstack@neutron-api.service[104425]: 'SubPort': {'1.0'},
Apr 25 14:47:34.776390 np0000170190 devstack@neutron-api.service[104425]: 'Subnet': {'1.2'},
Apr 25 14:47:34.776390 np0000170190 devstack@neutron-api.service[104425]: 'Trunk': {'1.1'}}
Apr 25 14:47:34.776390 np0000170190 devstack@neutron-api.service[104425]: consumer versions:
Apr 25 14:47:34.776390 np0000170190 devstack@neutron-api.service[104425]: {OVN Controller Gateway agent@np0000170190: {}}
Apr 25 14:47:34.776390 np0000170190 devstack@neutron-api.service[104425]: {{(pid=104425) report /opt/stack/neutron/neutron/api/rpc/callbacks/version_manager.py:183}}
Apr 25 14:47:34.777582 np0000170190 devstack@neutron-api.service[104424]: DEBUG neutron.plugins.ml2.drivers.ovn.mech_driver.ovsdb.ovsdb_monitor [-] Hash Ring: Node eb415fe634f154e2abf33f2d56af0e86 (host: np0000170190) handling event "update" for row a0de2b20-9941-4387-b190-88bf0bb4e25b (table: Chassis_Private) {{(pid=104424) notify /opt/stack/neutron/neutron/plugins/ml2/drivers/ovn/mech_driver/ovsdb/ovsdb_monitor.py:914}}
Apr 25 14:47:34.778177 np0000170190 devstack@neutron-api.service[104422]: DEBUG neutron.common.ovn.hash_ring_manager [-] Allow caching, nodes 4>=4 {{(pid=104422) _wait_startup_before_caching /opt/stack/neutron/neutron/common/ovn/hash_ring_manager.py:65}}
Apr 25 14:47:34.778177 np0000170190 devstack@neutron-api.service[104422]: DEBUG neutron.plugins.ml2.drivers.ovn.mech_driver.ovsdb.ovsdb_monitor [-] Hash Ring: Node 47a25854eee4545cbc9121316610546f (host: np0000170190) handling event "update" for row a0de2b20-9941-4387-b190-88bf0bb4e25b (table: Chassis_Private) {{(pid=104422) notify /opt/stack/neutron/neutron/plugins/ml2/drivers/ovn/mech_driver/ovsdb/ovsdb_monitor.py:914}}
Apr 25 14:47:34.778470 np0000170190 devstack@neutron-api.service[104422]: DEBUG neutron.plugins.ml2.drivers.ovn.mech_driver.ovsdb.ovsdb_monitor [-] ChassisOVNAgentWriteEvent : Matched Chassis_Private, update, None None {{(pid=104422) matches /opt/stack/neutron/neutron/plugins/ml2/drivers/ovn/mech_driver/ovsdb/ovsdb_monitor.py:64}}
Apr 25 14:47:34.778866 np0000170190 devstack@neutron-api.service[104422]: DEBUG neutron.plugins.ml2.drivers.ovn.mech_driver.ovsdb.ovsdb_monitor [-] Hash Ring: Node 47a25854eee4545cbc9121316610546f (host: np0000170190) handling event "update" for row a0de2b20-9941-4387-b190-88bf0bb4e25b (table: Chassis_Private) {{(pid=104422) notify /opt/stack/neutron/neutron/plugins/ml2/drivers/ovn/mech_driver/ovsdb/ovsdb_monitor.py:914}}
Apr 25 14:47:34.779523 np0000170190 devstack@neutron-api.service[104424]: DEBUG neutron.plugins.ml2.drivers.ovn.mech_driver.ovsdb.ovsdb_monitor [-] ChassisOVNAgentWriteEvent : Matched Chassis_Private, update, None None {{(pid=104424) matches /opt/stack/neutron/neutron/plugins/ml2/drivers/ovn/mech_driver/ovsdb/ovsdb_monitor.py:64}}
Apr 25 14:47:34.780228 np0000170190 devstack@neutron-api.service[104424]: DEBUG neutron.plugins.ml2.drivers.ovn.mech_driver.ovsdb.ovsdb_monitor [-] Hash Ring: Node eb415fe634f154e2abf33f2d56af0e86 (host: np0000170190) handling event "update" for row a0de2b20-9941-4387-b190-88bf0bb4e25b (table: Chassis_Private) {{(pid=104424) notify /opt/stack/neutron/neutron/plugins/ml2/drivers/ovn/mech_driver/ovsdb/ovsdb_monitor.py:914}}
Apr 25 14:47:34.783559 np0000170190 devstack@neutron-api.service[104425]: DEBUG neutron.plugins.ml2.drivers.ovn.mech_driver.ovsdb.ovsdb_monitor [-] ChassisOVNAgentWriteEvent : Matched Chassis_Private, update, None None {{(pid=104425) matches /opt/stack/neutron/neutron/plugins/ml2/drivers/ovn/mech_driver/ovsdb/ovsdb_monitor.py:64}}
Apr 25 14:47:34.840052 np0000170190 devstack@neutron-api.service[104425]: DEBUG neutron.plugins.ml2.drivers.helpers [None req-372476c6-fe0d-4aef-880c-d0f8e0dc440a admin admin] geneve segment allocate from pool success with {'geneve_vni': 58011} {{(pid=104425) allocate_partially_specified_segment /opt/stack/neutron/neutron/plugins/ml2/drivers/helpers.py:142}}
Apr 25 14:47:34.851731 np0000170190 devstack@neutron-api.service[104425]: DEBUG neutron_lib.callbacks.manager [None req-372476c6-fe0d-4aef-880c-d0f8e0dc440a admin admin] Publish callbacks ['neutron.services.segments.db._add_segment_host_mapping_for_segment-7844935084786', 'neutron.plugins.ml2.plugin.Ml2Plugin._handle_segment_change-125484'] for segment (1bf44d87-94b9-4efc-bd08-88bf9e2d099a), precommit_create {{(pid=104425) _notify_loop /opt/stack/data/venv/lib/python3.12/site-packages/neutron_lib/callbacks/manager.py:184}}
Apr 25 14:47:34.851907 np0000170190 devstack@neutron-api.service[104425]: INFO neutron.db.segments_db [None req-372476c6-fe0d-4aef-880c-d0f8e0dc440a admin admin] Added segment 1bf44d87-94b9-4efc-bd08-88bf9e2d099a of type geneve for network 67053d7b-f7b1-4c3a-85bd-2c2ce30dd5de
Apr 25 14:47:34.897403 np0000170190 devstack@neutron-api.service[104425]: DEBUG neutron_lib.callbacks.manager [None req-372476c6-fe0d-4aef-880c-d0f8e0dc440a admin admin] Publish callbacks ['neutron.services.auto_allocate.db._ensure_external_network_default_value_callback-7844932457736'] for network (67053d7b-f7b1-4c3a-85bd-2c2ce30dd5de), precommit_create {{(pid=104425) _notify_loop /opt/stack/data/venv/lib/python3.12/site-packages/neutron_lib/callbacks/manager.py:184}}
Apr 25 14:47:34.912016 np0000170190 devstack@neutron-api.service[104425]: DEBUG neutron.plugins.ml2.drivers.ovn.mech_driver.mech_driver [None req-372476c6-fe0d-4aef-880c-d0f8e0dc440a admin admin] Validating network segment with type geneve, segmentation ID 58011, physical network None {{(pid=104425) _validate_network_segments /opt/stack/neutron/neutron/plugins/ml2/drivers/ovn/mech_driver/mech_driver.py:641}}
Apr 25 14:47:34.912129 np0000170190 devstack@neutron-api.service[104425]: DEBUG neutron.db.ovn_revision_numbers_db [None req-372476c6-fe0d-4aef-880c-d0f8e0dc440a admin admin] create_initial_revision uuid=67053d7b-f7b1-4c3a-85bd-2c2ce30dd5de, type=networks, rev=-1 {{(pid=104425) create_initial_revision /opt/stack/neutron/neutron/db/ovn_revision_numbers_db.py:98}}
Apr 25 14:47:34.925504 np0000170190 devstack@neutron-api.service[104425]: DEBUG neutron_lib.callbacks.manager [None req-372476c6-fe0d-4aef-880c-d0f8e0dc440a admin admin] Publish callbacks ['neutron.plugins.ml2.ovo_rpc._ObjectChangeHandler.handle_event-15074479'] for network (67053d7b-f7b1-4c3a-85bd-2c2ce30dd5de), after_create {{(pid=104425) _notify_loop /opt/stack/data/venv/lib/python3.12/site-packages/neutron_lib/callbacks/manager.py:184}}
Apr 25 14:47:34.974648 np0000170190 devstack@neutron-api.service[104425]: DEBUG neutron.api.rpc.handlers.resources_rpc [None req-372476c6-fe0d-4aef-880c-d0f8e0dc440a admin admin] Pushing event updated for resources: {'Network': ['ID=67053d7b-f7b1-4c3a-85bd-2c2ce30dd5de,revision_number=1']} {{(pid=104425) push /opt/stack/neutron/neutron/api/rpc/handlers/resources_rpc.py:237}}
