Jun 14 22:00:04.851563 np0000179988 devstack@neutron-api.service[103192]: DEBUG neutron_lib.callbacks.manager [None req-a96d2f73-9626-4b83-9585-1c008ef3120b None None] Subscribe: network precommit_update 55550000, False {{(pid=103192) subscribe /opt/stack/data/venv/lib/python3.12/site-packages/neutron_lib/callbacks/manager.py:52}}
Jun 14 22:00:04.851678 np0000179988 devstack@neutron-api.service[103192]: DEBUG neutron_lib.callbacks.manager [None req-a96d2f73-9626-4b83-9585-1c008ef3120b None None] Subscribe: network precommit_create 55550000, False {{(pid=103192) subscribe /opt/stack/data/venv/lib/python3.12/site-packages/neutron_lib/callbacks/manager.py:52}}
Jun 14 22:00:04.851902 np0000179988 devstack@neutron-api.service[103192]: DEBUG neutron.manager [None req-a96d2f73-9626-4b83-9585-1c008ef3120b None None] Successfully loaded auto-allocated-topology plugin. Description: Auto Allocated Topology - aka get me a network. {{(pid=103192) _create_and_add_service_plugin /opt/stack/neutron/neutron/manager.py:239}}
Jun 14 22:00:04.852002 np0000179988 devstack@neutron-api.service[103192]: INFO neutron.manager [None req-a96d2f73-9626-4b83-9585-1c008ef3120b None None] Loading Plugin: tag
Jun 14 22:00:04.854657 np0000179988 devstack@neutron-api.service[103192]: DEBUG neutron.manager [None req-a96d2f73-9626-4b83-9585-1c008ef3120b None None] Successfully loaded TAG plugin. Description: Tag support {{(pid=103192) _create_and_add_service_plugin /opt/stack/neutron/neutron/manager.py:239}}
Jun 14 22:00:04.854733 np0000179988 devstack@neutron-api.service[103192]: INFO neutron.manager [None req-a96d2f73-9626-4b83-9585-1c008ef3120b None None] Loading Plugin: timestamp
Jun 14 22:00:04.856084 np0000179988 devstack@neutron-api.service[103192]: DEBUG neutron.manager [None req-a96d2f73-9626-4b83-9585-1c008ef3120b None None] Successfully loaded timestamp plugin. Description: Adds timestamps to Neutron resources with standard attributes {{(pid=103192) _create_and_add_service_plugin /opt/stack/neutron/neutron/manager.py:239}}
Jun 14 22:00:04.856084 np0000179988 devstack@neutron-api.service[103192]: INFO neutron.manager [None req-a96d2f73-9626-4b83-9585-1c008ef3120b None None] Loading Plugin: network_ip_availability
Jun 14 22:00:04.857970 np0000179988 devstack@neutron-api.service[103192]: DEBUG neutron.manager [None req-a96d2f73-9626-4b83-9585-1c008ef3120b None None] Successfully loaded network-ip-availability plugin. Description: Provides IP availability data for each network and subnet. {{(pid=103192) _create_and_add_service_plugin /opt/stack/neutron/neutron/manager.py:239}}
Jun 14 22:00:04.857970 np0000179988 devstack@neutron-api.service[103192]: INFO neutron.manager [None req-a96d2f73-9626-4b83-9585-1c008ef3120b None None] Loading Plugin: flavors
Jun 14 22:00:04.858628 np0000179988 devstack@neutron-api.service[103192]: DEBUG neutron.manager [None req-a96d2f73-9626-4b83-9585-1c008ef3120b None None] Successfully loaded FLAVORS plugin. Description: Neutron Flavors and Service Profiles manager plugin {{(pid=103192) _create_and_add_service_plugin /opt/stack/neutron/neutron/manager.py:239}}
Jun 14 22:00:04.858628 np0000179988 devstack@neutron-api.service[103192]: INFO neutron.manager [None req-a96d2f73-9626-4b83-9585-1c008ef3120b None None] Loading Plugin: revisions
Jun 14 22:00:04.859615 np0000179988 devstack@neutron-api.service[103192]: DEBUG neutron.manager [None req-a96d2f73-9626-4b83-9585-1c008ef3120b None None] Successfully loaded revision_plugin plugin. Description: Adds revision numbers to resources. {{(pid=103192) _create_and_add_service_plugin /opt/stack/neutron/neutron/manager.py:239}}
Jun 14 22:00:04.859712 np0000179988 devstack@neutron-api.service[103192]: DEBUG oslo_concurrency.lockutils [None req-a96d2f73-9626-4b83-9585-1c008ef3120b None None] Lock "manager" "released" by "neutron.manager.NeutronManager._create_instance" :: held 4.642s {{(pid=103192) inner /opt/stack/data/venv/lib/python3.12/site-packages/oslo_concurrency/lockutils.py:543}}
Jun 14 22:00:04.860337 np0000179988 devstack@neutron-api.service[103192]: DEBUG neutron.api.extensions [None req-a96d2f73-9626-4b83-9585-1c008ef3120b None None] get_extension_paths = OrderedDict({'/opt/stack/neutron/neutron/extensions': 1}) {{(pid=103192) get_extensions_path /opt/stack/neutron/neutron/api/extensions.py:640}}
Jun 14 22:00:04.860337 np0000179988 devstack@neutron-api.service[103192]: INFO neutron.api.extensions [None req-a96d2f73-9626-4b83-9585-1c008ef3120b None None] Initializing extension manager.
Jun 14 22:00:04.860921 np0000179988 devstack@neutron-api.service[103194]: DEBUG neutron_lib.callbacks.manager [None req-f289bd5c-9be1-4aab-8ce4-db2aa62cc6d4 None None] Subscribe: > router before_delete 55550000, False {{(pid=103194) subscribe /opt/stack/data/venv/lib/python3.12/site-packages/neutron_lib/callbacks/manager.py:52}}
Jun 14 22:00:04.861628 np0000179988 devstack@neutron-api.service[103192]: DEBUG neutron.api.extensions [None req-a96d2f73-9626-4b83-9585-1c008ef3120b None None] Loading extension file: __init__.py {{(pid=103192) _load_all_extensions_from_path /opt/stack/neutron/neutron/api/extensions.py:449}}
Jun 14 22:00:04.862365 np0000179988 devstack@neutron-api.service[103194]: DEBUG neutron_lib.callbacks.manager [None req-f289bd5c-9be1-4aab-8ce4-db2aa62cc6d4 None None] Subscribe: port before_update 55550000, False {{(pid=103194) subscribe /opt/stack/data/venv/lib/python3.12/site-packages/neutron_lib/callbacks/manager.py:52}}
Jun 14 22:00:04.863161 np0000179988 devstack@neutron-api.service[103192]: DEBUG neutron.api.extensions [None req-a96d2f73-9626-4b83-9585-1c008ef3120b None None] Loading extension file: __pycache__ {{(pid=103192) _load_all_extensions_from_path /opt/stack/neutron/neutron/api/extensions.py:449}}
Jun 14 22:00:04.864054 np0000179988 devstack@neutron-api.service[103194]: DEBUG neutron_lib.callbacks.manager [None req-f289bd5c-9be1-4aab-8ce4-db2aa62cc6d4 None None] Subscribe: port after_update 55550000, False {{(pid=103194) subscribe /opt/stack/data/venv/lib/python3.12/site-packages/neutron_lib/callbacks/manager.py:52}}
Jun 14 22:00:04.864729 np0000179988 devstack@neutron-api.service[103192]: DEBUG neutron.api.extensions [None req-a96d2f73-9626-4b83-9585-1c008ef3120b None None] Loading extension file: aap_reject_multicast.py {{(pid=103192) _load_all_extensions_from_path /opt/stack/neutron/neutron/api/extensions.py:449}}
Jun 14 22:00:04.865662 np0000179988 devstack@neutron-api.service[103194]: DEBUG neutron_lib.callbacks.manager [None req-f289bd5c-9be1-4aab-8ce4-db2aa62cc6d4 None None] Subscribe: > port precommit_delete 55550000, False {{(pid=103194) subscribe /opt/stack/data/venv/lib/python3.12/site-packages/neutron_lib/callbacks/manager.py:52}}
Jun 14 22:00:04.865662 np0000179988 devstack@neutron-api.service[103194]: DEBUG neutron_lib.callbacks.manager [None req-f289bd5c-9be1-4aab-8ce4-db2aa62cc6d4 None None] Subscribe: port before_update 55550000, False {{(pid=103194) subscribe /opt/stack/data/venv/lib/python3.12/site-packages/neutron_lib/callbacks/manager.py:52}}
Jun 14 22:00:04.865662 np0000179988 devstack@neutron-api.service[103194]: DEBUG neutron_lib.callbacks.manager [None req-f289bd5c-9be1-4aab-8ce4-db2aa62cc6d4 None None] Subscribe: port before_delete 55550000, False {{(pid=103194) subscribe /opt/stack/data/venv/lib/python3.12/site-packages/neutron_lib/callbacks/manager.py:52}}
Jun 14 22:00:04.866181 np0000179988 devstack@neutron-api.service[103192]: DEBUG neutron.api.extensions [None req-a96d2f73-9626-4b83-9585-1c008ef3120b None None] Ext name="Allowed address pairs reject multicast extension" alias="aap-reject-multicast" description="Reject multicast addresses in Allowed Address Pairs" updated="2026-04-01T00:00:00-00:00" {{(pid=103192) _check_extension /opt/stack/neutron/neutron/api/extensions.py:415}}
Jun 14 22:00:04.866667 np0000179988 devstack@neutron-api.service[103194]: DEBUG neutron_lib.callbacks.manager [None req-f289bd5c-9be1-4aab-8ce4-db2aa62cc6d4 None None] Subscribe: > router precommit_create 55550000, False {{(pid=103194) subscribe /opt/stack/data/venv/lib/python3.12/site-packages/neutron_lib/callbacks/manager.py:52}}
Jun 14 22:00:04.866667 np0000179988 devstack@neutron-api.service[103194]: DEBUG neutron_lib.callbacks.manager [None req-f289bd5c-9be1-4aab-8ce4-db2aa62cc6d4 None None] Subscribe: > router precommit_create 55550000, False {{(pid=103194) subscribe /opt/stack/data/venv/lib/python3.12/site-packages/neutron_lib/callbacks/manager.py:52}}
Jun 14 22:00:04.867566 np0000179988 devstack@neutron-api.service[103192]: INFO neutron.api.extensions [None req-a96d2f73-9626-4b83-9585-1c008ef3120b None None] Extension aap-reject-multicast not supported by any of loaded plugins
Jun 14 22:00:04.868170 np0000179988 devstack@neutron-api.service[103194]: DEBUG neutron_lib.callbacks.manager [None req-f289bd5c-9be1-4aab-8ce4-db2aa62cc6d4 None None] Subscribe: > router precommit_update 55550000, False {{(pid=103194) subscribe /opt/stack/data/venv/lib/python3.12/site-packages/neutron_lib/callbacks/manager.py:52}}
Jun 14 22:00:04.868623 np0000179988 devstack@neutron-api.service[103192]: DEBUG neutron.api.extensions [None req-a96d2f73-9626-4b83-9585-1c008ef3120b None None] Loading extension file: address_group.py {{(pid=103192) _load_all_extensions_from_path /opt/stack/neutron/neutron/api/extensions.py:449}}
Jun 14 22:00:04.869140 np0000179988 devstack@neutron-api.service[103194]: DEBUG neutron_lib.callbacks.manager [None req-f289bd5c-9be1-4aab-8ce4-db2aa62cc6d4 None None] Subscribe: subnet after_update 55550000, False {{(pid=103194) subscribe /opt/stack/data/venv/lib/python3.12/site-packages/neutron_lib/callbacks/manager.py:52}}
Jun 14 22:00:04.869140 np0000179988 devstack@neutron-api.service[103194]: DEBUG neutron.quota.resource_registry [None req-f289bd5c-9be1-4aab-8ce4-db2aa62cc6d4 None None] Tracking information for resource: router configured {{(pid=103194) set_tracked_resource /opt/stack/neutron/neutron/quota/resource_registry.py:203}}
Jun 14 22:00:04.869140 np0000179988 devstack@neutron-api.service[103194]: DEBUG neutron.quota.resource_registry [None req-f289bd5c-9be1-4aab-8ce4-db2aa62cc6d4 None None] Tracking information for resource: floatingip configured {{(pid=103194) set_tracked_resource /opt/stack/neutron/neutron/quota/resource_registry.py:203}}
Jun 14 22:00:04.869720 np0000179988 devstack@neutron-api.service[103192]: DEBUG neutron.api.extensions [None req-a96d2f73-9626-4b83-9585-1c008ef3120b None None] Ext name="Address group" alias="address-group" description="Support address group" updated="2020-07-15T10:00:00-00:00" {{(pid=103192) _check_extension /opt/stack/neutron/neutron/api/extensions.py:415}}
Jun 14 22:00:04.870204 np0000179988 devstack@neutron-api.service[103194]: INFO neutron.services.ovn_l3.plugin [None req-f289bd5c-9be1-4aab-8ce4-db2aa62cc6d4 None None] Starting OVNL3RouterPlugin
Jun 14 22:00:04.870621 np0000179988 devstack@neutron-api.service[103192]: INFO neutron.api.extensions [None req-a96d2f73-9626-4b83-9585-1c008ef3120b None None] Loaded extension: address-group
Jun 14 22:00:04.870873 np0000179988 devstack@neutron-api.service[103194]: DEBUG neutron_lib.callbacks.manager [None req-f289bd5c-9be1-4aab-8ce4-db2aa62cc6d4 None None] Subscribe: > port_forwarding_plugin after_init 55550000, False {{(pid=103194) subscribe /opt/stack/data/venv/lib/python3.12/site-packages/neutron_lib/callbacks/manager.py:52}}
Jun 14 22:00:04.871105 np0000179988 devstack@neutron-api.service[103192]: DEBUG neutron.api.extensions [None req-a96d2f73-9626-4b83-9585-1c008ef3120b None None] Loading extension file: address_scope.py {{(pid=103192) _load_all_extensions_from_path /opt/stack/neutron/neutron/api/extensions.py:449}}
Jun 14 22:00:04.871374 np0000179988 devstack@neutron-api.service[103194]: DEBUG neutron_lib.callbacks.manager [None req-f289bd5c-9be1-4aab-8ce4-db2aa62cc6d4 None None] Subscribe: > router before_create 55550100, False {{(pid=103194) subscribe /opt/stack/data/venv/lib/python3.12/site-packages/neutron_lib/callbacks/manager.py:52}}
Jun 14 22:00:04.871374 np0000179988 devstack@neutron-api.service[103194]: DEBUG neutron_lib.callbacks.manager [None req-f289bd5c-9be1-4aab-8ce4-db2aa62cc6d4 None None] Subscribe: > router precommit_delete 55550100, False {{(pid=103194) subscribe /opt/stack/data/venv/lib/python3.12/site-packages/neutron_lib/callbacks/manager.py:52}}
Jun 14 22:00:04.871918 np0000179988 devstack@neutron-api.service[103192]: DEBUG neutron.api.extensions [None req-a96d2f73-9626-4b83-9585-1c008ef3120b None None] Ext name="Address scope" alias="address-scope" description="Address scopes extension." updated="2015-07-26T10:00:00-00:00" {{(pid=103192) _check_extension /opt/stack/neutron/neutron/api/extensions.py:415}}
Jun 14 22:00:04.872237 np0000179988 devstack@neutron-api.service[103194]: DEBUG neutron_lib.callbacks.manager [None req-f289bd5c-9be1-4aab-8ce4-db2aa62cc6d4 None None] Subscribe: > router precommit_create 55550100, False {{(pid=103194) subscribe /opt/stack/data/venv/lib/python3.12/site-packages/neutron_lib/callbacks/manager.py:52}}
Jun 14 22:00:04.872536 np0000179988 devstack@neutron-api.service[103192]: INFO neutron.api.extensions [None req-a96d2f73-9626-4b83-9585-1c008ef3120b None None] Loaded extension: address-scope
Jun 14 22:00:04.872831 np0000179988 devstack@neutron-api.service[103194]: DEBUG neutron_lib.callbacks.manager [None req-f289bd5c-9be1-4aab-8ce4-db2aa62cc6d4 None None] Subscribe: > router precommit_update 55550100, False {{(pid=103194) subscribe /opt/stack/data/venv/lib/python3.12/site-packages/neutron_lib/callbacks/manager.py:52}}
Jun 14 22:00:04.873071 np0000179988 devstack@neutron-api.service[103192]: DEBUG neutron.api.extensions [None req-a96d2f73-9626-4b83-9585-1c008ef3120b None None] Loading extension file: admin_state_down_before_update.py {{(pid=103192) _load_all_extensions_from_path /opt/stack/neutron/neutron/api/extensions.py:449}}
Jun 14 22:00:04.873071 np0000179988 devstack@neutron-api.service[103192]: DEBUG neutron.api.extensions [None req-a96d2f73-9626-4b83-9585-1c008ef3120b None None] Ext name="Enforce Router's Admin State Down Before Update Extension" alias="router-admin-state-down-before-update" description="Ensure that the admin state of a router is DOWN (admin_state_up=False) before updating the distributed attribute" updated="2019-07-02T15:56:00" {{(pid=103192) _check_extension /opt/stack/neutron/neutron/api/extensions.py:415}}
Jun 14 22:00:04.873071 np0000179988 devstack@neutron-api.service[103192]: INFO neutron.api.extensions [None req-a96d2f73-9626-4b83-9585-1c008ef3120b None None] Extension router-admin-state-down-before-update not supported by any of loaded plugins
Jun 14 22:00:04.873071 np0000179988 devstack@neutron-api.service[103192]: DEBUG neutron.api.extensions [None req-a96d2f73-9626-4b83-9585-1c008ef3120b None None] Loading extension file: agent.py {{(pid=103192) _load_all_extensions_from_path /opt/stack/neutron/neutron/api/extensions.py:449}}
Jun 14 22:00:04.873071 np0000179988 devstack@neutron-api.service[103192]: DEBUG neutron.api.extensions [None req-a96d2f73-9626-4b83-9585-1c008ef3120b None None] Ext name="agent" alias="agent" description="The agent management extension." updated="2013-02-03T10:00:00-00:00" {{(pid=103192) _check_extension /opt/stack/neutron/neutron/api/extensions.py:415}}
Jun 14 22:00:04.873071 np0000179988 devstack@neutron-api.service[103192]: INFO neutron.api.extensions [None req-a96d2f73-9626-4b83-9585-1c008ef3120b None None] Loaded extension: agent
Jun 14 22:00:04.873071 np0000179988 devstack@neutron-api.service[103192]: DEBUG neutron.api.extensions [None req-a96d2f73-9626-4b83-9585-1c008ef3120b None None] Loading extension file: agent_resources_synced.py {{(pid=103192) _load_all_extensions_from_path /opt/stack/neutron/neutron/api/extensions.py:449}}
Jun 14 22:00:04.873449 np0000179988 devstack@neutron-api.service[103192]: DEBUG neutron.api.extensions [None req-a96d2f73-9626-4b83-9585-1c008ef3120b None None] Ext name="Agent's Resource View Synced to Placement" alias="agent-resources-synced" description="Stores success/failure of last sync to Placement" updated="2018-12-19T00:00:00-00:00" {{(pid=103192) _check_extension /opt/stack/neutron/neutron/api/extensions.py:415}}
Jun 14 22:00:04.873449 np0000179988 devstack@neutron-api.service[103192]: INFO neutron.api.extensions [None req-a96d2f73-9626-4b83-9585-1c008ef3120b None None] Extension agent-resources-synced not supported by any of loaded plugins
Jun 14 22:00:04.873449 np0000179988 devstack@neutron-api.service[103192]: DEBUG neutron.api.extensions [None req-a96d2f73-9626-4b83-9585-1c008ef3120b None None] Loading extension file: agent_sort_key.py {{(pid=103192) _load_all_extensions_from_path /opt/stack/neutron/neutron/api/extensions.py:449}}
Jun 14 22:00:04.873449 np0000179988 devstack@neutron-api.service[103192]: DEBUG neutron.api.extensions [None req-a96d2f73-9626-4b83-9585-1c008ef3120b None None] Ext name="Agents Sort Key" alias="agent_sort_key" description="Enabling the keyword sort_key for sorting in agents." updated="2013-02-03T10:00:00-00:00" {{(pid=103192) _check_extension /opt/stack/neutron/neutron/api/extensions.py:415}}
Jun 14 22:00:04.873449 np0000179988 devstack@neutron-api.service[103192]: INFO neutron.api.extensions [None req-a96d2f73-9626-4b83-9585-1c008ef3120b None None] Extension agent_sort_key not supported by any of loaded plugins
Jun 14 22:00:04.873449 np0000179988 devstack@neutron-api.service[103192]: DEBUG neutron.api.extensions [None req-a96d2f73-9626-4b83-9585-1c008ef3120b None None] Loading extension file: allowedaddresspairs.py {{(pid=103192) _load_all_extensions_from_path /opt/stack/neutron/neutron/api/extensions.py:449}}
Jun 14 22:00:04.873449 np0000179988 devstack@neutron-api.service[103192]: DEBUG neutron.api.extensions [None req-a96d2f73-9626-4b83-9585-1c008ef3120b None None] Ext name="Allowed Address Pairs" alias="allowed-address-pairs" description="Provides allowed address pairs" updated="2013-07-23T10:00:00-00:00" {{(pid=103192) _check_extension /opt/stack/neutron/neutron/api/extensions.py:415}}
Jun 14 22:00:04.874103 np0000179988 devstack@neutron-api.service[103192]: INFO neutron.api.extensions [None req-a96d2f73-9626-4b83-9585-1c008ef3120b None None] Loaded extension: allowed-address-pairs
Jun 14 22:00:04.874103 np0000179988 devstack@neutron-api.service[103192]: DEBUG neutron.api.extensions [None req-a96d2f73-9626-4b83-9585-1c008ef3120b None None] Loading extension file: auto_allocated_topology.py {{(pid=103192) _load_all_extensions_from_path /opt/stack/neutron/neutron/api/extensions.py:449}}
Jun 14 22:00:04.874594 np0000179988 devstack@neutron-api.service[103194]: DEBUG neutron.services.provider_configuration [None req-f289bd5c-9be1-4aab-8ce4-db2aa62cc6d4 None None] Service providers = [] {{(pid=103194) parse_service_provider_opt /opt/stack/neutron/neutron/services/provider_configuration.py:170}}
Jun 14 22:00:04.875212 np0000179988 devstack@neutron-api.service[103192]: DEBUG neutron.api.extensions [None req-a96d2f73-9626-4b83-9585-1c008ef3120b None None] Ext name="Auto Allocated Topology Services" alias="auto-allocated-topology" description="Auto Allocated Topology Services." updated="2016-01-01T00:00:00-00:00" {{(pid=103192) _check_extension /opt/stack/neutron/neutron/api/extensions.py:415}}
Jun 14 22:00:04.875948 np0000179988 devstack@neutron-api.service[103194]: DEBUG neutron.db.servicetype_db [None req-f289bd5c-9be1-4aab-8ce4-db2aa62cc6d4 None None] Adding provider configuration for service L3_ROUTER_NAT {{(pid=103194) add_provider_configuration /opt/stack/neutron/neutron/db/servicetype_db.py:45}}
Jun 14 22:00:04.876478 np0000179988 devstack@neutron-api.service[103192]: INFO neutron.api.extensions [None req-a96d2f73-9626-4b83-9585-1c008ef3120b None None] Loaded extension: auto-allocated-topology
Jun 14 22:00:04.876478 np0000179988 devstack@neutron-api.service[103192]: DEBUG neutron.api.extensions [None req-a96d2f73-9626-4b83-9585-1c008ef3120b None None] Loading extension file: availability_zone.py {{(pid=103192) _load_all_extensions_from_path /opt/stack/neutron/neutron/api/extensions.py:449}}
Jun 14 22:00:04.876478 np0000179988 devstack@neutron-api.service[103192]: DEBUG neutron.api.extensions [None req-a96d2f73-9626-4b83-9585-1c008ef3120b None None] Ext name="Availability Zone" alias="availability_zone" description="The availability zone extension." updated="2015-01-01T10:00:00-00:00" {{(pid=103192) _check_extension /opt/stack/neutron/neutron/api/extensions.py:415}}
Jun 14 22:00:04.876478 np0000179988 devstack@neutron-api.service[103192]: INFO neutron.api.extensions [None req-a96d2f73-9626-4b83-9585-1c008ef3120b None None] Loaded extension: availability_zone
Jun 14 22:00:04.876478 np0000179988 devstack@neutron-api.service[103192]: DEBUG neutron.api.extensions [None req-a96d2f73-9626-4b83-9585-1c008ef3120b None None] Loading extension file: availability_zone_filter.py {{(pid=103192) _load_all_extensions_from_path /opt/stack/neutron/neutron/api/extensions.py:449}}
Jun 14 22:00:04.877331 np0000179988 devstack@neutron-api.service[103194]: DEBUG neutron_lib.callbacks.manager [None req-f289bd5c-9be1-4aab-8ce4-db2aa62cc6d4 None None] Subscribe: > router precommit_create 55549900, False {{(pid=103194) subscribe /opt/stack/data/venv/lib/python3.12/site-packages/neutron_lib/callbacks/manager.py:52}}
Jun 14 22:00:04.877975 np0000179988 devstack@neutron-api.service[103192]: DEBUG neutron.api.extensions [None req-a96d2f73-9626-4b83-9585-1c008ef3120b None None] Ext name="Availability Zone Filter Extension" alias="availability_zone_filter" description="Add filter parameters to AvailabilityZone resource" updated="2018-06-22T10:00:00-00:00" {{(pid=103192) _check_extension /opt/stack/neutron/neutron/api/extensions.py:415}}
Jun 14 22:00:04.878181 np0000179988 devstack@neutron-api.service[103194]: DEBUG neutron_lib.callbacks.manager [None req-f289bd5c-9be1-4aab-8ce4-db2aa62cc6d4 None None] Subscribe: > router_interface after_create 55550000, False {{(pid=103194) subscribe /opt/stack/data/venv/lib/python3.12/site-packages/neutron_lib/callbacks/manager.py:52}}
Jun 14 22:00:04.878181 np0000179988 devstack@neutron-api.service[103194]: DEBUG neutron_lib.callbacks.manager [None req-f289bd5c-9be1-4aab-8ce4-db2aa62cc6d4 None None] Subscribe: > floatingip after_create 55550000, False {{(pid=103194) subscribe /opt/stack/data/venv/lib/python3.12/site-packages/neutron_lib/callbacks/manager.py:52}}
Jun 14 22:00:04.878620 np0000179988 devstack@neutron-api.service[103192]: INFO neutron.api.extensions [None req-a96d2f73-9626-4b83-9585-1c008ef3120b None None] Extension availability_zone_filter not supported by any of loaded plugins
Jun 14 22:00:04.878791 np0000179988 devstack@neutron-api.service[103194]: DEBUG neutron_lib.callbacks.manager [None req-f289bd5c-9be1-4aab-8ce4-db2aa62cc6d4 None None] Subscribe: > floatingip precommit_create 55550000, False {{(pid=103194) subscribe /opt/stack/data/venv/lib/python3.12/site-packages/neutron_lib/callbacks/manager.py:52}}
Jun 14 22:00:04.879014 np0000179988 devstack@neutron-api.service[103192]: DEBUG neutron.api.extensions [None req-a96d2f73-9626-4b83-9585-1c008ef3120b None None] Loading extension file: data_plane_status.py {{(pid=103192) _load_all_extensions_from_path /opt/stack/neutron/neutron/api/extensions.py:449}}
Jun 14 22:00:04.879166 np0000179988 devstack@neutron-api.service[103194]: DEBUG neutron_lib.callbacks.manager [None req-f289bd5c-9be1-4aab-8ce4-db2aa62cc6d4 None None] Subscribe: > floatingip precommit_update 55550000, False {{(pid=103194) subscribe /opt/stack/data/venv/lib/python3.12/site-packages/neutron_lib/callbacks/manager.py:52}}
Jun 14 22:00:04.879166 np0000179988 devstack@neutron-api.service[103194]: DEBUG neutron_lib.callbacks.manager [None req-f289bd5c-9be1-4aab-8ce4-db2aa62cc6d4 None None] Subscribe: > floatingip after_delete 55550000, False {{(pid=103194) subscribe /opt/stack/data/venv/lib/python3.12/site-packages/neutron_lib/callbacks/manager.py:52}}
Jun 14 22:00:04.879166 np0000179988 devstack@neutron-api.service[103194]: DEBUG neutron_lib.callbacks.manager [None req-f289bd5c-9be1-4aab-8ce4-db2aa62cc6d4 None None] Subscribe: > floatingip after_status_update 55550000, False {{(pid=103194) subscribe /opt/stack/data/venv/lib/python3.12/site-packages/neutron_lib/callbacks/manager.py:52}}
Jun 14 22:00:04.879263 np0000179988 devstack@neutron-api.service[103192]: DEBUG neutron.api.extensions [None req-a96d2f73-9626-4b83-9585-1c008ef3120b None None] Ext name="Port data plane status extension" alias="data-plane-status" description="Expose status of underlying data plane" updated="2017-01-24T10:00:00-00:00" {{(pid=103192) _check_extension /opt/stack/neutron/neutron/api/extensions.py:415}}
Jun 14 22:00:04.879359 np0000179988 devstack@neutron-api.service[103194]: DEBUG neutron_lib.callbacks.manager [None req-f289bd5c-9be1-4aab-8ce4-db2aa62cc6d4 None None] Subscribe: > floatingip after_update 55550000, False {{(pid=103194) subscribe /opt/stack/data/venv/lib/python3.12/site-packages/neutron_lib/callbacks/manager.py:52}}
Jun 14 22:00:04.879359 np0000179988 devstack@neutron-api.service[103194]: DEBUG neutron_lib.callbacks.manager [None req-f289bd5c-9be1-4aab-8ce4-db2aa62cc6d4 None None] Subscribe: > port_forwarding after_create 55550000, False {{(pid=103194) subscribe /opt/stack/data/venv/lib/python3.12/site-packages/neutron_lib/callbacks/manager.py:52}}
Jun 14 22:00:04.879439 np0000179988 devstack@neutron-api.service[103192]: INFO neutron.api.extensions [None req-a96d2f73-9626-4b83-9585-1c008ef3120b None None] Extension data-plane-status not supported by any of loaded plugins
Jun 14 22:00:04.879547 np0000179988 devstack@neutron-api.service[103194]: DEBUG neutron_lib.callbacks.manager [None req-f289bd5c-9be1-4aab-8ce4-db2aa62cc6d4 None None] Subscribe: > router_interface after_delete 55550000, False {{(pid=103194) subscribe /opt/stack/data/venv/lib/python3.12/site-packages/neutron_lib/callbacks/manager.py:52}}
Jun 14 22:00:04.879604 np0000179988 devstack@neutron-api.service[103192]: DEBUG neutron.api.extensions [None req-a96d2f73-9626-4b83-9585-1c008ef3120b None None] Loading extension file: default_subnetpools.py {{(pid=103192) _load_all_extensions_from_path /opt/stack/neutron/neutron/api/extensions.py:449}}
Jun 14 22:00:04.879706 np0000179988 devstack@neutron-api.service[103194]: DEBUG neutron_lib.callbacks.manager [None req-f289bd5c-9be1-4aab-8ce4-db2aa62cc6d4 None None] Subscribe: > router after_create 55550000, False {{(pid=103194) subscribe /opt/stack/data/venv/lib/python3.12/site-packages/neutron_lib/callbacks/manager.py:52}}
Jun 14 22:00:04.879706 np0000179988 devstack@neutron-api.service[103194]: DEBUG neutron_lib.callbacks.manager [None req-f289bd5c-9be1-4aab-8ce4-db2aa62cc6d4 None None] Subscribe: > router precommit_create 55550000, False {{(pid=103194) subscribe /opt/stack/data/venv/lib/python3.12/site-packages/neutron_lib/callbacks/manager.py:52}}
Jun 14 22:00:04.879808 np0000179988 devstack@neutron-api.service[103192]: DEBUG neutron.api.extensions [None req-a96d2f73-9626-4b83-9585-1c008ef3120b None None] Ext name="Default Subnetpools" alias="default-subnetpools" description="Provides ability to mark and use a subnetpool as the default." updated="2016-02-18T18:00:00-00:00" {{(pid=103192) _check_extension /opt/stack/neutron/neutron/api/extensions.py:415}}
Jun 14 22:00:04.879888 np0000179988 devstack@neutron-api.service[103194]: DEBUG neutron_lib.callbacks.manager [None req-f289bd5c-9be1-4aab-8ce4-db2aa62cc6d4 None None] Subscribe: > router after_delete 55550000, False {{(pid=103194) subscribe /opt/stack/data/venv/lib/python3.12/site-packages/neutron_lib/callbacks/manager.py:52}}
Jun 14 22:00:04.879888 np0000179988 devstack@neutron-api.service[103194]: DEBUG neutron_lib.callbacks.manager [None req-f289bd5c-9be1-4aab-8ce4-db2aa62cc6d4 None None] Subscribe: > router after_update 55550000, False {{(pid=103194) subscribe /opt/stack/data/venv/lib/python3.12/site-packages/neutron_lib/callbacks/manager.py:52}}
Jun 14 22:00:04.879964 np0000179988 devstack@neutron-api.service[103192]: INFO neutron.api.extensions [None req-a96d2f73-9626-4b83-9585-1c008ef3120b None None] Loaded extension: default-subnetpools
Jun 14 22:00:04.879964 np0000179988 devstack@neutron-api.service[103192]: DEBUG neutron.api.extensions [None req-a96d2f73-9626-4b83-9585-1c008ef3120b None None] Loading extension file: dhcpagentscheduler.py {{(pid=103192) _load_all_extensions_from_path /opt/stack/neutron/neutron/api/extensions.py:449}}
Jun 14 22:00:04.880137 np0000179988 devstack@neutron-api.service[103194]: DEBUG neutron.services.service_base [None req-f289bd5c-9be1-4aab-8ce4-db2aa62cc6d4 None None] Loaded 'neutron.services.ovn_l3.service_providers.ovn.OvnDriver' provider for service L3_ROUTER_NAT {{(pid=103194) load_drivers /opt/stack/neutron/neutron/services/service_base.py:49}}
Jun 14 22:00:04.880137 np0000179988 devstack@neutron-api.service[103194]: DEBUG neutron_lib.callbacks.manager [None req-f289bd5c-9be1-4aab-8ce4-db2aa62cc6d4 None None] Subscribe: > process after_init 55550001, True {{(pid=103194) subscribe /opt/stack/data/venv/lib/python3.12/site-packages/neutron_lib/callbacks/manager.py:52}}
Jun 14 22:00:04.880137 np0000179988 devstack@neutron-api.service[103194]: DEBUG neutron.manager [None req-f289bd5c-9be1-4aab-8ce4-db2aa62cc6d4 None None] Successfully loaded L3_ROUTER_NAT plugin. Description: L3 Router Service Plugin for basic L3 forwarding using OVN {{(pid=103194) _create_and_add_service_plugin /opt/stack/neutron/neutron/manager.py:239}}
Jun 14 22:00:04.880240 np0000179988 devstack@neutron-api.service[103192]: DEBUG neutron.api.extensions [None req-a96d2f73-9626-4b83-9585-1c008ef3120b None None] Ext name="DHCP Agent Scheduler" alias="dhcp_agent_scheduler" description="Schedule networks among dhcp agents" updated="2013-02-07T10:00:00-00:00" {{(pid=103192) _check_extension /opt/stack/neutron/neutron/api/extensions.py:415}}
Jun 14 22:00:04.880315 np0000179988 devstack@neutron-api.service[103194]: INFO neutron.manager [None req-f289bd5c-9be1-4aab-8ce4-db2aa62cc6d4 None None] Loading Plugin: auto_allocate
Jun 14 22:00:04.880374 np0000179988 devstack@neutron-api.service[103192]: INFO neutron.api.extensions [None req-a96d2f73-9626-4b83-9585-1c008ef3120b None None] Loaded extension: dhcp_agent_scheduler
Jun 14 22:00:04.880374 np0000179988 devstack@neutron-api.service[103192]: DEBUG neutron.api.extensions [None req-a96d2f73-9626-4b83-9585-1c008ef3120b None None] Loading extension file: dns.py {{(pid=103192) _load_all_extensions_from_path /opt/stack/neutron/neutron/api/extensions.py:449}}
Jun 14 22:00:04.880374 np0000179988 devstack@neutron-api.service[103192]: DEBUG neutron.api.extensions [None req-a96d2f73-9626-4b83-9585-1c008ef3120b None None] Ext name="DNS Integration" alias="dns-integration" description="Provides integration with DNS." updated="2015-08-15T18:00:00-00:00" {{(pid=103192) _check_extension /opt/stack/neutron/neutron/api/extensions.py:415}}
Jun 14 22:00:04.880374 np0000179988 devstack@neutron-api.service[103192]: INFO neutron.api.extensions [None req-a96d2f73-9626-4b83-9585-1c008ef3120b None None] Loaded extension: dns-integration
Jun 14 22:00:04.880374 np0000179988 devstack@neutron-api.service[103192]: DEBUG neutron.api.extensions [None req-a96d2f73-9626-4b83-9585-1c008ef3120b None None] Loading extension file: dns_domain_ports.py {{(pid=103192) _load_all_extensions_from_path /opt/stack/neutron/neutron/api/extensions.py:449}}
Jun 14 22:00:04.880521 np0000179988 devstack@neutron-api.service[103194]: DEBUG neutron_lib.callbacks.manager [None req-f289bd5c-9be1-4aab-8ce4-db2aa62cc6d4 None None] Subscribe: network precommit_update 55550000, False {{(pid=103194) subscribe /opt/stack/data/venv/lib/python3.12/site-packages/neutron_lib/callbacks/manager.py:52}}
Jun 14 22:00:04.880579 np0000179988 devstack@neutron-api.service[103192]: DEBUG neutron.api.extensions [None req-a96d2f73-9626-4b83-9585-1c008ef3120b None None] Ext name="dns_domain for ports" alias="dns-domain-ports" description="Allows the DNS domain to be specified for a network port." updated="2017-04-24T10:00:00-00:00" {{(pid=103192) _check_extension /opt/stack/neutron/neutron/api/extensions.py:415}}
Jun 14 22:00:04.880679 np0000179988 devstack@neutron-api.service[103194]: DEBUG neutron_lib.callbacks.manager [None req-f289bd5c-9be1-4aab-8ce4-db2aa62cc6d4 None None] Subscribe: network precommit_create 55550000, False {{(pid=103194) subscribe /opt/stack/data/venv/lib/python3.12/site-packages/neutron_lib/callbacks/manager.py:52}}
Jun 14 22:00:04.880734 np0000179988 devstack@neutron-api.service[103192]: INFO neutron.api.extensions [None req-a96d2f73-9626-4b83-9585-1c008ef3120b None None] Loaded extension: dns-domain-ports
Jun 14 22:00:04.880856 np0000179988 devstack@neutron-api.service[103194]: DEBUG neutron.manager [None req-f289bd5c-9be1-4aab-8ce4-db2aa62cc6d4 None None] Successfully loaded auto-allocated-topology plugin. Description: Auto Allocated Topology - aka get me a network. {{(pid=103194) _create_and_add_service_plugin /opt/stack/neutron/neutron/manager.py:239}}
Jun 14 22:00:04.880924 np0000179988 devstack@neutron-api.service[103192]: DEBUG neutron.api.extensions [None req-a96d2f73-9626-4b83-9585-1c008ef3120b None None] Loading extension file: dns_integration_domain_keywords.py {{(pid=103192) _load_all_extensions_from_path /opt/stack/neutron/neutron/api/extensions.py:449}}
Jun 14 22:00:04.880995 np0000179988 devstack@neutron-api.service[103194]: INFO neutron.manager [None req-f289bd5c-9be1-4aab-8ce4-db2aa62cc6d4 None None] Loading Plugin: tag
Jun 14 22:00:04.881053 np0000179988 devstack@neutron-api.service[103192]: DEBUG neutron.api.extensions [None req-a96d2f73-9626-4b83-9585-1c008ef3120b None None] Ext name="DNS domain names with keywords allowed" alias="dns-integration-domain-keywords" description="Allows to use keywords like , , and as DNS domain name" updated="2020-06-15T18:00:00-00:00" {{(pid=103192) _check_extension /opt/stack/neutron/neutron/api/extensions.py:415}}
Jun 14 22:00:04.881053 np0000179988 devstack@neutron-api.service[103192]: INFO neutron.api.extensions [None req-a96d2f73-9626-4b83-9585-1c008ef3120b None None] Loaded extension: dns-integration-domain-keywords
Jun 14 22:00:04.881053 np0000179988 devstack@neutron-api.service[103192]: DEBUG neutron.api.extensions [None req-a96d2f73-9626-4b83-9585-1c008ef3120b None None] Loading extension file: dvr.py {{(pid=103192) _load_all_extensions_from_path /opt/stack/neutron/neutron/api/extensions.py:449}}
Jun 14 22:00:04.881053 np0000179988 devstack@neutron-api.service[103192]: DEBUG neutron.api.extensions [None req-a96d2f73-9626-4b83-9585-1c008ef3120b None None] Ext name="Distributed Virtual Router" alias="dvr" description="Enables configuration of Distributed Virtual Routers." updated="2014-06-1T10:00:00-00:00" {{(pid=103192) _check_extension /opt/stack/neutron/neutron/api/extensions.py:415}}
Jun 14 22:00:04.881053 np0000179988 devstack@neutron-api.service[103192]: INFO neutron.api.extensions [None req-a96d2f73-9626-4b83-9585-1c008ef3120b None None] Extension dvr not supported by any of loaded plugins
Jun 14 22:00:04.881053 np0000179988 devstack@neutron-api.service[103192]: DEBUG neutron.api.extensions [None req-a96d2f73-9626-4b83-9585-1c008ef3120b None None] Loading extension file: ecmp_routes.py {{(pid=103192) _load_all_extensions_from_path /opt/stack/neutron/neutron/api/extensions.py:449}}
Jun 14 22:00:04.881222 np0000179988 devstack@neutron-api.service[103192]: DEBUG neutron.api.extensions [None req-a96d2f73-9626-4b83-9585-1c008ef3120b None None] Ext name="Equal Cost Multipath Routing" alias="ecmp_routes" description="Allows traffic to reach thesame destination via multiple different links " updated="2020-11-26T18:00:00-00:00" {{(pid=103192) _check_extension /opt/stack/neutron/neutron/api/extensions.py:415}}
Jun 14 22:00:04.881222 np0000179988 devstack@neutron-api.service[103192]: INFO neutron.api.extensions [None req-a96d2f73-9626-4b83-9585-1c008ef3120b None None] Extension ecmp_routes not supported by any of loaded plugins
Jun 14 22:00:04.881222 np0000179988 devstack@neutron-api.service[103192]: DEBUG neutron.api.extensions [None req-a96d2f73-9626-4b83-9585-1c008ef3120b None None] Loading extension file: empty_string_filtering.py {{(pid=103192) _load_all_extensions_from_path /opt/stack/neutron/neutron/api/extensions.py:449}}
Jun 14 22:00:04.881222 np0000179988 devstack@neutron-api.service[103192]: DEBUG neutron.api.extensions [None req-a96d2f73-9626-4b83-9585-1c008ef3120b None None] Ext name="Empty String Filtering Extension" alias="empty-string-filtering" description="Allow filtering by attributes with empty string value" updated="2018-05-01T10:00:00-00:00" {{(pid=103192) _check_extension /opt/stack/neutron/neutron/api/extensions.py:415}}
Jun 14 22:00:04.881222 np0000179988 devstack@neutron-api.service[103192]: INFO neutron.api.extensions [None req-a96d2f73-9626-4b83-9585-1c008ef3120b None None] Loaded extension: empty-string-filtering
Jun 14 22:00:04.881222 np0000179988 devstack@neutron-api.service[103192]: DEBUG neutron.api.extensions [None req-a96d2f73-9626-4b83-9585-1c008ef3120b None None] Loading extension file: evpn.py {{(pid=103192) _load_all_extensions_from_path /opt/stack/neutron/neutron/api/extensions.py:449}}
Jun 14 22:00:04.881222 np0000179988 devstack@neutron-api.service[103192]: DEBUG neutron.api.extensions [None req-a96d2f73-9626-4b83-9585-1c008ef3120b None None] Ext name="EVPN" alias="evpn" description="Router extension to support EVPN Type-5 route advertisement" updated="2026-04-28T00:00:00-00:00" {{(pid=103192) _check_extension /opt/stack/neutron/neutron/api/extensions.py:415}}
Jun 14 22:00:04.881402 np0000179988 devstack@neutron-api.service[103192]: INFO neutron.api.extensions [None req-a96d2f73-9626-4b83-9585-1c008ef3120b None None] Extension evpn not supported by any of loaded plugins
Jun 14 22:00:04.881402 np0000179988 devstack@neutron-api.service[103192]: DEBUG neutron.api.extensions [None req-a96d2f73-9626-4b83-9585-1c008ef3120b None None] Loading extension file: expose_l3_conntrack_helper.py {{(pid=103192) _load_all_extensions_from_path /opt/stack/neutron/neutron/api/extensions.py:449}}
Jun 14 22:00:04.881488 np0000179988 devstack@neutron-api.service[103194]: DEBUG neutron.manager [None req-f289bd5c-9be1-4aab-8ce4-db2aa62cc6d4 None None] Successfully loaded TAG plugin. Description: Tag support {{(pid=103194) _create_and_add_service_plugin /opt/stack/neutron/neutron/manager.py:239}}
Jun 14 22:00:04.881488 np0000179988 devstack@neutron-api.service[103194]: INFO neutron.manager [None req-f289bd5c-9be1-4aab-8ce4-db2aa62cc6d4 None None] Loading Plugin: timestamp
Jun 14 22:00:04.881556 np0000179988 devstack@neutron-api.service[103192]: DEBUG neutron.api.extensions [None req-a96d2f73-9626-4b83-9585-1c008ef3120b None None] Ext name="Expose CT target rules for conntrack helper" alias="expose-l3-conntrack-helper" description="Expose allow adding CT target rules for conntrack helper" updated="2019-04-04T10:00:00-00:00" {{(pid=103192) _check_extension /opt/stack/neutron/neutron/api/extensions.py:415}}
Jun 14 22:00:04.881556 np0000179988 devstack@neutron-api.service[103192]: INFO neutron.api.extensions [None req-a96d2f73-9626-4b83-9585-1c008ef3120b None None] Extension expose-l3-conntrack-helper not supported by any of loaded plugins
Jun 14 22:00:04.881556 np0000179988 devstack@neutron-api.service[103192]: DEBUG neutron.api.extensions [None req-a96d2f73-9626-4b83-9585-1c008ef3120b None None] Loading extension file: expose_port_forwarding_in_fip.py {{(pid=103192) _load_all_extensions_from_path /opt/stack/neutron/neutron/api/extensions.py:449}}
Jun 14 22:00:04.881556 np0000179988 devstack@neutron-api.service[103192]: DEBUG neutron.api.extensions [None req-a96d2f73-9626-4b83-9585-1c008ef3120b None None] Ext name="Expose Floating IP port forwardings" alias="expose-port-forwarding-in-fip" description="Expose port forwarding fields in floating IP response" updated="2018-06-28T16:00:00-00:00" {{(pid=103192) _check_extension /opt/stack/neutron/neutron/api/extensions.py:415}}
Jun 14 22:00:04.881556 np0000179988 devstack@neutron-api.service[103192]: INFO neutron.api.extensions [None req-a96d2f73-9626-4b83-9585-1c008ef3120b None None] Extension expose-port-forwarding-in-fip not supported by any of loaded plugins
Jun 14 22:00:04.881556 np0000179988 devstack@neutron-api.service[103192]: DEBUG neutron.api.extensions [None req-a96d2f73-9626-4b83-9585-1c008ef3120b None None] Loading extension file: external_net.py {{(pid=103192) _load_all_extensions_from_path /opt/stack/neutron/neutron/api/extensions.py:449}}
Jun 14 22:00:04.882527 np0000179988 devstack@neutron-api.service[103192]: DEBUG neutron.api.extensions [None req-a96d2f73-9626-4b83-9585-1c008ef3120b None None] Ext name="Neutron external network" alias="external-net" description="Adds external network attribute to network resource." updated="2013-01-14T10:00:00-00:00" {{(pid=103192) _check_extension /opt/stack/neutron/neutron/api/extensions.py:415}}
Jun 14 22:00:04.882631 np0000179988 devstack@neutron-api.service[103194]: DEBUG neutron.manager [None req-f289bd5c-9be1-4aab-8ce4-db2aa62cc6d4 None None] Successfully loaded timestamp plugin. Description: Adds timestamps to Neutron resources with standard attributes {{(pid=103194) _create_and_add_service_plugin /opt/stack/neutron/neutron/manager.py:239}}
Jun 14 22:00:04.882803 np0000179988 devstack@neutron-api.service[103192]: INFO neutron.api.extensions [None req-a96d2f73-9626-4b83-9585-1c008ef3120b None None] Loaded extension: external-net
Jun 14 22:00:04.882883 np0000179988 devstack@neutron-api.service[103194]: INFO neutron.manager [None req-f289bd5c-9be1-4aab-8ce4-db2aa62cc6d4 None None] Loading Plugin: network_ip_availability
Jun 14 22:00:04.883027 np0000179988 devstack@neutron-api.service[103192]: DEBUG neutron.api.extensions [None req-a96d2f73-9626-4b83-9585-1c008ef3120b None None] Loading extension file: extra_dhcp_opt.py {{(pid=103192) _load_all_extensions_from_path /opt/stack/neutron/neutron/api/extensions.py:449}}
Jun 14 22:00:04.883027 np0000179988 devstack@neutron-api.service[103192]: DEBUG neutron.api.extensions [None req-a96d2f73-9626-4b83-9585-1c008ef3120b None None] Ext name="Neutron Extra DHCP options" alias="extra_dhcp_opt" description="Extra options configuration for DHCP. For example PXE boot options to DHCP clients can be specified (e.g. tftp-server, server-ip-address, bootfile-name)" updated="2013-03-17T12:00:00-00:00" {{(pid=103192) _check_extension /opt/stack/neutron/neutron/api/extensions.py:415}}
Jun 14 22:00:04.883027 np0000179988 devstack@neutron-api.service[103192]: INFO neutron.api.extensions [None req-a96d2f73-9626-4b83-9585-1c008ef3120b None None] Loaded extension: extra_dhcp_opt
Jun 14 22:00:04.883027 np0000179988 devstack@neutron-api.service[103192]: DEBUG neutron.api.extensions [None req-a96d2f73-9626-4b83-9585-1c008ef3120b None None] Loading extension file: extraroute.py {{(pid=103192) _load_all_extensions_from_path /opt/stack/neutron/neutron/api/extensions.py:449}}
Jun 14 22:00:04.883027 np0000179988 devstack@neutron-api.service[103192]: DEBUG neutron.api.extensions [None req-a96d2f73-9626-4b83-9585-1c008ef3120b None None] Ext name="Neutron Extra Route" alias="extraroute" description="Extra routes configuration for L3 router" updated="2013-02-01T10:00:00-00:00" {{(pid=103192) _check_extension /opt/stack/neutron/neutron/api/extensions.py:415}}
Jun 14 22:00:04.883027 np0000179988 devstack@neutron-api.service[103192]: INFO neutron.api.extensions [None req-a96d2f73-9626-4b83-9585-1c008ef3120b None None] Loaded extension: extraroute
Jun 14 22:00:04.883027 np0000179988 devstack@neutron-api.service[103192]: DEBUG neutron.api.extensions [None req-a96d2f73-9626-4b83-9585-1c008ef3120b None None] Loading extension file: extraroute_atomic.py {{(pid=103192) _load_all_extensions_from_path /opt/stack/neutron/neutron/api/extensions.py:449}}
Jun 14 22:00:04.883408 np0000179988 devstack@neutron-api.service[103192]: DEBUG neutron.api.extensions [None req-a96d2f73-9626-4b83-9585-1c008ef3120b None None] Ext name="Atomically add/remove extra routes" alias="extraroute-atomic" description="Edit extra routes of a router on server side by atomically adding/removing extra routes" updated="2019-07-10T00:00:00+00:00" {{(pid=103192) _check_extension /opt/stack/neutron/neutron/api/extensions.py:415}}
Jun 14 22:00:04.883408 np0000179988 devstack@neutron-api.service[103192]: INFO neutron.api.extensions [None req-a96d2f73-9626-4b83-9585-1c008ef3120b None None] Loaded extension: extraroute-atomic
Jun 14 22:00:04.883408 np0000179988 devstack@neutron-api.service[103192]: DEBUG neutron.api.extensions [None req-a96d2f73-9626-4b83-9585-1c008ef3120b None None] Loading extension file: filter_validation.py {{(pid=103192) _load_all_extensions_from_path /opt/stack/neutron/neutron/api/extensions.py:449}}
Jun 14 22:00:04.883629 np0000179988 devstack@neutron-api.service[103194]: DEBUG neutron.manager [None req-f289bd5c-9be1-4aab-8ce4-db2aa62cc6d4 None None] Successfully loaded network-ip-availability plugin. Description: Provides IP availability data for each network and subnet. {{(pid=103194) _create_and_add_service_plugin /opt/stack/neutron/neutron/manager.py:239}}
Jun 14 22:00:04.883758 np0000179988 devstack@neutron-api.service[103192]: DEBUG neutron.api.extensions [None req-a96d2f73-9626-4b83-9585-1c008ef3120b None None] Ext name="Filter parameters validation" alias="filter-validation" description="Provides validation on filter parameters." updated="2018-07-04T10:00:00-00:00" {{(pid=103192) _check_extension /opt/stack/neutron/neutron/api/extensions.py:415}}
Jun 14 22:00:04.883923 np0000179988 devstack@neutron-api.service[103194]: INFO neutron.manager [None req-f289bd5c-9be1-4aab-8ce4-db2aa62cc6d4 None None] Loading Plugin: flavors
Jun 14 22:00:04.884066 np0000179988 devstack@neutron-api.service[103192]: INFO neutron.api.extensions [None req-a96d2f73-9626-4b83-9585-1c008ef3120b None None] Loaded extension: filter-validation
Jun 14 22:00:04.884066 np0000179988 devstack@neutron-api.service[103192]: DEBUG neutron.api.extensions [None req-a96d2f73-9626-4b83-9585-1c008ef3120b None None] Loading extension file: fip_pf_description.py {{(pid=103192) _load_all_extensions_from_path /opt/stack/neutron/neutron/api/extensions.py:449}}
Jun 14 22:00:04.884066 np0000179988 devstack@neutron-api.service[103192]: DEBUG neutron.api.extensions [None req-a96d2f73-9626-4b83-9585-1c008ef3120b None None] Ext name="Floating IP Port Forwarding new attribute description" alias="floating-ip-port-forwarding-description" description="Add a description field to Port Forwarding rules" updated="2019-11-01T10:00:00-00:00" {{(pid=103192) _check_extension /opt/stack/neutron/neutron/api/extensions.py:415}}
Jun 14 22:00:04.884066 np0000179988 devstack@neutron-api.service[103192]: INFO neutron.api.extensions [None req-a96d2f73-9626-4b83-9585-1c008ef3120b None None] Extension floating-ip-port-forwarding-description not supported by any of loaded plugins
Jun 14 22:00:04.884066 np0000179988 devstack@neutron-api.service[103192]: DEBUG neutron.api.extensions [None req-a96d2f73-9626-4b83-9585-1c008ef3120b None None] Loading extension file: fip_pf_detail.py {{(pid=103192) _load_all_extensions_from_path /opt/stack/neutron/neutron/api/extensions.py:449}}
Jun 14 22:00:04.884314 np0000179988 devstack@neutron-api.service[103194]: DEBUG neutron.manager [None req-f289bd5c-9be1-4aab-8ce4-db2aa62cc6d4 None None] Successfully loaded FLAVORS plugin. Description: Neutron Flavors and Service Profiles manager plugin {{(pid=103194) _create_and_add_service_plugin /opt/stack/neutron/neutron/manager.py:239}}
Jun 14 22:00:04.884414 np0000179988 devstack@neutron-api.service[103192]: DEBUG neutron.api.extensions [None req-a96d2f73-9626-4b83-9585-1c008ef3120b None None] Ext name="Floating IP port forwarding detail" alias="floating-ip-port-forwarding-detail" description="Allow list floating ip return more port forwarding data, include'id' and 'internal_port_id'" updated="2022-05-06T10:00:00-00:00" {{(pid=103192) _check_extension /opt/stack/neutron/neutron/api/extensions.py:415}}
Jun 14 22:00:04.884631 np0000179988 devstack@neutron-api.service[103194]: INFO neutron.manager [None req-f289bd5c-9be1-4aab-8ce4-db2aa62cc6d4 None None] Loading Plugin: revisions
Jun 14 22:00:04.884798 np0000179988 devstack@neutron-api.service[103192]: INFO neutron.api.extensions [None req-a96d2f73-9626-4b83-9585-1c008ef3120b None None] Loaded extension: floating-ip-port-forwarding-detail
Jun 14 22:00:04.884798 np0000179988 devstack@neutron-api.service[103192]: DEBUG neutron.api.extensions [None req-a96d2f73-9626-4b83-9585-1c008ef3120b None None] Loading extension file: fip_pf_port_range.py {{(pid=103192) _load_all_extensions_from_path /opt/stack/neutron/neutron/api/extensions.py:449}}
Jun 14 22:00:04.884798 np0000179988 devstack@neutron-api.service[103192]: DEBUG neutron.api.extensions [None req-a96d2f73-9626-4b83-9585-1c008ef3120b None None] Ext name="Floating IP Port Forwarding support port ranges" alias="floating-ip-port-forwarding-port-ranges" description="Add support to port ranges" updated="2020-07-01T10:00:00-00:00" {{(pid=103192) _check_extension /opt/stack/neutron/neutron/api/extensions.py:415}}
Jun 14 22:00:04.884798 np0000179988 devstack@neutron-api.service[103192]: INFO neutron.api.extensions [None req-a96d2f73-9626-4b83-9585-1c008ef3120b None None] Extension floating-ip-port-forwarding-port-ranges not supported by any of loaded plugins
Jun 14 22:00:04.884798 np0000179988 devstack@neutron-api.service[103192]: DEBUG neutron.api.extensions [None req-a96d2f73-9626-4b83-9585-1c008ef3120b None None] Loading extension file: fip_port_details.py {{(pid=103192) _load_all_extensions_from_path /opt/stack/neutron/neutron/api/extensions.py:449}}
