Jun 10 18:25:01.827652 np0000179653 devstack@c-api.service[112803]: DEBUG cinder.api.extensions [-] Ext updated: 2013-04-18T00:00:00+00:00 {{(pid=112803) _check_extension /opt/stack/cinder/cinder/api/extensions.py:178}}
Jun 10 18:25:01.827697 np0000179653 devstack@c-api.service[112803]: DEBUG cinder.api.extensions [-] Loaded extension: OS-SCH-HNT {{(pid=112803) register /opt/stack/cinder/cinder/api/extensions.py:135}}
Jun 10 18:25:01.827774 np0000179653 devstack@c-api.service[112803]: DEBUG cinder.api.extensions [-] Loading extension cinder.api.contrib.volume_image_metadata.Volume_image_metadata {{(pid=112803) load_extension /opt/stack/cinder/cinder/api/extensions.py:194}}
Jun 10 18:25:01.828407 np0000179653 devstack@c-api.service[112803]: DEBUG cinder.api.extensions [-] Calling extension factory cinder.api.contrib.volume_image_metadata.Volume_image_metadata {{(pid=112803) load_extension /opt/stack/cinder/cinder/api/extensions.py:200}}
Jun 10 18:25:01.828471 np0000179653 devstack@c-api.service[112803]: DEBUG cinder.api.extensions [-] Ext name: VolumeImageMetadata {{(pid=112803) _check_extension /opt/stack/cinder/cinder/api/extensions.py:174}}
Jun 10 18:25:01.828522 np0000179653 devstack@c-api.service[112803]: DEBUG cinder.api.extensions [-] Ext alias: os-vol-image-meta {{(pid=112803) _check_extension /opt/stack/cinder/cinder/api/extensions.py:175}}
Jun 10 18:25:01.828576 np0000179653 devstack@c-api.service[112803]: DEBUG cinder.api.extensions [-] Ext description: Show image metadata associated with the volume. {{(pid=112803) _check_extension /opt/stack/cinder/cinder/api/extensions.py:176}}
Jun 10 18:25:01.828626 np0000179653 devstack@c-api.service[112803]: DEBUG cinder.api.extensions [-] Ext updated: 2012-12-07T00:00:00+00:00 {{(pid=112803) _check_extension /opt/stack/cinder/cinder/api/extensions.py:178}}
Jun 10 18:25:01.828681 np0000179653 devstack@c-api.service[112803]: DEBUG cinder.api.extensions [-] Loaded extension: os-vol-image-meta {{(pid=112803) register /opt/stack/cinder/cinder/api/extensions.py:135}}
Jun 10 18:25:01.828746 np0000179653 devstack@c-api.service[112803]: DEBUG cinder.api.extensions [-] Loading extension cinder.api.contrib.volume_unmanage.Volume_unmanage {{(pid=112803) load_extension /opt/stack/cinder/cinder/api/extensions.py:194}}
Jun 10 18:25:01.829145 np0000179653 devstack@c-api.service[112803]: DEBUG cinder.api.extensions [-] Calling extension factory cinder.api.contrib.volume_unmanage.Volume_unmanage {{(pid=112803) load_extension /opt/stack/cinder/cinder/api/extensions.py:200}}
Jun 10 18:25:01.829192 np0000179653 devstack@c-api.service[112803]: DEBUG cinder.api.extensions [-] Ext name: VolumeUnmanage {{(pid=112803) _check_extension /opt/stack/cinder/cinder/api/extensions.py:174}}
Jun 10 18:25:01.829278 np0000179653 devstack@c-api.service[112803]: DEBUG cinder.api.extensions [-] Ext alias: os-volume-unmanage {{(pid=112803) _check_extension /opt/stack/cinder/cinder/api/extensions.py:175}}
Jun 10 18:25:01.829348 np0000179653 devstack@c-api.service[112803]: DEBUG cinder.api.extensions [-] Ext description: Enable volume unmanage operation. {{(pid=112803) _check_extension /opt/stack/cinder/cinder/api/extensions.py:176}}
Jun 10 18:25:01.829407 np0000179653 devstack@c-api.service[112803]: DEBUG cinder.api.extensions [-] Ext updated: 2012-05-31T00:00:00+00:00 {{(pid=112803) _check_extension /opt/stack/cinder/cinder/api/extensions.py:178}}
Jun 10 18:25:01.829463 np0000179653 devstack@c-api.service[112803]: DEBUG cinder.api.extensions [-] Loaded extension: os-volume-unmanage {{(pid=112803) register /opt/stack/cinder/cinder/api/extensions.py:135}}
Jun 10 18:25:01.829536 np0000179653 devstack@c-api.service[112803]: DEBUG cinder.api.extensions [-] Loading extension cinder.api.contrib.services.Services {{(pid=112803) load_extension /opt/stack/cinder/cinder/api/extensions.py:194}}
Jun 10 18:25:01.829754 np0000179653 devstack@c-api.service[112803]: DEBUG cinder.api.extensions [-] Calling extension factory cinder.api.contrib.services.Services {{(pid=112803) load_extension /opt/stack/cinder/cinder/api/extensions.py:200}}
Jun 10 18:25:01.829802 np0000179653 devstack@c-api.service[112803]: DEBUG cinder.api.extensions [-] Ext name: Services {{(pid=112803) _check_extension /opt/stack/cinder/cinder/api/extensions.py:174}}
Jun 10 18:25:01.829861 np0000179653 devstack@c-api.service[112803]: DEBUG cinder.api.extensions [-] Ext alias: os-services {{(pid=112803) _check_extension /opt/stack/cinder/cinder/api/extensions.py:175}}
Jun 10 18:25:01.829918 np0000179653 devstack@c-api.service[112803]: DEBUG cinder.api.extensions [-] Ext description: Services support. {{(pid=112803) _check_extension /opt/stack/cinder/cinder/api/extensions.py:176}}
Jun 10 18:25:01.829972 np0000179653 devstack@c-api.service[112803]: DEBUG cinder.api.extensions [-] Ext updated: 2012-10-28T00:00:00-00:00 {{(pid=112803) _check_extension /opt/stack/cinder/cinder/api/extensions.py:178}}
Jun 10 18:25:01.830027 np0000179653 devstack@c-api.service[112803]: DEBUG cinder.api.extensions [-] Loaded extension: os-services {{(pid=112803) register /opt/stack/cinder/cinder/api/extensions.py:135}}
Jun 10 18:25:01.830085 np0000179653 devstack@c-api.service[112803]: DEBUG cinder.api.extensions [-] Loading extension cinder.api.contrib.admin_actions.Admin_actions {{(pid=112803) load_extension /opt/stack/cinder/cinder/api/extensions.py:194}}
Jun 10 18:25:01.830846 np0000179653 devstack@c-api.service[112803]: DEBUG cinder.api.extensions [-] Calling extension factory cinder.api.contrib.admin_actions.Admin_actions {{(pid=112803) load_extension /opt/stack/cinder/cinder/api/extensions.py:200}}
Jun 10 18:25:01.830905 np0000179653 devstack@c-api.service[112803]: DEBUG cinder.api.extensions [-] Ext name: AdminActions {{(pid=112803) _check_extension /opt/stack/cinder/cinder/api/extensions.py:174}}
Jun 10 18:25:01.830968 np0000179653 devstack@c-api.service[112803]: DEBUG cinder.api.extensions [-] Ext alias: os-admin-actions {{(pid=112803) _check_extension /opt/stack/cinder/cinder/api/extensions.py:175}}
Jun 10 18:25:01.831026 np0000179653 devstack@c-api.service[112803]: DEBUG cinder.api.extensions [-] Ext description: Enable admin actions. {{(pid=112803) _check_extension /opt/stack/cinder/cinder/api/extensions.py:176}}
Jun 10 18:25:01.831072 np0000179653 devstack@c-api.service[112803]: DEBUG cinder.api.extensions [-] Ext updated: 2012-08-25T00:00:00+00:00 {{(pid=112803) _check_extension /opt/stack/cinder/cinder/api/extensions.py:178}}
Jun 10 18:25:01.831132 np0000179653 devstack@c-api.service[112803]: DEBUG cinder.api.extensions [-] Loaded extension: os-admin-actions {{(pid=112803) register /opt/stack/cinder/cinder/api/extensions.py:135}}
Jun 10 18:25:01.831191 np0000179653 devstack@c-api.service[112803]: DEBUG cinder.api.extensions [-] Loading extension cinder.api.contrib.consistencygroups.Consistencygroups {{(pid=112803) load_extension /opt/stack/cinder/cinder/api/extensions.py:194}}
Jun 10 18:25:01.831245 np0000179653 devstack@c-api.service[112803]: DEBUG cinder.api.extensions [-] Calling extension factory cinder.api.contrib.consistencygroups.Consistencygroups {{(pid=112803) load_extension /opt/stack/cinder/cinder/api/extensions.py:200}}
Jun 10 18:25:01.831320 np0000179653 devstack@c-api.service[112803]: DEBUG cinder.api.extensions [-] Ext name: Consistencygroups {{(pid=112803) _check_extension /opt/stack/cinder/cinder/api/extensions.py:174}}
Jun 10 18:25:01.831371 np0000179653 devstack@c-api.service[112803]: DEBUG cinder.api.extensions [-] Ext alias: consistencygroups {{(pid=112803) _check_extension /opt/stack/cinder/cinder/api/extensions.py:175}}
Jun 10 18:25:01.831456 np0000179653 devstack@c-api.service[112803]: DEBUG cinder.api.extensions [-] Ext description: consistency groups support. {{(pid=112803) _check_extension /opt/stack/cinder/cinder/api/extensions.py:176}}
Jun 10 18:25:01.831498 np0000179653 devstack@c-api.service[112803]: DEBUG cinder.api.extensions [-] Ext updated: 2014-08-18T00:00:00+00:00 {{(pid=112803) _check_extension /opt/stack/cinder/cinder/api/extensions.py:178}}
Jun 10 18:25:01.831561 np0000179653 devstack@c-api.service[112803]: DEBUG cinder.api.extensions [-] Loaded extension: consistencygroups {{(pid=112803) register /opt/stack/cinder/cinder/api/extensions.py:135}}
Jun 10 18:25:01.831627 np0000179653 devstack@c-api.service[112803]: DEBUG cinder.api.extensions [-] Loading extension cinder.api.contrib.volume_host_attribute.Volume_host_attribute {{(pid=112803) load_extension /opt/stack/cinder/cinder/api/extensions.py:194}}
Jun 10 18:25:01.831901 np0000179653 devstack@c-api.service[112803]: DEBUG cinder.api.extensions [-] Calling extension factory cinder.api.contrib.volume_host_attribute.Volume_host_attribute {{(pid=112803) load_extension /opt/stack/cinder/cinder/api/extensions.py:200}}
Jun 10 18:25:01.831951 np0000179653 devstack@c-api.service[112803]: DEBUG cinder.api.extensions [-] Ext name: VolumeHostAttribute {{(pid=112803) _check_extension /opt/stack/cinder/cinder/api/extensions.py:174}}
Jun 10 18:25:01.832017 np0000179653 devstack@c-api.service[112803]: DEBUG cinder.api.extensions [-] Ext alias: os-vol-host-attr {{(pid=112803) _check_extension /opt/stack/cinder/cinder/api/extensions.py:175}}
Jun 10 18:25:01.832059 np0000179653 devstack@c-api.service[112803]: DEBUG cinder.api.extensions [-] Ext description: Expose host as an attribute of a volume. {{(pid=112803) _check_extension /opt/stack/cinder/cinder/api/extensions.py:176}}
Jun 10 18:25:01.832119 np0000179653 devstack@c-api.service[112803]: DEBUG cinder.api.extensions [-] Ext updated: 2011-11-03T00:00:00+00:00 {{(pid=112803) _check_extension /opt/stack/cinder/cinder/api/extensions.py:178}}
Jun 10 18:25:01.832172 np0000179653 devstack@c-api.service[112803]: DEBUG cinder.api.extensions [-] Loaded extension: os-vol-host-attr {{(pid=112803) register /opt/stack/cinder/cinder/api/extensions.py:135}}
Jun 10 18:25:01.832235 np0000179653 devstack@c-api.service[112803]: DEBUG cinder.api.extensions [-] Loading extension cinder.api.contrib.cgsnapshots.Cgsnapshots {{(pid=112803) load_extension /opt/stack/cinder/cinder/api/extensions.py:194}}
Jun 10 18:25:01.832872 np0000179653 devstack@c-api.service[112803]: DEBUG cinder.api.extensions [-] Calling extension factory cinder.api.contrib.cgsnapshots.Cgsnapshots {{(pid=112803) load_extension /opt/stack/cinder/cinder/api/extensions.py:200}}
Jun 10 18:25:01.832923 np0000179653 devstack@c-api.service[112803]: DEBUG cinder.api.extensions [-] Ext name: Cgsnapshots {{(pid=112803) _check_extension /opt/stack/cinder/cinder/api/extensions.py:174}}
Jun 10 18:25:01.832973 np0000179653 devstack@c-api.service[112803]: DEBUG cinder.api.extensions [-] Ext alias: cgsnapshots {{(pid=112803) _check_extension /opt/stack/cinder/cinder/api/extensions.py:175}}
Jun 10 18:25:01.833049 np0000179653 devstack@c-api.service[112803]: DEBUG cinder.api.extensions [-] Ext description: cgsnapshots support. {{(pid=112803) _check_extension /opt/stack/cinder/cinder/api/extensions.py:176}}
Jun 10 18:25:01.833096 np0000179653 devstack@c-api.service[112803]: DEBUG cinder.api.extensions [-] Ext updated: 2014-08-18T00:00:00+00:00 {{(pid=112803) _check_extension /opt/stack/cinder/cinder/api/extensions.py:178}}
Jun 10 18:25:01.833154 np0000179653 devstack@c-api.service[112803]: DEBUG cinder.api.extensions [-] Loaded extension: cgsnapshots {{(pid=112803) register /opt/stack/cinder/cinder/api/extensions.py:135}}
Jun 10 18:25:01.833215 np0000179653 devstack@c-api.service[112803]: DEBUG cinder.api.extensions [-] Loading extension cinder.api.contrib.snapshot_manage.Snapshot_manage {{(pid=112803) load_extension /opt/stack/cinder/cinder/api/extensions.py:194}}
Jun 10 18:25:01.833293 np0000179653 devstack@c-api.service[112803]: DEBUG cinder.api.extensions [-] Calling extension factory cinder.api.contrib.snapshot_manage.Snapshot_manage {{(pid=112803) load_extension /opt/stack/cinder/cinder/api/extensions.py:200}}
Jun 10 18:25:01.833344 np0000179653 devstack@c-api.service[112803]: DEBUG cinder.api.extensions [-] Ext name: SnapshotManage {{(pid=112803) _check_extension /opt/stack/cinder/cinder/api/extensions.py:174}}
Jun 10 18:25:01.833403 np0000179653 devstack@c-api.service[112803]: DEBUG cinder.api.extensions [-] Ext alias: os-snapshot-manage {{(pid=112803) _check_extension /opt/stack/cinder/cinder/api/extensions.py:175}}
Jun 10 18:25:01.833460 np0000179653 devstack@c-api.service[112803]: DEBUG cinder.api.extensions [-] Ext description: Allows existing backend storage to be 'managed' by Cinder. {{(pid=112803) _check_extension /opt/stack/cinder/cinder/api/extensions.py:176}}
Jun 10 18:25:01.833540 np0000179653 devstack@c-api.service[112803]: DEBUG cinder.api.extensions [-] Ext updated: 2014-12-31T00:00:00+00:00 {{(pid=112803) _check_extension /opt/stack/cinder/cinder/api/extensions.py:178}}
Jun 10 18:25:01.833590 np0000179653 devstack@c-api.service[112803]: DEBUG cinder.api.extensions [-] Loaded extension: os-snapshot-manage {{(pid=112803) register /opt/stack/cinder/cinder/api/extensions.py:135}}
Jun 10 18:25:01.833657 np0000179653 devstack@c-api.service[112803]: DEBUG cinder.api.extensions [-] Loading extension cinder.api.contrib.volume_manage.Volume_manage {{(pid=112803) load_extension /opt/stack/cinder/cinder/api/extensions.py:194}}
Jun 10 18:25:01.833712 np0000179653 devstack@c-api.service[112803]: DEBUG cinder.api.extensions [-] Calling extension factory cinder.api.contrib.volume_manage.Volume_manage {{(pid=112803) load_extension /opt/stack/cinder/cinder/api/extensions.py:200}}
Jun 10 18:25:01.833777 np0000179653 devstack@c-api.service[112803]: DEBUG cinder.api.extensions [-] Ext name: VolumeManage {{(pid=112803) _check_extension /opt/stack/cinder/cinder/api/extensions.py:174}}
Jun 10 18:25:01.833816 np0000179653 devstack@c-api.service[112803]: DEBUG cinder.api.extensions [-] Ext alias: os-volume-manage {{(pid=112803) _check_extension /opt/stack/cinder/cinder/api/extensions.py:175}}
Jun 10 18:25:01.833878 np0000179653 devstack@c-api.service[112803]: DEBUG cinder.api.extensions [-] Ext description: Allows existing backend storage to be 'managed' by Cinder. {{(pid=112803) _check_extension /opt/stack/cinder/cinder/api/extensions.py:176}}
Jun 10 18:25:01.833932 np0000179653 devstack@c-api.service[112803]: DEBUG cinder.api.extensions [-] Ext updated: 2014-02-10T00:00:00+00:00 {{(pid=112803) _check_extension /opt/stack/cinder/cinder/api/extensions.py:178}}
Jun 10 18:25:01.833983 np0000179653 devstack@c-api.service[112803]: DEBUG cinder.api.extensions [-] Loaded extension: os-volume-manage {{(pid=112803) register /opt/stack/cinder/cinder/api/extensions.py:135}}
Jun 10 18:25:01.834041 np0000179653 devstack@c-api.service[112803]: DEBUG cinder.api.extensions [-] Loading extension cinder.api.contrib.backups.Backups {{(pid=112803) load_extension /opt/stack/cinder/cinder/api/extensions.py:194}}
Jun 10 18:25:01.834100 np0000179653 devstack@c-api.service[112803]: DEBUG cinder.api.extensions [-] Calling extension factory cinder.api.contrib.backups.Backups {{(pid=112803) load_extension /opt/stack/cinder/cinder/api/extensions.py:200}}
Jun 10 18:25:01.834159 np0000179653 devstack@c-api.service[112803]: DEBUG cinder.api.extensions [-] Ext name: Backups {{(pid=112803) _check_extension /opt/stack/cinder/cinder/api/extensions.py:174}}
Jun 10 18:25:01.834278 np0000179653 devstack@c-api.service[112803]: DEBUG cinder.api.extensions [-] Ext alias: backups {{(pid=112803) _check_extension /opt/stack/cinder/cinder/api/extensions.py:175}}
Jun 10 18:25:01.834332 np0000179653 devstack@c-api.service[112803]: DEBUG cinder.api.extensions [-] Ext description: Backups support. {{(pid=112803) _check_extension /opt/stack/cinder/cinder/api/extensions.py:176}}
Jun 10 18:25:01.834385 np0000179653 devstack@c-api.service[112803]: DEBUG cinder.api.extensions [-] Ext updated: 2012-12-12T00:00:00+00:00 {{(pid=112803) _check_extension /opt/stack/cinder/cinder/api/extensions.py:178}}
Jun 10 18:25:01.834429 np0000179653 devstack@c-api.service[112803]: DEBUG cinder.api.extensions [-] Loaded extension: backups {{(pid=112803) register /opt/stack/cinder/cinder/api/extensions.py:135}}
Jun 10 18:25:01.834497 np0000179653 devstack@c-api.service[112803]: DEBUG cinder.api.extensions [-] Loading extension cinder.api.contrib.volume_encryption_metadata.Volume_encryption_metadata {{(pid=112803) load_extension /opt/stack/cinder/cinder/api/extensions.py:194}}
Jun 10 18:25:01.834787 np0000179653 devstack@c-api.service[112803]: DEBUG cinder.api.extensions [-] Calling extension factory cinder.api.contrib.volume_encryption_metadata.Volume_encryption_metadata {{(pid=112803) load_extension /opt/stack/cinder/cinder/api/extensions.py:200}}
Jun 10 18:25:01.834842 np0000179653 devstack@c-api.service[112803]: DEBUG cinder.api.extensions [-] Ext name: VolumeEncryptionMetadata {{(pid=112803) _check_extension /opt/stack/cinder/cinder/api/extensions.py:174}}
Jun 10 18:25:01.834888 np0000179653 devstack@c-api.service[112803]: DEBUG cinder.api.extensions [-] Ext alias: os-volume-encryption-metadata {{(pid=112803) _check_extension /opt/stack/cinder/cinder/api/extensions.py:175}}
Jun 10 18:25:01.834961 np0000179653 devstack@c-api.service[112803]: DEBUG cinder.api.extensions [-] Ext description: Volume encryption metadata retrieval support. {{(pid=112803) _check_extension /opt/stack/cinder/cinder/api/extensions.py:176}}
Jun 10 18:25:01.835012 np0000179653 devstack@c-api.service[112803]: DEBUG cinder.api.extensions [-] Ext updated: 2013-07-10T00:00:00+00:00 {{(pid=112803) _check_extension /opt/stack/cinder/cinder/api/extensions.py:178}}
Jun 10 18:25:01.835064 np0000179653 devstack@c-api.service[112803]: DEBUG cinder.api.extensions [-] Loaded extension: os-volume-encryption-metadata {{(pid=112803) register /opt/stack/cinder/cinder/api/extensions.py:135}}
Jun 10 18:25:01.835122 np0000179653 devstack@c-api.service[112803]: DEBUG cinder.api.extensions [-] Loading extension cinder.api.contrib.extended_snapshot_attributes.Extended_snapshot_attributes {{(pid=112803) load_extension /opt/stack/cinder/cinder/api/extensions.py:194}}
Jun 10 18:25:01.835559 np0000179653 devstack@c-api.service[112803]: DEBUG cinder.api.extensions [-] Calling extension factory cinder.api.contrib.extended_snapshot_attributes.Extended_snapshot_attributes {{(pid=112803) load_extension /opt/stack/cinder/cinder/api/extensions.py:200}}
Jun 10 18:25:01.835624 np0000179653 devstack@c-api.service[112803]: DEBUG cinder.api.extensions [-] Ext name: ExtendedSnapshotAttributes {{(pid=112803) _check_extension /opt/stack/cinder/cinder/api/extensions.py:174}}
Jun 10 18:25:01.835664 np0000179653 devstack@c-api.service[112803]: DEBUG cinder.api.extensions [-] Ext alias: os-extended-snapshot-attributes {{(pid=112803) _check_extension /opt/stack/cinder/cinder/api/extensions.py:175}}
Jun 10 18:25:01.835733 np0000179653 devstack@c-api.service[112803]: DEBUG cinder.api.extensions [-] Ext description: Extended SnapshotAttributes support. {{(pid=112803) _check_extension /opt/stack/cinder/cinder/api/extensions.py:176}}
Jun 10 18:25:01.835775 np0000179653 devstack@c-api.service[112803]: DEBUG cinder.api.extensions [-] Ext updated: 2012-06-19T00:00:00+00:00 {{(pid=112803) _check_extension /opt/stack/cinder/cinder/api/extensions.py:178}}
Jun 10 18:25:01.835836 np0000179653 devstack@c-api.service[112803]: DEBUG cinder.api.extensions [-] Loaded extension: os-extended-snapshot-attributes {{(pid=112803) register /opt/stack/cinder/cinder/api/extensions.py:135}}
Jun 10 18:25:01.835886 np0000179653 devstack@c-api.service[112803]: DEBUG cinder.api.extensions [-] Loading extension cinder.api.contrib.volume_mig_status_attribute.Volume_mig_status_attribute {{(pid=112803) load_extension /opt/stack/cinder/cinder/api/extensions.py:194}}
Jun 10 18:25:01.836183 np0000179653 devstack@c-api.service[112803]: DEBUG cinder.api.extensions [-] Calling extension factory cinder.api.contrib.volume_mig_status_attribute.Volume_mig_status_attribute {{(pid=112803) load_extension /opt/stack/cinder/cinder/api/extensions.py:200}}
Jun 10 18:25:01.836227 np0000179653 devstack@c-api.service[112803]: DEBUG cinder.api.extensions [-] Ext name: VolumeMigStatusAttribute {{(pid=112803) _check_extension /opt/stack/cinder/cinder/api/extensions.py:174}}
Jun 10 18:25:01.836311 np0000179653 devstack@c-api.service[112803]: DEBUG cinder.api.extensions [-] Ext alias: os-vol-mig-status-attr {{(pid=112803) _check_extension /opt/stack/cinder/cinder/api/extensions.py:175}}
Jun 10 18:25:01.836354 np0000179653 devstack@c-api.service[112803]: DEBUG cinder.api.extensions [-] Ext description: Expose migration_status as an attribute of a volume. {{(pid=112803) _check_extension /opt/stack/cinder/cinder/api/extensions.py:176}}
Jun 10 18:25:01.836419 np0000179653 devstack@c-api.service[112803]: DEBUG cinder.api.extensions [-] Ext updated: 2013-08-08T00:00:00+00:00 {{(pid=112803) _check_extension /opt/stack/cinder/cinder/api/extensions.py:178}}
Jun 10 18:25:01.836470 np0000179653 devstack@c-api.service[112803]: DEBUG cinder.api.extensions [-] Loaded extension: os-vol-mig-status-attr {{(pid=112803) register /opt/stack/cinder/cinder/api/extensions.py:135}}
Jun 10 18:25:01.836532 np0000179653 devstack@c-api.service[112803]: DEBUG cinder.api.extensions [-] Loading extension cinder.api.contrib.volume_transfer.Volume_transfer {{(pid=112803) load_extension /opt/stack/cinder/cinder/api/extensions.py:194}}
Jun 10 18:25:01.836590 np0000179653 devstack@c-api.service[112803]: DEBUG cinder.api.extensions [-] Calling extension factory cinder.api.contrib.volume_transfer.Volume_transfer {{(pid=112803) load_extension /opt/stack/cinder/cinder/api/extensions.py:200}}
Jun 10 18:25:01.836644 np0000179653 devstack@c-api.service[112803]: DEBUG cinder.api.extensions [-] Ext name: VolumeTransfer {{(pid=112803) _check_extension /opt/stack/cinder/cinder/api/extensions.py:174}}
Jun 10 18:25:01.837007 np0000179653 devstack@c-api.service[112803]: DEBUG cinder.api.extensions [-] Ext alias: os-volume-transfer {{(pid=112803) _check_extension /opt/stack/cinder/cinder/api/extensions.py:175}}
Jun 10 18:25:01.837007 np0000179653 devstack@c-api.service[112803]: DEBUG cinder.api.extensions [-] Ext description: Volume transfer management support. {{(pid=112803) _check_extension /opt/stack/cinder/cinder/api/extensions.py:176}}
Jun 10 18:25:01.837007 np0000179653 devstack@c-api.service[112803]: DEBUG cinder.api.extensions [-] Ext updated: 2013-05-29T00:00:00+00:00 {{(pid=112803) _check_extension /opt/stack/cinder/cinder/api/extensions.py:178}}
Jun 10 18:25:01.837007 np0000179653 devstack@c-api.service[112803]: DEBUG cinder.api.extensions [-] Loaded extension: os-volume-transfer {{(pid=112803) register /opt/stack/cinder/cinder/api/extensions.py:135}}
Jun 10 18:25:01.837007 np0000179653 devstack@c-api.service[112803]: DEBUG cinder.api.extensions [-] Loading extension cinder.api.contrib.scheduler_stats.Scheduler_stats {{(pid=112803) load_extension /opt/stack/cinder/cinder/api/extensions.py:194}}
Jun 10 18:25:01.837378 np0000179653 devstack@c-api.service[112803]: DEBUG cinder.api.extensions [-] Calling extension factory cinder.api.contrib.scheduler_stats.Scheduler_stats {{(pid=112803) load_extension /opt/stack/cinder/cinder/api/extensions.py:200}}
Jun 10 18:25:01.837431 np0000179653 devstack@c-api.service[112803]: DEBUG cinder.api.extensions [-] Ext name: Scheduler_stats {{(pid=112803) _check_extension /opt/stack/cinder/cinder/api/extensions.py:174}}
Jun 10 18:25:01.837491 np0000179653 devstack@c-api.service[112803]: DEBUG cinder.api.extensions [-] Ext alias: scheduler-stats {{(pid=112803) _check_extension /opt/stack/cinder/cinder/api/extensions.py:175}}
Jun 10 18:25:01.837554 np0000179653 devstack@c-api.service[112803]: DEBUG cinder.api.extensions [-] Ext description: Scheduler stats support. {{(pid=112803) _check_extension /opt/stack/cinder/cinder/api/extensions.py:176}}
Jun 10 18:25:01.837601 np0000179653 devstack@c-api.service[112803]: DEBUG cinder.api.extensions [-] Ext updated: 2014-09-07T00:00:00+00:00 {{(pid=112803) _check_extension /opt/stack/cinder/cinder/api/extensions.py:178}}
Jun 10 18:25:01.837662 np0000179653 devstack@c-api.service[112803]: DEBUG cinder.api.extensions [-] Loaded extension: scheduler-stats {{(pid=112803) register /opt/stack/cinder/cinder/api/extensions.py:135}}
Jun 10 18:25:01.837712 np0000179653 devstack@c-api.service[112803]: DEBUG cinder.api.extensions [-] Loading extension cinder.api.contrib.quotas.Quotas {{(pid=112803) load_extension /opt/stack/cinder/cinder/api/extensions.py:194}}
Jun 10 18:25:01.838187 np0000179653 devstack@c-api.service[112803]: DEBUG cinder.api.extensions [-] Calling extension factory cinder.api.contrib.quotas.Quotas {{(pid=112803) load_extension /opt/stack/cinder/cinder/api/extensions.py:200}}
Jun 10 18:25:01.838236 np0000179653 devstack@c-api.service[112803]: DEBUG cinder.api.extensions [-] Ext name: Quotas {{(pid=112803) _check_extension /opt/stack/cinder/cinder/api/extensions.py:174}}
Jun 10 18:25:01.838318 np0000179653 devstack@c-api.service[112803]: DEBUG cinder.api.extensions [-] Ext alias: os-quota-sets {{(pid=112803) _check_extension /opt/stack/cinder/cinder/api/extensions.py:175}}
Jun 10 18:25:01.838362 np0000179653 devstack@c-api.service[112803]: DEBUG cinder.api.extensions [-] Ext description: Quota management support. {{(pid=112803) _check_extension /opt/stack/cinder/cinder/api/extensions.py:176}}
Jun 10 18:25:01.838426 np0000179653 devstack@c-api.service[112803]: DEBUG cinder.api.extensions [-] Ext updated: 2011-08-08T00:00:00+00:00 {{(pid=112803) _check_extension /opt/stack/cinder/cinder/api/extensions.py:178}}
Jun 10 18:25:01.838476 np0000179653 devstack@c-api.service[112803]: DEBUG cinder.api.extensions [-] Loaded extension: os-quota-sets {{(pid=112803) register /opt/stack/cinder/cinder/api/extensions.py:135}}
Jun 10 18:25:01.838541 np0000179653 devstack@c-api.service[112803]: DEBUG cinder.api.extensions [-] Loading extension cinder.api.contrib.qos_specs_manage.Qos_specs_manage {{(pid=112803) load_extension /opt/stack/cinder/cinder/api/extensions.py:194}}
Jun 10 18:25:01.839484 np0000179653 devstack@c-api.service[112803]: DEBUG cinder.api.extensions [-] Calling extension factory cinder.api.contrib.qos_specs_manage.Qos_specs_manage {{(pid=112803) load_extension /opt/stack/cinder/cinder/api/extensions.py:200}}
Jun 10 18:25:01.839529 np0000179653 devstack@c-api.service[112803]: DEBUG cinder.api.extensions [-] Ext name: Qos_specs_manage {{(pid=112803) _check_extension /opt/stack/cinder/cinder/api/extensions.py:174}}
Jun 10 18:25:01.839600 np0000179653 devstack@c-api.service[112803]: DEBUG cinder.api.extensions [-] Ext alias: qos-specs {{(pid=112803) _check_extension /opt/stack/cinder/cinder/api/extensions.py:175}}
Jun 10 18:25:01.839648 np0000179653 devstack@c-api.service[112803]: DEBUG cinder.api.extensions [-] Ext description: QoS specs support. {{(pid=112803) _check_extension /opt/stack/cinder/cinder/api/extensions.py:176}}
Jun 10 18:25:01.839707 np0000179653 devstack@c-api.service[112803]: DEBUG cinder.api.extensions [-] Ext updated: 2013-08-02T00:00:00+00:00 {{(pid=112803) _check_extension /opt/stack/cinder/cinder/api/extensions.py:178}}
Jun 10 18:25:01.839762 np0000179653 devstack@c-api.service[112803]: DEBUG cinder.api.extensions [-] Loaded extension: qos-specs {{(pid=112803) register /opt/stack/cinder/cinder/api/extensions.py:135}}
Jun 10 18:25:01.844812 np0000179653 devstack@c-api.service[112805]: DEBUG oslo_db.sqlalchemy.engines [None req-98a79610-03ed-4a0d-bc8a-575ab568ec4a None None] MySQL server mode set to STRICT_TRANS_TABLES,STRICT_ALL_TABLES,NO_ZERO_IN_DATE,NO_ZERO_DATE,ERROR_FOR_DIVISION_BY_ZERO,TRADITIONAL,NO_ENGINE_SUBSTITUTION {{(pid=112805) _check_effective_sql_mode /opt/stack/data/venv/lib/python3.12/site-packages/oslo_db/sqlalchemy/engines.py:325}}
Jun 10 18:25:01.849831 np0000179653 devstack@c-api.service[112804]: DEBUG oslo_db.sqlalchemy.engines [None req-86af24e4-eeb9-4c75-ae1b-af6ff7049da5 None None] MySQL server mode set to STRICT_TRANS_TABLES,STRICT_ALL_TABLES,NO_ZERO_IN_DATE,NO_ZERO_DATE,ERROR_FOR_DIVISION_BY_ZERO,TRADITIONAL,NO_ENGINE_SUBSTITUTION {{(pid=112804) _check_effective_sql_mode /opt/stack/data/venv/lib/python3.12/site-packages/oslo_db/sqlalchemy/engines.py:325}}
Jun 10 18:25:01.858339 np0000179653 devstack@c-api.service[112806]: DEBUG oslo_db.sqlalchemy.engines [None req-2966fdce-498c-4641-84ea-0a10b6d6646f None None] MySQL server mode set to STRICT_TRANS_TABLES,STRICT_ALL_TABLES,NO_ZERO_IN_DATE,NO_ZERO_DATE,ERROR_FOR_DIVISION_BY_ZERO,TRADITIONAL,NO_ENGINE_SUBSTITUTION {{(pid=112806) _check_effective_sql_mode /opt/stack/data/venv/lib/python3.12/site-packages/oslo_db/sqlalchemy/engines.py:325}}
Jun 10 18:25:01.887864 np0000179653 devstack@c-api.service[112803]: INFO dbcounter [None req-5847bc61-c53e-423d-9703-78ca0ec89c9a None None] Registered counter for database cinder
Jun 10 18:25:01.936014 np0000179653 devstack@c-api.service[112803]: DEBUG oslo_db.sqlalchemy.engines [None req-5847bc61-c53e-423d-9703-78ca0ec89c9a None None] MySQL server mode set to STRICT_TRANS_TABLES,STRICT_ALL_TABLES,NO_ZERO_IN_DATE,NO_ZERO_DATE,ERROR_FOR_DIVISION_BY_ZERO,TRADITIONAL,NO_ENGINE_SUBSTITUTION {{(pid=112803) _check_effective_sql_mode /opt/stack/data/venv/lib/python3.12/site-packages/oslo_db/sqlalchemy/engines.py:325}}
Jun 10 18:25:01.962041 np0000179653 devstack@c-api.service[112805]: DEBUG dbcounter [-] [112805] Writer thread running {{(pid=112805) stat_writer /opt/stack/data/venv/lib/python3.12/site-packages/dbcounter.py:102}}
Jun 10 18:25:01.965048 np0000179653 devstack@c-api.service[112805]: INFO cinder.rpc [None req-98a79610-03ed-4a0d-bc8a-575ab568ec4a None None] Automatically selected cinder-scheduler objects version 1.39 as minimum service version.
Jun 10 18:25:01.967489 np0000179653 devstack@c-api.service[112805]: INFO cinder.rpc [None req-98a79610-03ed-4a0d-bc8a-575ab568ec4a None None] Automatically selected cinder-scheduler RPC version 3.12 as minimum service version.
Jun 10 18:25:01.969817 np0000179653 devstack@c-api.service[112805]: INFO cinder.rpc [None req-98a79610-03ed-4a0d-bc8a-575ab568ec4a None None] Automatically selected cinder-volume objects version 1.39 as minimum service version.
Jun 10 18:25:01.971009 np0000179653 devstack@c-api.service[112804]: DEBUG dbcounter [-] [112804] Writer thread running {{(pid=112804) stat_writer /opt/stack/data/venv/lib/python3.12/site-packages/dbcounter.py:102}}
Jun 10 18:25:01.972315 np0000179653 devstack@c-api.service[112805]: INFO cinder.rpc [None req-98a79610-03ed-4a0d-bc8a-575ab568ec4a None None] Automatically selected cinder-volume RPC version 3.20 as minimum service version.
Jun 10 18:25:01.973512 np0000179653 devstack@c-api.service[112805]: WARNING castellan.key_manager.migration [None req-98a79610-03ed-4a0d-bc8a-575ab568ec4a None None] Using MigrationKeyManager to provide support for legacy fixed_key encryption
Jun 10 18:25:01.973628 np0000179653 devstack@c-api.service[112804]: INFO cinder.rpc [None req-86af24e4-eeb9-4c75-ae1b-af6ff7049da5 None None] Automatically selected cinder-scheduler objects version 1.39 as minimum service version.
Jun 10 18:25:01.976013 np0000179653 devstack@c-api.service[112804]: INFO cinder.rpc [None req-86af24e4-eeb9-4c75-ae1b-af6ff7049da5 None None] Automatically selected cinder-scheduler RPC version 3.12 as minimum service version.
Jun 10 18:25:01.977938 np0000179653 devstack@c-api.service[112805]: WARNING castellan.key_manager.migration [None req-98a79610-03ed-4a0d-bc8a-575ab568ec4a None None] Using MigrationKeyManager to provide support for legacy fixed_key encryption
Jun 10 18:25:01.978222 np0000179653 devstack@c-api.service[112804]: INFO cinder.rpc [None req-86af24e4-eeb9-4c75-ae1b-af6ff7049da5 None None] Automatically selected cinder-volume objects version 1.39 as minimum service version.
Jun 10 18:25:01.980311 np0000179653 devstack@c-api.service[112804]: INFO cinder.rpc [None req-86af24e4-eeb9-4c75-ae1b-af6ff7049da5 None None] Automatically selected cinder-volume RPC version 3.20 as minimum service version.
Jun 10 18:25:01.981184 np0000179653 devstack@c-api.service[112804]: WARNING castellan.key_manager.migration [None req-86af24e4-eeb9-4c75-ae1b-af6ff7049da5 None None] Using MigrationKeyManager to provide support for legacy fixed_key encryption
Jun 10 18:25:01.984083 np0000179653 devstack@c-api.service[112806]: DEBUG dbcounter [-] [112806] Writer thread running {{(pid=112806) stat_writer /opt/stack/data/venv/lib/python3.12/site-packages/dbcounter.py:102}}
Jun 10 18:25:01.984665 np0000179653 devstack@c-api.service[112804]: WARNING castellan.key_manager.migration [None req-86af24e4-eeb9-4c75-ae1b-af6ff7049da5 None None] Using MigrationKeyManager to provide support for legacy fixed_key encryption
Jun 10 18:25:01.987729 np0000179653 devstack@c-api.service[112806]: INFO cinder.rpc [None req-2966fdce-498c-4641-84ea-0a10b6d6646f None None] Automatically selected cinder-scheduler objects version 1.39 as minimum service version.
Jun 10 18:25:01.991154 np0000179653 devstack@c-api.service[112806]: INFO cinder.rpc [None req-2966fdce-498c-4641-84ea-0a10b6d6646f None None] Automatically selected cinder-scheduler RPC version 3.12 as minimum service version.
Jun 10 18:25:01.994143 np0000179653 devstack@c-api.service[112806]: INFO cinder.rpc [None req-2966fdce-498c-4641-84ea-0a10b6d6646f None None] Automatically selected cinder-volume objects version 1.39 as minimum service version.
Jun 10 18:25:01.996733 np0000179653 devstack@c-api.service[112806]: INFO cinder.rpc [None req-2966fdce-498c-4641-84ea-0a10b6d6646f None None] Automatically selected cinder-volume RPC version 3.20 as minimum service version.
Jun 10 18:25:01.997992 np0000179653 devstack@c-api.service[112806]: WARNING castellan.key_manager.migration [None req-2966fdce-498c-4641-84ea-0a10b6d6646f None None] Using MigrationKeyManager to provide support for legacy fixed_key encryption
Jun 10 18:25:02.002294 np0000179653 devstack@c-api.service[112806]: WARNING castellan.key_manager.migration [None req-2966fdce-498c-4641-84ea-0a10b6d6646f None None] Using MigrationKeyManager to provide support for legacy fixed_key encryption
Jun 10 18:25:02.017238 np0000179653 devstack@c-api.service[112805]: DEBUG oslo_db.sqlalchemy.engines [None req-98a79610-03ed-4a0d-bc8a-575ab568ec4a None None] MySQL server mode set to STRICT_TRANS_TABLES,STRICT_ALL_TABLES,NO_ZERO_IN_DATE,NO_ZERO_DATE,ERROR_FOR_DIVISION_BY_ZERO,TRADITIONAL,NO_ENGINE_SUBSTITUTION {{(pid=112805) _check_effective_sql_mode /opt/stack/data/venv/lib/python3.12/site-packages/oslo_db/sqlalchemy/engines.py:325}}
Jun 10 18:25:02.020980 np0000179653 devstack@c-api.service[112805]: INFO cinder.rpc [None req-98a79610-03ed-4a0d-bc8a-575ab568ec4a None None] Automatically selected cinder-backup objects version 1.39 as minimum service version.
Jun 10 18:25:02.023508 np0000179653 devstack@c-api.service[112804]: DEBUG oslo_db.sqlalchemy.engines [None req-86af24e4-eeb9-4c75-ae1b-af6ff7049da5 None None] MySQL server mode set to STRICT_TRANS_TABLES,STRICT_ALL_TABLES,NO_ZERO_IN_DATE,NO_ZERO_DATE,ERROR_FOR_DIVISION_BY_ZERO,TRADITIONAL,NO_ENGINE_SUBSTITUTION {{(pid=112804) _check_effective_sql_mode /opt/stack/data/venv/lib/python3.12/site-packages/oslo_db/sqlalchemy/engines.py:325}}
Jun 10 18:25:02.023777 np0000179653 devstack@c-api.service[112805]: INFO cinder.rpc [None req-98a79610-03ed-4a0d-bc8a-575ab568ec4a None None] Automatically selected cinder-backup RPC version 2.4 as minimum service version.
Jun 10 18:25:02.024948 np0000179653 devstack@c-api.service[112805]: WARNING castellan.key_manager.migration [None req-98a79610-03ed-4a0d-bc8a-575ab568ec4a None None] Using MigrationKeyManager to provide support for legacy fixed_key encryption
Jun 10 18:25:02.026546 np0000179653 devstack@c-api.service[112804]: INFO cinder.rpc [None req-86af24e4-eeb9-4c75-ae1b-af6ff7049da5 None None] Automatically selected cinder-backup objects version 1.39 as minimum service version.
Jun 10 18:25:02.029034 np0000179653 devstack@c-api.service[112804]: INFO cinder.rpc [None req-86af24e4-eeb9-4c75-ae1b-af6ff7049da5 None None] Automatically selected cinder-backup RPC version 2.4 as minimum service version.
Jun 10 18:25:02.030172 np0000179653 devstack@c-api.service[112804]: WARNING castellan.key_manager.migration [None req-86af24e4-eeb9-4c75-ae1b-af6ff7049da5 None None] Using MigrationKeyManager to provide support for legacy fixed_key encryption
Jun 10 18:25:02.037414 np0000179653 devstack@c-api.service[112805]: WARNING castellan.key_manager.migration [None req-98a79610-03ed-4a0d-bc8a-575ab568ec4a None None] Using MigrationKeyManager to provide support for legacy fixed_key encryption
Jun 10 18:25:02.040606 np0000179653 devstack@c-api.service[112805]: WARNING castellan.key_manager.migration [None req-98a79610-03ed-4a0d-bc8a-575ab568ec4a None None] Using MigrationKeyManager to provide support for legacy fixed_key encryption
Jun 10 18:25:02.042847 np0000179653 devstack@c-api.service[112804]: WARNING castellan.key_manager.migration [None req-86af24e4-eeb9-4c75-ae1b-af6ff7049da5 None None] Using MigrationKeyManager to provide support for legacy fixed_key encryption
Jun 10 18:25:02.043884 np0000179653 devstack@c-api.service[112805]: WARNING castellan.key_manager.migration [None req-98a79610-03ed-4a0d-bc8a-575ab568ec4a None None] Using MigrationKeyManager to provide support for legacy fixed_key encryption
Jun 10 18:25:02.047547 np0000179653 devstack@c-api.service[112804]: WARNING castellan.key_manager.migration [None req-86af24e4-eeb9-4c75-ae1b-af6ff7049da5 None None] Using MigrationKeyManager to provide support for legacy fixed_key encryption
Jun 10 18:25:02.049777 np0000179653 devstack@c-api.service[112805]: WARNING castellan.key_manager.migration [None req-98a79610-03ed-4a0d-bc8a-575ab568ec4a None None] Using MigrationKeyManager to provide support for legacy fixed_key encryption
Jun 10 18:25:02.050673 np0000179653 devstack@c-api.service[112804]: WARNING castellan.key_manager.migration [None req-86af24e4-eeb9-4c75-ae1b-af6ff7049da5 None None] Using MigrationKeyManager to provide support for legacy fixed_key encryption
Jun 10 18:25:02.052814 np0000179653 devstack@c-api.service[112806]: DEBUG oslo_db.sqlalchemy.engines [None req-2966fdce-498c-4641-84ea-0a10b6d6646f None None] MySQL server mode set to STRICT_TRANS_TABLES,STRICT_ALL_TABLES,NO_ZERO_IN_DATE,NO_ZERO_DATE,ERROR_FOR_DIVISION_BY_ZERO,TRADITIONAL,NO_ENGINE_SUBSTITUTION {{(pid=112806) _check_effective_sql_mode /opt/stack/data/venv/lib/python3.12/site-packages/oslo_db/sqlalchemy/engines.py:325}}
Jun 10 18:25:02.053001 np0000179653 devstack@c-api.service[112805]: WARNING castellan.key_manager.migration [None req-98a79610-03ed-4a0d-bc8a-575ab568ec4a None None] Using MigrationKeyManager to provide support for legacy fixed_key encryption
Jun 10 18:25:02.054685 np0000179653 devstack@c-api.service[112804]: WARNING castellan.key_manager.migration [None req-86af24e4-eeb9-4c75-ae1b-af6ff7049da5 None None] Using MigrationKeyManager to provide support for legacy fixed_key encryption
Jun 10 18:25:02.055927 np0000179653 devstack@c-api.service[112805]: WARNING castellan.key_manager.migration [None req-98a79610-03ed-4a0d-bc8a-575ab568ec4a None None] Using MigrationKeyManager to provide support for legacy fixed_key encryption
Jun 10 18:25:02.056624 np0000179653 devstack@c-api.service[112806]: INFO cinder.rpc [None req-2966fdce-498c-4641-84ea-0a10b6d6646f None None] Automatically selected cinder-backup objects version 1.39 as minimum service version.
Jun 10 18:25:02.057601 np0000179653 devstack@c-api.service[112804]: WARNING castellan.key_manager.migration [None req-86af24e4-eeb9-4c75-ae1b-af6ff7049da5 None None] Using MigrationKeyManager to provide support for legacy fixed_key encryption
Jun 10 18:25:02.057831 np0000179653 devstack@c-api.service[112803]: DEBUG dbcounter [-] [112803] Writer thread running {{(pid=112803) stat_writer /opt/stack/data/venv/lib/python3.12/site-packages/dbcounter.py:102}}
Jun 10 18:25:02.059074 np0000179653 devstack@c-api.service[112805]: WARNING castellan.key_manager.migration [None req-98a79610-03ed-4a0d-bc8a-575ab568ec4a None None] Using MigrationKeyManager to provide support for legacy fixed_key encryption
Jun 10 18:25:02.059601 np0000179653 devstack@c-api.service[112806]: INFO cinder.rpc [None req-2966fdce-498c-4641-84ea-0a10b6d6646f None None] Automatically selected cinder-backup RPC version 2.4 as minimum service version.
Jun 10 18:25:02.060414 np0000179653 devstack@c-api.service[112804]: WARNING castellan.key_manager.migration [None req-86af24e4-eeb9-4c75-ae1b-af6ff7049da5 None None] Using MigrationKeyManager to provide support for legacy fixed_key encryption
Jun 10 18:25:02.060673 np0000179653 devstack@c-api.service[112803]: INFO cinder.rpc [None req-5847bc61-c53e-423d-9703-78ca0ec89c9a None None] Automatically selected cinder-scheduler objects version 1.39 as minimum service version.
Jun 10 18:25:02.061355 np0000179653 devstack@c-api.service[112806]: WARNING castellan.key_manager.migration [None req-2966fdce-498c-4641-84ea-0a10b6d6646f None None] Using MigrationKeyManager to provide support for legacy fixed_key encryption
Jun 10 18:25:02.062348 np0000179653 devstack@c-api.service[112805]: WARNING castellan.key_manager.migration [None req-98a79610-03ed-4a0d-bc8a-575ab568ec4a None None] Using MigrationKeyManager to provide support for legacy fixed_key encryption
Jun 10 18:25:02.063162 np0000179653 devstack@c-api.service[112803]: INFO cinder.rpc [None req-5847bc61-c53e-423d-9703-78ca0ec89c9a None None] Automatically selected cinder-scheduler RPC version 3.12 as minimum service version.
Jun 10 18:25:02.063549 np0000179653 devstack@c-api.service[112804]: WARNING castellan.key_manager.migration [None req-86af24e4-eeb9-4c75-ae1b-af6ff7049da5 None None] Using MigrationKeyManager to provide support for legacy fixed_key encryption
Jun 10 18:25:02.065394 np0000179653 devstack@c-api.service[112803]: INFO cinder.rpc [None req-5847bc61-c53e-423d-9703-78ca0ec89c9a None None] Automatically selected cinder-volume objects version 1.39 as minimum service version.
Jun 10 18:25:02.065461 np0000179653 devstack@c-api.service[112805]: WARNING castellan.key_manager.migration [None req-98a79610-03ed-4a0d-bc8a-575ab568ec4a None None] Using MigrationKeyManager to provide support for legacy fixed_key encryption
Jun 10 18:25:02.066307 np0000179653 devstack@c-api.service[112804]: WARNING castellan.key_manager.migration [None req-86af24e4-eeb9-4c75-ae1b-af6ff7049da5 None None] Using MigrationKeyManager to provide support for legacy fixed_key encryption
Jun 10 18:25:02.067064 np0000179653 devstack@c-api.service[112805]: WARNING castellan.key_manager.migration [None req-98a79610-03ed-4a0d-bc8a-575ab568ec4a None None] Using MigrationKeyManager to provide support for legacy fixed_key encryption
Jun 10 18:25:02.067449 np0000179653 devstack@c-api.service[112803]: INFO cinder.rpc [None req-5847bc61-c53e-423d-9703-78ca0ec89c9a None None] Automatically selected cinder-volume RPC version 3.20 as minimum service version.
Jun 10 18:25:02.068324 np0000179653 devstack@c-api.service[112803]: WARNING castellan.key_manager.migration [None req-5847bc61-c53e-423d-9703-78ca0ec89c9a None None] Using MigrationKeyManager to provide support for legacy fixed_key encryption
Jun 10 18:25:02.069152 np0000179653 devstack@c-api.service[112804]: WARNING castellan.key_manager.migration [None req-86af24e4-eeb9-4c75-ae1b-af6ff7049da5 None None] Using MigrationKeyManager to provide support for legacy fixed_key encryption
Jun 10 18:25:02.069873 np0000179653 devstack@c-api.service[112805]: WARNING castellan.key_manager.migration [None req-98a79610-03ed-4a0d-bc8a-575ab568ec4a None None] Using MigrationKeyManager to provide support for legacy fixed_key encryption
Jun 10 18:25:02.070774 np0000179653 devstack@c-api.service[112804]: WARNING castellan.key_manager.migration [None req-86af24e4-eeb9-4c75-ae1b-af6ff7049da5 None None] Using MigrationKeyManager to provide support for legacy fixed_key encryption
Jun 10 18:25:02.071627 np0000179653 devstack@c-api.service[112803]: WARNING castellan.key_manager.migration [None req-5847bc61-c53e-423d-9703-78ca0ec89c9a None None] Using MigrationKeyManager to provide support for legacy fixed_key encryption
Jun 10 18:25:02.073467 np0000179653 devstack@c-api.service[112804]: WARNING castellan.key_manager.migration [None req-86af24e4-eeb9-4c75-ae1b-af6ff7049da5 None None] Using MigrationKeyManager to provide support for legacy fixed_key encryption
Jun 10 18:25:02.075515 np0000179653 devstack@c-api.service[112805]: WARNING castellan.key_manager.migration [None req-98a79610-03ed-4a0d-bc8a-575ab568ec4a None None] Using MigrationKeyManager to provide support for legacy fixed_key encryption
Jun 10 18:25:02.075581 np0000179653 devstack@c-api.service[112806]: WARNING castellan.key_manager.migration [None req-2966fdce-498c-4641-84ea-0a10b6d6646f None None] Using MigrationKeyManager to provide support for legacy fixed_key encryption
Jun 10 18:25:02.078838 np0000179653 devstack@c-api.service[112804]: WARNING castellan.key_manager.migration [None req-86af24e4-eeb9-4c75-ae1b-af6ff7049da5 None None] Using MigrationKeyManager to provide support for legacy fixed_key encryption
Jun 10 18:25:02.078969 np0000179653 devstack@c-api.service[112805]: WARNING castellan.key_manager.migration [None req-98a79610-03ed-4a0d-bc8a-575ab568ec4a None None] Using MigrationKeyManager to provide support for legacy fixed_key encryption
Jun 10 18:25:02.079026 np0000179653 devstack@c-api.service[112806]: WARNING castellan.key_manager.migration [None req-2966fdce-498c-4641-84ea-0a10b6d6646f None None] Using MigrationKeyManager to provide support for legacy fixed_key encryption
Jun 10 18:25:02.080930 np0000179653 devstack@c-api.service[112805]: WARNING cinder.api.contrib.hosts [None req-98a79610-03ed-4a0d-bc8a-575ab568ec4a None None] Deprecated: The Host API is deprecated and will be be removed in a future version.
Jun 10 18:25:02.081694 np0000179653 devstack@c-api.service[112805]: WARNING castellan.key_manager.migration [None req-98a79610-03ed-4a0d-bc8a-575ab568ec4a None None] Using MigrationKeyManager to provide support for legacy fixed_key encryption
Jun 10 18:25:02.082184 np0000179653 devstack@c-api.service[112804]: WARNING castellan.key_manager.migration [None req-86af24e4-eeb9-4c75-ae1b-af6ff7049da5 None None] Using MigrationKeyManager to provide support for legacy fixed_key encryption
Jun 10 18:25:02.082372 np0000179653 devstack@c-api.service[112806]: WARNING castellan.key_manager.migration [None req-2966fdce-498c-4641-84ea-0a10b6d6646f None None] Using MigrationKeyManager to provide support for legacy fixed_key encryption
Jun 10 18:25:02.083252 np0000179653 devstack@c-api.service[112805]: WARNING castellan.key_manager.migration [None req-98a79610-03ed-4a0d-bc8a-575ab568ec4a None None] Using MigrationKeyManager to provide support for legacy fixed_key encryption
Jun 10 18:25:02.084080 np0000179653 devstack@c-api.service[112804]: WARNING cinder.api.contrib.hosts [None req-86af24e4-eeb9-4c75-ae1b-af6ff7049da5 None None] Deprecated: The Host API is deprecated and will be be removed in a future version.
Jun 10 18:25:02.084768 np0000179653 devstack@c-api.service[112804]: WARNING castellan.key_manager.migration [None req-86af24e4-eeb9-4c75-ae1b-af6ff7049da5 None None] Using MigrationKeyManager to provide support for legacy fixed_key encryption
Jun 10 18:25:02.084872 np0000179653 devstack@c-api.service[112805]: WARNING castellan.key_manager.migration [None req-98a79610-03ed-4a0d-bc8a-575ab568ec4a None None] Using MigrationKeyManager to provide support for legacy fixed_key encryption
Jun 10 18:25:02.086171 np0000179653 devstack@c-api.service[112804]: WARNING castellan.key_manager.migration [None req-86af24e4-eeb9-4c75-ae1b-af6ff7049da5 None None] Using MigrationKeyManager to provide support for legacy fixed_key encryption
Jun 10 18:25:02.086415 np0000179653 devstack@c-api.service[112805]: WARNING castellan.key_manager.migration [None req-98a79610-03ed-4a0d-bc8a-575ab568ec4a None None] Using MigrationKeyManager to provide support for legacy fixed_key encryption
Jun 10 18:25:02.087636 np0000179653 devstack@c-api.service[112804]: WARNING castellan.key_manager.migration [None req-86af24e4-eeb9-4c75-ae1b-af6ff7049da5 None None] Using MigrationKeyManager to provide support for legacy fixed_key encryption
Jun 10 18:25:02.087761 np0000179653 devstack@c-api.service[112805]: WARNING castellan.key_manager.migration [None req-98a79610-03ed-4a0d-bc8a-575ab568ec4a None None] Using MigrationKeyManager to provide support for legacy fixed_key encryption
Jun 10 18:25:02.088611 np0000179653 devstack@c-api.service[112806]: WARNING castellan.key_manager.migration [None req-2966fdce-498c-4641-84ea-0a10b6d6646f None None] Using MigrationKeyManager to provide support for legacy fixed_key encryption
Jun 10 18:25:02.089142 np0000179653 devstack@c-api.service[112804]: WARNING castellan.key_manager.migration [None req-86af24e4-eeb9-4c75-ae1b-af6ff7049da5 None None] Using MigrationKeyManager to provide support for legacy fixed_key encryption
Jun 10 18:25:02.089228 np0000179653 devstack@c-api.service[112805]: WARNING castellan.key_manager.migration [None req-98a79610-03ed-4a0d-bc8a-575ab568ec4a None None] Using MigrationKeyManager to provide support for legacy fixed_key encryption
Jun 10 18:25:02.090581 np0000179653 devstack@c-api.service[112804]: WARNING castellan.key_manager.migration [None req-86af24e4-eeb9-4c75-ae1b-af6ff7049da5 None None] Using MigrationKeyManager to provide support for legacy fixed_key encryption
Jun 10 18:25:02.090684 np0000179653 devstack@c-api.service[112805]: WARNING castellan.key_manager.migration [None req-98a79610-03ed-4a0d-bc8a-575ab568ec4a None None] Using MigrationKeyManager to provide support for legacy fixed_key encryption
